Aug 14 09:08:09.590982 np0000189548 devstack@neutron-api.service[101703]: DEBUG ovsdbapp.backend.ovs_idl [None req-260d3d74-f7bf-412a-860a-e25eeb769bf6 None None] Created lookup_table index Logical_Switch.name {{(pid=101703) autocreate_indices /opt/stack/data/venv/lib/python3.12/site-packages/ovsdbapp/backend/ovs_idl/__init__.py:87}}
Aug 14 09:08:09.591115 np0000189548 devstack@neutron-api.service[101703]: DEBUG ovsdbapp.backend.ovs_idl [None req-260d3d74-f7bf-412a-860a-e25eeb769bf6 None None] Created lookup_table index Logical_Router.name {{(pid=101703) autocreate_indices /opt/stack/data/venv/lib/python3.12/site-packages/ovsdbapp/backend/ovs_idl/__init__.py:87}}
Aug 14 09:08:09.591169 np0000189548 devstack@neutron-api.service[101703]: DEBUG ovsdbapp.backend.ovs_idl [None req-260d3d74-f7bf-412a-860a-e25eeb769bf6 None None] Created lookup_table index Load_Balancer.name {{(pid=101703) autocreate_indices /opt/stack/data/venv/lib/python3.12/site-packages/ovsdbapp/backend/ovs_idl/__init__.py:87}}
Aug 14 09:08:09.591282 np0000189548 devstack@neutron-api.service[101703]: DEBUG ovsdbapp.backend.ovs_idl [None req-260d3d74-f7bf-412a-860a-e25eeb769bf6 None None] Created schema index Copp.name {{(pid=101703) autocreate_indices /opt/stack/data/venv/lib/python3.12/site-packages/ovsdbapp/backend/ovs_idl/__init__.py:106}}
Aug 14 09:08:09.591382 np0000189548 devstack@neutron-api.service[101703]: DEBUG ovsdbapp.backend.ovs_idl [None req-260d3d74-f7bf-412a-860a-e25eeb769bf6 None None] Created schema index Meter.name {{(pid=101703) autocreate_indices /opt/stack/data/venv/lib/python3.12/site-packages/ovsdbapp/backend/ovs_idl/__init__.py:106}}
Aug 14 09:08:09.591522 np0000189548 devstack@neutron-api.service[101703]: DEBUG ovsdbapp.backend.ovs_idl [None req-260d3d74-f7bf-412a-860a-e25eeb769bf6 None None] Created schema index Load_Balancer_Group.name {{(pid=101703) autocreate_indices /opt/stack/data/venv/lib/python3.12/site-packages/ovsdbapp/backend/ovs_idl/__init__.py:106}}
Aug 14 09:08:09.591522 np0000189548 devstack@neutron-api.service[101703]: DEBUG ovsdbapp.backend.ovs_idl [None req-260d3d74-f7bf-412a-860a-e25eeb769bf6 None None] Created schema index HA_Chassis_Group.name {{(pid=101703) autocreate_indices /opt/stack/data/venv/lib/python3.12/site-packages/ovsdbapp/backend/ovs_idl/__init__.py:106}}
Aug 14 09:08:09.591614 np0000189548 devstack@neutron-api.service[101703]: DEBUG ovsdbapp.backend.ovs_idl [None req-260d3d74-f7bf-412a-860a-e25eeb769bf6 None None] Created schema index Address_Set.name {{(pid=101703) autocreate_indices /opt/stack/data/venv/lib/python3.12/site-packages/ovsdbapp/backend/ovs_idl/__init__.py:106}}
Aug 14 09:08:09.591708 np0000189548 devstack@neutron-api.service[101703]: DEBUG ovsdbapp.backend.ovs_idl [None req-260d3d74-f7bf-412a-860a-e25eeb769bf6 None None] Created schema index Connection.target {{(pid=101703) autocreate_indices /opt/stack/data/venv/lib/python3.12/site-packages/ovsdbapp/backend/ovs_idl/__init__.py:106}}
Aug 14 09:08:09.591781 np0000189548 devstack@neutron-api.service[101703]: DEBUG ovsdbapp.backend.ovs_idl [None req-260d3d74-f7bf-412a-860a-e25eeb769bf6 None None] Created schema index Gateway_Chassis.name {{(pid=101703) autocreate_indices /opt/stack/data/venv/lib/python3.12/site-packages/ovsdbapp/backend/ovs_idl/__init__.py:106}}
Aug 14 09:08:09.591850 np0000189548 devstack@neutron-api.service[101703]: DEBUG ovsdbapp.backend.ovs_idl [None req-260d3d74-f7bf-412a-860a-e25eeb769bf6 None None] Created schema index Mirror.name {{(pid=101703) autocreate_indices /opt/stack/data/venv/lib/python3.12/site-packages/ovsdbapp/backend/ovs_idl/__init__.py:106}}
Aug 14 09:08:09.591944 np0000189548 devstack@neutron-api.service[101703]: DEBUG ovsdbapp.backend.ovs_idl [None req-260d3d74-f7bf-412a-860a-e25eeb769bf6 None None] Created schema index Chassis_Template_Var.chassis {{(pid=101703) autocreate_indices /opt/stack/data/venv/lib/python3.12/site-packages/ovsdbapp/backend/ovs_idl/__init__.py:106}}
Aug 14 09:08:09.592121 np0000189548 devstack@neutron-api.service[101703]: DEBUG ovsdbapp.backend.ovs_idl [None req-260d3d74-f7bf-412a-860a-e25eeb769bf6 None None] Created schema index Logical_Router_Port.name {{(pid=101703) autocreate_indices /opt/stack/data/venv/lib/python3.12/site-packages/ovsdbapp/backend/ovs_idl/__init__.py:106}}
Aug 14 09:08:09.592223 np0000189548 devstack@neutron-api.service[101703]: DEBUG ovsdbapp.backend.ovs_idl [None req-260d3d74-f7bf-412a-860a-e25eeb769bf6 None None] Created schema index Port_Group.name {{(pid=101703) autocreate_indices /opt/stack/data/venv/lib/python3.12/site-packages/ovsdbapp/backend/ovs_idl/__init__.py:106}}
Aug 14 09:08:09.592326 np0000189548 devstack@neutron-api.service[101703]: DEBUG ovsdbapp.backend.ovs_idl [None req-260d3d74-f7bf-412a-860a-e25eeb769bf6 None None] Created schema index Logical_Switch_Port.name {{(pid=101703) autocreate_indices /opt/stack/data/venv/lib/python3.12/site-packages/ovsdbapp/backend/ovs_idl/__init__.py:106}}
Aug 14 09:08:09.595629 np0000189548 devstack@neutron-api.service[101703]: INFO ovsdbapp.backend.ovs_idl.vlog [None req-260d3d74-f7bf-412a-860a-e25eeb769bf6 None None] ssl:199.204.45.227:6641: connecting...
Aug 14 09:08:09.602142 np0000189548 devstack@neutron-api.service[101703]: INFO ovsdbapp.backend.ovs_idl.vlog [None req-260d3d74-f7bf-412a-860a-e25eeb769bf6 None None] ssl:199.204.45.227:6641: connected
Aug 14 09:08:09.634442 np0000189548 devstack@neutron-api.service[101703]: DEBUG neutron.common.ovn.hash_ring_manager [None req-260d3d74-f7bf-412a-860a-e25eeb769bf6 None None] Disallow caching, nodes 1<4 {{(pid=101703) _wait_startup_before_caching /opt/stack/neutron/neutron/common/ovn/hash_ring_manager.py:79}}
Aug 14 09:08:09.639628 np0000189548 devstack@neutron-api.service[101703]: DEBUG neutron.common.ovn.hash_ring_manager [None req-260d3d74-f7bf-412a-860a-e25eeb769bf6 None None] Hash Ring loaded. 1 active nodes. 0 offline nodes {{(pid=101703) _load_hash_ring /opt/stack/neutron/neutron/common/ovn/hash_ring_manager.py:110}}
Aug 14 09:08:09.639822 np0000189548 devstack@neutron-api.service[101703]: DEBUG neutron.plugins.ml2.drivers.ovn.mech_driver.ovsdb.ovsdb_monitor [None req-260d3d74-f7bf-412a-860a-e25eeb769bf6 None None] Hash Ring: Node ed5ab2f869d25ea19e4252439a2d38ad (host: np0000189548) handling event "create" for row 9478b1ec-1f13-4f92-9e13-ff7241372d19 (table: ACL) {{(pid=101703) notify /opt/stack/neutron/neutron/plugins/ml2/drivers/ovn/mech_driver/ovsdb/ovsdb_monitor.py:1099}}
Aug 14 09:08:09.645391 np0000189548 devstack@neutron-api.service[101703]: DEBUG neutron.common.ovn.hash_ring_manager [None req-260d3d74-f7bf-412a-860a-e25eeb769bf6 None None] Hash Ring loaded. 1 active nodes. 0 offline nodes {{(pid=101703) _load_hash_ring /opt/stack/neutron/neutron/common/ovn/hash_ring_manager.py:110}}
Aug 14 09:08:09.645569 np0000189548 devstack@neutron-api.service[101703]: DEBUG neutron.plugins.ml2.drivers.ovn.mech_driver.ovsdb.ovsdb_monitor [None req-260d3d74-f7bf-412a-860a-e25eeb769bf6 None None] Hash Ring: Node ed5ab2f869d25ea19e4252439a2d38ad (host: np0000189548) handling event "create" for row d41b9567-ad17-469e-9502-8728e147d978 (table: ACL) {{(pid=101703) notify /opt/stack/neutron/neutron/plugins/ml2/drivers/ovn/mech_driver/ovsdb/ovsdb_monitor.py:1099}}
Aug 14 09:08:09.651275 np0000189548 devstack@neutron-api.service[101703]: DEBUG neutron.common.ovn.hash_ring_manager [None req-260d3d74-f7bf-412a-860a-e25eeb769bf6 None None] Hash Ring loaded. 1 active nodes. 0 offline nodes {{(pid=101703) _load_hash_ring /opt/stack/neutron/neutron/common/ovn/hash_ring_manager.py:110}}
Aug 14 09:08:09.651452 np0000189548 devstack@neutron-api.service[101703]: DEBUG neutron.plugins.ml2.drivers.ovn.mech_driver.ovsdb.ovsdb_monitor [None req-260d3d74-f7bf-412a-860a-e25eeb769bf6 None None] Hash Ring: Node ed5ab2f869d25ea19e4252439a2d38ad (host: np0000189548) handling event "create" for row 44a792ee-e259-480b-a968-0ae4f368561c (table: Connection) {{(pid=101703) notify /opt/stack/neutron/neutron/plugins/ml2/drivers/ovn/mech_driver/ovsdb/ovsdb_monitor.py:1099}}
Aug 14 09:08:09.657526 np0000189548 devstack@neutron-api.service[101703]: DEBUG neutron.common.ovn.hash_ring_manager [None req-260d3d74-f7bf-412a-860a-e25eeb769bf6 None None] Hash Ring loaded. 1 active nodes. 0 offline nodes {{(pid=101703) _load_hash_ring /opt/stack/neutron/neutron/common/ovn/hash_ring_manager.py:110}}
Aug 14 09:08:09.657688 np0000189548 devstack@neutron-api.service[101703]: DEBUG neutron.plugins.ml2.drivers.ovn.mech_driver.ovsdb.ovsdb_monitor [None req-260d3d74-f7bf-412a-860a-e25eeb769bf6 None None] Hash Ring: Node ed5ab2f869d25ea19e4252439a2d38ad (host: np0000189548) handling event "create" for row dddee3b2-a2a3-499a-8751-c908b3db6b53 (table: NB_Global) {{(pid=101703) notify /opt/stack/neutron/neutron/plugins/ml2/drivers/ovn/mech_driver/ovsdb/ovsdb_monitor.py:1099}}
Aug 14 09:08:09.662273 np0000189548 devstack@neutron-api.service[101703]: DEBUG neutron.common.ovn.hash_ring_manager [None req-260d3d74-f7bf-412a-860a-e25eeb769bf6 None None] Hash Ring loaded. 1 active nodes. 0 offline nodes {{(pid=101703) _load_hash_ring /opt/stack/neutron/neutron/common/ovn/hash_ring_manager.py:110}}
Aug 14 09:08:09.662441 np0000189548 devstack@neutron-api.service[101703]: DEBUG neutron.plugins.ml2.drivers.ovn.mech_driver.ovsdb.ovsdb_monitor [None req-260d3d74-f7bf-412a-860a-e25eeb769bf6 None None] Hash Ring: Node ed5ab2f869d25ea19e4252439a2d38ad (host: np0000189548) handling event "create" for row 3be9ce2e-f498-40e4-8d6a-4fabf324bc75 (table: Port_Group) {{(pid=101703) notify /opt/stack/neutron/neutron/plugins/ml2/drivers/ovn/mech_driver/ovsdb/ovsdb_monitor.py:1099}}
Aug 14 09:08:09.674187 np0000189548 devstack@neutron-api.service[101703]: DEBUG neutron.common.ovn.hash_ring_manager [None req-260d3d74-f7bf-412a-860a-e25eeb769bf6 None None] Hash Ring loaded. 1 active nodes. 0 offline nodes {{(pid=101703) _load_hash_ring /opt/stack/neutron/neutron/common/ovn/hash_ring_manager.py:110}}
Aug 14 09:08:09.674368 np0000189548 devstack@neutron-api.service[101703]: DEBUG neutron.plugins.ml2.drivers.ovn.mech_driver.ovsdb.ovsdb_monitor [None req-260d3d74-f7bf-412a-860a-e25eeb769bf6 None None] Hash Ring: Node ed5ab2f869d25ea19e4252439a2d38ad (host: np0000189548) handling event "create" for row 2757c06b-acf5-4f84-8527-25d2152a1790 (table: SSL) {{(pid=101703) notify /opt/stack/neutron/neutron/plugins/ml2/drivers/ovn/mech_driver/ovsdb/ovsdb_monitor.py:1099}}
Aug 14 09:08:09.675713 np0000189548 devstack@neutron-api.service[101703]: INFO neutron.plugins.ml2.drivers.ovn.mech_driver.ovsdb.impl_idl_ovn [None req-260d3d74-f7bf-412a-860a-e25eeb769bf6 None None] Getting OvsdbSbOvnIdl for WorkerService with retry
Aug 14 09:08:09.709186 np0000189548 devstack@neutron-api.service[101703]: DEBUG ovsdbapp.backend.ovs_idl [None req-260d3d74-f7bf-412a-860a-e25eeb769bf6 None None] Created lookup_table index Chassis.name {{(pid=101703) autocreate_indices /opt/stack/data/venv/lib/python3.12/site-packages/ovsdbapp/backend/ovs_idl/__init__.py:87}}
Aug 14 09:08:09.709525 np0000189548 devstack@neutron-api.service[101703]: DEBUG ovsdbapp.backend.ovs_idl [None req-260d3d74-f7bf-412a-860a-e25eeb769bf6 None None] Created lookup_table index Port_Binding.logical_port {{(pid=101703) autocreate_indices /opt/stack/data/venv/lib/python3.12/site-packages/ovsdbapp/backend/ovs_idl/__init__.py:87}}
Aug 14 09:08:09.709525 np0000189548 devstack@neutron-api.service[101703]: DEBUG ovsdbapp.backend.ovs_idl [None req-260d3d74-f7bf-412a-860a-e25eeb769bf6 None None] Created schema index Chassis_Private.name {{(pid=101703) autocreate_indices /opt/stack/data/venv/lib/python3.12/site-packages/ovsdbapp/backend/ovs_idl/__init__.py:106}}
Aug 14 09:08:09.709525 np0000189548 devstack@neutron-api.service[101703]: DEBUG ovsdbapp.backend.ovs_idl [None req-260d3d74-f7bf-412a-860a-e25eeb769bf6 None None] Created schema index Datapath_Binding.tunnel_key {{(pid=101703) autocreate_indices /opt/stack/data/venv/lib/python3.12/site-packages/ovsdbapp/backend/ovs_idl/__init__.py:106}}
Aug 14 09:08:09.711933 np0000189548 devstack@neutron-api.service[101703]: INFO ovsdbapp.backend.ovs_idl.vlog [None req-260d3d74-f7bf-412a-860a-e25eeb769bf6 None None] ssl:199.204.45.227:6642: connecting...
Aug 14 09:08:09.718598 np0000189548 devstack@neutron-api.service[101703]: INFO ovsdbapp.backend.ovs_idl.vlog [None req-260d3d74-f7bf-412a-860a-e25eeb769bf6 None None] ssl:199.204.45.227:6642: connected
Aug 14 09:08:09.753149 np0000189548 devstack@neutron-api.service[101703]: DEBUG neutron.common.ovn.hash_ring_manager [None req-260d3d74-f7bf-412a-860a-e25eeb769bf6 None None] Disallow caching, nodes 1<4 {{(pid=101703) _wait_startup_before_caching /opt/stack/neutron/neutron/common/ovn/hash_ring_manager.py:79}}
Aug 14 09:08:09.757121 np0000189548 devstack@neutron-api.service[101703]: DEBUG neutron.common.ovn.hash_ring_manager [None req-260d3d74-f7bf-412a-860a-e25eeb769bf6 None None] Hash Ring loaded. 1 active nodes. 0 offline nodes {{(pid=101703) _load_hash_ring /opt/stack/neutron/neutron/common/ovn/hash_ring_manager.py:110}}
Aug 14 09:08:09.757245 np0000189548 devstack@neutron-api.service[101703]: DEBUG neutron.plugins.ml2.drivers.ovn.mech_driver.ovsdb.ovsdb_monitor [None req-260d3d74-f7bf-412a-860a-e25eeb769bf6 None None] Hash Ring: Node ed5ab2f869d25ea19e4252439a2d38ad (host: np0000189548) handling event "create" for row db2fbe34-2b80-4f72-9b3c-237f0af803d7 (table: Chassis) {{(pid=101703) notify /opt/stack/neutron/neutron/plugins/ml2/drivers/ovn/mech_driver/ovsdb/ovsdb_monitor.py:1099}}
Aug 14 09:08:09.758122 np0000189548 devstack@neutron-api.service[101703]: DEBUG ovsdbapp.backend.ovs_idl.event [None req-260d3d74-f7bf-412a-860a-e25eeb769bf6 None None] Matched CREATE: ChassisBandwidthConfigEvent(events=('create', 'update'), table='Chassis', conditions=None, old_conditions=None), priority=20 to row=Chassis(uuid=db2fbe34-2b80-4f72-9b3c-237f0af803d7, encaps=[4b30f538-effc-409b-ba22-789e025473d8], external_ids={}, hostname='np0000189548', name='870c3eb9-ab5d-4384-9ee0-48128a9b4371', nb_cfg=0, other_config={'ct-commit-nat-v2': 'true', 'ct-commit-to-zone': 'true', 'ct-next-zone': 'true', 'ct-no-masked-label': 'true', 'ct-state-save': 'true', 'datapath-type': 'system', 'fdb-timestamp': 'true', 'iface-types': 'afxdp,afxdp-nonpmd,bareudp,erspan,geneve,gre,gtpu,internal,ip6erspan,ip6gre,lisp,patch,srv6,stt,system,tap,vxlan', 'is-interconn': 'false', 'ls-dpg-column': 'true', 'mac-binding-timestamp': 'true', 'ovn-bridge-mappings': 'public:br-ex', 'ovn-chassis-mac-mappings': '', 'ovn-cms-options': 'enable-chassis-as-gw', 'ovn-ct-lb-related': 'true', 'ovn-enable-lflow-cache': 'true', 'ovn-limit-lflow-cache': '', 'ovn-memlimit-lflow-cache-kb': '', 'ovn-monitor-all': 'false', 'ovn-trim-limit-lflow-cache': '', 'ovn-trim-timeout-ms': '', 'ovn-trim-wmark-perc-lflow-cache': '', 'port-up-notif': 'true'}, transport_zones=[], vtep_logical_switches=[]) old= {{(pid=101703) matches /opt/stack/data/venv/lib/python3.12/site-packages/ovsdbapp/backend/ovs_idl/event.py:55}}
Aug 14 09:08:09.758864 np0000189548 devstack@neutron-api.service[101703]: DEBUG ovsdbapp.backend.ovs_idl.event [None req-260d3d74-f7bf-412a-860a-e25eeb769bf6 None None] Matched CREATE: ChassisOVNAgentWriteEvent(events=('create', 'update'), table='Chassis_Private', conditions=None, old_conditions=None), priority=20 to row=Chassis_Private(uuid=1cc75f90-aa85-4154-9d4c-f051880b8733, chassis=db2fbe34-2b80-4f72-9b3c-237f0af803d7, external_ids={'neutron:ovn-bridge': 'br-int', 'neutron:ovn-neutron-agent-id': 'c8f4b7d5-fe0f-51ab-b779-5836ef480e79', 'neutron:ovn-neutron-agent-sb-cfg': '0'}, name='870c3eb9-ab5d-4384-9ee0-48128a9b4371', nb_cfg=0, nb_cfg_timestamp=0) old= {{(pid=101703) matches /opt/stack/data/venv/lib/python3.12/site-packages/ovsdbapp/backend/ovs_idl/event.py:55}}
Aug 14 09:08:09.759226 np0000189548 devstack@neutron-api.service[101703]: DEBUG ovsdbapp.backend.ovs_idl.event [None req-260d3d74-f7bf-412a-860a-e25eeb769bf6 None None] Matched CREATE: ChassisAgentWriteEvent(events=('create', 'update'), table='Chassis_Private', conditions=None, old_conditions=None), priority=20 to row=Chassis_Private(uuid=1cc75f90-aa85-4154-9d4c-f051880b8733, chassis=db2fbe34-2b80-4f72-9b3c-237f0af803d7, external_ids={'neutron:ovn-bridge': 'br-int', 'neutron:ovn-neutron-agent-id': 'c8f4b7d5-fe0f-51ab-b779-5836ef480e79', 'neutron:ovn-neutron-agent-sb-cfg': '0'}, name='870c3eb9-ab5d-4384-9ee0-48128a9b4371', nb_cfg=0, nb_cfg_timestamp=0) old= {{(pid=101703) matches /opt/stack/data/venv/lib/python3.12/site-packages/ovsdbapp/backend/ovs_idl/event.py:55}}
Aug 14 09:08:09.768153 np0000189548 devstack@neutron-api.service[101703]: DEBUG neutron.common.ovn.hash_ring_manager [None req-260d3d74-f7bf-412a-860a-e25eeb769bf6 None None] Hash Ring loaded. 1 active nodes. 0 offline nodes {{(pid=101703) _load_hash_ring /opt/stack/neutron/neutron/common/ovn/hash_ring_manager.py:110}}
Aug 14 09:08:09.768356 np0000189548 devstack@neutron-api.service[101703]: DEBUG neutron.plugins.ml2.drivers.ovn.mech_driver.ovsdb.ovsdb_monitor [None req-260d3d74-f7bf-412a-860a-e25eeb769bf6 None None] Hash Ring: Node ed5ab2f869d25ea19e4252439a2d38ad (host: np0000189548) handling event "create" for row 1cc75f90-aa85-4154-9d4c-f051880b8733 (table: Chassis_Private) {{(pid=101703) notify /opt/stack/neutron/neutron/plugins/ml2/drivers/ovn/mech_driver/ovsdb/ovsdb_monitor.py:1099}}
Aug 14 09:08:09.774398 np0000189548 devstack@neutron-api.service[101703]: DEBUG neutron.common.ovn.hash_ring_manager [None req-260d3d74-f7bf-412a-860a-e25eeb769bf6 None None] Hash Ring loaded. 1 active nodes. 0 offline nodes {{(pid=101703) _load_hash_ring /opt/stack/neutron/neutron/common/ovn/hash_ring_manager.py:110}}
Aug 14 09:08:09.774563 np0000189548 devstack@neutron-api.service[101703]: DEBUG neutron.plugins.ml2.drivers.ovn.mech_driver.ovsdb.ovsdb_monitor [None req-260d3d74-f7bf-412a-860a-e25eeb769bf6 None None] Hash Ring: Node ed5ab2f869d25ea19e4252439a2d38ad (host: np0000189548) handling event "create" for row 4b30f538-effc-409b-ba22-789e025473d8 (table: Encap) {{(pid=101703) notify /opt/stack/neutron/neutron/plugins/ml2/drivers/ovn/mech_driver/ovsdb/ovsdb_monitor.py:1099}}
Aug 14 09:08:09.775873 np0000189548 devstack@neutron-api.service[101703]: INFO neutron.plugins.ml2.drivers.ovn.mech_driver.mech_driver [None req-260d3d74-f7bf-412a-860a-e25eeb769bf6 None None] WorkerService process has finished the post initialization
Aug 14 09:08:09.776243 np0000189548 devstack@neutron-api.service[101703]: DEBUG oslo_concurrency.processutils [None req-260d3d74-f7bf-412a-860a-e25eeb769bf6 None None] Running cmd (subprocess): ovsdb-client transact ssl:199.204.45.227:6641 --timeout 180 -p /opt/stack/data/CA/int-ca/private/devstack-cert.key -c /opt/stack/data/CA/int-ca/devstack-cert.crt -C /opt/stack/data/CA/int-ca/ca-chain.pem ["OVN_Northbound", {"op": "wait", "timeout": 0, "table": "Port_Group", "where": [["name", "==", "pvlan_pg_drop"]], "until": "==", "rows": []}, {"op": "insert", "table": "ACL", "row": {"action": "drop", "direction": "to-lport", "match": "outport == @pvlan_pg_drop && ip", "priority": 1010}, "uuid-name": "pvlandroptoport"}, {"op": "insert", "table": "ACL", "row": {"action": "drop", "direction": "from-lport", "match": "inport == @pvlan_pg_drop && ip", "priority": 1010}, "uuid-name": "pvlandropfromport"}, {"op": "insert", "table": "Port_Group", "row": {"name": "pvlan_pg_drop", "acls": ["set", [["named-uuid", "pvlandroptoport"], ["named-uuid", "pvlandropfromport"]]]}}] {{(pid=101703) execute /opt/stack/data/venv/lib/python3.12/site-packages/oslo_concurrency/processutils.py:440}}
Aug 14 09:08:09.777139 np0000189548 devstack@neutron-api.service[101703]: INFO neutron.plugins.ml2.drivers.ovn.mech_driver.ovsdb.extensions.qos [-] Starting OVNClientQosExtension
Aug 14 09:08:09.777408 np0000189548 devstack@neutron-api.service[101703]: INFO neutron.plugins.ml2.drivers.ovn.mech_driver.ovsdb.extensions.placement [-] Starting OVNClientPlacementExtension
Aug 14 09:08:09.826235 np0000189548 devstack@neutron-api.service[101703]: DEBUG oslo_concurrency.processutils [None req-260d3d74-f7bf-412a-860a-e25eeb769bf6 None None] CMD "ovsdb-client transact ssl:199.204.45.227:6641 --timeout 180 -p /opt/stack/data/CA/int-ca/private/devstack-cert.key -c /opt/stack/data/CA/int-ca/devstack-cert.crt -C /opt/stack/data/CA/int-ca/ca-chain.pem ["OVN_Northbound", {"op": "wait", "timeout": 0, "table": "Port_Group", "where": [["name", "==", "pvlan_pg_drop"]], "until": "==", "rows": []}, {"op": "insert", "table": "ACL", "row": {"action": "drop", "direction": "to-lport", "match": "outport == @pvlan_pg_drop && ip", "priority": 1010}, "uuid-name": "pvlandroptoport"}, {"op": "insert", "table": "ACL", "row": {"action": "drop", "direction": "from-lport", "match": "inport == @pvlan_pg_drop && ip", "priority": 1010}, "uuid-name": "pvlandropfromport"}, {"op": "insert", "table": "Port_Group", "row": {"name": "pvlan_pg_drop", "acls": ["set", [["named-uuid", "pvlandroptoport"], ["named-uuid", "pvlandropfromport"]]]}}]" returned: 0 in 0.049s {{(pid=101703) execute /opt/stack/data/venv/lib/python3.12/site-packages/oslo_concurrency/processutils.py:468}}
Aug 14 09:08:09.831965 np0000189548 devstack@neutron-api.service[101700]: INFO neutron.plugins.ml2.managers [None req-a61753c6-055b-428a-8d5d-1eefc04aa212 None None] Initializing driver for type 'local'
Aug 14 09:08:09.832285 np0000189548 devstack@neutron-api.service[101700]: INFO neutron.plugins.ml2.managers [None req-a61753c6-055b-428a-8d5d-1eefc04aa212 None None] Initializing driver for type 'vlan'
Aug 14 09:08:09.839720 np0000189548 devstack@neutron-api.service[101701]: INFO neutron.plugins.ml2.managers [None req-9ca5a099-3e5f-46d9-9c92-c3c99718e81b None None] Initializing driver for type 'local'
Aug 14 09:08:09.840049 np0000189548 devstack@neutron-api.service[101701]: INFO neutron.plugins.ml2.managers [None req-9ca5a099-3e5f-46d9-9c92-c3c99718e81b None None] Initializing driver for type 'vlan'
Aug 14 09:08:09.840641 np0000189548 devstack@neutron-api.service[101703]: WSGI app 0 (mountpoint='') ready in 6 seconds on interpreter 0x7f1e9caa4668 pid: 101703 (default app)
Aug 14 09:08:09.851323 np0000189548 devstack@neutron-api.service[101703]: DEBUG neutron.common.ovn.hash_ring_manager [-] Hash Ring loaded. 1 active nodes. 0 offline nodes {{(pid=101703) _load_hash_ring /opt/stack/neutron/neutron/common/ovn/hash_ring_manager.py:110}}
Aug 14 09:08:09.851647 np0000189548 devstack@neutron-api.service[101703]: DEBUG neutron.plugins.ml2.drivers.ovn.mech_driver.ovsdb.ovsdb_monitor [-] Hash Ring: Node ed5ab2f869d25ea19e4252439a2d38ad (host: np0000189548) handling event "create" for row 0cf156ae-84c5-490d-8865-6ed935235439 (table: ACL) {{(pid=101703) notify /opt/stack/neutron/neutron/plugins/ml2/drivers/ovn/mech_driver/ovsdb/ovsdb_monitor.py:1099}}
Aug 14 09:08:09.862578 np0000189548 devstack@neutron-api.service[101703]: DEBUG neutron.common.ovn.hash_ring_manager [-] Hash Ring loaded. 1 active nodes. 0 offline nodes {{(pid=101703) _load_hash_ring /opt/stack/neutron/neutron/common/ovn/hash_ring_manager.py:110}}
Aug 14 09:08:09.862578 np0000189548 devstack@neutron-api.service[101703]: DEBUG neutron.plugins.ml2.drivers.ovn.mech_driver.ovsdb.ovsdb_monitor [-] Hash Ring: Node ed5ab2f869d25ea19e4252439a2d38ad (host: np0000189548) handling event "create" for row 922ecc34-b10d-42f7-ac3a-07a67c995f16 (table: ACL) {{(pid=101703) notify /opt/stack/neutron/neutron/plugins/ml2/drivers/ovn/mech_driver/ovsdb/ovsdb_monitor.py:1099}}
Aug 14 09:08:09.862812 np0000189548 devstack@neutron-api.service[101702]: INFO neutron.plugins.ml2.managers [None req-a866387d-2976-4e38-b494-7a8152f5e3ea None None] Initializing driver for type 'local'
Aug 14 09:08:09.862812 np0000189548 devstack@neutron-api.service[101702]: INFO neutron.plugins.ml2.managers [None req-a866387d-2976-4e38-b494-7a8152f5e3ea None None] Initializing driver for type 'vlan'
Aug 14 09:08:09.870064 np0000189548 devstack@neutron-api.service[101703]: DEBUG neutron.common.ovn.hash_ring_manager [-] Hash Ring loaded. 1 active nodes. 0 offline nodes {{(pid=101703) _load_hash_ring /opt/stack/neutron/neutron/common/ovn/hash_ring_manager.py:110}}
Aug 14 09:08:09.870192 np0000189548 devstack@neutron-api.service[101703]: DEBUG neutron.plugins.ml2.drivers.ovn.mech_driver.ovsdb.ovsdb_monitor [-] Hash Ring: Node ed5ab2f869d25ea19e4252439a2d38ad (host: np0000189548) handling event "create" for row 75344ffb-3b9a-49f5-854f-98bee098ad15 (table: Port_Group) {{(pid=101703) notify /opt/stack/neutron/neutron/plugins/ml2/drivers/ovn/mech_driver/ovsdb/ovsdb_monitor.py:1099}}
Aug 14 09:08:10.000381 np0000189548 devstack@neutron-api.service[101701]: INFO neutron.plugins.ml2.drivers.type_vlan [None req-9ca5a099-3e5f-46d9-9c92-c3c99718e81b None None] VlanTypeDriver initialization complete
Aug 14 09:08:10.000741 np0000189548 devstack@neutron-api.service[101701]: INFO neutron.plugins.ml2.managers [None req-9ca5a099-3e5f-46d9-9c92-c3c99718e81b None None] Initializing extension driver 'port_security'
Aug 14 09:08:10.000741 np0000189548 devstack@neutron-api.service[101701]: INFO neutron.plugins.ml2.extensions.port_security [None req-9ca5a099-3e5f-46d9-9c92-c3c99718e81b None None] PortSecurityExtensionDriver initialization complete
Aug 14 09:08:10.000741 np0000189548 devstack@neutron-api.service[101701]: INFO neutron.plugins.ml2.managers [None req-9ca5a099-3e5f-46d9-9c92-c3c99718e81b None None] Initializing extension driver 'qos'
Aug 14 09:08:10.001015 np0000189548 devstack@neutron-api.service[101701]: DEBUG neutron.plugins.ml2.extensions.qos [None req-9ca5a099-3e5f-46d9-9c92-c3c99718e81b None None] QosExtensionDriver initialization complete {{(pid=101701) initialize /opt/stack/neutron/neutron/plugins/ml2/extensions/qos.py:31}}
Aug 14 09:08:10.001015 np0000189548 devstack@neutron-api.service[101701]: INFO neutron.plugins.ml2.managers [None req-9ca5a099-3e5f-46d9-9c92-c3c99718e81b None None] Initializing mechanism driver 'ovn'
Aug 14 09:08:10.001124 np0000189548 devstack@neutron-api.service[101701]: INFO neutron.plugins.ml2.drivers.ovn.mech_driver.mech_driver [None req-9ca5a099-3e5f-46d9-9c92-c3c99718e81b None None] Starting OVNMechanismDriver
Aug 14 09:08:10.003100 np0000189548 devstack@neutron-api.service[101701]: DEBUG neutron_lib.callbacks.manager [None req-9ca5a099-3e5f-46d9-9c92-c3c99718e81b None None] Subscribe: > process before_spawn 55550000, False {{(pid=101701) subscribe /opt/stack/data/venv/lib/python3.12/site-packages/neutron_lib/callbacks/manager.py:52}}
Aug 14 09:08:10.003253 np0000189548 devstack@neutron-api.service[101701]: DEBUG neutron_lib.callbacks.manager [None req-9ca5a099-3e5f-46d9-9c92-c3c99718e81b None None] Subscribe: > process after_init 55550000, True {{(pid=101701) subscribe /opt/stack/data/venv/lib/python3.12/site-packages/neutron_lib/callbacks/manager.py:52}}
Aug 14 09:08:10.003536 np0000189548 devstack@neutron-api.service[101701]: DEBUG neutron_lib.callbacks.manager [None req-9ca5a099-3e5f-46d9-9c92-c3c99718e81b None None] Subscribe: > segment after_create 55550000, False {{(pid=101701) subscribe /opt/stack/data/venv/lib/python3.12/site-packages/neutron_lib/callbacks/manager.py:52}}
Aug 14 09:08:10.003536 np0000189548 devstack@neutron-api.service[101701]: DEBUG neutron_lib.callbacks.manager [None req-9ca5a099-3e5f-46d9-9c92-c3c99718e81b None None] Subscribe: > segment after_create 55550000, False {{(pid=101701) subscribe /opt/stack/data/venv/lib/python3.12/site-packages/neutron_lib/callbacks/manager.py:52}}
Aug 14 09:08:10.003806 np0000189548 devstack@neutron-api.service[101701]: DEBUG neutron_lib.callbacks.manager [None req-9ca5a099-3e5f-46d9-9c92-c3c99718e81b None None] Subscribe: > segment after_delete 55550000, False {{(pid=101701) subscribe /opt/stack/data/venv/lib/python3.12/site-packages/neutron_lib/callbacks/manager.py:52}}
Aug 14 09:08:10.003806 np0000189548 devstack@neutron-api.service[101701]: DEBUG neutron_lib.callbacks.manager [None req-9ca5a099-3e5f-46d9-9c92-c3c99718e81b None None] Subscribe: > allowed_address_pair before_create 55550000, False {{(pid=101701) subscribe /opt/stack/data/venv/lib/python3.12/site-packages/neutron_lib/callbacks/manager.py:52}}
Aug 14 09:08:10.004112 np0000189548 devstack@neutron-api.service[101701]: DEBUG neutron_lib.callbacks.manager [None req-9ca5a099-3e5f-46d9-9c92-c3c99718e81b None None] Subscribe: > security_group precommit_create 55550000, False {{(pid=101701) subscribe /opt/stack/data/venv/lib/python3.12/site-packages/neutron_lib/callbacks/manager.py:52}}
Aug 14 09:08:10.004112 np0000189548 devstack@neutron-api.service[101701]: DEBUG neutron_lib.callbacks.manager [None req-9ca5a099-3e5f-46d9-9c92-c3c99718e81b None None] Subscribe: > security_group after_update 55550000, False {{(pid=101701) subscribe /opt/stack/data/venv/lib/python3.12/site-packages/neutron_lib/callbacks/manager.py:52}}
Aug 14 09:08:10.004374 np0000189548 devstack@neutron-api.service[101701]: DEBUG neutron_lib.callbacks.manager [None req-9ca5a099-3e5f-46d9-9c92-c3c99718e81b None None] Subscribe: > security_group after_create 55550000, False {{(pid=101701) subscribe /opt/stack/data/venv/lib/python3.12/site-packages/neutron_lib/callbacks/manager.py:52}}
Aug 14 09:08:10.004374 np0000189548 devstack@neutron-api.service[101701]: DEBUG neutron_lib.callbacks.manager [None req-9ca5a099-3e5f-46d9-9c92-c3c99718e81b None None] Subscribe: > security_group precommit_delete 55550000, False {{(pid=101701) subscribe /opt/stack/data/venv/lib/python3.12/site-packages/neutron_lib/callbacks/manager.py:52}}
Aug 14 09:08:10.004374 np0000189548 devstack@neutron-api.service[101701]: DEBUG neutron_lib.callbacks.manager [None req-9ca5a099-3e5f-46d9-9c92-c3c99718e81b None None] Subscribe: > security_group after_delete 55550000, False {{(pid=101701) subscribe /opt/stack/data/venv/lib/python3.12/site-packages/neutron_lib/callbacks/manager.py:52}}
Aug 14 09:08:10.004628 np0000189548 devstack@neutron-api.service[101701]: DEBUG neutron_lib.callbacks.manager [None req-9ca5a099-3e5f-46d9-9c92-c3c99718e81b None None] Subscribe: > security_group_rule precommit_create 55550000, False {{(pid=101701) subscribe /opt/stack/data/venv/lib/python3.12/site-packages/neutron_lib/callbacks/manager.py:52}}
Aug 14 09:08:10.004628 np0000189548 devstack@neutron-api.service[101701]: DEBUG neutron_lib.callbacks.manager [None req-9ca5a099-3e5f-46d9-9c92-c3c99718e81b None None] Subscribe: > security_group_rule after_create 55550000, False {{(pid=101701) subscribe /opt/stack/data/venv/lib/python3.12/site-packages/neutron_lib/callbacks/manager.py:52}}
Aug 14 09:08:10.004779 np0000189548 devstack@neutron-api.service[101701]: DEBUG neutron_lib.callbacks.manager [None req-9ca5a099-3e5f-46d9-9c92-c3c99718e81b None None] Subscribe: > security_group_rule before_delete 55550000, False {{(pid=101701) subscribe /opt/stack/data/venv/lib/python3.12/site-packages/neutron_lib/callbacks/manager.py:52}}
Aug 14 09:08:10.004779 np0000189548 devstack@neutron-api.service[101701]: DEBUG neutron_lib.callbacks.manager [None req-9ca5a099-3e5f-46d9-9c92-c3c99718e81b None None] Subscribe: > address_group after_create 55550000, False {{(pid=101701) subscribe /opt/stack/data/venv/lib/python3.12/site-packages/neutron_lib/callbacks/manager.py:52}}
Aug 14 09:08:10.005010 np0000189548 devstack@neutron-api.service[101701]: DEBUG neutron_lib.callbacks.manager [None req-9ca5a099-3e5f-46d9-9c92-c3c99718e81b None None] Subscribe: > address_group after_update 55550000, False {{(pid=101701) subscribe /opt/stack/data/venv/lib/python3.12/site-packages/neutron_lib/callbacks/manager.py:52}}
Aug 14 09:08:10.005180 np0000189548 devstack@neutron-api.service[101701]: DEBUG neutron_lib.callbacks.manager [None req-9ca5a099-3e5f-46d9-9c92-c3c99718e81b None None] Subscribe: > address_group after_delete 55550000, False {{(pid=101701) subscribe /opt/stack/data/venv/lib/python3.12/site-packages/neutron_lib/callbacks/manager.py:52}}
Aug 14 09:08:10.005393 np0000189548 devstack@neutron-api.service[101701]: DEBUG neutron_lib.callbacks.manager [None req-9ca5a099-3e5f-46d9-9c92-c3c99718e81b None None] Subscribe: > qos_plugin after_init 55550000, False {{(pid=101701) subscribe /opt/stack/data/venv/lib/python3.12/site-packages/neutron_lib/callbacks/manager.py:52}}
Aug 14 09:08:10.005593 np0000189548 devstack@neutron-api.service[101701]: DEBUG neutron_lib.callbacks.manager [None req-9ca5a099-3e5f-46d9-9c92-c3c99718e81b None None] Subscribe: > trunk_plugin after_init 55550000, False {{(pid=101701) subscribe /opt/stack/data/venv/lib/python3.12/site-packages/neutron_lib/callbacks/manager.py:52}}
Aug 14 09:08:10.005835 np0000189548 devstack@neutron-api.service[101701]: DEBUG neutron_lib.callbacks.manager [None req-9ca5a099-3e5f-46d9-9c92-c3c99718e81b None None] Subscribe: > logging-plugin after_init 55550000, False {{(pid=101701) subscribe /opt/stack/data/venv/lib/python3.12/site-packages/neutron_lib/callbacks/manager.py:52}}
Aug 14 09:08:10.006378 np0000189548 devstack@neutron-api.service[101701]: INFO neutron.services.logapi.drivers.ovn.driver [None req-9ca5a099-3e5f-46d9-9c92-c3c99718e81b None None] OVN logging driver registered
Aug 14 09:08:10.006412 np0000189548 devstack@neutron-api.service[101700]: INFO neutron.plugins.ml2.drivers.type_vlan [None req-a61753c6-055b-428a-8d5d-1eefc04aa212 None None] VlanTypeDriver initialization complete
Aug 14 09:08:10.006611 np0000189548 devstack@neutron-api.service[101701]: DEBUG neutron_lib.callbacks.manager [None req-9ca5a099-3e5f-46d9-9c92-c3c99718e81b None None] Subscribe: ._register_pvlan_driver at 0x7f1e943ceac0> pvlan_plugin before_spawn 55550000, False {{(pid=101701) subscribe /opt/stack/data/venv/lib/python3.12/site-packages/neutron_lib/callbacks/manager.py:52}}
Aug 14 09:08:10.006641 np0000189548 devstack@neutron-api.service[101700]: INFO neutron.plugins.ml2.managers [None req-a61753c6-055b-428a-8d5d-1eefc04aa212 None None] Initializing extension driver 'port_security'
Aug 14 09:08:10.006666 np0000189548 devstack@neutron-api.service[101701]: DEBUG neutron_lib.callbacks.manager [None req-9ca5a099-3e5f-46d9-9c92-c3c99718e81b None None] Subscribe: process after_init 55550000, False {{(pid=101701) subscribe /opt/stack/data/venv/lib/python3.12/site-packages/neutron_lib/callbacks/manager.py:52}}
Aug 14 09:08:10.006692 np0000189548 devstack@neutron-api.service[101700]: INFO neutron.plugins.ml2.extensions.port_security [None req-a61753c6-055b-428a-8d5d-1eefc04aa212 None None] PortSecurityExtensionDriver initialization complete
Aug 14 09:08:10.006810 np0000189548 devstack@neutron-api.service[101700]: INFO neutron.plugins.ml2.managers [None req-a61753c6-055b-428a-8d5d-1eefc04aa212 None None] Initializing extension driver 'qos'
Aug 14 09:08:10.006868 np0000189548 devstack@neutron-api.service[101700]: DEBUG neutron.plugins.ml2.extensions.qos [None req-a61753c6-055b-428a-8d5d-1eefc04aa212 None None] QosExtensionDriver initialization complete {{(pid=101700) initialize /opt/stack/neutron/neutron/plugins/ml2/extensions/qos.py:31}}
Aug 14 09:08:10.006965 np0000189548 devstack@neutron-api.service[101700]: INFO neutron.plugins.ml2.managers [None req-a61753c6-055b-428a-8d5d-1eefc04aa212 None None] Initializing mechanism driver 'ovn'
Aug 14 09:08:10.007061 np0000189548 devstack@neutron-api.service[101700]: INFO neutron.plugins.ml2.drivers.ovn.mech_driver.mech_driver [None req-a61753c6-055b-428a-8d5d-1eefc04aa212 None None] Starting OVNMechanismDriver
Aug 14 09:08:10.008679 np0000189548 devstack@neutron-api.service[101701]: DEBUG neutron.plugins.ml2.plugin [None req-9ca5a099-3e5f-46d9-9c92-c3c99718e81b None None] neutron.plugins.ml2.plugin.Ml2Plugin method _start_rpc_notifiers called with arguments () {} {{(pid=101701) wrapper /opt/stack/data/venv/lib/python3.12/site-packages/oslo_log/helpers.py:77}}
Aug 14 09:08:10.008868 np0000189548 devstack@neutron-api.service[101700]: DEBUG neutron_lib.callbacks.manager [None req-a61753c6-055b-428a-8d5d-1eefc04aa212 None None] Subscribe: > process before_spawn 55550000, False {{(pid=101700) subscribe /opt/stack/data/venv/lib/python3.12/site-packages/neutron_lib/callbacks/manager.py:52}}
Aug 14 09:08:10.009073 np0000189548 devstack@neutron-api.service[101700]: DEBUG neutron_lib.callbacks.manager [None req-a61753c6-055b-428a-8d5d-1eefc04aa212 None None] Subscribe: > process after_init 55550000, True {{(pid=101700) subscribe /opt/stack/data/venv/lib/python3.12/site-packages/neutron_lib/callbacks/manager.py:52}}
Aug 14 09:08:10.009210 np0000189548 devstack@neutron-api.service[101701]: DEBUG neutron_lib.callbacks.manager [None req-9ca5a099-3e5f-46d9-9c92-c3c99718e81b None None] Subscribe: > port after_create 55550000, False {{(pid=101701) subscribe /opt/stack/data/venv/lib/python3.12/site-packages/neutron_lib/callbacks/manager.py:52}}
Aug 14 09:08:10.009270 np0000189548 devstack@neutron-api.service[101700]: DEBUG neutron_lib.callbacks.manager [None req-a61753c6-055b-428a-8d5d-1eefc04aa212 None None] Subscribe: > segment after_create 55550000, False {{(pid=101700) subscribe /opt/stack/data/venv/lib/python3.12/site-packages/neutron_lib/callbacks/manager.py:52}}
Aug 14 09:08:10.009330 np0000189548 devstack@neutron-api.service[101701]: DEBUG neutron_lib.callbacks.manager [None req-9ca5a099-3e5f-46d9-9c92-c3c99718e81b None None] Subscribe: > port after_update 55550000, False {{(pid=101701) subscribe /opt/stack/data/venv/lib/python3.12/site-packages/neutron_lib/callbacks/manager.py:52}}
Aug 14 09:08:10.009357 np0000189548 devstack@neutron-api.service[101700]: DEBUG neutron_lib.callbacks.manager [None req-a61753c6-055b-428a-8d5d-1eefc04aa212 None None] Subscribe: > segment after_create 55550000, False {{(pid=101700) subscribe /opt/stack/data/venv/lib/python3.12/site-packages/neutron_lib/callbacks/manager.py:52}}
Aug 14 09:08:10.009384 np0000189548 devstack@neutron-api.service[101701]: DEBUG neutron_lib.callbacks.manager [None req-9ca5a099-3e5f-46d9-9c92-c3c99718e81b None None] Subscribe: > port after_delete 55550000, False {{(pid=101701) subscribe /opt/stack/data/venv/lib/python3.12/site-packages/neutron_lib/callbacks/manager.py:52}}
Aug 14 09:08:10.009436 np0000189548 devstack@neutron-api.service[101700]: DEBUG neutron_lib.callbacks.manager [None req-a61753c6-055b-428a-8d5d-1eefc04aa212 None None] Subscribe: > segment after_delete 55550000, False {{(pid=101700) subscribe /opt/stack/data/venv/lib/python3.12/site-packages/neutron_lib/callbacks/manager.py:52}}
Aug 14 09:08:10.009464 np0000189548 devstack@neutron-api.service[101701]: DEBUG neutron_lib.callbacks.manager [None req-9ca5a099-3e5f-46d9-9c92-c3c99718e81b None None] Subscribe: > subnet after_create 55550000, False {{(pid=101701) subscribe /opt/stack/data/venv/lib/python3.12/site-packages/neutron_lib/callbacks/manager.py:52}}
Aug 14 09:08:10.009519 np0000189548 devstack@neutron-api.service[101700]: DEBUG neutron_lib.callbacks.manager [None req-a61753c6-055b-428a-8d5d-1eefc04aa212 None None] Subscribe: > allowed_address_pair before_create 55550000, False {{(pid=101700) subscribe /opt/stack/data/venv/lib/python3.12/site-packages/neutron_lib/callbacks/manager.py:52}}
Aug 14 09:08:10.009547 np0000189548 devstack@neutron-api.service[101701]: DEBUG neutron_lib.callbacks.manager [None req-9ca5a099-3e5f-46d9-9c92-c3c99718e81b None None] Subscribe: > subnet after_update 55550000, False {{(pid=101701) subscribe /opt/stack/data/venv/lib/python3.12/site-packages/neutron_lib/callbacks/manager.py:52}}
Aug 14 09:08:10.009600 np0000189548 devstack@neutron-api.service[101700]: DEBUG neutron_lib.callbacks.manager [None req-a61753c6-055b-428a-8d5d-1eefc04aa212 None None] Subscribe: > security_group precommit_create 55550000, False {{(pid=101700) subscribe /opt/stack/data/venv/lib/python3.12/site-packages/neutron_lib/callbacks/manager.py:52}}
Aug 14 09:08:10.009692 np0000189548 devstack@neutron-api.service[101700]: DEBUG neutron_lib.callbacks.manager [None req-a61753c6-055b-428a-8d5d-1eefc04aa212 None None] Subscribe: > security_group after_update 55550000, False {{(pid=101700) subscribe /opt/stack/data/venv/lib/python3.12/site-packages/neutron_lib/callbacks/manager.py:52}}
Aug 14 09:08:10.009911 np0000189548 devstack@neutron-api.service[101701]: DEBUG neutron_lib.callbacks.manager [None req-9ca5a099-3e5f-46d9-9c92-c3c99718e81b None None] Subscribe: > subnet after_delete 55550000, False {{(pid=101701) subscribe /opt/stack/data/venv/lib/python3.12/site-packages/neutron_lib/callbacks/manager.py:52}}
Aug 14 09:08:10.010179 np0000189548 devstack@neutron-api.service[101700]: DEBUG neutron_lib.callbacks.manager [None req-a61753c6-055b-428a-8d5d-1eefc04aa212 None None] Subscribe: > security_group after_create 55550000, False {{(pid=101700) subscribe /opt/stack/data/venv/lib/python3.12/site-packages/neutron_lib/callbacks/manager.py:52}}
Aug 14 09:08:10.010385 np0000189548 devstack@neutron-api.service[101701]: DEBUG neutron_lib.callbacks.manager [None req-9ca5a099-3e5f-46d9-9c92-c3c99718e81b None None] Subscribe: > network after_create 55550000, False {{(pid=101701) subscribe /opt/stack/data/venv/lib/python3.12/site-packages/neutron_lib/callbacks/manager.py:52}}
Aug 14 09:08:10.010492 np0000189548 devstack@neutron-api.service[101700]: DEBUG neutron_lib.callbacks.manager [None req-a61753c6-055b-428a-8d5d-1eefc04aa212 None None] Subscribe: > security_group precommit_delete 55550000, False {{(pid=101700) subscribe /opt/stack/data/venv/lib/python3.12/site-packages/neutron_lib/callbacks/manager.py:52}}
Aug 14 09:08:10.010556 np0000189548 devstack@neutron-api.service[101701]: DEBUG neutron_lib.callbacks.manager [None req-9ca5a099-3e5f-46d9-9c92-c3c99718e81b None None] Subscribe: > network after_update 55550000, False {{(pid=101701) subscribe /opt/stack/data/venv/lib/python3.12/site-packages/neutron_lib/callbacks/manager.py:52}}
Aug 14 09:08:10.010610 np0000189548 devstack@neutron-api.service[101700]: DEBUG neutron_lib.callbacks.manager [None req-a61753c6-055b-428a-8d5d-1eefc04aa212 None None] Subscribe: > security_group after_delete 55550000, False {{(pid=101700) subscribe /opt/stack/data/venv/lib/python3.12/site-packages/neutron_lib/callbacks/manager.py:52}}
Aug 14 09:08:10.010638 np0000189548 devstack@neutron-api.service[101701]: DEBUG neutron_lib.callbacks.manager [None req-9ca5a099-3e5f-46d9-9c92-c3c99718e81b None None] Subscribe: > network after_delete 55550000, False {{(pid=101701) subscribe /opt/stack/data/venv/lib/python3.12/site-packages/neutron_lib/callbacks/manager.py:52}}
Aug 14 09:08:10.010689 np0000189548 devstack@neutron-api.service[101700]: DEBUG neutron_lib.callbacks.manager [None req-a61753c6-055b-428a-8d5d-1eefc04aa212 None None] Subscribe: > security_group_rule precommit_create 55550000, False {{(pid=101700) subscribe /opt/stack/data/venv/lib/python3.12/site-packages/neutron_lib/callbacks/manager.py:52}}
Aug 14 09:08:10.010718 np0000189548 devstack@neutron-api.service[101701]: DEBUG neutron_lib.callbacks.manager [None req-9ca5a099-3e5f-46d9-9c92-c3c99718e81b None None] Subscribe: > security_group after_create 55550000, False {{(pid=101701) subscribe /opt/stack/data/venv/lib/python3.12/site-packages/neutron_lib/callbacks/manager.py:52}}
Aug 14 09:08:10.010778 np0000189548 devstack@neutron-api.service[101700]: DEBUG neutron_lib.callbacks.manager [None req-a61753c6-055b-428a-8d5d-1eefc04aa212 None None] Subscribe: > security_group_rule after_create 55550000, False {{(pid=101700) subscribe /opt/stack/data/venv/lib/python3.12/site-packages/neutron_lib/callbacks/manager.py:52}}
Aug 14 09:08:10.010805 np0000189548 devstack@neutron-api.service[101701]: DEBUG neutron_lib.callbacks.manager [None req-9ca5a099-3e5f-46d9-9c92-c3c99718e81b None None] Subscribe: > security_group after_update 55550000, False {{(pid=101701) subscribe /opt/stack/data/venv/lib/python3.12/site-packages/neutron_lib/callbacks/manager.py:52}}
Aug 14 09:08:10.010833 np0000189548 devstack@neutron-api.service[101700]: DEBUG neutron_lib.callbacks.manager [None req-a61753c6-055b-428a-8d5d-1eefc04aa212 None None] Subscribe: > security_group_rule before_delete 55550000, False {{(pid=101700) subscribe /opt/stack/data/venv/lib/python3.12/site-packages/neutron_lib/callbacks/manager.py:52}}
Aug 14 09:08:10.010860 np0000189548 devstack@neutron-api.service[101701]: DEBUG neutron_lib.callbacks.manager [None req-9ca5a099-3e5f-46d9-9c92-c3c99718e81b None None] Subscribe: > security_group after_delete 55550000, False {{(pid=101701) subscribe /opt/stack/data/venv/lib/python3.12/site-packages/neutron_lib/callbacks/manager.py:52}}
Aug 14 09:08:10.010966 np0000189548 devstack@neutron-api.service[101700]: DEBUG neutron_lib.callbacks.manager [None req-a61753c6-055b-428a-8d5d-1eefc04aa212 None None] Subscribe: > address_group after_create 55550000, False {{(pid=101700) subscribe /opt/stack/data/venv/lib/python3.12/site-packages/neutron_lib/callbacks/manager.py:52}}
Aug 14 09:08:10.010966 np0000189548 devstack@neutron-api.service[101700]: DEBUG neutron_lib.callbacks.manager [None req-a61753c6-055b-428a-8d5d-1eefc04aa212 None None] Subscribe: > address_group after_update 55550000, False {{(pid=101700) subscribe /opt/stack/data/venv/lib/python3.12/site-packages/neutron_lib/callbacks/manager.py:52}}
Aug 14 09:08:10.011046 np0000189548 devstack@neutron-api.service[101701]: DEBUG neutron_lib.callbacks.manager [None req-9ca5a099-3e5f-46d9-9c92-c3c99718e81b None None] Subscribe: > security_group_rule after_create 55550000, False {{(pid=101701) subscribe /opt/stack/data/venv/lib/python3.12/site-packages/neutron_lib/callbacks/manager.py:52}}
Aug 14 09:08:10.011073 np0000189548 devstack@neutron-api.service[101700]: DEBUG neutron_lib.callbacks.manager [None req-a61753c6-055b-428a-8d5d-1eefc04aa212 None None] Subscribe: > address_group after_delete 55550000, False {{(pid=101700) subscribe /opt/stack/data/venv/lib/python3.12/site-packages/neutron_lib/callbacks/manager.py:52}}
Aug 14 09:08:10.011125 np0000189548 devstack@neutron-api.service[101701]: DEBUG neutron_lib.callbacks.manager [None req-9ca5a099-3e5f-46d9-9c92-c3c99718e81b None None] Subscribe: > security_group_rule after_update 55550000, False {{(pid=101701) subscribe /opt/stack/data/venv/lib/python3.12/site-packages/neutron_lib/callbacks/manager.py:52}}
Aug 14 09:08:10.011125 np0000189548 devstack@neutron-api.service[101701]: DEBUG neutron_lib.callbacks.manager [None req-9ca5a099-3e5f-46d9-9c92-c3c99718e81b None None] Subscribe: > security_group_rule after_delete 55550000, False {{(pid=101701) subscribe /opt/stack/data/venv/lib/python3.12/site-packages/neutron_lib/callbacks/manager.py:52}}
Aug 14 09:08:10.011179 np0000189548 devstack@neutron-api.service[101700]: DEBUG neutron_lib.callbacks.manager [None req-a61753c6-055b-428a-8d5d-1eefc04aa212 None None] Subscribe: > qos_plugin after_init 55550000, False {{(pid=101700) subscribe /opt/stack/data/venv/lib/python3.12/site-packages/neutron_lib/callbacks/manager.py:52}}
Aug 14 09:08:10.011232 np0000189548 devstack@neutron-api.service[101701]: DEBUG neutron_lib.callbacks.manager [None req-9ca5a099-3e5f-46d9-9c92-c3c99718e81b None None] Subscribe: > address_group after_create 55550000, False {{(pid=101701) subscribe /opt/stack/data/venv/lib/python3.12/site-packages/neutron_lib/callbacks/manager.py:52}}
Aug 14 09:08:10.011232 np0000189548 devstack@neutron-api.service[101701]: DEBUG neutron_lib.callbacks.manager [None req-9ca5a099-3e5f-46d9-9c92-c3c99718e81b None None] Subscribe: > address_group after_update 55550000, False {{(pid=101701) subscribe /opt/stack/data/venv/lib/python3.12/site-packages/neutron_lib/callbacks/manager.py:52}}
Aug 14 09:08:10.011279 np0000189548 devstack@neutron-api.service[101700]: DEBUG neutron_lib.callbacks.manager [None req-a61753c6-055b-428a-8d5d-1eefc04aa212 None None] Subscribe: > trunk_plugin after_init 55550000, False {{(pid=101700) subscribe /opt/stack/data/venv/lib/python3.12/site-packages/neutron_lib/callbacks/manager.py:52}}
Aug 14 09:08:10.011337 np0000189548 devstack@neutron-api.service[101701]: DEBUG neutron_lib.callbacks.manager [None req-9ca5a099-3e5f-46d9-9c92-c3c99718e81b None None] Subscribe: > address_group after_delete 55550000, False {{(pid=101701) subscribe /opt/stack/data/venv/lib/python3.12/site-packages/neutron_lib/callbacks/manager.py:52}}
Aug 14 09:08:10.011337 np0000189548 devstack@neutron-api.service[101701]: DEBUG neutron.plugins.ml2.ovo_rpc [None req-9ca5a099-3e5f-46d9-9c92-c3c99718e81b None None] ML2 OVO RPC backend initialized. {{(pid=101701) __init__ /opt/stack/neutron/neutron/plugins/ml2/ovo_rpc.py:117}}
Aug 14 09:08:10.011389 np0000189548 devstack@neutron-api.service[101700]: DEBUG neutron_lib.callbacks.manager [None req-a61753c6-055b-428a-8d5d-1eefc04aa212 None None] Subscribe: > logging-plugin after_init 55550000, False {{(pid=101700) subscribe /opt/stack/data/venv/lib/python3.12/site-packages/neutron_lib/callbacks/manager.py:52}}
Aug 14 09:08:10.012173 np0000189548 devstack@neutron-api.service[101700]: INFO neutron.services.logapi.drivers.ovn.driver [None req-a61753c6-055b-428a-8d5d-1eefc04aa212 None None] OVN logging driver registered
Aug 14 09:08:10.012173 np0000189548 devstack@neutron-api.service[101700]: DEBUG neutron_lib.callbacks.manager [None req-a61753c6-055b-428a-8d5d-1eefc04aa212 None None] Subscribe: ._register_pvlan_driver at 0x7f1e943c59e0> pvlan_plugin before_spawn 55550000, False {{(pid=101700) subscribe /opt/stack/data/venv/lib/python3.12/site-packages/neutron_lib/callbacks/manager.py:52}}
Aug 14 09:08:10.012173 np0000189548 devstack@neutron-api.service[101700]: DEBUG neutron_lib.callbacks.manager [None req-a61753c6-055b-428a-8d5d-1eefc04aa212 None None] Subscribe: process after_init 55550000, False {{(pid=101700) subscribe /opt/stack/data/venv/lib/python3.12/site-packages/neutron_lib/callbacks/manager.py:52}}
Aug 14 09:08:10.012642 np0000189548 devstack@neutron-api.service[101701]: INFO neutron.quota [None req-9ca5a099-3e5f-46d9-9c92-c3c99718e81b None None] Loaded quota_driver: .
