2026-04-12 21:59:28.306 7 INFO neutron.db.ovn_revision_numbers_db [None req-b70e43a0-c907-47bf-b3d2-28b9fa1b3c7b 806317b1051e48319a200fc91143dde5 f79793ce8c9e4b8791d76adf313762d7 - - default default] Successfully bumped revision number for resource fc9de73f-98de-4ea3-9361-36fd39442ecd (type: security_group_rules) to 0 [pid: 7|app: 0|req: 1650/3013] 10.0.0.214 () {32 vars in 774 bytes} [Sun Apr 12 21:59:27 2026] GET /v2.0/security-groups?tenant_id=7de4a81d83c643b7acba9ce288e03fdb&name=default => generated 2929 bytes in 401 msecs (HTTP/1.1 200) 4 headers in 158 bytes (1 switches on core 0)
2026-04-12 21:59:28.484 7 INFO neutron.services.segments.plugin [-] Segment 31859e0f-aff2-4300-91e7-ee73b51596b3 resource provider aggregate not found
2026-04-12 21:59:28.493 7 INFO neutron.services.segments.plugin [-] Segment 31859e0f-aff2-4300-91e7-ee73b51596b3 resource provider aggregate not found
2026-04-12 21:59:28.508 7 INFO neutron.services.segments.plugin [-] Segment 31859e0f-aff2-4300-91e7-ee73b51596b3 resource provider not found; error: Placement Client Error (4xx): {"errors": [{"status": 404, "title": "Not Found", "detail": "The resource could not be found.\n\n No resource provider with uuid 31859e0f-aff2-4300-91e7-ee73b51596b3 found for delete ", "request_id": "req-37a484e4-2d02-41fe-9c14-9b94d1d815d0"}]}
2026-04-12 21:59:28.514 7 INFO neutron.services.segments.plugin [-] Segment 31859e0f-aff2-4300-91e7-ee73b51596b3 resource provider not found; error: Placement Client Error (4xx): {"errors": [{"status": 404, "title": "Not Found", "detail": "The resource could not be found.\n\n No resource provider with uuid 31859e0f-aff2-4300-91e7-ee73b51596b3 found for delete ", "request_id": "req-326c945d-4e00-402f-bd09-dc61c24ba81f"}]} [pid: 8|app: 0|req: 1364/3014] 10.0.0.214 () {32 vars in 740 bytes} [Sun Apr 12 21:59:28 2026] DELETE /v2.0/security-groups/2f8529fe-392d-49c2-8909-8735b45ea7d1 => generated 0 bytes in 281 msecs (HTTP/1.1 204) 2 headers in 112 bytes (1 switches on core 0) [pid: 7|app: 0|req: 1651/3015] 10.0.0.214 () {32 vars in 774 bytes} [Sun Apr 12 21:59:28 2026] GET /v2.0/security-groups?tenant_id=b39e1f7c1344475a812febf1a1d45432&name=default => generated 2929 bytes in 31 msecs (HTTP/1.1 200) 4 headers in 158 bytes (1 switches on core 0) [pid: 8|app: 0|req: 1365/3016] 10.0.0.214 () {32 vars in 740 bytes} [Sun Apr 12 21:59:28 2026] DELETE /v2.0/security-groups/22936734-2042-4605-937c-b915c4ca556f => generated 0 bytes in 276 msecs (HTTP/1.1 204) 2 headers in 112 bytes (1 switches on core 0)
2026-04-12 21:59:37.595 7 INFO neutron.db.ovn_revision_numbers_db [None req-68d29d7e-8c44-4595-813b-b4c2dc054d71 8cbd233eff32429da3ad2e190407b007 188d7ef421bc4a969136b01f7584f20d - - default default] Successfully bumped revision number for resource 56357598-ac6d-41da-970b-2415c224dcfc (type: security_groups) to 1
2026-04-12 21:59:37.610 7 INFO neutron.db.ovn_revision_numbers_db [None req-68d29d7e-8c44-4595-813b-b4c2dc054d71 8cbd233eff32429da3ad2e190407b007 188d7ef421bc4a969136b01f7584f20d - - default default] Successfully bumped revision number for resource 29104f5b-9d26-4e23-9e85-76dc97bdc570 (type: security_group_rules) to 0
2026-04-12 21:59:37.622 7 INFO neutron.db.ovn_revision_numbers_db [None req-68d29d7e-8c44-4595-813b-b4c2dc054d71 8cbd233eff32429da3ad2e190407b007 188d7ef421bc4a969136b01f7584f20d - - default default] Successfully bumped revision number for resource 89126ea2-bff9-443b-bcb0-add88f88f9b8 (type: security_group_rules) to 0
2026-04-12 21:59:37.635 7 INFO neutron.db.ovn_revision_numbers_db [None req-68d29d7e-8c44-4595-813b-b4c2dc054d71 8cbd233eff32429da3ad2e190407b007 188d7ef421bc4a969136b01f7584f20d - - default default] Successfully bumped revision number for resource c9424568-6e7d-425a-8851-bd0bf49324b4 (type: security_group_rules) to 0
2026-04-12 21:59:37.651 7 INFO neutron.db.ovn_revision_numbers_db [None req-68d29d7e-8c44-4595-813b-b4c2dc054d71 8cbd233eff32429da3ad2e190407b007 188d7ef421bc4a969136b01f7584f20d - - default default] Successfully bumped revision number for resource eba480b1-08fd-465f-bdd7-aeba609b3c39 (type: security_group_rules) to 0
2026-04-12 21:59:37.736 7 INFO neutron.db.segments_db [None req-68d29d7e-8c44-4595-813b-b4c2dc054d71 8cbd233eff32429da3ad2e190407b007 188d7ef421bc4a969136b01f7584f20d - - default default] Added segment 2aa65389-bc19-4950-9fa9-ac5506cf2f59 of type geneve for network 6d6b0e81-1554-4cc4-9a9e-5e68ae1c11b7
2026-04-12 21:59:37.844 7 INFO neutron.db.ovn_revision_numbers_db [None req-68d29d7e-8c44-4595-813b-b4c2dc054d71 8cbd233eff32429da3ad2e190407b007 188d7ef421bc4a969136b01f7584f20d - - default default] Successfully bumped revision number for resource 6d6b0e81-1554-4cc4-9a9e-5e68ae1c11b7 (type: networks) to 1
2026-04-12 21:59:38.007 7 WARNING neutron.scheduler.dhcp_agent_scheduler [None req-68d29d7e-8c44-4595-813b-b4c2dc054d71 8cbd233eff32429da3ad2e190407b007 188d7ef421bc4a969136b01f7584f20d - - default default] No more DHCP agents
2026-04-12 21:59:38.008 7 WARNING neutron.api.rpc.agentnotifiers.dhcp_rpc_agent_api [None req-68d29d7e-8c44-4595-813b-b4c2dc054d71 8cbd233eff32429da3ad2e190407b007 188d7ef421bc4a969136b01f7584f20d - - default default] Unable to schedule network 6d6b0e81-1554-4cc4-9a9e-5e68ae1c11b7: no agents available; will retry on subsequent port and subnet creation events.
2026-04-12 21:59:38.080 8 INFO neutron.plugins.ml2.drivers.ovn.mech_driver.mech_driver [None req-e313fea6-45ee-46de-b2f6-61dd344239a8 - - - - - -] OVN reports status down for port: d2c456bb-bb00-485d-9ead-4e4cc3fd9a27
2026-04-12 21:59:38.115 7 INFO neutron.db.ovn_revision_numbers_db [None req-68d29d7e-8c44-4595-813b-b4c2dc054d71 8cbd233eff32429da3ad2e190407b007 188d7ef421bc4a969136b01f7584f20d - - default default] Successfully bumped revision number for resource d2c456bb-bb00-485d-9ead-4e4cc3fd9a27 (type: ports) to 1 [pid: 7|app: 0|req: 1652/3017] 10.0.0.214 () {34 vars in 670 bytes} [Sun Apr 12 21:59:37 2026] POST /v2.0/networks => generated 676 bytes in 904 msecs (HTTP/1.1 201) 4 headers in 162 bytes (1 switches on core 0)
2026-04-12 21:59:38.375 8 WARNING neutron.scheduler.dhcp_agent_scheduler [None req-5dda3510-a5eb-4ae9-9af1-115f7404fb4a 8cbd233eff32429da3ad2e190407b007 188d7ef421bc4a969136b01f7584f20d - - default default] No more DHCP agents
2026-04-12 21:59:38.376 8 WARNING neutron.api.rpc.agentnotifiers.dhcp_rpc_agent_api [None req-5dda3510-a5eb-4ae9-9af1-115f7404fb4a 8cbd233eff32429da3ad2e190407b007 188d7ef421bc4a969136b01f7584f20d - - default default] Unable to schedule network 6d6b0e81-1554-4cc4-9a9e-5e68ae1c11b7: no agents available; will retry on subsequent port and subnet creation events.
2026-04-12 21:59:38.866 8 INFO neutron.db.ovn_revision_numbers_db [None req-0f28070c-ce65-4b7b-9024-e71a1ac13998 - - - - - -] Successfully bumped revision number for resource d2c456bb-bb00-485d-9ead-4e4cc3fd9a27 (type: ports) to 2
2026-04-12 21:59:38.894 8 INFO neutron.db.ovn_revision_numbers_db [None req-0f28070c-ce65-4b7b-9024-e71a1ac13998 - - - - - -] Successfully bumped revision number for resource a5628109-21a5-4290-9842-87c3dce45a22 (type: subnets) to 0 [pid: 8|app: 0|req: 1366/3018] 10.0.0.214 () {34 vars in 669 bytes} [Sun Apr 12 21:59:38 2026] POST /v2.0/subnets => generated 658 bytes in 771 msecs (HTTP/1.1 201) 4 headers in 162 bytes (1 switches on core 0) [pid: 7|app: 0|req: 1653/3019] 10.0.0.214 () {32 vars in 722 bytes} [Sun Apr 12 21:59:38 2026] GET /v2.0/subnetpools?name=shared-default-subnetpool-v6 => generated 19 bytes in 39 msecs (HTTP/1.1 200) 4 headers in 156 bytes (1 switches on core 0)
2026-04-12 21:59:39.164 8 WARNING neutron.scheduler.dhcp_agent_scheduler [None req-de4ac868-0ada-427b-8f87-cfea5f503f76 8cbd233eff32429da3ad2e190407b007 188d7ef421bc4a969136b01f7584f20d - - default default] No more DHCP agents
2026-04-12 21:59:39.165 8 WARNING neutron.api.rpc.agentnotifiers.dhcp_rpc_agent_api [None req-de4ac868-0ada-427b-8f87-cfea5f503f76 8cbd233eff32429da3ad2e190407b007 188d7ef421bc4a969136b01f7584f20d - - default default] Unable to schedule network 6d6b0e81-1554-4cc4-9a9e-5e68ae1c11b7: no agents available; will retry on subsequent port and subnet creation events.
2026-04-12 21:59:39.210 8 INFO neutron.db.ovn_revision_numbers_db [None req-de4ac868-0ada-427b-8f87-cfea5f503f76 8cbd233eff32429da3ad2e190407b007 188d7ef421bc4a969136b01f7584f20d - - default default] Successfully bumped revision number for resource 50373be5-00e3-4d60-9df3-ada1cf0b03c4 (type: subnets) to 0 [pid: 8|app: 0|req: 1367/3020] 10.0.0.214 () {34 vars in 669 bytes} [Sun Apr 12 21:59:38 2026] POST /v2.0/subnets => generated 731 bytes in 269 msecs (HTTP/1.1 201) 4 headers in 162 bytes (1 switches on core 0)
2026-04-12 21:59:39.321 7 INFO neutron.db.segments_db [None req-ec6f56ee-ea5b-41db-980f-4ad28d373f4d 8cbd233eff32429da3ad2e190407b007 188d7ef421bc4a969136b01f7584f20d - - default default] Added segment 9aff2314-6f27-4cfe-9fca-0be73c4fcd82 of type geneve for network e3bcedca-6bbe-4610-827d-8256e7ee967c
2026-04-12 21:59:39.449 7 INFO neutron.db.ovn_revision_numbers_db [None req-ec6f56ee-ea5b-41db-980f-4ad28d373f4d 8cbd233eff32429da3ad2e190407b007 188d7ef421bc4a969136b01f7584f20d - - default default] Successfully bumped revision number for resource e3bcedca-6bbe-4610-827d-8256e7ee967c (type: networks) to 1
2026-04-12 21:59:39.611 7 WARNING neutron.scheduler.dhcp_agent_scheduler [None req-ec6f56ee-ea5b-41db-980f-4ad28d373f4d 8cbd233eff32429da3ad2e190407b007 188d7ef421bc4a969136b01f7584f20d - - default default] No more DHCP agents
2026-04-12 21:59:39.612 7 WARNING neutron.api.rpc.agentnotifiers.dhcp_rpc_agent_api [None req-ec6f56ee-ea5b-41db-980f-4ad28d373f4d 8cbd233eff32429da3ad2e190407b007 188d7ef421bc4a969136b01f7584f20d - - default default] Unable to schedule network e3bcedca-6bbe-4610-827d-8256e7ee967c: no agents available; will retry on subsequent port and subnet creation events.
2026-04-12 21:59:39.677 8 INFO neutron.plugins.ml2.drivers.ovn.mech_driver.mech_driver [None req-e313fea6-45ee-46de-b2f6-61dd344239a8 - - - - - -] OVN reports status down for port: ddba90ba-ab6d-4b53-a599-1f63b8bdd0bd
2026-04-12 21:59:39.721 7 INFO neutron.db.ovn_revision_numbers_db [None req-ec6f56ee-ea5b-41db-980f-4ad28d373f4d 8cbd233eff32429da3ad2e190407b007 188d7ef421bc4a969136b01f7584f20d - - default default] Successfully bumped revision number for resource ddba90ba-ab6d-4b53-a599-1f63b8bdd0bd (type: ports) to 1 [pid: 7|app: 0|req: 1654/3021] 10.0.0.214 () {34 vars in 670 bytes} [Sun Apr 12 21:59:39 2026] POST /v2.0/networks => generated 675 bytes in 507 msecs (HTTP/1.1 201) 4 headers in 162 bytes (1 switches on core 0)
2026-04-12 21:59:39.915 8 WARNING neutron.scheduler.dhcp_agent_scheduler [None req-f1bcfc55-cb47-4bdc-b735-1ef088d14c5d 8cbd233eff32429da3ad2e190407b007 188d7ef421bc4a969136b01f7584f20d - - default default] No more DHCP agents
2026-04-12 21:59:39.916 8 WARNING neutron.api.rpc.agentnotifiers.dhcp_rpc_agent_api [None req-f1bcfc55-cb47-4bdc-b735-1ef088d14c5d 8cbd233eff32429da3ad2e190407b007 188d7ef421bc4a969136b01f7584f20d - - default default] Unable to schedule network e3bcedca-6bbe-4610-827d-8256e7ee967c: no agents available; will retry on subsequent port and subnet creation events. [pid: 7|app: 0|req: 1655/3022] 10.0.0.169 () {28 vars in 619 bytes} [Sun Apr 12 21:59:39 2026] GET /v2.0/network-ip-availabilities => generated 2258 bytes in 45 msecs (HTTP/1.1 200) 4 headers in 158 bytes (1 switches on core 0) [pid: 7|app: 0|req: 1656/3023] 10.0.0.169 () {28 vars in 583 bytes} [Sun Apr 12 21:59:40 2026] GET /v2.0/routers => generated 15 bytes in 15 msecs (HTTP/1.1 200) 4 headers in 156 bytes (1 switches on core 0) [pid: 7|app: 0|req: 1657/3024] 10.0.0.169 () {28 vars in 624 bytes} [Sun Apr 12 21:59:40 2026] GET /v2.0/agents?binary=ovn-controller => generated 416 bytes in 8 msecs (HTTP/1.1 200) 4 headers in 157 bytes (1 switches on core 0) [pid: 7|app: 0|req: 1658/3025] 10.0.0.169 () {28 vars in 579 bytes} [Sun Apr 12 21:59:40 2026] GET /v2.0/ports => generated 7090 bytes in 50 msecs (HTTP/1.1 200) 4 headers in 158 bytes (1 switches on core 0) [pid: 7|app: 0|req: 1659/3026] 10.0.0.169 () {28 vars in 585 bytes} [Sun Apr 12 21:59:40 2026] GET /v2.0/networks => generated 3902 bytes in 56 msecs (HTTP/1.1 200) 4 headers in 158 bytes (1 switches on core 0) [pid: 7|app: 0|req: 1660/3027] 10.0.0.169 () {28 vars in 599 bytes} [Sun Apr 12 21:59:40 2026] GET /v2.0/security-groups => generated 20305 bytes in 62 msecs (HTTP/1.1 200) 4 headers in 159 bytes (1 switches on core 0) [pid: 7|app: 0|req: 1661/3028] 10.0.0.169 () {28 vars in 583 bytes} [Sun Apr 12 21:59:40 2026] GET /v2.0/subnets => generated 3377 bytes in 74 msecs (HTTP/1.1 200) 4 headers in 158 bytes (1 switches on core 0)
2026-04-12 21:59:40.350 8 INFO neutron.db.ovn_revision_numbers_db [None req-b7802044-255b-4791-aacb-39bdb7a0d547 - - - - - -] Successfully bumped revision number for resource ddba90ba-ab6d-4b53-a599-1f63b8bdd0bd (type: ports) to 2 [pid: 7|app: 0|req: 1662/3029] 10.0.0.169 () {28 vars in 591 bytes} [Sun Apr 12 21:59:40 2026] GET /v2.0/floatingips => generated 19 bytes in 19 msecs (HTTP/1.1 200) 4 headers in 156 bytes (1 switches on core 0)
2026-04-12 21:59:40.386 8 INFO neutron.db.ovn_revision_numbers_db [None req-b7802044-255b-4791-aacb-39bdb7a0d547 - - - - - -] Successfully bumped revision number for resource 9c8d3ae2-2292-47a9-84c1-13eeaee34a1f (type: subnets) to 0 [pid: 8|app: 0|req: 1368/3030] 10.0.0.214 () {34 vars in 669 bytes} [Sun Apr 12 21:59:39 2026] POST /v2.0/subnets => generated 656 bytes in 653 msecs (HTTP/1.1 201) 4 headers in 162 bytes (1 switches on core 0) [pid: 7|app: 0|req: 1663/3031] 10.0.0.169 () {28 vars in 583 bytes} [Sun Apr 12 21:59:40 2026] GET /v2.0/subnets => generated 3377 bytes in 43 msecs (HTTP/1.1 200) 4 headers in 158 bytes (1 switches on core 0) [pid: 7|app: 0|req: 1664/3032] 10.0.0.169 () {28 vars in 591 bytes} [Sun Apr 12 21:59:40 2026] GET /v2.0/subnetpools => generated 19 bytes in 7 msecs (HTTP/1.1 200) 4 headers in 156 bytes (1 switches on core 0) [pid: 7|app: 0|req: 1665/3033] 10.0.0.169 () {28 vars in 581 bytes} [Sun Apr 12 21:59:40 2026] GET /v2.0/agents => generated 1214 bytes in 13 msecs (HTTP/1.1 200) 4 headers in 158 bytes (1 switches on core 0)
2026-04-12 21:59:40.617 8 WARNING neutron.scheduler.dhcp_agent_scheduler [None req-0f02e449-49e2-4671-9939-387340092873 8cbd233eff32429da3ad2e190407b007 188d7ef421bc4a969136b01f7584f20d - - default default] No more DHCP agents
2026-04-12 21:59:40.619 8 WARNING neutron.api.rpc.agentnotifiers.dhcp_rpc_agent_api [None req-0f02e449-49e2-4671-9939-387340092873 8cbd233eff32429da3ad2e190407b007 188d7ef421bc4a969136b01f7584f20d - - default default] Unable to schedule network e3bcedca-6bbe-4610-827d-8256e7ee967c: no agents available; will retry on subsequent port and subnet creation events.
2026-04-12 21:59:40.655 8 INFO neutron.db.ovn_revision_numbers_db [None req-0f02e449-49e2-4671-9939-387340092873 8cbd233eff32429da3ad2e190407b007 188d7ef421bc4a969136b01f7584f20d - - default default] Successfully bumped revision number for resource 4cc5a8a7-a9dc-4aa9-a433-7682e3331ea4 (type: subnets) to 0 [pid: 8|app: 0|req: 1369/3034] 10.0.0.214 () {34 vars in 669 bytes} [Sun Apr 12 21:59:40 2026] POST /v2.0/subnets => generated 726 bytes in 263 msecs (HTTP/1.1 201) 4 headers in 162 bytes (1 switches on core 0)
2026-04-12 21:59:40.767 7 INFO neutron.db.segments_db [None req-b1c5b0bc-5f79-4d3c-a2dc-e329bfea5f0c 8cbd233eff32429da3ad2e190407b007 188d7ef421bc4a969136b01f7584f20d - - default default] Added segment e626843c-898b-4802-938e-c4ec5b843d19 of type geneve for network 4c0851d7-6b7d-4afc-9809-175febe2d4e9
2026-04-12 21:59:40.891 7 INFO neutron.db.ovn_revision_numbers_db [None req-b1c5b0bc-5f79-4d3c-a2dc-e329bfea5f0c 8cbd233eff32429da3ad2e190407b007 188d7ef421bc4a969136b01f7584f20d - - default default] Successfully bumped revision number for resource 4c0851d7-6b7d-4afc-9809-175febe2d4e9 (type: networks) to 1
2026-04-12 21:59:41.065 7 WARNING neutron.scheduler.dhcp_agent_scheduler [None req-b1c5b0bc-5f79-4d3c-a2dc-e329bfea5f0c 8cbd233eff32429da3ad2e190407b007 188d7ef421bc4a969136b01f7584f20d - - default default] No more DHCP agents
2026-04-12 21:59:41.066 7 WARNING neutron.api.rpc.agentnotifiers.dhcp_rpc_agent_api [None req-b1c5b0bc-5f79-4d3c-a2dc-e329bfea5f0c 8cbd233eff32429da3ad2e190407b007 188d7ef421bc4a969136b01f7584f20d - - default default] Unable to schedule network 4c0851d7-6b7d-4afc-9809-175febe2d4e9: no agents available; will retry on subsequent port and subnet creation events.
2026-04-12 21:59:41.137 8 INFO neutron.plugins.ml2.drivers.ovn.mech_driver.mech_driver [None req-e313fea6-45ee-46de-b2f6-61dd344239a8 - - - - - -] OVN reports status down for port: c7faad33-ff39-42f2-8fe8-46db8d1c8aa6
2026-04-12 21:59:41.174 7 INFO neutron.db.ovn_revision_numbers_db [None req-b1c5b0bc-5f79-4d3c-a2dc-e329bfea5f0c 8cbd233eff32429da3ad2e190407b007 188d7ef421bc4a969136b01f7584f20d - - default default] Successfully bumped revision number for resource c7faad33-ff39-42f2-8fe8-46db8d1c8aa6 (type: ports) to 1 [pid: 7|app: 0|req: 1666/3035] 10.0.0.214 () {34 vars in 670 bytes} [Sun Apr 12 21:59:40 2026] POST /v2.0/networks => generated 676 bytes in 520 msecs (HTTP/1.1 201) 4 headers in 162 bytes (1 switches on core 0)
2026-04-12 21:59:41.379 8 WARNING neutron.scheduler.dhcp_agent_scheduler [None req-f3f47449-6294-4c13-988d-557b219a01dd 8cbd233eff32429da3ad2e190407b007 188d7ef421bc4a969136b01f7584f20d - - default default] No more DHCP agents
2026-04-12 21:59:41.380 8 WARNING neutron.api.rpc.agentnotifiers.dhcp_rpc_agent_api [None req-f3f47449-6294-4c13-988d-557b219a01dd 8cbd233eff32429da3ad2e190407b007 188d7ef421bc4a969136b01f7584f20d - - default default] Unable to schedule network 4c0851d7-6b7d-4afc-9809-175febe2d4e9: no agents available; will retry on subsequent port and subnet creation events.
2026-04-12 21:59:41.859 8 INFO neutron.db.ovn_revision_numbers_db [None req-0b4df17a-0725-4ef0-96cf-a89ec959cbd4 - - - - - -] Successfully bumped revision number for resource c7faad33-ff39-42f2-8fe8-46db8d1c8aa6 (type: ports) to 2
2026-04-12 21:59:41.901 8 INFO neutron.db.ovn_revision_numbers_db [None req-0b4df17a-0725-4ef0-96cf-a89ec959cbd4 - - - - - -] Successfully bumped revision number for resource 640e5d64-832c-4b58-aef5-85f59282c820 (type: subnets) to 0 [pid: 8|app: 0|req: 1370/3036] 10.0.0.214 () {34 vars in 669 bytes} [Sun Apr 12 21:59:41 2026] POST /v2.0/subnets => generated 655 bytes in 717 msecs (HTTP/1.1 201) 4 headers in 162 bytes (1 switches on core 0)
2026-04-12 21:59:42.151 7 WARNING neutron.scheduler.dhcp_agent_scheduler [None req-1f2cbdbc-99ae-4599-a362-1eb1ac855678 8cbd233eff32429da3ad2e190407b007 188d7ef421bc4a969136b01f7584f20d - - default default] No more DHCP agents
2026-04-12 21:59:42.153 7 WARNING neutron.api.rpc.agentnotifiers.dhcp_rpc_agent_api [None req-1f2cbdbc-99ae-4599-a362-1eb1ac855678 8cbd233eff32429da3ad2e190407b007 188d7ef421bc4a969136b01f7584f20d - - default default] Unable to schedule network 4c0851d7-6b7d-4afc-9809-175febe2d4e9: no agents available; will retry on subsequent port and subnet creation events.
2026-04-12 21:59:42.188 7 INFO neutron.db.ovn_revision_numbers_db [None req-1f2cbdbc-99ae-4599-a362-1eb1ac855678 8cbd233eff32429da3ad2e190407b007 188d7ef421bc4a969136b01f7584f20d - - default default] Successfully bumped revision number for resource c71fdf5f-ade3-4537-8f01-95460e0da6a8 (type: subnets) to 0 [pid: 7|app: 0|req: 1667/3037] 10.0.0.214 () {34 vars in 669 bytes} [Sun Apr 12 21:59:41 2026] POST /v2.0/subnets => generated 729 bytes in 281 msecs (HTTP/1.1 201) 4 headers in 162 bytes (1 switches on core 0)
2026-04-12 21:59:42.662 8 WARNING neutron.scheduler.dhcp_agent_scheduler [None req-1b5edc84-f73b-4568-8e03-fa386da296e0 8cbd233eff32429da3ad2e190407b007 188d7ef421bc4a969136b01f7584f20d - - default default] No more DHCP agents
2026-04-12 21:59:42.664 8 WARNING neutron.api.rpc.agentnotifiers.dhcp_rpc_agent_api [None req-1b5edc84-f73b-4568-8e03-fa386da296e0 8cbd233eff32429da3ad2e190407b007 188d7ef421bc4a969136b01f7584f20d - - default default] Unable to schedule network 4db6d336-c2e2-4c72-b6d4-5eea2844d5d9: no agents available; will retry on subsequent port and subnet creation events.
2026-04-12 21:59:42.783 8 INFO neutron.plugins.ml2.drivers.ovn.mech_driver.mech_driver [None req-e313fea6-45ee-46de-b2f6-61dd344239a8 - - - - - -] OVN reports status down for port: 0b7a203e-115e-4ffd-83ab-2f3a536e1b7d
2026-04-12 21:59:42.855 8 INFO neutron.db.ovn_revision_numbers_db [None req-1b5edc84-f73b-4568-8e03-fa386da296e0 8cbd233eff32429da3ad2e190407b007 188d7ef421bc4a969136b01f7584f20d - - default default] Successfully bumped revision number for resource 0b7a203e-115e-4ffd-83ab-2f3a536e1b7d (type: ports) to 1
2026-04-12 21:59:43.531 8 INFO neutron.plugins.ml2.drivers.ovn.mech_driver.ovsdb.commands [None req-719ca7d1-834e-44dc-870f-ed55070a22e1 - - - - - -] Schedule LRP lrp-0b7a203e-115e-4ffd-83ab-2f3a536e1b7d on gateway 2463229f-0141-4b5c-9c60-5c5ffd0cf5ea with priority 1
2026-04-12 21:59:43.631 8 INFO neutron.plugins.ml2.drivers.ovn.mech_driver.ovsdb.ovsdb_monitor [None req-1d432bba-9419-4a6e-ad02-fb137a67bce3 - - - - - -] Router cd3b0d79-5426-424d-864e-59dcde54b449 is bound to host instance
2026-04-12 21:59:43.690 8 INFO neutron.plugins.ml2.drivers.ovn.mech_driver.mech_driver [None req-e313fea6-45ee-46de-b2f6-61dd344239a8 - - - - - -] OVN reports status up for port: 0b7a203e-115e-4ffd-83ab-2f3a536e1b7d
2026-04-12 21:59:43.754 8 INFO neutron.plugins.ml2.plugin [None req-e313fea6-45ee-46de-b2f6-61dd344239a8 - - - - - -] Attempt 1 to provision port 0b7a203e-115e-4ffd-83ab-2f3a536e1b7d
2026-04-12 21:59:43.788 8 INFO neutron.db.ovn_revision_numbers_db [None req-1b5edc84-f73b-4568-8e03-fa386da296e0 8cbd233eff32429da3ad2e190407b007 188d7ef421bc4a969136b01f7584f20d - - default default] Successfully bumped revision number for resource 0b7a203e-115e-4ffd-83ab-2f3a536e1b7d (type: router_ports) to 1
2026-04-12 21:59:43.943 8 INFO neutron.db.ovn_revision_numbers_db [None req-1b5edc84-f73b-4568-8e03-fa386da296e0 8cbd233eff32429da3ad2e190407b007 188d7ef421bc4a969136b01f7584f20d - - default default] Successfully bumped revision number for resource cd3b0d79-5426-424d-864e-59dcde54b449 (type: routers) to 2 [pid: 8|app: 0|req: 1371/3040] 10.0.0.214 () {34 vars in 669 bytes} [Sun Apr 12 21:59:42 2026] POST /v2.0/routers => generated 945 bytes in 1781 msecs (HTTP/1.1 201) 4 headers in 162 bytes (1 switches on core 0)
2026-04-12 21:59:44.514 7 WARNING neutron.scheduler.dhcp_agent_scheduler [None req-fc9bbe21-da75-4358-98cb-3ba39dc8fff5 8cbd233eff32429da3ad2e190407b007 188d7ef421bc4a969136b01f7584f20d - - default default] No more DHCP agents
2026-04-12 21:59:44.515 7 WARNING neutron.api.rpc.agentnotifiers.dhcp_rpc_agent_api [None req-fc9bbe21-da75-4358-98cb-3ba39dc8fff5 8cbd233eff32429da3ad2e190407b007 188d7ef421bc4a969136b01f7584f20d - - default default] Unable to schedule network 6d6b0e81-1554-4cc4-9a9e-5e68ae1c11b7: no agents available; will retry on subsequent port and subnet creation events.
2026-04-12 21:59:44.702 7 INFO neutron.db.ovn_revision_numbers_db [None req-fc9bbe21-da75-4358-98cb-3ba39dc8fff5 8cbd233eff32429da3ad2e190407b007 188d7ef421bc4a969136b01f7584f20d - - default default] Successfully bumped revision number for resource a4535358-9154-4f05-b0e0-a068fc1f4544 (type: ports) to 1
2026-04-12 21:59:44.710 8 INFO neutron.db.ovn_revision_numbers_db [None req-ae5e7b23-e422-447e-934f-ea2be86717f9 - - - - - -] Successfully bumped revision number for resource 0b7a203e-115e-4ffd-83ab-2f3a536e1b7d (type: ports) to 4
2026-04-12 21:59:45.030 8 INFO neutron.db.ovn_revision_numbers_db [None req-ae5e7b23-e422-447e-934f-ea2be86717f9 - - - - - -] Successfully bumped revision number for resource 0b7a203e-115e-4ffd-83ab-2f3a536e1b7d (type: ports) to 5
2026-04-12 21:59:45.433 7 WARNING neutron.scheduler.dhcp_agent_scheduler [None req-fc9bbe21-da75-4358-98cb-3ba39dc8fff5 8cbd233eff32429da3ad2e190407b007 188d7ef421bc4a969136b01f7584f20d - - default default] No more DHCP agents
2026-04-12 21:59:45.434 7 WARNING neutron.api.rpc.agentnotifiers.dhcp_rpc_agent_api [None req-fc9bbe21-da75-4358-98cb-3ba39dc8fff5 8cbd233eff32429da3ad2e190407b007 188d7ef421bc4a969136b01f7584f20d - - default default] Unable to schedule network 6d6b0e81-1554-4cc4-9a9e-5e68ae1c11b7: no agents available; will retry on subsequent port and subnet creation events.
2026-04-12 21:59:45.812 7 INFO neutron.db.ovn_revision_numbers_db [None req-fc9bbe21-da75-4358-98cb-3ba39dc8fff5 8cbd233eff32429da3ad2e190407b007 188d7ef421bc4a969136b01f7584f20d - - default default] Successfully bumped revision number for resource a4535358-9154-4f05-b0e0-a068fc1f4544 (type: router_ports) to 1 [pid: 7|app: 0|req: 1670/3041] 10.0.0.214 () {34 vars in 783 bytes} [Sun Apr 12 21:59:43 2026] PUT /v2.0/routers/cd3b0d79-5426-424d-864e-59dcde54b449/add_router_interface => generated 309 bytes in 1824 msecs (HTTP/1.1 200) 4 headers in 157 bytes (1 switches on core 0)
2026-04-12 21:59:46.347 8 WARNING neutron.scheduler.dhcp_agent_scheduler [None req-c0af0ea6-6c39-4d6a-8a24-a3a7435a4f4d 8cbd233eff32429da3ad2e190407b007 188d7ef421bc4a969136b01f7584f20d - - default default] No more DHCP agents
2026-04-12 21:59:46.348 8 WARNING neutron.api.rpc.agentnotifiers.dhcp_rpc_agent_api [None req-c0af0ea6-6c39-4d6a-8a24-a3a7435a4f4d 8cbd233eff32429da3ad2e190407b007 188d7ef421bc4a969136b01f7584f20d - - default default] Unable to schedule network e3bcedca-6bbe-4610-827d-8256e7ee967c: no agents available; will retry on subsequent port and subnet creation events.
2026-04-12 21:59:46.535 8 INFO neutron.db.ovn_revision_numbers_db [None req-c0af0ea6-6c39-4d6a-8a24-a3a7435a4f4d 8cbd233eff32429da3ad2e190407b007 188d7ef421bc4a969136b01f7584f20d - - default default] Successfully bumped revision number for resource cf9500dd-4a0a-45be-b965-f7076ee5ee88 (type: ports) to 1
2026-04-12 21:59:47.010 8 INFO neutron.plugins.ml2.drivers.ovn.mech_driver.mech_driver [None req-e313fea6-45ee-46de-b2f6-61dd344239a8 - - - - - -] OVN reports status down for port: a4535358-9154-4f05-b0e0-a068fc1f4544
2026-04-12 21:59:47.143 8 WARNING neutron.plugins.ml2.drivers.ovn.mech_driver.ovsdb.ovn_client [None req-e313fea6-45ee-46de-b2f6-61dd344239a8 - - - - - -] Logical_Switch_Port a4535358-9154-4f05-b0e0-a068fc1f4544 host information not removed, the port state is up
2026-04-12 21:59:47.144 8 INFO neutron.plugins.ml2.drivers.ovn.mech_driver.mech_driver [None req-e313fea6-45ee-46de-b2f6-61dd344239a8 - - - - - -] OVN reports status up for port: a4535358-9154-4f05-b0e0-a068fc1f4544
2026-04-12 21:59:47.169 8 INFO neutron.plugins.ml2.plugin [None req-e313fea6-45ee-46de-b2f6-61dd344239a8 - - - - - -] Attempt 1 to provision port a4535358-9154-4f05-b0e0-a068fc1f4544
2026-04-12 21:59:47.624 8 WARNING neutron.scheduler.dhcp_agent_scheduler [None req-c0af0ea6-6c39-4d6a-8a24-a3a7435a4f4d 8cbd233eff32429da3ad2e190407b007 188d7ef421bc4a969136b01f7584f20d - - default default] No more DHCP agents
2026-04-12 21:59:47.627 8 WARNING neutron.api.rpc.agentnotifiers.dhcp_rpc_agent_api [None req-c0af0ea6-6c39-4d6a-8a24-a3a7435a4f4d 8cbd233eff32429da3ad2e190407b007 188d7ef421bc4a969136b01f7584f20d - - default default] Unable to schedule network e3bcedca-6bbe-4610-827d-8256e7ee967c: no agents available; will retry on subsequent port and subnet creation events.
2026-04-12 21:59:47.953 8 INFO neutron.db.ovn_revision_numbers_db [None req-e313fea6-45ee-46de-b2f6-61dd344239a8 - - - - - -] Successfully bumped revision number for resource a4535358-9154-4f05-b0e0-a068fc1f4544 (type: ports) to 2
2026-04-12 21:59:48.361 8 INFO neutron.db.ovn_revision_numbers_db [None req-c0af0ea6-6c39-4d6a-8a24-a3a7435a4f4d 8cbd233eff32429da3ad2e190407b007 188d7ef421bc4a969136b01f7584f20d - - default default] Successfully bumped revision number for resource cf9500dd-4a0a-45be-b965-f7076ee5ee88 (type: router_ports) to 1 [pid: 8|app: 0|req: 1372/3042] 10.0.0.214 () {34 vars in 783 bytes} [Sun Apr 12 21:59:45 2026] PUT /v2.0/routers/cd3b0d79-5426-424d-864e-59dcde54b449/add_router_interface => generated 309 bytes in 2545 msecs (HTTP/1.1 200) 4 headers in 157 bytes (1 switches on core 0)
2026-04-12 21:59:48.975 7 WARNING neutron.scheduler.dhcp_agent_scheduler [None req-695e20e1-e4e2-42f1-b12a-3d7b5b826abf 8cbd233eff32429da3ad2e190407b007 188d7ef421bc4a969136b01f7584f20d - - default default] No more DHCP agents
2026-04-12 21:59:48.976 7 WARNING neutron.api.rpc.agentnotifiers.dhcp_rpc_agent_api [None req-695e20e1-e4e2-42f1-b12a-3d7b5b826abf 8cbd233eff32429da3ad2e190407b007 188d7ef421bc4a969136b01f7584f20d - - default default] Unable to schedule network 4c0851d7-6b7d-4afc-9809-175febe2d4e9: no agents available; will retry on subsequent port and subnet creation events.
2026-04-12 21:59:49.161 7 INFO neutron.db.ovn_revision_numbers_db [None req-695e20e1-e4e2-42f1-b12a-3d7b5b826abf 8cbd233eff32429da3ad2e190407b007 188d7ef421bc4a969136b01f7584f20d - - default default] Successfully bumped revision number for resource 732187e8-3d7a-46fe-baac-e4a2492b4a48 (type: ports) to 1
2026-04-12 21:59:49.965 7 WARNING neutron.scheduler.dhcp_agent_scheduler [None req-695e20e1-e4e2-42f1-b12a-3d7b5b826abf 8cbd233eff32429da3ad2e190407b007 188d7ef421bc4a969136b01f7584f20d - - default default] No more DHCP agents
2026-04-12 21:59:49.966 7 WARNING neutron.api.rpc.agentnotifiers.dhcp_rpc_agent_api [None req-695e20e1-e4e2-42f1-b12a-3d7b5b826abf 8cbd233eff32429da3ad2e190407b007 188d7ef421bc4a969136b01f7584f20d - - default default] Unable to schedule network 4c0851d7-6b7d-4afc-9809-175febe2d4e9: no agents available; will retry on subsequent port and subnet creation events.
2026-04-12 21:59:50.336 7 INFO neutron.db.ovn_revision_numbers_db [None req-695e20e1-e4e2-42f1-b12a-3d7b5b826abf 8cbd233eff32429da3ad2e190407b007 188d7ef421bc4a969136b01f7584f20d - - default default] Successfully bumped revision number for resource 732187e8-3d7a-46fe-baac-e4a2492b4a48 (type: router_ports) to 1 [pid: 7|app: 0|req: 1671/3043] 10.0.0.214 () {34 vars in 783 bytes} [Sun Apr 12 21:59:48 2026] PUT /v2.0/routers/cd3b0d79-5426-424d-864e-59dcde54b449/add_router_interface => generated 309 bytes in 1964 msecs (HTTP/1.1 200) 4 headers in 157 bytes (1 switches on core 0)
2026-04-12 21:59:50.557 8 INFO neutron.db.ovn_revision_numbers_db [None req-c3e983c3-8e24-42d5-b023-5d679ecfe4f5 8cbd233eff32429da3ad2e190407b007 188d7ef421bc4a969136b01f7584f20d - - default default] Successfully bumped revision number for resource b677d03d-f176-43b0-839c-b1ed8a674812 (type: security_groups) to 1
2026-04-12 21:59:50.568 8 INFO neutron.db.ovn_revision_numbers_db [None req-c3e983c3-8e24-42d5-b023-5d679ecfe4f5 8cbd233eff32429da3ad2e190407b007 188d7ef421bc4a969136b01f7584f20d - - default default] Successfully bumped revision number for resource 20fbc609-b04f-4072-a728-53ee1aadac8a (type: security_group_rules) to 0
2026-04-12 21:59:50.579 8 INFO neutron.db.ovn_revision_numbers_db [None req-c3e983c3-8e24-42d5-b023-5d679ecfe4f5 8cbd233eff32429da3ad2e190407b007 188d7ef421bc4a969136b01f7584f20d - - default default] Successfully bumped revision number for resource 9b4df864-21f4-4230-a297-4dad44a499be (type: security_group_rules) to 0 [pid: 8|app: 0|req: 1373/3044] 10.0.0.214 () {34 vars in 684 bytes} [Sun Apr 12 21:59:50 2026] POST /v2.0/security-groups => generated 1630 bytes in 194 msecs (HTTP/1.1 201) 4 headers in 163 bytes (1 switches on core 0)
2026-04-12 21:59:50.750 7 INFO neutron.db.ovn_revision_numbers_db [None req-b907e8e9-4d9e-46f9-aee7-0149192d832b 8cbd233eff32429da3ad2e190407b007 188d7ef421bc4a969136b01f7584f20d - - default default] Successfully bumped revision number for resource 59162583-d0e7-4f75-9d65-eb3d1af7bad3 (type: security_group_rules) to 0 [pid: 7|app: 0|req: 1672/3045] 10.0.0.214 () {34 vars in 695 bytes} [Sun Apr 12 21:59:50 2026] POST /v2.0/security-group-rules => generated 597 bytes in 165 msecs (HTTP/1.1 201) 4 headers in 162 bytes (1 switches on core 0)
2026-04-12 21:59:50.979 8 INFO neutron.db.ovn_revision_numbers_db [None req-2931b240-9f09-424b-b489-cee98ba2d2c6 8cbd233eff32429da3ad2e190407b007 188d7ef421bc4a969136b01f7584f20d - - default default] Successfully bumped revision number for resource 380bccdf-e3b5-4516-8830-cab3afc73899 (type: security_group_rules) to 0 [pid: 8|app: 0|req: 1374/3046] 10.0.0.214 () {34 vars in 695 bytes} [Sun Apr 12 21:59:50 2026] POST /v2.0/security-group-rules => generated 597 bytes in 222 msecs (HTTP/1.1 201) 4 headers in 162 bytes (1 switches on core 0)
2026-04-12 21:59:51.156 7 INFO neutron.db.ovn_revision_numbers_db [None req-457a6fe8-4831-4b97-b469-3674c82a7832 8cbd233eff32429da3ad2e190407b007 188d7ef421bc4a969136b01f7584f20d - - default default] Successfully bumped revision number for resource f0c9ae5a-a6e8-40dd-8205-0f00571cea7c (type: security_group_rules) to 0 [pid: 7|app: 0|req: 1673/3047] 10.0.0.214 () {34 vars in 695 bytes} [Sun Apr 12 21:59:51 2026] POST /v2.0/security-group-rules => generated 599 bytes in 172 msecs (HTTP/1.1 201) 4 headers in 162 bytes (1 switches on core 0)
2026-04-12 21:59:51.349 8 INFO neutron.db.ovn_revision_numbers_db [None req-d28b7fb5-63f1-48e1-8019-68fe302d8d5d 8cbd233eff32429da3ad2e190407b007 188d7ef421bc4a969136b01f7584f20d - - default default] Successfully bumped revision number for resource 7f921a5c-b26c-4bea-969e-06e04d1e3325 (type: security_group_rules) to 0 [pid: 8|app: 0|req: 1375/3048] 10.0.0.214 () {34 vars in 695 bytes} [Sun Apr 12 21:59:51 2026] POST /v2.0/security-group-rules => generated 601 bytes in 189 msecs (HTTP/1.1 201) 4 headers in 162 bytes (1 switches on core 0)
2026-04-12 21:59:51.558 7 INFO neutron.db.ovn_revision_numbers_db [None req-a934905a-b31f-42f6-b128-b3c41da46050 8cbd233eff32429da3ad2e190407b007 188d7ef421bc4a969136b01f7584f20d - - default default] Successfully bumped revision number for resource 7e3204fe-c3a5-4cf7-87a7-0edb46e96b35 (type: security_group_rules) to 0 [pid: 7|app: 0|req: 1674/3049] 10.0.0.214 () {34 vars in 695 bytes} [Sun Apr 12 21:59:51 2026] POST /v2.0/security-group-rules => generated 601 bytes in 207 msecs (HTTP/1.1 201) 4 headers in 162 bytes (1 switches on core 0)
2026-04-12 21:59:51.786 8 INFO neutron.db.ovn_revision_numbers_db [None req-a136bc82-566a-4405-aac0-66424d614f67 8cbd233eff32429da3ad2e190407b007 188d7ef421bc4a969136b01f7584f20d - - default default] Successfully bumped revision number for resource 78b02185-937b-4259-b857-8a051a21f5d5 (type: security_group_rules) to 0 [pid: 8|app: 0|req: 1376/3050] 10.0.0.214 () {34 vars in 695 bytes} [Sun Apr 12 21:59:51 2026] POST /v2.0/security-group-rules => generated 597 bytes in 215 msecs (HTTP/1.1 201) 4 headers in 162 bytes (1 switches on core 0)
2026-04-12 21:59:51.999 7 INFO neutron.db.ovn_revision_numbers_db [None req-49e13832-a456-46d5-8711-bb0edaf7eea2 8cbd233eff32429da3ad2e190407b007 188d7ef421bc4a969136b01f7584f20d - - default default] Successfully bumped revision number for resource d06f4fe1-680e-4365-a456-cacfd8b7a74a (type: security_group_rules) to 0 [pid: 7|app: 0|req: 1675/3051] 10.0.0.214 () {34 vars in 695 bytes} [Sun Apr 12 21:59:51 2026] POST /v2.0/security-group-rules => generated 597 bytes in 206 msecs (HTTP/1.1 201) 4 headers in 162 bytes (1 switches on core 0)
2026-04-12 21:59:52.214 8 INFO neutron.db.ovn_revision_numbers_db [None req-51d495d4-8943-4f94-b62f-95e253573fd5 8cbd233eff32429da3ad2e190407b007 188d7ef421bc4a969136b01f7584f20d - - default default] Successfully bumped revision number for resource 8265d208-dd6c-4274-9f24-ac2ebb27c932 (type: security_group_rules) to 0 [pid: 8|app: 0|req: 1377/3052] 10.0.0.214 () {34 vars in 695 bytes} [Sun Apr 12 21:59:52 2026] POST /v2.0/security-group-rules => generated 597 bytes in 209 msecs (HTTP/1.1 201) 4 headers in 162 bytes (1 switches on core 0)
2026-04-12 21:59:52.440 7 INFO neutron.db.ovn_revision_numbers_db [None req-70626b99-b7cc-44c1-a2a4-8a74bd3ef88d 8cbd233eff32429da3ad2e190407b007 188d7ef421bc4a969136b01f7584f20d - - default default] Successfully bumped revision number for resource 57c81e25-31e8-47e6-aed3-fa69736af715 (type: security_group_rules) to 0 [pid: 7|app: 0|req: 1676/3053] 10.0.0.214 () {34 vars in 695 bytes} [Sun Apr 12 21:59:52 2026] POST /v2.0/security-group-rules => generated 599 bytes in 221 msecs (HTTP/1.1 201) 4 headers in 162 bytes (1 switches on core 0)
2026-04-12 21:59:52.653 8 INFO neutron.db.ovn_revision_numbers_db [None req-1ed6bce8-7bc3-4fac-bcab-2a41ebdc453e 8cbd233eff32429da3ad2e190407b007 188d7ef421bc4a969136b01f7584f20d - - default default] Successfully bumped revision number for resource 0ddb39ae-5cdc-407a-8d51-2d7fc90ac21d (type: security_group_rules) to 0 [pid: 8|app: 0|req: 1378/3054] 10.0.0.214 () {34 vars in 695 bytes} [Sun Apr 12 21:59:52 2026] POST /v2.0/security-group-rules => generated 601 bytes in 209 msecs (HTTP/1.1 201) 4 headers in 162 bytes (1 switches on core 0)
2026-04-12 21:59:52.908 7 INFO neutron.db.ovn_revision_numbers_db [None req-34890f75-d22c-4b77-ac71-9920bdaa18c6 8cbd233eff32429da3ad2e190407b007 188d7ef421bc4a969136b01f7584f20d - - default default] Successfully bumped revision number for resource 68330174-0011-40c3-adb3-a68ca5c614a3 (type: security_group_rules) to 0 [pid: 7|app: 0|req: 1677/3055] 10.0.0.214 () {34 vars in 695 bytes} [Sun Apr 12 21:59:52 2026] POST /v2.0/security-group-rules => generated 597 bytes in 249 msecs (HTTP/1.1 201) 4 headers in 162 bytes (1 switches on core 0)
2026-04-12 21:59:53.378 8 WARNING neutron.plugins.ml2.drivers.ovn.mech_driver.ovsdb.ovn_client [None req-a2276388-6443-452e-9104-2fee43545606 - - - - - -] No hosting information found for port a4535358-9154-4f05-b0e0-a068fc1f4544: RuntimeError: No hosting information found for port a4535358-9154-4f05-b0e0-a068fc1f4544 [pid: 8|app: 0|req: 1379/3056] 10.0.0.131 () {34 vars in 1096 bytes} [Sun Apr 12 21:59:53 2026] GET /v2.0/security-groups?name=tempest-lb_member_SG-1396434223&fields=id&tenant_id=188d7ef421bc4a969136b01f7584f20d => generated 69 bytes in 79 msecs (HTTP/1.1 200) 4 headers in 156 bytes (1 switches on core 0)
2026-04-12 21:59:53.531 8 INFO neutron.db.ovn_revision_numbers_db [None req-a2276388-6443-452e-9104-2fee43545606 - - - - - -] Successfully bumped revision number for resource a4535358-9154-4f05-b0e0-a068fc1f4544 (type: router_ports) to 2
2026-04-12 21:59:53.532 8 INFO neutron.plugins.ml2.drivers.ovn.mech_driver.mech_driver [None req-a2276388-6443-452e-9104-2fee43545606 - - - - - -] OVN reports status down for port: cf9500dd-4a0a-45be-b965-f7076ee5ee88 [pid: 7|app: 0|req: 1678/3057] 10.0.0.131 () {34 vars in 982 bytes} [Sun Apr 12 21:59:53 2026] GET /v2.0/networks?id=e3bcedca-6bbe-4610-827d-8256e7ee967c => generated 742 bytes in 71 msecs (HTTP/1.1 200) 4 headers in 157 bytes (1 switches on core 0) [pid: 8|app: 0|req: 1380/3058] 10.0.0.131 () {34 vars in 965 bytes} [Sun Apr 12 21:59:53 2026] GET /v2.0/quotas/188d7ef421bc4a969136b01f7584f20d => generated 292 bytes in 21 msecs (HTTP/1.1 200) 4 headers in 157 bytes (1 switches on core 0)
2026-04-12 21:59:53.601 8 WARNING neutron.plugins.ml2.drivers.ovn.mech_driver.ovsdb.ovn_client [None req-a2276388-6443-452e-9104-2fee43545606 - - - - - -] Logical_Switch_Port cf9500dd-4a0a-45be-b965-f7076ee5ee88 host information not removed, the port state is up
2026-04-12 21:59:53.602 8 INFO neutron.plugins.ml2.drivers.ovn.mech_driver.mech_driver [None req-a2276388-6443-452e-9104-2fee43545606 - - - - - -] OVN reports status up for port: cf9500dd-4a0a-45be-b965-f7076ee5ee88
2026-04-12 21:59:53.623 8 INFO neutron.plugins.ml2.plugin [None req-a2276388-6443-452e-9104-2fee43545606 - - - - - -] Attempt 1 to provision port cf9500dd-4a0a-45be-b965-f7076ee5ee88 [pid: 7|app: 0|req: 1679/3059] 10.0.0.131 () {34 vars in 1002 bytes} [Sun Apr 12 21:59:53 2026] GET /v2.0/ports?tenant_id=188d7ef421bc4a969136b01f7584f20d&fields=id => generated 287 bytes in 215 msecs (HTTP/1.1 200) 4 headers in 157 bytes (1 switches on core 0) [pid: 8|app: 0|req: 1381/3060] 10.0.0.131 () {34 vars in 1008 bytes} [Sun Apr 12 21:59:53 2026] GET /v2.0/networks/e3bcedca-6bbe-4610-827d-8256e7ee967c?fields=segments => generated 14 bytes in 118 msecs (HTTP/1.1 200) 4 headers in 156 bytes (1 switches on core 0) [pid: 7|app: 0|req: 1680/3061] 10.0.0.131 () {34 vars in 1108 bytes} [Sun Apr 12 21:59:53 2026] GET /v2.0/networks/e3bcedca-6bbe-4610-827d-8256e7ee967c?fields=provider%3Aphysical_network&fields=provider%3Anetwork_type => generated 79 bytes in 45 msecs (HTTP/1.1 200) 4 headers in 156 bytes (1 switches on core 0)
2026-04-12 21:59:54.114 8 INFO neutron.db.ovn_revision_numbers_db [None req-a2276388-6443-452e-9104-2fee43545606 - - - - - -] Successfully bumped revision number for resource cf9500dd-4a0a-45be-b965-f7076ee5ee88 (type: ports) to 2 [pid: 8|app: 0|req: 1382/3062] 10.0.0.131 () {34 vars in 990 bytes} [Sun Apr 12 21:59:54 2026] GET /v2.0/ports?device_id=cf741e6c-7369-4772-bbd3-c3d5127675bb => generated 12 bytes in 61 msecs (HTTP/1.1 200) 4 headers in 156 bytes (1 switches on core 0) [pid: 7|app: 0|req: 1682/3065] 199.204.45.65 () {34 vars in 985 bytes} [Sun Apr 12 21:59:58 2026] GET /v2.0/networks?id=e3bcedca-6bbe-4610-827d-8256e7ee967c => generated 742 bytes in 80 msecs (HTTP/1.1 200) 4 headers in 157 bytes (1 switches on core 0) [pid: 8|app: 0|req: 1384/3066] 199.204.45.65 () {34 vars in 1049 bytes} [Sun Apr 12 21:59:58 2026] GET /v2.0/security-groups?fields=id&fields=name&tenant_id=188d7ef421bc4a969136b01f7584f20d => generated 179 bytes in 62 msecs (HTTP/1.1 200) 4 headers in 157 bytes (1 switches on core 0)
2026-04-12 21:59:58.874 7 WARNING neutron.scheduler.dhcp_agent_scheduler [req-c7bf81e9-81c2-4995-892c-17e5ff1d4723 req-bc50422f-745d-4d78-81c2-719c484e9ac1 8cbd233eff32429da3ad2e190407b007 188d7ef421bc4a969136b01f7584f20d - - default default] No more DHCP agents
2026-04-12 21:59:58.875 7 WARNING neutron.api.rpc.agentnotifiers.dhcp_rpc_agent_api [req-c7bf81e9-81c2-4995-892c-17e5ff1d4723 req-bc50422f-745d-4d78-81c2-719c484e9ac1 8cbd233eff32429da3ad2e190407b007 188d7ef421bc4a969136b01f7584f20d - - default default] Unable to schedule network e3bcedca-6bbe-4610-827d-8256e7ee967c: no agents available; will retry on subsequent port and subnet creation events.
2026-04-12 21:59:58.932 8 WARNING neutron.plugins.ml2.drivers.ovn.mech_driver.ovsdb.ovn_client [None req-353ae267-84a2-46ea-af74-d1bbce7c4fe0 - - - - - -] No hosting information found for port cf9500dd-4a0a-45be-b965-f7076ee5ee88: RuntimeError: No hosting information found for port cf9500dd-4a0a-45be-b965-f7076ee5ee88
2026-04-12 21:59:59.058 7 INFO neutron.db.ovn_revision_numbers_db [req-c7bf81e9-81c2-4995-892c-17e5ff1d4723 req-bc50422f-745d-4d78-81c2-719c484e9ac1 8cbd233eff32429da3ad2e190407b007 188d7ef421bc4a969136b01f7584f20d - - default default] Successfully bumped revision number for resource 0b9fe4a7-bf15-4787-921a-a0c4963f8b42 (type: ports) to 1
2026-04-12 21:59:59.120 8 INFO neutron.db.ovn_revision_numbers_db [None req-353ae267-84a2-46ea-af74-d1bbce7c4fe0 - - - - - -] Successfully bumped revision number for resource cf9500dd-4a0a-45be-b965-f7076ee5ee88 (type: router_ports) to 2
2026-04-12 21:59:59.121 8 INFO neutron.plugins.ml2.drivers.ovn.mech_driver.mech_driver [None req-353ae267-84a2-46ea-af74-d1bbce7c4fe0 - - - - - -] OVN reports status down for port: 732187e8-3d7a-46fe-baac-e4a2492b4a48 [pid: 7|app: 0|req: 1683/3067] 199.204.45.65 () {38 vars in 954 bytes} [Sun Apr 12 21:59:58 2026] POST /v2.0/ports => generated 1183 bytes in 603 msecs (HTTP/1.1 201) 4 headers in 163 bytes (1 switches on core 0)
2026-04-12 21:59:59.195 8 WARNING neutron.plugins.ml2.drivers.ovn.mech_driver.ovsdb.ovn_client [None req-353ae267-84a2-46ea-af74-d1bbce7c4fe0 - - - - - -] Logical_Switch_Port 732187e8-3d7a-46fe-baac-e4a2492b4a48 host information not removed, the port state is up
2026-04-12 21:59:59.196 8 INFO neutron.plugins.ml2.drivers.ovn.mech_driver.mech_driver [None req-353ae267-84a2-46ea-af74-d1bbce7c4fe0 - - - - - -] OVN reports status up for port: 732187e8-3d7a-46fe-baac-e4a2492b4a48
2026-04-12 21:59:59.220 8 INFO neutron.plugins.ml2.plugin [None req-353ae267-84a2-46ea-af74-d1bbce7c4fe0 - - - - - -] Attempt 1 to provision port 732187e8-3d7a-46fe-baac-e4a2492b4a48 /var/lib/openstack/lib/python3.12/site-packages/pycadf/identifier.py:70: UserWarning: Invalid uuid: neutron. To ensure interoperability, identifiers should be a valid uuid. warnings.warn(('Invalid uuid: %s. To ensure interoperability, ' [pid: 7|app: 0|req: 1684/3068] 10.0.0.131 () {34 vars in 990 bytes} [Sun Apr 12 21:59:59 2026] GET /v2.0/ports?device_id=cf741e6c-7369-4772-bbd3-c3d5127675bb => generated 1186 bytes in 38 msecs (HTTP/1.1 200) 4 headers in 158 bytes (1 switches on core 0) [pid: 7|app: 0|req: 1685/3069] 10.0.0.131 () {34 vars in 1040 bytes} [Sun Apr 12 21:59:59 2026] GET /v2.0/security-groups?id=b677d03d-f176-43b0-839c-b1ed8a674812&fields=id&fields=name => generated 112 bytes in 42 msecs (HTTP/1.1 200) 4 headers in 157 bytes (1 switches on core 0)
2026-04-12 21:59:59.870 8 INFO neutron.db.ovn_revision_numbers_db [req-c7bf81e9-81c2-4995-892c-17e5ff1d4723 req-d84f4619-f36a-436b-ab5e-6ac8314988b5 644323edca8345f7b515765a3ce3aba8 d1a4afae562f4a31bad55a2be8aba644 - - 1bcbf973ff3c4c29a2ce263e523aad12 1bcbf973ff3c4c29a2ce263e523aad12] Successfully bumped revision number for resource 0b9fe4a7-bf15-4787-921a-a0c4963f8b42 (type: ports) to 2
2026-04-12 21:59:59.979 8 INFO neutron.db.ovn_revision_numbers_db [None req-353ae267-84a2-46ea-af74-d1bbce7c4fe0 - - - - - -] Successfully bumped revision number for resource 732187e8-3d7a-46fe-baac-e4a2492b4a48 (type: ports) to 2
2026-04-12 22:00:00.232 8 INFO neutron.db.ovn_revision_numbers_db [req-c7bf81e9-81c2-4995-892c-17e5ff1d4723 req-d84f4619-f36a-436b-ab5e-6ac8314988b5 644323edca8345f7b515765a3ce3aba8 d1a4afae562f4a31bad55a2be8aba644 - - 1bcbf973ff3c4c29a2ce263e523aad12 1bcbf973ff3c4c29a2ce263e523aad12] Successfully bumped revision number for resource 0b9fe4a7-bf15-4787-921a-a0c4963f8b42 (type: ports) to 4 [pid: 8|app: 0|req: 1385/3070] 199.204.45.65 () {38 vars in 1027 bytes} [Sun Apr 12 21:59:59 2026] PUT /v2.0/ports/0b9fe4a7-bf15-4787-921a-a0c4963f8b42 => generated 1433 bytes in 1109 msecs (HTTP/1.1 200) 4 headers in 158 bytes (1 switches on core 0)
