2026-04-12 21:54:44.531 8 INFO neutron.db.ovn_revision_numbers_db [None req-c42129ce-7a3b-4785-a593-90651feb55ce 806317b1051e48319a200fc91143dde5 f79793ce8c9e4b8791d76adf313762d7 - - default default] Successfully bumped revision number for resource e8554ab4-55b5-4aff-8ba4-1006410c6bed (type: security_groups) to 1
2026-04-12 21:54:44.548 8 INFO neutron.db.ovn_revision_numbers_db [None req-c42129ce-7a3b-4785-a593-90651feb55ce 806317b1051e48319a200fc91143dde5 f79793ce8c9e4b8791d76adf313762d7 - - default default] Successfully bumped revision number for resource 294e98f9-4d03-4d3d-8dd1-14f167c893b3 (type: security_group_rules) to 0
2026-04-12 21:54:44.567 8 INFO neutron.db.ovn_revision_numbers_db [None req-c42129ce-7a3b-4785-a593-90651feb55ce 806317b1051e48319a200fc91143dde5 f79793ce8c9e4b8791d76adf313762d7 - - default default] Successfully bumped revision number for resource 6fec3c79-08ac-4a35-b74e-8b36494e2a84 (type: security_group_rules) to 0 [pid: 7|app: 0|req: 748/1287] 10.0.0.214 () {32 vars in 736 bytes} [Sun Apr 12 21:54:44 2026] GET /v2.0/ports?device_id=285da779-d2c7-43bf-b96f-148f3278dc47 => generated 946 bytes in 55 msecs (HTTP/1.1 200) 4 headers in 157 bytes (1 switches on core 0)
2026-04-12 21:54:44.580 8 INFO neutron.db.ovn_revision_numbers_db [None req-c42129ce-7a3b-4785-a593-90651feb55ce 806317b1051e48319a200fc91143dde5 f79793ce8c9e4b8791d76adf313762d7 - - default default] Successfully bumped revision number for resource 9b06337d-7c07-4fda-9346-2df7dd6a5ca3 (type: security_group_rules) to 0
2026-04-12 21:54:44.599 8 INFO neutron.db.ovn_revision_numbers_db [None req-c42129ce-7a3b-4785-a593-90651feb55ce 806317b1051e48319a200fc91143dde5 f79793ce8c9e4b8791d76adf313762d7 - - default default] Successfully bumped revision number for resource aa5d29a0-a6f4-49c9-a00c-e4018da4c0ae (type: security_group_rules) to 0 [pid: 7|app: 0|req: 749/1288] 10.0.0.131 () {34 vars in 1108 bytes} [Sun Apr 12 21:54:44 2026] GET /v2.0/networks/010f47ed-8e9e-4c94-a40b-ed4f98a705b6?fields=provider%3Aphysical_network&fields=provider%3Anetwork_type => generated 79 bytes in 61 msecs (HTTP/1.1 200) 4 headers in 156 bytes (1 switches on core 0) [pid: 8|app: 0|req: 540/1289] 10.0.0.214 () {32 vars in 774 bytes} [Sun Apr 12 21:54:44 2026] GET /v2.0/security-groups?tenant_id=6254db81d2c948699c516d851d4af080&name=default => generated 2925 bytes in 431 msecs (HTTP/1.1 200) 4 headers in 158 bytes (1 switches on core 0) [pid: 7|app: 0|req: 750/1290] 10.0.0.131 () {34 vars in 1040 bytes} [Sun Apr 12 21:54:44 2026] GET /v2.0/security-groups?id=de707a53-8ffb-46e9-baf5-7bc5ae658a39&fields=id&fields=name => generated 114 bytes in 32 msecs (HTTP/1.1 200) 4 headers in 157 bytes (1 switches on core 0) [pid: 7|app: 0|req: 751/1291] 10.0.0.214 () {32 vars in 740 bytes} [Sun Apr 12 21:54:44 2026] DELETE /v2.0/security-groups/e8554ab4-55b5-4aff-8ba4-1006410c6bed => generated 0 bytes in 269 msecs (HTTP/1.1 204) 2 headers in 112 bytes (1 switches on core 0) [pid: 7|app: 0|req: 752/1292] 10.0.0.131 () {34 vars in 990 bytes} [Sun Apr 12 21:54:44 2026] GET /v2.0/ports?device_id=70297e56-f361-4c95-9998-83738d476e56 => generated 12 bytes in 17 msecs (HTTP/1.1 200) 4 headers in 156 bytes (1 switches on core 0)
2026-04-12 21:54:44.995 8 INFO neutron_taas.services.taas.taas_plugin [None req-ffd87504-3da2-432d-a932-39194c16ee77 ab3a40053e3e47fd8a38b6b5ca23bb4d 1dd8a7c9b575463287b141b1efece892 - - default default] TaaS: Handle Delete Port: 9eebd6f2-4b80-4ac2-886d-c99cb167f4e0
2026-04-12 21:54:44.998 8 INFO neutron_taas.services.taas.tap_mirror_plugin [None req-ffd87504-3da2-432d-a932-39194c16ee77 ab3a40053e3e47fd8a38b6b5ca23bb4d 1dd8a7c9b575463287b141b1efece892 - - default default] Tap Mirror: Handle Delete Port: 9eebd6f2-4b80-4ac2-886d-c99cb167f4e0
2026-04-12 21:54:45.160 8 WARNING neutron.plugins.ml2.drivers.ovn.mech_driver.ovsdb.ovn_client [None req-0cecf6c8-2b86-4743-b32a-bcdf05138063 - - - - - -] No port found with ID 9eebd6f2-4b80-4ac2-886d-c99cb167f4e0: RuntimeError: No port found with ID 9eebd6f2-4b80-4ac2-886d-c99cb167f4e0
2026-04-12 21:54:45.161 8 INFO neutron.plugins.ml2.drivers.ovn.mech_driver.mech_driver [None req-0cecf6c8-2b86-4743-b32a-bcdf05138063 - - - - - -] OVN reports status down for port: 9ff033db-c9c0-40ab-a138-0e103cc53fe8
2026-04-12 21:54:45.274 8 WARNING neutron.plugins.ml2.drivers.ovn.mech_driver.ovsdb.ovn_client [None req-0cecf6c8-2b86-4743-b32a-bcdf05138063 - - - - - -] Logical_Switch_Port 9ff033db-c9c0-40ab-a138-0e103cc53fe8 host information not removed, the port state is up
2026-04-12 21:54:45.285 8 INFO neutron.plugins.ml2.drivers.ovn.mech_driver.mech_driver [None req-0cecf6c8-2b86-4743-b32a-bcdf05138063 - - - - - -] OVN reports status down for port: 7fb03c44-2eee-4d50-ba04-c4774984d208
2026-04-12 21:54:45.382 8 WARNING neutron.plugins.ml2.drivers.ovn.mech_driver.ovsdb.ovn_client [None req-0cecf6c8-2b86-4743-b32a-bcdf05138063 - - - - - -] Logical_Switch_Port 7fb03c44-2eee-4d50-ba04-c4774984d208 host information not removed, the port state is up
2026-04-12 21:54:45.383 8 INFO neutron.plugins.ml2.drivers.ovn.mech_driver.mech_driver [None req-0cecf6c8-2b86-4743-b32a-bcdf05138063 - - - - - -] OVN reports status up for port: 9ff033db-c9c0-40ab-a138-0e103cc53fe8
2026-04-12 21:54:45.421 8 INFO neutron.plugins.ml2.plugin [None req-0cecf6c8-2b86-4743-b32a-bcdf05138063 - - - - - -] Attempt 1 to provision port 9ff033db-c9c0-40ab-a138-0e103cc53fe8
2026-04-12 21:54:45.447 8 INFO neutron.notifiers.nova [-] Nova event matching ['req-2f764945-1dea-4346-950c-9755c49d9300'] response: {'server_uuid': '860064bf-64a5-4aea-b4e3-69f0fc6bd2a9', 'name': 'network-vif-unplugged', 'status': 'completed', 'tag': '7fb03c44-2eee-4d50-ba04-c4774984d208', 'code': 200} [pid: 7|app: 0|req: 753/1293] 10.0.0.131 () {34 vars in 990 bytes} [Sun Apr 12 21:54:45 2026] GET /v2.0/ports?device_id=860064bf-64a5-4aea-b4e3-69f0fc6bd2a9 => generated 973 bytes in 40 msecs (HTTP/1.1 200) 4 headers in 157 bytes (1 switches on core 0) [pid: 7|app: 0|req: 754/1294] 10.0.0.131 () {34 vars in 1040 bytes} [Sun Apr 12 21:54:45 2026] GET /v2.0/security-groups?id=de707a53-8ffb-46e9-baf5-7bc5ae658a39&fields=id&fields=name => generated 114 bytes in 34 msecs (HTTP/1.1 200) 4 headers in 157 bytes (1 switches on core 0) [pid: 8|app: 0|req: 541/1295] 10.0.0.214 () {34 vars in 789 bytes} [Sun Apr 12 21:54:44 2026] PUT /v2.0/routers/285da779-d2c7-43bf-b96f-148f3278dc47/remove_router_interface => generated 309 bytes in 1270 msecs (HTTP/1.1 200) 4 headers in 157 bytes (1 switches on core 0) /var/lib/openstack/lib/python3.12/site-packages/pycadf/identifier.py:70: UserWarning: Invalid uuid: neutron. To ensure interoperability, identifiers should be a valid uuid. warnings.warn(('Invalid uuid: %s. To ensure interoperability, ' [pid: 8|app: 0|req: 542/1296] 10.0.0.131 () {34 vars in 990 bytes} [Sun Apr 12 21:54:46 2026] GET /v2.0/ports?device_id=70297e56-f361-4c95-9998-83738d476e56 => generated 12 bytes in 48 msecs (HTTP/1.1 200) 4 headers in 156 bytes (1 switches on core 0)
2026-04-12 21:54:46.175 8 INFO neutron.db.ovn_revision_numbers_db [None req-0cecf6c8-2b86-4743-b32a-bcdf05138063 - - - - - -] Successfully bumped revision number for resource 9ff033db-c9c0-40ab-a138-0e103cc53fe8 (type: ports) to 2
2026-04-12 21:54:46.302 7 INFO neutron_taas.services.taas.taas_plugin [None req-f5b642b1-0e71-4a11-aa00-1189c51bccf1 ab3a40053e3e47fd8a38b6b5ca23bb4d 1dd8a7c9b575463287b141b1efece892 - - default default] TaaS: Handle Delete Port: b2e69d54-5722-4425-87fc-a207d7a0f89c
2026-04-12 21:54:46.305 7 INFO neutron_taas.services.taas.tap_mirror_plugin [None req-f5b642b1-0e71-4a11-aa00-1189c51bccf1 ab3a40053e3e47fd8a38b6b5ca23bb4d 1dd8a7c9b575463287b141b1efece892 - - default default] Tap Mirror: Handle Delete Port: b2e69d54-5722-4425-87fc-a207d7a0f89c [pid: 7|app: 0|req: 755/1297] 10.0.0.214 () {32 vars in 724 bytes} [Sun Apr 12 21:54:45 2026] DELETE /v2.0/routers/285da779-d2c7-43bf-b96f-148f3278dc47 => generated 0 bytes in 771 msecs (HTTP/1.1 204) 2 headers in 112 bytes (1 switches on core 0) [pid: 7|app: 0|req: 756/1298] 10.0.0.214 () {32 vars in 724 bytes} [Sun Apr 12 21:54:46 2026] DELETE /v2.0/subnets/ff854187-4461-43cf-a1e0-58f3d1ae99fe => generated 0 bytes in 138 msecs (HTTP/1.1 204) 3 headers in 131 bytes (1 switches on core 0)
2026-04-12 21:54:47.051 7 INFO neutron_taas.services.taas.taas_plugin [None req-e8ca5037-a935-415a-a3a7-d7615bbcaf46 ab3a40053e3e47fd8a38b6b5ca23bb4d 1dd8a7c9b575463287b141b1efece892 - - default default] TaaS: Handle Delete Port: 22b14e50-14b8-476b-80e4-be957fabeae9
2026-04-12 21:54:47.051 8 INFO neutron.db.ovn_revision_numbers_db [None req-0c8d13e7-28e7-4110-8dbd-66a8111f9cf8 ff002a8987054196b7fbf8a69d4e4a2f fb01db661dea4b29ae6665ea42496604 - - default default] Successfully bumped revision number for resource 6aef5764-2e5d-4072-8f84-866abcf46d2d (type: security_groups) to 1
2026-04-12 21:54:47.055 7 INFO neutron_taas.services.taas.tap_mirror_plugin [None req-e8ca5037-a935-415a-a3a7-d7615bbcaf46 ab3a40053e3e47fd8a38b6b5ca23bb4d 1dd8a7c9b575463287b141b1efece892 - - default default] Tap Mirror: Handle Delete Port: 22b14e50-14b8-476b-80e4-be957fabeae9
2026-04-12 21:54:47.072 8 INFO neutron.db.ovn_revision_numbers_db [None req-0c8d13e7-28e7-4110-8dbd-66a8111f9cf8 ff002a8987054196b7fbf8a69d4e4a2f fb01db661dea4b29ae6665ea42496604 - - default default] Successfully bumped revision number for resource 05bace84-8035-4bdf-9f99-8c427f7ec04a (type: security_group_rules) to 0
2026-04-12 21:54:47.085 8 INFO neutron.db.ovn_revision_numbers_db [None req-0c8d13e7-28e7-4110-8dbd-66a8111f9cf8 ff002a8987054196b7fbf8a69d4e4a2f fb01db661dea4b29ae6665ea42496604 - - default default] Successfully bumped revision number for resource 268f23e2-49a8-4536-ab34-7d986d32b25b (type: security_group_rules) to 0
2026-04-12 21:54:47.098 8 INFO neutron.db.ovn_revision_numbers_db [None req-0c8d13e7-28e7-4110-8dbd-66a8111f9cf8 ff002a8987054196b7fbf8a69d4e4a2f fb01db661dea4b29ae6665ea42496604 - - default default] Successfully bumped revision number for resource 6b0e486a-958b-4a3f-9a9d-d4903f42a598 (type: security_group_rules) to 0
2026-04-12 21:54:47.123 8 INFO neutron.db.ovn_revision_numbers_db [None req-0c8d13e7-28e7-4110-8dbd-66a8111f9cf8 ff002a8987054196b7fbf8a69d4e4a2f fb01db661dea4b29ae6665ea42496604 - - default default] Successfully bumped revision number for resource a0993d07-8cbb-484f-9d3f-ef211aa51035 (type: security_group_rules) to 0
2026-04-12 21:54:47.224 8 INFO neutron.db.segments_db [None req-0c8d13e7-28e7-4110-8dbd-66a8111f9cf8 ff002a8987054196b7fbf8a69d4e4a2f fb01db661dea4b29ae6665ea42496604 - - default default] Added segment 63a9a7be-84a2-4770-9967-a4109aa2d376 of type geneve for network fba44f2d-1ad4-4485-a689-73ed65ed1847
2026-04-12 21:54:47.263 7 INFO neutron.services.segments.plugin [-] Segment 2dc7a5a8-16f5-4142-986a-909e7399d971 resource provider aggregate not found
2026-04-12 21:54:47.269 7 INFO neutron.services.segments.plugin [-] Segment 2dc7a5a8-16f5-4142-986a-909e7399d971 resource provider aggregate not found
2026-04-12 21:54:47.296 7 INFO neutron.services.segments.plugin [-] Segment 2dc7a5a8-16f5-4142-986a-909e7399d971 resource provider not found; error: Placement Client Error (4xx): {"errors": [{"status": 404, "title": "Not Found", "detail": "The resource could not be found.\n\n No resource provider with uuid 2dc7a5a8-16f5-4142-986a-909e7399d971 found for delete ", "request_id": "req-9e22c7e0-ced9-44bc-bdbf-8b14ce1ae031"}]}
2026-04-12 21:54:47.306 7 INFO neutron.services.segments.plugin [-] Segment 2dc7a5a8-16f5-4142-986a-909e7399d971 resource provider not found; error: Placement Client Error (4xx): {"errors": [{"status": 404, "title": "Not Found", "detail": "The resource could not be found.\n\n No resource provider with uuid 2dc7a5a8-16f5-4142-986a-909e7399d971 found for delete ", "request_id": "req-4e084b0e-052a-439e-b9bc-c3dc24c98689"}]} [pid: 7|app: 0|req: 757/1299] 10.0.0.214 () {32 vars in 726 bytes} [Sun Apr 12 21:54:46 2026] DELETE /v2.0/networks/319759aa-1d56-4d65-b96f-a7ef8dec01dd => generated 0 bytes in 498 msecs (HTTP/1.1 204) 3 headers in 131 bytes (1 switches on core 0)
2026-04-12 21:54:47.416 8 INFO neutron.db.ovn_revision_numbers_db [None req-0c8d13e7-28e7-4110-8dbd-66a8111f9cf8 ff002a8987054196b7fbf8a69d4e4a2f fb01db661dea4b29ae6665ea42496604 - - default default] Successfully bumped revision number for resource fba44f2d-1ad4-4485-a689-73ed65ed1847 (type: networks) to 1 [pid: 7|app: 0|req: 758/1300] 10.0.0.131 () {34 vars in 990 bytes} [Sun Apr 12 21:54:47 2026] GET /v2.0/ports?device_id=860064bf-64a5-4aea-b4e3-69f0fc6bd2a9 => generated 973 bytes in 96 msecs (HTTP/1.1 200) 4 headers in 157 bytes (1 switches on core 0) [pid: 7|app: 0|req: 759/1301] 10.0.0.131 () {34 vars in 990 bytes} [Sun Apr 12 21:54:47 2026] GET /v2.0/ports?device_id=70297e56-f361-4c95-9998-83738d476e56 => generated 12 bytes in 17 msecs (HTTP/1.1 200) 4 headers in 156 bytes (1 switches on core 0) [pid: 7|app: 0|req: 760/1302] 10.0.0.131 () {34 vars in 1040 bytes} [Sun Apr 12 21:54:47 2026] GET /v2.0/security-groups?id=de707a53-8ffb-46e9-baf5-7bc5ae658a39&fields=id&fields=name => generated 114 bytes in 41 msecs (HTTP/1.1 200) 4 headers in 157 bytes (1 switches on core 0)
2026-04-12 21:54:47.673 8 WARNING neutron.scheduler.dhcp_agent_scheduler [None req-0c8d13e7-28e7-4110-8dbd-66a8111f9cf8 ff002a8987054196b7fbf8a69d4e4a2f fb01db661dea4b29ae6665ea42496604 - - default default] No more DHCP agents
2026-04-12 21:54:47.674 8 WARNING neutron.api.rpc.agentnotifiers.dhcp_rpc_agent_api [None req-0c8d13e7-28e7-4110-8dbd-66a8111f9cf8 ff002a8987054196b7fbf8a69d4e4a2f fb01db661dea4b29ae6665ea42496604 - - default default] Unable to schedule network fba44f2d-1ad4-4485-a689-73ed65ed1847: no agents available; will retry on subsequent port and subnet creation events.
2026-04-12 21:54:47.801 8 INFO neutron.db.ovn_revision_numbers_db [None req-0c8d13e7-28e7-4110-8dbd-66a8111f9cf8 ff002a8987054196b7fbf8a69d4e4a2f fb01db661dea4b29ae6665ea42496604 - - default default] Successfully bumped revision number for resource 5ab85214-55a3-46ba-b08c-db6707ec953b (type: ports) to 1 [pid: 8|app: 0|req: 543/1303] 10.0.0.214 () {34 vars in 670 bytes} [Sun Apr 12 21:54:46 2026] POST /v2.0/networks => generated 687 bytes in 1166 msecs (HTTP/1.1 201) 4 headers in 162 bytes (1 switches on core 0) [pid: 8|app: 0|req: 544/1304] 10.0.0.214 () {32 vars in 774 bytes} [Sun Apr 12 21:54:47 2026] GET /v2.0/security-groups?tenant_id=1dd8a7c9b575463287b141b1efece892&name=default => generated 2925 bytes in 123 msecs (HTTP/1.1 200) 4 headers in 158 bytes (1 switches on core 0)
2026-04-12 21:54:48.054 7 WARNING neutron.scheduler.dhcp_agent_scheduler [None req-8e1bacb1-635a-45ee-9ce7-e58bf2999bd4 ff002a8987054196b7fbf8a69d4e4a2f fb01db661dea4b29ae6665ea42496604 - - default default] No more DHCP agents
2026-04-12 21:54:48.055 7 WARNING neutron.api.rpc.agentnotifiers.dhcp_rpc_agent_api [None req-8e1bacb1-635a-45ee-9ce7-e58bf2999bd4 ff002a8987054196b7fbf8a69d4e4a2f fb01db661dea4b29ae6665ea42496604 - - default default] Unable to schedule network fba44f2d-1ad4-4485-a689-73ed65ed1847: no agents available; will retry on subsequent port and subnet creation events.
2026-04-12 21:54:48.185 7 INFO neutron.db.ovn_revision_numbers_db [None req-8e1bacb1-635a-45ee-9ce7-e58bf2999bd4 ff002a8987054196b7fbf8a69d4e4a2f fb01db661dea4b29ae6665ea42496604 - - default default] Successfully bumped revision number for resource c805d8d7-847a-487c-85cb-afcb2eac5ef8 (type: ports) to 1 [pid: 7|app: 0|req: 761/1305] 10.0.0.214 () {34 vars in 665 bytes} [Sun Apr 12 21:54:47 2026] POST /v2.0/ports => generated 779 bytes in 414 msecs (HTTP/1.1 201) 4 headers in 162 bytes (1 switches on core 0) /var/lib/openstack/lib/python3.12/site-packages/pycadf/identifier.py:70: UserWarning: Invalid uuid: neutron. To ensure interoperability, identifiers should be a valid uuid. warnings.warn(('Invalid uuid: %s. To ensure interoperability, '
2026-04-12 21:54:48.352 7 INFO neutron.db.segments_db [None req-ace012cb-1379-400d-aae8-b10d218701df ff002a8987054196b7fbf8a69d4e4a2f fb01db661dea4b29ae6665ea42496604 - - default default] Added segment 40f34355-53f5-4755-9ea5-7d98349f1b57 of type geneve for network c42c7765-5061-4f4b-af67-7fc62e24c91e [pid: 8|app: 0|req: 545/1306] 10.0.0.214 () {32 vars in 740 bytes} [Sun Apr 12 21:54:48 2026] DELETE /v2.0/security-groups/bfd07dcb-a03e-4b07-bc09-b24f8f7051d2 => generated 0 bytes in 333 msecs (HTTP/1.1 204) 2 headers in 112 bytes (1 switches on core 0)
2026-04-12 21:54:48.490 7 INFO neutron.db.ovn_revision_numbers_db [None req-ace012cb-1379-400d-aae8-b10d218701df ff002a8987054196b7fbf8a69d4e4a2f fb01db661dea4b29ae6665ea42496604 - - default default] Successfully bumped revision number for resource c42c7765-5061-4f4b-af67-7fc62e24c91e (type: networks) to 1 [pid: 8|app: 0|req: 546/1307] 10.0.0.131 () {34 vars in 990 bytes} [Sun Apr 12 21:54:48 2026] GET /v2.0/ports?device_id=70297e56-f361-4c95-9998-83738d476e56 => generated 12 bytes in 29 msecs (HTTP/1.1 200) 4 headers in 156 bytes (1 switches on core 0)
2026-04-12 21:54:48.655 7 WARNING neutron.scheduler.dhcp_agent_scheduler [None req-ace012cb-1379-400d-aae8-b10d218701df ff002a8987054196b7fbf8a69d4e4a2f fb01db661dea4b29ae6665ea42496604 - - default default] No more DHCP agents
2026-04-12 21:54:48.656 7 WARNING neutron.api.rpc.agentnotifiers.dhcp_rpc_agent_api [None req-ace012cb-1379-400d-aae8-b10d218701df ff002a8987054196b7fbf8a69d4e4a2f fb01db661dea4b29ae6665ea42496604 - - default default] Unable to schedule network c42c7765-5061-4f4b-af67-7fc62e24c91e: no agents available; will retry on subsequent port and subnet creation events. [pid: 8|app: 0|req: 547/1308] 10.0.0.131 () {34 vars in 990 bytes} [Sun Apr 12 21:54:48 2026] GET /v2.0/ports?device_id=860064bf-64a5-4aea-b4e3-69f0fc6bd2a9 => generated 973 bytes in 88 msecs (HTTP/1.1 200) 4 headers in 157 bytes (1 switches on core 0) [pid: 8|app: 0|req: 548/1309] 10.0.0.131 () {34 vars in 1040 bytes} [Sun Apr 12 21:54:48 2026] GET /v2.0/security-groups?id=de707a53-8ffb-46e9-baf5-7bc5ae658a39&fields=id&fields=name => generated 114 bytes in 79 msecs (HTTP/1.1 200) 4 headers in 157 bytes (1 switches on core 0)
2026-04-12 21:54:48.775 7 INFO neutron.db.ovn_revision_numbers_db [None req-ace012cb-1379-400d-aae8-b10d218701df ff002a8987054196b7fbf8a69d4e4a2f fb01db661dea4b29ae6665ea42496604 - - default default] Successfully bumped revision number for resource 28d166e3-7a68-4209-beef-690bd55ed3e8 (type: ports) to 1 [pid: 7|app: 0|req: 762/1310] 10.0.0.214 () {34 vars in 670 bytes} [Sun Apr 12 21:54:48 2026] POST /v2.0/networks => generated 674 bytes in 539 msecs (HTTP/1.1 201) 4 headers in 162 bytes (1 switches on core 0)
2026-04-12 21:54:48.985 8 WARNING neutron.scheduler.dhcp_agent_scheduler [None req-ff044ca4-3c1c-4aed-a414-8535168e4189 ff002a8987054196b7fbf8a69d4e4a2f fb01db661dea4b29ae6665ea42496604 - - default default] No more DHCP agents
2026-04-12 21:54:48.986 8 WARNING neutron.api.rpc.agentnotifiers.dhcp_rpc_agent_api [None req-ff044ca4-3c1c-4aed-a414-8535168e4189 ff002a8987054196b7fbf8a69d4e4a2f fb01db661dea4b29ae6665ea42496604 - - default default] Unable to schedule network c42c7765-5061-4f4b-af67-7fc62e24c91e: no agents available; will retry on subsequent port and subnet creation events.
2026-04-12 21:54:49.024 8 INFO neutron.db.ovn_revision_numbers_db [None req-ff044ca4-3c1c-4aed-a414-8535168e4189 ff002a8987054196b7fbf8a69d4e4a2f fb01db661dea4b29ae6665ea42496604 - - default default] Successfully bumped revision number for resource e6c8b61d-3d0e-426c-b8b0-b1f657e3e988 (type: subnets) to 0 [pid: 8|app: 0|req: 549/1311] 10.0.0.214 () {34 vars in 669 bytes} [Sun Apr 12 21:54:48 2026] POST /v2.0/subnets => generated 646 bytes in 235 msecs (HTTP/1.1 201) 4 headers in 162 bytes (1 switches on core 0) [pid: 8|app: 0|req: 550/1312] 199.204.45.65 () {34 vars in 985 bytes} [Sun Apr 12 21:54:49 2026] GET /v2.0/networks?id=010f47ed-8e9e-4c94-a40b-ed4f98a705b6 => generated 718 bytes in 35 msecs (HTTP/1.1 200) 4 headers in 157 bytes (1 switches on core 0) [pid: 8|app: 0|req: 551/1313] 199.204.45.65 () {34 vars in 1049 bytes} [Sun Apr 12 21:54:49 2026] GET /v2.0/security-groups?fields=id&fields=name&tenant_id=7fe6f7d0d012482797406674781045da => generated 181 bytes in 28 msecs (HTTP/1.1 200) 4 headers in 157 bytes (1 switches on core 0)
2026-04-12 21:54:49.286 7 WARNING neutron.scheduler.dhcp_agent_scheduler [None req-e7859376-d688-4e63-a183-64f67cf121f0 ff002a8987054196b7fbf8a69d4e4a2f fb01db661dea4b29ae6665ea42496604 - - default default] No more DHCP agents
2026-04-12 21:54:49.288 7 WARNING neutron.api.rpc.agentnotifiers.dhcp_rpc_agent_api [None req-e7859376-d688-4e63-a183-64f67cf121f0 ff002a8987054196b7fbf8a69d4e4a2f fb01db661dea4b29ae6665ea42496604 - - default default] Unable to schedule network c42c7765-5061-4f4b-af67-7fc62e24c91e: no agents available; will retry on subsequent port and subnet creation events.
2026-04-12 21:54:49.452 7 INFO neutron.db.ovn_revision_numbers_db [None req-e7859376-d688-4e63-a183-64f67cf121f0 ff002a8987054196b7fbf8a69d4e4a2f fb01db661dea4b29ae6665ea42496604 - - default default] Successfully bumped revision number for resource 6106dde3-d495-44cc-ba31-1dbc5f0196cc (type: ports) to 1 [pid: 7|app: 0|req: 763/1314] 10.0.0.214 () {34 vars in 665 bytes} [Sun Apr 12 21:54:49 2026] POST /v2.0/ports => generated 965 bytes in 463 msecs (HTTP/1.1 201) 4 headers in 162 bytes (1 switches on core 0) /var/lib/openstack/lib/python3.12/site-packages/pycadf/identifier.py:70: UserWarning: Invalid uuid: neutron. To ensure interoperability, identifiers should be a valid uuid. warnings.warn(('Invalid uuid: %s. To ensure interoperability, '
2026-04-12 21:54:49.536 8 WARNING neutron.scheduler.dhcp_agent_scheduler [req-2a2e5017-a1cd-49f9-856d-bc8ca9ae10b3 req-68e6d3bd-dc10-420f-90b0-3e6cd2dce9b3 075695f265654d85aa9050956775c694 7fe6f7d0d012482797406674781045da - - default default] No more DHCP agents
2026-04-12 21:54:49.538 8 WARNING neutron.api.rpc.agentnotifiers.dhcp_rpc_agent_api [req-2a2e5017-a1cd-49f9-856d-bc8ca9ae10b3 req-68e6d3bd-dc10-420f-90b0-3e6cd2dce9b3 075695f265654d85aa9050956775c694 7fe6f7d0d012482797406674781045da - - default default] Unable to schedule network 010f47ed-8e9e-4c94-a40b-ed4f98a705b6: no agents available; will retry on subsequent port and subnet creation events.
2026-04-12 21:54:49.704 7 INFO neutron_taas.services.taas.taas_plugin [None req-415e051c-5c28-46c4-a64e-8cff7773f7f2 ff002a8987054196b7fbf8a69d4e4a2f fb01db661dea4b29ae6665ea42496604 - - default default] TaaS: Handle Delete Port: 6106dde3-d495-44cc-ba31-1dbc5f0196cc
2026-04-12 21:54:49.707 7 INFO neutron_taas.services.taas.tap_mirror_plugin [None req-415e051c-5c28-46c4-a64e-8cff7773f7f2 ff002a8987054196b7fbf8a69d4e4a2f fb01db661dea4b29ae6665ea42496604 - - default default] Tap Mirror: Handle Delete Port: 6106dde3-d495-44cc-ba31-1dbc5f0196cc
2026-04-12 21:54:49.758 8 INFO neutron.db.ovn_revision_numbers_db [req-2a2e5017-a1cd-49f9-856d-bc8ca9ae10b3 req-68e6d3bd-dc10-420f-90b0-3e6cd2dce9b3 075695f265654d85aa9050956775c694 7fe6f7d0d012482797406674781045da - - default default] Successfully bumped revision number for resource 8946e9ed-bbe2-4faf-9f0b-d88832829527 (type: ports) to 1 [pid: 8|app: 0|req: 552/1315] 199.204.45.65 () {38 vars in 954 bytes} [Sun Apr 12 21:54:49 2026] POST /v2.0/ports => generated 954 bytes in 537 msecs (HTTP/1.1 201) 4 headers in 162 bytes (1 switches on core 0) /var/lib/openstack/lib/python3.12/site-packages/pycadf/identifier.py:70: UserWarning: Invalid uuid: neutron. To ensure interoperability, identifiers should be a valid uuid. warnings.warn(('Invalid uuid: %s. To ensure interoperability, ' [pid: 7|app: 0|req: 764/1316] 10.0.0.214 () {32 vars in 720 bytes} [Sun Apr 12 21:54:49 2026] DELETE /v2.0/ports/6106dde3-d495-44cc-ba31-1dbc5f0196cc => generated 0 bytes in 379 msecs (HTTP/1.1 204) 3 headers in 131 bytes (1 switches on core 0)
2026-04-12 21:54:50.309 7 INFO neutron.db.ovn_revision_numbers_db [req-2a2e5017-a1cd-49f9-856d-bc8ca9ae10b3 req-e7939955-8e36-4e93-aa7e-36fc960b2657 644323edca8345f7b515765a3ce3aba8 d1a4afae562f4a31bad55a2be8aba644 - - 1bcbf973ff3c4c29a2ce263e523aad12 1bcbf973ff3c4c29a2ce263e523aad12] Successfully bumped revision number for resource 8946e9ed-bbe2-4faf-9f0b-d88832829527 (type: ports) to 2 [pid: 8|app: 0|req: 553/1317] 10.0.0.131 () {34 vars in 990 bytes} [Sun Apr 12 21:54:49 2026] GET /v2.0/ports?device_id=70297e56-f361-4c95-9998-83738d476e56 => generated 957 bytes in 565 msecs (HTTP/1.1 200) 4 headers in 157 bytes (1 switches on core 0) [pid: 8|app: 0|req: 554/1318] 10.0.0.131 () {34 vars in 990 bytes} [Sun Apr 12 21:54:50 2026] GET /v2.0/ports?device_id=860064bf-64a5-4aea-b4e3-69f0fc6bd2a9 => generated 973 bytes in 45 msecs (HTTP/1.1 200) 4 headers in 157 bytes (1 switches on core 0)
2026-04-12 21:54:50.437 8 INFO neutron.pecan_wsgi.hooks.translation [None req-c8d74330-cc47-49c1-81d3-6661b64b46f8 ff002a8987054196b7fbf8a69d4e4a2f fb01db661dea4b29ae6665ea42496604 - - default default] DELETE failed (client error): The resource could not be found. [pid: 8|app: 0|req: 555/1319] 10.0.0.214 () {32 vars in 720 bytes} [Sun Apr 12 21:54:50 2026] DELETE /v2.0/ports/6106dde3-d495-44cc-ba31-1dbc5f0196cc => generated 132 bytes in 25 msecs (HTTP/1.1 404) 4 headers in 164 bytes (1 switches on core 0)
2026-04-12 21:54:50.520 7 INFO neutron.db.ovn_revision_numbers_db [req-2a2e5017-a1cd-49f9-856d-bc8ca9ae10b3 req-e7939955-8e36-4e93-aa7e-36fc960b2657 644323edca8345f7b515765a3ce3aba8 d1a4afae562f4a31bad55a2be8aba644 - - 1bcbf973ff3c4c29a2ce263e523aad12 1bcbf973ff3c4c29a2ce263e523aad12] Successfully bumped revision number for resource 8946e9ed-bbe2-4faf-9f0b-d88832829527 (type: ports) to 4 [pid: 7|app: 0|req: 765/1320] 199.204.45.65 () {38 vars in 1027 bytes} [Sun Apr 12 21:54:49 2026] PUT /v2.0/ports/8946e9ed-bbe2-4faf-9f0b-d88832829527 => generated 1204 bytes in 652 msecs (HTTP/1.1 200) 4 headers in 158 bytes (1 switches on core 0) /var/lib/openstack/lib/python3.12/site-packages/pycadf/identifier.py:70: UserWarning: Invalid uuid: neutron. To ensure interoperability, identifiers should be a valid uuid. warnings.warn(('Invalid uuid: %s. To ensure interoperability, ' [pid: 7|app: 0|req: 766/1321] 10.0.0.131 () {34 vars in 1040 bytes} [Sun Apr 12 21:54:50 2026] GET /v2.0/security-groups?id=a61af9f4-58a9-4bab-b788-8ba5d81d5bc0&fields=id&fields=name => generated 114 bytes in 27 msecs (HTTP/1.1 200) 4 headers in 157 bytes (1 switches on core 0) [pid: 7|app: 0|req: 767/1322] 10.0.0.131 () {34 vars in 1040 bytes} [Sun Apr 12 21:54:50 2026] GET /v2.0/security-groups?id=de707a53-8ffb-46e9-baf5-7bc5ae658a39&fields=id&fields=name => generated 114 bytes in 22 msecs (HTTP/1.1 200) 4 headers in 157 bytes (1 switches on core 0)
2026-04-12 21:54:50.600 7 INFO neutron.notifiers.nova [-] Nova event matching ['req-a9e32ab9-65a7-4925-8d13-03e7cb9b882a'] response: {'name': 'network-changed', 'server_uuid': '70297e56-f361-4c95-9998-83738d476e56', 'tag': '8946e9ed-bbe2-4faf-9f0b-d88832829527', 'status': 'completed', 'code': 200}
2026-04-12 21:54:50.606 7 INFO neutron.pecan_wsgi.hooks.translation [None req-03c4eea4-4784-41e1-bf79-441366629e91 ff002a8987054196b7fbf8a69d4e4a2f fb01db661dea4b29ae6665ea42496604 - - default default] GET failed (client error): The resource could not be found. [pid: 7|app: 0|req: 768/1323] 10.0.0.214 () {32 vars in 717 bytes} [Sun Apr 12 21:54:50 2026] GET /v2.0/ports/6106dde3-d495-44cc-ba31-1dbc5f0196cc => generated 132 bytes in 16 msecs (HTTP/1.1 404) 4 headers in 164 bytes (1 switches on core 0)
2026-04-12 21:54:50.779 8 INFO neutron.db.ovn_revision_numbers_db [None req-855ab759-8676-457a-8ef5-5b12f58531ad 3ad076e9efbb4a41a698cc39d04d2495 53d948c5afa74b14a2dcc6792ed1a9bc - - default default] Successfully bumped revision number for resource 2c823d74-4e5d-426c-a6ab-71c465dbc126 (type: security_groups) to 1 [pid: 7|app: 0|req: 769/1324] 10.0.0.214 () {32 vars in 724 bytes} [Sun Apr 12 21:54:50 2026] DELETE /v2.0/subnets/e6c8b61d-3d0e-426c-b8b0-b1f657e3e988 => generated 0 bytes in 176 msecs (HTTP/1.1 204) 3 headers in 131 bytes (1 switches on core 0)
2026-04-12 21:54:50.790 8 INFO neutron.db.ovn_revision_numbers_db [None req-855ab759-8676-457a-8ef5-5b12f58531ad 3ad076e9efbb4a41a698cc39d04d2495 53d948c5afa74b14a2dcc6792ed1a9bc - - default default] Successfully bumped revision number for resource 61795900-c5a5-4a08-9796-8b5cec59866f (type: security_group_rules) to 0
2026-04-12 21:54:50.800 8 INFO neutron.db.ovn_revision_numbers_db [None req-855ab759-8676-457a-8ef5-5b12f58531ad 3ad076e9efbb4a41a698cc39d04d2495 53d948c5afa74b14a2dcc6792ed1a9bc - - default default] Successfully bumped revision number for resource 74c78208-5c03-49b9-a773-cb16409387ee (type: security_group_rules) to 0
2026-04-12 21:54:50.812 8 INFO neutron.db.ovn_revision_numbers_db [None req-855ab759-8676-457a-8ef5-5b12f58531ad 3ad076e9efbb4a41a698cc39d04d2495 53d948c5afa74b14a2dcc6792ed1a9bc - - default default] Successfully bumped revision number for resource 7bdd9a7b-0d8c-483e-b2e6-61615d5e68c3 (type: security_group_rules) to 0
2026-04-12 21:54:50.822 8 INFO neutron.db.ovn_revision_numbers_db [None req-855ab759-8676-457a-8ef5-5b12f58531ad 3ad076e9efbb4a41a698cc39d04d2495 53d948c5afa74b14a2dcc6792ed1a9bc - - default default] Successfully bumped revision number for resource cbe3478b-a398-4c93-bfbf-fc3f0f242fdf (type: security_group_rules) to 0
2026-04-12 21:54:50.906 7 INFO neutron_taas.services.taas.taas_plugin [None req-903571ed-9ff2-469e-881d-b6ea9012e572 ff002a8987054196b7fbf8a69d4e4a2f fb01db661dea4b29ae6665ea42496604 - - default default] TaaS: Handle Delete Port: 28d166e3-7a68-4209-beef-690bd55ed3e8
2026-04-12 21:54:50.909 7 INFO neutron_taas.services.taas.tap_mirror_plugin [None req-903571ed-9ff2-469e-881d-b6ea9012e572 ff002a8987054196b7fbf8a69d4e4a2f fb01db661dea4b29ae6665ea42496604 - - default default] Tap Mirror: Handle Delete Port: 28d166e3-7a68-4209-beef-690bd55ed3e8
2026-04-12 21:54:50.916 8 INFO neutron.db.segments_db [None req-855ab759-8676-457a-8ef5-5b12f58531ad 3ad076e9efbb4a41a698cc39d04d2495 53d948c5afa74b14a2dcc6792ed1a9bc - - default default] Added segment 681822dd-0e9e-4ad0-bad6-13a31b2ec7bc of type geneve for network a8cfb0c2-d62d-4e86-9f62-86aefb8848a6
2026-04-12 21:54:50.941 8 WARNING neutron.plugins.ml2.drivers.ovn.mech_driver.ovsdb.ovn_client [None req-cb03e99f-c49a-4b25-8d4f-522297c9d84a - - - - - -] No hosting information found for port 9ff033db-c9c0-40ab-a138-0e103cc53fe8: RuntimeError: No hosting information found for port 9ff033db-c9c0-40ab-a138-0e103cc53fe8
2026-04-12 21:54:51.086 8 INFO neutron.db.segments_db [None req-855ab759-8676-457a-8ef5-5b12f58531ad 3ad076e9efbb4a41a698cc39d04d2495 53d948c5afa74b14a2dcc6792ed1a9bc - - default default] Added segment c82de4a3-6035-433d-ad37-733003ad5f0d of type geneve for network 1a99ef5f-9581-4540-a37b-07bd35113774
2026-04-12 21:54:51.128 7 INFO neutron.services.segments.plugin [-] Segment 40f34355-53f5-4755-9ea5-7d98349f1b57 resource provider aggregate not found
2026-04-12 21:54:51.133 7 INFO neutron.services.segments.plugin [-] Segment 40f34355-53f5-4755-9ea5-7d98349f1b57 resource provider aggregate not found
2026-04-12 21:54:51.133 8 INFO neutron.db.ovn_revision_numbers_db [None req-cb03e99f-c49a-4b25-8d4f-522297c9d84a - - - - - -] Successfully bumped revision number for resource 9ff033db-c9c0-40ab-a138-0e103cc53fe8 (type: router_ports) to 2
2026-04-12 21:54:51.133 8 INFO neutron.plugins.ml2.drivers.ovn.mech_driver.mech_driver [None req-cb03e99f-c49a-4b25-8d4f-522297c9d84a - - - - - -] OVN reports status down for port: 00e47fec-7aea-4a8c-8f3a-9521e770f6b2
2026-04-12 21:54:51.147 7 INFO neutron.services.segments.plugin [-] Segment 40f34355-53f5-4755-9ea5-7d98349f1b57 resource provider not found; error: Placement Client Error (4xx): {"errors": [{"status": 404, "title": "Not Found", "detail": "The resource could not be found.\n\n No resource provider with uuid 40f34355-53f5-4755-9ea5-7d98349f1b57 found for delete ", "request_id": "req-2290f5bd-347c-413d-a87b-5512fc137fc3"}]}
2026-04-12 21:54:51.162 7 INFO neutron.services.segments.plugin [-] Segment 40f34355-53f5-4755-9ea5-7d98349f1b57 resource provider not found; error: Placement Client Error (4xx): {"errors": [{"status": 404, "title": "Not Found", "detail": "The resource could not be found.\n\n No resource provider with uuid 40f34355-53f5-4755-9ea5-7d98349f1b57 found for delete ", "request_id": "req-040f122a-310a-48af-bc68-40cbd7a8e700"}]}
2026-04-12 21:54:51.181 8 INFO neutron.plugins.ml2.drivers.ovn.mech_driver.mech_driver [None req-cb03e99f-c49a-4b25-8d4f-522297c9d84a - - - - - -] OVN reports status down for port: 5d595080-1450-4750-a45e-f67ca19a9470 [pid: 7|app: 0|req: 770/1325] 10.0.0.214 () {32 vars in 726 bytes} [Sun Apr 12 21:54:50 2026] DELETE /v2.0/networks/c42c7765-5061-4f4b-af67-7fc62e24c91e => generated 0 bytes in 401 msecs (HTTP/1.1 204) 3 headers in 131 bytes (1 switches on core 0) [pid: 7|app: 0|req: 771/1326] 199.204.45.65 () {34 vars in 1079 bytes} [Sun Apr 12 21:54:51 2026] GET /v2.0/ports?tenant_id=7fe6f7d0d012482797406674781045da&device_id=70297e56-f361-4c95-9998-83738d476e56 => generated 1207 bytes in 34 msecs (HTTP/1.1 200) 4 headers in 158 bytes (1 switches on core 0)
2026-04-12 21:54:51.338 7 INFO neutron.db.segments_db [None req-ab8300b5-4e88-40d9-be50-1253f97eb031 ff002a8987054196b7fbf8a69d4e4a2f fb01db661dea4b29ae6665ea42496604 - - default default] Added segment 698e3ebd-2e1c-4602-a9a0-0b00410f8807 of type geneve for network 07db01f4-580b-48c2-948d-e0ba1fc5be47
2026-04-12 21:54:51.370 8 INFO neutron.db.ovn_revision_numbers_db [None req-855ab759-8676-457a-8ef5-5b12f58531ad 3ad076e9efbb4a41a698cc39d04d2495 53d948c5afa74b14a2dcc6792ed1a9bc - - default default] Successfully bumped revision number for resource a8cfb0c2-d62d-4e86-9f62-86aefb8848a6 (type: networks) to 1
2026-04-12 21:54:51.432 8 INFO neutron.plugins.ml2.drivers.ovn.mech_driver.mech_driver [None req-cb03e99f-c49a-4b25-8d4f-522297c9d84a - - - - - -] OVN reports status up for port: 7fb03c44-2eee-4d50-ba04-c4774984d208
2026-04-12 21:54:51.464 7 INFO neutron.db.ovn_revision_numbers_db [None req-ab8300b5-4e88-40d9-be50-1253f97eb031 ff002a8987054196b7fbf8a69d4e4a2f fb01db661dea4b29ae6665ea42496604 - - default default] Successfully bumped revision number for resource 07db01f4-580b-48c2-948d-e0ba1fc5be47 (type: networks) to 1
2026-04-12 21:54:51.496 8 INFO neutron.plugins.ml2.plugin [None req-cb03e99f-c49a-4b25-8d4f-522297c9d84a - - - - - -] Attempt 1 to provision port 7fb03c44-2eee-4d50-ba04-c4774984d208
2026-04-12 21:54:51.683 7 WARNING neutron.scheduler.dhcp_agent_scheduler [None req-ab8300b5-4e88-40d9-be50-1253f97eb031 ff002a8987054196b7fbf8a69d4e4a2f fb01db661dea4b29ae6665ea42496604 - - default default] No more DHCP agents
2026-04-12 21:54:51.685 7 WARNING neutron.api.rpc.agentnotifiers.dhcp_rpc_agent_api [None req-ab8300b5-4e88-40d9-be50-1253f97eb031 ff002a8987054196b7fbf8a69d4e4a2f fb01db661dea4b29ae6665ea42496604 - - default default] Unable to schedule network 07db01f4-580b-48c2-948d-e0ba1fc5be47: no agents available; will retry on subsequent port and subnet creation events.
2026-04-12 21:54:51.712 8 WARNING neutron.scheduler.dhcp_agent_scheduler [None req-855ab759-8676-457a-8ef5-5b12f58531ad 3ad076e9efbb4a41a698cc39d04d2495 53d948c5afa74b14a2dcc6792ed1a9bc - - default default] No more DHCP agents
2026-04-12 21:54:51.716 8 WARNING neutron.api.rpc.agentnotifiers.dhcp_rpc_agent_api [None req-855ab759-8676-457a-8ef5-5b12f58531ad 3ad076e9efbb4a41a698cc39d04d2495 53d948c5afa74b14a2dcc6792ed1a9bc - - default default] Unable to schedule network a8cfb0c2-d62d-4e86-9f62-86aefb8848a6: no agents available; will retry on subsequent port and subnet creation events.
2026-04-12 21:54:51.802 7 INFO neutron.db.ovn_revision_numbers_db [None req-ab8300b5-4e88-40d9-be50-1253f97eb031 ff002a8987054196b7fbf8a69d4e4a2f fb01db661dea4b29ae6665ea42496604 - - default default] Successfully bumped revision number for resource e91e243f-387d-49d9-a9fe-cbefc60c3306 (type: ports) to 1 [pid: 7|app: 0|req: 772/1327] 10.0.0.214 () {34 vars in 670 bytes} [Sun Apr 12 21:54:51 2026] POST /v2.0/networks => generated 674 bytes in 615 msecs (HTTP/1.1 201) 4 headers in 162 bytes (1 switches on core 0) [pid: 7|app: 0|req: 773/1328] 199.204.45.65 () {34 vars in 1017 bytes} [Sun Apr 12 21:54:51 2026] GET /v2.0/networks?tenant_id=7fe6f7d0d012482797406674781045da&shared=False => generated 817 bytes in 94 msecs (HTTP/1.1 200) 4 headers in 157 bytes (1 switches on core 0)
2026-04-12 21:54:51.981 8 INFO neutron.db.ovn_revision_numbers_db [None req-855ab759-8676-457a-8ef5-5b12f58531ad 3ad076e9efbb4a41a698cc39d04d2495 53d948c5afa74b14a2dcc6792ed1a9bc - - default default] Successfully bumped revision number for resource bb856d23-f8f4-477d-87b2-94b37765ac88 (type: ports) to 1 [pid: 7|app: 0|req: 774/1329] 10.0.0.131 () {34 vars in 990 bytes} [Sun Apr 12 21:54:51 2026] GET /v2.0/ports?device_id=70297e56-f361-4c95-9998-83738d476e56 => generated 969 bytes in 107 msecs (HTTP/1.1 200) 4 headers in 157 bytes (1 switches on core 0)
2026-04-12 21:54:52.085 8 INFO neutron.db.ovn_revision_numbers_db [None req-cb03e99f-c49a-4b25-8d4f-522297c9d84a - - - - - -] Successfully bumped revision number for resource 7fb03c44-2eee-4d50-ba04-c4774984d208 (type: ports) to 5 [pid: 7|app: 0|req: 775/1330] 10.0.0.131 () {34 vars in 990 bytes} [Sun Apr 12 21:54:52 2026] GET /v2.0/ports?device_id=860064bf-64a5-4aea-b4e3-69f0fc6bd2a9 => generated 975 bytes in 39 msecs (HTTP/1.1 200) 4 headers in 157 bytes (1 switches on core 0)
2026-04-12 21:54:52.174 8 INFO neutron.db.ovn_revision_numbers_db [None req-855ab759-8676-457a-8ef5-5b12f58531ad 3ad076e9efbb4a41a698cc39d04d2495 53d948c5afa74b14a2dcc6792ed1a9bc - - default default] Successfully bumped revision number for resource 1a99ef5f-9581-4540-a37b-07bd35113774 (type: networks) to 1
2026-04-12 21:54:52.325 7 WARNING neutron.scheduler.dhcp_agent_scheduler [None req-adfefe24-8381-4f09-ba0a-f189b8b870bb ff002a8987054196b7fbf8a69d4e4a2f fb01db661dea4b29ae6665ea42496604 - - default default] No more DHCP agents
2026-04-12 21:54:52.326 7 WARNING neutron.api.rpc.agentnotifiers.dhcp_rpc_agent_api [None req-adfefe24-8381-4f09-ba0a-f189b8b870bb ff002a8987054196b7fbf8a69d4e4a2f fb01db661dea4b29ae6665ea42496604 - - default default] Unable to schedule network 07db01f4-580b-48c2-948d-e0ba1fc5be47: no agents available; will retry on subsequent port and subnet creation events.
2026-04-12 21:54:52.365 7 INFO neutron.db.ovn_revision_numbers_db [None req-adfefe24-8381-4f09-ba0a-f189b8b870bb ff002a8987054196b7fbf8a69d4e4a2f fb01db661dea4b29ae6665ea42496604 - - default default] Successfully bumped revision number for resource f33b8ed5-20fc-434d-9fe0-40476957e511 (type: subnets) to 0 [pid: 7|app: 0|req: 776/1331] 10.0.0.214 () {34 vars in 669 bytes} [Sun Apr 12 21:54:52 2026] POST /v2.0/subnets => generated 646 bytes in 294 msecs (HTTP/1.1 201) 4 headers in 162 bytes (1 switches on core 0)
2026-04-12 21:54:52.407 8 INFO neutron.plugins.ml2.drivers.ovn.mech_driver.mech_driver [None req-005e276d-61fb-4f42-8b2b-281942308116 - - - - - -] OVN reports status down for port: 5ab85214-55a3-46ba-b08c-db6707ec953b [pid: 7|app: 0|req: 777/1332] 199.204.45.65 () {34 vars in 929 bytes} [Sun Apr 12 21:54:52 2026] GET /v2.0/networks?shared=True => generated 791 bytes in 41 msecs (HTTP/1.1 200) 4 headers in 157 bytes (1 switches on core 0) [pid: 7|app: 0|req: 778/1333] 10.0.0.131 () {34 vars in 1040 bytes} [Sun Apr 12 21:54:52 2026] GET /v2.0/security-groups?id=a61af9f4-58a9-4bab-b788-8ba5d81d5bc0&fields=id&fields=name => generated 114 bytes in 44 msecs (HTTP/1.1 200) 4 headers in 157 bytes (1 switches on core 0)
2026-04-12 21:54:52.495 8 WARNING neutron.scheduler.dhcp_agent_scheduler [None req-855ab759-8676-457a-8ef5-5b12f58531ad 3ad076e9efbb4a41a698cc39d04d2495 53d948c5afa74b14a2dcc6792ed1a9bc - - default default] No more DHCP agents [pid: 7|app: 0|req: 779/1334] 10.0.0.131 () {34 vars in 1040 bytes} [Sun Apr 12 21:54:52 2026] GET /v2.0/security-groups?id=de707a53-8ffb-46e9-baf5-7bc5ae658a39&fields=id&fields=name => generated 114 bytes in 29 msecs (HTTP/1.1 200) 4 headers in 157 bytes (1 switches on core 0)
2026-04-12 21:54:52.499 8 WARNING neutron.api.rpc.agentnotifiers.dhcp_rpc_agent_api [None req-855ab759-8676-457a-8ef5-5b12f58531ad 3ad076e9efbb4a41a698cc39d04d2495 53d948c5afa74b14a2dcc6792ed1a9bc - - default default] Unable to schedule network 1a99ef5f-9581-4540-a37b-07bd35113774: no agents available; will retry on subsequent port and subnet creation events.
2026-04-12 21:54:52.529 8 INFO neutron.plugins.ml2.drivers.ovn.mech_driver.mech_driver [None req-005e276d-61fb-4f42-8b2b-281942308116 - - - - - -] OVN reports status down for port: c805d8d7-847a-487c-85cb-afcb2eac5ef8
2026-04-12 21:54:52.541 8 INFO neutron.notifiers.nova [-] Nova event matching ['req-1f30a486-3502-4022-8f64-c0ad57ef414b'] response: {'server_uuid': '860064bf-64a5-4aea-b4e3-69f0fc6bd2a9', 'name': 'network-vif-plugged', 'status': 'completed', 'tag': '7fb03c44-2eee-4d50-ba04-c4774984d208', 'code': 200}
2026-04-12 21:54:52.674 8 INFO neutron.plugins.ml2.drivers.ovn.mech_driver.mech_driver [None req-005e276d-61fb-4f42-8b2b-281942308116 - - - - - -] OVN reports status down for port: 28d166e3-7a68-4209-beef-690bd55ed3e8
2026-04-12 21:54:52.690 8 INFO neutron.plugins.ml2.drivers.ovn.mech_driver.mech_driver [None req-005e276d-61fb-4f42-8b2b-281942308116 - - - - - -] OVN reports status down for port: 6106dde3-d495-44cc-ba31-1dbc5f0196cc
2026-04-12 21:54:52.702 8 INFO neutron.plugins.ml2.drivers.ovn.mech_driver.mech_driver [None req-005e276d-61fb-4f42-8b2b-281942308116 - - - - - -] OVN reports status down for port: 8946e9ed-bbe2-4faf-9f0b-d88832829527
2026-04-12 21:54:52.748 8 INFO neutron.db.ovn_revision_numbers_db [None req-855ab759-8676-457a-8ef5-5b12f58531ad 3ad076e9efbb4a41a698cc39d04d2495 53d948c5afa74b14a2dcc6792ed1a9bc - - default default] Successfully bumped revision number for resource a49efb5b-8dd0-4ecf-88f5-78655d721ea6 (type: ports) to 1 [pid: 8|app: 0|req: 556/1335] 10.0.0.214 () {34 vars in 670 bytes} [Sun Apr 12 21:54:50 2026] POST /v2.0/networks => generated 1321 bytes in 2384 msecs (HTTP/1.1 201) 4 headers in 163 bytes (1 switches on core 0)
2026-04-12 21:54:52.832 8 INFO neutron.plugins.ml2.drivers.ovn.mech_driver.mech_driver [None req-005e276d-61fb-4f42-8b2b-281942308116 - - - - - -] OVN reports status down for port: e91e243f-387d-49d9-a9fe-cbefc60c3306 /var/lib/openstack/lib/python3.12/site-packages/pycadf/identifier.py:70: UserWarning: Invalid uuid: neutron. To ensure interoperability, identifiers should be a valid uuid. warnings.warn(('Invalid uuid: %s. To ensure interoperability, '
2026-04-12 21:54:52.844 7 WARNING neutron.scheduler.dhcp_agent_scheduler [None req-827932c0-21b9-4d4c-bcce-e650ee833b1b ff002a8987054196b7fbf8a69d4e4a2f fb01db661dea4b29ae6665ea42496604 - - default default] No more DHCP agents
2026-04-12 21:54:52.845 7 WARNING neutron.api.rpc.agentnotifiers.dhcp_rpc_agent_api [None req-827932c0-21b9-4d4c-bcce-e650ee833b1b ff002a8987054196b7fbf8a69d4e4a2f fb01db661dea4b29ae6665ea42496604 - - default default] Unable to schedule network 07db01f4-580b-48c2-948d-e0ba1fc5be47: no agents available; will retry on subsequent port and subnet creation events.
2026-04-12 21:54:52.997 7 INFO neutron.db.ovn_revision_numbers_db [None req-827932c0-21b9-4d4c-bcce-e650ee833b1b ff002a8987054196b7fbf8a69d4e4a2f fb01db661dea4b29ae6665ea42496604 - - default default] Successfully bumped revision number for resource ed923367-d10c-4393-bf57-02b5521091aa (type: ports) to 1 [pid: 7|app: 0|req: 780/1336] 10.0.0.214 () {34 vars in 665 bytes} [Sun Apr 12 21:54:52 2026] POST /v2.0/ports => generated 923 bytes in 522 msecs (HTTP/1.1 201) 4 headers in 162 bytes (1 switches on core 0)
2026-04-12 21:54:53.023 8 INFO neutron.plugins.ml2.drivers.ovn.mech_driver.mech_driver [None req-005e276d-61fb-4f42-8b2b-281942308116 - - - - - -] OVN reports status down for port: bb856d23-f8f4-477d-87b2-94b37765ac88 [pid: 8|app: 0|req: 557/1337] 10.0.0.214 () {32 vars in 649 bytes} [Sun Apr 12 21:54:52 2026] GET /v2.0/networks => generated 1970 bytes in 234 msecs (HTTP/1.1 200) 4 headers in 158 bytes (1 switches on core 0)
2026-04-12 21:54:53.136 8 INFO neutron.plugins.ml2.drivers.ovn.mech_driver.mech_driver [None req-005e276d-61fb-4f42-8b2b-281942308116 - - - - - -] OVN reports status down for port: a49efb5b-8dd0-4ecf-88f5-78655d721ea6
2026-04-12 21:54:53.155 7 INFO neutron_taas.services.taas.taas_plugin [None req-ca15f281-e735-4c5c-9be6-77c52ab2e5cd ff002a8987054196b7fbf8a69d4e4a2f fb01db661dea4b29ae6665ea42496604 - - default default] TaaS: Handle Delete Port: ed923367-d10c-4393-bf57-02b5521091aa
2026-04-12 21:54:53.161 7 INFO neutron_taas.services.taas.tap_mirror_plugin [None req-ca15f281-e735-4c5c-9be6-77c52ab2e5cd ff002a8987054196b7fbf8a69d4e4a2f fb01db661dea4b29ae6665ea42496604 - - default default] Tap Mirror: Handle Delete Port: ed923367-d10c-4393-bf57-02b5521091aa
2026-04-12 21:54:53.246 8 INFO neutron.plugins.ml2.drivers.ovn.mech_driver.mech_driver [None req-005e276d-61fb-4f42-8b2b-281942308116 - - - - - -] OVN reports status down for port: ed923367-d10c-4393-bf57-02b5521091aa [pid: 7|app: 0|req: 781/1338] 10.0.0.214 () {32 vars in 720 bytes} [Sun Apr 12 21:54:53 2026] DELETE /v2.0/ports/ed923367-d10c-4393-bf57-02b5521091aa => generated 0 bytes in 296 msecs (HTTP/1.1 204) 3 headers in 131 bytes (1 switches on core 0)
2026-04-12 21:54:53.346 7 INFO neutron.pecan_wsgi.hooks.translation [None req-ed27cd19-07f4-44d7-a27f-a3c73450d2ab ff002a8987054196b7fbf8a69d4e4a2f fb01db661dea4b29ae6665ea42496604 - - default default] GET failed (client error): The resource could not be found. [pid: 7|app: 0|req: 782/1339] 10.0.0.214 () {32 vars in 717 bytes} [Sun Apr 12 21:54:53 2026] GET /v2.0/ports/ed923367-d10c-4393-bf57-02b5521091aa => generated 132 bytes in 24 msecs (HTTP/1.1 404) 4 headers in 164 bytes (1 switches on core 0)
2026-04-12 21:54:53.348 8 INFO neutron_taas.services.taas.taas_plugin [None req-2c1ab646-94b6-4868-b3f8-96f442644139 3ad076e9efbb4a41a698cc39d04d2495 53d948c5afa74b14a2dcc6792ed1a9bc - - default default] TaaS: Handle Delete Port: bb856d23-f8f4-477d-87b2-94b37765ac88
2026-04-12 21:54:53.353 8 INFO neutron_taas.services.taas.tap_mirror_plugin [None req-2c1ab646-94b6-4868-b3f8-96f442644139 3ad076e9efbb4a41a698cc39d04d2495 53d948c5afa74b14a2dcc6792ed1a9bc - - default default] Tap Mirror: Handle Delete Port: bb856d23-f8f4-477d-87b2-94b37765ac88 [pid: 7|app: 0|req: 783/1340] 10.0.0.214 () {32 vars in 724 bytes} [Sun Apr 12 21:54:53 2026] DELETE /v2.0/subnets/f33b8ed5-20fc-434d-9fe0-40476957e511 => generated 0 bytes in 181 msecs (HTTP/1.1 204) 3 headers in 131 bytes (1 switches on core 0)
2026-04-12 21:54:53.550 8 INFO neutron.services.segments.plugin [-] Segment 681822dd-0e9e-4ad0-bad6-13a31b2ec7bc resource provider aggregate not found
2026-04-12 21:54:53.555 8 INFO neutron.services.segments.plugin [-] Segment 681822dd-0e9e-4ad0-bad6-13a31b2ec7bc resource provider aggregate not found
2026-04-12 21:54:53.578 8 INFO neutron.services.segments.plugin [-] Segment 681822dd-0e9e-4ad0-bad6-13a31b2ec7bc resource provider not found; error: Placement Client Error (4xx): {"errors": [{"status": 404, "title": "Not Found", "detail": "The resource could not be found.\n\n No resource provider with uuid 681822dd-0e9e-4ad0-bad6-13a31b2ec7bc found for delete ", "request_id": "req-4154c94f-68e9-4526-89ac-30d1f31fdc7b"}]} [pid: 7|app: 0|req: 784/1341] 199.204.45.65 () {34 vars in 1079 bytes} [Sun Apr 12 21:54:53 2026] GET /v2.0/ports?tenant_id=7fe6f7d0d012482797406674781045da&device_id=70297e56-f361-4c95-9998-83738d476e56 => generated 1207 bytes in 47 msecs (HTTP/1.1 200) 4 headers in 158 bytes (1 switches on core 0)
2026-04-12 21:54:53.584 8 INFO neutron.services.segments.plugin [-] Segment 681822dd-0e9e-4ad0-bad6-13a31b2ec7bc resource provider not found; error: Placement Client Error (4xx): {"errors": [{"status": 404, "title": "Not Found", "detail": "The resource could not be found.\n\n No resource provider with uuid 681822dd-0e9e-4ad0-bad6-13a31b2ec7bc found for delete ", "request_id": "req-b1b0d505-58cb-4f19-a136-9cd59e07f5d6"}]} [pid: 8|app: 0|req: 558/1342] 10.0.0.214 () {32 vars in 726 bytes} [Sun Apr 12 21:54:53 2026] DELETE /v2.0/networks/a8cfb0c2-d62d-4e86-9f62-86aefb8848a6 => generated 0 bytes in 557 msecs (HTTP/1.1 204) 3 headers in 131 bytes (1 switches on core 0) [pid: 8|app: 0|req: 559/1343] 10.0.0.131 () {34 vars in 990 bytes} [Sun Apr 12 21:54:53 2026] GET /v2.0/ports?device_id=70297e56-f361-4c95-9998-83738d476e56 => generated 969 bytes in 59 msecs (HTTP/1.1 200) 4 headers in 157 bytes (1 switches on core 0)
2026-04-12 21:54:53.718 7 INFO neutron_taas.services.taas.taas_plugin [None req-181e6eb7-4e07-40cb-9a49-f6893e5a5a41 ff002a8987054196b7fbf8a69d4e4a2f fb01db661dea4b29ae6665ea42496604 - - default default] TaaS: Handle Delete Port: e91e243f-387d-49d9-a9fe-cbefc60c3306
2026-04-12 21:54:53.721 7 INFO neutron_taas.services.taas.tap_mirror_plugin [None req-181e6eb7-4e07-40cb-9a49-f6893e5a5a41 ff002a8987054196b7fbf8a69d4e4a2f fb01db661dea4b29ae6665ea42496604 - - default default] Tap Mirror: Handle Delete Port: e91e243f-387d-49d9-a9fe-cbefc60c3306 [pid: 8|app: 0|req: 560/1344] 10.0.0.131 () {34 vars in 990 bytes} [Sun Apr 12 21:54:53 2026] GET /v2.0/ports?device_id=860064bf-64a5-4aea-b4e3-69f0fc6bd2a9 => generated 975 bytes in 74 msecs (HTTP/1.1 200) 4 headers in 157 bytes (1 switches on core 0) [pid: 8|app: 0|req: 561/1345] 199.204.45.65 () {34 vars in 1057 bytes} [Sun Apr 12 21:54:53 2026] GET /v2.0/floatingips?fixed_ip_address=10.100.0.3&port_id=8946e9ed-bbe2-4faf-9f0b-d88832829527 => generated 19 bytes in 19 msecs (HTTP/1.1 200) 4 headers in 156 bytes (1 switches on core 0)
2026-04-12 21:54:53.906 7 INFO neutron.services.segments.plugin [-] Segment 698e3ebd-2e1c-4602-a9a0-0b00410f8807 resource provider aggregate not found
