2026-04-12 21:54:23.735 8 INFO neutron.plugins.ml2.drivers.ovn.mech_driver.mech_driver [None req-58e7882e-fc65-4409-8210-f8d53d4ad7c8 - - - - - -] OVN reports status down for port: 7332921b-96bd-48b7-aa41-87cd55002a15
2026-04-12 21:54:23.822 8 INFO neutron.db.ovn_revision_numbers_db [None req-77281f34-8bd1-4345-978e-e04d7987f6ac - - - - - -] Successfully bumped revision number for resource 0319f670-1b59-4a8f-8335-365d6bdfb7e4 (type: ports) to 5
2026-04-12 21:54:23.832 8 WARNING neutron.scheduler.dhcp_agent_scheduler [None req-be974c82-4419-41ad-a19c-75e446471bde 806317b1051e48319a200fc91143dde5 f79793ce8c9e4b8791d76adf313762d7 - - default default] No more DHCP agents
2026-04-12 21:54:23.836 8 WARNING neutron.api.rpc.agentnotifiers.dhcp_rpc_agent_api [None req-be974c82-4419-41ad-a19c-75e446471bde 806317b1051e48319a200fc91143dde5 f79793ce8c9e4b8791d76adf313762d7 - - default default] Unable to schedule network 6ceb0828-6571-468a-a41f-4eae6e5f9b00: no agents available; will retry on subsequent port and subnet creation events.
2026-04-12 21:54:23.871 7 INFO neutron_taas.services.taas.taas_plugin [None req-7ce95faf-cd5e-4c4d-9fc4-c57ba8650655 806317b1051e48319a200fc91143dde5 f79793ce8c9e4b8791d76adf313762d7 - - default default] TaaS: Handle Delete Port: b6d7e4fc-c8e3-460c-ac1a-93cdad32b1b3
2026-04-12 21:54:23.875 7 INFO neutron_taas.services.taas.tap_mirror_plugin [None req-7ce95faf-cd5e-4c4d-9fc4-c57ba8650655 806317b1051e48319a200fc91143dde5 f79793ce8c9e4b8791d76adf313762d7 - - default default] Tap Mirror: Handle Delete Port: b6d7e4fc-c8e3-460c-ac1a-93cdad32b1b3
2026-04-12 21:54:23.920 8 WARNING neutron.plugins.ml2.drivers.ovn.mech_driver.ovsdb.ovn_client [None req-58e7882e-fc65-4409-8210-f8d53d4ad7c8 - - - - - -] Logical_Switch_Port 7332921b-96bd-48b7-aa41-87cd55002a15 host information not removed, the port state is up
2026-04-12 21:54:23.925 8 INFO neutron.plugins.ml2.drivers.ovn.mech_driver.mech_driver [None req-58e7882e-fc65-4409-8210-f8d53d4ad7c8 - - - - - -] OVN reports status up for port: 7332921b-96bd-48b7-aa41-87cd55002a15
2026-04-12 21:54:23.980 8 INFO neutron.plugins.ml2.plugin [None req-58e7882e-fc65-4409-8210-f8d53d4ad7c8 - - - - - -] Attempt 1 to provision port 7332921b-96bd-48b7-aa41-87cd55002a15 [pid: 7|app: 0|req: 593/1078] 10.0.0.214 () {34 vars in 789 bytes} [Sun Apr 12 21:54:23 2026] PUT /v2.0/routers/b0f1d996-bc59-438e-a4a5-fbffafe801eb/remove_router_interface => generated 309 bytes in 960 msecs (HTTP/1.1 200) 4 headers in 157 bytes (1 switches on core 0) /var/lib/openstack/lib/python3.12/site-packages/pycadf/identifier.py:70: UserWarning: Invalid uuid: neutron. To ensure interoperability, identifiers should be a valid uuid. warnings.warn(('Invalid uuid: %s. To ensure interoperability, ' [pid: 7|app: 0|req: 594/1079] 10.0.0.214 () {32 vars in 740 bytes} [Sun Apr 12 21:54:24 2026] DELETE /v2.0/security-groups/6b91a67b-7904-4e9d-b894-08a473e90be4 => generated 0 bytes in 299 msecs (HTTP/1.1 204) 2 headers in 112 bytes (1 switches on core 0)
2026-04-12 21:54:25.016 8 INFO neutron.db.ovn_revision_numbers_db [None req-be974c82-4419-41ad-a19c-75e446471bde 806317b1051e48319a200fc91143dde5 f79793ce8c9e4b8791d76adf313762d7 - - default default] Successfully bumped revision number for resource 7332921b-96bd-48b7-aa41-87cd55002a15 (type: router_ports) to 1 [pid: 8|app: 0|req: 486/1080] 10.0.0.214 () {34 vars in 783 bytes} [Sun Apr 12 21:54:21 2026] PUT /v2.0/routers/d4a5b6a4-c84b-4d2a-80e9-615a12b4251f/add_router_interface => generated 309 bytes in 3779 msecs (HTTP/1.1 200) 4 headers in 157 bytes (1 switches on core 0)
2026-04-12 21:54:25.125 7 INFO neutron.db.ovn_revision_numbers_db [None req-6e02f5a2-844e-47d2-9337-eef694b6090d 806317b1051e48319a200fc91143dde5 f79793ce8c9e4b8791d76adf313762d7 - - default default] Successfully bumped revision number for resource 77d7906b-5369-438d-8a8e-3e7c8180f712 (type: security_groups) to 1
2026-04-12 21:54:25.149 7 INFO neutron.db.ovn_revision_numbers_db [None req-6e02f5a2-844e-47d2-9337-eef694b6090d 806317b1051e48319a200fc91143dde5 f79793ce8c9e4b8791d76adf313762d7 - - default default] Successfully bumped revision number for resource 51674d03-e195-4564-bcdc-997c7f2513e7 (type: security_group_rules) to 0
2026-04-12 21:54:25.158 7 INFO neutron.db.ovn_revision_numbers_db [None req-6e02f5a2-844e-47d2-9337-eef694b6090d 806317b1051e48319a200fc91143dde5 f79793ce8c9e4b8791d76adf313762d7 - - default default] Successfully bumped revision number for resource 698d4493-cfc5-4065-9e2a-7ff7bbb71a27 (type: security_group_rules) to 0
2026-04-12 21:54:25.168 7 INFO neutron.db.ovn_revision_numbers_db [None req-6e02f5a2-844e-47d2-9337-eef694b6090d 806317b1051e48319a200fc91143dde5 f79793ce8c9e4b8791d76adf313762d7 - - default default] Successfully bumped revision number for resource 69a150aa-d1c7-42be-946e-0c60ecd1cd8f (type: security_group_rules) to 0
2026-04-12 21:54:25.179 7 INFO neutron.db.ovn_revision_numbers_db [None req-6e02f5a2-844e-47d2-9337-eef694b6090d 806317b1051e48319a200fc91143dde5 f79793ce8c9e4b8791d76adf313762d7 - - default default] Successfully bumped revision number for resource b4af5da2-6829-4346-a211-2834aea36e41 (type: security_group_rules) to 0 [pid: 7|app: 0|req: 595/1081] 10.0.0.214 () {32 vars in 774 bytes} [Sun Apr 12 21:54:24 2026] GET /v2.0/security-groups?tenant_id=eec9eedaa1094cb6b14126fef86cd481&name=default => generated 2925 bytes in 398 msecs (HTTP/1.1 200) 4 headers in 158 bytes (1 switches on core 0)
2026-04-12 21:54:25.243 8 INFO neutron.db.ovn_revision_numbers_db [None req-58e7882e-fc65-4409-8210-f8d53d4ad7c8 - - - - - -] Successfully bumped revision number for resource 7332921b-96bd-48b7-aa41-87cd55002a15 (type: ports) to 2 [pid: 7|app: 0|req: 596/1082] 10.0.0.214 () {32 vars in 740 bytes} [Sun Apr 12 21:54:25 2026] DELETE /v2.0/security-groups/77d7906b-5369-438d-8a8e-3e7c8180f712 => generated 0 bytes in 266 msecs (HTTP/1.1 204) 2 headers in 112 bytes (1 switches on core 0)
2026-04-12 21:54:25.585 8 INFO neutron_taas.services.taas.taas_plugin [None req-55cfc37c-44f0-4e1a-94ab-1852a3019eb0 806317b1051e48319a200fc91143dde5 f79793ce8c9e4b8791d76adf313762d7 - - default default] TaaS: Handle Delete Port: ca1f738d-468b-466c-ab09-a9aa8f88886e
2026-04-12 21:54:25.589 8 INFO neutron_taas.services.taas.tap_mirror_plugin [None req-55cfc37c-44f0-4e1a-94ab-1852a3019eb0 806317b1051e48319a200fc91143dde5 f79793ce8c9e4b8791d76adf313762d7 - - default default] Tap Mirror: Handle Delete Port: ca1f738d-468b-466c-ab09-a9aa8f88886e
2026-04-12 21:54:25.679 7 INFO neutron.db.ovn_revision_numbers_db [None req-0dd19842-ff47-4ad4-9316-a47c2a10076e 94c34693cbe34a5d95ea98c55556df5c 783d6f0612a346b8831600e91fbc144b - - default default] Successfully bumped revision number for resource de707a53-8ffb-46e9-baf5-7bc5ae658a39 (type: security_groups) to 1
2026-04-12 21:54:25.691 7 INFO neutron.db.ovn_revision_numbers_db [None req-0dd19842-ff47-4ad4-9316-a47c2a10076e 94c34693cbe34a5d95ea98c55556df5c 783d6f0612a346b8831600e91fbc144b - - default default] Successfully bumped revision number for resource 0ffcd524-e9f3-4972-a6e1-2a6e1b6bdbde (type: security_group_rules) to 0
2026-04-12 21:54:25.702 7 INFO neutron.db.ovn_revision_numbers_db [None req-0dd19842-ff47-4ad4-9316-a47c2a10076e 94c34693cbe34a5d95ea98c55556df5c 783d6f0612a346b8831600e91fbc144b - - default default] Successfully bumped revision number for resource edc7d40a-b1a8-43b8-99e0-d0df2e829ac9 (type: security_group_rules) to 0 [pid: 7|app: 0|req: 597/1083] 10.0.0.214 () {34 vars in 685 bytes} [Sun Apr 12 21:54:25 2026] POST /v2.0/security-groups => generated 1660 bytes in 186 msecs (HTTP/1.1 201) 4 headers in 163 bytes (1 switches on core 0)
2026-04-12 21:54:25.958 7 INFO neutron.db.ovn_revision_numbers_db [None req-b54aa1b6-28c1-4b86-974c-303ad33d339b 806317b1051e48319a200fc91143dde5 f79793ce8c9e4b8791d76adf313762d7 - - default default] Successfully bumped revision number for resource 097d7d94-3209-4309-afc6-fa2d6acd65b0 (type: security_groups) to 1
2026-04-12 21:54:25.970 7 INFO neutron.db.ovn_revision_numbers_db [None req-b54aa1b6-28c1-4b86-974c-303ad33d339b 806317b1051e48319a200fc91143dde5 f79793ce8c9e4b8791d76adf313762d7 - - default default] Successfully bumped revision number for resource 3970a285-de69-467c-8a70-e2466545bf59 (type: security_group_rules) to 0
2026-04-12 21:54:25.982 7 INFO neutron.db.ovn_revision_numbers_db [None req-b54aa1b6-28c1-4b86-974c-303ad33d339b 806317b1051e48319a200fc91143dde5 f79793ce8c9e4b8791d76adf313762d7 - - default default] Successfully bumped revision number for resource 802a2534-05dc-428f-bf6a-881ad3f92f2e (type: security_group_rules) to 0
2026-04-12 21:54:25.992 7 INFO neutron.db.ovn_revision_numbers_db [None req-b54aa1b6-28c1-4b86-974c-303ad33d339b 806317b1051e48319a200fc91143dde5 f79793ce8c9e4b8791d76adf313762d7 - - default default] Successfully bumped revision number for resource b0767e80-24d2-4a65-82e0-d2428193f5ca (type: security_group_rules) to 0
2026-04-12 21:54:26.003 7 INFO neutron.db.ovn_revision_numbers_db [None req-b54aa1b6-28c1-4b86-974c-303ad33d339b 806317b1051e48319a200fc91143dde5 f79793ce8c9e4b8791d76adf313762d7 - - default default] Successfully bumped revision number for resource e0a06458-57fb-4934-b746-ca9d856faf86 (type: security_group_rules) to 0 [pid: 7|app: 0|req: 598/1084] 10.0.0.214 () {32 vars in 774 bytes} [Sun Apr 12 21:54:25 2026] GET /v2.0/security-groups?tenant_id=ce1e95a8c5e848a3ad5b5c3e625f54eb&name=default => generated 2925 bytes in 300 msecs (HTTP/1.1 200) 4 headers in 158 bytes (1 switches on core 0) [pid: 8|app: 0|req: 487/1085] 10.0.0.214 () {32 vars in 724 bytes} [Sun Apr 12 21:54:25 2026] DELETE /v2.0/routers/b0f1d996-bc59-438e-a4a5-fbffafe801eb => generated 0 bytes in 1112 msecs (HTTP/1.1 204) 2 headers in 112 bytes (1 switches on core 0)
2026-04-12 21:54:26.221 7 INFO neutron.db.ovn_revision_numbers_db [None req-72d03d6b-5ec8-4bb0-87a0-72003f2f6200 94c34693cbe34a5d95ea98c55556df5c 783d6f0612a346b8831600e91fbc144b - - default default] Successfully bumped revision number for resource 89236b81-4a11-4079-9071-2b5d766c6c33 (type: security_group_rules) to 0 [pid: 7|app: 0|req: 599/1086] 10.0.0.214 () {34 vars in 695 bytes} [Sun Apr 12 21:54:26 2026] POST /v2.0/security-group-rules => generated 597 bytes in 210 msecs (HTTP/1.1 201) 4 headers in 162 bytes (1 switches on core 0) [pid: 8|app: 0|req: 488/1087] 10.0.0.214 () {32 vars in 740 bytes} [Sun Apr 12 21:54:26 2026] DELETE /v2.0/security-groups/097d7d94-3209-4309-afc6-fa2d6acd65b0 => generated 0 bytes in 279 msecs (HTTP/1.1 204) 2 headers in 112 bytes (1 switches on core 0) [pid: 7|app: 0|req: 600/1088] 10.0.0.214 () {32 vars in 724 bytes} [Sun Apr 12 21:54:26 2026] DELETE /v2.0/subnets/9bcddf30-4a13-4462-a386-9d92e5bbb986 => generated 0 bytes in 213 msecs (HTTP/1.1 204) 3 headers in 131 bytes (1 switches on core 0)
2026-04-12 21:54:26.576 7 INFO neutron_taas.services.taas.taas_plugin [None req-c3cb5479-3a82-4fc3-beb1-7b1065ad5c91 806317b1051e48319a200fc91143dde5 f79793ce8c9e4b8791d76adf313762d7 - - default default] TaaS: Handle Delete Port: 739f49dc-3d0b-499d-a1b4-8adfa004a97e
2026-04-12 21:54:26.580 7 INFO neutron_taas.services.taas.tap_mirror_plugin [None req-c3cb5479-3a82-4fc3-beb1-7b1065ad5c91 806317b1051e48319a200fc91143dde5 f79793ce8c9e4b8791d76adf313762d7 - - default default] Tap Mirror: Handle Delete Port: 739f49dc-3d0b-499d-a1b4-8adfa004a97e
2026-04-12 21:54:26.603 8 INFO neutron.db.ovn_revision_numbers_db [None req-a50526f0-76d5-44bc-867e-db77586134fc 94c34693cbe34a5d95ea98c55556df5c 783d6f0612a346b8831600e91fbc144b - - default default] Successfully bumped revision number for resource 3746a459-335d-449a-bf16-730889a54ac6 (type: security_group_rules) to 0 [pid: 8|app: 0|req: 489/1089] 10.0.0.214 () {34 vars in 695 bytes} [Sun Apr 12 21:54:26 2026] POST /v2.0/security-group-rules => generated 602 bytes in 211 msecs (HTTP/1.1 201) 4 headers in 162 bytes (1 switches on core 0)
2026-04-12 21:54:26.856 7 INFO neutron.services.segments.plugin [-] Segment a79f578e-adf1-4657-b112-fb1ec1017e50 resource provider aggregate not found
2026-04-12 21:54:26.862 7 INFO neutron.services.segments.plugin [-] Segment a79f578e-adf1-4657-b112-fb1ec1017e50 resource provider aggregate not found
2026-04-12 21:54:26.893 7 INFO neutron.services.segments.plugin [-] Segment a79f578e-adf1-4657-b112-fb1ec1017e50 resource provider not found; error: Placement Client Error (4xx): {"errors": [{"status": 404, "title": "Not Found", "detail": "The resource could not be found.\n\n No resource provider with uuid a79f578e-adf1-4657-b112-fb1ec1017e50 found for delete ", "request_id": "req-c7af2d75-dbe8-4561-a2db-3708992bde65"}]}
2026-04-12 21:54:26.896 7 INFO neutron.services.segments.plugin [-] Segment a79f578e-adf1-4657-b112-fb1ec1017e50 resource provider not found; error: Placement Client Error (4xx): {"errors": [{"status": 404, "title": "Not Found", "detail": "The resource could not be found.\n\n No resource provider with uuid a79f578e-adf1-4657-b112-fb1ec1017e50 found for delete ", "request_id": "req-cc40cd66-f0e8-42fb-8d51-143fd258fbc8"}]} [pid: 7|app: 0|req: 601/1090] 10.0.0.214 () {32 vars in 726 bytes} [Sun Apr 12 21:54:26 2026] DELETE /v2.0/networks/8b3b3600-2d62-44da-82e4-a851a261761f => generated 0 bytes in 469 msecs (HTTP/1.1 204) 3 headers in 131 bytes (1 switches on core 0)
2026-04-12 21:54:26.962 8 WARNING neutron.scheduler.dhcp_agent_scheduler [None req-12e440e9-aa1c-4d1b-94f9-da68f281e1c2 94c34693cbe34a5d95ea98c55556df5c 783d6f0612a346b8831600e91fbc144b - - default default] No more DHCP agents
2026-04-12 21:54:26.963 8 WARNING neutron.api.rpc.agentnotifiers.dhcp_rpc_agent_api [None req-12e440e9-aa1c-4d1b-94f9-da68f281e1c2 94c34693cbe34a5d95ea98c55556df5c 783d6f0612a346b8831600e91fbc144b - - default default] Unable to schedule network 4db6d336-c2e2-4c72-b6d4-5eea2844d5d9: no agents available; will retry on subsequent port and subnet creation events. [pid: 8|app: 0|req: 490/1091] 10.0.0.214 () {34 vars in 676 bytes} [Sun Apr 12 21:54:26 2026] POST /v2.0/floatingips => generated 552 bytes in 622 msecs (HTTP/1.1 201) 4 headers in 162 bytes (1 switches on core 0) [pid: 8|app: 0|req: 491/1092] 10.0.0.214 () {32 vars in 774 bytes} [Sun Apr 12 21:54:27 2026] GET /v2.0/security-groups?tenant_id=875499b9d7854a7cb32c59cdfca0f1c7&name=default => generated 2921 bytes in 33 msecs (HTTP/1.1 200) 4 headers in 158 bytes (1 switches on core 0)
2026-04-12 21:54:27.491 7 INFO neutron.db.ovn_revision_numbers_db [None req-66b2a57a-8a9f-4a05-a549-20ebdd49ca4b 806317b1051e48319a200fc91143dde5 f79793ce8c9e4b8791d76adf313762d7 - - default default] Successfully bumped revision number for resource c7fd474c-34b2-4f4f-91e5-8b8d0a5567ba (type: security_groups) to 1
2026-04-12 21:54:27.505 7 INFO neutron.db.ovn_revision_numbers_db [None req-66b2a57a-8a9f-4a05-a549-20ebdd49ca4b 806317b1051e48319a200fc91143dde5 f79793ce8c9e4b8791d76adf313762d7 - - default default] Successfully bumped revision number for resource 326687fa-3adc-4376-b8ed-01891307aa2a (type: security_group_rules) to 0
2026-04-12 21:54:27.535 7 INFO neutron.db.ovn_revision_numbers_db [None req-66b2a57a-8a9f-4a05-a549-20ebdd49ca4b 806317b1051e48319a200fc91143dde5 f79793ce8c9e4b8791d76adf313762d7 - - default default] Successfully bumped revision number for resource 7285bbe0-cdd6-4dc9-8549-31c170a51cd7 (type: security_group_rules) to 0
2026-04-12 21:54:27.581 7 INFO neutron.db.ovn_revision_numbers_db [None req-66b2a57a-8a9f-4a05-a549-20ebdd49ca4b 806317b1051e48319a200fc91143dde5 f79793ce8c9e4b8791d76adf313762d7 - - default default] Successfully bumped revision number for resource 90c2d811-5a8b-4976-a341-8a31d1905a8a (type: security_group_rules) to 0
2026-04-12 21:54:27.599 7 INFO neutron.db.ovn_revision_numbers_db [None req-66b2a57a-8a9f-4a05-a549-20ebdd49ca4b 806317b1051e48319a200fc91143dde5 f79793ce8c9e4b8791d76adf313762d7 - - default default] Successfully bumped revision number for resource fca480f8-1668-486a-989e-542ea6982e37 (type: security_group_rules) to 0 [pid: 7|app: 0|req: 602/1093] 10.0.0.214 () {32 vars in 774 bytes} [Sun Apr 12 21:54:26 2026] GET /v2.0/security-groups?tenant_id=2d309d9a98ab4b91a400f4e81d6d555b&name=default => generated 2925 bytes in 710 msecs (HTTP/1.1 200) 4 headers in 158 bytes (1 switches on core 0) [pid: 8|app: 0|req: 492/1094] 10.0.0.214 () {32 vars in 740 bytes} [Sun Apr 12 21:54:27 2026] DELETE /v2.0/security-groups/caeb4e59-4b63-415f-9915-bf22267595d4 => generated 0 bytes in 414 msecs (HTTP/1.1 204) 2 headers in 112 bytes (1 switches on core 0) [pid: 8|app: 0|req: 493/1095] 10.0.0.131 () {34 vars in 1100 bytes} [Sun Apr 12 21:54:27 2026] GET /v2.0/security-groups?name=tempest-securitygroup--1176451286&fields=id&tenant_id=783d6f0612a346b8831600e91fbc144b => generated 69 bytes in 26 msecs (HTTP/1.1 200) 4 headers in 156 bytes (1 switches on core 0) [pid: 8|app: 0|req: 494/1096] 10.0.0.131 () {34 vars in 982 bytes} [Sun Apr 12 21:54:27 2026] GET /v2.0/networks?id=6ceb0828-6571-468a-a41f-4eae6e5f9b00 => generated 712 bytes in 79 msecs (HTTP/1.1 200) 4 headers in 157 bytes (1 switches on core 0) [pid: 8|app: 0|req: 495/1097] 10.0.0.131 () {34 vars in 965 bytes} [Sun Apr 12 21:54:27 2026] GET /v2.0/quotas/783d6f0612a346b8831600e91fbc144b => generated 292 bytes in 17 msecs (HTTP/1.1 200) 4 headers in 157 bytes (1 switches on core 0) [pid: 7|app: 0|req: 603/1098] 10.0.0.214 () {32 vars in 740 bytes} [Sun Apr 12 21:54:27 2026] DELETE /v2.0/security-groups/c7fd474c-34b2-4f4f-91e5-8b8d0a5567ba => generated 0 bytes in 327 msecs (HTTP/1.1 204) 2 headers in 112 bytes (1 switches on core 0) [pid: 8|app: 0|req: 496/1099] 10.0.0.131 () {34 vars in 1002 bytes} [Sun Apr 12 21:54:27 2026] GET /v2.0/ports?tenant_id=783d6f0612a346b8831600e91fbc144b&fields=id => generated 103 bytes in 145 msecs (HTTP/1.1 200) 4 headers in 157 bytes (1 switches on core 0) [pid: 7|app: 0|req: 604/1100] 10.0.0.131 () {34 vars in 1008 bytes} [Sun Apr 12 21:54:28 2026] GET /v2.0/networks/6ceb0828-6571-468a-a41f-4eae6e5f9b00?fields=segments => generated 14 bytes in 48 msecs (HTTP/1.1 200) 4 headers in 156 bytes (1 switches on core 0) [pid: 8|app: 0|req: 497/1101] 10.0.0.131 () {34 vars in 1108 bytes} [Sun Apr 12 21:54:28 2026] GET /v2.0/networks/6ceb0828-6571-468a-a41f-4eae6e5f9b00?fields=provider%3Aphysical_network&fields=provider%3Anetwork_type => generated 79 bytes in 59 msecs (HTTP/1.1 200) 4 headers in 156 bytes (1 switches on core 0) [pid: 7|app: 0|req: 606/1104] 10.0.0.131 () {34 vars in 990 bytes} [Sun Apr 12 21:54:28 2026] GET /v2.0/ports?device_id=860064bf-64a5-4aea-b4e3-69f0fc6bd2a9 => generated 12 bytes in 21 msecs (HTTP/1.1 200) 4 headers in 156 bytes (1 switches on core 0) [pid: 7|app: 0|req: 607/1105] 10.0.0.131 () {34 vars in 990 bytes} [Sun Apr 12 21:54:29 2026] GET /v2.0/ports?device_id=860064bf-64a5-4aea-b4e3-69f0fc6bd2a9 => generated 12 bytes in 29 msecs (HTTP/1.1 200) 4 headers in 156 bytes (1 switches on core 0)
2026-04-12 21:54:29.675 8 INFO neutron.db.ovn_revision_numbers_db [None req-5dd80a8e-8ee5-4fa7-9f73-ddaa50cae58b 806317b1051e48319a200fc91143dde5 f79793ce8c9e4b8791d76adf313762d7 - - default default] Successfully bumped revision number for resource 6989d91a-3b06-4384-92fe-7399223b0b7b (type: security_groups) to 1
2026-04-12 21:54:29.688 8 INFO neutron.db.ovn_revision_numbers_db [None req-5dd80a8e-8ee5-4fa7-9f73-ddaa50cae58b 806317b1051e48319a200fc91143dde5 f79793ce8c9e4b8791d76adf313762d7 - - default default] Successfully bumped revision number for resource 38a27695-740b-408a-ba02-261988cc13a1 (type: security_group_rules) to 0
2026-04-12 21:54:29.701 8 INFO neutron.db.ovn_revision_numbers_db [None req-5dd80a8e-8ee5-4fa7-9f73-ddaa50cae58b 806317b1051e48319a200fc91143dde5 f79793ce8c9e4b8791d76adf313762d7 - - default default] Successfully bumped revision number for resource 6c1b830a-2983-46d8-9637-35456650ea8a (type: security_group_rules) to 0
2026-04-12 21:54:29.713 8 INFO neutron.db.ovn_revision_numbers_db [None req-5dd80a8e-8ee5-4fa7-9f73-ddaa50cae58b 806317b1051e48319a200fc91143dde5 f79793ce8c9e4b8791d76adf313762d7 - - default default] Successfully bumped revision number for resource 77e87643-7862-4217-9be1-306af97b860a (type: security_group_rules) to 0
2026-04-12 21:54:29.726 8 INFO neutron.db.ovn_revision_numbers_db [None req-5dd80a8e-8ee5-4fa7-9f73-ddaa50cae58b 806317b1051e48319a200fc91143dde5 f79793ce8c9e4b8791d76adf313762d7 - - default default] Successfully bumped revision number for resource f0e6f61b-9c65-4898-90ea-62906972358f (type: security_group_rules) to 0
2026-04-12 21:54:29.799 8 INFO neutron.db.segments_db [None req-5dd80a8e-8ee5-4fa7-9f73-ddaa50cae58b 806317b1051e48319a200fc91143dde5 f79793ce8c9e4b8791d76adf313762d7 - - default default] Added segment 35fcf56e-6e48-491f-93ec-f9c5d8d83c04 of type geneve for network 010f47ed-8e9e-4c94-a40b-ed4f98a705b6
2026-04-12 21:54:29.924 8 INFO neutron.db.ovn_revision_numbers_db [None req-5dd80a8e-8ee5-4fa7-9f73-ddaa50cae58b 806317b1051e48319a200fc91143dde5 f79793ce8c9e4b8791d76adf313762d7 - - default default] Successfully bumped revision number for resource 010f47ed-8e9e-4c94-a40b-ed4f98a705b6 (type: networks) to 1
2026-04-12 21:54:30.203 7 INFO neutron.db.ovn_revision_numbers_db [None req-b30e6e32-ac1a-4bde-b623-1f72570e6bb0 ab3a40053e3e47fd8a38b6b5ca23bb4d 1dd8a7c9b575463287b141b1efece892 - - default default] Successfully bumped revision number for resource bfd07dcb-a03e-4b07-bc09-b24f8f7051d2 (type: security_groups) to 1
2026-04-12 21:54:30.214 7 INFO neutron.db.ovn_revision_numbers_db [None req-b30e6e32-ac1a-4bde-b623-1f72570e6bb0 ab3a40053e3e47fd8a38b6b5ca23bb4d 1dd8a7c9b575463287b141b1efece892 - - default default] Successfully bumped revision number for resource 1135f8fb-8721-44df-b2b4-040b197dbc6e (type: security_group_rules) to 0
2026-04-12 21:54:30.226 7 INFO neutron.db.ovn_revision_numbers_db [None req-b30e6e32-ac1a-4bde-b623-1f72570e6bb0 ab3a40053e3e47fd8a38b6b5ca23bb4d 1dd8a7c9b575463287b141b1efece892 - - default default] Successfully bumped revision number for resource 1acb4926-8556-4265-993a-af0bf04a50a9 (type: security_group_rules) to 0
2026-04-12 21:54:30.237 7 INFO neutron.db.ovn_revision_numbers_db [None req-b30e6e32-ac1a-4bde-b623-1f72570e6bb0 ab3a40053e3e47fd8a38b6b5ca23bb4d 1dd8a7c9b575463287b141b1efece892 - - default default] Successfully bumped revision number for resource 63191613-c401-48da-954f-dbb302312a21 (type: security_group_rules) to 0
2026-04-12 21:54:30.247 7 INFO neutron.db.ovn_revision_numbers_db [None req-b30e6e32-ac1a-4bde-b623-1f72570e6bb0 ab3a40053e3e47fd8a38b6b5ca23bb4d 1dd8a7c9b575463287b141b1efece892 - - default default] Successfully bumped revision number for resource 7a3758d1-a01f-4f42-8064-76ce24724c38 (type: security_group_rules) to 0
2026-04-12 21:54:30.320 7 INFO neutron.db.segments_db [None req-b30e6e32-ac1a-4bde-b623-1f72570e6bb0 ab3a40053e3e47fd8a38b6b5ca23bb4d 1dd8a7c9b575463287b141b1efece892 - - default default] Added segment 2dc7a5a8-16f5-4142-986a-909e7399d971 of type geneve for network 319759aa-1d56-4d65-b96f-a7ef8dec01dd
2026-04-12 21:54:30.472 7 INFO neutron.db.ovn_revision_numbers_db [None req-b30e6e32-ac1a-4bde-b623-1f72570e6bb0 ab3a40053e3e47fd8a38b6b5ca23bb4d 1dd8a7c9b575463287b141b1efece892 - - default default] Successfully bumped revision number for resource 319759aa-1d56-4d65-b96f-a7ef8dec01dd (type: networks) to 1
2026-04-12 21:54:30.591 8 WARNING neutron.plugins.ml2.drivers.ovn.mech_driver.ovsdb.ovn_client [None req-3d4102c3-657c-4324-a7b8-9aa8d144a3a9 - - - - - -] No hosting information found for port 7332921b-96bd-48b7-aa41-87cd55002a15: RuntimeError: No hosting information found for port 7332921b-96bd-48b7-aa41-87cd55002a15
2026-04-12 21:54:30.718 7 WARNING neutron.scheduler.dhcp_agent_scheduler [None req-b30e6e32-ac1a-4bde-b623-1f72570e6bb0 ab3a40053e3e47fd8a38b6b5ca23bb4d 1dd8a7c9b575463287b141b1efece892 - - default default] No more DHCP agents
2026-04-12 21:54:30.719 7 WARNING neutron.api.rpc.agentnotifiers.dhcp_rpc_agent_api [None req-b30e6e32-ac1a-4bde-b623-1f72570e6bb0 ab3a40053e3e47fd8a38b6b5ca23bb4d 1dd8a7c9b575463287b141b1efece892 - - default default] Unable to schedule network 319759aa-1d56-4d65-b96f-a7ef8dec01dd: no agents available; will retry on subsequent port and subnet creation events.
2026-04-12 21:54:30.772 8 INFO neutron.db.ovn_revision_numbers_db [None req-3d4102c3-657c-4324-a7b8-9aa8d144a3a9 - - - - - -] Successfully bumped revision number for resource 7332921b-96bd-48b7-aa41-87cd55002a15 (type: router_ports) to 2
2026-04-12 21:54:30.837 7 INFO neutron.db.ovn_revision_numbers_db [None req-b30e6e32-ac1a-4bde-b623-1f72570e6bb0 ab3a40053e3e47fd8a38b6b5ca23bb4d 1dd8a7c9b575463287b141b1efece892 - - default default] Successfully bumped revision number for resource 22b14e50-14b8-476b-80e4-be957fabeae9 (type: ports) to 1 [pid: 7|app: 0|req: 608/1106] 10.0.0.214 () {34 vars in 670 bytes} [Sun Apr 12 21:54:29 2026] POST /v2.0/networks => generated 687 bytes in 1020 msecs (HTTP/1.1 201) 4 headers in 162 bytes (1 switches on core 0)
2026-04-12 21:54:30.880 8 WARNING neutron.scheduler.dhcp_agent_scheduler [None req-5dd80a8e-8ee5-4fa7-9f73-ddaa50cae58b 806317b1051e48319a200fc91143dde5 f79793ce8c9e4b8791d76adf313762d7 - - default default] No more DHCP agents [pid: 7|app: 0|req: 609/1107] 10.0.0.131 () {34 vars in 990 bytes} [Sun Apr 12 21:54:30 2026] GET /v2.0/ports?device_id=860064bf-64a5-4aea-b4e3-69f0fc6bd2a9 => generated 12 bytes in 20 msecs (HTTP/1.1 200) 4 headers in 156 bytes (1 switches on core 0)
2026-04-12 21:54:30.885 8 WARNING neutron.api.rpc.agentnotifiers.dhcp_rpc_agent_api [None req-5dd80a8e-8ee5-4fa7-9f73-ddaa50cae58b 806317b1051e48319a200fc91143dde5 f79793ce8c9e4b8791d76adf313762d7 - - default default] Unable to schedule network 010f47ed-8e9e-4c94-a40b-ed4f98a705b6: no agents available; will retry on subsequent port and subnet creation events.
2026-04-12 21:54:30.895 8 INFO neutron.plugins.ml2.drivers.ovn.mech_driver.mech_driver [None req-3d4102c3-657c-4324-a7b8-9aa8d144a3a9 - - - - - -] OVN reports status down for port: 22b14e50-14b8-476b-80e4-be957fabeae9
2026-04-12 21:54:31.021 8 INFO neutron.plugins.ml2.drivers.ovn.mech_driver.mech_driver [None req-3d4102c3-657c-4324-a7b8-9aa8d144a3a9 - - - - - -] OVN reports status down for port: 46e9e523-6f09-4f65-898f-3157134d3a28
2026-04-12 21:54:31.064 8 INFO neutron.db.ovn_revision_numbers_db [None req-5dd80a8e-8ee5-4fa7-9f73-ddaa50cae58b 806317b1051e48319a200fc91143dde5 f79793ce8c9e4b8791d76adf313762d7 - - default default] Successfully bumped revision number for resource 46e9e523-6f09-4f65-898f-3157134d3a28 (type: ports) to 1 [pid: 8|app: 0|req: 499/1108] 10.0.0.214 () {34 vars in 671 bytes} [Sun Apr 12 21:54:29 2026] POST /v2.0/networks => generated 789 bytes in 1857 msecs (HTTP/1.1 201) 4 headers in 162 bytes (1 switches on core 0)
2026-04-12 21:54:31.117 7 WARNING neutron.scheduler.dhcp_agent_scheduler [None req-8b8f329b-bdee-4ea3-bc0d-39c6dda27734 ab3a40053e3e47fd8a38b6b5ca23bb4d 1dd8a7c9b575463287b141b1efece892 - - default default] No more DHCP agents
2026-04-12 21:54:31.119 7 WARNING neutron.api.rpc.agentnotifiers.dhcp_rpc_agent_api [None req-8b8f329b-bdee-4ea3-bc0d-39c6dda27734 ab3a40053e3e47fd8a38b6b5ca23bb4d 1dd8a7c9b575463287b141b1efece892 - - default default] Unable to schedule network 319759aa-1d56-4d65-b96f-a7ef8dec01dd: no agents available; will retry on subsequent port and subnet creation events.
2026-04-12 21:54:31.140 7 INFO neutron.db.ovn_revision_numbers_db [None req-8b8f329b-bdee-4ea3-bc0d-39c6dda27734 ab3a40053e3e47fd8a38b6b5ca23bb4d 1dd8a7c9b575463287b141b1efece892 - - default default] Successfully bumped revision number for resource ff854187-4461-43cf-a1e0-58f3d1ae99fe (type: subnets) to 0 [pid: 7|app: 0|req: 610/1109] 10.0.0.214 () {34 vars in 669 bytes} [Sun Apr 12 21:54:30 2026] POST /v2.0/subnets => generated 627 bytes in 274 msecs (HTTP/1.1 201) 4 headers in 162 bytes (1 switches on core 0)
2026-04-12 21:54:31.241 8 WARNING neutron.scheduler.dhcp_agent_scheduler [None req-e4a590ff-bb6a-4c9a-a2c3-e5ef17c63890 806317b1051e48319a200fc91143dde5 f79793ce8c9e4b8791d76adf313762d7 - - default default] No more DHCP agents
2026-04-12 21:54:31.242 8 WARNING neutron.api.rpc.agentnotifiers.dhcp_rpc_agent_api [None req-e4a590ff-bb6a-4c9a-a2c3-e5ef17c63890 806317b1051e48319a200fc91143dde5 f79793ce8c9e4b8791d76adf313762d7 - - default default] Unable to schedule network 010f47ed-8e9e-4c94-a40b-ed4f98a705b6: no agents available; will retry on subsequent port and subnet creation events.
2026-04-12 21:54:31.604 7 WARNING neutron.scheduler.dhcp_agent_scheduler [None req-4ecbbab1-4d9c-45e3-ab0b-a29df3c27dcf ab3a40053e3e47fd8a38b6b5ca23bb4d 1dd8a7c9b575463287b141b1efece892 - - default default] No more DHCP agents
2026-04-12 21:54:31.605 7 WARNING neutron.api.rpc.agentnotifiers.dhcp_rpc_agent_api [None req-4ecbbab1-4d9c-45e3-ab0b-a29df3c27dcf ab3a40053e3e47fd8a38b6b5ca23bb4d 1dd8a7c9b575463287b141b1efece892 - - default default] Unable to schedule network 4db6d336-c2e2-4c72-b6d4-5eea2844d5d9: no agents available; will retry on subsequent port and subnet creation events.
2026-04-12 21:54:31.684 8 INFO neutron.db.ovn_revision_numbers_db [None req-d47f8be6-3fd4-4bb5-a4c9-e05b79865534 - - - - - -] Successfully bumped revision number for resource 46e9e523-6f09-4f65-898f-3157134d3a28 (type: ports) to 2
2026-04-12 21:54:31.716 8 INFO neutron.db.ovn_revision_numbers_db [None req-d47f8be6-3fd4-4bb5-a4c9-e05b79865534 - - - - - -] Successfully bumped revision number for resource ebbd0fdc-d271-4771-b4d6-17e8a35dc2e6 (type: subnets) to 0 [pid: 8|app: 0|req: 500/1110] 10.0.0.214 () {34 vars in 669 bytes} [Sun Apr 12 21:54:31 2026] POST /v2.0/subnets => generated 695 bytes in 649 msecs (HTTP/1.1 201) 4 headers in 162 bytes (1 switches on core 0)
2026-04-12 21:54:31.793 8 INFO neutron.plugins.ml2.drivers.ovn.mech_driver.mech_driver [None req-3d4102c3-657c-4324-a7b8-9aa8d144a3a9 - - - - - -] OVN reports status down for port: b2e69d54-5722-4425-87fc-a207d7a0f89c
2026-04-12 21:54:31.807 7 INFO neutron.db.ovn_revision_numbers_db [None req-4ecbbab1-4d9c-45e3-ab0b-a29df3c27dcf ab3a40053e3e47fd8a38b6b5ca23bb4d 1dd8a7c9b575463287b141b1efece892 - - default default] Successfully bumped revision number for resource b2e69d54-5722-4425-87fc-a207d7a0f89c (type: ports) to 1
2026-04-12 21:54:32.210 8 WARNING neutron.scheduler.dhcp_agent_scheduler [None req-26359b2f-9ad7-4d49-94f2-185025c773fc 806317b1051e48319a200fc91143dde5 f79793ce8c9e4b8791d76adf313762d7 - - default default] No more DHCP agents
2026-04-12 21:54:32.211 8 WARNING neutron.api.rpc.agentnotifiers.dhcp_rpc_agent_api [None req-26359b2f-9ad7-4d49-94f2-185025c773fc 806317b1051e48319a200fc91143dde5 f79793ce8c9e4b8791d76adf313762d7 - - default default] Unable to schedule network 4db6d336-c2e2-4c72-b6d4-5eea2844d5d9: no agents available; will retry on subsequent port and subnet creation events.
2026-04-12 21:54:32.337 8 INFO neutron.plugins.ml2.drivers.ovn.mech_driver.mech_driver [None req-3d4102c3-657c-4324-a7b8-9aa8d144a3a9 - - - - - -] OVN reports status down for port: e9d32438-bf19-4e98-a06c-f184b9e0ec6b
2026-04-12 21:54:32.403 8 INFO neutron.db.ovn_revision_numbers_db [None req-26359b2f-9ad7-4d49-94f2-185025c773fc 806317b1051e48319a200fc91143dde5 f79793ce8c9e4b8791d76adf313762d7 - - default default] Successfully bumped revision number for resource e9d32438-bf19-4e98-a06c-f184b9e0ec6b (type: ports) to 1
2026-04-12 21:54:32.429 7 INFO neutron.plugins.ml2.drivers.ovn.mech_driver.ovsdb.commands [-] Schedule LRP lrp-b2e69d54-5722-4425-87fc-a207d7a0f89c on gateway 2463229f-0141-4b5c-9c60-5c5ffd0cf5ea with priority 1
2026-04-12 21:54:32.531 7 INFO neutron.db.ovn_revision_numbers_db [None req-4ecbbab1-4d9c-45e3-ab0b-a29df3c27dcf ab3a40053e3e47fd8a38b6b5ca23bb4d 1dd8a7c9b575463287b141b1efece892 - - default default] Successfully bumped revision number for resource b2e69d54-5722-4425-87fc-a207d7a0f89c (type: router_ports) to 1
2026-04-12 21:54:32.607 7 INFO neutron.db.ovn_revision_numbers_db [None req-4ecbbab1-4d9c-45e3-ab0b-a29df3c27dcf ab3a40053e3e47fd8a38b6b5ca23bb4d 1dd8a7c9b575463287b141b1efece892 - - default default] Successfully bumped revision number for resource 285da779-d2c7-43bf-b96f-148f3278dc47 (type: routers) to 2 [pid: 7|app: 0|req: 611/1111] 10.0.0.214 () {34 vars in 669 bytes} [Sun Apr 12 21:54:31 2026] POST /v2.0/routers => generated 954 bytes in 1469 msecs (HTTP/1.1 201) 4 headers in 162 bytes (1 switches on core 0) [pid: 7|app: 0|req: 612/1112] 10.0.0.131 () {34 vars in 990 bytes} [Sun Apr 12 21:54:32 2026] GET /v2.0/ports?device_id=860064bf-64a5-4aea-b4e3-69f0fc6bd2a9 => generated 12 bytes in 24 msecs (HTTP/1.1 200) 4 headers in 156 bytes (1 switches on core 0)
2026-04-12 21:54:32.662 8 INFO neutron.plugins.ml2.drivers.ovn.mech_driver.mech_driver [None req-3d4102c3-657c-4324-a7b8-9aa8d144a3a9 - - - - - -] OVN reports status up for port: b2e69d54-5722-4425-87fc-a207d7a0f89c
2026-04-12 21:54:32.700 8 INFO neutron.plugins.ml2.plugin [None req-3d4102c3-657c-4324-a7b8-9aa8d144a3a9 - - - - - -] Attempt 1 to provision port b2e69d54-5722-4425-87fc-a207d7a0f89c
2026-04-12 21:54:32.963 7 INFO neutron.db.ovn_revision_numbers_db [None req-de7f4685-c405-445b-ad03-ce4c66852035 806317b1051e48319a200fc91143dde5 f79793ce8c9e4b8791d76adf313762d7 - - default default] Successfully bumped revision number for resource 77a42d1a-8200-46e5-95cc-7a1b10bec4f5 (type: security_groups) to 1
2026-04-12 21:54:32.991 7 INFO neutron.db.ovn_revision_numbers_db [None req-de7f4685-c405-445b-ad03-ce4c66852035 806317b1051e48319a200fc91143dde5 f79793ce8c9e4b8791d76adf313762d7 - - default default] Successfully bumped revision number for resource 1f5b097b-5b1e-4030-97c5-2d09b547fe18 (type: security_group_rules) to 0
2026-04-12 21:54:33.006 7 INFO neutron.db.ovn_revision_numbers_db [None req-de7f4685-c405-445b-ad03-ce4c66852035 806317b1051e48319a200fc91143dde5 f79793ce8c9e4b8791d76adf313762d7 - - default default] Successfully bumped revision number for resource 9b1fcd55-3783-4a18-ac04-9c64733dda65 (type: security_group_rules) to 0
2026-04-12 21:54:33.017 7 INFO neutron.db.ovn_revision_numbers_db [None req-de7f4685-c405-445b-ad03-ce4c66852035 806317b1051e48319a200fc91143dde5 f79793ce8c9e4b8791d76adf313762d7 - - default default] Successfully bumped revision number for resource b324ff17-5fcd-43e8-b620-3edc8638d709 (type: security_group_rules) to 0
2026-04-12 21:54:33.029 7 INFO neutron.db.ovn_revision_numbers_db [None req-de7f4685-c405-445b-ad03-ce4c66852035 806317b1051e48319a200fc91143dde5 f79793ce8c9e4b8791d76adf313762d7 - - default default] Successfully bumped revision number for resource d1f94253-d8c1-4716-bb0f-1e21479f3e5a (type: security_group_rules) to 0 [pid: 7|app: 0|req: 613/1113] 10.0.0.214 () {32 vars in 774 bytes} [Sun Apr 12 21:54:32 2026] GET /v2.0/security-groups?tenant_id=dd3a3842b0dc4be494b3de08b051ea7d&name=default => generated 2925 bytes in 425 msecs (HTTP/1.1 200) 4 headers in 158 bytes (1 switches on core 0) [pid: 7|app: 0|req: 614/1114] 199.204.45.65 () {34 vars in 985 bytes} [Sun Apr 12 21:54:33 2026] GET /v2.0/networks?id=6ceb0828-6571-468a-a41f-4eae6e5f9b00 => generated 712 bytes in 47 msecs (HTTP/1.1 200) 4 headers in 157 bytes (1 switches on core 0)
2026-04-12 21:54:33.230 8 INFO neutron.plugins.ml2.drivers.ovn.mech_driver.ovsdb.commands [None req-719ca7d1-834e-44dc-870f-ed55070a22e1 - - - - - -] Schedule LRP lrp-e9d32438-bf19-4e98-a06c-f184b9e0ec6b on gateway 2463229f-0141-4b5c-9c60-5c5ffd0cf5ea with priority 1
2026-04-12 21:54:33.323 8 INFO neutron.plugins.ml2.drivers.ovn.mech_driver.ovsdb.ovsdb_monitor [None req-77281f34-8bd1-4345-978e-e04d7987f6ac - - - - - -] Router d5ecdf94-67f6-46ff-946d-79294c2b95cb is bound to host instance
2026-04-12 21:54:33.399 8 INFO neutron.db.ovn_revision_numbers_db [None req-26359b2f-9ad7-4d49-94f2-185025c773fc 806317b1051e48319a200fc91143dde5 f79793ce8c9e4b8791d76adf313762d7 - - default default] Successfully bumped revision number for resource e9d32438-bf19-4e98-a06c-f184b9e0ec6b (type: router_ports) to 1
2026-04-12 21:54:33.528 8 INFO neutron.db.ovn_revision_numbers_db [None req-26359b2f-9ad7-4d49-94f2-185025c773fc 806317b1051e48319a200fc91143dde5 f79793ce8c9e4b8791d76adf313762d7 - - default default] Successfully bumped revision number for resource d5ecdf94-67f6-46ff-946d-79294c2b95cb (type: routers) to 2 [pid: 8|app: 0|req: 501/1115] 10.0.0.214 () {34 vars in 669 bytes} [Sun Apr 12 21:54:31 2026] POST /v2.0/routers => generated 973 bytes in 1793 msecs (HTTP/1.1 201) 4 headers in 162 bytes (1 switches on core 0) [pid: 8|app: 0|req: 502/1116] 10.0.0.214 () {32 vars in 740 bytes} [Sun Apr 12 21:54:33 2026] DELETE /v2.0/security-groups/77a42d1a-8200-46e5-95cc-7a1b10bec4f5 => generated 0 bytes in 575 msecs (HTTP/1.1 204) 2 headers in 112 bytes (1 switches on core 0) [pid: 8|app: 0|req: 503/1117] 199.204.45.65 () {34 vars in 1049 bytes} [Sun Apr 12 21:54:34 2026] GET /v2.0/security-groups?fields=id&fields=name&tenant_id=783d6f0612a346b8831600e91fbc144b => generated 181 bytes in 59 msecs (HTTP/1.1 200) 4 headers in 157 bytes (1 switches on core 0)
2026-04-12 21:54:34.389 7 WARNING neutron.scheduler.dhcp_agent_scheduler [None req-1323d9fb-cb45-4bc7-bc68-4c4f47f953c1 ab3a40053e3e47fd8a38b6b5ca23bb4d 1dd8a7c9b575463287b141b1efece892 - - default default] No more DHCP agents
2026-04-12 21:54:34.390 7 WARNING neutron.api.rpc.agentnotifiers.dhcp_rpc_agent_api [None req-1323d9fb-cb45-4bc7-bc68-4c4f47f953c1 ab3a40053e3e47fd8a38b6b5ca23bb4d 1dd8a7c9b575463287b141b1efece892 - - default default] Unable to schedule network 319759aa-1d56-4d65-b96f-a7ef8dec01dd: no agents available; will retry on subsequent port and subnet creation events.
2026-04-12 21:54:34.549 7 INFO neutron.db.ovn_revision_numbers_db [None req-1323d9fb-cb45-4bc7-bc68-4c4f47f953c1 ab3a40053e3e47fd8a38b6b5ca23bb4d 1dd8a7c9b575463287b141b1efece892 - - default default] Successfully bumped revision number for resource 9eebd6f2-4b80-4ac2-886d-c99cb167f4e0 (type: ports) to 1
2026-04-12 21:54:34.890 8 INFO neutron.db.ovn_revision_numbers_db [None req-b23d46b6-cd03-4e7d-ae54-d20a25806d06 - - - - - -] Successfully bumped revision number for resource e9d32438-bf19-4e98-a06c-f184b9e0ec6b (type: ports) to 4
2026-04-12 21:54:35.071 8 WARNING neutron.scheduler.dhcp_agent_scheduler [None req-a3e6e3df-fe08-46be-a74d-e07ff186dff4 806317b1051e48319a200fc91143dde5 f79793ce8c9e4b8791d76adf313762d7 - - default default] No more DHCP agents
2026-04-12 21:54:35.074 8 WARNING neutron.api.rpc.agentnotifiers.dhcp_rpc_agent_api [None req-a3e6e3df-fe08-46be-a74d-e07ff186dff4 806317b1051e48319a200fc91143dde5 f79793ce8c9e4b8791d76adf313762d7 - - default default] Unable to schedule network 010f47ed-8e9e-4c94-a40b-ed4f98a705b6: no agents available; will retry on subsequent port and subnet creation events.
2026-04-12 21:54:35.260 7 WARNING neutron.scheduler.dhcp_agent_scheduler [None req-1323d9fb-cb45-4bc7-bc68-4c4f47f953c1 ab3a40053e3e47fd8a38b6b5ca23bb4d 1dd8a7c9b575463287b141b1efece892 - - default default] No more DHCP agents
2026-04-12 21:54:35.261 7 WARNING neutron.api.rpc.agentnotifiers.dhcp_rpc_agent_api [None req-1323d9fb-cb45-4bc7-bc68-4c4f47f953c1 ab3a40053e3e47fd8a38b6b5ca23bb4d 1dd8a7c9b575463287b141b1efece892 - - default default] Unable to schedule network 319759aa-1d56-4d65-b96f-a7ef8dec01dd: no agents available; will retry on subsequent port and subnet creation events.
2026-04-12 21:54:35.397 8 INFO neutron.db.ovn_revision_numbers_db [None req-a3e6e3df-fe08-46be-a74d-e07ff186dff4 806317b1051e48319a200fc91143dde5 f79793ce8c9e4b8791d76adf313762d7 - - default default] Successfully bumped revision number for resource 9ff033db-c9c0-40ab-a138-0e103cc53fe8 (type: ports) to 1
2026-04-12 21:54:35.620 8 INFO neutron.db.ovn_revision_numbers_db [None req-b23d46b6-cd03-4e7d-ae54-d20a25806d06 - - - - - -] Successfully bumped revision number for resource e9d32438-bf19-4e98-a06c-f184b9e0ec6b (type: ports) to 5
2026-04-12 21:54:35.717 7 INFO neutron.db.ovn_revision_numbers_db [None req-1323d9fb-cb45-4bc7-bc68-4c4f47f953c1 ab3a40053e3e47fd8a38b6b5ca23bb4d 1dd8a7c9b575463287b141b1efece892 - - default default] Successfully bumped revision number for resource 9eebd6f2-4b80-4ac2-886d-c99cb167f4e0 (type: router_ports) to 1 [pid: 7|app: 0|req: 615/1118] 10.0.0.214 () {34 vars in 783 bytes} [Sun Apr 12 21:54:33 2026] PUT /v2.0/routers/285da779-d2c7-43bf-b96f-148f3278dc47/add_router_interface => generated 309 bytes in 2596 msecs (HTTP/1.1 200) 4 headers in 157 bytes (1 switches on core 0) [pid: 7|app: 0|req: 616/1119] 10.0.0.131 () {34 vars in 990 bytes} [Sun Apr 12 21:54:35 2026] GET /v2.0/ports?device_id=860064bf-64a5-4aea-b4e3-69f0fc6bd2a9 => generated 12 bytes in 18 msecs (HTTP/1.1 200) 4 headers in 156 bytes (1 switches on core 0)
2026-04-12 21:54:35.994 7 WARNING neutron.scheduler.dhcp_agent_scheduler [req-26967219-c9f3-4a4a-a2ca-19aa93873c53 req-6a4abccd-4de3-48fc-8033-e3a26fc91657 94c34693cbe34a5d95ea98c55556df5c 783d6f0612a346b8831600e91fbc144b - - default default] No more DHCP agents
2026-04-12 21:54:35.995 7 WARNING neutron.api.rpc.agentnotifiers.dhcp_rpc_agent_api [req-26967219-c9f3-4a4a-a2ca-19aa93873c53 req-6a4abccd-4de3-48fc-8033-e3a26fc91657 94c34693cbe34a5d95ea98c55556df5c 783d6f0612a346b8831600e91fbc144b - - default default] Unable to schedule network 6ceb0828-6571-468a-a41f-4eae6e5f9b00: no agents available; will retry on subsequent port and subnet creation events.
2026-04-12 21:54:36.173 7 INFO neutron.db.ovn_revision_numbers_db [req-26967219-c9f3-4a4a-a2ca-19aa93873c53 req-6a4abccd-4de3-48fc-8033-e3a26fc91657 94c34693cbe34a5d95ea98c55556df5c 783d6f0612a346b8831600e91fbc144b - - default default] Successfully bumped revision number for resource 7fb03c44-2eee-4d50-ba04-c4774984d208 (type: ports) to 1 [pid: 7|app: 0|req: 617/1120] 199.204.45.65 () {38 vars in 954 bytes} [Sun Apr 12 21:54:35 2026] POST /v2.0/ports => generated 958 bytes in 494 msecs (HTTP/1.1 201) 4 headers in 162 bytes (1 switches on core 0) /var/lib/openstack/lib/python3.12/site-packages/pycadf/identifier.py:70: UserWarning: Invalid uuid: neutron. To ensure interoperability, identifiers should be a valid uuid. warnings.warn(('Invalid uuid: %s. To ensure interoperability, '
2026-04-12 21:54:36.411 7 INFO neutron.db.ovn_revision_numbers_db [None req-aa388550-e4f6-40ec-875c-11f1476c8318 806317b1051e48319a200fc91143dde5 f79793ce8c9e4b8791d76adf313762d7 - - default default] Successfully bumped revision number for resource f4ef8af3-3e2f-4b05-b4ee-f258d60c2eaa (type: security_groups) to 1
2026-04-12 21:54:36.421 7 INFO neutron.db.ovn_revision_numbers_db [None req-aa388550-e4f6-40ec-875c-11f1476c8318 806317b1051e48319a200fc91143dde5 f79793ce8c9e4b8791d76adf313762d7 - - default default] Successfully bumped revision number for resource 91890446-fc6c-44b6-941e-6744619343b3 (type: security_group_rules) to 0
2026-04-12 21:54:36.433 7 INFO neutron.db.ovn_revision_numbers_db [None req-aa388550-e4f6-40ec-875c-11f1476c8318 806317b1051e48319a200fc91143dde5 f79793ce8c9e4b8791d76adf313762d7 - - default default] Successfully bumped revision number for resource 9621e4a0-9141-4ac6-92b4-54f0a884600f (type: security_group_rules) to 0
2026-04-12 21:54:36.445 7 INFO neutron.db.ovn_revision_numbers_db [None req-aa388550-e4f6-40ec-875c-11f1476c8318 806317b1051e48319a200fc91143dde5 f79793ce8c9e4b8791d76adf313762d7 - - default default] Successfully bumped revision number for resource d2783d94-6185-455e-ab5a-ff6eb3f38100 (type: security_group_rules) to 0
2026-04-12 21:54:36.451 8 WARNING neutron.scheduler.dhcp_agent_scheduler [None req-a3e6e3df-fe08-46be-a74d-e07ff186dff4 806317b1051e48319a200fc91143dde5 f79793ce8c9e4b8791d76adf313762d7 - - default default] No more DHCP agents
2026-04-12 21:54:36.453 8 WARNING neutron.api.rpc.agentnotifiers.dhcp_rpc_agent_api [None req-a3e6e3df-fe08-46be-a74d-e07ff186dff4 806317b1051e48319a200fc91143dde5 f79793ce8c9e4b8791d76adf313762d7 - - default default] Unable to schedule network 010f47ed-8e9e-4c94-a40b-ed4f98a705b6: no agents available; will retry on subsequent port and subnet creation events.
2026-04-12 21:54:36.456 7 INFO neutron.db.ovn_revision_numbers_db [None req-aa388550-e4f6-40ec-875c-11f1476c8318 806317b1051e48319a200fc91143dde5 f79793ce8c9e4b8791d76adf313762d7 - - default default] Successfully bumped revision number for resource f692193c-56ef-430b-9356-b40a34ff3cc5 (type: security_group_rules) to 0 [pid: 7|app: 0|req: 618/1121] 10.0.0.214 () {32 vars in 774 bytes} [Sun Apr 12 21:54:36 2026] GET /v2.0/security-groups?tenant_id=4d8778a3901d4d19af5d0bd3c91f6efc&name=default => generated 2925 bytes in 253 msecs (HTTP/1.1 200) 4 headers in 158 bytes (1 switches on core 0)
2026-04-12 21:54:36.771 7 WARNING neutron.scheduler.dhcp_agent_scheduler [None req-1ce807a8-fcc9-48bf-bde9-b18aec872dad ab3a40053e3e47fd8a38b6b5ca23bb4d 1dd8a7c9b575463287b141b1efece892 - - default default] No more DHCP agents
2026-04-12 21:54:36.772 7 WARNING neutron.api.rpc.agentnotifiers.dhcp_rpc_agent_api [None req-1ce807a8-fcc9-48bf-bde9-b18aec872dad ab3a40053e3e47fd8a38b6b5ca23bb4d 1dd8a7c9b575463287b141b1efece892 - - default default] Unable to schedule network 319759aa-1d56-4d65-b96f-a7ef8dec01dd: no agents available; will retry on subsequent port and subnet creation events.
2026-04-12 21:54:37.051 7 INFO neutron.db.ovn_revision_numbers_db [None req-1ce807a8-fcc9-48bf-bde9-b18aec872dad ab3a40053e3e47fd8a38b6b5ca23bb4d 1dd8a7c9b575463287b141b1efece892 - - default default] Successfully bumped revision number for resource 00e47fec-7aea-4a8c-8f3a-9521e770f6b2 (type: ports) to 1
2026-04-12 21:54:37.115 8 INFO neutron.db.ovn_revision_numbers_db [None req-a3e6e3df-fe08-46be-a74d-e07ff186dff4 806317b1051e48319a200fc91143dde5 f79793ce8c9e4b8791d76adf313762d7 - - default default] Successfully bumped revision number for resource 9ff033db-c9c0-40ab-a138-0e103cc53fe8 (type: router_ports) to 1 [pid: 7|app: 0|req: 619/1122] 10.0.0.214 () {34 vars in 665 bytes} [Sun Apr 12 21:54:36 2026] POST /v2.0/ports => generated 959 bytes in 626 msecs (HTTP/1.1 201) 4 headers in 162 bytes (1 switches on core 0) /var/lib/openstack/lib/python3.12/site-packages/pycadf/identifier.py:70: UserWarning: Invalid uuid: neutron. To ensure interoperability, identifiers should be a valid uuid. warnings.warn(('Invalid uuid: %s. To ensure interoperability, ' [pid: 8|app: 0|req: 504/1123] 10.0.0.214 () {34 vars in 783 bytes} [Sun Apr 12 21:54:34 2026] PUT /v2.0/routers/d5ecdf94-67f6-46ff-946d-79294c2b95cb/add_router_interface => generated 309 bytes in 2926 msecs (HTTP/1.1 200) 4 headers in 157 bytes (1 switches on core 0) [pid: 8|app: 0|req: 505/1124] 10.0.0.214 () {32 vars in 740 bytes} [Sun Apr 12 21:54:37 2026] DELETE /v2.0/security-groups/f4ef8af3-3e2f-4b05-b4ee-f258d60c2eaa => generated 0 bytes in 315 msecs (HTTP/1.1 204) 2 headers in 112 bytes (1 switches on core 0) [pid: 8|app: 0|req: 506/1125] 10.0.0.131 () {34 vars in 990 bytes} [Sun Apr 12 21:54:37 2026] GET /v2.0/ports?device_id=860064bf-64a5-4aea-b4e3-69f0fc6bd2a9 => generated 973 bytes in 76 msecs (HTTP/1.1 200) 4 headers in 157 bytes (1 switches on core 0)
2026-04-12 21:54:37.641 7 INFO neutron.db.ovn_revision_numbers_db [req-26967219-c9f3-4a4a-a2ca-19aa93873c53 req-4d17438a-0f4c-441a-a2c9-a280e96b615e 644323edca8345f7b515765a3ce3aba8 d1a4afae562f4a31bad55a2be8aba644 - - 1bcbf973ff3c4c29a2ce263e523aad12 1bcbf973ff3c4c29a2ce263e523aad12] Successfully bumped revision number for resource 7fb03c44-2eee-4d50-ba04-c4774984d208 (type: ports) to 2
2026-04-12 21:54:37.846 8 WARNING neutron.scheduler.dhcp_agent_scheduler [None req-3cc2386e-4ad5-4c0a-9f29-2b310fd9b4c0 ab3a40053e3e47fd8a38b6b5ca23bb4d 1dd8a7c9b575463287b141b1efece892 - - default default] No more DHCP agents
2026-04-12 21:54:37.847 8 WARNING neutron.api.rpc.agentnotifiers.dhcp_rpc_agent_api [None req-3cc2386e-4ad5-4c0a-9f29-2b310fd9b4c0 ab3a40053e3e47fd8a38b6b5ca23bb4d 1dd8a7c9b575463287b141b1efece892 - - default default] Unable to schedule network 319759aa-1d56-4d65-b96f-a7ef8dec01dd: no agents available; will retry on subsequent port and subnet creation events.
2026-04-12 21:54:37.926 7 INFO neutron.db.ovn_revision_numbers_db [req-26967219-c9f3-4a4a-a2ca-19aa93873c53 req-4d17438a-0f4c-441a-a2c9-a280e96b615e 644323edca8345f7b515765a3ce3aba8 d1a4afae562f4a31bad55a2be8aba644 - - 1bcbf973ff3c4c29a2ce263e523aad12 1bcbf973ff3c4c29a2ce263e523aad12] Successfully bumped revision number for resource 7fb03c44-2eee-4d50-ba04-c4774984d208 (type: ports) to 4 [pid: 7|app: 0|req: 620/1126] 199.204.45.65 () {38 vars in 1027 bytes} [Sun Apr 12 21:54:37 2026] PUT /v2.0/ports/7fb03c44-2eee-4d50-ba04-c4774984d208 => generated 1208 bytes in 857 msecs (HTTP/1.1 200) 4 headers in 158 bytes (1 switches on core 0) /var/lib/openstack/lib/python3.12/site-packages/pycadf/identifier.py:70: UserWarning: Invalid uuid: neutron. To ensure interoperability, identifiers should be a valid uuid. warnings.warn(('Invalid uuid: %s. To ensure interoperability, '
2026-04-12 21:54:38.014 7 INFO neutron.notifiers.nova [-] Nova event matching ['req-33d23a71-0a2f-4beb-a7ab-da78fcb4c3e0'] response: {'name': 'network-changed', 'server_uuid': '860064bf-64a5-4aea-b4e3-69f0fc6bd2a9', 'tag': '7fb03c44-2eee-4d50-ba04-c4774984d208', 'status': 'completed', 'code': 200}
