2026-02-26 23:07:34.538 7 INFO placement.requestlog [req-06892eb1-0371-4021-8536-d43eccbd509a req-56c92b05-bded-40c2-83af-aede6e6eb49d f1deac0ea5ff4f8ab807ef98bfb00685 988b35469d48452da6ec70da58c88868 - - 9e7ae92ea965452c89cac4b15552a734 9e7ae92ea965452c89cac4b15552a734] 162.253.55.195 "GET /resource_providers/63eb9aa0-21b4-42bc-b8dd-03efe6f9cadb/allocations" status: 200 len: 252 microversion: 1.0 [pid: 7|app: 0|req: 425/854] 162.253.55.195 () {32 vars in 857 bytes} [Thu Feb 26 23:07:34 2026] GET /resource_providers/63eb9aa0-21b4-42bc-b8dd-03efe6f9cadb/allocations => generated 252 bytes in 20 msecs (HTTP/1.1 200) 6 headers in 224 bytes (1 switches on core 0)
2026-02-26 23:07:34.558 8 INFO placement.requestlog [req-06892eb1-0371-4021-8536-d43eccbd509a req-aa7e8efd-7637-4cec-ab9c-2f76998ed126 f1deac0ea5ff4f8ab807ef98bfb00685 988b35469d48452da6ec70da58c88868 - - 9e7ae92ea965452c89cac4b15552a734 9e7ae92ea965452c89cac4b15552a734] 162.253.55.195 "GET /allocations/b3b4339f-a3f6-4f9d-ab1c-1679a687e3fc" status: 200 len: 257 microversion: 1.28 [pid: 8|app: 0|req: 430/855] 162.253.55.195 () {34 vars in 863 bytes} [Thu Feb 26 23:07:34 2026] GET /allocations/b3b4339f-a3f6-4f9d-ab1c-1679a687e3fc => generated 257 bytes in 13 msecs (HTTP/1.1 200) 8 headers in 296 bytes (1 switches on core 0)
2026-02-26 23:07:34.572 7 INFO placement.requestlog [req-06892eb1-0371-4021-8536-d43eccbd509a req-b55587d1-0d6d-44ff-a817-228eeb026d97 f1deac0ea5ff4f8ab807ef98bfb00685 988b35469d48452da6ec70da58c88868 - - 9e7ae92ea965452c89cac4b15552a734 9e7ae92ea965452c89cac4b15552a734] 162.253.55.195 "GET /allocations/be4682f0-37cc-4537-a5d8-c3b8a3588e75" status: 200 len: 257 microversion: 1.28 [pid: 7|app: 0|req: 426/856] 162.253.55.195 () {34 vars in 863 bytes} [Thu Feb 26 23:07:34 2026] GET /allocations/be4682f0-37cc-4537-a5d8-c3b8a3588e75 => generated 257 bytes in 10 msecs (HTTP/1.1 200) 8 headers in 296 bytes (1 switches on core 0)
2026-02-26 23:07:35.633 8 INFO placement.requestlog [req-06892eb1-0371-4021-8536-d43eccbd509a req-45766b48-31ad-4d7b-8a35-11b0b8ecd5d8 f1deac0ea5ff4f8ab807ef98bfb00685 988b35469d48452da6ec70da58c88868 - - 9e7ae92ea965452c89cac4b15552a734 9e7ae92ea965452c89cac4b15552a734] 162.253.55.195 "DELETE /allocations/b3b4339f-a3f6-4f9d-ab1c-1679a687e3fc" status: 204 len: 0 microversion: 1.0 [pid: 8|app: 0|req: 431/857] 162.253.55.195 () {34 vars in 841 bytes} [Thu Feb 26 23:07:35 2026] DELETE /allocations/b3b4339f-a3f6-4f9d-ab1c-1679a687e3fc => generated 0 bytes in 31 msecs (HTTP/1.1 204) 5 headers in 198 bytes (1 switches on core 0)
2026-02-26 23:07:35.772 7 INFO placement.requestlog [None req-6c90339d-ffc2-4d4f-b59b-c0ac5dbd207d 64ac1ab69af44c11870b72dac84d7b89 988b35469d48452da6ec70da58c88868 - - 9e7ae92ea965452c89cac4b15552a734 9e7ae92ea965452c89cac4b15552a734] 10.0.0.201 "GET /resource_providers/92ee2ce9-9a1b-45c5-b03b-acfb8cc2bc20/aggregates" status: 404 len: 235 microversion: 1.1 [pid: 7|app: 0|req: 427/858] 10.0.0.201 () {32 vars in 816 bytes} [Thu Feb 26 23:07:35 2026] GET /resource_providers/92ee2ce9-9a1b-45c5-b03b-acfb8cc2bc20/aggregates => generated 235 bytes in 9 msecs (HTTP/1.1 404) 5 headers in 202 bytes (1 switches on core 0)
2026-02-26 23:07:35.775 8 INFO placement.requestlog [None req-6f975235-52e9-4bd9-9dfa-8b4362850d70 64ac1ab69af44c11870b72dac84d7b89 988b35469d48452da6ec70da58c88868 - - 9e7ae92ea965452c89cac4b15552a734 9e7ae92ea965452c89cac4b15552a734] 10.0.0.201 "GET /resource_providers/92ee2ce9-9a1b-45c5-b03b-acfb8cc2bc20/aggregates" status: 404 len: 235 microversion: 1.1 [pid: 8|app: 0|req: 432/859] 10.0.0.201 () {32 vars in 816 bytes} [Thu Feb 26 23:07:35 2026] GET /resource_providers/92ee2ce9-9a1b-45c5-b03b-acfb8cc2bc20/aggregates => generated 235 bytes in 10 msecs (HTTP/1.1 404) 5 headers in 202 bytes (1 switches on core 0)
2026-02-26 23:07:35.793 7 INFO placement.requestlog [None req-b12a62cf-b8df-437b-ac7b-13ce390f05ae 64ac1ab69af44c11870b72dac84d7b89 988b35469d48452da6ec70da58c88868 - - 9e7ae92ea965452c89cac4b15552a734 9e7ae92ea965452c89cac4b15552a734] 10.0.0.201 "DELETE /resource_providers/92ee2ce9-9a1b-45c5-b03b-acfb8cc2bc20" status: 404 len: 246 microversion: 1.1 [pid: 7|app: 0|req: 428/860] 10.0.0.201 () {34 vars in 816 bytes} [Thu Feb 26 23:07:35 2026] DELETE /resource_providers/92ee2ce9-9a1b-45c5-b03b-acfb8cc2bc20 => generated 246 bytes in 8 msecs (HTTP/1.1 404) 6 headers in 231 bytes (1 switches on core 0)
2026-02-26 23:07:35.800 8 INFO placement.requestlog [None req-3a6bd055-372b-447e-82f1-5830c8c19f13 64ac1ab69af44c11870b72dac84d7b89 988b35469d48452da6ec70da58c88868 - - 9e7ae92ea965452c89cac4b15552a734 9e7ae92ea965452c89cac4b15552a734] 10.0.0.201 "DELETE /resource_providers/92ee2ce9-9a1b-45c5-b03b-acfb8cc2bc20" status: 404 len: 246 microversion: 1.1 [pid: 8|app: 0|req: 433/861] 10.0.0.201 () {34 vars in 816 bytes} [Thu Feb 26 23:07:35 2026] DELETE /resource_providers/92ee2ce9-9a1b-45c5-b03b-acfb8cc2bc20 => generated 246 bytes in 10 msecs (HTTP/1.1 404) 6 headers in 231 bytes (1 switches on core 0)
2026-02-26 23:07:35.818 7 INFO placement.requestlog [None req-4e8c8901-401e-48a3-a9cc-1bebdd4e26d7 64ac1ab69af44c11870b72dac84d7b89 988b35469d48452da6ec70da58c88868 - - 9e7ae92ea965452c89cac4b15552a734 9e7ae92ea965452c89cac4b15552a734] 10.0.0.201 "GET /resource_providers/ec5ebcec-3d19-4806-96c7-ddb4b8d3dfa8/aggregates" status: 404 len: 235 microversion: 1.1 [pid: 7|app: 0|req: 429/862] 10.0.0.201 () {32 vars in 816 bytes} [Thu Feb 26 23:07:35 2026] GET /resource_providers/ec5ebcec-3d19-4806-96c7-ddb4b8d3dfa8/aggregates => generated 235 bytes in 12 msecs (HTTP/1.1 404) 5 headers in 202 bytes (1 switches on core 0)
2026-02-26 23:07:35.821 8 INFO placement.requestlog [None req-8f0b63f2-56d9-40cb-b78d-986dd8264951 64ac1ab69af44c11870b72dac84d7b89 988b35469d48452da6ec70da58c88868 - - 9e7ae92ea965452c89cac4b15552a734 9e7ae92ea965452c89cac4b15552a734] 10.0.0.201 "GET /resource_providers/ec5ebcec-3d19-4806-96c7-ddb4b8d3dfa8/aggregates" status: 404 len: 235 microversion: 1.1 [pid: 8|app: 0|req: 434/863] 10.0.0.201 () {32 vars in 816 bytes} [Thu Feb 26 23:07:35 2026] GET /resource_providers/ec5ebcec-3d19-4806-96c7-ddb4b8d3dfa8/aggregates => generated 235 bytes in 9 msecs (HTTP/1.1 404) 5 headers in 202 bytes (1 switches on core 0)
2026-02-26 23:07:35.837 7 INFO placement.requestlog [None req-2c15ba5f-acb3-4df2-a783-26760a38518f 64ac1ab69af44c11870b72dac84d7b89 988b35469d48452da6ec70da58c88868 - - 9e7ae92ea965452c89cac4b15552a734 9e7ae92ea965452c89cac4b15552a734] 10.0.0.201 "DELETE /resource_providers/ec5ebcec-3d19-4806-96c7-ddb4b8d3dfa8" status: 404 len: 246 microversion: 1.1 [pid: 7|app: 0|req: 430/864] 10.0.0.201 () {34 vars in 816 bytes} [Thu Feb 26 23:07:35 2026] DELETE /resource_providers/ec5ebcec-3d19-4806-96c7-ddb4b8d3dfa8 => generated 246 bytes in 10 msecs (HTTP/1.1 404) 6 headers in 231 bytes (1 switches on core 0)
2026-02-26 23:07:35.840 8 INFO placement.requestlog [None req-2c77f77d-0887-4f1e-9455-749e8aaeda02 64ac1ab69af44c11870b72dac84d7b89 988b35469d48452da6ec70da58c88868 - - 9e7ae92ea965452c89cac4b15552a734 9e7ae92ea965452c89cac4b15552a734] 10.0.0.201 "DELETE /resource_providers/ec5ebcec-3d19-4806-96c7-ddb4b8d3dfa8" status: 404 len: 246 microversion: 1.1 [pid: 8|app: 0|req: 435/865] 10.0.0.201 () {34 vars in 816 bytes} [Thu Feb 26 23:07:35 2026] DELETE /resource_providers/ec5ebcec-3d19-4806-96c7-ddb4b8d3dfa8 => generated 246 bytes in 11 msecs (HTTP/1.1 404) 6 headers in 231 bytes (1 switches on core 0)
2026-02-26 23:07:38.885 7 INFO placement.requestlog [None req-5b204442-f2af-4784-8816-6067e989b699 64ac1ab69af44c11870b72dac84d7b89 988b35469d48452da6ec70da58c88868 - - 9e7ae92ea965452c89cac4b15552a734 9e7ae92ea965452c89cac4b15552a734] 10.0.0.201 "GET /resource_providers/83e3921b-12ca-41d3-818e-871803dccf97/aggregates" status: 404 len: 235 microversion: 1.1
2026-02-26 23:07:38.885 8 INFO placement.requestlog [None req-c0f3406e-f65d-43a1-98a9-a5a798c2bbb5 64ac1ab69af44c11870b72dac84d7b89 988b35469d48452da6ec70da58c88868 - - 9e7ae92ea965452c89cac4b15552a734 9e7ae92ea965452c89cac4b15552a734] 10.0.0.201 "GET /resource_providers/83e3921b-12ca-41d3-818e-871803dccf97/aggregates" status: 404 len: 235 microversion: 1.1 [pid: 7|app: 0|req: 431/866] 10.0.0.201 () {32 vars in 816 bytes} [Thu Feb 26 23:07:38 2026] GET /resource_providers/83e3921b-12ca-41d3-818e-871803dccf97/aggregates => generated 235 bytes in 13 msecs (HTTP/1.1 404) 5 headers in 202 bytes (1 switches on core 0) [pid: 8|app: 0|req: 436/867] 10.0.0.201 () {32 vars in 816 bytes} [Thu Feb 26 23:07:38 2026] GET /resource_providers/83e3921b-12ca-41d3-818e-871803dccf97/aggregates => generated 235 bytes in 13 msecs (HTTP/1.1 404) 5 headers in 202 bytes (1 switches on core 0)
2026-02-26 23:07:38.903 7 INFO placement.requestlog [None req-9111a75c-6a8b-4c88-94b9-32491304aff4 64ac1ab69af44c11870b72dac84d7b89 988b35469d48452da6ec70da58c88868 - - 9e7ae92ea965452c89cac4b15552a734 9e7ae92ea965452c89cac4b15552a734] 10.0.0.201 "DELETE /resource_providers/83e3921b-12ca-41d3-818e-871803dccf97" status: 404 len: 246 microversion: 1.1 [pid: 7|app: 0|req: 432/868] 10.0.0.201 () {34 vars in 816 bytes} [Thu Feb 26 23:07:38 2026] DELETE /resource_providers/83e3921b-12ca-41d3-818e-871803dccf97 => generated 246 bytes in 7 msecs (HTTP/1.1 404) 6 headers in 231 bytes (1 switches on core 0)
2026-02-26 23:07:38.906 8 INFO placement.requestlog [None req-1d0b35cb-a740-46bc-a76f-cb1986f4e15b 64ac1ab69af44c11870b72dac84d7b89 988b35469d48452da6ec70da58c88868 - - 9e7ae92ea965452c89cac4b15552a734 9e7ae92ea965452c89cac4b15552a734] 10.0.0.201 "DELETE /resource_providers/83e3921b-12ca-41d3-818e-871803dccf97" status: 404 len: 246 microversion: 1.1 [pid: 8|app: 0|req: 437/869] 10.0.0.201 () {34 vars in 816 bytes} [Thu Feb 26 23:07:38 2026] DELETE /resource_providers/83e3921b-12ca-41d3-818e-871803dccf97 => generated 246 bytes in 9 msecs (HTTP/1.1 404) 6 headers in 231 bytes (1 switches on core 0)
2026-02-26 23:07:39.481 8 INFO placement.requestlog [None req-0b96a139-305d-44c7-959d-75f88f0019da 64ac1ab69af44c11870b72dac84d7b89 988b35469d48452da6ec70da58c88868 - - 9e7ae92ea965452c89cac4b15552a734 9e7ae92ea965452c89cac4b15552a734] 10.0.0.201 "GET /resource_providers/51476140-a61b-4731-a950-7967d78ad841/aggregates" status: 404 len: 235 microversion: 1.1 [pid: 8|app: 0|req: 438/870] 10.0.0.201 () {32 vars in 816 bytes} [Thu Feb 26 23:07:39 2026] GET /resource_providers/51476140-a61b-4731-a950-7967d78ad841/aggregates => generated 235 bytes in 7 msecs (HTTP/1.1 404) 5 headers in 202 bytes (1 switches on core 0)
2026-02-26 23:07:39.483 7 INFO placement.requestlog [None req-1687a5ad-cdbb-4544-8f89-fc62440d8ace 64ac1ab69af44c11870b72dac84d7b89 988b35469d48452da6ec70da58c88868 - - 9e7ae92ea965452c89cac4b15552a734 9e7ae92ea965452c89cac4b15552a734] 10.0.0.201 "GET /resource_providers/51476140-a61b-4731-a950-7967d78ad841/aggregates" status: 404 len: 235 microversion: 1.1 [pid: 7|app: 0|req: 433/871] 10.0.0.201 () {32 vars in 816 bytes} [Thu Feb 26 23:07:39 2026] GET /resource_providers/51476140-a61b-4731-a950-7967d78ad841/aggregates => generated 235 bytes in 9 msecs (HTTP/1.1 404) 5 headers in 202 bytes (1 switches on core 0)
2026-02-26 23:07:39.506 8 INFO placement.requestlog [None req-b6c62160-bade-4131-8f15-893a4bb97b59 64ac1ab69af44c11870b72dac84d7b89 988b35469d48452da6ec70da58c88868 - - 9e7ae92ea965452c89cac4b15552a734 9e7ae92ea965452c89cac4b15552a734] 10.0.0.201 "DELETE /resource_providers/51476140-a61b-4731-a950-7967d78ad841" status: 404 len: 246 microversion: 1.1 [pid: 8|app: 0|req: 439/872] 10.0.0.201 () {34 vars in 816 bytes} [Thu Feb 26 23:07:39 2026] DELETE /resource_providers/51476140-a61b-4731-a950-7967d78ad841 => generated 246 bytes in 7 msecs (HTTP/1.1 404) 6 headers in 231 bytes (1 switches on core 0)
2026-02-26 23:07:39.509 7 INFO placement.requestlog [None req-0df25725-436d-4ac9-b7e3-bbc8fb3f0879 64ac1ab69af44c11870b72dac84d7b89 988b35469d48452da6ec70da58c88868 - - 9e7ae92ea965452c89cac4b15552a734 9e7ae92ea965452c89cac4b15552a734] 10.0.0.201 "DELETE /resource_providers/51476140-a61b-4731-a950-7967d78ad841" status: 404 len: 246 microversion: 1.1 [pid: 7|app: 0|req: 434/873] 10.0.0.201 () {34 vars in 816 bytes} [Thu Feb 26 23:07:39 2026] DELETE /resource_providers/51476140-a61b-4731-a950-7967d78ad841 => generated 246 bytes in 9 msecs (HTTP/1.1 404) 6 headers in 231 bytes (1 switches on core 0)
2026-02-26 23:07:40.604 8 INFO placement.requestlog [None req-eff84ad0-63b6-42bc-b025-878b7cf7823f - - - - - -] 10.0.0.115 "GET /" status: 200 len: 136 microversion: 1.0
2026-02-26 23:07:40.604 7 INFO placement.requestlog [None req-40f6509a-4436-4579-85fe-8499aeb949e9 - - - - - -] 10.0.0.115 "GET /" status: 200 len: 136 microversion: 1.0
2026-02-26 23:07:46.393 8 INFO placement.requestlog [req-c35b3365-13c6-40d5-87f4-e45d9fe27d45 req-995a22dd-21fc-46e6-b9e6-0952d345a5d0 f1deac0ea5ff4f8ab807ef98bfb00685 988b35469d48452da6ec70da58c88868 - - 9e7ae92ea965452c89cac4b15552a734 9e7ae92ea965452c89cac4b15552a734] 10.0.0.191 "GET /allocation_candidates?limit=1000&resources=DISK_GB%3A1%2CMEMORY_MB%3A512%2CVCPU%3A1&root_required=%21COMPUTE_STATUS_DISABLED" status: 200 len: 2783 microversion: 1.36 [pid: 8|app: 0|req: 441/876] 10.0.0.191 () {34 vars in 1012 bytes} [Thu Feb 26 23:07:46 2026] GET /allocation_candidates?limit=1000&resources=DISK_GB%3A1%2CMEMORY_MB%3A512%2CVCPU%3A1&root_required=%21COMPUTE_STATUS_DISABLED => generated 2783 bytes in 53 msecs (HTTP/1.1 200) 8 headers in 297 bytes (1 switches on core 0)
2026-02-26 23:07:46.430 7 INFO placement.requestlog [req-c35b3365-13c6-40d5-87f4-e45d9fe27d45 req-53eb5e7d-4c30-4855-9074-195d7c55d03a f1deac0ea5ff4f8ab807ef98bfb00685 988b35469d48452da6ec70da58c88868 - - 9e7ae92ea965452c89cac4b15552a734 9e7ae92ea965452c89cac4b15552a734] 10.0.0.191 "GET /allocations/f6abc502-3ddd-40c6-91f1-ede53c5f8a50" status: 200 len: 19 microversion: 1.28 [pid: 7|app: 0|req: 436/877] 10.0.0.191 () {34 vars in 861 bytes} [Thu Feb 26 23:07:46 2026] GET /allocations/f6abc502-3ddd-40c6-91f1-ede53c5f8a50 => generated 19 bytes in 9 msecs (HTTP/1.1 200) 8 headers in 295 bytes (1 switches on core 0)
2026-02-26 23:07:46.496 8 INFO placement.requestlog [req-c35b3365-13c6-40d5-87f4-e45d9fe27d45 req-e2dda5a9-d4f1-4ac2-a566-726fb2ef3ab9 f1deac0ea5ff4f8ab807ef98bfb00685 988b35469d48452da6ec70da58c88868 - - 9e7ae92ea965452c89cac4b15552a734 9e7ae92ea965452c89cac4b15552a734] 10.0.0.191 "PUT /allocations/f6abc502-3ddd-40c6-91f1-ede53c5f8a50" status: 204 len: 0 microversion: 1.36 [pid: 8|app: 0|req: 442/878] 10.0.0.191 () {38 vars in 914 bytes} [Thu Feb 26 23:07:46 2026] PUT /allocations/f6abc502-3ddd-40c6-91f1-ede53c5f8a50 => generated 0 bytes in 56 msecs (HTTP/1.1 204) 5 headers in 199 bytes (1 switches on core 0)
2026-02-26 23:07:47.993 7 INFO placement.requestlog [req-c35b3365-13c6-40d5-87f4-e45d9fe27d45 req-38f1d8c8-40ee-4667-9850-c6456bec0d31 f1deac0ea5ff4f8ab807ef98bfb00685 988b35469d48452da6ec70da58c88868 - - 9e7ae92ea965452c89cac4b15552a734 9e7ae92ea965452c89cac4b15552a734] 162.253.55.195 "GET /allocations/f6abc502-3ddd-40c6-91f1-ede53c5f8a50" status: 200 len: 257 microversion: 1.28 [pid: 7|app: 0|req: 437/879] 162.253.55.195 () {34 vars in 863 bytes} [Thu Feb 26 23:07:47 2026] GET /allocations/f6abc502-3ddd-40c6-91f1-ede53c5f8a50 => generated 257 bytes in 12 msecs (HTTP/1.1 200) 8 headers in 296 bytes (1 switches on core 0)
2026-02-26 23:07:49.040 8 INFO placement.requestlog [req-c35b3365-13c6-40d5-87f4-e45d9fe27d45 req-6627b3bd-79dc-4cbf-8eaf-94d7cfcc4256 f1deac0ea5ff4f8ab807ef98bfb00685 988b35469d48452da6ec70da58c88868 - - 9e7ae92ea965452c89cac4b15552a734 9e7ae92ea965452c89cac4b15552a734] 162.253.55.195 "GET /resource_providers/63eb9aa0-21b4-42bc-b8dd-03efe6f9cadb/allocations" status: 200 len: 252 microversion: 1.0 [pid: 8|app: 0|req: 443/880] 162.253.55.195 () {32 vars in 857 bytes} [Thu Feb 26 23:07:49 2026] GET /resource_providers/63eb9aa0-21b4-42bc-b8dd-03efe6f9cadb/allocations => generated 252 bytes in 25 msecs (HTTP/1.1 200) 6 headers in 224 bytes (1 switches on core 0)
2026-02-26 23:07:49.057 7 INFO placement.requestlog [req-c35b3365-13c6-40d5-87f4-e45d9fe27d45 req-88ebe844-27c1-4678-95da-fe92141f9985 f1deac0ea5ff4f8ab807ef98bfb00685 988b35469d48452da6ec70da58c88868 - - 9e7ae92ea965452c89cac4b15552a734 9e7ae92ea965452c89cac4b15552a734] 162.253.55.195 "GET /allocations/f6abc502-3ddd-40c6-91f1-ede53c5f8a50" status: 200 len: 257 microversion: 1.28 [pid: 7|app: 0|req: 438/881] 162.253.55.195 () {34 vars in 863 bytes} [Thu Feb 26 23:07:49 2026] GET /allocations/f6abc502-3ddd-40c6-91f1-ede53c5f8a50 => generated 257 bytes in 10 msecs (HTTP/1.1 200) 8 headers in 296 bytes (1 switches on core 0)
2026-02-26 23:07:49.070 8 INFO placement.requestlog [req-c35b3365-13c6-40d5-87f4-e45d9fe27d45 req-3d9a3c2d-9580-481b-9766-91f247cb95de f1deac0ea5ff4f8ab807ef98bfb00685 988b35469d48452da6ec70da58c88868 - - 9e7ae92ea965452c89cac4b15552a734 9e7ae92ea965452c89cac4b15552a734] 162.253.55.195 "GET /allocations/be4682f0-37cc-4537-a5d8-c3b8a3588e75" status: 200 len: 257 microversion: 1.28 [pid: 8|app: 0|req: 444/882] 162.253.55.195 () {34 vars in 863 bytes} [Thu Feb 26 23:07:49 2026] GET /allocations/be4682f0-37cc-4537-a5d8-c3b8a3588e75 => generated 257 bytes in 10 msecs (HTTP/1.1 200) 8 headers in 296 bytes (1 switches on core 0)
2026-02-26 23:07:50.602 8 INFO placement.requestlog [None req-ff58aeb4-891b-4a75-a657-83c5ba04b31b - - - - - -] 10.0.0.115 "GET /" status: 200 len: 136 microversion: 1.0
2026-02-26 23:07:50.602 7 INFO placement.requestlog [None req-092acec4-8a58-465a-a6ff-cb63bd3272bc - - - - - -] 10.0.0.115 "GET /" status: 200 len: 136 microversion: 1.0
2026-02-26 23:07:52.585 8 INFO placement.requestlog [None req-0a05663c-b64c-41b3-be82-e7690bcf0a37 72c6fe6874274327b3167f7b4432f9aa e28f0ccde533438f9aa48223a05a85db - - default default] 10.0.0.23 "GET /resource_providers" status: 200 len: 405 microversion: 1.0 [pid: 8|app: 0|req: 446/885] 10.0.0.23 () {28 vars in 592 bytes} [Thu Feb 26 23:07:52 2026] GET /resource_providers => generated 405 bytes in 133 msecs (HTTP/1.1 200) 6 headers in 224 bytes (1 switches on core 0)
2026-02-26 23:07:52.621 7 INFO placement.requestlog [None req-e89d5605-09e5-486d-9be6-c1f01552525f 72c6fe6874274327b3167f7b4432f9aa e28f0ccde533438f9aa48223a05a85db - - default default] 10.0.0.23 "GET /resource_providers/63eb9aa0-21b4-42bc-b8dd-03efe6f9cadb/inventories" status: 200 len: 400 microversion: 1.0 [pid: 7|app: 0|req: 440/886] 10.0.0.23 () {28 vars in 690 bytes} [Thu Feb 26 23:07:52 2026] GET /resource_providers/63eb9aa0-21b4-42bc-b8dd-03efe6f9cadb/inventories => generated 400 bytes in 31 msecs (HTTP/1.1 200) 6 headers in 224 bytes (1 switches on core 0)
2026-02-26 23:07:52.646 8 INFO placement.requestlog [None req-1f716308-513b-4f3f-b1a2-27566395d8b9 72c6fe6874274327b3167f7b4432f9aa e28f0ccde533438f9aa48223a05a85db - - default default] 10.0.0.23 "GET /resource_providers/63eb9aa0-21b4-42bc-b8dd-03efe6f9cadb/usages" status: 200 len: 91 microversion: 1.0 [pid: 8|app: 0|req: 447/887] 10.0.0.23 () {28 vars in 680 bytes} [Thu Feb 26 23:07:52 2026] GET /resource_providers/63eb9aa0-21b4-42bc-b8dd-03efe6f9cadb/usages => generated 91 bytes in 14 msecs (HTTP/1.1 200) 6 headers in 223 bytes (1 switches on core 0)
2026-02-26 23:08:00.601 7 INFO placement.requestlog [None req-2cbbfefe-4a93-48d6-82ea-cce4971fda05 - - - - - -] 10.0.0.115 "GET /" status: 200 len: 136 microversion: 1.0
2026-02-26 23:08:00.601 8 INFO placement.requestlog [None req-291ed33f-09de-4a58-bf47-2275f49f9ff1 - - - - - -] 10.0.0.115 "GET /" status: 200 len: 136 microversion: 1.0
2026-02-26 23:08:03.506 7 INFO placement.requestlog [req-95cd766c-d625-466d-bd1e-97eab8db0dc1 req-a7c44512-509e-4d4a-a21d-5d312865fb09 f1deac0ea5ff4f8ab807ef98bfb00685 988b35469d48452da6ec70da58c88868 - - 9e7ae92ea965452c89cac4b15552a734 9e7ae92ea965452c89cac4b15552a734] 162.253.55.195 "GET /resource_providers/63eb9aa0-21b4-42bc-b8dd-03efe6f9cadb/allocations" status: 200 len: 252 microversion: 1.0 [pid: 7|app: 0|req: 442/890] 162.253.55.195 () {32 vars in 857 bytes} [Thu Feb 26 23:08:03 2026] GET /resource_providers/63eb9aa0-21b4-42bc-b8dd-03efe6f9cadb/allocations => generated 252 bytes in 17 msecs (HTTP/1.1 200) 6 headers in 224 bytes (1 switches on core 0)
2026-02-26 23:08:03.530 8 INFO placement.requestlog [req-95cd766c-d625-466d-bd1e-97eab8db0dc1 req-67b66dac-bd98-4a4e-98c6-6f55ce83a3d1 f1deac0ea5ff4f8ab807ef98bfb00685 988b35469d48452da6ec70da58c88868 - - 9e7ae92ea965452c89cac4b15552a734 9e7ae92ea965452c89cac4b15552a734] 162.253.55.195 "GET /allocations/f6abc502-3ddd-40c6-91f1-ede53c5f8a50" status: 200 len: 257 microversion: 1.28 [pid: 8|app: 0|req: 449/891] 162.253.55.195 () {34 vars in 863 bytes} [Thu Feb 26 23:08:03 2026] GET /allocations/f6abc502-3ddd-40c6-91f1-ede53c5f8a50 => generated 257 bytes in 18 msecs (HTTP/1.1 200) 8 headers in 296 bytes (1 switches on core 0)
2026-02-26 23:08:03.551 7 INFO placement.requestlog [req-95cd766c-d625-466d-bd1e-97eab8db0dc1 req-04c2c002-2876-47f7-87b9-42e2ec9e1fea f1deac0ea5ff4f8ab807ef98bfb00685 988b35469d48452da6ec70da58c88868 - - 9e7ae92ea965452c89cac4b15552a734 9e7ae92ea965452c89cac4b15552a734] 162.253.55.195 "GET /allocations/be4682f0-37cc-4537-a5d8-c3b8a3588e75" status: 200 len: 257 microversion: 1.28 [pid: 7|app: 0|req: 443/892] 162.253.55.195 () {34 vars in 863 bytes} [Thu Feb 26 23:08:03 2026] GET /allocations/be4682f0-37cc-4537-a5d8-c3b8a3588e75 => generated 257 bytes in 16 msecs (HTTP/1.1 200) 8 headers in 296 bytes (1 switches on core 0)
2026-02-26 23:08:04.600 8 INFO placement.requestlog [req-95cd766c-d625-466d-bd1e-97eab8db0dc1 req-18ee58da-db8f-4e89-b0dc-95028e60c083 f1deac0ea5ff4f8ab807ef98bfb00685 988b35469d48452da6ec70da58c88868 - - 9e7ae92ea965452c89cac4b15552a734 9e7ae92ea965452c89cac4b15552a734] 162.253.55.195 "DELETE /allocations/f6abc502-3ddd-40c6-91f1-ede53c5f8a50" status: 204 len: 0 microversion: 1.0 [pid: 8|app: 0|req: 450/893] 162.253.55.195 () {34 vars in 841 bytes} [Thu Feb 26 23:08:04 2026] DELETE /allocations/f6abc502-3ddd-40c6-91f1-ede53c5f8a50 => generated 0 bytes in 28 msecs (HTTP/1.1 204) 5 headers in 198 bytes (1 switches on core 0)
2026-02-26 23:08:08.195 7 INFO placement.requestlog [req-10e2dd86-0360-4e4f-a0b3-51c89107b7ed req-0b3ba534-90db-432f-9ad3-266fab04685e f1deac0ea5ff4f8ab807ef98bfb00685 988b35469d48452da6ec70da58c88868 - - 9e7ae92ea965452c89cac4b15552a734 9e7ae92ea965452c89cac4b15552a734] 10.0.0.191 "GET /allocation_candidates?limit=1000&resources=DISK_GB%3A1%2CMEMORY_MB%3A512%2CVCPU%3A1&root_required=%21COMPUTE_STATUS_DISABLED" status: 200 len: 2783 microversion: 1.36 [pid: 7|app: 0|req: 444/894] 10.0.0.191 () {34 vars in 1012 bytes} [Thu Feb 26 23:08:08 2026] GET /allocation_candidates?limit=1000&resources=DISK_GB%3A1%2CMEMORY_MB%3A512%2CVCPU%3A1&root_required=%21COMPUTE_STATUS_DISABLED => generated 2783 bytes in 53 msecs (HTTP/1.1 200) 8 headers in 297 bytes (1 switches on core 0)
2026-02-26 23:08:08.243 8 INFO placement.requestlog [req-10e2dd86-0360-4e4f-a0b3-51c89107b7ed req-b110680a-3531-4779-832c-9e5c5e3fa3c3 f1deac0ea5ff4f8ab807ef98bfb00685 988b35469d48452da6ec70da58c88868 - - 9e7ae92ea965452c89cac4b15552a734 9e7ae92ea965452c89cac4b15552a734] 10.0.0.191 "GET /allocations/5012d3b3-ae41-45fe-8a69-9095a7267bbd" status: 200 len: 19 microversion: 1.28 [pid: 8|app: 0|req: 451/895] 10.0.0.191 () {34 vars in 861 bytes} [Thu Feb 26 23:08:08 2026] GET /allocations/5012d3b3-ae41-45fe-8a69-9095a7267bbd => generated 19 bytes in 18 msecs (HTTP/1.1 200) 8 headers in 295 bytes (1 switches on core 0)
2026-02-26 23:08:08.246 7 INFO placement.requestlog [None req-8c4fcc1b-b5a3-440e-b15d-af155bded7c0 64ac1ab69af44c11870b72dac84d7b89 988b35469d48452da6ec70da58c88868 - - 9e7ae92ea965452c89cac4b15552a734 9e7ae92ea965452c89cac4b15552a734] 10.0.0.201 "GET /resource_providers/7f82c613-ecd8-4fdc-ab00-ef55d16e0e04/aggregates" status: 404 len: 235 microversion: 1.1 [pid: 7|app: 0|req: 445/896] 10.0.0.201 () {32 vars in 816 bytes} [Thu Feb 26 23:08:08 2026] GET /resource_providers/7f82c613-ecd8-4fdc-ab00-ef55d16e0e04/aggregates => generated 235 bytes in 12 msecs (HTTP/1.1 404) 5 headers in 202 bytes (1 switches on core 0)
2026-02-26 23:08:08.251 8 INFO placement.requestlog [None req-f90c0cc6-47fe-4403-8adb-af2b307cc239 64ac1ab69af44c11870b72dac84d7b89 988b35469d48452da6ec70da58c88868 - - 9e7ae92ea965452c89cac4b15552a734 9e7ae92ea965452c89cac4b15552a734] 10.0.0.201 "GET /resource_providers/7f82c613-ecd8-4fdc-ab00-ef55d16e0e04/aggregates" status: 404 len: 235 microversion: 1.1 [pid: 8|app: 0|req: 452/897] 10.0.0.201 () {32 vars in 816 bytes} [Thu Feb 26 23:08:08 2026] GET /resource_providers/7f82c613-ecd8-4fdc-ab00-ef55d16e0e04/aggregates => generated 235 bytes in 8 msecs (HTTP/1.1 404) 5 headers in 202 bytes (1 switches on core 0)
2026-02-26 23:08:08.274 8 INFO placement.requestlog [None req-a9cf0941-1be9-47a9-adb7-27e185d45ba2 64ac1ab69af44c11870b72dac84d7b89 988b35469d48452da6ec70da58c88868 - - 9e7ae92ea965452c89cac4b15552a734 9e7ae92ea965452c89cac4b15552a734] 10.0.0.201 "DELETE /resource_providers/7f82c613-ecd8-4fdc-ab00-ef55d16e0e04" status: 404 len: 246 microversion: 1.1 [pid: 8|app: 0|req: 453/898] 10.0.0.201 () {34 vars in 816 bytes} [Thu Feb 26 23:08:08 2026] DELETE /resource_providers/7f82c613-ecd8-4fdc-ab00-ef55d16e0e04 => generated 246 bytes in 13 msecs (HTTP/1.1 404) 6 headers in 231 bytes (1 switches on core 0)
2026-02-26 23:08:08.280 8 INFO placement.requestlog [None req-f221086f-f5d6-4474-9272-dea5098ab9de 64ac1ab69af44c11870b72dac84d7b89 988b35469d48452da6ec70da58c88868 - - 9e7ae92ea965452c89cac4b15552a734 9e7ae92ea965452c89cac4b15552a734] 10.0.0.201 "DELETE /resource_providers/7f82c613-ecd8-4fdc-ab00-ef55d16e0e04" status: 404 len: 246 microversion: 1.1 [pid: 8|app: 0|req: 454/899] 10.0.0.201 () {34 vars in 816 bytes} [Thu Feb 26 23:08:08 2026] DELETE /resource_providers/7f82c613-ecd8-4fdc-ab00-ef55d16e0e04 => generated 246 bytes in 5 msecs (HTTP/1.1 404) 6 headers in 231 bytes (1 switches on core 0)
2026-02-26 23:08:08.323 7 INFO placement.requestlog [req-10e2dd86-0360-4e4f-a0b3-51c89107b7ed req-25c6bbb5-d94e-4c6e-bed6-eb19e7f4253c f1deac0ea5ff4f8ab807ef98bfb00685 988b35469d48452da6ec70da58c88868 - - 9e7ae92ea965452c89cac4b15552a734 9e7ae92ea965452c89cac4b15552a734] 10.0.0.191 "PUT /allocations/5012d3b3-ae41-45fe-8a69-9095a7267bbd" status: 204 len: 0 microversion: 1.36 [pid: 7|app: 0|req: 446/900] 10.0.0.191 () {38 vars in 914 bytes} [Thu Feb 26 23:08:08 2026] PUT /allocations/5012d3b3-ae41-45fe-8a69-9095a7267bbd => generated 0 bytes in 73 msecs (HTTP/1.1 204) 5 headers in 199 bytes (1 switches on core 0)
2026-02-26 23:08:08.727 7 INFO placement.requestlog [None req-4e31ba0a-2199-4a9e-bbfe-00b86a38a53c 64ac1ab69af44c11870b72dac84d7b89 988b35469d48452da6ec70da58c88868 - - 9e7ae92ea965452c89cac4b15552a734 9e7ae92ea965452c89cac4b15552a734] 10.0.0.201 "GET /resource_providers/cd958e91-3104-4d61-a198-13cfc143f165/aggregates" status: 404 len: 235 microversion: 1.1
2026-02-26 23:08:08.727 8 INFO placement.requestlog [None req-255e5d21-83c0-4e25-b000-0c32815a0352 64ac1ab69af44c11870b72dac84d7b89 988b35469d48452da6ec70da58c88868 - - 9e7ae92ea965452c89cac4b15552a734 9e7ae92ea965452c89cac4b15552a734] 10.0.0.201 "GET /resource_providers/cd958e91-3104-4d61-a198-13cfc143f165/aggregates" status: 404 len: 235 microversion: 1.1 [pid: 7|app: 0|req: 447/901] 10.0.0.201 () {32 vars in 816 bytes} [Thu Feb 26 23:08:08 2026] GET /resource_providers/cd958e91-3104-4d61-a198-13cfc143f165/aggregates => generated 235 bytes in 10 msecs (HTTP/1.1 404) 5 headers in 202 bytes (1 switches on core 0) [pid: 8|app: 0|req: 455/902] 10.0.0.201 () {32 vars in 816 bytes} [Thu Feb 26 23:08:08 2026] GET /resource_providers/cd958e91-3104-4d61-a198-13cfc143f165/aggregates => generated 235 bytes in 13 msecs (HTTP/1.1 404) 5 headers in 202 bytes (1 switches on core 0)
2026-02-26 23:08:08.742 7 INFO placement.requestlog [None req-03b2c5cf-69db-40ed-ada1-98f1e100f5be 64ac1ab69af44c11870b72dac84d7b89 988b35469d48452da6ec70da58c88868 - - 9e7ae92ea965452c89cac4b15552a734 9e7ae92ea965452c89cac4b15552a734] 10.0.0.201 "DELETE /resource_providers/cd958e91-3104-4d61-a198-13cfc143f165" status: 404 len: 246 microversion: 1.1 [pid: 7|app: 0|req: 448/903] 10.0.0.201 () {34 vars in 816 bytes} [Thu Feb 26 23:08:08 2026] DELETE /resource_providers/cd958e91-3104-4d61-a198-13cfc143f165 => generated 246 bytes in 8 msecs (HTTP/1.1 404) 6 headers in 231 bytes (1 switches on core 0)
2026-02-26 23:08:08.755 8 INFO placement.requestlog [None req-ead59df1-bfbb-4f56-986b-0fa4409f248f 64ac1ab69af44c11870b72dac84d7b89 988b35469d48452da6ec70da58c88868 - - 9e7ae92ea965452c89cac4b15552a734 9e7ae92ea965452c89cac4b15552a734] 10.0.0.201 "DELETE /resource_providers/cd958e91-3104-4d61-a198-13cfc143f165" status: 404 len: 246 microversion: 1.1 [pid: 8|app: 0|req: 456/904] 10.0.0.201 () {34 vars in 816 bytes} [Thu Feb 26 23:08:08 2026] DELETE /resource_providers/cd958e91-3104-4d61-a198-13cfc143f165 => generated 246 bytes in 9 msecs (HTTP/1.1 404) 6 headers in 231 bytes (1 switches on core 0)
2026-02-26 23:08:09.808 7 INFO placement.requestlog [req-10e2dd86-0360-4e4f-a0b3-51c89107b7ed req-7462c942-dca5-4a66-a58c-d3ee7542829e f1deac0ea5ff4f8ab807ef98bfb00685 988b35469d48452da6ec70da58c88868 - - 9e7ae92ea965452c89cac4b15552a734 9e7ae92ea965452c89cac4b15552a734] 162.253.55.195 "GET /allocations/5012d3b3-ae41-45fe-8a69-9095a7267bbd" status: 200 len: 257 microversion: 1.28 [pid: 7|app: 0|req: 449/905] 162.253.55.195 () {34 vars in 863 bytes} [Thu Feb 26 23:08:09 2026] GET /allocations/5012d3b3-ae41-45fe-8a69-9095a7267bbd => generated 257 bytes in 16 msecs (HTTP/1.1 200) 8 headers in 296 bytes (1 switches on core 0)
2026-02-26 23:08:10.602 7 INFO placement.requestlog [None req-8504227c-afeb-4260-9c74-3392f6b926a9 - - - - - -] 10.0.0.115 "GET /" status: 200 len: 136 microversion: 1.0
2026-02-26 23:08:10.602 8 INFO placement.requestlog [None req-964574b9-a715-498b-a093-56d4875eab09 - - - - - -] 10.0.0.115 "GET /" status: 200 len: 136 microversion: 1.0
2026-02-26 23:08:10.859 7 INFO placement.requestlog [req-10e2dd86-0360-4e4f-a0b3-51c89107b7ed req-6642f751-cae9-4a17-9785-bc03d24e107a f1deac0ea5ff4f8ab807ef98bfb00685 988b35469d48452da6ec70da58c88868 - - 9e7ae92ea965452c89cac4b15552a734 9e7ae92ea965452c89cac4b15552a734] 162.253.55.195 "GET /resource_providers/63eb9aa0-21b4-42bc-b8dd-03efe6f9cadb/allocations" status: 200 len: 252 microversion: 1.0 [pid: 7|app: 0|req: 451/908] 162.253.55.195 () {32 vars in 857 bytes} [Thu Feb 26 23:08:10 2026] GET /resource_providers/63eb9aa0-21b4-42bc-b8dd-03efe6f9cadb/allocations => generated 252 bytes in 25 msecs (HTTP/1.1 200) 6 headers in 224 bytes (1 switches on core 0)
2026-02-26 23:08:10.884 8 INFO placement.requestlog [req-10e2dd86-0360-4e4f-a0b3-51c89107b7ed req-ccd6cf30-22b8-4480-9c0c-7dea872879ff f1deac0ea5ff4f8ab807ef98bfb00685 988b35469d48452da6ec70da58c88868 - - 9e7ae92ea965452c89cac4b15552a734 9e7ae92ea965452c89cac4b15552a734] 162.253.55.195 "GET /allocations/5012d3b3-ae41-45fe-8a69-9095a7267bbd" status: 200 len: 257 microversion: 1.28 [pid: 8|app: 0|req: 458/909] 162.253.55.195 () {34 vars in 863 bytes} [Thu Feb 26 23:08:10 2026] GET /allocations/5012d3b3-ae41-45fe-8a69-9095a7267bbd => generated 257 bytes in 19 msecs (HTTP/1.1 200) 8 headers in 296 bytes (1 switches on core 0)
2026-02-26 23:08:10.904 7 INFO placement.requestlog [req-10e2dd86-0360-4e4f-a0b3-51c89107b7ed req-21ed5eca-3c3b-4ffc-bea3-c719e97ce1ad f1deac0ea5ff4f8ab807ef98bfb00685 988b35469d48452da6ec70da58c88868 - - 9e7ae92ea965452c89cac4b15552a734 9e7ae92ea965452c89cac4b15552a734] 162.253.55.195 "GET /allocations/be4682f0-37cc-4537-a5d8-c3b8a3588e75" status: 200 len: 257 microversion: 1.28 [pid: 7|app: 0|req: 452/910] 162.253.55.195 () {34 vars in 863 bytes} [Thu Feb 26 23:08:10 2026] GET /allocations/be4682f0-37cc-4537-a5d8-c3b8a3588e75 => generated 257 bytes in 14 msecs (HTTP/1.1 200) 8 headers in 296 bytes (1 switches on core 0)
2026-02-26 23:08:20.602 7 INFO placement.requestlog [None req-97392d17-3413-4fe0-96e5-10fea379e9ec - - - - - -] 10.0.0.115 "GET /" status: 200 len: 136 microversion: 1.0
2026-02-26 23:08:20.602 8 INFO placement.requestlog [None req-cb19ba59-39bd-4469-ba0c-875cc4306aad - - - - - -] 10.0.0.115 "GET /" status: 200 len: 136 microversion: 1.0
2026-02-26 23:08:20.762 8 INFO placement.requestlog [None req-68831a89-0691-4da1-b2e7-842caac154dd 64ac1ab69af44c11870b72dac84d7b89 988b35469d48452da6ec70da58c88868 - - 9e7ae92ea965452c89cac4b15552a734 9e7ae92ea965452c89cac4b15552a734] 10.0.0.201 "GET /resource_providers/fadb7529-08d3-4744-b8ed-e8105ca41ba3/aggregates" status: 404 len: 235 microversion: 1.1 [pid: 8|app: 0|req: 460/913] 10.0.0.201 () {32 vars in 816 bytes} [Thu Feb 26 23:08:20 2026] GET /resource_providers/fadb7529-08d3-4744-b8ed-e8105ca41ba3/aggregates => generated 235 bytes in 14 msecs (HTTP/1.1 404) 5 headers in 202 bytes (1 switches on core 0)
2026-02-26 23:08:20.762 7 INFO placement.requestlog [None req-d804a814-b78a-4cc3-996c-98f36cb06e4e 64ac1ab69af44c11870b72dac84d7b89 988b35469d48452da6ec70da58c88868 - - 9e7ae92ea965452c89cac4b15552a734 9e7ae92ea965452c89cac4b15552a734] 10.0.0.201 "GET /resource_providers/fadb7529-08d3-4744-b8ed-e8105ca41ba3/aggregates" status: 404 len: 235 microversion: 1.1 [pid: 7|app: 0|req: 454/914] 10.0.0.201 () {32 vars in 816 bytes} [Thu Feb 26 23:08:20 2026] GET /resource_providers/fadb7529-08d3-4744-b8ed-e8105ca41ba3/aggregates => generated 235 bytes in 16 msecs (HTTP/1.1 404) 5 headers in 202 bytes (1 switches on core 0)
2026-02-26 23:08:20.784 8 INFO placement.requestlog [None req-84951d2d-9519-48ff-a6be-950e966eb223 64ac1ab69af44c11870b72dac84d7b89 988b35469d48452da6ec70da58c88868 - - 9e7ae92ea965452c89cac4b15552a734 9e7ae92ea965452c89cac4b15552a734] 10.0.0.201 "DELETE /resource_providers/fadb7529-08d3-4744-b8ed-e8105ca41ba3" status: 404 len: 246 microversion: 1.1 [pid: 8|app: 0|req: 461/915] 10.0.0.201 () {34 vars in 816 bytes} [Thu Feb 26 23:08:20 2026] DELETE /resource_providers/fadb7529-08d3-4744-b8ed-e8105ca41ba3 => generated 246 bytes in 9 msecs (HTTP/1.1 404) 6 headers in 231 bytes (1 switches on core 0)
2026-02-26 23:08:20.788 7 INFO placement.requestlog [None req-a4947c59-ac54-4c86-ad09-bdb829f1827b 64ac1ab69af44c11870b72dac84d7b89 988b35469d48452da6ec70da58c88868 - - 9e7ae92ea965452c89cac4b15552a734 9e7ae92ea965452c89cac4b15552a734] 10.0.0.201 "DELETE /resource_providers/fadb7529-08d3-4744-b8ed-e8105ca41ba3" status: 404 len: 246 microversion: 1.1 [pid: 7|app: 0|req: 455/916] 10.0.0.201 () {34 vars in 816 bytes} [Thu Feb 26 23:08:20 2026] DELETE /resource_providers/fadb7529-08d3-4744-b8ed-e8105ca41ba3 => generated 246 bytes in 14 msecs (HTTP/1.1 404) 6 headers in 231 bytes (1 switches on core 0)
2026-02-26 23:08:22.870 7 INFO placement.requestlog [None req-53881471-2afa-4de0-bb13-d092b89aae9a 64ac1ab69af44c11870b72dac84d7b89 988b35469d48452da6ec70da58c88868 - - 9e7ae92ea965452c89cac4b15552a734 9e7ae92ea965452c89cac4b15552a734] 10.0.0.201 "GET /resource_providers/d150544f-2e9e-4c97-b297-439bac337325/aggregates" status: 404 len: 235 microversion: 1.1
2026-02-26 23:08:22.870 8 INFO placement.requestlog [None req-f4174de8-55d8-4eec-a31a-7e30cf897f0a 64ac1ab69af44c11870b72dac84d7b89 988b35469d48452da6ec70da58c88868 - - 9e7ae92ea965452c89cac4b15552a734 9e7ae92ea965452c89cac4b15552a734] 10.0.0.201 "GET /resource_providers/d150544f-2e9e-4c97-b297-439bac337325/aggregates" status: 404 len: 235 microversion: 1.1 [pid: 7|app: 0|req: 456/917] 10.0.0.201 () {32 vars in 816 bytes} [Thu Feb 26 23:08:22 2026] GET /resource_providers/d150544f-2e9e-4c97-b297-439bac337325/aggregates => generated 235 bytes in 9 msecs (HTTP/1.1 404) 5 headers in 202 bytes (1 switches on core 0) [pid: 8|app: 0|req: 462/918] 10.0.0.201 () {32 vars in 816 bytes} [Thu Feb 26 23:08:22 2026] GET /resource_providers/d150544f-2e9e-4c97-b297-439bac337325/aggregates => generated 235 bytes in 10 msecs (HTTP/1.1 404) 5 headers in 202 bytes (1 switches on core 0)
2026-02-26 23:08:22.891 7 INFO placement.requestlog [None req-671946a1-c6e7-4935-aded-92f0ed312eb3 64ac1ab69af44c11870b72dac84d7b89 988b35469d48452da6ec70da58c88868 - - 9e7ae92ea965452c89cac4b15552a734 9e7ae92ea965452c89cac4b15552a734] 10.0.0.201 "DELETE /resource_providers/d150544f-2e9e-4c97-b297-439bac337325" status: 404 len: 246 microversion: 1.1 [pid: 7|app: 0|req: 457/919] 10.0.0.201 () {34 vars in 816 bytes} [Thu Feb 26 23:08:22 2026] DELETE /resource_providers/d150544f-2e9e-4c97-b297-439bac337325 => generated 246 bytes in 7 msecs (HTTP/1.1 404) 6 headers in 231 bytes (1 switches on core 0)
2026-02-26 23:08:22.896 8 INFO placement.requestlog [None req-9c61bffd-4fb5-4f3d-8184-4d8efa149356 64ac1ab69af44c11870b72dac84d7b89 988b35469d48452da6ec70da58c88868 - - 9e7ae92ea965452c89cac4b15552a734 9e7ae92ea965452c89cac4b15552a734] 10.0.0.201 "DELETE /resource_providers/d150544f-2e9e-4c97-b297-439bac337325" status: 404 len: 246 microversion: 1.1 [pid: 8|app: 0|req: 463/920] 10.0.0.201 () {34 vars in 816 bytes} [Thu Feb 26 23:08:22 2026] DELETE /resource_providers/d150544f-2e9e-4c97-b297-439bac337325 => generated 246 bytes in 11 msecs (HTTP/1.1 404) 6 headers in 231 bytes (1 switches on core 0)
2026-02-26 23:08:23.015 7 INFO placement.requestlog [None req-64ea8428-056f-4c64-a7b3-1560b63177a9 64ac1ab69af44c11870b72dac84d7b89 988b35469d48452da6ec70da58c88868 - - 9e7ae92ea965452c89cac4b15552a734 9e7ae92ea965452c89cac4b15552a734] 10.0.0.201 "GET /resource_providers/e12dca6a-4591-4a7d-9215-db85537a2e2a/aggregates" status: 404 len: 235 microversion: 1.1 [pid: 7|app: 0|req: 458/921] 10.0.0.201 () {32 vars in 816 bytes} [Thu Feb 26 23:08:23 2026] GET /resource_providers/e12dca6a-4591-4a7d-9215-db85537a2e2a/aggregates => generated 235 bytes in 6 msecs (HTTP/1.1 404) 5 headers in 202 bytes (1 switches on core 0)
2026-02-26 23:08:23.023 8 INFO placement.requestlog [None req-7dcb947d-f21b-4b4c-92d0-8d9e972e0789 64ac1ab69af44c11870b72dac84d7b89 988b35469d48452da6ec70da58c88868 - - 9e7ae92ea965452c89cac4b15552a734 9e7ae92ea965452c89cac4b15552a734] 10.0.0.201 "GET /resource_providers/e12dca6a-4591-4a7d-9215-db85537a2e2a/aggregates" status: 404 len: 235 microversion: 1.1 [pid: 8|app: 0|req: 464/922] 10.0.0.201 () {32 vars in 816 bytes} [Thu Feb 26 23:08:23 2026] GET /resource_providers/e12dca6a-4591-4a7d-9215-db85537a2e2a/aggregates => generated 235 bytes in 8 msecs (HTTP/1.1 404) 5 headers in 202 bytes (1 switches on core 0)
2026-02-26 23:08:23.043 7 INFO placement.requestlog [None req-d1d7dd80-2656-47d0-9837-e30a18ee7d2b 64ac1ab69af44c11870b72dac84d7b89 988b35469d48452da6ec70da58c88868 - - 9e7ae92ea965452c89cac4b15552a734 9e7ae92ea965452c89cac4b15552a734] 10.0.0.201 "DELETE /resource_providers/e12dca6a-4591-4a7d-9215-db85537a2e2a" status: 404 len: 246 microversion: 1.1 [pid: 7|app: 0|req: 459/923] 10.0.0.201 () {34 vars in 816 bytes} [Thu Feb 26 23:08:23 2026] DELETE /resource_providers/e12dca6a-4591-4a7d-9215-db85537a2e2a => generated 246 bytes in 14 msecs (HTTP/1.1 404) 6 headers in 231 bytes (1 switches on core 0)
2026-02-26 23:08:23.045 8 INFO placement.requestlog [None req-39e0ae5b-a4a9-433e-974e-a2211e9f5844 64ac1ab69af44c11870b72dac84d7b89 988b35469d48452da6ec70da58c88868 - - 9e7ae92ea965452c89cac4b15552a734 9e7ae92ea965452c89cac4b15552a734] 10.0.0.201 "DELETE /resource_providers/e12dca6a-4591-4a7d-9215-db85537a2e2a" status: 404 len: 246 microversion: 1.1 [pid: 8|app: 0|req: 465/924] 10.0.0.201 () {34 vars in 816 bytes} [Thu Feb 26 23:08:23 2026] DELETE /resource_providers/e12dca6a-4591-4a7d-9215-db85537a2e2a => generated 246 bytes in 11 msecs (HTTP/1.1 404) 6 headers in 231 bytes (1 switches on core 0)
2026-02-26 23:08:26.286 7 INFO placement.requestlog [None req-f0412009-7be9-4b6d-818b-0267caccc1df 64ac1ab69af44c11870b72dac84d7b89 988b35469d48452da6ec70da58c88868 - - 9e7ae92ea965452c89cac4b15552a734 9e7ae92ea965452c89cac4b15552a734] 10.0.0.201 "GET /resource_providers/33a43b2b-f19c-4f47-bedf-c920597f2f28/aggregates" status: 404 len: 235 microversion: 1.1 [pid: 7|app: 0|req: 460/925] 10.0.0.201 () {32 vars in 816 bytes} [Thu Feb 26 23:08:26 2026] GET /resource_providers/33a43b2b-f19c-4f47-bedf-c920597f2f28/aggregates => generated 235 bytes in 11 msecs (HTTP/1.1 404) 5 headers in 202 bytes (1 switches on core 0)
2026-02-26 23:08:26.288 8 INFO placement.requestlog [None req-f2b7516b-926c-4c44-a571-30343971a213 64ac1ab69af44c11870b72dac84d7b89 988b35469d48452da6ec70da58c88868 - - 9e7ae92ea965452c89cac4b15552a734 9e7ae92ea965452c89cac4b15552a734] 10.0.0.201 "GET /resource_providers/33a43b2b-f19c-4f47-bedf-c920597f2f28/aggregates" status: 404 len: 235 microversion: 1.1 [pid: 8|app: 0|req: 466/926] 10.0.0.201 () {32 vars in 816 bytes} [Thu Feb 26 23:08:26 2026] GET /resource_providers/33a43b2b-f19c-4f47-bedf-c920597f2f28/aggregates => generated 235 bytes in 9 msecs (HTTP/1.1 404) 5 headers in 202 bytes (1 switches on core 0)
2026-02-26 23:08:26.309 8 INFO placement.requestlog [None req-dd77b937-0a33-42c6-a5a7-9ae8b08235fb 64ac1ab69af44c11870b72dac84d7b89 988b35469d48452da6ec70da58c88868 - - 9e7ae92ea965452c89cac4b15552a734 9e7ae92ea965452c89cac4b15552a734] 10.0.0.201 "DELETE /resource_providers/33a43b2b-f19c-4f47-bedf-c920597f2f28" status: 404 len: 246 microversion: 1.1 [pid: 8|app: 0|req: 467/927] 10.0.0.201 () {34 vars in 816 bytes} [Thu Feb 26 23:08:26 2026] DELETE /resource_providers/33a43b2b-f19c-4f47-bedf-c920597f2f28 => generated 246 bytes in 9 msecs (HTTP/1.1 404) 6 headers in 231 bytes (1 switches on core 0)
2026-02-26 23:08:26.311 7 INFO placement.requestlog [None req-24dd9ac6-309b-4991-bf89-2099e1a78fe4 64ac1ab69af44c11870b72dac84d7b89 988b35469d48452da6ec70da58c88868 - - 9e7ae92ea965452c89cac4b15552a734 9e7ae92ea965452c89cac4b15552a734] 10.0.0.201 "DELETE /resource_providers/33a43b2b-f19c-4f47-bedf-c920597f2f28" status: 404 len: 246 microversion: 1.1 [pid: 7|app: 0|req: 461/928] 10.0.0.201 () {34 vars in 816 bytes} [Thu Feb 26 23:08:26 2026] DELETE /resource_providers/33a43b2b-f19c-4f47-bedf-c920597f2f28 => generated 246 bytes in 12 msecs (HTTP/1.1 404) 6 headers in 231 bytes (1 switches on core 0)
2026-02-26 23:08:26.442 7 INFO placement.requestlog [None req-66c5c235-cd65-4c74-ad14-3805e24f778a 64ac1ab69af44c11870b72dac84d7b89 988b35469d48452da6ec70da58c88868 - - 9e7ae92ea965452c89cac4b15552a734 9e7ae92ea965452c89cac4b15552a734] 10.0.0.201 "GET /resource_providers/67eeef4c-6412-465d-bc07-97a3322e0308/aggregates" status: 404 len: 235 microversion: 1.1 [pid: 7|app: 0|req: 462/929] 10.0.0.201 () {32 vars in 816 bytes} [Thu Feb 26 23:08:26 2026] GET /resource_providers/67eeef4c-6412-465d-bc07-97a3322e0308/aggregates => generated 235 bytes in 9 msecs (HTTP/1.1 404) 5 headers in 202 bytes (1 switches on core 0)
2026-02-26 23:08:26.445 8 INFO placement.requestlog [None req-ed748d70-eac1-46d0-b45f-30dceb64d35d 64ac1ab69af44c11870b72dac84d7b89 988b35469d48452da6ec70da58c88868 - - 9e7ae92ea965452c89cac4b15552a734 9e7ae92ea965452c89cac4b15552a734] 10.0.0.201 "GET /resource_providers/67eeef4c-6412-465d-bc07-97a3322e0308/aggregates" status: 404 len: 235 microversion: 1.1 [pid: 8|app: 0|req: 468/930] 10.0.0.201 () {32 vars in 816 bytes} [Thu Feb 26 23:08:26 2026] GET /resource_providers/67eeef4c-6412-465d-bc07-97a3322e0308/aggregates => generated 235 bytes in 13 msecs (HTTP/1.1 404) 5 headers in 202 bytes (1 switches on core 0)
2026-02-26 23:08:26.461 7 INFO placement.requestlog [None req-0c2847a8-7aa9-4dd9-9b8f-b47b783a2b5a 64ac1ab69af44c11870b72dac84d7b89 988b35469d48452da6ec70da58c88868 - - 9e7ae92ea965452c89cac4b15552a734 9e7ae92ea965452c89cac4b15552a734] 10.0.0.201 "DELETE /resource_providers/67eeef4c-6412-465d-bc07-97a3322e0308" status: 404 len: 246 microversion: 1.1 [pid: 7|app: 0|req: 463/931] 10.0.0.201 () {34 vars in 816 bytes} [Thu Feb 26 23:08:26 2026] DELETE /resource_providers/67eeef4c-6412-465d-bc07-97a3322e0308 => generated 246 bytes in 9 msecs (HTTP/1.1 404) 6 headers in 231 bytes (1 switches on core 0)
2026-02-26 23:08:26.467 8 INFO placement.requestlog [None req-628e1c95-d2ab-4983-9730-75e78aad04a7 64ac1ab69af44c11870b72dac84d7b89 988b35469d48452da6ec70da58c88868 - - 9e7ae92ea965452c89cac4b15552a734 9e7ae92ea965452c89cac4b15552a734] 10.0.0.201 "DELETE /resource_providers/67eeef4c-6412-465d-bc07-97a3322e0308" status: 404 len: 246 microversion: 1.1 [pid: 8|app: 0|req: 469/932] 10.0.0.201 () {34 vars in 816 bytes} [Thu Feb 26 23:08:26 2026] DELETE /resource_providers/67eeef4c-6412-465d-bc07-97a3322e0308 => generated 246 bytes in 10 msecs (HTTP/1.1 404) 6 headers in 231 bytes (1 switches on core 0)
2026-02-26 23:08:28.333 8 INFO placement.requestlog [None req-ca94c879-a5d0-43e3-9317-8e302bcad3da 64ac1ab69af44c11870b72dac84d7b89 988b35469d48452da6ec70da58c88868 - - 9e7ae92ea965452c89cac4b15552a734 9e7ae92ea965452c89cac4b15552a734] 10.0.0.201 "GET /resource_providers/5f0b22a8-3758-4729-bdd8-a8d46fd837a9/aggregates" status: 404 len: 235 microversion: 1.1 [pid: 8|app: 0|req: 470/933] 10.0.0.201 () {32 vars in 816 bytes} [Thu Feb 26 23:08:28 2026] GET /resource_providers/5f0b22a8-3758-4729-bdd8-a8d46fd837a9/aggregates => generated 235 bytes in 8 msecs (HTTP/1.1 404) 5 headers in 202 bytes (1 switches on core 0)
2026-02-26 23:08:28.335 7 INFO placement.requestlog [None req-99ff2318-0c82-451f-9fd8-661eb6975793 64ac1ab69af44c11870b72dac84d7b89 988b35469d48452da6ec70da58c88868 - - 9e7ae92ea965452c89cac4b15552a734 9e7ae92ea965452c89cac4b15552a734] 10.0.0.201 "GET /resource_providers/5f0b22a8-3758-4729-bdd8-a8d46fd837a9/aggregates" status: 404 len: 235 microversion: 1.1 [pid: 7|app: 0|req: 464/934] 10.0.0.201 () {32 vars in 816 bytes} [Thu Feb 26 23:08:28 2026] GET /resource_providers/5f0b22a8-3758-4729-bdd8-a8d46fd837a9/aggregates => generated 235 bytes in 13 msecs (HTTP/1.1 404) 5 headers in 202 bytes (1 switches on core 0)
2026-02-26 23:08:28.351 7 INFO placement.requestlog [None req-07b53039-c6bc-42c3-a76f-82b3194c1a74 64ac1ab69af44c11870b72dac84d7b89 988b35469d48452da6ec70da58c88868 - - 9e7ae92ea965452c89cac4b15552a734 9e7ae92ea965452c89cac4b15552a734] 10.0.0.201 "DELETE /resource_providers/5f0b22a8-3758-4729-bdd8-a8d46fd837a9" status: 404 len: 246 microversion: 1.1 [pid: 7|app: 0|req: 465/935] 10.0.0.201 () {34 vars in 816 bytes} [Thu Feb 26 23:08:28 2026] DELETE /resource_providers/5f0b22a8-3758-4729-bdd8-a8d46fd837a9 => generated 246 bytes in 6 msecs (HTTP/1.1 404) 6 headers in 231 bytes (1 switches on core 0)
2026-02-26 23:08:28.353 8 INFO placement.requestlog [None req-05321614-0369-42a3-bcb6-2cd3299eb231 64ac1ab69af44c11870b72dac84d7b89 988b35469d48452da6ec70da58c88868 - - 9e7ae92ea965452c89cac4b15552a734 9e7ae92ea965452c89cac4b15552a734] 10.0.0.201 "DELETE /resource_providers/5f0b22a8-3758-4729-bdd8-a8d46fd837a9" status: 404 len: 246 microversion: 1.1 [pid: 8|app: 0|req: 471/936] 10.0.0.201 () {34 vars in 816 bytes} [Thu Feb 26 23:08:28 2026] DELETE /resource_providers/5f0b22a8-3758-4729-bdd8-a8d46fd837a9 => generated 246 bytes in 11 msecs (HTTP/1.1 404) 6 headers in 231 bytes (1 switches on core 0)
2026-02-26 23:08:28.485 7 INFO placement.requestlog [None req-5838f1b4-ac83-478a-b0cd-c2b7afbe878a 64ac1ab69af44c11870b72dac84d7b89 988b35469d48452da6ec70da58c88868 - - 9e7ae92ea965452c89cac4b15552a734 9e7ae92ea965452c89cac4b15552a734] 10.0.0.201 "GET /resource_providers/b3c2d245-121c-462d-a4dc-f8f68494188a/aggregates" status: 404 len: 235 microversion: 1.1 [pid: 7|app: 0|req: 466/937] 10.0.0.201 () {32 vars in 816 bytes} [Thu Feb 26 23:08:28 2026] GET /resource_providers/b3c2d245-121c-462d-a4dc-f8f68494188a/aggregates => generated 235 bytes in 15 msecs (HTTP/1.1 404) 5 headers in 202 bytes (1 switches on core 0)
2026-02-26 23:08:28.493 8 INFO placement.requestlog [None req-6141245a-24b7-4a50-b61d-9bf48da2c394 64ac1ab69af44c11870b72dac84d7b89 988b35469d48452da6ec70da58c88868 - - 9e7ae92ea965452c89cac4b15552a734 9e7ae92ea965452c89cac4b15552a734] 10.0.0.201 "GET /resource_providers/b3c2d245-121c-462d-a4dc-f8f68494188a/aggregates" status: 404 len: 235 microversion: 1.1 [pid: 8|app: 0|req: 472/938] 10.0.0.201 () {32 vars in 816 bytes} [Thu Feb 26 23:08:28 2026] GET /resource_providers/b3c2d245-121c-462d-a4dc-f8f68494188a/aggregates => generated 235 bytes in 10 msecs (HTTP/1.1 404) 5 headers in 202 bytes (1 switches on core 0)
2026-02-26 23:08:28.508 7 INFO placement.requestlog [None req-d20de912-1aed-4ae5-a0bc-4b24117ba435 64ac1ab69af44c11870b72dac84d7b89 988b35469d48452da6ec70da58c88868 - - 9e7ae92ea965452c89cac4b15552a734 9e7ae92ea965452c89cac4b15552a734] 10.0.0.201 "DELETE /resource_providers/b3c2d245-121c-462d-a4dc-f8f68494188a" status: 404 len: 246 microversion: 1.1 [pid: 7|app: 0|req: 467/939] 10.0.0.201 () {34 vars in 816 bytes} [Thu Feb 26 23:08:28 2026] DELETE /resource_providers/b3c2d245-121c-462d-a4dc-f8f68494188a => generated 246 bytes in 9 msecs (HTTP/1.1 404) 6 headers in 231 bytes (1 switches on core 0)
2026-02-26 23:08:28.518 8 INFO placement.requestlog [None req-a4729c7f-adff-4892-b72d-c22e8d8ce38c 64ac1ab69af44c11870b72dac84d7b89 988b35469d48452da6ec70da58c88868 - - 9e7ae92ea965452c89cac4b15552a734 9e7ae92ea965452c89cac4b15552a734] 10.0.0.201 "DELETE /resource_providers/b3c2d245-121c-462d-a4dc-f8f68494188a" status: 404 len: 246 microversion: 1.1 [pid: 8|app: 0|req: 473/940] 10.0.0.201 () {34 vars in 816 bytes} [Thu Feb 26 23:08:28 2026] DELETE /resource_providers/b3c2d245-121c-462d-a4dc-f8f68494188a => generated 246 bytes in 12 msecs (HTTP/1.1 404) 6 headers in 231 bytes (1 switches on core 0)
