2026-02-26 23:14:52.220 7 INFO placement.requestlog [None req-e1eae88d-5c6d-4571-9def-0b4d00aab988 72c6fe6874274327b3167f7b4432f9aa e28f0ccde533438f9aa48223a05a85db - - default default] 10.0.0.23 "GET /resource_providers/63eb9aa0-21b4-42bc-b8dd-03efe6f9cadb/usages" status: 200 len: 92 microversion: 1.0 [pid: 7|app: 0|req: 656/1318] 10.0.0.23 () {28 vars in 680 bytes} [Thu Feb 26 23:14:52 2026] GET /resource_providers/63eb9aa0-21b4-42bc-b8dd-03efe6f9cadb/usages => generated 92 bytes in 19 msecs (HTTP/1.1 200) 6 headers in 223 bytes (1 switches on core 0)
2026-02-26 23:15:00.604 8 INFO placement.requestlog [None req-742a1a40-79c7-487c-a908-e8aa7597b684 - - - - - -] 10.0.0.115 "GET /" status: 200 len: 136 microversion: 1.0
2026-02-26 23:15:00.605 7 INFO placement.requestlog [None req-860650a6-4a91-4691-bdb3-d198e8a245e7 - - - - - -] 10.0.0.115 "GET /" status: 200 len: 136 microversion: 1.0
2026-02-26 23:15:10.601 8 INFO placement.requestlog [None req-96fdfb22-39ca-4b4d-acce-4069b08991fa - - - - - -] 10.0.0.115 "GET /" status: 200 len: 136 microversion: 1.0
2026-02-26 23:15:10.602 7 INFO placement.requestlog [None req-c52c09d9-8d4a-42f6-ad93-818b873192f6 - - - - - -] 10.0.0.115 "GET /" status: 200 len: 136 microversion: 1.0
2026-02-26 23:15:20.601 8 INFO placement.requestlog [None req-da856806-5032-41ae-b45d-5c75f73df4db - - - - - -] 10.0.0.115 "GET /" status: 200 len: 136 microversion: 1.0
2026-02-26 23:15:20.601 7 INFO placement.requestlog [None req-d79140ac-0195-4642-baff-366f30d08128 - - - - - -] 10.0.0.115 "GET /" status: 200 len: 136 microversion: 1.0
2026-02-26 23:15:30.602 7 INFO placement.requestlog [None req-7eb91f8c-21f4-4d81-9aae-6d34e4a9a059 - - - - - -] 10.0.0.115 "GET /" status: 200 len: 136 microversion: 1.0
2026-02-26 23:15:30.603 8 INFO placement.requestlog [None req-8882593e-ad65-4f2d-a437-0144f8a4f5d4 - - - - - -] 10.0.0.115 "GET /" status: 200 len: 136 microversion: 1.0
2026-02-26 23:15:33.814 7 INFO placement.requestlog [req-f81a3db9-13dc-4521-952f-ba886fde508b req-e36b76c3-70e1-452a-971e-273e2cd40a31 f1deac0ea5ff4f8ab807ef98bfb00685 988b35469d48452da6ec70da58c88868 - - 9e7ae92ea965452c89cac4b15552a734 9e7ae92ea965452c89cac4b15552a734] 162.253.55.195 "GET /resource_providers/63eb9aa0-21b4-42bc-b8dd-03efe6f9cadb/allocations" status: 200 len: 340 microversion: 1.0 [pid: 7|app: 0|req: 661/1327] 162.253.55.195 () {32 vars in 857 bytes} [Thu Feb 26 23:15:33 2026] GET /resource_providers/63eb9aa0-21b4-42bc-b8dd-03efe6f9cadb/allocations => generated 340 bytes in 90 msecs (HTTP/1.1 200) 6 headers in 224 bytes (1 switches on core 0)
2026-02-26 23:15:33.837 8 INFO placement.requestlog [req-f81a3db9-13dc-4521-952f-ba886fde508b req-818d0779-39e8-4447-a11f-bc092e5205ef f1deac0ea5ff4f8ab807ef98bfb00685 988b35469d48452da6ec70da58c88868 - - 9e7ae92ea965452c89cac4b15552a734 9e7ae92ea965452c89cac4b15552a734] 162.253.55.195 "GET /resource_providers?in_tree=63eb9aa0-21b4-42bc-b8dd-03efe6f9cadb" status: 200 len: 798 microversion: 1.14 [pid: 8|app: 0|req: 667/1328] 162.253.55.195 () {34 vars in 892 bytes} [Thu Feb 26 23:15:33 2026] GET /resource_providers?in_tree=63eb9aa0-21b4-42bc-b8dd-03efe6f9cadb => generated 798 bytes in 17 msecs (HTTP/1.1 200) 6 headers in 225 bytes (1 switches on core 0)
2026-02-26 23:15:33.857 7 INFO placement.requestlog [req-f81a3db9-13dc-4521-952f-ba886fde508b req-67c72d9e-62d3-411a-9eaf-ef517fcdb918 f1deac0ea5ff4f8ab807ef98bfb00685 988b35469d48452da6ec70da58c88868 - - 9e7ae92ea965452c89cac4b15552a734 9e7ae92ea965452c89cac4b15552a734] 162.253.55.195 "GET /resource_providers/63eb9aa0-21b4-42bc-b8dd-03efe6f9cadb/inventories" status: 200 len: 401 microversion: 1.0 [pid: 7|app: 0|req: 662/1329] 162.253.55.195 () {32 vars in 857 bytes} [Thu Feb 26 23:15:33 2026] GET /resource_providers/63eb9aa0-21b4-42bc-b8dd-03efe6f9cadb/inventories => generated 401 bytes in 12 msecs (HTTP/1.1 200) 6 headers in 224 bytes (1 switches on core 0)
2026-02-26 23:15:33.874 8 INFO placement.requestlog [req-f81a3db9-13dc-4521-952f-ba886fde508b req-b1c082a7-6bd5-4e9b-9a47-86b95a773bf5 f1deac0ea5ff4f8ab807ef98bfb00685 988b35469d48452da6ec70da58c88868 - - 9e7ae92ea965452c89cac4b15552a734 9e7ae92ea965452c89cac4b15552a734] 162.253.55.195 "GET /resource_providers/63eb9aa0-21b4-42bc-b8dd-03efe6f9cadb/aggregates" status: 200 len: 54 microversion: 1.19 [pid: 8|app: 0|req: 668/1330] 162.253.55.195 () {34 vars in 899 bytes} [Thu Feb 26 23:15:33 2026] GET /resource_providers/63eb9aa0-21b4-42bc-b8dd-03efe6f9cadb/aggregates => generated 54 bytes in 12 msecs (HTTP/1.1 200) 8 headers in 295 bytes (1 switches on core 0)
2026-02-26 23:15:33.899 7 INFO placement.requestlog [req-f81a3db9-13dc-4521-952f-ba886fde508b req-63fbf167-5426-47d4-978b-2deb3fbd4044 f1deac0ea5ff4f8ab807ef98bfb00685 988b35469d48452da6ec70da58c88868 - - 9e7ae92ea965452c89cac4b15552a734 9e7ae92ea965452c89cac4b15552a734] 162.253.55.195 "GET /resource_providers/63eb9aa0-21b4-42bc-b8dd-03efe6f9cadb/traits" status: 200 len: 2317 microversion: 1.6 [pid: 7|app: 0|req: 663/1331] 162.253.55.195 () {34 vars in 890 bytes} [Thu Feb 26 23:15:33 2026] GET /resource_providers/63eb9aa0-21b4-42bc-b8dd-03efe6f9cadb/traits => generated 2317 bytes in 18 msecs (HTTP/1.1 200) 6 headers in 225 bytes (1 switches on core 0)
2026-02-26 23:15:33.925 8 INFO placement.requestlog [req-f81a3db9-13dc-4521-952f-ba886fde508b req-3e2bf330-90a1-46d5-a2df-5566204a195f f1deac0ea5ff4f8ab807ef98bfb00685 988b35469d48452da6ec70da58c88868 - - 9e7ae92ea965452c89cac4b15552a734 9e7ae92ea965452c89cac4b15552a734] 162.253.55.195 "GET /resource_providers/63eb9aa0-21b4-42bc-b8dd-03efe6f9cadb/allocations" status: 200 len: 340 microversion: 1.0 [pid: 8|app: 0|req: 669/1332] 162.253.55.195 () {32 vars in 857 bytes} [Thu Feb 26 23:15:33 2026] GET /resource_providers/63eb9aa0-21b4-42bc-b8dd-03efe6f9cadb/allocations => generated 340 bytes in 19 msecs (HTTP/1.1 200) 6 headers in 224 bytes (1 switches on core 0)
2026-02-26 23:15:33.943 7 INFO placement.requestlog [req-f81a3db9-13dc-4521-952f-ba886fde508b req-ec9801b5-c5c2-4ea5-a094-df5dae8571eb f1deac0ea5ff4f8ab807ef98bfb00685 988b35469d48452da6ec70da58c88868 - - 9e7ae92ea965452c89cac4b15552a734 9e7ae92ea965452c89cac4b15552a734] 162.253.55.195 "GET /allocations/ebb40048-9ae6-49ef-ae1a-54ad0aaaf47d" status: 200 len: 258 microversion: 1.28 [pid: 7|app: 0|req: 664/1333] 162.253.55.195 () {34 vars in 863 bytes} [Thu Feb 26 23:15:33 2026] GET /allocations/ebb40048-9ae6-49ef-ae1a-54ad0aaaf47d => generated 258 bytes in 12 msecs (HTTP/1.1 200) 8 headers in 296 bytes (1 switches on core 0)
2026-02-26 23:15:33.966 8 INFO placement.requestlog [req-f81a3db9-13dc-4521-952f-ba886fde508b req-0abd1bf9-49da-45ed-81ec-a79c03636258 f1deac0ea5ff4f8ab807ef98bfb00685 988b35469d48452da6ec70da58c88868 - - 9e7ae92ea965452c89cac4b15552a734 9e7ae92ea965452c89cac4b15552a734] 162.253.55.195 "GET /allocations/170194c8-ffa7-4241-8b7a-e0006a33a15c" status: 200 len: 258 microversion: 1.28 [pid: 8|app: 0|req: 670/1334] 162.253.55.195 () {34 vars in 863 bytes} [Thu Feb 26 23:15:33 2026] GET /allocations/170194c8-ffa7-4241-8b7a-e0006a33a15c => generated 258 bytes in 17 msecs (HTTP/1.1 200) 8 headers in 296 bytes (1 switches on core 0)
2026-02-26 23:15:33.989 7 INFO placement.requestlog [req-f81a3db9-13dc-4521-952f-ba886fde508b req-6fa8cb75-2759-475b-a7ca-a55684a519ee f1deac0ea5ff4f8ab807ef98bfb00685 988b35469d48452da6ec70da58c88868 - - 9e7ae92ea965452c89cac4b15552a734 9e7ae92ea965452c89cac4b15552a734] 162.253.55.195 "GET /allocations/03de9b24-40c7-401e-a6d4-8525a4be7425" status: 200 len: 245 microversion: 1.28 [pid: 7|app: 0|req: 665/1335] 162.253.55.195 () {34 vars in 863 bytes} [Thu Feb 26 23:15:33 2026] GET /allocations/03de9b24-40c7-401e-a6d4-8525a4be7425 => generated 245 bytes in 14 msecs (HTTP/1.1 200) 8 headers in 296 bytes (1 switches on core 0)
2026-02-26 23:15:40.601 8 INFO placement.requestlog [None req-2c2b23d0-b180-4269-9447-7648ad96e757 - - - - - -] 10.0.0.115 "GET /" status: 200 len: 136 microversion: 1.0
2026-02-26 23:15:40.603 7 INFO placement.requestlog [None req-e3d7a8aa-5104-457f-865b-3db4b3352503 - - - - - -] 10.0.0.115 "GET /" status: 200 len: 136 microversion: 1.0
2026-02-26 23:15:50.602 8 INFO placement.requestlog [None req-dfa97341-3b15-4645-95db-48aebf9adcd9 - - - - - -] 10.0.0.115 "GET /" status: 200 len: 136 microversion: 1.0
2026-02-26 23:15:50.602 7 INFO placement.requestlog [None req-17432ca4-16a8-432b-81aa-0e09c0166fe0 - - - - - -] 10.0.0.115 "GET /" status: 200 len: 136 microversion: 1.0
2026-02-26 23:15:51.942 8 INFO placement.requestlog [None req-ac8ddc0e-9b70-4848-aad1-8a3797bdff2d 72c6fe6874274327b3167f7b4432f9aa e28f0ccde533438f9aa48223a05a85db - - default default] 10.0.0.23 "GET /resource_providers" status: 200 len: 406 microversion: 1.0 [pid: 8|app: 0|req: 673/1340] 10.0.0.23 () {28 vars in 592 bytes} [Thu Feb 26 23:15:51 2026] GET /resource_providers => generated 406 bytes in 60 msecs (HTTP/1.1 200) 6 headers in 224 bytes (1 switches on core 0)
2026-02-26 23:15:51.961 7 INFO placement.requestlog [None req-0b0dccb5-0213-44db-9e4e-571c105edfac 72c6fe6874274327b3167f7b4432f9aa e28f0ccde533438f9aa48223a05a85db - - default default] 10.0.0.23 "GET /resource_providers/63eb9aa0-21b4-42bc-b8dd-03efe6f9cadb/inventories" status: 200 len: 401 microversion: 1.0 [pid: 7|app: 0|req: 668/1341] 10.0.0.23 () {28 vars in 690 bytes} [Thu Feb 26 23:15:51 2026] GET /resource_providers/63eb9aa0-21b4-42bc-b8dd-03efe6f9cadb/inventories => generated 401 bytes in 15 msecs (HTTP/1.1 200) 6 headers in 224 bytes (1 switches on core 0)
2026-02-26 23:15:51.981 8 INFO placement.requestlog [None req-2bec19a0-841e-4dff-a972-95a5a65a3bd5 72c6fe6874274327b3167f7b4432f9aa e28f0ccde533438f9aa48223a05a85db - - default default] 10.0.0.23 "GET /resource_providers/63eb9aa0-21b4-42bc-b8dd-03efe6f9cadb/usages" status: 200 len: 92 microversion: 1.0 [pid: 8|app: 0|req: 674/1342] 10.0.0.23 () {28 vars in 680 bytes} [Thu Feb 26 23:15:51 2026] GET /resource_providers/63eb9aa0-21b4-42bc-b8dd-03efe6f9cadb/usages => generated 92 bytes in 15 msecs (HTTP/1.1 200) 6 headers in 223 bytes (1 switches on core 0)
2026-02-26 23:16:00.602 7 INFO placement.requestlog [None req-6aabf617-62c7-498e-88be-10d855912c66 - - - - - -] 10.0.0.115 "GET /" status: 200 len: 136 microversion: 1.0
2026-02-26 23:16:00.602 8 INFO placement.requestlog [None req-fff252a9-c6ab-40e1-bf67-5e6dfd45a89d - - - - - -] 10.0.0.115 "GET /" status: 200 len: 136 microversion: 1.0
2026-02-26 23:16:10.601 7 INFO placement.requestlog [None req-81226acb-4658-4e82-817d-b919aa08b3d3 - - - - - -] 10.0.0.115 "GET /" status: 200 len: 136 microversion: 1.0
2026-02-26 23:16:10.601 8 INFO placement.requestlog [None req-db092701-7d03-4f6f-904b-20793f862805 - - - - - -] 10.0.0.115 "GET /" status: 200 len: 136 microversion: 1.0
2026-02-26 23:16:20.601 8 INFO placement.requestlog [None req-a3c0b6cf-4e22-48a9-b621-8d5c5f515e52 - - - - - -] 10.0.0.115 "GET /" status: 200 len: 136 microversion: 1.0
2026-02-26 23:16:20.602 7 INFO placement.requestlog [None req-c0e2796b-4060-467a-877f-d2d13dec7ea2 - - - - - -] 10.0.0.115 "GET /" status: 200 len: 136 microversion: 1.0
2026-02-26 23:16:30.602 8 INFO placement.requestlog [None req-c75b58d3-7120-42f3-ac89-63972e3b04eb - - - - - -] 10.0.0.115 "GET /" status: 200 len: 136 microversion: 1.0
2026-02-26 23:16:30.602 7 INFO placement.requestlog [None req-f8251810-c1a5-46be-b4f2-2e9850a3adb0 - - - - - -] 10.0.0.115 "GET /" status: 200 len: 136 microversion: 1.0
2026-02-26 23:16:34.850 7 INFO placement.requestlog [req-f5c8a903-7e47-48f4-bc6e-afbb45f77680 req-7854734d-1079-426f-9aa2-b4a9bd6cecbf f1deac0ea5ff4f8ab807ef98bfb00685 988b35469d48452da6ec70da58c88868 - - 9e7ae92ea965452c89cac4b15552a734 9e7ae92ea965452c89cac4b15552a734] 162.253.55.195 "GET /resource_providers/63eb9aa0-21b4-42bc-b8dd-03efe6f9cadb/allocations" status: 200 len: 340 microversion: 1.0 [pid: 7|app: 0|req: 673/1351] 162.253.55.195 () {32 vars in 857 bytes} [Thu Feb 26 23:16:34 2026] GET /resource_providers/63eb9aa0-21b4-42bc-b8dd-03efe6f9cadb/allocations => generated 340 bytes in 14 msecs (HTTP/1.1 200) 6 headers in 224 bytes (1 switches on core 0)
2026-02-26 23:16:34.873 8 INFO placement.requestlog [req-f5c8a903-7e47-48f4-bc6e-afbb45f77680 req-ffa44c22-3b09-496d-9db9-70fd0699edbc f1deac0ea5ff4f8ab807ef98bfb00685 988b35469d48452da6ec70da58c88868 - - 9e7ae92ea965452c89cac4b15552a734 9e7ae92ea965452c89cac4b15552a734] 162.253.55.195 "GET /resource_providers/63eb9aa0-21b4-42bc-b8dd-03efe6f9cadb/allocations" status: 200 len: 340 microversion: 1.0 [pid: 8|app: 0|req: 679/1352] 162.253.55.195 () {32 vars in 857 bytes} [Thu Feb 26 23:16:34 2026] GET /resource_providers/63eb9aa0-21b4-42bc-b8dd-03efe6f9cadb/allocations => generated 340 bytes in 15 msecs (HTTP/1.1 200) 6 headers in 224 bytes (1 switches on core 0)
2026-02-26 23:16:34.892 7 INFO placement.requestlog [req-f5c8a903-7e47-48f4-bc6e-afbb45f77680 req-552923d3-1957-4839-a516-31ebfc76d9ec f1deac0ea5ff4f8ab807ef98bfb00685 988b35469d48452da6ec70da58c88868 - - 9e7ae92ea965452c89cac4b15552a734 9e7ae92ea965452c89cac4b15552a734] 162.253.55.195 "GET /allocations/ebb40048-9ae6-49ef-ae1a-54ad0aaaf47d" status: 200 len: 258 microversion: 1.28 [pid: 7|app: 0|req: 674/1353] 162.253.55.195 () {34 vars in 863 bytes} [Thu Feb 26 23:16:34 2026] GET /allocations/ebb40048-9ae6-49ef-ae1a-54ad0aaaf47d => generated 258 bytes in 11 msecs (HTTP/1.1 200) 8 headers in 296 bytes (1 switches on core 0)
2026-02-26 23:16:34.908 8 INFO placement.requestlog [req-f5c8a903-7e47-48f4-bc6e-afbb45f77680 req-fe69ef56-b9c8-4c91-a6a1-a4ebc1cf539d f1deac0ea5ff4f8ab807ef98bfb00685 988b35469d48452da6ec70da58c88868 - - 9e7ae92ea965452c89cac4b15552a734 9e7ae92ea965452c89cac4b15552a734] 162.253.55.195 "GET /allocations/170194c8-ffa7-4241-8b7a-e0006a33a15c" status: 200 len: 258 microversion: 1.28 [pid: 8|app: 0|req: 680/1354] 162.253.55.195 () {34 vars in 863 bytes} [Thu Feb 26 23:16:34 2026] GET /allocations/170194c8-ffa7-4241-8b7a-e0006a33a15c => generated 258 bytes in 10 msecs (HTTP/1.1 200) 8 headers in 296 bytes (1 switches on core 0)
2026-02-26 23:16:34.924 7 INFO placement.requestlog [req-f5c8a903-7e47-48f4-bc6e-afbb45f77680 req-300de2bb-7b32-4156-b7be-7e03b7e3b068 f1deac0ea5ff4f8ab807ef98bfb00685 988b35469d48452da6ec70da58c88868 - - 9e7ae92ea965452c89cac4b15552a734 9e7ae92ea965452c89cac4b15552a734] 162.253.55.195 "GET /allocations/03de9b24-40c7-401e-a6d4-8525a4be7425" status: 200 len: 245 microversion: 1.28 [pid: 7|app: 0|req: 675/1355] 162.253.55.195 () {34 vars in 863 bytes} [Thu Feb 26 23:16:34 2026] GET /allocations/03de9b24-40c7-401e-a6d4-8525a4be7425 => generated 245 bytes in 10 msecs (HTTP/1.1 200) 8 headers in 296 bytes (1 switches on core 0)
2026-02-26 23:16:40.602 7 INFO placement.requestlog [None req-9631ae6a-cded-47b8-b1d4-b119df6515cf - - - - - -] 10.0.0.115 "GET /" status: 200 len: 136 microversion: 1.0
2026-02-26 23:16:40.602 8 INFO placement.requestlog [None req-9caf549d-63d8-4e16-b969-21d5bbaa1cfa - - - - - -] 10.0.0.115 "GET /" status: 200 len: 136 microversion: 1.0
2026-02-26 23:16:50.601 7 INFO placement.requestlog [None req-f65992ba-8935-4fa0-b3bb-68e62e3a7773 - - - - - -] 10.0.0.115 "GET /" status: 200 len: 136 microversion: 1.0
2026-02-26 23:16:50.605 8 INFO placement.requestlog [None req-d6a18022-79c3-4450-a41d-a253c9396e80 - - - - - -] 10.0.0.115 "GET /" status: 200 len: 136 microversion: 1.0
2026-02-26 23:16:51.878 7 INFO placement.requestlog [None req-c7ec19ca-7156-4cdd-9629-891af5a5c947 72c6fe6874274327b3167f7b4432f9aa e28f0ccde533438f9aa48223a05a85db - - default default] 10.0.0.23 "GET /resource_providers" status: 200 len: 406 microversion: 1.0 [pid: 7|app: 0|req: 678/1360] 10.0.0.23 () {28 vars in 592 bytes} [Thu Feb 26 23:16:51 2026] GET /resource_providers => generated 406 bytes in 55 msecs (HTTP/1.1 200) 6 headers in 224 bytes (1 switches on core 0)
2026-02-26 23:16:51.897 8 INFO placement.requestlog [None req-66132be5-d3ea-4c57-89e2-41d5380e285d 72c6fe6874274327b3167f7b4432f9aa e28f0ccde533438f9aa48223a05a85db - - default default] 10.0.0.23 "GET /resource_providers/63eb9aa0-21b4-42bc-b8dd-03efe6f9cadb/inventories" status: 200 len: 401 microversion: 1.0 [pid: 8|app: 0|req: 683/1361] 10.0.0.23 () {28 vars in 690 bytes} [Thu Feb 26 23:16:51 2026] GET /resource_providers/63eb9aa0-21b4-42bc-b8dd-03efe6f9cadb/inventories => generated 401 bytes in 14 msecs (HTTP/1.1 200) 6 headers in 224 bytes (1 switches on core 0)
2026-02-26 23:16:51.913 7 INFO placement.requestlog [None req-682f4c04-08ad-4a68-b201-92c17db8ab97 72c6fe6874274327b3167f7b4432f9aa e28f0ccde533438f9aa48223a05a85db - - default default] 10.0.0.23 "GET /resource_providers/63eb9aa0-21b4-42bc-b8dd-03efe6f9cadb/usages" status: 200 len: 92 microversion: 1.0 [pid: 7|app: 0|req: 679/1362] 10.0.0.23 () {28 vars in 680 bytes} [Thu Feb 26 23:16:51 2026] GET /resource_providers/63eb9aa0-21b4-42bc-b8dd-03efe6f9cadb/usages => generated 92 bytes in 12 msecs (HTTP/1.1 200) 6 headers in 223 bytes (1 switches on core 0)
2026-02-26 23:17:00.601 7 INFO placement.requestlog [None req-912780cc-efb9-40df-9e5d-fbf33e2abafa - - - - - -] 10.0.0.115 "GET /" status: 200 len: 136 microversion: 1.0
2026-02-26 23:17:00.601 8 INFO placement.requestlog [None req-65359d39-c94c-420e-a6be-99b6c3d4a15a - - - - - -] 10.0.0.115 "GET /" status: 200 len: 136 microversion: 1.0
2026-02-26 23:17:10.601 8 INFO placement.requestlog [None req-5b5183b0-a26b-4052-b7a0-dc5620a94896 - - - - - -] 10.0.0.115 "GET /" status: 200 len: 136 microversion: 1.0
2026-02-26 23:17:10.601 7 INFO placement.requestlog [None req-9ad88a09-f8d0-4924-9d84-40a49bd95803 - - - - - -] 10.0.0.115 "GET /" status: 200 len: 136 microversion: 1.0
2026-02-26 23:17:20.601 7 INFO placement.requestlog [None req-77c16908-1891-4422-aa8d-d2bebe1538d8 - - - - - -] 10.0.0.115 "GET /" status: 200 len: 136 microversion: 1.0
2026-02-26 23:17:20.601 8 INFO placement.requestlog [None req-014bb99e-241e-4203-b3e0-70b39e191f14 - - - - - -] 10.0.0.115 "GET /" status: 200 len: 136 microversion: 1.0
2026-02-26 23:17:30.602 8 INFO placement.requestlog [None req-43d4b429-1e48-458e-b808-e136567bf0e9 - - - - - -] 10.0.0.115 "GET /" status: 200 len: 136 microversion: 1.0
2026-02-26 23:17:30.603 7 INFO placement.requestlog [None req-5307f863-3a10-457e-8f79-5ebdd35ea5b6 - - - - - -] 10.0.0.115 "GET /" status: 200 len: 136 microversion: 1.0
2026-02-26 23:17:36.002 8 INFO placement.requestlog [req-67c736f6-f7c4-4fb5-864e-4e9b32153aad req-517232cb-8330-4b62-8d62-d456c7d6e30e f1deac0ea5ff4f8ab807ef98bfb00685 988b35469d48452da6ec70da58c88868 - - 9e7ae92ea965452c89cac4b15552a734 9e7ae92ea965452c89cac4b15552a734] 162.253.55.195 "GET /resource_providers/63eb9aa0-21b4-42bc-b8dd-03efe6f9cadb/allocations" status: 200 len: 340 microversion: 1.0 [pid: 8|app: 0|req: 688/1371] 162.253.55.195 () {32 vars in 857 bytes} [Thu Feb 26 23:17:35 2026] GET /resource_providers/63eb9aa0-21b4-42bc-b8dd-03efe6f9cadb/allocations => generated 340 bytes in 17 msecs (HTTP/1.1 200) 6 headers in 224 bytes (1 switches on core 0)
2026-02-26 23:17:36.024 7 INFO placement.requestlog [req-67c736f6-f7c4-4fb5-864e-4e9b32153aad req-c4843445-02f7-4aa8-9f94-1c891033de3a f1deac0ea5ff4f8ab807ef98bfb00685 988b35469d48452da6ec70da58c88868 - - 9e7ae92ea965452c89cac4b15552a734 9e7ae92ea965452c89cac4b15552a734] 162.253.55.195 "GET /resource_providers/63eb9aa0-21b4-42bc-b8dd-03efe6f9cadb/allocations" status: 200 len: 340 microversion: 1.0 [pid: 7|app: 0|req: 684/1372] 162.253.55.195 () {32 vars in 857 bytes} [Thu Feb 26 23:17:36 2026] GET /resource_providers/63eb9aa0-21b4-42bc-b8dd-03efe6f9cadb/allocations => generated 340 bytes in 16 msecs (HTTP/1.1 200) 6 headers in 224 bytes (1 switches on core 0)
2026-02-26 23:17:36.040 8 INFO placement.requestlog [req-67c736f6-f7c4-4fb5-864e-4e9b32153aad req-87ae82df-3252-4cb5-b1b0-41f778e31352 f1deac0ea5ff4f8ab807ef98bfb00685 988b35469d48452da6ec70da58c88868 - - 9e7ae92ea965452c89cac4b15552a734 9e7ae92ea965452c89cac4b15552a734] 162.253.55.195 "GET /allocations/ebb40048-9ae6-49ef-ae1a-54ad0aaaf47d" status: 200 len: 258 microversion: 1.28 [pid: 8|app: 0|req: 689/1373] 162.253.55.195 () {34 vars in 863 bytes} [Thu Feb 26 23:17:36 2026] GET /allocations/ebb40048-9ae6-49ef-ae1a-54ad0aaaf47d => generated 258 bytes in 11 msecs (HTTP/1.1 200) 8 headers in 296 bytes (1 switches on core 0)
2026-02-26 23:17:36.060 7 INFO placement.requestlog [req-67c736f6-f7c4-4fb5-864e-4e9b32153aad req-20da1125-fe08-48b3-9691-38e43bba5d03 f1deac0ea5ff4f8ab807ef98bfb00685 988b35469d48452da6ec70da58c88868 - - 9e7ae92ea965452c89cac4b15552a734 9e7ae92ea965452c89cac4b15552a734] 162.253.55.195 "GET /allocations/170194c8-ffa7-4241-8b7a-e0006a33a15c" status: 200 len: 258 microversion: 1.28 [pid: 7|app: 0|req: 685/1374] 162.253.55.195 () {34 vars in 863 bytes} [Thu Feb 26 23:17:36 2026] GET /allocations/170194c8-ffa7-4241-8b7a-e0006a33a15c => generated 258 bytes in 13 msecs (HTTP/1.1 200) 8 headers in 296 bytes (1 switches on core 0)
2026-02-26 23:17:36.085 8 INFO placement.requestlog [req-67c736f6-f7c4-4fb5-864e-4e9b32153aad req-57bd77d4-8794-412a-821b-292a17c68e23 f1deac0ea5ff4f8ab807ef98bfb00685 988b35469d48452da6ec70da58c88868 - - 9e7ae92ea965452c89cac4b15552a734 9e7ae92ea965452c89cac4b15552a734] 162.253.55.195 "GET /allocations/03de9b24-40c7-401e-a6d4-8525a4be7425" status: 200 len: 245 microversion: 1.28 [pid: 8|app: 0|req: 690/1375] 162.253.55.195 () {34 vars in 863 bytes} [Thu Feb 26 23:17:36 2026] GET /allocations/03de9b24-40c7-401e-a6d4-8525a4be7425 => generated 245 bytes in 15 msecs (HTTP/1.1 200) 8 headers in 296 bytes (1 switches on core 0)
2026-02-26 23:17:37.127 7 INFO placement.requestlog [req-fe1bd86c-8bc6-4354-b6aa-dabc96cd3692 req-700c115f-00e2-479d-81d7-1b7c98333f49 f1deac0ea5ff4f8ab807ef98bfb00685 988b35469d48452da6ec70da58c88868 - - 9e7ae92ea965452c89cac4b15552a734 9e7ae92ea965452c89cac4b15552a734] 162.253.55.195 "GET /resource_providers/63eb9aa0-21b4-42bc-b8dd-03efe6f9cadb/allocations" status: 200 len: 340 microversion: 1.0 [pid: 7|app: 0|req: 686/1376] 162.253.55.195 () {32 vars in 857 bytes} [Thu Feb 26 23:17:37 2026] GET /resource_providers/63eb9aa0-21b4-42bc-b8dd-03efe6f9cadb/allocations => generated 340 bytes in 12 msecs (HTTP/1.1 200) 6 headers in 224 bytes (1 switches on core 0)
2026-02-26 23:17:37.145 8 INFO placement.requestlog [req-fe1bd86c-8bc6-4354-b6aa-dabc96cd3692 req-450cc2af-b3ec-4c92-a55c-6a1ee4dbcc6b f1deac0ea5ff4f8ab807ef98bfb00685 988b35469d48452da6ec70da58c88868 - - 9e7ae92ea965452c89cac4b15552a734 9e7ae92ea965452c89cac4b15552a734] 162.253.55.195 "GET /allocations/ebb40048-9ae6-49ef-ae1a-54ad0aaaf47d" status: 200 len: 258 microversion: 1.28 [pid: 8|app: 0|req: 691/1377] 162.253.55.195 () {34 vars in 863 bytes} [Thu Feb 26 23:17:37 2026] GET /allocations/ebb40048-9ae6-49ef-ae1a-54ad0aaaf47d => generated 258 bytes in 12 msecs (HTTP/1.1 200) 8 headers in 296 bytes (1 switches on core 0)
2026-02-26 23:17:37.162 7 INFO placement.requestlog [req-fe1bd86c-8bc6-4354-b6aa-dabc96cd3692 req-1774d9a6-ecb0-40d3-94ce-c94d3315470b f1deac0ea5ff4f8ab807ef98bfb00685 988b35469d48452da6ec70da58c88868 - - 9e7ae92ea965452c89cac4b15552a734 9e7ae92ea965452c89cac4b15552a734] 162.253.55.195 "GET /allocations/170194c8-ffa7-4241-8b7a-e0006a33a15c" status: 200 len: 258 microversion: 1.28 [pid: 7|app: 0|req: 687/1378] 162.253.55.195 () {34 vars in 863 bytes} [Thu Feb 26 23:17:37 2026] GET /allocations/170194c8-ffa7-4241-8b7a-e0006a33a15c => generated 258 bytes in 12 msecs (HTTP/1.1 200) 8 headers in 296 bytes (1 switches on core 0)
2026-02-26 23:17:37.181 8 INFO placement.requestlog [req-fe1bd86c-8bc6-4354-b6aa-dabc96cd3692 req-85078b70-2a72-4023-9f90-eb5e51bd18c2 f1deac0ea5ff4f8ab807ef98bfb00685 988b35469d48452da6ec70da58c88868 - - 9e7ae92ea965452c89cac4b15552a734 9e7ae92ea965452c89cac4b15552a734] 162.253.55.195 "GET /allocations/03de9b24-40c7-401e-a6d4-8525a4be7425" status: 200 len: 245 microversion: 1.28 [pid: 8|app: 0|req: 692/1379] 162.253.55.195 () {34 vars in 863 bytes} [Thu Feb 26 23:17:37 2026] GET /allocations/03de9b24-40c7-401e-a6d4-8525a4be7425 => generated 245 bytes in 14 msecs (HTTP/1.1 200) 8 headers in 296 bytes (1 switches on core 0)
2026-02-26 23:17:38.223 7 INFO placement.requestlog [req-fe1bd86c-8bc6-4354-b6aa-dabc96cd3692 req-546fe875-a5d9-46b6-9e49-4556a17fb18d f1deac0ea5ff4f8ab807ef98bfb00685 988b35469d48452da6ec70da58c88868 - - 9e7ae92ea965452c89cac4b15552a734 9e7ae92ea965452c89cac4b15552a734] 162.253.55.195 "DELETE /allocations/03de9b24-40c7-401e-a6d4-8525a4be7425" status: 204 len: 0 microversion: 1.0 [pid: 7|app: 0|req: 688/1380] 162.253.55.195 () {34 vars in 841 bytes} [Thu Feb 26 23:17:38 2026] DELETE /allocations/03de9b24-40c7-401e-a6d4-8525a4be7425 => generated 0 bytes in 17 msecs (HTTP/1.1 204) 5 headers in 198 bytes (1 switches on core 0)
2026-02-26 23:17:40.602 7 INFO placement.requestlog [None req-e3d17a8f-fd41-4502-917b-eae63e2275b3 - - - - - -] 10.0.0.115 "GET /" status: 200 len: 136 microversion: 1.0
2026-02-26 23:17:40.602 8 INFO placement.requestlog [None req-443b4c45-fe2d-4415-8702-f0623fe9e321 - - - - - -] 10.0.0.115 "GET /" status: 200 len: 136 microversion: 1.0
2026-02-26 23:17:41.271 8 INFO placement.requestlog [req-27aff0e4-8e72-4655-a5d0-7f93096e4bd1 req-131f0c86-70c1-4043-b8a6-f51d4330f345 f1deac0ea5ff4f8ab807ef98bfb00685 988b35469d48452da6ec70da58c88868 - - 9e7ae92ea965452c89cac4b15552a734 9e7ae92ea965452c89cac4b15552a734] 162.253.55.195 "GET /resource_providers/63eb9aa0-21b4-42bc-b8dd-03efe6f9cadb/allocations" status: 200 len: 253 microversion: 1.0 [pid: 8|app: 0|req: 694/1383] 162.253.55.195 () {32 vars in 857 bytes} [Thu Feb 26 23:17:41 2026] GET /resource_providers/63eb9aa0-21b4-42bc-b8dd-03efe6f9cadb/allocations => generated 253 bytes in 16 msecs (HTTP/1.1 200) 6 headers in 224 bytes (1 switches on core 0)
2026-02-26 23:17:41.291 7 INFO placement.requestlog [req-27aff0e4-8e72-4655-a5d0-7f93096e4bd1 req-6dac35af-ae63-47a1-a3a5-f649297fca99 f1deac0ea5ff4f8ab807ef98bfb00685 988b35469d48452da6ec70da58c88868 - - 9e7ae92ea965452c89cac4b15552a734 9e7ae92ea965452c89cac4b15552a734] 162.253.55.195 "GET /allocations/ebb40048-9ae6-49ef-ae1a-54ad0aaaf47d" status: 200 len: 258 microversion: 1.28 [pid: 7|app: 0|req: 690/1384] 162.253.55.195 () {34 vars in 863 bytes} [Thu Feb 26 23:17:41 2026] GET /allocations/ebb40048-9ae6-49ef-ae1a-54ad0aaaf47d => generated 258 bytes in 14 msecs (HTTP/1.1 200) 8 headers in 296 bytes (1 switches on core 0)
2026-02-26 23:17:41.311 8 INFO placement.requestlog [req-27aff0e4-8e72-4655-a5d0-7f93096e4bd1 req-3d3ad7b8-b150-4abe-bec6-e86185648d59 f1deac0ea5ff4f8ab807ef98bfb00685 988b35469d48452da6ec70da58c88868 - - 9e7ae92ea965452c89cac4b15552a734 9e7ae92ea965452c89cac4b15552a734] 162.253.55.195 "GET /allocations/170194c8-ffa7-4241-8b7a-e0006a33a15c" status: 200 len: 258 microversion: 1.28 [pid: 8|app: 0|req: 695/1385] 162.253.55.195 () {34 vars in 863 bytes} [Thu Feb 26 23:17:41 2026] GET /allocations/170194c8-ffa7-4241-8b7a-e0006a33a15c => generated 258 bytes in 12 msecs (HTTP/1.1 200) 8 headers in 296 bytes (1 switches on core 0)
2026-02-26 23:17:42.359 7 INFO placement.requestlog [req-27aff0e4-8e72-4655-a5d0-7f93096e4bd1 req-46730867-e4bb-44f1-9080-1e2753ca2bdc f1deac0ea5ff4f8ab807ef98bfb00685 988b35469d48452da6ec70da58c88868 - - 9e7ae92ea965452c89cac4b15552a734 9e7ae92ea965452c89cac4b15552a734] 162.253.55.195 "DELETE /allocations/170194c8-ffa7-4241-8b7a-e0006a33a15c" status: 204 len: 0 microversion: 1.0 [pid: 7|app: 0|req: 691/1386] 162.253.55.195 () {34 vars in 841 bytes} [Thu Feb 26 23:17:42 2026] DELETE /allocations/170194c8-ffa7-4241-8b7a-e0006a33a15c => generated 0 bytes in 24 msecs (HTTP/1.1 204) 5 headers in 198 bytes (1 switches on core 0)
2026-02-26 23:17:50.602 8 INFO placement.requestlog [None req-97454d6f-bd27-4ac9-ad7f-aa33c6e02580 - - - - - -] 10.0.0.115 "GET /" status: 200 len: 136 microversion: 1.0
2026-02-26 23:17:50.602 7 INFO placement.requestlog [None req-7ac701b9-d852-4263-8806-dc4030bc2575 - - - - - -] 10.0.0.115 "GET /" status: 200 len: 136 microversion: 1.0
2026-02-26 23:17:51.983 8 INFO placement.requestlog [None req-c9edbc95-d12e-4eb2-a6db-5ed5437f97f0 72c6fe6874274327b3167f7b4432f9aa e28f0ccde533438f9aa48223a05a85db - - default default] 10.0.0.23 "GET /resource_providers" status: 200 len: 406 microversion: 1.0 [pid: 8|app: 0|req: 697/1389] 10.0.0.23 () {28 vars in 592 bytes} [Thu Feb 26 23:17:51 2026] GET /resource_providers => generated 406 bytes in 63 msecs (HTTP/1.1 200) 6 headers in 224 bytes (1 switches on core 0)
2026-02-26 23:17:52.029 7 INFO placement.requestlog [None req-71e92924-bbd8-4cac-9672-c7d22a86707a 72c6fe6874274327b3167f7b4432f9aa e28f0ccde533438f9aa48223a05a85db - - default default] 10.0.0.23 "GET /resource_providers/63eb9aa0-21b4-42bc-b8dd-03efe6f9cadb/inventories" status: 200 len: 401 microversion: 1.0 [pid: 7|app: 0|req: 693/1390] 10.0.0.23 () {28 vars in 690 bytes} [Thu Feb 26 23:17:51 2026] GET /resource_providers/63eb9aa0-21b4-42bc-b8dd-03efe6f9cadb/inventories => generated 401 bytes in 41 msecs (HTTP/1.1 200) 6 headers in 224 bytes (1 switches on core 0)
2026-02-26 23:17:52.072 8 INFO placement.requestlog [None req-6fded4ee-17fa-48e1-a6d5-c20cdcbd5bbf 72c6fe6874274327b3167f7b4432f9aa e28f0ccde533438f9aa48223a05a85db - - default default] 10.0.0.23 "GET /resource_providers/63eb9aa0-21b4-42bc-b8dd-03efe6f9cadb/usages" status: 200 len: 91 microversion: 1.0 [pid: 8|app: 0|req: 698/1391] 10.0.0.23 () {28 vars in 680 bytes} [Thu Feb 26 23:17:52 2026] GET /resource_providers/63eb9aa0-21b4-42bc-b8dd-03efe6f9cadb/usages => generated 91 bytes in 36 msecs (HTTP/1.1 200) 6 headers in 223 bytes (1 switches on core 0)
2026-02-26 23:17:52.430 7 INFO placement.requestlog [req-05d351f0-819e-46d9-b764-2002f6e21880 req-9bfbca71-5767-4db3-8df3-77e3a79377b2 f1deac0ea5ff4f8ab807ef98bfb00685 988b35469d48452da6ec70da58c88868 - - 9e7ae92ea965452c89cac4b15552a734 9e7ae92ea965452c89cac4b15552a734] 162.253.55.195 "GET /resource_providers/63eb9aa0-21b4-42bc-b8dd-03efe6f9cadb/allocations" status: 200 len: 153 microversion: 1.0 [pid: 7|app: 0|req: 694/1392] 162.253.55.195 () {32 vars in 857 bytes} [Thu Feb 26 23:17:52 2026] GET /resource_providers/63eb9aa0-21b4-42bc-b8dd-03efe6f9cadb/allocations => generated 153 bytes in 12 msecs (HTTP/1.1 200) 6 headers in 224 bytes (1 switches on core 0)
2026-02-26 23:17:52.448 8 INFO placement.requestlog [req-05d351f0-819e-46d9-b764-2002f6e21880 req-28e845ac-8b36-41ad-836e-b865336c1452 f1deac0ea5ff4f8ab807ef98bfb00685 988b35469d48452da6ec70da58c88868 - - 9e7ae92ea965452c89cac4b15552a734 9e7ae92ea965452c89cac4b15552a734] 162.253.55.195 "GET /allocations/ebb40048-9ae6-49ef-ae1a-54ad0aaaf47d" status: 200 len: 258 microversion: 1.28 [pid: 8|app: 0|req: 699/1393] 162.253.55.195 () {34 vars in 863 bytes} [Thu Feb 26 23:17:52 2026] GET /allocations/ebb40048-9ae6-49ef-ae1a-54ad0aaaf47d => generated 258 bytes in 12 msecs (HTTP/1.1 200) 8 headers in 296 bytes (1 switches on core 0)
2026-02-26 23:17:53.492 7 INFO placement.requestlog [req-05d351f0-819e-46d9-b764-2002f6e21880 req-c5acb790-cf57-43c1-ba5c-e8abbaa90ebf f1deac0ea5ff4f8ab807ef98bfb00685 988b35469d48452da6ec70da58c88868 - - 9e7ae92ea965452c89cac4b15552a734 9e7ae92ea965452c89cac4b15552a734] 162.253.55.195 "DELETE /allocations/ebb40048-9ae6-49ef-ae1a-54ad0aaaf47d" status: 204 len: 0 microversion: 1.0 [pid: 7|app: 0|req: 695/1394] 162.253.55.195 () {34 vars in 841 bytes} [Thu Feb 26 23:17:53 2026] DELETE /allocations/ebb40048-9ae6-49ef-ae1a-54ad0aaaf47d => generated 0 bytes in 21 msecs (HTTP/1.1 204) 5 headers in 198 bytes (1 switches on core 0)
2026-02-26 23:18:00.602 8 INFO placement.requestlog [None req-5bb917ff-6b5c-4a5c-8f74-e36b8fabf6ea - - - - - -] 10.0.0.115 "GET /" status: 200 len: 136 microversion: 1.0
2026-02-26 23:18:00.604 7 INFO placement.requestlog [None req-09efcd7b-f8bf-4438-a599-b7a315b4da42 - - - - - -] 10.0.0.115 "GET /" status: 200 len: 136 microversion: 1.0
2026-02-26 23:18:03.249 7 INFO placement.requestlog [None req-6c24782a-0634-4826-bacb-0799603759bb 64ac1ab69af44c11870b72dac84d7b89 988b35469d48452da6ec70da58c88868 - - 9e7ae92ea965452c89cac4b15552a734 9e7ae92ea965452c89cac4b15552a734] 10.0.0.201 "GET /resource_providers/2a47c455-53f1-4a7d-9657-7e74a2a2ee5d/aggregates" status: 404 len: 235 microversion: 1.1 [pid: 7|app: 0|req: 697/1397] 10.0.0.201 () {32 vars in 816 bytes} [Thu Feb 26 23:18:03 2026] GET /resource_providers/2a47c455-53f1-4a7d-9657-7e74a2a2ee5d/aggregates => generated 235 bytes in 37 msecs (HTTP/1.1 404) 5 headers in 202 bytes (1 switches on core 0)
2026-02-26 23:18:03.259 8 INFO placement.requestlog [None req-8787ef5a-8c06-412f-b809-2cd81503a645 64ac1ab69af44c11870b72dac84d7b89 988b35469d48452da6ec70da58c88868 - - 9e7ae92ea965452c89cac4b15552a734 9e7ae92ea965452c89cac4b15552a734] 10.0.0.201 "GET /resource_providers/2a47c455-53f1-4a7d-9657-7e74a2a2ee5d/aggregates" status: 404 len: 235 microversion: 1.1 [pid: 8|app: 0|req: 701/1398] 10.0.0.201 () {32 vars in 816 bytes} [Thu Feb 26 23:18:03 2026] GET /resource_providers/2a47c455-53f1-4a7d-9657-7e74a2a2ee5d/aggregates => generated 235 bytes in 47 msecs (HTTP/1.1 404) 5 headers in 202 bytes (1 switches on core 0)
2026-02-26 23:18:03.264 7 INFO placement.requestlog [None req-fdba198e-2e09-4cc7-84a5-a64845d80a2e 64ac1ab69af44c11870b72dac84d7b89 988b35469d48452da6ec70da58c88868 - - 9e7ae92ea965452c89cac4b15552a734 9e7ae92ea965452c89cac4b15552a734] 10.0.0.201 "DELETE /resource_providers/2a47c455-53f1-4a7d-9657-7e74a2a2ee5d" status: 404 len: 246 microversion: 1.1 [pid: 7|app: 0|req: 698/1399] 10.0.0.201 () {34 vars in 816 bytes} [Thu Feb 26 23:18:03 2026] DELETE /resource_providers/2a47c455-53f1-4a7d-9657-7e74a2a2ee5d => generated 246 bytes in 8 msecs (HTTP/1.1 404) 6 headers in 231 bytes (1 switches on core 0)
2026-02-26 23:18:03.280 8 INFO placement.requestlog [None req-2337d91c-fc45-420f-a4b1-751e2e1c634e 64ac1ab69af44c11870b72dac84d7b89 988b35469d48452da6ec70da58c88868 - - 9e7ae92ea965452c89cac4b15552a734 9e7ae92ea965452c89cac4b15552a734] 10.0.0.201 "DELETE /resource_providers/2a47c455-53f1-4a7d-9657-7e74a2a2ee5d" status: 404 len: 246 microversion: 1.1 [pid: 8|app: 0|req: 702/1400] 10.0.0.201 () {34 vars in 816 bytes} [Thu Feb 26 23:18:03 2026] DELETE /resource_providers/2a47c455-53f1-4a7d-9657-7e74a2a2ee5d => generated 246 bytes in 11 msecs (HTTP/1.1 404) 6 headers in 231 bytes (1 switches on core 0)
2026-02-26 23:18:05.282 7 INFO placement.requestlog [None req-3bc383cf-cefa-4208-bf4a-245e6622b530 64ac1ab69af44c11870b72dac84d7b89 988b35469d48452da6ec70da58c88868 - - 9e7ae92ea965452c89cac4b15552a734 9e7ae92ea965452c89cac4b15552a734] 10.0.0.201 "GET /resource_providers/459e22fa-bc3d-40bd-8c9b-a6ffbc45f83e/aggregates" status: 404 len: 235 microversion: 1.1 [pid: 7|app: 0|req: 699/1401] 10.0.0.201 () {32 vars in 816 bytes} [Thu Feb 26 23:18:05 2026] GET /resource_providers/459e22fa-bc3d-40bd-8c9b-a6ffbc45f83e/aggregates => generated 235 bytes in 8 msecs (HTTP/1.1 404) 5 headers in 202 bytes (1 switches on core 0)
2026-02-26 23:18:05.297 8 INFO placement.requestlog [None req-a6892adb-d189-4501-b34a-ee0a70df0436 64ac1ab69af44c11870b72dac84d7b89 988b35469d48452da6ec70da58c88868 - - 9e7ae92ea965452c89cac4b15552a734 9e7ae92ea965452c89cac4b15552a734] 10.0.0.201 "GET /resource_providers/459e22fa-bc3d-40bd-8c9b-a6ffbc45f83e/aggregates" status: 404 len: 235 microversion: 1.1 [pid: 8|app: 0|req: 703/1402] 10.0.0.201 () {32 vars in 816 bytes} [Thu Feb 26 23:18:05 2026] GET /resource_providers/459e22fa-bc3d-40bd-8c9b-a6ffbc45f83e/aggregates => generated 235 bytes in 7 msecs (HTTP/1.1 404) 5 headers in 202 bytes (1 switches on core 0)
2026-02-26 23:18:05.301 7 INFO placement.requestlog [None req-24249250-e519-4c1f-9d69-9f5a23e53e0a 64ac1ab69af44c11870b72dac84d7b89 988b35469d48452da6ec70da58c88868 - - 9e7ae92ea965452c89cac4b15552a734 9e7ae92ea965452c89cac4b15552a734] 10.0.0.201 "DELETE /resource_providers/459e22fa-bc3d-40bd-8c9b-a6ffbc45f83e" status: 404 len: 246 microversion: 1.1 [pid: 7|app: 0|req: 700/1403] 10.0.0.201 () {34 vars in 816 bytes} [Thu Feb 26 23:18:05 2026] DELETE /resource_providers/459e22fa-bc3d-40bd-8c9b-a6ffbc45f83e => generated 246 bytes in 10 msecs (HTTP/1.1 404) 6 headers in 231 bytes (1 switches on core 0)
2026-02-26 23:18:05.311 7 INFO placement.requestlog [None req-09dc10da-ab2f-4a2a-83c9-1019719cae81 64ac1ab69af44c11870b72dac84d7b89 988b35469d48452da6ec70da58c88868 - - 9e7ae92ea965452c89cac4b15552a734 9e7ae92ea965452c89cac4b15552a734] 10.0.0.201 "GET /resource_providers/fed12c19-3cce-4fd5-b2d4-d32e4de64880/aggregates" status: 404 len: 235 microversion: 1.1 [pid: 7|app: 0|req: 701/1404] 10.0.0.201 () {32 vars in 816 bytes} [Thu Feb 26 23:18:05 2026] GET /resource_providers/fed12c19-3cce-4fd5-b2d4-d32e4de64880/aggregates => generated 235 bytes in 5 msecs (HTTP/1.1 404) 5 headers in 202 bytes (1 switches on core 0)
2026-02-26 23:18:05.312 8 INFO placement.requestlog [None req-27d3a5c2-5bd4-4e84-a596-77c6c039d924 64ac1ab69af44c11870b72dac84d7b89 988b35469d48452da6ec70da58c88868 - - 9e7ae92ea965452c89cac4b15552a734 9e7ae92ea965452c89cac4b15552a734] 10.0.0.201 "DELETE /resource_providers/459e22fa-bc3d-40bd-8c9b-a6ffbc45f83e" status: 404 len: 246 microversion: 1.1 [pid: 8|app: 0|req: 704/1405] 10.0.0.201 () {34 vars in 816 bytes} [Thu Feb 26 23:18:05 2026] DELETE /resource_providers/459e22fa-bc3d-40bd-8c9b-a6ffbc45f83e => generated 246 bytes in 6 msecs (HTTP/1.1 404) 6 headers in 231 bytes (1 switches on core 0)
2026-02-26 23:18:05.327 7 INFO placement.requestlog [None req-679af8cd-b065-4085-8a5f-246de25b9f3c 64ac1ab69af44c11870b72dac84d7b89 988b35469d48452da6ec70da58c88868 - - 9e7ae92ea965452c89cac4b15552a734 9e7ae92ea965452c89cac4b15552a734] 10.0.0.201 "DELETE /resource_providers/fed12c19-3cce-4fd5-b2d4-d32e4de64880" status: 404 len: 246 microversion: 1.1 [pid: 7|app: 0|req: 702/1406] 10.0.0.201 () {34 vars in 816 bytes} [Thu Feb 26 23:18:05 2026] DELETE /resource_providers/fed12c19-3cce-4fd5-b2d4-d32e4de64880 => generated 246 bytes in 7 msecs (HTTP/1.1 404) 6 headers in 231 bytes (1 switches on core 0)
2026-02-26 23:18:05.331 8 INFO placement.requestlog [None req-7d56ab7f-6f96-480a-b39c-a3a0d8af704b 64ac1ab69af44c11870b72dac84d7b89 988b35469d48452da6ec70da58c88868 - - 9e7ae92ea965452c89cac4b15552a734 9e7ae92ea965452c89cac4b15552a734] 10.0.0.201 "GET /resource_providers/fed12c19-3cce-4fd5-b2d4-d32e4de64880/aggregates" status: 404 len: 235 microversion: 1.1 [pid: 8|app: 0|req: 705/1407] 10.0.0.201 () {32 vars in 816 bytes} [Thu Feb 26 23:18:05 2026] GET /resource_providers/fed12c19-3cce-4fd5-b2d4-d32e4de64880/aggregates => generated 235 bytes in 10 msecs (HTTP/1.1 404) 5 headers in 202 bytes (1 switches on core 0)
2026-02-26 23:18:05.347 7 INFO placement.requestlog [None req-321e366a-b11e-48fd-90d4-0735f62cdd98 64ac1ab69af44c11870b72dac84d7b89 988b35469d48452da6ec70da58c88868 - - 9e7ae92ea965452c89cac4b15552a734 9e7ae92ea965452c89cac4b15552a734] 10.0.0.201 "GET /resource_providers/e90c3b2c-c81f-42ac-a23a-a6aa032d2cb5/aggregates" status: 404 len: 235 microversion: 1.1 [pid: 7|app: 0|req: 703/1408] 10.0.0.201 () {32 vars in 816 bytes} [Thu Feb 26 23:18:05 2026] GET /resource_providers/e90c3b2c-c81f-42ac-a23a-a6aa032d2cb5/aggregates => generated 235 bytes in 11 msecs (HTTP/1.1 404) 5 headers in 202 bytes (1 switches on core 0)
2026-02-26 23:18:05.348 8 INFO placement.requestlog [None req-b11167eb-ffe6-4960-8cee-632e8b1b24cc 64ac1ab69af44c11870b72dac84d7b89 988b35469d48452da6ec70da58c88868 - - 9e7ae92ea965452c89cac4b15552a734 9e7ae92ea965452c89cac4b15552a734] 10.0.0.201 "DELETE /resource_providers/fed12c19-3cce-4fd5-b2d4-d32e4de64880" status: 404 len: 246 microversion: 1.1 [pid: 8|app: 0|req: 706/1409] 10.0.0.201 () {34 vars in 816 bytes} [Thu Feb 26 23:18:05 2026] DELETE /resource_providers/fed12c19-3cce-4fd5-b2d4-d32e4de64880 => generated 246 bytes in 10 msecs (HTTP/1.1 404) 6 headers in 231 bytes (1 switches on core 0)
2026-02-26 23:18:05.366 7 INFO placement.requestlog [None req-e261cb70-2b55-4d7e-96a6-6987bb951ad7 64ac1ab69af44c11870b72dac84d7b89 988b35469d48452da6ec70da58c88868 - - 9e7ae92ea965452c89cac4b15552a734 9e7ae92ea965452c89cac4b15552a734] 10.0.0.201 "DELETE /resource_providers/e90c3b2c-c81f-42ac-a23a-a6aa032d2cb5" status: 404 len: 246 microversion: 1.1 [pid: 7|app: 0|req: 704/1410] 10.0.0.201 () {34 vars in 816 bytes} [Thu Feb 26 23:18:05 2026] DELETE /resource_providers/e90c3b2c-c81f-42ac-a23a-a6aa032d2cb5 => generated 246 bytes in 11 msecs (HTTP/1.1 404) 6 headers in 231 bytes (1 switches on core 0)
2026-02-26 23:18:05.368 8 INFO placement.requestlog [None req-c5a447ac-a6cf-4692-9ab2-07ad73060266 64ac1ab69af44c11870b72dac84d7b89 988b35469d48452da6ec70da58c88868 - - 9e7ae92ea965452c89cac4b15552a734 9e7ae92ea965452c89cac4b15552a734] 10.0.0.201 "GET /resource_providers/e90c3b2c-c81f-42ac-a23a-a6aa032d2cb5/aggregates" status: 404 len: 235 microversion: 1.1 [pid: 8|app: 0|req: 707/1411] 10.0.0.201 () {32 vars in 816 bytes} [Thu Feb 26 23:18:05 2026] GET /resource_providers/e90c3b2c-c81f-42ac-a23a-a6aa032d2cb5/aggregates => generated 235 bytes in 9 msecs (HTTP/1.1 404) 5 headers in 202 bytes (1 switches on core 0)
2026-02-26 23:18:05.380 7 INFO placement.requestlog [None req-6bba42e8-7ca9-44e0-9d38-3dbe3edc41c6 64ac1ab69af44c11870b72dac84d7b89 988b35469d48452da6ec70da58c88868 - - 9e7ae92ea965452c89cac4b15552a734 9e7ae92ea965452c89cac4b15552a734] 10.0.0.201 "DELETE /resource_providers/e90c3b2c-c81f-42ac-a23a-a6aa032d2cb5" status: 404 len: 246 microversion: 1.1 [pid: 7|app: 0|req: 705/1412] 10.0.0.201 () {34 vars in 816 bytes} [Thu Feb 26 23:18:05 2026] DELETE /resource_providers/e90c3b2c-c81f-42ac-a23a-a6aa032d2cb5 => generated 246 bytes in 6 msecs (HTTP/1.1 404) 6 headers in 231 bytes (1 switches on core 0)
2026-02-26 23:18:10.601 8 INFO placement.requestlog [None req-409daae6-86c8-4c9c-995e-81b0911e0195 - - - - - -] 10.0.0.115 "GET /" status: 200 len: 136 microversion: 1.0
2026-02-26 23:18:10.601 7 INFO placement.requestlog [None req-aec37af4-df01-4480-8d40-05ae683cfbde - - - - - -] 10.0.0.115 "GET /" status: 200 len: 136 microversion: 1.0
2026-02-26 23:18:17.368 8 INFO placement.requestlog [None req-fe15f596-1e10-43b3-946a-6b129f45e1e5 64ac1ab69af44c11870b72dac84d7b89 988b35469d48452da6ec70da58c88868 - - 9e7ae92ea965452c89cac4b15552a734 9e7ae92ea965452c89cac4b15552a734] 10.0.0.201 "GET /resource_providers/57a2d0ee-b3c4-476c-82a5-62182e142c3c/aggregates" status: 404 len: 235 microversion: 1.1 [pid: 8|app: 0|req: 709/1415] 10.0.0.201 () {32 vars in 816 bytes} [Thu Feb 26 23:18:17 2026] GET /resource_providers/57a2d0ee-b3c4-476c-82a5-62182e142c3c/aggregates => generated 235 bytes in 106 msecs (HTTP/1.1 404) 5 headers in 202 bytes (1 switches on core 0)
2026-02-26 23:18:17.371 7 INFO placement.requestlog [None req-5f6665af-4554-45ff-8ffc-ccec5ed80d71 64ac1ab69af44c11870b72dac84d7b89 988b35469d48452da6ec70da58c88868 - - 9e7ae92ea965452c89cac4b15552a734 9e7ae92ea965452c89cac4b15552a734] 10.0.0.201 "GET /resource_providers/57a2d0ee-b3c4-476c-82a5-62182e142c3c/aggregates" status: 404 len: 235 microversion: 1.1 [pid: 7|app: 0|req: 707/1416] 10.0.0.201 () {32 vars in 816 bytes} [Thu Feb 26 23:18:17 2026] GET /resource_providers/57a2d0ee-b3c4-476c-82a5-62182e142c3c/aggregates => generated 235 bytes in 105 msecs (HTTP/1.1 404) 5 headers in 202 bytes (1 switches on core 0)
2026-02-26 23:18:17.387 8 INFO placement.requestlog [None req-ff9a61ec-ccdc-4690-a821-939a00f98bb2 64ac1ab69af44c11870b72dac84d7b89 988b35469d48452da6ec70da58c88868 - - 9e7ae92ea965452c89cac4b15552a734 9e7ae92ea965452c89cac4b15552a734] 10.0.0.201 "DELETE /resource_providers/57a2d0ee-b3c4-476c-82a5-62182e142c3c" status: 404 len: 246 microversion: 1.1 [pid: 8|app: 0|req: 710/1417] 10.0.0.201 () {34 vars in 816 bytes} [Thu Feb 26 23:18:17 2026] DELETE /resource_providers/57a2d0ee-b3c4-476c-82a5-62182e142c3c => generated 246 bytes in 8 msecs (HTTP/1.1 404) 6 headers in 231 bytes (1 switches on core 0)
2026-02-26 23:18:17.391 7 INFO placement.requestlog [None req-63c5a549-9cbb-4a33-b0ba-13d7aecf414d 64ac1ab69af44c11870b72dac84d7b89 988b35469d48452da6ec70da58c88868 - - 9e7ae92ea965452c89cac4b15552a734 9e7ae92ea965452c89cac4b15552a734] 10.0.0.201 "DELETE /resource_providers/57a2d0ee-b3c4-476c-82a5-62182e142c3c" status: 404 len: 246 microversion: 1.1 [pid: 7|app: 0|req: 708/1418] 10.0.0.201 () {34 vars in 816 bytes} [Thu Feb 26 23:18:17 2026] DELETE /resource_providers/57a2d0ee-b3c4-476c-82a5-62182e142c3c => generated 246 bytes in 8 msecs (HTTP/1.1 404) 6 headers in 231 bytes (1 switches on core 0)
2026-02-26 23:18:17.412 8 INFO placement.requestlog [None req-f0e3309f-5d06-4d75-bf3b-2b258ca578eb 64ac1ab69af44c11870b72dac84d7b89 988b35469d48452da6ec70da58c88868 - - 9e7ae92ea965452c89cac4b15552a734 9e7ae92ea965452c89cac4b15552a734] 10.0.0.201 "GET /resource_providers/8c059ef9-4ff7-4b6f-92d6-0ec16daa6e13/aggregates" status: 404 len: 235 microversion: 1.1 [pid: 8|app: 0|req: 711/1419] 10.0.0.201 () {32 vars in 816 bytes} [Thu Feb 26 23:18:17 2026] GET /resource_providers/8c059ef9-4ff7-4b6f-92d6-0ec16daa6e13/aggregates => generated 235 bytes in 7 msecs (HTTP/1.1 404) 5 headers in 202 bytes (1 switches on core 0)
2026-02-26 23:18:17.413 7 INFO placement.requestlog [None req-8b5c8b77-eff1-4bd0-99a3-591f6aa34370 64ac1ab69af44c11870b72dac84d7b89 988b35469d48452da6ec70da58c88868 - - 9e7ae92ea965452c89cac4b15552a734 9e7ae92ea965452c89cac4b15552a734] 10.0.0.201 "GET /resource_providers/8c059ef9-4ff7-4b6f-92d6-0ec16daa6e13/aggregates" status: 404 len: 235 microversion: 1.1 [pid: 7|app: 0|req: 709/1420] 10.0.0.201 () {32 vars in 816 bytes} [Thu Feb 26 23:18:17 2026] GET /resource_providers/8c059ef9-4ff7-4b6f-92d6-0ec16daa6e13/aggregates => generated 235 bytes in 9 msecs (HTTP/1.1 404) 5 headers in 202 bytes (1 switches on core 0)
2026-02-26 23:18:17.429 8 INFO placement.requestlog [None req-2ac2acd6-1c93-433c-ae50-a7faaac6d01f 64ac1ab69af44c11870b72dac84d7b89 988b35469d48452da6ec70da58c88868 - - 9e7ae92ea965452c89cac4b15552a734 9e7ae92ea965452c89cac4b15552a734] 10.0.0.201 "DELETE /resource_providers/8c059ef9-4ff7-4b6f-92d6-0ec16daa6e13" status: 404 len: 246 microversion: 1.1 [pid: 8|app: 0|req: 712/1421] 10.0.0.201 () {34 vars in 816 bytes} [Thu Feb 26 23:18:17 2026] DELETE /resource_providers/8c059ef9-4ff7-4b6f-92d6-0ec16daa6e13 => generated 246 bytes in 8 msecs (HTTP/1.1 404) 6 headers in 231 bytes (1 switches on core 0)
2026-02-26 23:18:17.431 7 INFO placement.requestlog [None req-33baf35f-2372-4365-86ac-64d8eb820c8a 64ac1ab69af44c11870b72dac84d7b89 988b35469d48452da6ec70da58c88868 - - 9e7ae92ea965452c89cac4b15552a734 9e7ae92ea965452c89cac4b15552a734] 10.0.0.201 "DELETE /resource_providers/8c059ef9-4ff7-4b6f-92d6-0ec16daa6e13" status: 404 len: 246 microversion: 1.1 [pid: 7|app: 0|req: 710/1422] 10.0.0.201 () {34 vars in 816 bytes} [Thu Feb 26 23:18:17 2026] DELETE /resource_providers/8c059ef9-4ff7-4b6f-92d6-0ec16daa6e13 => generated 246 bytes in 8 msecs (HTTP/1.1 404) 6 headers in 231 bytes (1 switches on core 0)
2026-02-26 23:18:19.408 8 INFO placement.requestlog [None req-4b5c66d2-17e6-4c55-9f57-03d3a58b440f 64ac1ab69af44c11870b72dac84d7b89 988b35469d48452da6ec70da58c88868 - - 9e7ae92ea965452c89cac4b15552a734 9e7ae92ea965452c89cac4b15552a734] 10.0.0.201 "GET /resource_providers/ecc4ecca-70df-4d09-bda0-8a0e212a352d/aggregates" status: 404 len: 235 microversion: 1.1 [pid: 8|app: 0|req: 713/1423] 10.0.0.201 () {32 vars in 816 bytes} [Thu Feb 26 23:18:19 2026] GET /resource_providers/ecc4ecca-70df-4d09-bda0-8a0e212a352d/aggregates => generated 235 bytes in 10 msecs (HTTP/1.1 404) 5 headers in 202 bytes (1 switches on core 0)
2026-02-26 23:18:19.413 7 INFO placement.requestlog [None req-2508b1f9-ff17-4d31-abeb-073fac83424b 64ac1ab69af44c11870b72dac84d7b89 988b35469d48452da6ec70da58c88868 - - 9e7ae92ea965452c89cac4b15552a734 9e7ae92ea965452c89cac4b15552a734] 10.0.0.201 "GET /resource_providers/ecc4ecca-70df-4d09-bda0-8a0e212a352d/aggregates" status: 404 len: 235 microversion: 1.1 [pid: 7|app: 0|req: 711/1424] 10.0.0.201 () {32 vars in 816 bytes} [Thu Feb 26 23:18:19 2026] GET /resource_providers/ecc4ecca-70df-4d09-bda0-8a0e212a352d/aggregates => generated 235 bytes in 11 msecs (HTTP/1.1 404) 5 headers in 202 bytes (1 switches on core 0)
2026-02-26 23:18:19.428 8 INFO placement.requestlog [None req-d98923bc-a17a-4e3e-a5e4-a3fc41f42dca 64ac1ab69af44c11870b72dac84d7b89 988b35469d48452da6ec70da58c88868 - - 9e7ae92ea965452c89cac4b15552a734 9e7ae92ea965452c89cac4b15552a734] 10.0.0.201 "DELETE /resource_providers/ecc4ecca-70df-4d09-bda0-8a0e212a352d" status: 404 len: 246 microversion: 1.1 [pid: 8|app: 0|req: 714/1425] 10.0.0.201 () {34 vars in 816 bytes} [Thu Feb 26 23:18:19 2026] DELETE /resource_providers/ecc4ecca-70df-4d09-bda0-8a0e212a352d => generated 246 bytes in 8 msecs (HTTP/1.1 404) 6 headers in 231 bytes (1 switches on core 0)
2026-02-26 23:18:19.436 7 INFO placement.requestlog [None req-0951e8c7-4955-4832-9ea6-46959e66969f 64ac1ab69af44c11870b72dac84d7b89 988b35469d48452da6ec70da58c88868 - - 9e7ae92ea965452c89cac4b15552a734 9e7ae92ea965452c89cac4b15552a734] 10.0.0.201 "DELETE /resource_providers/ecc4ecca-70df-4d09-bda0-8a0e212a352d" status: 404 len: 246 microversion: 1.1 [pid: 7|app: 0|req: 712/1426] 10.0.0.201 () {34 vars in 816 bytes} [Thu Feb 26 23:18:19 2026] DELETE /resource_providers/ecc4ecca-70df-4d09-bda0-8a0e212a352d => generated 246 bytes in 9 msecs (HTTP/1.1 404) 6 headers in 231 bytes (1 switches on core 0)
