May 09 07:23:36.371419 np0000172972 systemd[1]: Starting devstack@n-api.service - Devstack devstack@n-api.service...
May 09 07:23:36.378418 np0000172972 devstack@n-api.service[99999]: [uWSGI] getting INI configuration from /etc/nova/nova-api-uwsgi.ini
May 09 07:23:36.381473 np0000172972 devstack@n-api.service[99999]: *** Starting uWSGI 2.0.24-debian (64bit) on [Sat May 9 07:23:36 2026] ***
May 09 07:23:36.381473 np0000172972 devstack@n-api.service[99999]: compiled with version: 13.2.0 on 17 April 2024 16:23:48
May 09 07:23:36.381473 np0000172972 devstack@n-api.service[99999]: os: Linux-6.8.0-111-generic #111-Ubuntu SMP PREEMPT_DYNAMIC Sat Apr 11 23:16:02 UTC 2026
May 09 07:23:36.381473 np0000172972 devstack@n-api.service[99999]: nodename: np0000172972
May 09 07:23:36.381473 np0000172972 devstack@n-api.service[99999]: machine: x86_64
May 09 07:23:36.381473 np0000172972 devstack@n-api.service[99999]: clock source: unix
May 09 07:23:36.381473 np0000172972 devstack@n-api.service[99999]: pcre jit disabled
May 09 07:23:36.381473 np0000172972 devstack@n-api.service[99999]: detected number of CPU cores: 16
May 09 07:23:36.381473 np0000172972 devstack@n-api.service[99999]: current working directory: /
May 09 07:23:36.381473 np0000172972 devstack@n-api.service[99999]: detected binary path: /usr/bin/uwsgi-core
May 09 07:23:36.381473 np0000172972 devstack@n-api.service[99999]: your processes number limit is 256917
May 09 07:23:36.381473 np0000172972 devstack@n-api.service[99999]: your memory page size is 4096 bytes
May 09 07:23:36.381473 np0000172972 devstack@n-api.service[99999]: detected max file descriptor number: 2048
May 09 07:23:36.381473 np0000172972 devstack@n-api.service[99999]: lock engine: pthread robust mutexes
May 09 07:23:36.382194 np0000172972 devstack@n-api.service[99999]: thunder lock: enabled
May 09 07:23:36.382194 np0000172972 devstack@n-api.service[99999]: uwsgi socket 0 bound to UNIX address /var/run/uwsgi/nova-api.socket fd 4
May 09 07:23:36.382194 np0000172972 devstack@n-api.service[99999]: Python version: 3.12.3 (main, Mar 23 2026, 19:04:32) [GCC 13.3.0]
May 09 07:23:36.382194 np0000172972 devstack@n-api.service[99999]: PEP 405 virtualenv detected: /opt/stack/data/venv
May 09 07:23:36.382194 np0000172972 devstack@n-api.service[99999]: Set PythonHome to /opt/stack/data/venv
May 09 07:23:36.419939 np0000172972 devstack@n-api.service[99999]: Python main interpreter initialized at 0x77a6fe0a3668
May 09 07:23:36.419939 np0000172972 devstack@n-api.service[99999]: python threads support enabled
May 09 07:23:36.419939 np0000172972 devstack@n-api.service[99999]: your server socket listen backlog is limited to 100 connections
May 09 07:23:36.419939 np0000172972 devstack@n-api.service[99999]: your mercy for graceful operations on workers is 80 seconds
May 09 07:23:36.420424 np0000172972 devstack@n-api.service[99999]: mapped 671795 bytes (656 KB) for 4 cores
May 09 07:23:36.420582 np0000172972 devstack@n-api.service[99999]: *** Operational MODE: preforking ***
May 09 07:23:36.420891 np0000172972 devstack@n-api.service[99999]: *** uWSGI is running in multiple interpreter mode ***
May 09 07:23:36.420891 np0000172972 devstack@n-api.service[99999]: spawned uWSGI master process (pid: 99999)
May 09 07:23:36.421202 np0000172972 systemd[1]: Started devstack@n-api.service - Devstack devstack@n-api.service.
May 09 07:23:36.421936 np0000172972 devstack@n-api.service[99999]: spawned uWSGI worker 1 (pid: 100000, cores: 1)
May 09 07:23:36.422506 np0000172972 devstack@n-api.service[99999]: spawned uWSGI worker 2 (pid: 100001, cores: 1)
May 09 07:23:36.423086 np0000172972 devstack@n-api.service[99999]: spawned uWSGI worker 3 (pid: 100002, cores: 1)
May 09 07:23:36.423647 np0000172972 devstack@n-api.service[99999]: spawned uWSGI worker 4 (pid: 100003, cores: 1)
May 09 07:23:36.423647 np0000172972 devstack@n-api.service[99999]: running "unix_signal:15 gracefully_kill_them_all" (master-start)...
May 09 07:23:36.735401 np0000172972 devstack@n-api.service[100002]: /opt/stack/data/venv/lib/python3.12/site-packages/oslo_concurrency/lockutils.py:41: EventletDeprecationWarning:
May 09 07:23:36.735401 np0000172972 devstack@n-api.service[100002]: Eventlet is deprecated. It is currently being maintained in bugfix mode, and
May 09 07:23:36.735401 np0000172972 devstack@n-api.service[100002]: we strongly recommend against using it for new projects.
May 09 07:23:36.735401 np0000172972 devstack@n-api.service[100002]: If you are already using Eventlet, we recommend migrating to a different
May 09 07:23:36.735401 np0000172972 devstack@n-api.service[100002]: framework. For more detail see
May 09 07:23:36.735401 np0000172972 devstack@n-api.service[100002]: https://eventlet.readthedocs.io/en/latest/asyncio/migration.html
May 09 07:23:36.735401 np0000172972 devstack@n-api.service[100002]: import eventlet
May 09 07:23:36.759256 np0000172972 devstack@n-api.service[100001]: /opt/stack/data/venv/lib/python3.12/site-packages/oslo_concurrency/lockutils.py:41: EventletDeprecationWarning:
May 09 07:23:36.759256 np0000172972 devstack@n-api.service[100001]: Eventlet is deprecated. It is currently being maintained in bugfix mode, and
May 09 07:23:36.759256 np0000172972 devstack@n-api.service[100001]: we strongly recommend against using it for new projects.
May 09 07:23:36.759256 np0000172972 devstack@n-api.service[100001]: If you are already using Eventlet, we recommend migrating to a different
May 09 07:23:36.759256 np0000172972 devstack@n-api.service[100001]: framework. For more detail see
May 09 07:23:36.759256 np0000172972 devstack@n-api.service[100001]: https://eventlet.readthedocs.io/en/latest/asyncio/migration.html
May 09 07:23:36.759256 np0000172972 devstack@n-api.service[100001]: import eventlet
May 09 07:23:36.774880 np0000172972 devstack@n-api.service[100003]: /opt/stack/data/venv/lib/python3.12/site-packages/oslo_concurrency/lockutils.py:41: EventletDeprecationWarning:
May 09 07:23:36.774880 np0000172972 devstack@n-api.service[100003]: Eventlet is deprecated. It is currently being maintained in bugfix mode, and
May 09 07:23:36.774880 np0000172972 devstack@n-api.service[100003]: we strongly recommend against using it for new projects.
May 09 07:23:36.774880 np0000172972 devstack@n-api.service[100003]: If you are already using Eventlet, we recommend migrating to a different
May 09 07:23:36.774880 np0000172972 devstack@n-api.service[100003]: framework. For more detail see
May 09 07:23:36.774880 np0000172972 devstack@n-api.service[100003]: https://eventlet.readthedocs.io/en/latest/asyncio/migration.html
May 09 07:23:36.774880 np0000172972 devstack@n-api.service[100003]: import eventlet
May 09 07:23:36.782191 np0000172972 devstack@n-api.service[100002]: Service is starting with native threading. This is currently experimental. Do not use it in production without first testing it in pre-production.
May 09 07:23:36.787920 np0000172972 devstack@n-api.service[100000]: /opt/stack/data/venv/lib/python3.12/site-packages/oslo_concurrency/lockutils.py:41: EventletDeprecationWarning:
May 09 07:23:36.787920 np0000172972 devstack@n-api.service[100000]: Eventlet is deprecated. It is currently being maintained in bugfix mode, and
May 09 07:23:36.787920 np0000172972 devstack@n-api.service[100000]: we strongly recommend against using it for new projects.
May 09 07:23:36.787920 np0000172972 devstack@n-api.service[100000]: If you are already using Eventlet, we recommend migrating to a different
May 09 07:23:36.787920 np0000172972 devstack@n-api.service[100000]: framework. For more detail see
May 09 07:23:36.787920 np0000172972 devstack@n-api.service[100000]: https://eventlet.readthedocs.io/en/latest/asyncio/migration.html
May 09 07:23:36.787920 np0000172972 devstack@n-api.service[100000]: import eventlet
May 09 07:23:36.812342 np0000172972 devstack@n-api.service[100001]: Service is starting with native threading. This is currently experimental. Do not use it in production without first testing it in pre-production.
May 09 07:23:36.824222 np0000172972 devstack@n-api.service[100003]: Service is starting with native threading. This is currently experimental. Do not use it in production without first testing it in pre-production.
May 09 07:23:36.836278 np0000172972 devstack@n-api.service[100000]: Service is starting with native threading. This is currently experimental. Do not use it in production without first testing it in pre-production.
May 09 07:23:38.192478 np0000172972 devstack@n-api.service[100002]: INFO dbcounter [None req-282e90ef-4865-41ff-acdd-6b0d465fcf3b None None] Registered counter for database nova_api
May 09 07:23:38.208284 np0000172972 devstack@n-api.service[100002]: DEBUG oslo_db.sqlalchemy.engines [None req-282e90ef-4865-41ff-acdd-6b0d465fcf3b None None] MySQL server mode set to STRICT_TRANS_TABLES,STRICT_ALL_TABLES,NO_ZERO_IN_DATE,NO_ZERO_DATE,ERROR_FOR_DIVISION_BY_ZERO,TRADITIONAL,NO_ENGINE_SUBSTITUTION {{(pid=100002) _check_effective_sql_mode /opt/stack/data/venv/lib/python3.12/site-packages/oslo_db/sqlalchemy/engines.py:325}}
May 09 07:23:38.242676 np0000172972 devstack@n-api.service[100002]: DEBUG dbcounter [-] [100002] Writer thread running {{(pid=100002) stat_writer /opt/stack/data/venv/lib/python3.12/site-packages/dbcounter.py:102}}
May 09 07:23:38.245537 np0000172972 devstack@n-api.service[100002]: DEBUG nova.context [None req-282e90ef-4865-41ff-acdd-6b0d465fcf3b None None] Found 2 cells: 00000000-0000-0000-0000-000000000000(cell0),3fc6a672-a818-4fa8-b9a8-6b89b50cda07(cell1) {{(pid=100002) load_cells /opt/stack/nova/nova/context.py:509}}
May 09 07:23:38.245772 np0000172972 devstack@n-api.service[100002]: INFO nova.utils [None req-282e90ef-4865-41ff-acdd-6b0d465fcf3b None None] The cell worker thread pool MainProcess.cell_worker is initialized
May 09 07:23:38.247506 np0000172972 devstack@n-api.service[100002]: DEBUG oslo_concurrency.lockutils [None req-282e90ef-4865-41ff-acdd-6b0d465fcf3b None None] Acquiring lock "00000000-0000-0000-0000-000000000000" by "nova.context.set_target_cell..get_or_set_cached_cell_and_set_connections" {{(pid=100002) inner /opt/stack/data/venv/lib/python3.12/site-packages/oslo_concurrency/lockutils.py:506}}
May 09 07:23:38.247661 np0000172972 devstack@n-api.service[100002]: DEBUG oslo_concurrency.lockutils [None req-282e90ef-4865-41ff-acdd-6b0d465fcf3b None None] Lock "00000000-0000-0000-0000-000000000000" acquired by "nova.context.set_target_cell..get_or_set_cached_cell_and_set_connections" :: waited 0.000s {{(pid=100002) inner /opt/stack/data/venv/lib/python3.12/site-packages/oslo_concurrency/lockutils.py:519}}
May 09 07:23:38.248037 np0000172972 devstack@n-api.service[100002]: DEBUG oslo_concurrency.lockutils [None req-282e90ef-4865-41ff-acdd-6b0d465fcf3b None None] Lock "00000000-0000-0000-0000-000000000000" "released" by "nova.context.set_target_cell..get_or_set_cached_cell_and_set_connections" :: held 0.000s {{(pid=100002) inner /opt/stack/data/venv/lib/python3.12/site-packages/oslo_concurrency/lockutils.py:538}}
May 09 07:23:38.248997 np0000172972 devstack@n-api.service[100002]: DEBUG oslo_concurrency.lockutils [None req-282e90ef-4865-41ff-acdd-6b0d465fcf3b None None] Acquiring lock "3fc6a672-a818-4fa8-b9a8-6b89b50cda07" by "nova.context.set_target_cell..get_or_set_cached_cell_and_set_connections" {{(pid=100002) inner /opt/stack/data/venv/lib/python3.12/site-packages/oslo_concurrency/lockutils.py:506}}
May 09 07:23:38.249192 np0000172972 devstack@n-api.service[100002]: DEBUG oslo_concurrency.lockutils [None req-282e90ef-4865-41ff-acdd-6b0d465fcf3b None None] Lock "3fc6a672-a818-4fa8-b9a8-6b89b50cda07" acquired by "nova.context.set_target_cell..get_or_set_cached_cell_and_set_connections" :: waited 0.000s {{(pid=100002) inner /opt/stack/data/venv/lib/python3.12/site-packages/oslo_concurrency/lockutils.py:519}}
May 09 07:23:38.250320 np0000172972 devstack@n-api.service[100002]: DEBUG oslo_concurrency.lockutils [None req-282e90ef-4865-41ff-acdd-6b0d465fcf3b None None] Lock "3fc6a672-a818-4fa8-b9a8-6b89b50cda07" "released" by "nova.context.set_target_cell..get_or_set_cached_cell_and_set_connections" :: held 0.001s {{(pid=100002) inner /opt/stack/data/venv/lib/python3.12/site-packages/oslo_concurrency/lockutils.py:538}}
May 09 07:23:38.253506 np0000172972 devstack@n-api.service[100002]: INFO dbcounter [None req-282e90ef-4865-41ff-acdd-6b0d465fcf3b None None] Registered counter for database nova_cell0
May 09 07:23:38.257979 np0000172972 devstack@n-api.service[100002]: INFO dbcounter [None req-282e90ef-4865-41ff-acdd-6b0d465fcf3b None None] Registered counter for database nova_cell1
May 09 07:23:38.260499 np0000172972 devstack@n-api.service[100000]: INFO dbcounter [None req-5af7a4ef-d81c-45e0-94b6-da9597b0bf74 None None] Registered counter for database nova_api
May 09 07:23:38.264154 np0000172972 devstack@n-api.service[100002]: DEBUG oslo_db.sqlalchemy.engines [None req-282e90ef-4865-41ff-acdd-6b0d465fcf3b None None] MySQL server mode set to STRICT_TRANS_TABLES,STRICT_ALL_TABLES,NO_ZERO_IN_DATE,NO_ZERO_DATE,ERROR_FOR_DIVISION_BY_ZERO,TRADITIONAL,NO_ENGINE_SUBSTITUTION {{(pid=100002) _check_effective_sql_mode /opt/stack/data/venv/lib/python3.12/site-packages/oslo_db/sqlalchemy/engines.py:325}}
May 09 07:23:38.266029 np0000172972 devstack@n-api.service[100002]: DEBUG oslo_db.sqlalchemy.engines [None req-282e90ef-4865-41ff-acdd-6b0d465fcf3b None None] MySQL server mode set to STRICT_TRANS_TABLES,STRICT_ALL_TABLES,NO_ZERO_IN_DATE,NO_ZERO_DATE,ERROR_FOR_DIVISION_BY_ZERO,TRADITIONAL,NO_ENGINE_SUBSTITUTION {{(pid=100002) _check_effective_sql_mode /opt/stack/data/venv/lib/python3.12/site-packages/oslo_db/sqlalchemy/engines.py:325}}
May 09 07:23:38.278262 np0000172972 devstack@n-api.service[100000]: DEBUG oslo_db.sqlalchemy.engines [None req-5af7a4ef-d81c-45e0-94b6-da9597b0bf74 None None] MySQL server mode set to STRICT_TRANS_TABLES,STRICT_ALL_TABLES,NO_ZERO_IN_DATE,NO_ZERO_DATE,ERROR_FOR_DIVISION_BY_ZERO,TRADITIONAL,NO_ENGINE_SUBSTITUTION {{(pid=100000) _check_effective_sql_mode /opt/stack/data/venv/lib/python3.12/site-packages/oslo_db/sqlalchemy/engines.py:325}}
May 09 07:23:38.312220 np0000172972 devstack@n-api.service[100000]: DEBUG dbcounter [-] [100000] Writer thread running {{(pid=100000) stat_writer /opt/stack/data/venv/lib/python3.12/site-packages/dbcounter.py:102}}
May 09 07:23:38.314564 np0000172972 devstack@n-api.service[100000]: DEBUG nova.context [None req-5af7a4ef-d81c-45e0-94b6-da9597b0bf74 None None] Found 2 cells: 00000000-0000-0000-0000-000000000000(cell0),3fc6a672-a818-4fa8-b9a8-6b89b50cda07(cell1) {{(pid=100000) load_cells /opt/stack/nova/nova/context.py:509}}
May 09 07:23:38.314791 np0000172972 devstack@n-api.service[100000]: INFO nova.utils [None req-5af7a4ef-d81c-45e0-94b6-da9597b0bf74 None None] The cell worker thread pool MainProcess.cell_worker is initialized
May 09 07:23:38.316450 np0000172972 devstack@n-api.service[100000]: DEBUG oslo_concurrency.lockutils [None req-5af7a4ef-d81c-45e0-94b6-da9597b0bf74 None None] Acquiring lock "00000000-0000-0000-0000-000000000000" by "nova.context.set_target_cell..get_or_set_cached_cell_and_set_connections" {{(pid=100000) inner /opt/stack/data/venv/lib/python3.12/site-packages/oslo_concurrency/lockutils.py:506}}
May 09 07:23:38.316609 np0000172972 devstack@n-api.service[100000]: DEBUG oslo_concurrency.lockutils [None req-5af7a4ef-d81c-45e0-94b6-da9597b0bf74 None None] Lock "00000000-0000-0000-0000-000000000000" acquired by "nova.context.set_target_cell..get_or_set_cached_cell_and_set_connections" :: waited 0.000s {{(pid=100000) inner /opt/stack/data/venv/lib/python3.12/site-packages/oslo_concurrency/lockutils.py:519}}
May 09 07:23:38.316965 np0000172972 devstack@n-api.service[100000]: DEBUG oslo_concurrency.lockutils [None req-5af7a4ef-d81c-45e0-94b6-da9597b0bf74 None None] Lock "00000000-0000-0000-0000-000000000000" "released" by "nova.context.set_target_cell..get_or_set_cached_cell_and_set_connections" :: held 0.000s {{(pid=100000) inner /opt/stack/data/venv/lib/python3.12/site-packages/oslo_concurrency/lockutils.py:538}}
May 09 07:23:38.317769 np0000172972 devstack@n-api.service[100000]: DEBUG oslo_concurrency.lockutils [None req-5af7a4ef-d81c-45e0-94b6-da9597b0bf74 None None] Acquiring lock "3fc6a672-a818-4fa8-b9a8-6b89b50cda07" by "nova.context.set_target_cell..get_or_set_cached_cell_and_set_connections" {{(pid=100000) inner /opt/stack/data/venv/lib/python3.12/site-packages/oslo_concurrency/lockutils.py:506}}
May 09 07:23:38.317918 np0000172972 devstack@n-api.service[100000]: DEBUG oslo_concurrency.lockutils [None req-5af7a4ef-d81c-45e0-94b6-da9597b0bf74 None None] Lock "3fc6a672-a818-4fa8-b9a8-6b89b50cda07" acquired by "nova.context.set_target_cell..get_or_set_cached_cell_and_set_connections" :: waited 0.000s {{(pid=100000) inner /opt/stack/data/venv/lib/python3.12/site-packages/oslo_concurrency/lockutils.py:519}}
May 09 07:23:38.319002 np0000172972 devstack@n-api.service[100000]: DEBUG oslo_concurrency.lockutils [None req-5af7a4ef-d81c-45e0-94b6-da9597b0bf74 None None] Lock "3fc6a672-a818-4fa8-b9a8-6b89b50cda07" "released" by "nova.context.set_target_cell..get_or_set_cached_cell_and_set_connections" :: held 0.001s {{(pid=100000) inner /opt/stack/data/venv/lib/python3.12/site-packages/oslo_concurrency/lockutils.py:538}}
May 09 07:23:38.322751 np0000172972 devstack@n-api.service[100000]: INFO dbcounter [None req-5af7a4ef-d81c-45e0-94b6-da9597b0bf74 None None] Registered counter for database nova_cell0
May 09 07:23:38.328059 np0000172972 devstack@n-api.service[100000]: INFO dbcounter [None req-5af7a4ef-d81c-45e0-94b6-da9597b0bf74 None None] Registered counter for database nova_cell1
May 09 07:23:38.338477 np0000172972 devstack@n-api.service[100000]: DEBUG oslo_db.sqlalchemy.engines [None req-5af7a4ef-d81c-45e0-94b6-da9597b0bf74 None None] MySQL server mode set to STRICT_TRANS_TABLES,STRICT_ALL_TABLES,NO_ZERO_IN_DATE,NO_ZERO_DATE,ERROR_FOR_DIVISION_BY_ZERO,TRADITIONAL,NO_ENGINE_SUBSTITUTION {{(pid=100000) _check_effective_sql_mode /opt/stack/data/venv/lib/python3.12/site-packages/oslo_db/sqlalchemy/engines.py:325}}
May 09 07:23:38.354241 np0000172972 devstack@n-api.service[100000]: DEBUG oslo_db.sqlalchemy.engines [None req-5af7a4ef-d81c-45e0-94b6-da9597b0bf74 None None] MySQL server mode set to STRICT_TRANS_TABLES,STRICT_ALL_TABLES,NO_ZERO_IN_DATE,NO_ZERO_DATE,ERROR_FOR_DIVISION_BY_ZERO,TRADITIONAL,NO_ENGINE_SUBSTITUTION {{(pid=100000) _check_effective_sql_mode /opt/stack/data/venv/lib/python3.12/site-packages/oslo_db/sqlalchemy/engines.py:325}}
May 09 07:23:38.369600 np0000172972 devstack@n-api.service[100002]: DEBUG dbcounter [-] [100002] Writer thread running {{(pid=100002) stat_writer /opt/stack/data/venv/lib/python3.12/site-packages/dbcounter.py:102}}
May 09 07:23:38.370271 np0000172972 devstack@n-api.service[100002]: DEBUG dbcounter [-] [100002] Writer thread running {{(pid=100002) stat_writer /opt/stack/data/venv/lib/python3.12/site-packages/dbcounter.py:102}}
May 09 07:23:38.375724 np0000172972 devstack@n-api.service[100002]: INFO dbcounter [None req-282e90ef-4865-41ff-acdd-6b0d465fcf3b None None] Registered counter for database nova_cell0
May 09 07:23:38.387752 np0000172972 devstack@n-api.service[100002]: DEBUG oslo_db.sqlalchemy.engines [None req-282e90ef-4865-41ff-acdd-6b0d465fcf3b None None] MySQL server mode set to STRICT_TRANS_TABLES,STRICT_ALL_TABLES,NO_ZERO_IN_DATE,NO_ZERO_DATE,ERROR_FOR_DIVISION_BY_ZERO,TRADITIONAL,NO_ENGINE_SUBSTITUTION {{(pid=100002) _check_effective_sql_mode /opt/stack/data/venv/lib/python3.12/site-packages/oslo_db/sqlalchemy/engines.py:325}}
May 09 07:23:38.399206 np0000172972 devstack@n-api.service[100002]: DEBUG dbcounter [-] [100002] Writer thread running {{(pid=100002) stat_writer /opt/stack/data/venv/lib/python3.12/site-packages/dbcounter.py:102}}
May 09 07:23:38.413941 np0000172972 devstack@n-api.service[100003]: INFO dbcounter [None req-2a491342-06cf-47ab-b8fb-2744def5263f None None] Registered counter for database nova_api
May 09 07:23:38.431720 np0000172972 devstack@n-api.service[100000]: DEBUG dbcounter [-] [100000] Writer thread running {{(pid=100000) stat_writer /opt/stack/data/venv/lib/python3.12/site-packages/dbcounter.py:102}}
May 09 07:23:38.433256 np0000172972 devstack@n-api.service[100003]: DEBUG oslo_db.sqlalchemy.engines [None req-2a491342-06cf-47ab-b8fb-2744def5263f None None] MySQL server mode set to STRICT_TRANS_TABLES,STRICT_ALL_TABLES,NO_ZERO_IN_DATE,NO_ZERO_DATE,ERROR_FOR_DIVISION_BY_ZERO,TRADITIONAL,NO_ENGINE_SUBSTITUTION {{(pid=100003) _check_effective_sql_mode /opt/stack/data/venv/lib/python3.12/site-packages/oslo_db/sqlalchemy/engines.py:325}}
May 09 07:23:38.438460 np0000172972 devstack@n-api.service[100000]: DEBUG dbcounter [-] [100000] Writer thread running {{(pid=100000) stat_writer /opt/stack/data/venv/lib/python3.12/site-packages/dbcounter.py:102}}
May 09 07:23:38.438711 np0000172972 devstack@n-api.service[100001]: INFO dbcounter [None req-fc9c7204-3e92-4bcc-a954-f5bec8bd0be2 None None] Registered counter for database nova_api
May 09 07:23:38.443537 np0000172972 devstack@n-api.service[100000]: INFO dbcounter [None req-5af7a4ef-d81c-45e0-94b6-da9597b0bf74 None None] Registered counter for database nova_cell0
May 09 07:23:38.454580 np0000172972 devstack@n-api.service[100000]: DEBUG oslo_db.sqlalchemy.engines [None req-5af7a4ef-d81c-45e0-94b6-da9597b0bf74 None None] MySQL server mode set to STRICT_TRANS_TABLES,STRICT_ALL_TABLES,NO_ZERO_IN_DATE,NO_ZERO_DATE,ERROR_FOR_DIVISION_BY_ZERO,TRADITIONAL,NO_ENGINE_SUBSTITUTION {{(pid=100000) _check_effective_sql_mode /opt/stack/data/venv/lib/python3.12/site-packages/oslo_db/sqlalchemy/engines.py:325}}
May 09 07:23:38.458531 np0000172972 devstack@n-api.service[100001]: DEBUG oslo_db.sqlalchemy.engines [None req-fc9c7204-3e92-4bcc-a954-f5bec8bd0be2 None None] MySQL server mode set to STRICT_TRANS_TABLES,STRICT_ALL_TABLES,NO_ZERO_IN_DATE,NO_ZERO_DATE,ERROR_FOR_DIVISION_BY_ZERO,TRADITIONAL,NO_ENGINE_SUBSTITUTION {{(pid=100001) _check_effective_sql_mode /opt/stack/data/venv/lib/python3.12/site-packages/oslo_db/sqlalchemy/engines.py:325}}
May 09 07:23:38.464093 np0000172972 devstack@n-api.service[100000]: DEBUG dbcounter [-] [100000] Writer thread running {{(pid=100000) stat_writer /opt/stack/data/venv/lib/python3.12/site-packages/dbcounter.py:102}}
May 09 07:23:38.470360 np0000172972 devstack@n-api.service[100003]: DEBUG dbcounter [-] [100003] Writer thread running {{(pid=100003) stat_writer /opt/stack/data/venv/lib/python3.12/site-packages/dbcounter.py:102}}
May 09 07:23:38.495914 np0000172972 devstack@n-api.service[100001]: DEBUG dbcounter [-] [100001] Writer thread running {{(pid=100001) stat_writer /opt/stack/data/venv/lib/python3.12/site-packages/dbcounter.py:102}}
May 09 07:23:38.523840 np0000172972 devstack@n-api.service[100001]: DEBUG nova.context [None req-fc9c7204-3e92-4bcc-a954-f5bec8bd0be2 None None] Found 2 cells: 00000000-0000-0000-0000-000000000000(cell0),3fc6a672-a818-4fa8-b9a8-6b89b50cda07(cell1) {{(pid=100001) load_cells /opt/stack/nova/nova/context.py:509}}
May 09 07:23:38.524193 np0000172972 devstack@n-api.service[100003]: DEBUG nova.context [None req-2a491342-06cf-47ab-b8fb-2744def5263f None None] Found 2 cells: 00000000-0000-0000-0000-000000000000(cell0),3fc6a672-a818-4fa8-b9a8-6b89b50cda07(cell1) {{(pid=100003) load_cells /opt/stack/nova/nova/context.py:509}}
May 09 07:23:38.524442 np0000172972 devstack@n-api.service[100001]: INFO nova.utils [None req-fc9c7204-3e92-4bcc-a954-f5bec8bd0be2 None None] The cell worker thread pool MainProcess.cell_worker is initialized
May 09 07:23:38.524644 np0000172972 devstack@n-api.service[100003]: INFO nova.utils [None req-2a491342-06cf-47ab-b8fb-2744def5263f None None] The cell worker thread pool MainProcess.cell_worker is initialized
May 09 07:23:38.527390 np0000172972 devstack@n-api.service[100001]: DEBUG oslo_concurrency.lockutils [None req-fc9c7204-3e92-4bcc-a954-f5bec8bd0be2 None None] Acquiring lock "00000000-0000-0000-0000-000000000000" by "nova.context.set_target_cell..get_or_set_cached_cell_and_set_connections" {{(pid=100001) inner /opt/stack/data/venv/lib/python3.12/site-packages/oslo_concurrency/lockutils.py:506}}
May 09 07:23:38.527618 np0000172972 devstack@n-api.service[100001]: DEBUG oslo_concurrency.lockutils [None req-fc9c7204-3e92-4bcc-a954-f5bec8bd0be2 None None] Lock "00000000-0000-0000-0000-000000000000" acquired by "nova.context.set_target_cell..get_or_set_cached_cell_and_set_connections" :: waited 0.000s {{(pid=100001) inner /opt/stack/data/venv/lib/python3.12/site-packages/oslo_concurrency/lockutils.py:519}}
May 09 07:23:38.528182 np0000172972 devstack@n-api.service[100001]: DEBUG oslo_concurrency.lockutils [None req-fc9c7204-3e92-4bcc-a954-f5bec8bd0be2 None None] Lock "00000000-0000-0000-0000-000000000000" "released" by "nova.context.set_target_cell..get_or_set_cached_cell_and_set_connections" :: held 0.001s {{(pid=100001) inner /opt/stack/data/venv/lib/python3.12/site-packages/oslo_concurrency/lockutils.py:538}}
May 09 07:23:38.529091 np0000172972 devstack@n-api.service[100003]: DEBUG oslo_concurrency.lockutils [None req-2a491342-06cf-47ab-b8fb-2744def5263f None None] Acquiring lock "00000000-0000-0000-0000-000000000000" by "nova.context.set_target_cell..get_or_set_cached_cell_and_set_connections" {{(pid=100003) inner /opt/stack/data/venv/lib/python3.12/site-packages/oslo_concurrency/lockutils.py:506}}
May 09 07:23:38.529244 np0000172972 devstack@n-api.service[100001]: DEBUG oslo_concurrency.lockutils [None req-fc9c7204-3e92-4bcc-a954-f5bec8bd0be2 None None] Acquiring lock "3fc6a672-a818-4fa8-b9a8-6b89b50cda07" by "nova.context.set_target_cell..get_or_set_cached_cell_and_set_connections" {{(pid=100001) inner /opt/stack/data/venv/lib/python3.12/site-packages/oslo_concurrency/lockutils.py:506}}
May 09 07:23:38.529455 np0000172972 devstack@n-api.service[100003]: DEBUG oslo_concurrency.lockutils [None req-2a491342-06cf-47ab-b8fb-2744def5263f None None] Lock "00000000-0000-0000-0000-000000000000" acquired by "nova.context.set_target_cell..get_or_set_cached_cell_and_set_connections" :: waited 0.000s {{(pid=100003) inner /opt/stack/data/venv/lib/python3.12/site-packages/oslo_concurrency/lockutils.py:519}}
May 09 07:23:38.529514 np0000172972 devstack@n-api.service[100001]: DEBUG oslo_concurrency.lockutils [None req-fc9c7204-3e92-4bcc-a954-f5bec8bd0be2 None None] Lock "3fc6a672-a818-4fa8-b9a8-6b89b50cda07" acquired by "nova.context.set_target_cell..get_or_set_cached_cell_and_set_connections" :: waited 0.000s {{(pid=100001) inner /opt/stack/data/venv/lib/python3.12/site-packages/oslo_concurrency/lockutils.py:519}}
May 09 07:23:38.530283 np0000172972 devstack@n-api.service[100003]: DEBUG oslo_concurrency.lockutils [None req-2a491342-06cf-47ab-b8fb-2744def5263f None None] Lock "00000000-0000-0000-0000-000000000000" "released" by "nova.context.set_target_cell..get_or_set_cached_cell_and_set_connections" :: held 0.001s {{(pid=100003) inner /opt/stack/data/venv/lib/python3.12/site-packages/oslo_concurrency/lockutils.py:538}}
May 09 07:23:38.530650 np0000172972 devstack@n-api.service[100001]: DEBUG oslo_concurrency.lockutils [None req-fc9c7204-3e92-4bcc-a954-f5bec8bd0be2 None None] Lock "3fc6a672-a818-4fa8-b9a8-6b89b50cda07" "released" by "nova.context.set_target_cell..get_or_set_cached_cell_and_set_connections" :: held 0.001s {{(pid=100001) inner /opt/stack/data/venv/lib/python3.12/site-packages/oslo_concurrency/lockutils.py:538}}
May 09 07:23:38.531762 np0000172972 devstack@n-api.service[100003]: DEBUG oslo_concurrency.lockutils [None req-2a491342-06cf-47ab-b8fb-2744def5263f None None] Acquiring lock "3fc6a672-a818-4fa8-b9a8-6b89b50cda07" by "nova.context.set_target_cell..get_or_set_cached_cell_and_set_connections" {{(pid=100003) inner /opt/stack/data/venv/lib/python3.12/site-packages/oslo_concurrency/lockutils.py:506}}
May 09 07:23:38.536649 np0000172972 devstack@n-api.service[100001]: INFO dbcounter [None req-fc9c7204-3e92-4bcc-a954-f5bec8bd0be2 None None] Registered counter for database nova_cell0
May 09 07:23:38.536745 np0000172972 devstack@n-api.service[100003]: INFO dbcounter [None req-2a491342-06cf-47ab-b8fb-2744def5263f None None] Registered counter for database nova_cell0
May 09 07:23:38.538597 np0000172972 devstack@n-api.service[100003]: DEBUG oslo_concurrency.lockutils [None req-2a491342-06cf-47ab-b8fb-2744def5263f None None] Lock "3fc6a672-a818-4fa8-b9a8-6b89b50cda07" acquired by "nova.context.set_target_cell..get_or_set_cached_cell_and_set_connections" :: waited 0.004s {{(pid=100003) inner /opt/stack/data/venv/lib/python3.12/site-packages/oslo_concurrency/lockutils.py:519}}
May 09 07:23:38.540237 np0000172972 devstack@n-api.service[100003]: DEBUG oslo_concurrency.lockutils [None req-2a491342-06cf-47ab-b8fb-2744def5263f None None] Lock "3fc6a672-a818-4fa8-b9a8-6b89b50cda07" "released" by "nova.context.set_target_cell..get_or_set_cached_cell_and_set_connections" :: held 0.005s {{(pid=100003) inner /opt/stack/data/venv/lib/python3.12/site-packages/oslo_concurrency/lockutils.py:538}}
May 09 07:23:38.541464 np0000172972 devstack@n-api.service[100001]: INFO dbcounter [None req-fc9c7204-3e92-4bcc-a954-f5bec8bd0be2 None None] Registered counter for database nova_cell1
May 09 07:23:38.542711 np0000172972 devstack@n-api.service[100003]: INFO dbcounter [None req-2a491342-06cf-47ab-b8fb-2744def5263f None None] Registered counter for database nova_cell1
May 09 07:23:38.551033 np0000172972 devstack@n-api.service[100001]: DEBUG oslo_db.sqlalchemy.engines [None req-fc9c7204-3e92-4bcc-a954-f5bec8bd0be2 None None] MySQL server mode set to STRICT_TRANS_TABLES,STRICT_ALL_TABLES,NO_ZERO_IN_DATE,NO_ZERO_DATE,ERROR_FOR_DIVISION_BY_ZERO,TRADITIONAL,NO_ENGINE_SUBSTITUTION {{(pid=100001) _check_effective_sql_mode /opt/stack/data/venv/lib/python3.12/site-packages/oslo_db/sqlalchemy/engines.py:325}}
May 09 07:23:38.559021 np0000172972 devstack@n-api.service[100001]: DEBUG oslo_db.sqlalchemy.engines [None req-fc9c7204-3e92-4bcc-a954-f5bec8bd0be2 None None] MySQL server mode set to STRICT_TRANS_TABLES,STRICT_ALL_TABLES,NO_ZERO_IN_DATE,NO_ZERO_DATE,ERROR_FOR_DIVISION_BY_ZERO,TRADITIONAL,NO_ENGINE_SUBSTITUTION {{(pid=100001) _check_effective_sql_mode /opt/stack/data/venv/lib/python3.12/site-packages/oslo_db/sqlalchemy/engines.py:325}}
May 09 07:23:38.561595 np0000172972 devstack@n-api.service[100003]: DEBUG oslo_db.sqlalchemy.engines [None req-2a491342-06cf-47ab-b8fb-2744def5263f None None] MySQL server mode set to STRICT_TRANS_TABLES,STRICT_ALL_TABLES,NO_ZERO_IN_DATE,NO_ZERO_DATE,ERROR_FOR_DIVISION_BY_ZERO,TRADITIONAL,NO_ENGINE_SUBSTITUTION {{(pid=100003) _check_effective_sql_mode /opt/stack/data/venv/lib/python3.12/site-packages/oslo_db/sqlalchemy/engines.py:325}}
May 09 07:23:38.568889 np0000172972 devstack@n-api.service[100003]: DEBUG oslo_db.sqlalchemy.engines [None req-2a491342-06cf-47ab-b8fb-2744def5263f None None] MySQL server mode set to STRICT_TRANS_TABLES,STRICT_ALL_TABLES,NO_ZERO_IN_DATE,NO_ZERO_DATE,ERROR_FOR_DIVISION_BY_ZERO,TRADITIONAL,NO_ENGINE_SUBSTITUTION {{(pid=100003) _check_effective_sql_mode /opt/stack/data/venv/lib/python3.12/site-packages/oslo_db/sqlalchemy/engines.py:325}}
May 09 07:23:38.651725 np0000172972 devstack@n-api.service[100001]: DEBUG dbcounter [-] [100001] Writer thread running {{(pid=100001) stat_writer /opt/stack/data/venv/lib/python3.12/site-packages/dbcounter.py:102}}
May 09 07:23:38.657712 np0000172972 devstack@n-api.service[100001]: DEBUG dbcounter [-] [100001] Writer thread running {{(pid=100001) stat_writer /opt/stack/data/venv/lib/python3.12/site-packages/dbcounter.py:102}}
May 09 07:23:38.663513 np0000172972 devstack@n-api.service[100001]: INFO dbcounter [None req-fc9c7204-3e92-4bcc-a954-f5bec8bd0be2 None None] Registered counter for database nova_cell0
May 09 07:23:38.669039 np0000172972 devstack@n-api.service[100003]: DEBUG dbcounter [-] [100003] Writer thread running {{(pid=100003) stat_writer /opt/stack/data/venv/lib/python3.12/site-packages/dbcounter.py:102}}
May 09 07:23:38.669753 np0000172972 devstack@n-api.service[100003]: DEBUG dbcounter [-] [100003] Writer thread running {{(pid=100003) stat_writer /opt/stack/data/venv/lib/python3.12/site-packages/dbcounter.py:102}}
May 09 07:23:38.671789 np0000172972 devstack@n-api.service[100001]: DEBUG oslo_db.sqlalchemy.engines [None req-fc9c7204-3e92-4bcc-a954-f5bec8bd0be2 None None] MySQL server mode set to STRICT_TRANS_TABLES,STRICT_ALL_TABLES,NO_ZERO_IN_DATE,NO_ZERO_DATE,ERROR_FOR_DIVISION_BY_ZERO,TRADITIONAL,NO_ENGINE_SUBSTITUTION {{(pid=100001) _check_effective_sql_mode /opt/stack/data/venv/lib/python3.12/site-packages/oslo_db/sqlalchemy/engines.py:325}}
May 09 07:23:38.675097 np0000172972 devstack@n-api.service[100003]: INFO dbcounter [None req-2a491342-06cf-47ab-b8fb-2744def5263f None None] Registered counter for database nova_cell0
May 09 07:23:38.678953 np0000172972 devstack@n-api.service[100001]: DEBUG dbcounter [-] [100001] Writer thread running {{(pid=100001) stat_writer /opt/stack/data/venv/lib/python3.12/site-packages/dbcounter.py:102}}
May 09 07:23:38.687076 np0000172972 devstack@n-api.service[100003]: DEBUG oslo_db.sqlalchemy.engines [None req-2a491342-06cf-47ab-b8fb-2744def5263f None None] MySQL server mode set to STRICT_TRANS_TABLES,STRICT_ALL_TABLES,NO_ZERO_IN_DATE,NO_ZERO_DATE,ERROR_FOR_DIVISION_BY_ZERO,TRADITIONAL,NO_ENGINE_SUBSTITUTION {{(pid=100003) _check_effective_sql_mode /opt/stack/data/venv/lib/python3.12/site-packages/oslo_db/sqlalchemy/engines.py:325}}
May 09 07:23:38.695494 np0000172972 devstack@n-api.service[100003]: DEBUG dbcounter [-] [100003] Writer thread running {{(pid=100003) stat_writer /opt/stack/data/venv/lib/python3.12/site-packages/dbcounter.py:102}}
May 09 07:23:38.869742 np0000172972 devstack@n-api.service[100002]: DEBUG oslo_concurrency.processutils [None req-282e90ef-4865-41ff-acdd-6b0d465fcf3b None None] Running cmd (subprocess): grep -F node.session.scan /sbin/iscsiadm {{(pid=100002) execute /opt/stack/data/venv/lib/python3.12/site-packages/oslo_concurrency/processutils.py:440}}
May 09 07:23:38.887595 np0000172972 devstack@n-api.service[100002]: DEBUG oslo_concurrency.processutils [None req-282e90ef-4865-41ff-acdd-6b0d465fcf3b None None] CMD "grep -F node.session.scan /sbin/iscsiadm" returned: 0 in 0.018s {{(pid=100002) execute /opt/stack/data/venv/lib/python3.12/site-packages/oslo_concurrency/processutils.py:468}}
May 09 07:23:38.897094 np0000172972 devstack@n-api.service[100000]: DEBUG oslo_concurrency.processutils [None req-5af7a4ef-d81c-45e0-94b6-da9597b0bf74 None None] Running cmd (subprocess): grep -F node.session.scan /sbin/iscsiadm {{(pid=100000) execute /opt/stack/data/venv/lib/python3.12/site-packages/oslo_concurrency/processutils.py:440}}
May 09 07:23:38.915069 np0000172972 devstack@n-api.service[100000]: DEBUG oslo_concurrency.processutils [None req-5af7a4ef-d81c-45e0-94b6-da9597b0bf74 None None] CMD "grep -F node.session.scan /sbin/iscsiadm" returned: 0 in 0.018s {{(pid=100000) execute /opt/stack/data/venv/lib/python3.12/site-packages/oslo_concurrency/processutils.py:468}}
May 09 07:23:39.243249 np0000172972 devstack@n-api.service[100001]: DEBUG oslo_concurrency.processutils [None req-fc9c7204-3e92-4bcc-a954-f5bec8bd0be2 None None] Running cmd (subprocess): grep -F node.session.scan /sbin/iscsiadm {{(pid=100001) execute /opt/stack/data/venv/lib/python3.12/site-packages/oslo_concurrency/processutils.py:440}}
May 09 07:23:39.254868 np0000172972 devstack@n-api.service[100003]: DEBUG oslo_concurrency.processutils [None req-2a491342-06cf-47ab-b8fb-2744def5263f None None] Running cmd (subprocess): grep -F node.session.scan /sbin/iscsiadm {{(pid=100003) execute /opt/stack/data/venv/lib/python3.12/site-packages/oslo_concurrency/processutils.py:440}}
May 09 07:23:39.267266 np0000172972 devstack@n-api.service[100001]: DEBUG oslo_concurrency.processutils [None req-fc9c7204-3e92-4bcc-a954-f5bec8bd0be2 None None] CMD "grep -F node.session.scan /sbin/iscsiadm" returned: 0 in 0.024s {{(pid=100001) execute /opt/stack/data/venv/lib/python3.12/site-packages/oslo_concurrency/processutils.py:468}}
May 09 07:23:39.275971 np0000172972 devstack@n-api.service[100003]: DEBUG oslo_concurrency.processutils [None req-2a491342-06cf-47ab-b8fb-2744def5263f None None] CMD "grep -F node.session.scan /sbin/iscsiadm" returned: 0 in 0.021s {{(pid=100003) execute /opt/stack/data/venv/lib/python3.12/site-packages/oslo_concurrency/processutils.py:468}}
May 09 07:23:39.293854 np0000172972 devstack@n-api.service[100000]: WARNING keystonemiddleware.auth_token [None req-5af7a4ef-d81c-45e0-94b6-da9597b0bf74 None None] AuthToken middleware is set with keystone_authtoken.service_token_roles_required set to False. This is backwards compatible but deprecated behaviour. Please set this to True.
May 09 07:23:39.294747 np0000172972 devstack@n-api.service[100002]: WARNING keystonemiddleware.auth_token [None req-282e90ef-4865-41ff-acdd-6b0d465fcf3b None None] AuthToken middleware is set with keystone_authtoken.service_token_roles_required set to False. This is backwards compatible but deprecated behaviour. Please set this to True.
May 09 07:23:39.481014 np0000172972 devstack@n-api.service[100000]: WARNING keystonemiddleware.auth_token [None req-5af7a4ef-d81c-45e0-94b6-da9597b0bf74 None None] AuthToken middleware is set with keystone_authtoken.service_token_roles_required set to False. This is backwards compatible but deprecated behaviour. Please set this to True.
May 09 07:23:39.486151 np0000172972 devstack@n-api.service[100000]: DEBUG nova.api.openstack.wsgi_app [None req-5af7a4ef-d81c-45e0-94b6-da9597b0bf74 None None] ******************************************************************************** {{(pid=100000) log_opt_values /opt/stack/data/venv/lib/python3.12/site-packages/oslo_config/cfg.py:2979}}
May 09 07:23:39.486260 np0000172972 devstack@n-api.service[100000]: DEBUG nova.api.openstack.wsgi_app [None req-5af7a4ef-d81c-45e0-94b6-da9597b0bf74 None None] Configuration options gathered from: {{(pid=100000) log_opt_values /opt/stack/data/venv/lib/python3.12/site-packages/oslo_config/cfg.py:2980}}
May 09 07:23:39.486558 np0000172972 devstack@n-api.service[100000]: DEBUG nova.api.openstack.wsgi_app [None req-5af7a4ef-d81c-45e0-94b6-da9597b0bf74 None None] command line args: [] {{(pid=100000) log_opt_values /opt/stack/data/venv/lib/python3.12/site-packages/oslo_config/cfg.py:2981}}
May 09 07:23:39.486747 np0000172972 devstack@n-api.service[100000]: DEBUG nova.api.openstack.wsgi_app [None req-5af7a4ef-d81c-45e0-94b6-da9597b0bf74 None None] config files: ['/etc/nova/api-paste.ini', '/etc/nova/nova.conf'] {{(pid=100000) log_opt_values /opt/stack/data/venv/lib/python3.12/site-packages/oslo_config/cfg.py:2982}}
May 09 07:23:39.486888 np0000172972 devstack@n-api.service[100000]: DEBUG nova.api.openstack.wsgi_app [None req-5af7a4ef-d81c-45e0-94b6-da9597b0bf74 None None] ================================================================================ {{(pid=100000) log_opt_values /opt/stack/data/venv/lib/python3.12/site-packages/oslo_config/cfg.py:2987}}
May 09 07:23:39.487051 np0000172972 devstack@n-api.service[100000]: DEBUG nova.api.openstack.wsgi_app [None req-5af7a4ef-d81c-45e0-94b6-da9597b0bf74 None None] allow_resize_to_same_host = True {{(pid=100000) log_opt_values /opt/stack/data/venv/lib/python3.12/site-packages/oslo_config/cfg.py:2995}}
May 09 07:23:39.487174 np0000172972 devstack@n-api.service[100000]: DEBUG nova.api.openstack.wsgi_app [None req-5af7a4ef-d81c-45e0-94b6-da9597b0bf74 None None] arq_binding_timeout = 300 {{(pid=100000) log_opt_values /opt/stack/data/venv/lib/python3.12/site-packages/oslo_config/cfg.py:2995}}
May 09 07:23:39.487337 np0000172972 devstack@n-api.service[100000]: DEBUG nova.api.openstack.wsgi_app [None req-5af7a4ef-d81c-45e0-94b6-da9597b0bf74 None None] block_device_allocate_retries = 60 {{(pid=100000) log_opt_values /opt/stack/data/venv/lib/python3.12/site-packages/oslo_config/cfg.py:2995}}
May 09 07:23:39.487402 np0000172972 devstack@n-api.service[100000]: DEBUG nova.api.openstack.wsgi_app [None req-5af7a4ef-d81c-45e0-94b6-da9597b0bf74 None None] block_device_allocate_retries_interval = 3 {{(pid=100000) log_opt_values /opt/stack/data/venv/lib/python3.12/site-packages/oslo_config/cfg.py:2995}}
May 09 07:23:39.487556 np0000172972 devstack@n-api.service[100000]: DEBUG nova.api.openstack.wsgi_app [None req-5af7a4ef-d81c-45e0-94b6-da9597b0bf74 None None] cell_worker_thread_pool_size = 5 {{(pid=100000) log_opt_values /opt/stack/data/venv/lib/python3.12/site-packages/oslo_config/cfg.py:2995}}
May 09 07:23:39.487708 np0000172972 devstack@n-api.service[100000]: DEBUG nova.api.openstack.wsgi_app [None req-5af7a4ef-d81c-45e0-94b6-da9597b0bf74 None None] cert = self.pem {{(pid=100000) log_opt_values /opt/stack/data/venv/lib/python3.12/site-packages/oslo_config/cfg.py:2995}}
May 09 07:23:39.487789 np0000172972 devstack@n-api.service[100000]: DEBUG nova.api.openstack.wsgi_app [None req-5af7a4ef-d81c-45e0-94b6-da9597b0bf74 None None] compute_driver = libvirt.LibvirtDriver {{(pid=100000) log_opt_values /opt/stack/data/venv/lib/python3.12/site-packages/oslo_config/cfg.py:2995}}
May 09 07:23:39.487943 np0000172972 devstack@n-api.service[100000]: DEBUG nova.api.openstack.wsgi_app [None req-5af7a4ef-d81c-45e0-94b6-da9597b0bf74 None None] compute_monitors = [] {{(pid=100000) log_opt_values /opt/stack/data/venv/lib/python3.12/site-packages/oslo_config/cfg.py:2995}}
May 09 07:23:39.488070 np0000172972 devstack@n-api.service[100000]: DEBUG nova.api.openstack.wsgi_app [None req-5af7a4ef-d81c-45e0-94b6-da9597b0bf74 None None] config_dir = [] {{(pid=100000) log_opt_values /opt/stack/data/venv/lib/python3.12/site-packages/oslo_config/cfg.py:2995}}
May 09 07:23:39.488195 np0000172972 devstack@n-api.service[100000]: DEBUG nova.api.openstack.wsgi_app [None req-5af7a4ef-d81c-45e0-94b6-da9597b0bf74 None None] config_drive_format = iso9660 {{(pid=100000) log_opt_values /opt/stack/data/venv/lib/python3.12/site-packages/oslo_config/cfg.py:2995}}
May 09 07:23:39.488345 np0000172972 devstack@n-api.service[100000]: DEBUG nova.api.openstack.wsgi_app [None req-5af7a4ef-d81c-45e0-94b6-da9597b0bf74 None None] config_file = ['/etc/nova/api-paste.ini', '/etc/nova/nova.conf'] {{(pid=100000) log_opt_values /opt/stack/data/venv/lib/python3.12/site-packages/oslo_config/cfg.py:2995}}
May 09 07:23:39.488465 np0000172972 devstack@n-api.service[100000]: DEBUG nova.api.openstack.wsgi_app [None req-5af7a4ef-d81c-45e0-94b6-da9597b0bf74 None None] config_source = [] {{(pid=100000) log_opt_values /opt/stack/data/venv/lib/python3.12/site-packages/oslo_config/cfg.py:2995}}
May 09 07:23:39.488632 np0000172972 devstack@n-api.service[100000]: DEBUG nova.api.openstack.wsgi_app [None req-5af7a4ef-d81c-45e0-94b6-da9597b0bf74 None None] console_host = np0000172972 {{(pid=100000) log_opt_values /opt/stack/data/venv/lib/python3.12/site-packages/oslo_config/cfg.py:2995}}
May 09 07:23:39.488735 np0000172972 devstack@n-api.service[100000]: DEBUG nova.api.openstack.wsgi_app [None req-5af7a4ef-d81c-45e0-94b6-da9597b0bf74 None None] control_exchange = nova {{(pid=100000) log_opt_values /opt/stack/data/venv/lib/python3.12/site-packages/oslo_config/cfg.py:2995}}
May 09 07:23:39.488899 np0000172972 devstack@n-api.service[100000]: DEBUG nova.api.openstack.wsgi_app [None req-5af7a4ef-d81c-45e0-94b6-da9597b0bf74 None None] cpu_allocation_ratio = None {{(pid=100000) log_opt_values /opt/stack/data/venv/lib/python3.12/site-packages/oslo_config/cfg.py:2995}}
May 09 07:23:39.489025 np0000172972 devstack@n-api.service[100000]: DEBUG nova.api.openstack.wsgi_app [None req-5af7a4ef-d81c-45e0-94b6-da9597b0bf74 None None] daemon = False {{(pid=100000) log_opt_values /opt/stack/data/venv/lib/python3.12/site-packages/oslo_config/cfg.py:2995}}
May 09 07:23:39.489178 np0000172972 devstack@n-api.service[100000]: DEBUG nova.api.openstack.wsgi_app [None req-5af7a4ef-d81c-45e0-94b6-da9597b0bf74 None None] debug = True {{(pid=100000) log_opt_values /opt/stack/data/venv/lib/python3.12/site-packages/oslo_config/cfg.py:2995}}
May 09 07:23:39.489178 np0000172972 devstack@n-api.service[100000]: DEBUG nova.api.openstack.wsgi_app [None req-5af7a4ef-d81c-45e0-94b6-da9597b0bf74 None None] default_access_ip_network_name = None {{(pid=100000) log_opt_values /opt/stack/data/venv/lib/python3.12/site-packages/oslo_config/cfg.py:2995}}
May 09 07:23:39.489392 np0000172972 devstack@n-api.service[100000]: DEBUG nova.api.openstack.wsgi_app [None req-5af7a4ef-d81c-45e0-94b6-da9597b0bf74 None None] default_availability_zone = nova {{(pid=100000) log_opt_values /opt/stack/data/venv/lib/python3.12/site-packages/oslo_config/cfg.py:2995}}
May 09 07:23:39.489519 np0000172972 devstack@n-api.service[100000]: DEBUG nova.api.openstack.wsgi_app [None req-5af7a4ef-d81c-45e0-94b6-da9597b0bf74 None None] default_ephemeral_format = ext4 {{(pid=100000) log_opt_values /opt/stack/data/venv/lib/python3.12/site-packages/oslo_config/cfg.py:2995}}
May 09 07:23:39.489623 np0000172972 devstack@n-api.service[100000]: DEBUG nova.api.openstack.wsgi_app [None req-5af7a4ef-d81c-45e0-94b6-da9597b0bf74 None None] default_green_pool_size = 1000 {{(pid=100000) log_opt_values /opt/stack/data/venv/lib/python3.12/site-packages/oslo_config/cfg.py:2995}}
May 09 07:23:39.489795 np0000172972 devstack@n-api.service[100000]: DEBUG nova.api.openstack.wsgi_app [None req-5af7a4ef-d81c-45e0-94b6-da9597b0bf74 None None] default_log_levels = ['amqp=WARN', 'boto=WARN', 'sqlalchemy=WARN', 'suds=INFO', 'oslo.messaging=INFO', 'oslo_messaging=INFO', 'iso8601=WARN', 'requests.packages.urllib3.connectionpool=WARN', 'urllib3.connectionpool=WARN', 'websocket=WARN', 'requests.packages.urllib3.util.retry=WARN', 'urllib3.util.retry=WARN', 'keystonemiddleware=WARN', 'routes.middleware=WARN', 'stevedore=WARN', 'taskflow=WARN', 'keystoneauth=WARN', 'oslo.cache=INFO', 'oslo_policy=INFO', 'dogpile.core.dogpile=INFO', 'glanceclient=WARN', 'oslo.privsep.daemon=INFO'] {{(pid=100000) log_opt_values /opt/stack/data/venv/lib/python3.12/site-packages/oslo_config/cfg.py:2995}}
May 09 07:23:39.490027 np0000172972 devstack@n-api.service[100000]: DEBUG nova.api.openstack.wsgi_app [None req-5af7a4ef-d81c-45e0-94b6-da9597b0bf74 None None] default_schedule_zone = None {{(pid=100000) log_opt_values /opt/stack/data/venv/lib/python3.12/site-packages/oslo_config/cfg.py:2995}}
May 09 07:23:39.490027 np0000172972 devstack@n-api.service[100000]: DEBUG nova.api.openstack.wsgi_app [None req-5af7a4ef-d81c-45e0-94b6-da9597b0bf74 None None] default_thread_pool_size = 10 {{(pid=100000) log_opt_values /opt/stack/data/venv/lib/python3.12/site-packages/oslo_config/cfg.py:2995}}
May 09 07:23:39.490270 np0000172972 devstack@n-api.service[100000]: DEBUG nova.api.openstack.wsgi_app [None req-5af7a4ef-d81c-45e0-94b6-da9597b0bf74 None None] disk_allocation_ratio = None {{(pid=100000) log_opt_values /opt/stack/data/venv/lib/python3.12/site-packages/oslo_config/cfg.py:2995}}
May 09 07:23:39.490270 np0000172972 devstack@n-api.service[100000]: DEBUG nova.api.openstack.wsgi_app [None req-5af7a4ef-d81c-45e0-94b6-da9597b0bf74 None None] enable_new_services = True {{(pid=100000) log_opt_values /opt/stack/data/venv/lib/python3.12/site-packages/oslo_config/cfg.py:2995}}
May 09 07:23:39.490394 np0000172972 devstack@n-api.service[100000]: DEBUG nova.api.openstack.wsgi_app [None req-5af7a4ef-d81c-45e0-94b6-da9597b0bf74 None None] flat_injected = False {{(pid=100000) log_opt_values /opt/stack/data/venv/lib/python3.12/site-packages/oslo_config/cfg.py:2995}}
May 09 07:23:39.490558 np0000172972 devstack@n-api.service[100000]: DEBUG nova.api.openstack.wsgi_app [None req-5af7a4ef-d81c-45e0-94b6-da9597b0bf74 None None] force_config_drive = False {{(pid=100000) log_opt_values /opt/stack/data/venv/lib/python3.12/site-packages/oslo_config/cfg.py:2995}}
May 09 07:23:39.490739 np0000172972 devstack@n-api.service[100000]: DEBUG nova.api.openstack.wsgi_app [None req-5af7a4ef-d81c-45e0-94b6-da9597b0bf74 None None] force_raw_images = True {{(pid=100000) log_opt_values /opt/stack/data/venv/lib/python3.12/site-packages/oslo_config/cfg.py:2995}}
May 09 07:23:39.490890 np0000172972 devstack@n-api.service[100000]: DEBUG nova.api.openstack.wsgi_app [None req-5af7a4ef-d81c-45e0-94b6-da9597b0bf74 None None] graceful_shutdown_timeout = 5 {{(pid=100000) log_opt_values /opt/stack/data/venv/lib/python3.12/site-packages/oslo_config/cfg.py:2995}}
May 09 07:23:39.490890 np0000172972 devstack@n-api.service[100000]: DEBUG nova.api.openstack.wsgi_app [None req-5af7a4ef-d81c-45e0-94b6-da9597b0bf74 None None] heal_instance_info_cache_interval = -1 {{(pid=100000) log_opt_values /opt/stack/data/venv/lib/python3.12/site-packages/oslo_config/cfg.py:2995}}
May 09 07:23:39.491084 np0000172972 devstack@n-api.service[100000]: DEBUG nova.api.openstack.wsgi_app [None req-5af7a4ef-d81c-45e0-94b6-da9597b0bf74 None None] host = np0000172972 {{(pid=100000) log_opt_values /opt/stack/data/venv/lib/python3.12/site-packages/oslo_config/cfg.py:2995}}
May 09 07:23:39.491239 np0000172972 devstack@n-api.service[100000]: DEBUG nova.api.openstack.wsgi_app [None req-5af7a4ef-d81c-45e0-94b6-da9597b0bf74 None None] initial_cpu_allocation_ratio = 4.0 {{(pid=100000) log_opt_values /opt/stack/data/venv/lib/python3.12/site-packages/oslo_config/cfg.py:2995}}
May 09 07:23:39.491311 np0000172972 devstack@n-api.service[100000]: DEBUG nova.api.openstack.wsgi_app [None req-5af7a4ef-d81c-45e0-94b6-da9597b0bf74 None None] initial_disk_allocation_ratio = 1.0 {{(pid=100000) log_opt_values /opt/stack/data/venv/lib/python3.12/site-packages/oslo_config/cfg.py:2995}}
May 09 07:23:39.491472 np0000172972 devstack@n-api.service[100000]: DEBUG nova.api.openstack.wsgi_app [None req-5af7a4ef-d81c-45e0-94b6-da9597b0bf74 None None] initial_ram_allocation_ratio = 1.0 {{(pid=100000) log_opt_values /opt/stack/data/venv/lib/python3.12/site-packages/oslo_config/cfg.py:2995}}
