2026-08-08 07:03:02.697 7 INFO neutron.services.segments.plugin [-] Client error retrieving segment 1b19dc57-0683-40b0-8b5c-2247d9fb00f6 resource provider; error: Placement Client Error (4xx): {"errors": [{"status": 404, "title": "Not Found", "detail": "The resource could not be found.\n\n No resource provider with uuid 1b19dc57-0683-40b0-8b5c-2247d9fb00f6 found for delete ", "request_id": "req-123d40b1-089c-4536-a7c3-31584254e3f9"}]} [pid: 7|app: 0|req: 631/1210] 10.0.0.130 () {32 vars in 726 bytes} [Sat Aug 8 07:03:02 2026] DELETE /v2.0/networks/03c3cdf9-a20b-456b-ae7f-10f03ce0f4c4 => generated 0 bytes in 391 msecs (HTTP/1.1 204) 3 headers in 131 bytes (1 switches on core 0)
2026-08-08 07:03:02.818 7 INFO neutron.db.segments_db [None req-6525ebaf-2423-4c66-9291-efa933f44f65 571d27b497eb4af0bbfb9c5cc2e8ab19 ed8505d6c0cc43e49b2116ba6bf1274f - - default default] Added segment 9a324066-5509-49cf-826a-79d34e36b288 of type geneve for network d23dca4e-ed55-4dd0-969e-9c9118ade19b
2026-08-08 07:03:02.909 7 INFO neutron.db.ovn_revision_numbers_db [None req-6525ebaf-2423-4c66-9291-efa933f44f65 571d27b497eb4af0bbfb9c5cc2e8ab19 ed8505d6c0cc43e49b2116ba6bf1274f - - default default] Successfully bumped revision number for resource d23dca4e-ed55-4dd0-969e-9c9118ade19b (type: networks) to 1
2026-08-08 07:03:03.058 7 WARNING neutron.scheduler.dhcp_agent_scheduler [None req-6525ebaf-2423-4c66-9291-efa933f44f65 571d27b497eb4af0bbfb9c5cc2e8ab19 ed8505d6c0cc43e49b2116ba6bf1274f - - default default] No more DHCP agents
2026-08-08 07:03:03.060 7 WARNING neutron.api.rpc.agentnotifiers.dhcp_rpc_agent_api [None req-6525ebaf-2423-4c66-9291-efa933f44f65 571d27b497eb4af0bbfb9c5cc2e8ab19 ed8505d6c0cc43e49b2116ba6bf1274f - - default default] Unable to schedule network d23dca4e-ed55-4dd0-969e-9c9118ade19b: no agents available; will retry on subsequent port and subnet creation events.
2026-08-08 07:03:03.112 7 INFO neutron.plugins.ml2.drivers.ovn.mech_driver.mech_driver [None req-8ee25bad-a7e0-4eed-9cf8-76661938b28b - - - - - -] OVN reports status down for port: 51ae7d2c-2f0e-4734-b128-844415f434a9
2026-08-08 07:03:03.174 8 INFO neutron.plugins.ml2.drivers.ovn.mech_driver.mech_driver [None req-98d13e76-c1be-490f-9681-502e4083abac - - - - - -] OVN reports status up for port: fab25309-fd5d-4096-9837-01cdde581f85
2026-08-08 07:03:03.180 7 INFO neutron.db.ovn_revision_numbers_db [None req-6525ebaf-2423-4c66-9291-efa933f44f65 571d27b497eb4af0bbfb9c5cc2e8ab19 ed8505d6c0cc43e49b2116ba6bf1274f - - default default] Successfully bumped revision number for resource 51ae7d2c-2f0e-4734-b128-844415f434a9 (type: ports) to 1
2026-08-08 07:03:03.198 8 INFO neutron.plugins.ml2.plugin [None req-98d13e76-c1be-490f-9681-502e4083abac - - - - - -] Attempt 1 to provision port fab25309-fd5d-4096-9837-01cdde581f85 [pid: 7|app: 0|req: 632/1211] 10.0.0.130 () {34 vars in 670 bytes} [Sat Aug 8 07:03:02 2026] POST /v2.0/networks => generated 673 bytes in 482 msecs (HTTP/1.1 201) 4 headers in 162 bytes (1 switches on core 0)
2026-08-08 07:03:03.349 8 WARNING neutron.scheduler.dhcp_agent_scheduler [None req-73daa94f-a14c-443d-96f6-c0144acaa85d dba61b609515443aac338003644d3555 84a77d87ac1242698fea32440e39eb9d - - default default] No more DHCP agents
2026-08-08 07:03:03.353 8 WARNING neutron.api.rpc.agentnotifiers.dhcp_rpc_agent_api [None req-73daa94f-a14c-443d-96f6-c0144acaa85d dba61b609515443aac338003644d3555 84a77d87ac1242698fea32440e39eb9d - - default default] Unable to schedule network 8bf927bf-8478-47a1-9bd8-e8da9f67e526: no agents available; will retry on subsequent port and subnet creation events.
2026-08-08 07:03:03.463 7 WARNING neutron.scheduler.dhcp_agent_scheduler [None req-d1a12183-60e4-4ff8-927e-c05456dcb593 571d27b497eb4af0bbfb9c5cc2e8ab19 ed8505d6c0cc43e49b2116ba6bf1274f - - default default] No more DHCP agents
2026-08-08 07:03:03.464 7 WARNING neutron.api.rpc.agentnotifiers.dhcp_rpc_agent_api [None req-d1a12183-60e4-4ff8-927e-c05456dcb593 571d27b497eb4af0bbfb9c5cc2e8ab19 ed8505d6c0cc43e49b2116ba6bf1274f - - default default] Unable to schedule network d23dca4e-ed55-4dd0-969e-9c9118ade19b: no agents available; will retry on subsequent port and subnet creation events.
2026-08-08 07:03:03.499 7 INFO neutron.db.ovn_revision_numbers_db [None req-d1a12183-60e4-4ff8-927e-c05456dcb593 571d27b497eb4af0bbfb9c5cc2e8ab19 ed8505d6c0cc43e49b2116ba6bf1274f - - default default] Successfully bumped revision number for resource a4f66308-e54e-4524-bfe9-9985c27aa2a8 (type: subnets) to 0 [pid: 7|app: 0|req: 633/1212] 10.0.0.130 () {34 vars in 669 bytes} [Sat Aug 8 07:03:03 2026] POST /v2.0/subnets => generated 646 bytes in 296 msecs (HTTP/1.1 201) 4 headers in 162 bytes (1 switches on core 0)
2026-08-08 07:03:03.776 7 WARNING neutron.scheduler.dhcp_agent_scheduler [None req-1b6a9deb-a81a-4152-ae24-946014bca717 571d27b497eb4af0bbfb9c5cc2e8ab19 ed8505d6c0cc43e49b2116ba6bf1274f - - default default] No more DHCP agents
2026-08-08 07:03:03.783 7 WARNING neutron.api.rpc.agentnotifiers.dhcp_rpc_agent_api [None req-1b6a9deb-a81a-4152-ae24-946014bca717 571d27b497eb4af0bbfb9c5cc2e8ab19 ed8505d6c0cc43e49b2116ba6bf1274f - - default default] Unable to schedule network d23dca4e-ed55-4dd0-969e-9c9118ade19b: no agents available; will retry on subsequent port and subnet creation events.
2026-08-08 07:03:03.839 8 INFO neutron.db.ovn_revision_numbers_db [None req-73daa94f-a14c-443d-96f6-c0144acaa85d dba61b609515443aac338003644d3555 84a77d87ac1242698fea32440e39eb9d - - default default] Successfully bumped revision number for resource fab25309-fd5d-4096-9837-01cdde581f85 (type: router_ports) to 1 [pid: 8|app: 0|req: 580/1213] 10.0.0.130 () {34 vars in 783 bytes} [Sat Aug 8 07:03:02 2026] PUT /v2.0/routers/a9523b7a-d1ca-47e5-873d-13fb48a769af/add_router_interface => generated 309 bytes in 1756 msecs (HTTP/1.1 200) 4 headers in 157 bytes (1 switches on core 0)
2026-08-08 07:03:03.864 7 INFO neutron.plugins.ml2.drivers.ovn.mech_driver.mech_driver [None req-8ee25bad-a7e0-4eed-9cf8-76661938b28b - - - - - -] OVN reports status down for port: c3e1c86b-f2ff-44ee-9d65-bdc500207328 [pid: 8|app: 0|req: 581/1214] 10.0.0.130 () {32 vars in 717 bytes} [Sat Aug 8 07:03:03 2026] GET /v2.0/ports/fab25309-fd5d-4096-9837-01cdde581f85 => generated 947 bytes in 53 msecs (HTTP/1.1 200) 4 headers in 157 bytes (1 switches on core 0)
2026-08-08 07:03:03.926 7 INFO neutron.db.ovn_revision_numbers_db [None req-1b6a9deb-a81a-4152-ae24-946014bca717 571d27b497eb4af0bbfb9c5cc2e8ab19 ed8505d6c0cc43e49b2116ba6bf1274f - - default default] Successfully bumped revision number for resource c3e1c86b-f2ff-44ee-9d65-bdc500207328 (type: ports) to 1
2026-08-08 07:03:03.931 8 INFO neutron.db.ovn_revision_numbers_db [None req-98d13e76-c1be-490f-9681-502e4083abac - - - - - -] Successfully bumped revision number for resource fab25309-fd5d-4096-9837-01cdde581f85 (type: ports) to 2 [pid: 7|app: 0|req: 634/1215] 10.0.0.130 () {34 vars in 665 bytes} [Sat Aug 8 07:03:03 2026] POST /v2.0/ports => generated 928 bytes in 426 msecs (HTTP/1.1 201) 4 headers in 162 bytes (1 switches on core 0)
2026-08-08 07:03:04.024 8 INFO neutron.db.ovn_revision_numbers_db [None req-4617d3b1-f093-45a3-835e-5d50a7352c17 - - - - - -] Successfully bumped revision number for resource fab25309-fd5d-4096-9837-01cdde581f85 (type: router_ports) to 2 [pid: 7|app: 0|req: 635/1216] 10.0.0.130 () {32 vars in 717 bytes} [Sat Aug 8 07:03:03 2026] GET /v2.0/ports/fab25309-fd5d-4096-9837-01cdde581f85 => generated 947 bytes in 75 msecs (HTTP/1.1 200) 4 headers in 157 bytes (1 switches on core 0)
2026-08-08 07:03:04.155 7 INFO neutron_taas.services.taas.taas_plugin [None req-e088b9c3-8880-4902-9890-10e7b81435d2 571d27b497eb4af0bbfb9c5cc2e8ab19 ed8505d6c0cc43e49b2116ba6bf1274f - - default default] TaaS: Handle Delete Port: c3e1c86b-f2ff-44ee-9d65-bdc500207328
2026-08-08 07:03:04.162 7 INFO neutron_taas.services.taas.tap_mirror_plugin [None req-e088b9c3-8880-4902-9890-10e7b81435d2 571d27b497eb4af0bbfb9c5cc2e8ab19 ed8505d6c0cc43e49b2116ba6bf1274f - - default default] Tap Mirror: Handle Delete Port: c3e1c86b-f2ff-44ee-9d65-bdc500207328
2026-08-08 07:03:04.207 8 INFO neutron.db.ovn_revision_numbers_db [None req-cd2d7d36-67dc-4369-9ce4-0c3e27544253 088fabf8fe6444a9977cf994a8844fbd ddb33431ef3644c4a2c508acbe8bacd8 - - default default] Successfully bumped revision number for resource 78eb5433-012b-4ee2-afeb-c22b5a5633be (type: security_groups) to 1
2026-08-08 07:03:04.217 8 INFO neutron.db.ovn_revision_numbers_db [None req-cd2d7d36-67dc-4369-9ce4-0c3e27544253 088fabf8fe6444a9977cf994a8844fbd ddb33431ef3644c4a2c508acbe8bacd8 - - default default] Successfully bumped revision number for resource 1b93e742-8ff2-4486-8565-b1e8119231c7 (type: security_group_rules) to 0
2026-08-08 07:03:04.228 8 INFO neutron.db.ovn_revision_numbers_db [None req-cd2d7d36-67dc-4369-9ce4-0c3e27544253 088fabf8fe6444a9977cf994a8844fbd ddb33431ef3644c4a2c508acbe8bacd8 - - default default] Successfully bumped revision number for resource 9b16a4a2-83a4-4cb3-8472-1d798f8d4838 (type: security_group_rules) to 0
2026-08-08 07:03:04.240 8 INFO neutron.db.ovn_revision_numbers_db [None req-cd2d7d36-67dc-4369-9ce4-0c3e27544253 088fabf8fe6444a9977cf994a8844fbd ddb33431ef3644c4a2c508acbe8bacd8 - - default default] Successfully bumped revision number for resource a3a51978-791c-4fb4-b789-9b809cc55166 (type: security_group_rules) to 0
2026-08-08 07:03:04.250 8 INFO neutron.db.ovn_revision_numbers_db [None req-cd2d7d36-67dc-4369-9ce4-0c3e27544253 088fabf8fe6444a9977cf994a8844fbd ddb33431ef3644c4a2c508acbe8bacd8 - - default default] Successfully bumped revision number for resource beb66c69-d16c-460d-acbd-8dc1ee2b79cc (type: security_group_rules) to 0 [pid: 7|app: 0|req: 636/1217] 10.0.0.130 () {32 vars in 720 bytes} [Sat Aug 8 07:03:04 2026] DELETE /v2.0/ports/c3e1c86b-f2ff-44ee-9d65-bdc500207328 => generated 0 bytes in 261 msecs (HTTP/1.1 204) 3 headers in 131 bytes (1 switches on core 0)
2026-08-08 07:03:04.325 8 INFO neutron.db.segments_db [None req-cd2d7d36-67dc-4369-9ce4-0c3e27544253 088fabf8fe6444a9977cf994a8844fbd ddb33431ef3644c4a2c508acbe8bacd8 - - default default] Added segment 9e5dee41-31c6-4847-abf6-4be2eeff5773 of type geneve for network 0d3a98aa-403f-4b7d-85bf-fbae9bd576ca [pid: 7|app: 0|req: 637/1218] 10.0.0.130 () {32 vars in 653 bytes} [Sat Aug 8 07:03:04 2026] GET /v2.0/extensions => generated 20541 bytes in 43 msecs (HTTP/1.1 200) 4 headers in 159 bytes (1 switches on core 0)
2026-08-08 07:03:04.413 8 INFO neutron.db.ovn_revision_numbers_db [None req-cd2d7d36-67dc-4369-9ce4-0c3e27544253 088fabf8fe6444a9977cf994a8844fbd ddb33431ef3644c4a2c508acbe8bacd8 - - default default] Successfully bumped revision number for resource 0d3a98aa-403f-4b7d-85bf-fbae9bd576ca (type: networks) to 1
2026-08-08 07:03:04.573 8 WARNING neutron.scheduler.dhcp_agent_scheduler [None req-cd2d7d36-67dc-4369-9ce4-0c3e27544253 088fabf8fe6444a9977cf994a8844fbd ddb33431ef3644c4a2c508acbe8bacd8 - - default default] No more DHCP agents
2026-08-08 07:03:04.574 8 WARNING neutron.api.rpc.agentnotifiers.dhcp_rpc_agent_api [None req-cd2d7d36-67dc-4369-9ce4-0c3e27544253 088fabf8fe6444a9977cf994a8844fbd ddb33431ef3644c4a2c508acbe8bacd8 - - default default] Unable to schedule network 0d3a98aa-403f-4b7d-85bf-fbae9bd576ca: no agents available; will retry on subsequent port and subnet creation events.
2026-08-08 07:03:04.631 7 INFO neutron.plugins.ml2.drivers.ovn.mech_driver.mech_driver [None req-8ee25bad-a7e0-4eed-9cf8-76661938b28b - - - - - -] OVN reports status down for port: 0f5087ab-402a-4876-8493-85a26748c884
2026-08-08 07:03:04.649 8 INFO neutron.db.ovn_revision_numbers_db [None req-cd2d7d36-67dc-4369-9ce4-0c3e27544253 088fabf8fe6444a9977cf994a8844fbd ddb33431ef3644c4a2c508acbe8bacd8 - - default default] Successfully bumped revision number for resource 0f5087ab-402a-4876-8493-85a26748c884 (type: ports) to 1
2026-08-08 07:03:04.650 7 INFO neutron_taas.services.taas.taas_plugin [None req-305a0852-0f4b-4fac-b12e-e29d698befb0 dba61b609515443aac338003644d3555 84a77d87ac1242698fea32440e39eb9d - - default default] TaaS: Handle Delete Port: fab25309-fd5d-4096-9837-01cdde581f85
2026-08-08 07:03:04.658 7 INFO neutron_taas.services.taas.tap_mirror_plugin [None req-305a0852-0f4b-4fac-b12e-e29d698befb0 dba61b609515443aac338003644d3555 84a77d87ac1242698fea32440e39eb9d - - default default] Tap Mirror: Handle Delete Port: fab25309-fd5d-4096-9837-01cdde581f85 [pid: 8|app: 0|req: 582/1219] 10.0.0.130 () {34 vars in 671 bytes} [Sat Aug 8 07:03:03 2026] POST /v2.0/networks => generated 785 bytes in 757 msecs (HTTP/1.1 201) 4 headers in 162 bytes (1 switches on core 0)
2026-08-08 07:03:04.690 8 INFO neutron.pecan_wsgi.hooks.translation [None req-d7e4a76f-8218-4c08-8eb6-58cefcef1299 571d27b497eb4af0bbfb9c5cc2e8ab19 ed8505d6c0cc43e49b2116ba6bf1274f - - default default] GET failed (client error): The resource could not be found. [pid: 8|app: 0|req: 583/1220] 10.0.0.130 () {32 vars in 717 bytes} [Sat Aug 8 07:03:04 2026] GET /v2.0/ports/c3e1c86b-f2ff-44ee-9d65-bdc500207328 => generated 132 bytes in 17 msecs (HTTP/1.1 404) 4 headers in 164 bytes (1 switches on core 0) [pid: 8|app: 0|req: 584/1221] 10.0.0.130 () {32 vars in 681 bytes} [Sat Aug 8 07:03:04 2026] GET /v2.0/extensions/address-group => generated 159 bytes in 3 msecs (HTTP/1.1 200) 4 headers in 157 bytes (1 switches on core 0)
2026-08-08 07:03:04.833 8 WARNING neutron.scheduler.dhcp_agent_scheduler [None req-c4cb6158-2601-4001-804a-3592c193fa1d 088fabf8fe6444a9977cf994a8844fbd ddb33431ef3644c4a2c508acbe8bacd8 - - default default] No more DHCP agents
2026-08-08 07:03:04.834 8 WARNING neutron.api.rpc.agentnotifiers.dhcp_rpc_agent_api [None req-c4cb6158-2601-4001-804a-3592c193fa1d 088fabf8fe6444a9977cf994a8844fbd ddb33431ef3644c4a2c508acbe8bacd8 - - default default] Unable to schedule network 0d3a98aa-403f-4b7d-85bf-fbae9bd576ca: no agents available; will retry on subsequent port and subnet creation events. [pid: 7|app: 0|req: 638/1222] 10.0.0.130 () {34 vars in 789 bytes} [Sat Aug 8 07:03:04 2026] PUT /v2.0/routers/a9523b7a-d1ca-47e5-873d-13fb48a769af/remove_router_interface => generated 309 bytes in 608 msecs (HTTP/1.1 200) 4 headers in 157 bytes (1 switches on core 0) /var/lib/openstack/lib/python3.12/site-packages/pycadf/identifier.py:70: UserWarning: Invalid uuid: neutron. To ensure interoperability, identifiers should be a valid uuid. warnings.warn(('Invalid uuid: %s. To ensure interoperability, ' [pid: 7|app: 0|req: 639/1223] 10.0.0.130 () {32 vars in 724 bytes} [Sat Aug 8 07:03:04 2026] DELETE /v2.0/subnets/a4f66308-e54e-4524-bfe9-9985c27aa2a8 => generated 0 bytes in 136 msecs (HTTP/1.1 204) 3 headers in 131 bytes (1 switches on core 0) [pid: 7|app: 0|req: 640/1224] 10.0.0.130 () {32 vars in 681 bytes} [Sat Aug 8 07:03:05 2026] GET /v2.0/extensions/address-scope => generated 163 bytes in 4 msecs (HTTP/1.1 200) 4 headers in 157 bytes (1 switches on core 0) [pid: 7|app: 0|req: 641/1225] 10.0.0.130 () {32 vars in 736 bytes} [Sat Aug 8 07:03:05 2026] GET /v2.0/ports?device_id=a9523b7a-d1ca-47e5-873d-13fb48a769af => generated 12 bytes in 15 msecs (HTTP/1.1 200) 4 headers in 156 bytes (1 switches on core 0)
2026-08-08 07:03:05.209 7 INFO neutron_taas.services.taas.taas_plugin [None req-f8f903ff-4f50-43eb-a61d-cc1c55b1e6cd 571d27b497eb4af0bbfb9c5cc2e8ab19 ed8505d6c0cc43e49b2116ba6bf1274f - - default default] TaaS: Handle Delete Port: 51ae7d2c-2f0e-4734-b128-844415f434a9
2026-08-08 07:03:05.211 7 INFO neutron_taas.services.taas.tap_mirror_plugin [None req-f8f903ff-4f50-43eb-a61d-cc1c55b1e6cd 571d27b497eb4af0bbfb9c5cc2e8ab19 ed8505d6c0cc43e49b2116ba6bf1274f - - default default] Tap Mirror: Handle Delete Port: 51ae7d2c-2f0e-4734-b128-844415f434a9
2026-08-08 07:03:05.280 8 INFO neutron.db.ovn_revision_numbers_db [None req-377ad386-b2c5-4af7-864f-a6d546ac4274 - - - - - -] Successfully bumped revision number for resource 0f5087ab-402a-4876-8493-85a26748c884 (type: ports) to 2
2026-08-08 07:03:05.327 8 INFO neutron.db.ovn_revision_numbers_db [None req-377ad386-b2c5-4af7-864f-a6d546ac4274 - - - - - -] Successfully bumped revision number for resource 2d4d51af-0309-4e6c-9b1a-e9cfb37eef47 (type: subnets) to 0 [pid: 8|app: 0|req: 585/1226] 10.0.0.130 () {34 vars in 669 bytes} [Sat Aug 8 07:03:04 2026] POST /v2.0/subnets => generated 691 bytes in 649 msecs (HTTP/1.1 201) 4 headers in 162 bytes (1 switches on core 0) [pid: 8|app: 0|req: 586/1227] 10.0.0.130 () {32 vars in 665 bytes} [Sat Aug 8 07:03:05 2026] GET /v2.0/extensions/agent => generated 153 bytes in 5 msecs (HTTP/1.1 200) 4 headers in 157 bytes (1 switches on core 0)
2026-08-08 07:03:05.391 7 INFO neutron.services.segments.plugin [-] Segment 9a324066-5509-49cf-826a-79d34e36b288 resource provider aggregate not found
2026-08-08 07:03:05.395 7 INFO neutron.services.segments.plugin [-] Segment 9a324066-5509-49cf-826a-79d34e36b288 resource provider aggregate not found
2026-08-08 07:03:05.413 7 INFO neutron.services.segments.plugin [-] Client error retrieving segment 9a324066-5509-49cf-826a-79d34e36b288 resource provider; error: Placement Client Error (4xx): {"errors": [{"status": 404, "title": "Not Found", "detail": "The resource could not be found.\n\n No resource provider with uuid 9a324066-5509-49cf-826a-79d34e36b288 found for delete ", "request_id": "req-d5c79e38-bf80-48f3-8248-ac9826ef4820"}]}
2026-08-08 07:03:05.419 7 INFO neutron.services.segments.plugin [-] Client error retrieving segment 9a324066-5509-49cf-826a-79d34e36b288 resource provider; error: Placement Client Error (4xx): {"errors": [{"status": 404, "title": "Not Found", "detail": "The resource could not be found.\n\n No resource provider with uuid 9a324066-5509-49cf-826a-79d34e36b288 found for delete ", "request_id": "req-dfca26ae-56ca-4e92-b916-fbc60a532c98"}]} [pid: 7|app: 0|req: 642/1228] 10.0.0.130 () {32 vars in 726 bytes} [Sat Aug 8 07:03:05 2026] DELETE /v2.0/networks/d23dca4e-ed55-4dd0-969e-9c9118ade19b => generated 0 bytes in 320 msecs (HTTP/1.1 204) 3 headers in 131 bytes (1 switches on core 0) [pid: 8|app: 0|req: 587/1229] 10.0.0.130 () {32 vars in 724 bytes} [Sat Aug 8 07:03:05 2026] DELETE /v2.0/routers/a9523b7a-d1ca-47e5-873d-13fb48a769af => generated 0 bytes in 228 msecs (HTTP/1.1 204) 2 headers in 112 bytes (1 switches on core 0) [pid: 8|app: 0|req: 588/1230] 10.0.0.130 () {32 vars in 697 bytes} [Sat Aug 8 07:03:05 2026] GET /v2.0/extensions/allowed-address-pairs => generated 184 bytes in 5 msecs (HTTP/1.1 200) 4 headers in 157 bytes (1 switches on core 0)
2026-08-08 07:03:05.779 8 WARNING neutron.scheduler.dhcp_agent_scheduler [None req-9306c309-d22a-47a7-821f-30e3dcaaceb2 571d27b497eb4af0bbfb9c5cc2e8ab19 ed8505d6c0cc43e49b2116ba6bf1274f - - default default] No more DHCP agents
2026-08-08 07:03:05.780 8 WARNING neutron.api.rpc.agentnotifiers.dhcp_rpc_agent_api [None req-9306c309-d22a-47a7-821f-30e3dcaaceb2 571d27b497eb4af0bbfb9c5cc2e8ab19 ed8505d6c0cc43e49b2116ba6bf1274f - - default default] Unable to schedule network 976b15c2-11bd-4be2-a42d-a2ae76cb6d90: no agents available; will retry on subsequent port and subnet creation events.
2026-08-08 07:03:05.833 8 INFO neutron.plugins.ml2.drivers.ovn.mech_driver.mech_driver [None req-4617d3b1-f093-45a3-835e-5d50a7352c17 - - - - - -] OVN reports status down for port: 454f13e2-1d53-41f1-9c34-1912efa5adad
2026-08-08 07:03:05.861 7 WARNING neutron.scheduler.dhcp_agent_scheduler [None req-f021f320-50b2-4be7-8f39-d3adf62265c7 088fabf8fe6444a9977cf994a8844fbd ddb33431ef3644c4a2c508acbe8bacd8 - - default default] No more DHCP agents
2026-08-08 07:03:05.863 7 WARNING neutron.api.rpc.agentnotifiers.dhcp_rpc_agent_api [None req-f021f320-50b2-4be7-8f39-d3adf62265c7 088fabf8fe6444a9977cf994a8844fbd ddb33431ef3644c4a2c508acbe8bacd8 - - default default] Unable to schedule network 2d241f10-a95e-4d78-a5f5-b9663bdf0774: no agents available; will retry on subsequent port and subnet creation events.
2026-08-08 07:03:05.886 8 INFO neutron.db.ovn_revision_numbers_db [None req-9306c309-d22a-47a7-821f-30e3dcaaceb2 571d27b497eb4af0bbfb9c5cc2e8ab19 ed8505d6c0cc43e49b2116ba6bf1274f - - default default] Successfully bumped revision number for resource 454f13e2-1d53-41f1-9c34-1912efa5adad (type: ports) to 1 [pid: 8|app: 0|req: 589/1231] 10.0.0.130 () {34 vars in 665 bytes} [Sat Aug 8 07:03:05 2026] POST /v2.0/ports => generated 777 bytes in 384 msecs (HTTP/1.1 201) 4 headers in 162 bytes (1 switches on core 0) /var/lib/openstack/lib/python3.12/site-packages/pycadf/identifier.py:70: UserWarning: Invalid uuid: neutron. To ensure interoperability, identifiers should be a valid uuid. warnings.warn(('Invalid uuid: %s. To ensure interoperability, '
2026-08-08 07:03:05.985 8 INFO neutron.plugins.ml2.drivers.ovn.mech_driver.mech_driver [None req-4617d3b1-f093-45a3-835e-5d50a7352c17 - - - - - -] OVN reports status down for port: 0f559669-f44f-4f31-94b2-264326f00364
2026-08-08 07:03:05.993 7 INFO neutron.db.ovn_revision_numbers_db [None req-f021f320-50b2-4be7-8f39-d3adf62265c7 088fabf8fe6444a9977cf994a8844fbd ddb33431ef3644c4a2c508acbe8bacd8 - - default default] Successfully bumped revision number for resource 0f559669-f44f-4f31-94b2-264326f00364 (type: ports) to 1 [pid: 8|app: 0|req: 590/1232] 10.0.0.130 () {32 vars in 724 bytes} [Sat Aug 8 07:03:05 2026] DELETE /v2.0/subnets/9bdc5f6f-386d-4a5f-a0d3-6f5d53ea5dd3 => generated 0 bytes in 199 msecs (HTTP/1.1 204) 3 headers in 131 bytes (1 switches on core 0) [pid: 8|app: 0|req: 591/1233] 10.0.0.130 () {32 vars in 701 bytes} [Sat Aug 8 07:03:06 2026] GET /v2.0/extensions/auto-allocated-topology => generated 200 bytes in 5 msecs (HTTP/1.1 200) 4 headers in 157 bytes (1 switches on core 0)
2026-08-08 07:03:06.386 8 INFO neutron.plugins.ml2.drivers.ovn.mech_driver.mech_driver [None req-4617d3b1-f093-45a3-835e-5d50a7352c17 - - - - - -] OVN reports status down for port: 454f13e2-1d53-41f1-9c34-1912efa5adad
2026-08-08 07:03:06.437 8 INFO neutron.db.ovn_revision_numbers_db [None req-27205773-3ae9-495f-9657-7c2e001bc597 571d27b497eb4af0bbfb9c5cc2e8ab19 ed8505d6c0cc43e49b2116ba6bf1274f - - default default] Successfully bumped revision number for resource 454f13e2-1d53-41f1-9c34-1912efa5adad (type: ports) to 2 [pid: 8|app: 0|req: 592/1234] 10.0.0.130 () {34 vars in 737 bytes} [Sat Aug 8 07:03:06 2026] PUT /v2.0/ports/454f13e2-1d53-41f1-9c34-1912efa5adad => generated 752 bytes in 295 msecs (HTTP/1.1 200) 4 headers in 157 bytes (1 switches on core 0) /var/lib/openstack/lib/python3.12/site-packages/pycadf/identifier.py:70: UserWarning: Invalid uuid: neutron. To ensure interoperability, identifiers should be a valid uuid. warnings.warn(('Invalid uuid: %s. To ensure interoperability, '
2026-08-08 07:03:06.555 7 INFO neutron.plugins.ml2.drivers.ovn.mech_driver.ovsdb.commands [None req-5265c33e-ec9b-4654-86bb-373658f60947 - - - - - -] Schedule LRP lrp-0f559669-f44f-4f31-94b2-264326f00364 on gateway 3dd4c1a9-f8e5-41d2-aa1b-117f20bef08d with priority 1
2026-08-08 07:03:06.627 7 INFO neutron.db.ovn_revision_numbers_db [None req-f021f320-50b2-4be7-8f39-d3adf62265c7 088fabf8fe6444a9977cf994a8844fbd ddb33431ef3644c4a2c508acbe8bacd8 - - default default] Successfully bumped revision number for resource 0f559669-f44f-4f31-94b2-264326f00364 (type: router_ports) to 1
2026-08-08 07:03:06.634 8 INFO neutron.plugins.ml2.drivers.ovn.mech_driver.mech_driver [None req-4617d3b1-f093-45a3-835e-5d50a7352c17 - - - - - -] OVN reports status up for port: 0f559669-f44f-4f31-94b2-264326f00364
2026-08-08 07:03:06.664 8 INFO neutron_taas.services.taas.taas_plugin [None req-50568e6c-0eb9-472f-9489-358740385ae1 dba61b609515443aac338003644d3555 84a77d87ac1242698fea32440e39eb9d - - default default] TaaS: Handle Delete Port: 0fd94989-0888-4dc2-8d4b-a1ae1e9a30dc
2026-08-08 07:03:06.672 8 INFO neutron_taas.services.taas.tap_mirror_plugin [None req-50568e6c-0eb9-472f-9489-358740385ae1 dba61b609515443aac338003644d3555 84a77d87ac1242698fea32440e39eb9d - - default default] Tap Mirror: Handle Delete Port: 0fd94989-0888-4dc2-8d4b-a1ae1e9a30dc
2026-08-08 07:03:06.680 8 INFO neutron.plugins.ml2.drivers.ovn.mech_driver.ovsdb.ovsdb_monitor [None req-a7aa2849-2079-49d7-aa9a-a6ab7684a0c1 - - - - - -] Router 39294088-9b00-4c1e-bd5b-4b7c4b3a9584 is bound to host instance
2026-08-08 07:03:06.691 8 INFO neutron.plugins.ml2.plugin [None req-4617d3b1-f093-45a3-835e-5d50a7352c17 - - - - - -] Attempt 1 to provision port 0f559669-f44f-4f31-94b2-264326f00364
2026-08-08 07:03:06.693 7 INFO neutron.db.ovn_revision_numbers_db [None req-f021f320-50b2-4be7-8f39-d3adf62265c7 088fabf8fe6444a9977cf994a8844fbd ddb33431ef3644c4a2c508acbe8bacd8 - - default default] Successfully bumped revision number for resource 39294088-9b00-4c1e-bd5b-4b7c4b3a9584 (type: routers) to 2 [pid: 7|app: 0|req: 643/1235] 10.0.0.130 () {34 vars in 669 bytes} [Sat Aug 8 07:03:05 2026] POST /v2.0/routers => generated 969 bytes in 1283 msecs (HTTP/1.1 201) 4 headers in 162 bytes (1 switches on core 0) [pid: 7|app: 0|req: 644/1236] 10.0.0.130 () {32 vars in 689 bytes} [Sat Aug 8 07:03:06 2026] GET /v2.0/extensions/availability_zone => generated 178 bytes in 4 msecs (HTTP/1.1 200) 4 headers in 157 bytes (1 switches on core 0)
2026-08-08 07:03:06.867 7 INFO neutron_taas.services.taas.taas_plugin [None req-194f6f5a-65db-4f4f-a2b9-2a1a3eb96bc6 571d27b497eb4af0bbfb9c5cc2e8ab19 ed8505d6c0cc43e49b2116ba6bf1274f - - default default] TaaS: Handle Delete Port: 454f13e2-1d53-41f1-9c34-1912efa5adad
2026-08-08 07:03:06.871 7 INFO neutron_taas.services.taas.tap_mirror_plugin [None req-194f6f5a-65db-4f4f-a2b9-2a1a3eb96bc6 571d27b497eb4af0bbfb9c5cc2e8ab19 ed8505d6c0cc43e49b2116ba6bf1274f - - default default] Tap Mirror: Handle Delete Port: 454f13e2-1d53-41f1-9c34-1912efa5adad [pid: 7|app: 0|req: 645/1237] 10.0.0.130 () {32 vars in 720 bytes} [Sat Aug 8 07:03:06 2026] DELETE /v2.0/ports/454f13e2-1d53-41f1-9c34-1912efa5adad => generated 0 bytes in 276 msecs (HTTP/1.1 204) 3 headers in 131 bytes (1 switches on core 0)
2026-08-08 07:03:07.112 8 INFO neutron.services.segments.plugin [-] Segment 4781242d-c971-462e-9e59-263c56b3dab4 resource provider aggregate not found
2026-08-08 07:03:07.115 8 INFO neutron.services.segments.plugin [-] Segment 4781242d-c971-462e-9e59-263c56b3dab4 resource provider aggregate not found
2026-08-08 07:03:07.145 8 INFO neutron.services.segments.plugin [-] Client error retrieving segment 4781242d-c971-462e-9e59-263c56b3dab4 resource provider; error: Placement Client Error (4xx): {"errors": [{"status": 404, "title": "Not Found", "detail": "The resource could not be found.\n\n No resource provider with uuid 4781242d-c971-462e-9e59-263c56b3dab4 found for delete ", "request_id": "req-836cb7e8-56b7-4217-afc9-21ab3bf6935d"}]}
2026-08-08 07:03:07.146 8 INFO neutron.services.segments.plugin [-] Client error retrieving segment 4781242d-c971-462e-9e59-263c56b3dab4 resource provider; error: Placement Client Error (4xx): {"errors": [{"status": 404, "title": "Not Found", "detail": "The resource could not be found.\n\n No resource provider with uuid 4781242d-c971-462e-9e59-263c56b3dab4 found for delete ", "request_id": "req-0df7a24c-5e0f-4793-b112-9ddc803750f4"}]} [pid: 8|app: 0|req: 593/1238] 10.0.0.130 () {32 vars in 726 bytes} [Sat Aug 8 07:03:06 2026] DELETE /v2.0/networks/8bf927bf-8478-47a1-9bd8-e8da9f67e526 => generated 0 bytes in 752 msecs (HTTP/1.1 204) 3 headers in 131 bytes (1 switches on core 0) [pid: 8|app: 0|req: 594/1239] 10.0.0.130 () {32 vars in 693 bytes} [Sat Aug 8 07:03:07 2026] GET /v2.0/extensions/default-subnetpools => generated 211 bytes in 14 msecs (HTTP/1.1 200) 4 headers in 157 bytes (1 switches on core 0) [pid: 8|app: 0|req: 595/1240] 10.0.0.130 () {32 vars in 643 bytes} [Sat Aug 8 07:03:07 2026] GET /v2.0/ports => generated 1538 bytes in 94 msecs (HTTP/1.1 200) 4 headers in 158 bytes (1 switches on core 0)
2026-08-08 07:03:07.422 7 WARNING neutron.scheduler.dhcp_agent_scheduler [None req-6d962e16-d670-40a5-8d96-ae51d17d6bba 088fabf8fe6444a9977cf994a8844fbd ddb33431ef3644c4a2c508acbe8bacd8 - - default default] No more DHCP agents
2026-08-08 07:03:07.424 7 WARNING neutron.api.rpc.agentnotifiers.dhcp_rpc_agent_api [None req-6d962e16-d670-40a5-8d96-ae51d17d6bba 088fabf8fe6444a9977cf994a8844fbd ddb33431ef3644c4a2c508acbe8bacd8 - - default default] Unable to schedule network 0d3a98aa-403f-4b7d-85bf-fbae9bd576ca: no agents available; will retry on subsequent port and subnet creation events.
2026-08-08 07:03:07.547 7 INFO neutron.plugins.ml2.drivers.ovn.mech_driver.mech_driver [None req-8ee25bad-a7e0-4eed-9cf8-76661938b28b - - - - - -] OVN reports status down for port: fa1f9c14-d879-4375-b709-3fa95cd9cc61
2026-08-08 07:03:07.607 7 INFO neutron.db.ovn_revision_numbers_db [None req-6d962e16-d670-40a5-8d96-ae51d17d6bba 088fabf8fe6444a9977cf994a8844fbd ddb33431ef3644c4a2c508acbe8bacd8 - - default default] Successfully bumped revision number for resource fa1f9c14-d879-4375-b709-3fa95cd9cc61 (type: ports) to 1
2026-08-08 07:03:08.061 8 WARNING neutron.scheduler.dhcp_agent_scheduler [None req-805fe592-8c08-4854-8cf3-2e00d0cd561f dba61b609515443aac338003644d3555 84a77d87ac1242698fea32440e39eb9d - - default default] No more DHCP agents
2026-08-08 07:03:08.064 8 WARNING neutron.api.rpc.agentnotifiers.dhcp_rpc_agent_api [None req-805fe592-8c08-4854-8cf3-2e00d0cd561f dba61b609515443aac338003644d3555 84a77d87ac1242698fea32440e39eb9d - - default default] Unable to schedule network 2d241f10-a95e-4d78-a5f5-b9663bdf0774: no agents available; will retry on subsequent port and subnet creation events.
2026-08-08 07:03:08.165 7 INFO neutron.plugins.ml2.drivers.ovn.mech_driver.mech_driver [None req-8ee25bad-a7e0-4eed-9cf8-76661938b28b - - - - - -] OVN reports status up for port: fa1f9c14-d879-4375-b709-3fa95cd9cc61
2026-08-08 07:03:08.193 7 INFO neutron.plugins.ml2.plugin [None req-8ee25bad-a7e0-4eed-9cf8-76661938b28b - - - - - -] Attempt 1 to provision port fa1f9c14-d879-4375-b709-3fa95cd9cc61
2026-08-08 07:03:08.284 7 WARNING neutron.scheduler.dhcp_agent_scheduler [None req-6d962e16-d670-40a5-8d96-ae51d17d6bba 088fabf8fe6444a9977cf994a8844fbd ddb33431ef3644c4a2c508acbe8bacd8 - - default default] No more DHCP agents
2026-08-08 07:03:08.286 7 WARNING neutron.api.rpc.agentnotifiers.dhcp_rpc_agent_api [None req-6d962e16-d670-40a5-8d96-ae51d17d6bba 088fabf8fe6444a9977cf994a8844fbd ddb33431ef3644c4a2c508acbe8bacd8 - - default default] Unable to schedule network 0d3a98aa-403f-4b7d-85bf-fbae9bd576ca: no agents available; will retry on subsequent port and subnet creation events.
2026-08-08 07:03:08.722 8 INFO neutron.db.ovn_revision_numbers_db [None req-5d37d714-40af-4382-b68c-de4dbe2a827b - - - - - -] Successfully bumped revision number for resource 0f559669-f44f-4f31-94b2-264326f00364 (type: ports) to 4
2026-08-08 07:03:08.739 8 INFO neutron.db.ovn_revision_numbers_db [None req-805fe592-8c08-4854-8cf3-2e00d0cd561f dba61b609515443aac338003644d3555 84a77d87ac1242698fea32440e39eb9d - - default default] Successfully bumped revision number for resource ed94bf90-fe1d-420a-bee3-efde4be176bd (type: ports) to 1
2026-08-08 07:03:09.227 7 INFO neutron.db.ovn_revision_numbers_db [None req-8ee25bad-a7e0-4eed-9cf8-76661938b28b - - - - - -] Successfully bumped revision number for resource fa1f9c14-d879-4375-b709-3fa95cd9cc61 (type: ports) to 2
2026-08-08 07:03:09.272 8 INFO neutron.db.ovn_revision_numbers_db [None req-5d37d714-40af-4382-b68c-de4dbe2a827b - - - - - -] Successfully bumped revision number for resource 0f559669-f44f-4f31-94b2-264326f00364 (type: ports) to 5
2026-08-08 07:03:09.340 7 INFO neutron.plugins.ml2.drivers.ovn.mech_driver.mech_driver [None req-bb11fa48-210b-4097-97e1-dd302cf12b6b - - - - - -] OVN reports status down for port: ed94bf90-fe1d-420a-bee3-efde4be176bd
2026-08-08 07:03:09.542 7 INFO neutron.db.ovn_revision_numbers_db [None req-6d962e16-d670-40a5-8d96-ae51d17d6bba 088fabf8fe6444a9977cf994a8844fbd ddb33431ef3644c4a2c508acbe8bacd8 - - default default] Successfully bumped revision number for resource fa1f9c14-d879-4375-b709-3fa95cd9cc61 (type: router_ports) to 1 [pid: 7|app: 0|req: 646/1241] 10.0.0.130 () {34 vars in 783 bytes} [Sat Aug 8 07:03:06 2026] PUT /v2.0/routers/39294088-9b00-4c1e-bd5b-4b7c4b3a9584/add_router_interface => generated 309 bytes in 2563 msecs (HTTP/1.1 200) 4 headers in 157 bytes (1 switches on core 0) [pid: 7|app: 0|req: 647/1242] 10.0.0.130 () {32 vars in 695 bytes} [Sat Aug 8 07:03:09 2026] GET /v2.0/extensions/dhcp_agent_scheduler => generated 187 bytes in 16 msecs (HTTP/1.1 200) 4 headers in 157 bytes (1 switches on core 0)
2026-08-08 07:03:09.604 7 INFO neutron.pecan_wsgi.hooks.translation [None req-0c623123-2626-448e-a56c-c921d95bb7ca 571d27b497eb4af0bbfb9c5cc2e8ab19 ed8505d6c0cc43e49b2116ba6bf1274f - - default default] GET failed (client error): The resource could not be found. [pid: 7|app: 0|req: 648/1243] 10.0.0.130 () {32 vars in 717 bytes} [Sat Aug 8 07:03:09 2026] GET /v2.0/ports/454f13e2-1d53-41f1-9c34-1912efa5adad => generated 132 bytes in 35 msecs (HTTP/1.1 404) 4 headers in 164 bytes (1 switches on core 0) [pid: 7|app: 0|req: 651/1246] 10.0.0.130 () {32 vars in 685 bytes} [Sat Aug 8 07:03:09 2026] GET /v2.0/extensions/dns-integration => generated 172 bytes in 10 msecs (HTTP/1.1 200) 4 headers in 157 bytes (1 switches on core 0)
2026-08-08 07:03:09.658 7 INFO neutron.db.ovn_revision_numbers_db [None req-bb11fa48-210b-4097-97e1-dd302cf12b6b - - - - - -] Successfully bumped revision number for resource fa1f9c14-d879-4375-b709-3fa95cd9cc61 (type: router_ports) to 2 [pid: 7|app: 0|req: 652/1247] 10.0.0.130 () {32 vars in 643 bytes} [Sat Aug 8 07:03:09 2026] GET /v2.0/ports => generated 1538 bytes in 68 msecs (HTTP/1.1 200) 4 headers in 158 bytes (1 switches on core 0) [pid: 7|app: 0|req: 653/1248] 10.0.0.130 () {32 vars in 687 bytes} [Sat Aug 8 07:03:09 2026] GET /v2.0/extensions/dns-domain-ports => generated 205 bytes in 3 msecs (HTTP/1.1 200) 4 headers in 157 bytes (1 switches on core 0)
2026-08-08 07:03:09.701 8 INFO neutron.plugins.ml2.drivers.ovn.mech_driver.ovsdb.commands [None req-31c5ab89-6881-413d-b144-b5efe71f2fe8 - - - - - -] Schedule LRP lrp-ed94bf90-fe1d-420a-bee3-efde4be176bd on gateway 3dd4c1a9-f8e5-41d2-aa1b-117f20bef08d with priority 1 [pid: 7|app: 0|req: 654/1249] 10.0.0.130 () {32 vars in 717 bytes} [Sat Aug 8 07:03:09 2026] GET /v2.0/extensions/dns-integration-domain-keywords => generated 283 bytes in 4 msecs (HTTP/1.1 200) 4 headers in 157 bytes (1 switches on core 0)
2026-08-08 07:03:09.761 8 INFO neutron.db.ovn_revision_numbers_db [None req-805fe592-8c08-4854-8cf3-2e00d0cd561f dba61b609515443aac338003644d3555 84a77d87ac1242698fea32440e39eb9d - - default default] Successfully bumped revision number for resource ed94bf90-fe1d-420a-bee3-efde4be176bd (type: router_ports) to 1 [pid: 7|app: 0|req: 655/1250] 10.0.0.130 () {32 vars in 717 bytes} [Sat Aug 8 07:03:09 2026] GET /v2.0/ports/63ce491e-dd30-4970-a8c5-c95ec8784d4f => generated 779 bytes in 61 msecs (HTTP/1.1 200) 4 headers in 157 bytes (1 switches on core 0) [pid: 7|app: 0|req: 656/1251] 10.0.0.130 () {32 vars in 699 bytes} [Sat Aug 8 07:03:09 2026] GET /v2.0/extensions/empty-string-filtering => generated 219 bytes in 7 msecs (HTTP/1.1 200) 4 headers in 157 bytes (1 switches on core 0)
2026-08-08 07:03:09.779 7 INFO neutron.plugins.ml2.drivers.ovn.mech_driver.mech_driver [None req-bb11fa48-210b-4097-97e1-dd302cf12b6b - - - - - -] OVN reports status up for port: ed94bf90-fe1d-420a-bee3-efde4be176bd
2026-08-08 07:03:09.798 7 INFO neutron.pecan_wsgi.hooks.translation [None req-1e82bd55-e769-4ae3-8728-6a1a3c07968b 571d27b497eb4af0bbfb9c5cc2e8ab19 ed8505d6c0cc43e49b2116ba6bf1274f - - default default] DELETE failed (client error): The resource could not be found. [pid: 7|app: 0|req: 657/1252] 10.0.0.130 () {32 vars in 720 bytes} [Sat Aug 8 07:03:09 2026] DELETE /v2.0/ports/c3e1c86b-f2ff-44ee-9d65-bdc500207328 => generated 132 bytes in 24 msecs (HTTP/1.1 404) 4 headers in 164 bytes (1 switches on core 0)
2026-08-08 07:03:09.806 7 INFO neutron.plugins.ml2.plugin [None req-bb11fa48-210b-4097-97e1-dd302cf12b6b - - - - - -] Attempt 1 to provision port ed94bf90-fe1d-420a-bee3-efde4be176bd [pid: 7|app: 0|req: 658/1253] 10.0.0.130 () {32 vars in 679 bytes} [Sat Aug 8 07:03:09 2026] GET /v2.0/extensions/external-net => generated 200 bytes in 7 msecs (HTTP/1.1 200) 4 headers in 157 bytes (1 switches on core 0)
2026-08-08 07:03:09.825 8 INFO neutron.db.ovn_revision_numbers_db [None req-805fe592-8c08-4854-8cf3-2e00d0cd561f dba61b609515443aac338003644d3555 84a77d87ac1242698fea32440e39eb9d - - default default] Successfully bumped revision number for resource b69fdb7f-95fb-4cb7-a6a2-692e7d9b114f (type: routers) to 2
2026-08-08 07:03:09.831 7 INFO neutron.pecan_wsgi.hooks.translation [None req-4f415460-dcbf-4d46-b42a-019419836ea6 571d27b497eb4af0bbfb9c5cc2e8ab19 ed8505d6c0cc43e49b2116ba6bf1274f - - default default] DELETE failed (client error): The resource could not be found. [pid: 7|app: 0|req: 659/1254] 10.0.0.130 () {32 vars in 724 bytes} [Sat Aug 8 07:03:09 2026] DELETE /v2.0/subnets/a4f66308-e54e-4524-bfe9-9985c27aa2a8 => generated 136 bytes in 26 msecs (HTTP/1.1 404) 4 headers in 164 bytes (1 switches on core 0) [pid: 7|app: 0|req: 660/1256] 10.0.0.130 () {32 vars in 683 bytes} [Sat Aug 8 07:03:09 2026] GET /v2.0/extensions/extra_dhcp_opt => generated 304 bytes in 9 msecs (HTTP/1.1 200) 4 headers in 157 bytes (1 switches on core 0) [pid: 8|app: 0|req: 596/1256] 10.0.0.130 () {34 vars in 669 bytes} [Sat Aug 8 07:03:07 2026] POST /v2.0/routers => generated 952 bytes in 2512 msecs (HTTP/1.1 201) 4 headers in 162 bytes (1 switches on core 0) [pid: 8|app: 0|req: 597/1257] 10.0.0.130 () {32 vars in 675 bytes} [Sat Aug 8 07:03:09 2026] GET /v2.0/extensions/extraroute => generated 181 bytes in 5 msecs (HTTP/1.1 200) 4 headers in 157 bytes (1 switches on core 0)
2026-08-08 07:03:09.858 7 INFO neutron.pecan_wsgi.hooks.translation [None req-8fe463e5-d386-4e04-a19a-ee3e2940ba93 571d27b497eb4af0bbfb9c5cc2e8ab19 ed8505d6c0cc43e49b2116ba6bf1274f - - default default] DELETE failed (client error): The resource could not be found. [pid: 7|app: 0|req: 661/1258] 10.0.0.130 () {32 vars in 724 bytes} [Sat Aug 8 07:03:09 2026] DELETE /v2.0/subnets/29037c7a-9b43-4374-84c9-36b7926ff314 => generated 136 bytes in 16 msecs (HTTP/1.1 404) 4 headers in 164 bytes (1 switches on core 0) [pid: 7|app: 0|req: 662/1259] 10.0.0.130 () {32 vars in 723 bytes} [Sat Aug 8 07:03:09 2026] GET /v2.0/extensions/floating-ip-port-forwarding-detail => generated 271 bytes in 14 msecs (HTTP/1.1 200) 4 headers in 157 bytes (1 switches on core 0) [pid: 8|app: 0|req: 598/1260] 10.0.0.130 () {32 vars in 721 bytes} [Sat Aug 8 07:03:09 2026] GET /v2.0/routers/b69fdb7f-95fb-4cb7-a6a2-692e7d9b114f => generated 958 bytes in 48 msecs (HTTP/1.1 200) 4 headers in 157 bytes (1 switches on core 0) [pid: 8|app: 0|req: 599/1261] 10.0.0.130 () {32 vars in 687 bytes} [Sat Aug 8 07:03:09 2026] GET /v2.0/extensions/fip-port-details => generated 212 bytes in 3 msecs (HTTP/1.1 200) 4 headers in 157 bytes (1 switches on core 0) [pid: 8|app: 0|req: 600/1262] 10.0.0.130 () {32 vars in 647 bytes} [Sat Aug 8 07:03:09 2026] GET /v2.0/routers => generated 961 bytes in 91 msecs (HTTP/1.1 200) 4 headers in 157 bytes (1 switches on core 0) [pid: 8|app: 0|req: 601/1263] 10.0.0.130 () {32 vars in 669 bytes} [Sat Aug 8 07:03:09 2026] GET /v2.0/extensions/flavors => generated 193 bytes in 5 msecs (HTTP/1.1 200) 4 headers in 157 bytes (1 switches on core 0)
2026-08-08 07:03:10.025 7 INFO neutron_taas.services.taas.taas_plugin [None req-43128a33-976f-462f-9f2c-e25a5a1be4a8 571d27b497eb4af0bbfb9c5cc2e8ab19 ed8505d6c0cc43e49b2116ba6bf1274f - - default default] TaaS: Handle Delete Port: 63ce491e-dd30-4970-a8c5-c95ec8784d4f
2026-08-08 07:03:10.028 7 INFO neutron_taas.services.taas.tap_mirror_plugin [None req-43128a33-976f-462f-9f2c-e25a5a1be4a8 571d27b497eb4af0bbfb9c5cc2e8ab19 ed8505d6c0cc43e49b2116ba6bf1274f - - default default] Tap Mirror: Handle Delete Port: 63ce491e-dd30-4970-a8c5-c95ec8784d4f [pid: 7|app: 0|req: 663/1264] 10.0.0.130 () {32 vars in 720 bytes} [Sat Aug 8 07:03:09 2026] DELETE /v2.0/ports/63ce491e-dd30-4970-a8c5-c95ec8784d4f => generated 0 bytes in 264 msecs (HTTP/1.1 204) 3 headers in 131 bytes (1 switches on core 0) [pid: 7|app: 0|req: 664/1265] 10.0.0.130 () {32 vars in 687 bytes} [Sat Aug 8 07:03:10 2026] GET /v2.0/extensions/floatingip-pools => generated 188 bytes in 6 msecs (HTTP/1.1 200) 4 headers in 157 bytes (1 switches on core 0)
2026-08-08 07:03:10.262 7 INFO neutron.db.ovn_revision_numbers_db [None req-478069c5-6389-4ebe-b876-64108af63449 dc25a8f08a89483ea4648ddb19803257 3f1c889c73e1422daa692f9139749785 - - default default] Successfully bumped revision number for resource 4faf1332-b17d-4fb5-9fcd-287d5f170f75 (type: security_groups) to 1
2026-08-08 07:03:10.271 7 INFO neutron.db.ovn_revision_numbers_db [None req-478069c5-6389-4ebe-b876-64108af63449 dc25a8f08a89483ea4648ddb19803257 3f1c889c73e1422daa692f9139749785 - - default default] Successfully bumped revision number for resource 43636ce6-e655-403f-ad92-db1ac34e51f4 (type: security_group_rules) to 0
2026-08-08 07:03:10.281 7 INFO neutron.db.ovn_revision_numbers_db [None req-478069c5-6389-4ebe-b876-64108af63449 dc25a8f08a89483ea4648ddb19803257 3f1c889c73e1422daa692f9139749785 - - default default] Successfully bumped revision number for resource dde49a7c-f353-419e-a64e-dd8da5882b21 (type: security_group_rules) to 0 [pid: 7|app: 0|req: 665/1266] 10.0.0.130 () {34 vars in 685 bytes} [Sat Aug 8 07:03:10 2026] POST /v2.0/security-groups => generated 1659 bytes in 169 msecs (HTTP/1.1 201) 4 headers in 163 bytes (1 switches on core 0)
2026-08-08 07:03:10.381 8 INFO neutron.db.ovn_revision_numbers_db [None req-06f52c52-f4a0-4b7b-9a90-43d3be7829f7 dba61b609515443aac338003644d3555 84a77d87ac1242698fea32440e39eb9d - - default default] Successfully bumped revision number for resource b69fdb7f-95fb-4cb7-a6a2-692e7d9b114f (type: routers) to 3 [pid: 8|app: 0|req: 602/1267] 10.0.0.130 () {34 vars in 741 bytes} [Sat Aug 8 07:03:10 2026] PUT /v2.0/routers/b69fdb7f-95fb-4cb7-a6a2-692e7d9b114f => generated 965 bytes in 401 msecs (HTTP/1.1 200) 4 headers in 157 bytes (1 switches on core 0) [pid: 8|app: 0|req: 603/1268] 10.0.0.130 () {32 vars in 681 bytes} [Sat Aug 8 07:03:10 2026] GET /v2.0/extensions/ip_allocation => generated 162 bytes in 4 msecs (HTTP/1.1 200) 4 headers in 157 bytes (1 switches on core 0)
2026-08-08 07:03:10.442 7 INFO neutron_taas.services.taas.taas_plugin [None req-d6db1b93-70d1-4282-9c38-050cdd0fe0b0 571d27b497eb4af0bbfb9c5cc2e8ab19 ed8505d6c0cc43e49b2116ba6bf1274f - - default default] TaaS: Handle Delete Port: 4ca9ee83-a64f-4d14-91ef-564d9461c0ee
2026-08-08 07:03:10.445 7 INFO neutron_taas.services.taas.tap_mirror_plugin [None req-d6db1b93-70d1-4282-9c38-050cdd0fe0b0 571d27b497eb4af0bbfb9c5cc2e8ab19 ed8505d6c0cc43e49b2116ba6bf1274f - - default default] Tap Mirror: Handle Delete Port: 4ca9ee83-a64f-4d14-91ef-564d9461c0ee
2026-08-08 07:03:10.561 8 INFO neutron.db.ovn_revision_numbers_db [None req-63e95993-daf1-4e2b-a9de-0b08fff91866 dc25a8f08a89483ea4648ddb19803257 3f1c889c73e1422daa692f9139749785 - - default default] Successfully bumped revision number for resource d423803c-2969-4733-a8e7-a8b1083283b4 (type: security_group_rules) to 0 [pid: 8|app: 0|req: 604/1269] 10.0.0.130 () {34 vars in 695 bytes} [Sat Aug 8 07:03:10 2026] POST /v2.0/security-group-rules => generated 597 bytes in 182 msecs (HTTP/1.1 201) 4 headers in 162 bytes (1 switches on core 0)
2026-08-08 07:03:10.646 7 INFO neutron.services.segments.plugin [-] Segment 29349c05-fcc8-40a4-9a0d-7924d5297e12 resource provider aggregate not found
2026-08-08 07:03:10.656 7 INFO neutron.services.segments.plugin [-] Segment 29349c05-fcc8-40a4-9a0d-7924d5297e12 resource provider aggregate not found [pid: 8|app: 0|req: 605/1270] 10.0.0.130 () {32 vars in 721 bytes} [Sat Aug 8 07:03:10 2026] GET /v2.0/routers/b69fdb7f-95fb-4cb7-a6a2-692e7d9b114f => generated 965 bytes in 67 msecs (HTTP/1.1 200) 4 headers in 157 bytes (1 switches on core 0) [pid: 8|app: 0|req: 606/1271] 10.0.0.130 () {32 vars in 679 bytes} [Sat Aug 8 07:03:10 2026] GET /v2.0/extensions/l2_adjacency => generated 178 bytes in 5 msecs (HTTP/1.1 200) 4 headers in 157 bytes (1 switches on core 0)
2026-08-08 07:03:10.666 7 INFO neutron.services.segments.plugin [-] Client error retrieving segment 29349c05-fcc8-40a4-9a0d-7924d5297e12 resource provider; error: Placement Client Error (4xx): {"errors": [{"status": 404, "title": "Not Found", "detail": "The resource could not be found.\n\n No resource provider with uuid 29349c05-fcc8-40a4-9a0d-7924d5297e12 found for delete ", "request_id": "req-fdc8884b-b4bc-410e-ace9-ed9d65d11ec9"}]}
2026-08-08 07:03:10.674 7 INFO neutron.services.segments.plugin [-] Client error retrieving segment 29349c05-fcc8-40a4-9a0d-7924d5297e12 resource provider; error: Placement Client Error (4xx): {"errors": [{"status": 404, "title": "Not Found", "detail": "The resource could not be found.\n\n No resource provider with uuid 29349c05-fcc8-40a4-9a0d-7924d5297e12 found for delete ", "request_id": "req-5c47f390-1c67-4cc8-b1c3-f8e3c05dd463"}]} [pid: 7|app: 0|req: 666/1272] 10.0.0.130 () {32 vars in 726 bytes} [Sat Aug 8 07:03:10 2026] DELETE /v2.0/networks/976b15c2-11bd-4be2-a42d-a2ae76cb6d90 => generated 0 bytes in 386 msecs (HTTP/1.1 204) 3 headers in 131 bytes (1 switches on core 0) [pid: 7|app: 0|req: 667/1273] 10.0.0.130 () {32 vars in 736 bytes} [Sat Aug 8 07:03:10 2026] GET /v2.0/ports?device_id=b69fdb7f-95fb-4cb7-a6a2-692e7d9b114f => generated 12 bytes in 21 msecs (HTTP/1.1 200) 4 headers in 156 bytes (1 switches on core 0) [pid: 7|app: 0|req: 668/1274] 10.0.0.130 () {32 vars in 667 bytes} [Sat Aug 8 07:03:10 2026] GET /v2.0/extensions/router => generated 256 bytes in 5 msecs (HTTP/1.1 200) 4 headers in 157 bytes (1 switches on core 0)
2026-08-08 07:03:10.783 8 INFO neutron.db.ovn_revision_numbers_db [None req-b0cfcb0c-6787-4195-9d38-ab625666b59c dc25a8f08a89483ea4648ddb19803257 3f1c889c73e1422daa692f9139749785 - - default default] Successfully bumped revision number for resource e2042739-9ae0-4afe-bdb0-466f25dc48ff (type: security_group_rules) to 0 [pid: 8|app: 0|req: 607/1275] 10.0.0.130 () {34 vars in 695 bytes} [Sat Aug 8 07:03:10 2026] POST /v2.0/security-group-rules => generated 602 bytes in 151 msecs (HTTP/1.1 201) 4 headers in 162 bytes (1 switches on core 0) [pid: 8|app: 0|req: 608/1276] 10.0.0.130 () {32 vars in 703 bytes} [Sat Aug 8 07:03:10 2026] GET /v2.0/extensions/enable-default-route-bfd => generated 212 bytes in 5 msecs (HTTP/1.1 200) 4 headers in 157 bytes (1 switches on core 0)
2026-08-08 07:03:11.021 8 WARNING neutron.scheduler.dhcp_agent_scheduler [None req-5e377d6d-6c45-4acf-a0f2-2c0448ae3ab9 dc25a8f08a89483ea4648ddb19803257 3f1c889c73e1422daa692f9139749785 - - default default] No more DHCP agents
2026-08-08 07:03:11.022 8 WARNING neutron.api.rpc.agentnotifiers.dhcp_rpc_agent_api [None req-5e377d6d-6c45-4acf-a0f2-2c0448ae3ab9 dc25a8f08a89483ea4648ddb19803257 3f1c889c73e1422daa692f9139749785 - - default default] Unable to schedule network 2d241f10-a95e-4d78-a5f5-b9663bdf0774: no agents available; will retry on subsequent port and subnet creation events.
2026-08-08 07:03:11.080 7 INFO neutron_taas.services.taas.taas_plugin [None req-5d6dc41d-442d-48d1-ae01-1fc4a8d6fd5a dba61b609515443aac338003644d3555 84a77d87ac1242698fea32440e39eb9d - - default default] TaaS: Handle Delete Port: ed94bf90-fe1d-420a-bee3-efde4be176bd
