2026-05-29 23:13:31.390 9 INFO neutron.db.ovn_revision_numbers_db [None req-5a6f2d50-61dc-4cf2-ae64-76ebedbff635 666683ce59f74e418ed9ee95f283e509 ff43a2eefa8043f9acb8f3e64b073de8 - - default default] Successfully bumped revision number for resource fe897535-5244-48fa-adf6-c6d226622b32 (type: security_group_rules) to 0
2026-05-29 23:13:31.436 9 INFO neutron.api.wsgi [None req-5a6f2d50-61dc-4cf2-ae64-76ebedbff635 666683ce59f74e418ed9ee95f283e509 ff43a2eefa8043f9acb8f3e64b073de8 - - default default] 10.0.0.115 "GET /v2.0/security-groups?tenant_id=85311fad9f114cc9b813220c2e1045d4&name=default HTTP/1.1" status: 200 len: 3120 time: 1.0645926
2026-05-29 23:13:31.440 9 WARNING neutron.scheduler.dhcp_agent_scheduler [None req-eef2d9cb-a906-449b-847d-98260a68f292 666683ce59f74e418ed9ee95f283e509 ff43a2eefa8043f9acb8f3e64b073de8 - - default default] No more DHCP agents
2026-05-29 23:13:31.449 9 WARNING neutron.api.rpc.agentnotifiers.dhcp_rpc_agent_api [None req-eef2d9cb-a906-449b-847d-98260a68f292 666683ce59f74e418ed9ee95f283e509 ff43a2eefa8043f9acb8f3e64b073de8 - - default default] Unable to schedule network 8995455f-ef22-441a-a0e4-ba6e94197939: no agents available; will retry on subsequent port and subnet creation events.
2026-05-29 23:13:31.560 10 INFO neutron.db.ovn_revision_numbers_db [None req-2207aac5-6864-472a-92eb-4785fc5dee09 - - - - - -] Successfully bumped revision number for resource 2c45b882-40cc-4e58-b7d0-9d8a81a9c660 (type: ports) to 4
2026-05-29 23:13:31.948 9 INFO neutron.db.ovn_revision_numbers_db [None req-eef2d9cb-a906-449b-847d-98260a68f292 666683ce59f74e418ed9ee95f283e509 ff43a2eefa8043f9acb8f3e64b073de8 - - default default] Successfully bumped revision number for resource d10dc328-1a3b-4b50-a18d-601d9ac09cab (type: ports) to 1
2026-05-29 23:13:32.204 9 INFO neutron.api.wsgi [None req-a13f42cb-11ed-44e0-90f3-5c581ea8366b 666683ce59f74e418ed9ee95f283e509 ff43a2eefa8043f9acb8f3e64b073de8 - - default default] 10.0.0.115 "DELETE /v2.0/security-groups/5ce7a205-ec40-42cc-a03c-4f7116d71b88 HTTP/1.1" status: 204 len: 168 time: 0.7622833
2026-05-29 23:13:32.265 10 INFO neutron.db.ovn_revision_numbers_db [None req-2207aac5-6864-472a-92eb-4785fc5dee09 - - - - - -] Successfully bumped revision number for resource 2c45b882-40cc-4e58-b7d0-9d8a81a9c660 (type: ports) to 5
2026-05-29 23:13:32.315 10 WARNING neutron_lib.context [None req-52263afe-d551-4ad6-b797-2a2c137fadb3 7c188bb5820f43c381c75d2a76d28fc6 c45150f675234c5cad249aa2532a800c - - default default] Method 'is_advsvc' is deprecated since 2023.2 release (neutron-lib 3.8.0) and will be removed once support for the old RBAC API policies will be removed from Neutron. Please use method 'is_service_role' instead.
2026-05-29 23:13:32.467 10 INFO neutron.db.ovn_revision_numbers_db [None req-52263afe-d551-4ad6-b797-2a2c137fadb3 7c188bb5820f43c381c75d2a76d28fc6 c45150f675234c5cad249aa2532a800c - - default default] Successfully bumped revision number for resource 412f586c-98c3-42dc-80e4-03d2cc534616 (type: security_groups) to 1
2026-05-29 23:13:32.483 10 INFO neutron.db.ovn_revision_numbers_db [None req-52263afe-d551-4ad6-b797-2a2c137fadb3 7c188bb5820f43c381c75d2a76d28fc6 c45150f675234c5cad249aa2532a800c - - default default] Successfully bumped revision number for resource 13bb2c2d-485d-4010-8c42-369770f5511f (type: security_group_rules) to 0
2026-05-29 23:13:32.499 10 INFO neutron.db.ovn_revision_numbers_db [None req-52263afe-d551-4ad6-b797-2a2c137fadb3 7c188bb5820f43c381c75d2a76d28fc6 c45150f675234c5cad249aa2532a800c - - default default] Successfully bumped revision number for resource 8c67d50d-aee6-4367-abad-42e1a8dcb97b (type: security_group_rules) to 0
2026-05-29 23:13:32.514 10 INFO neutron.db.ovn_revision_numbers_db [None req-52263afe-d551-4ad6-b797-2a2c137fadb3 7c188bb5820f43c381c75d2a76d28fc6 c45150f675234c5cad249aa2532a800c - - default default] Successfully bumped revision number for resource c889519b-4aaa-43ce-a176-99be37e5548a (type: security_group_rules) to 0
2026-05-29 23:13:32.530 10 INFO neutron.db.ovn_revision_numbers_db [None req-52263afe-d551-4ad6-b797-2a2c137fadb3 7c188bb5820f43c381c75d2a76d28fc6 c45150f675234c5cad249aa2532a800c - - default default] Successfully bumped revision number for resource e4db3f06-e00d-4059-a627-0f34b1b77871 (type: security_group_rules) to 0
2026-05-29 23:13:32.573 9 INFO neutron.plugins.ml2.drivers.ovn.mech_driver.mech_driver [None req-b15fce6a-901d-439e-bc51-58bf48b47d2c - - - - - -] OVN reports status up for port: d10dc328-1a3b-4b50-a18d-601d9ac09cab
2026-05-29 23:13:32.582 9 INFO neutron.plugins.ml2.plugin [None req-b15fce6a-901d-439e-bc51-58bf48b47d2c - - - - - -] Attempt 1 to provision port d10dc328-1a3b-4b50-a18d-601d9ac09cab
2026-05-29 23:13:32.612 9 INFO neutron.db.ovn_revision_numbers_db [None req-eef2d9cb-a906-449b-847d-98260a68f292 666683ce59f74e418ed9ee95f283e509 ff43a2eefa8043f9acb8f3e64b073de8 - - default default] Successfully bumped revision number for resource d10dc328-1a3b-4b50-a18d-601d9ac09cab (type: ports) to 1
2026-05-29 23:13:32.680 9 WARNING neutron.scheduler.dhcp_agent_scheduler [None req-eef2d9cb-a906-449b-847d-98260a68f292 666683ce59f74e418ed9ee95f283e509 ff43a2eefa8043f9acb8f3e64b073de8 - - default default] No more DHCP agents
2026-05-29 23:13:32.681 9 WARNING neutron.api.rpc.agentnotifiers.dhcp_rpc_agent_api [None req-eef2d9cb-a906-449b-847d-98260a68f292 666683ce59f74e418ed9ee95f283e509 ff43a2eefa8043f9acb8f3e64b073de8 - - default default] Unable to schedule network 8995455f-ef22-441a-a0e4-ba6e94197939: no agents available; will retry on subsequent port and subnet creation events.
2026-05-29 23:13:32.706 10 INFO neutron.db.ovn_revision_numbers_db [None req-52263afe-d551-4ad6-b797-2a2c137fadb3 7c188bb5820f43c381c75d2a76d28fc6 c45150f675234c5cad249aa2532a800c - - default default] Successfully bumped revision number for resource f10abced-3463-4e24-b960-f6dd4a8080f6 (type: security_groups) to 1
2026-05-29 23:13:32.720 10 INFO neutron.db.ovn_revision_numbers_db [None req-52263afe-d551-4ad6-b797-2a2c137fadb3 7c188bb5820f43c381c75d2a76d28fc6 c45150f675234c5cad249aa2532a800c - - default default] Successfully bumped revision number for resource a81da7bb-4333-4504-b921-b2a39a5e7fe0 (type: security_group_rules) to 0
2026-05-29 23:13:32.735 10 INFO neutron.db.ovn_revision_numbers_db [None req-52263afe-d551-4ad6-b797-2a2c137fadb3 7c188bb5820f43c381c75d2a76d28fc6 c45150f675234c5cad249aa2532a800c - - default default] Successfully bumped revision number for resource d52e6969-920d-4bbe-ab4e-ee5cf0686c5d (type: security_group_rules) to 0
2026-05-29 23:13:32.773 10 INFO neutron.api.wsgi [None req-52263afe-d551-4ad6-b797-2a2c137fadb3 7c188bb5820f43c381c75d2a76d28fc6 c45150f675234c5cad249aa2532a800c - - default default] 10.0.0.115 "POST /v2.0/security-groups HTTP/1.1" status: 201 len: 1824 time: 0.6249323
2026-05-29 23:13:32.811 10 INFO neutron.api.wsgi [None req-b8c17e24-21ec-4896-91fc-8dba5d7de3fc 7c188bb5820f43c381c75d2a76d28fc6 c45150f675234c5cad249aa2532a800c - - default default] 10.0.0.115 "GET /v2.0/security-groups HTTP/1.1" status: 200 len: 4724 time: 0.0322628
2026-05-29 23:13:32.989 10 INFO neutron.db.ovn_revision_numbers_db [None req-77515f27-7033-4c3a-8101-5ab240280252 7c188bb5820f43c381c75d2a76d28fc6 c45150f675234c5cad249aa2532a800c - - default default] Successfully bumped revision number for resource f10abced-3463-4e24-b960-f6dd4a8080f6 (type: security_groups) to 2
2026-05-29 23:13:33.014 9 INFO neutron.db.ovn_revision_numbers_db [None req-b15fce6a-901d-439e-bc51-58bf48b47d2c - - - - - -] Successfully bumped revision number for resource d10dc328-1a3b-4b50-a18d-601d9ac09cab (type: ports) to 2
2026-05-29 23:13:33.015 10 INFO neutron.api.wsgi [None req-77515f27-7033-4c3a-8101-5ab240280252 7c188bb5820f43c381c75d2a76d28fc6 c45150f675234c5cad249aa2532a800c - - default default] 10.0.0.115 "PUT /v2.0/security-groups/f10abced-3463-4e24-b960-f6dd4a8080f6 HTTP/1.1" status: 200 len: 1858 time: 0.1996574
2026-05-29 23:13:33.046 10 INFO neutron.api.wsgi [None req-afb00443-30bd-4d72-beec-d84fc4d5cca3 7c188bb5820f43c381c75d2a76d28fc6 c45150f675234c5cad249aa2532a800c - - default default] 10.0.0.115 "GET /v2.0/security-groups/f10abced-3463-4e24-b960-f6dd4a8080f6 HTTP/1.1" status: 200 len: 1858 time: 0.0241838
2026-05-29 23:13:33.174 10 INFO neutron.api.wsgi [None req-250b38cc-4c5f-4f01-ae86-7bba487c1ec8 7c188bb5820f43c381c75d2a76d28fc6 c45150f675234c5cad249aa2532a800c - - default default] 10.0.0.115 "DELETE /v2.0/security-groups/f10abced-3463-4e24-b960-f6dd4a8080f6 HTTP/1.1" status: 204 len: 168 time: 0.1227388
2026-05-29 23:13:33.220 9 INFO neutron.api.wsgi [None req-848f3cb1-7fb5-4689-8d16-1741f8ece827 7c188bb5820f43c381c75d2a76d28fc6 c45150f675234c5cad249aa2532a800c - - default default] 10.0.0.115 "GET /v2.0/security-groups HTTP/1.1" status: 200 len: 3120 time: 0.0409641
2026-05-29 23:13:33.235 10 INFO neutron.api.v2.resource [None req-640a2b1f-1f2f-4c8a-85d5-a7139cc646e9 7c188bb5820f43c381c75d2a76d28fc6 c45150f675234c5cad249aa2532a800c - - default default] delete failed (client error): The resource could not be found.
2026-05-29 23:13:33.237 10 INFO neutron.api.wsgi [None req-640a2b1f-1f2f-4c8a-85d5-a7139cc646e9 7c188bb5820f43c381c75d2a76d28fc6 c45150f675234c5cad249aa2532a800c - - default default] 10.0.0.115 "DELETE /v2.0/security-groups/f10abced-3463-4e24-b960-f6dd4a8080f6 HTTP/1.1" status: 404 len: 347 time: 0.0110581
2026-05-29 23:13:33.245 9 WARNING neutron_lib.context [None req-ab2d6293-cef4-4d37-ae2e-808b7f5df01f 7c188bb5820f43c381c75d2a76d28fc6 c45150f675234c5cad249aa2532a800c - - default default] Method 'is_advsvc' is deprecated since 2023.2 release (neutron-lib 3.8.0) and will be removed once support for the old RBAC API policies will be removed from Neutron. Please use method 'is_service_role' instead.
2026-05-29 23:13:33.306 9 INFO neutron.db.ovn_revision_numbers_db [None req-eef2d9cb-a906-449b-847d-98260a68f292 666683ce59f74e418ed9ee95f283e509 ff43a2eefa8043f9acb8f3e64b073de8 - - default default] Successfully bumped revision number for resource d10dc328-1a3b-4b50-a18d-601d9ac09cab (type: router_ports) to 1
2026-05-29 23:13:33.311 9 INFO neutron.api.wsgi [None req-eef2d9cb-a906-449b-847d-98260a68f292 666683ce59f74e418ed9ee95f283e509 ff43a2eefa8043f9acb8f3e64b073de8 - - default default] 10.0.0.115 "PUT /v2.0/routers/faf03c21-fe65-4648-b0bf-cb692634045e/add_router_interface HTTP/1.1" status: 200 len: 503 time: 2.4254370
2026-05-29 23:13:33.381 9 INFO neutron.db.ovn_revision_numbers_db [None req-ab2d6293-cef4-4d37-ae2e-808b7f5df01f 7c188bb5820f43c381c75d2a76d28fc6 c45150f675234c5cad249aa2532a800c - - default default] Successfully bumped revision number for resource ca590321-97d8-45e2-ac32-bdb62f4d8218 (type: security_groups) to 1
2026-05-29 23:13:33.396 9 INFO neutron.db.ovn_revision_numbers_db [None req-ab2d6293-cef4-4d37-ae2e-808b7f5df01f 7c188bb5820f43c381c75d2a76d28fc6 c45150f675234c5cad249aa2532a800c - - default default] Successfully bumped revision number for resource 3fb684aa-6f66-407e-8e5a-1eb1679d0a99 (type: security_group_rules) to 0
2026-05-29 23:13:33.420 9 INFO neutron.db.ovn_revision_numbers_db [None req-ab2d6293-cef4-4d37-ae2e-808b7f5df01f 7c188bb5820f43c381c75d2a76d28fc6 c45150f675234c5cad249aa2532a800c - - default default] Successfully bumped revision number for resource cd66288a-3621-4756-b097-d0048aa24697 (type: security_group_rules) to 0
2026-05-29 23:13:33.458 9 INFO neutron.api.wsgi [None req-ab2d6293-cef4-4d37-ae2e-808b7f5df01f 7c188bb5820f43c381c75d2a76d28fc6 c45150f675234c5cad249aa2532a800c - - default default] 10.0.0.115 "POST /v2.0/security-groups HTTP/1.1" status: 201 len: 1825 time: 0.2168581
2026-05-29 23:13:33.470 9 WARNING neutron_lib.context [None req-5889cea1-4a36-4bf2-8863-067d4e5d09e5 7c188bb5820f43c381c75d2a76d28fc6 c45150f675234c5cad249aa2532a800c - - default default] Method 'is_advsvc' is deprecated since 2023.2 release (neutron-lib 3.8.0) and will be removed once support for the old RBAC API policies will be removed from Neutron. Please use method 'is_service_role' instead.
2026-05-29 23:13:33.639 9 INFO neutron.db.ovn_revision_numbers_db [None req-5889cea1-4a36-4bf2-8863-067d4e5d09e5 7c188bb5820f43c381c75d2a76d28fc6 c45150f675234c5cad249aa2532a800c - - default default] Successfully bumped revision number for resource dfa07104-c9b4-4cde-8b8f-ff054e54d69e (type: security_group_rules) to 0
2026-05-29 23:13:33.667 9 INFO neutron.api.wsgi [None req-5889cea1-4a36-4bf2-8863-067d4e5d09e5 7c188bb5820f43c381c75d2a76d28fc6 c45150f675234c5cad249aa2532a800c - - default default] 10.0.0.115 "POST /v2.0/security-group-rules HTTP/1.1" status: 201 len: 800 time: 0.2019715
2026-05-29 23:13:33.686 9 INFO neutron.api.wsgi [None req-fabd314c-750e-4c25-b0ed-e37d8e3b029b 7c188bb5820f43c381c75d2a76d28fc6 c45150f675234c5cad249aa2532a800c - - default default] 10.0.0.115 "GET /v2.0/security-group-rules/dfa07104-c9b4-4cde-8b8f-ff054e54d69e HTTP/1.1" status: 200 len: 795 time: 0.0132847
2026-05-29 23:13:33.769 10 INFO neutron.api.wsgi [None req-2d6822bc-bc58-4e34-acf1-fab853c0d6f8 7c188bb5820f43c381c75d2a76d28fc6 c45150f675234c5cad249aa2532a800c - - default default] 10.0.0.115 "GET /v2.0/security-group-rules HTTP/1.1" status: 200 len: 4333 time: 0.0782242
2026-05-29 23:13:33.873 10 INFO neutron.api.wsgi [None req-01cc430a-7aac-4f68-8409-388a5674deb8 7c188bb5820f43c381c75d2a76d28fc6 c45150f675234c5cad249aa2532a800c - - default default] 10.0.0.115 "DELETE /v2.0/security-group-rules/dfa07104-c9b4-4cde-8b8f-ff054e54d69e HTTP/1.1" status: 204 len: 168 time: 0.0990899
2026-05-29 23:13:33.937 10 INFO neutron.api.wsgi [None req-a8acc3c3-6c5e-40c6-845c-b9cd89055377 7c188bb5820f43c381c75d2a76d28fc6 c45150f675234c5cad249aa2532a800c - - default default] 10.0.0.115 "GET /v2.0/security-group-rules HTTP/1.1" status: 200 len: 3755 time: 0.0596695
2026-05-29 23:13:33.945 10 WARNING neutron_lib.context [None req-cd29f31a-6f4c-4fd0-af09-6db52f49fc4d 7c188bb5820f43c381c75d2a76d28fc6 c45150f675234c5cad249aa2532a800c - - default default] Method 'is_advsvc' is deprecated since 2023.2 release (neutron-lib 3.8.0) and will be removed once support for the old RBAC API policies will be removed from Neutron. Please use method 'is_service_role' instead.
2026-05-29 23:13:34.006 9 WARNING neutron_lib.context [None req-636c11d7-e646-486a-9836-c9a52cb12db5 1bfa1840abe34f6aaec5d0e8b81466bc 62f1bd36b6c74dcbb63102f576d6c2a3 - - default default] Method 'is_advsvc' is deprecated since 2023.2 release (neutron-lib 3.8.0) and will be removed once support for the old RBAC API policies will be removed from Neutron. Please use method 'is_service_role' instead.
2026-05-29 23:13:34.038 9 INFO neutron.api.wsgi [-] 10.0.0.178 "GET / HTTP/1.1" status: 200 len: 247 time: 0.0011797
2026-05-29 23:13:34.039 10 INFO neutron.api.wsgi [-] 10.0.0.178 "GET / HTTP/1.1" status: 200 len: 247 time: 0.0013502
2026-05-29 23:13:34.046 10 INFO neutron.db.ovn_revision_numbers_db [None req-cd29f31a-6f4c-4fd0-af09-6db52f49fc4d 7c188bb5820f43c381c75d2a76d28fc6 c45150f675234c5cad249aa2532a800c - - default default] Successfully bumped revision number for resource 2339b1c6-d561-4196-8414-e18f28bdd887 (type: security_group_rules) to 0
2026-05-29 23:13:34.090 10 INFO neutron.api.wsgi [None req-cd29f31a-6f4c-4fd0-af09-6db52f49fc4d 7c188bb5820f43c381c75d2a76d28fc6 c45150f675234c5cad249aa2532a800c - - default default] 10.0.0.115 "POST /v2.0/security-group-rules HTTP/1.1" status: 201 len: 800 time: 0.1491203
2026-05-29 23:13:34.120 9 INFO neutron.api.wsgi [None req-6fff056a-cd61-4ab1-94f4-4be8ea7a2ac3 7c188bb5820f43c381c75d2a76d28fc6 c45150f675234c5cad249aa2532a800c - - default default] 10.0.0.115 "GET /v2.0/security-group-rules/2339b1c6-d561-4196-8414-e18f28bdd887 HTTP/1.1" status: 200 len: 795 time: 0.0190804
2026-05-29 23:13:34.127 9 INFO neutron.db.ovn_revision_numbers_db [None req-636c11d7-e646-486a-9836-c9a52cb12db5 1bfa1840abe34f6aaec5d0e8b81466bc 62f1bd36b6c74dcbb63102f576d6c2a3 - - default default] Successfully bumped revision number for resource 7d36a114-ca07-4833-b2af-33c19a70d442 (type: security_groups) to 1
2026-05-29 23:13:34.142 9 INFO neutron.db.ovn_revision_numbers_db [None req-636c11d7-e646-486a-9836-c9a52cb12db5 1bfa1840abe34f6aaec5d0e8b81466bc 62f1bd36b6c74dcbb63102f576d6c2a3 - - default default] Successfully bumped revision number for resource 06b9e370-e74e-4945-8c79-7cc193bb565f (type: security_group_rules) to 0
2026-05-29 23:13:34.158 9 INFO neutron.db.ovn_revision_numbers_db [None req-636c11d7-e646-486a-9836-c9a52cb12db5 1bfa1840abe34f6aaec5d0e8b81466bc 62f1bd36b6c74dcbb63102f576d6c2a3 - - default default] Successfully bumped revision number for resource e7a1fb7f-859a-461e-a429-e1e47b28d7c4 (type: security_group_rules) to 0
2026-05-29 23:13:34.193 9 INFO neutron.api.wsgi [None req-685cb30c-e4b8-45bb-a58f-21b87785483a 7c188bb5820f43c381c75d2a76d28fc6 c45150f675234c5cad249aa2532a800c - - default default] 10.0.0.115 "GET /v2.0/security-group-rules HTTP/1.1" status: 200 len: 4333 time: 0.0697281
2026-05-29 23:13:34.204 9 INFO neutron.api.wsgi [None req-636c11d7-e646-486a-9836-c9a52cb12db5 1bfa1840abe34f6aaec5d0e8b81466bc 62f1bd36b6c74dcbb63102f576d6c2a3 - - default default] 10.0.0.115 "POST /v2.0/security-groups HTTP/1.1" status: 201 len: 1857 time: 0.2021434
2026-05-29 23:13:34.215 10 WARNING neutron_lib.context [None req-2ca56d22-ebd8-46d1-bbfb-cc38d7e9c6ba 1bfa1840abe34f6aaec5d0e8b81466bc 62f1bd36b6c74dcbb63102f576d6c2a3 - - default default] Method 'is_advsvc' is deprecated since 2023.2 release (neutron-lib 3.8.0) and will be removed once support for the old RBAC API policies will be removed from Neutron. Please use method 'is_service_role' instead.
2026-05-29 23:13:34.337 10 INFO neutron.api.wsgi [None req-bfa3547b-3eef-4c81-a9aa-c5c2c4f94d11 7c188bb5820f43c381c75d2a76d28fc6 c45150f675234c5cad249aa2532a800c - - default default] 10.0.0.115 "DELETE /v2.0/security-group-rules/2339b1c6-d561-4196-8414-e18f28bdd887 HTTP/1.1" status: 204 len: 168 time: 0.1376359
2026-05-29 23:13:34.345 10 INFO neutron.db.ovn_revision_numbers_db [None req-2ca56d22-ebd8-46d1-bbfb-cc38d7e9c6ba 1bfa1840abe34f6aaec5d0e8b81466bc 62f1bd36b6c74dcbb63102f576d6c2a3 - - default default] Successfully bumped revision number for resource 3230a26b-1bc7-493f-9c01-065c4fc9e920 (type: security_group_rules) to 0
2026-05-29 23:13:34.372 10 INFO neutron.api.wsgi [None req-2ca56d22-ebd8-46d1-bbfb-cc38d7e9c6ba 1bfa1840abe34f6aaec5d0e8b81466bc 62f1bd36b6c74dcbb63102f576d6c2a3 - - default default] 10.0.0.115 "POST /v2.0/security-group-rules HTTP/1.1" status: 201 len: 796 time: 0.1614463
2026-05-29 23:13:34.382 10 WARNING neutron_lib.context [None req-fb7bd3c8-4642-4fad-84ae-cc28e52aa4f1 1bfa1840abe34f6aaec5d0e8b81466bc 62f1bd36b6c74dcbb63102f576d6c2a3 - - default default] Method 'is_advsvc' is deprecated since 2023.2 release (neutron-lib 3.8.0) and will be removed once support for the old RBAC API policies will be removed from Neutron. Please use method 'is_service_role' instead.
2026-05-29 23:13:34.393 9 INFO neutron.api.wsgi [None req-ba26a3df-d3fe-4910-a84e-664d6889e909 7c188bb5820f43c381c75d2a76d28fc6 c45150f675234c5cad249aa2532a800c - - default default] 10.0.0.115 "GET /v2.0/security-group-rules HTTP/1.1" status: 200 len: 3755 time: 0.0520632
2026-05-29 23:13:34.402 9 WARNING neutron_lib.context [None req-593fe85d-011a-42f0-9562-184fa79c0433 7c188bb5820f43c381c75d2a76d28fc6 c45150f675234c5cad249aa2532a800c - - default default] Method 'is_advsvc' is deprecated since 2023.2 release (neutron-lib 3.8.0) and will be removed once support for the old RBAC API policies will be removed from Neutron. Please use method 'is_service_role' instead.
2026-05-29 23:13:34.433 9 INFO neutron.db.securitygroups_db [None req-593fe85d-011a-42f0-9562-184fa79c0433 7c188bb5820f43c381c75d2a76d28fc6 c45150f675234c5cad249aa2532a800c - - default default] Project c45150f675234c5cad249aa2532a800c added a security group rule with legacy IPv6 ICMP protocol name icmp, ipv6-icmp should be used instead. It was automatically converted.
2026-05-29 23:13:34.494 10 INFO neutron.db.ovn_revision_numbers_db [None req-fb7bd3c8-4642-4fad-84ae-cc28e52aa4f1 1bfa1840abe34f6aaec5d0e8b81466bc 62f1bd36b6c74dcbb63102f576d6c2a3 - - default default] Successfully bumped revision number for resource a37d7f5e-7ae1-4430-84e8-e5599cf04c4d (type: security_group_rules) to 0
2026-05-29 23:13:34.506 9 INFO neutron.db.ovn_revision_numbers_db [None req-593fe85d-011a-42f0-9562-184fa79c0433 7c188bb5820f43c381c75d2a76d28fc6 c45150f675234c5cad249aa2532a800c - - default default] Successfully bumped revision number for resource 8817cf88-f0c3-4ad2-ad3e-b94d6535dc4a (type: security_group_rules) to 0
2026-05-29 23:13:34.524 10 INFO neutron.api.wsgi [None req-fb7bd3c8-4642-4fad-84ae-cc28e52aa4f1 1bfa1840abe34f6aaec5d0e8b81466bc 62f1bd36b6c74dcbb63102f576d6c2a3 - - default default] 10.0.0.115 "POST /v2.0/security-group-rules HTTP/1.1" status: 201 len: 801 time: 0.1461880
2026-05-29 23:13:34.532 9 WARNING neutron_lib.context [None req-065d878e-4c30-457e-b687-7d336a3368c7 1bfa1840abe34f6aaec5d0e8b81466bc 62f1bd36b6c74dcbb63102f576d6c2a3 - - default default] Method 'is_advsvc' is deprecated since 2023.2 release (neutron-lib 3.8.0) and will be removed once support for the old RBAC API policies will be removed from Neutron. Please use method 'is_service_role' instead.
2026-05-29 23:13:34.541 9 INFO neutron.api.wsgi [None req-593fe85d-011a-42f0-9562-184fa79c0433 7c188bb5820f43c381c75d2a76d28fc6 c45150f675234c5cad249aa2532a800c - - default default] 10.0.0.115 "POST /v2.0/security-group-rules HTTP/1.1" status: 201 len: 806 time: 0.1420529
2026-05-29 23:13:34.563 10 INFO neutron.api.wsgi [None req-40b3eefc-6a7b-4bf6-be35-b86d542bc116 7c188bb5820f43c381c75d2a76d28fc6 c45150f675234c5cad249aa2532a800c - - default default] 10.0.0.115 "GET /v2.0/security-group-rules/8817cf88-f0c3-4ad2-ad3e-b94d6535dc4a HTTP/1.1" status: 200 len: 801 time: 0.0148737
2026-05-29 23:13:34.625 10 INFO neutron.api.wsgi [None req-c74fca35-69bf-4e29-ae88-c8aa50a2b852 7c188bb5820f43c381c75d2a76d28fc6 c45150f675234c5cad249aa2532a800c - - default default] 10.0.0.115 "GET /v2.0/security-group-rules HTTP/1.1" status: 200 len: 4339 time: 0.0578258
2026-05-29 23:13:34.760 10 INFO neutron.api.wsgi [None req-6a192b5a-4f35-425b-831e-b56239b8895c 7c188bb5820f43c381c75d2a76d28fc6 c45150f675234c5cad249aa2532a800c - - default default] 10.0.0.115 "DELETE /v2.0/security-group-rules/8817cf88-f0c3-4ad2-ad3e-b94d6535dc4a HTTP/1.1" status: 204 len: 168 time: 0.1294563
2026-05-29 23:13:34.803 9 INFO neutron.api.wsgi [req-bd64c0b0-cc1f-4f5a-8bba-0606d4ea5683 req-6ed77ef4-2223-4c67-af65-80c253fe1923 404a085e5dc04a73a07ed911e89adbb0 dbfd979046a24a26a3699b07287782c7 - - 45b280749b834deca4faf0a8d83b225b 45b280749b834deca4faf0a8d83b225b] 10.0.0.113 "GET /v2.0/ports?device_id=d5223e61-cf67-4fb0-86bf-64055f2a1497 HTTP/1.1" status: 200 len: 1409 time: 0.1384718
2026-05-29 23:13:34.829 9 WARNING neutron.scheduler.dhcp_agent_scheduler [None req-065d878e-4c30-457e-b687-7d336a3368c7 1bfa1840abe34f6aaec5d0e8b81466bc 62f1bd36b6c74dcbb63102f576d6c2a3 - - default default] No more DHCP agents
2026-05-29 23:13:34.833 9 WARNING neutron.api.rpc.agentnotifiers.dhcp_rpc_agent_api [None req-065d878e-4c30-457e-b687-7d336a3368c7 1bfa1840abe34f6aaec5d0e8b81466bc 62f1bd36b6c74dcbb63102f576d6c2a3 - - default default] Unable to schedule network b8200611-667e-49a6-aeeb-7a7c3a7ee2a0: no agents available; will retry on subsequent port and subnet creation events.
2026-05-29 23:13:34.867 9 INFO neutron.api.wsgi [None req-2f41652a-6b5b-4878-afd5-68adc6c470d0 7c188bb5820f43c381c75d2a76d28fc6 c45150f675234c5cad249aa2532a800c - - default default] 10.0.0.115 "GET /v2.0/security-group-rules HTTP/1.1" status: 200 len: 3755 time: 0.1007273
2026-05-29 23:13:34.875 9 INFO neutron.api.wsgi [req-bd64c0b0-cc1f-4f5a-8bba-0606d4ea5683 req-ca2d0348-5dd9-42fa-81d9-479a82dbdadc 404a085e5dc04a73a07ed911e89adbb0 dbfd979046a24a26a3699b07287782c7 - - 45b280749b834deca4faf0a8d83b225b 45b280749b834deca4faf0a8d83b225b] 10.0.0.113 "GET /v2.0/security-groups?id=f679af7d-e798-4198-84f1-960af4558fdf&fields=id&fields=name HTTP/1.1" status: 200 len: 312 time: 0.0656991
2026-05-29 23:13:35.010 10 INFO neutron.api.wsgi [None req-48ba88c0-870e-497b-8f5f-79bfa43099be 7c188bb5820f43c381c75d2a76d28fc6 c45150f675234c5cad249aa2532a800c - - default default] 10.0.0.115 "DELETE /v2.0/security-groups/ca590321-97d8-45e2-ac32-bdb62f4d8218 HTTP/1.1" status: 204 len: 168 time: 0.1385572
2026-05-29 23:13:35.048 10 INFO neutron.api.wsgi [None req-d30bcf2e-3b7a-41ea-88ff-02fc84823305 7c188bb5820f43c381c75d2a76d28fc6 c45150f675234c5cad249aa2532a800c - - default default] 10.0.0.115 "GET /v2.0/security-groups HTTP/1.1" status: 200 len: 3120 time: 0.0333431
2026-05-29 23:13:35.087 10 INFO neutron.api.wsgi [None req-f3bf9f7a-0a0b-4df1-ae7e-b9dadb7545e1 7c188bb5820f43c381c75d2a76d28fc6 c45150f675234c5cad249aa2532a800c - - default default] 10.0.0.115 "GET /v2.0/security-groups HTTP/1.1" status: 200 len: 3120 time: 0.0319228
2026-05-29 23:13:35.207 9 INFO neutron.api.wsgi [None req-065d878e-4c30-457e-b687-7d336a3368c7 1bfa1840abe34f6aaec5d0e8b81466bc 62f1bd36b6c74dcbb63102f576d6c2a3 - - default default] 10.0.0.115 "POST /v2.0/floatingips HTTP/1.1" status: 201 len: 751 time: 0.6776969
2026-05-29 23:13:35.656 9 INFO neutron.api.wsgi [req-318af404-d4fb-4490-a662-ffebd150aceb req-77f20241-759e-4cec-8fbd-50777b59ed37 1bfa1840abe34f6aaec5d0e8b81466bc 62f1bd36b6c74dcbb63102f576d6c2a3 - - default default] 10.0.0.10 "GET /v2.0/security-groups?name=tempest-securitygroup--76227012&fields=id&tenant_id=62f1bd36b6c74dcbb63102f576d6c2a3 HTTP/1.1" status: 200 len: 267 time: 0.0447042
2026-05-29 23:13:35.685 9 INFO neutron.api.wsgi [None req-a4a5adde-b33f-416b-b1e3-f7696bdcca2f 666683ce59f74e418ed9ee95f283e509 ff43a2eefa8043f9acb8f3e64b073de8 - - default default] 10.0.0.124 "GET /v2.0/security-groups HTTP/1.1" status: 200 len: 32016 time: 0.1974709
2026-05-29 23:13:35.714 9 INFO neutron.api.wsgi [None req-4bb7a897-269b-4943-9476-8c6b2bb91260 666683ce59f74e418ed9ee95f283e509 ff43a2eefa8043f9acb8f3e64b073de8 - - default default] 10.0.0.115 "GET /v2.0/security-groups?tenant_id=c45150f675234c5cad249aa2532a800c&name=default HTTP/1.1" status: 200 len: 3120 time: 0.0940998
2026-05-29 23:13:35.737 9 INFO neutron.api.wsgi [None req-77eab40d-03c5-4278-8dd1-f0da8b9a93fe 666683ce59f74e418ed9ee95f283e509 ff43a2eefa8043f9acb8f3e64b073de8 - - default default] 10.0.0.124 "GET /v2.0/subnets HTTP/1.1" status: 200 len: 2846 time: 0.0438721
2026-05-29 23:13:35.750 9 INFO neutron.api.wsgi [req-318af404-d4fb-4490-a662-ffebd150aceb req-df98ae85-83fe-4987-be61-a532de73be80 1bfa1840abe34f6aaec5d0e8b81466bc 62f1bd36b6c74dcbb63102f576d6c2a3 - - default default] 10.0.0.10 "GET /v2.0/networks?id=8995455f-ef22-441a-a0e4-ba6e94197939 HTTP/1.1" status: 200 len: 868 time: 0.0861292
2026-05-29 23:13:35.778 9 INFO neutron.api.wsgi [req-318af404-d4fb-4490-a662-ffebd150aceb req-4fed53cd-a23b-4967-80f6-016c35716633 1bfa1840abe34f6aaec5d0e8b81466bc 62f1bd36b6c74dcbb63102f576d6c2a3 - - default default] 10.0.0.10 "GET /v2.0/quotas/62f1bd36b6c74dcbb63102f576d6c2a3 HTTP/1.1" status: 200 len: 491 time: 0.0179701
2026-05-29 23:13:35.817 9 INFO neutron.api.wsgi [None req-bd64b726-bb67-4fb9-9e7b-ca89e68c3588 666683ce59f74e418ed9ee95f283e509 ff43a2eefa8043f9acb8f3e64b073de8 - - default default] 10.0.0.124 "GET /v2.0/ports HTTP/1.1" status: 200 len: 14988 time: 0.0774326
2026-05-29 23:13:35.851 9 INFO neutron.api.wsgi [None req-a5417f87-de7f-4abd-acd5-2dd6a788883c 666683ce59f74e418ed9ee95f283e509 ff43a2eefa8043f9acb8f3e64b073de8 - - default default] 10.0.0.124 "GET /v2.0/network-ip-availabilities HTTP/1.1" status: 200 len: 2236 time: 0.0206988
2026-05-29 23:13:35.909 9 INFO neutron.api.wsgi [None req-fad40878-4ab9-4ddc-9659-21057c4e926b 666683ce59f74e418ed9ee95f283e509 ff43a2eefa8043f9acb8f3e64b073de8 - - default default] 10.0.0.124 "GET /v2.0/agents HTTP/1.1" status: 200 len: 1390 time: 0.0553555
2026-05-29 23:13:35.928 9 INFO neutron.api.wsgi [req-318af404-d4fb-4490-a662-ffebd150aceb req-4e05549c-f402-4d7f-bdf0-224b62b01f0b 1bfa1840abe34f6aaec5d0e8b81466bc 62f1bd36b6c74dcbb63102f576d6c2a3 - - default default] 10.0.0.10 "GET /v2.0/ports?tenant_id=62f1bd36b6c74dcbb63102f576d6c2a3&fields=id HTTP/1.1" status: 200 len: 302 time: 0.1438360
2026-05-29 23:13:35.942 9 INFO neutron.api.wsgi [None req-0ba8aa7c-35f8-45ea-bec0-c94f09acee2e 666683ce59f74e418ed9ee95f283e509 ff43a2eefa8043f9acb8f3e64b073de8 - - default default] 10.0.0.124 "GET /v2.0/subnets HTTP/1.1" status: 200 len: 2846 time: 0.0307705
2026-05-29 23:13:35.967 9 INFO neutron.api.wsgi [None req-78d86f0a-bf72-47fe-aa71-aebe832592fb 666683ce59f74e418ed9ee95f283e509 ff43a2eefa8043f9acb8f3e64b073de8 - - default default] 10.0.0.124 "GET /v2.0/subnetpools HTTP/1.1" status: 200 len: 193 time: 0.0230718
2026-05-29 23:13:36.015 9 INFO neutron.api.wsgi [req-318af404-d4fb-4490-a662-ffebd150aceb req-e6a206ae-0108-4263-b6fd-d8e428cb50e1 404a085e5dc04a73a07ed911e89adbb0 dbfd979046a24a26a3699b07287782c7 - - 45b280749b834deca4faf0a8d83b225b 45b280749b834deca4faf0a8d83b225b] 10.0.0.10 "GET /v2.0/networks/8995455f-ef22-441a-a0e4-ba6e94197939?fields=segments HTTP/1.1" status: 200 len: 212 time: 0.0724151
2026-05-29 23:13:36.019 9 INFO neutron.api.wsgi [None req-d12cfc46-aecc-4e73-9e93-54622f1efa28 666683ce59f74e418ed9ee95f283e509 ff43a2eefa8043f9acb8f3e64b073de8 - - default default] 10.0.0.124 "GET /v2.0/floatingips HTTP/1.1" status: 200 len: 1574 time: 0.0493631
2026-05-29 23:13:36.078 9 INFO neutron.api.wsgi [None req-053cef4c-0d35-4cf9-be56-6b266e62ee42 666683ce59f74e418ed9ee95f283e509 ff43a2eefa8043f9acb8f3e64b073de8 - - default default] 10.0.0.124 "GET /v2.0/networks HTTP/1.1" status: 200 len: 3871 time: 0.0537932
2026-05-29 23:13:36.081 9 INFO neutron.api.wsgi [req-318af404-d4fb-4490-a662-ffebd150aceb req-ad2de9b7-21be-4d3a-ac91-2238a4ba10f2 404a085e5dc04a73a07ed911e89adbb0 dbfd979046a24a26a3699b07287782c7 - - 45b280749b834deca4faf0a8d83b225b 45b280749b834deca4faf0a8d83b225b] 10.0.0.10 "GET /v2.0/networks/8995455f-ef22-441a-a0e4-ba6e94197939?fields=provider%3Aphysical_network&fields=provider%3Anetwork_type HTTP/1.1" status: 200 len: 277 time: 0.0568497
2026-05-29 23:13:36.148 9 INFO neutron.api.wsgi [None req-2031a69f-2aff-4090-99df-8e5febf79c77 666683ce59f74e418ed9ee95f283e509 ff43a2eefa8043f9acb8f3e64b073de8 - - default default] 10.0.0.115 "DELETE /v2.0/security-groups/412f586c-98c3-42dc-80e4-03d2cc534616 HTTP/1.1" status: 204 len: 168 time: 0.4272394
2026-05-29 23:13:36.153 9 INFO neutron.api.wsgi [None req-c5d8ac3b-00b9-48a0-9ceb-6a671fcb3a20 666683ce59f74e418ed9ee95f283e509 ff43a2eefa8043f9acb8f3e64b073de8 - - default default] 10.0.0.124 "GET /v2.0/routers HTTP/1.1" status: 200 len: 2119 time: 0.0699348
2026-05-29 23:13:36.164 9 INFO neutron.api.wsgi [None req-68c54423-c78a-4a12-96ad-da2dadf2d7a8 666683ce59f74e418ed9ee95f283e509 ff43a2eefa8043f9acb8f3e64b073de8 - - default default] 10.0.0.124 "GET /v2.0/agents?binary=ovn-controller HTTP/1.1" status: 200 len: 591 time: 0.0095849
2026-05-29 23:13:36.282 10 INFO neutron.api.wsgi [req-0ca19a83-6c31-4dff-b6c6-adb9f66d415e req-88a0c2c6-071b-4de9-93cc-0f461e004d12 1bfa1840abe34f6aaec5d0e8b81466bc 62f1bd36b6c74dcbb63102f576d6c2a3 - - default default] 10.0.0.10 "GET /v2.0/ports?device_id=6cc569bc-cd63-4e12-9c30-313021f2a421 HTTP/1.1" status: 200 len: 210 time: 0.0302148
2026-05-29 23:13:36.642 10 INFO neutron.db.ovn_revision_numbers_db [None req-a77eea54-46a3-4d3d-99dc-db60e9425eb2 666683ce59f74e418ed9ee95f283e509 ff43a2eefa8043f9acb8f3e64b073de8 - - default default] Successfully bumped revision number for resource 51bd20a2-47a3-49e2-a7f5-dcf73bb63a37 (type: security_groups) to 1
2026-05-29 23:13:36.655 10 INFO neutron.db.ovn_revision_numbers_db [None req-a77eea54-46a3-4d3d-99dc-db60e9425eb2 666683ce59f74e418ed9ee95f283e509 ff43a2eefa8043f9acb8f3e64b073de8 - - default default] Successfully bumped revision number for resource 169fb902-0c38-42a0-8d15-2dde8410ff1c (type: security_group_rules) to 0
2026-05-29 23:13:36.666 10 INFO neutron.db.ovn_revision_numbers_db [None req-a77eea54-46a3-4d3d-99dc-db60e9425eb2 666683ce59f74e418ed9ee95f283e509 ff43a2eefa8043f9acb8f3e64b073de8 - - default default] Successfully bumped revision number for resource 226cc4e7-5c20-417e-903b-c3d6d73773e0 (type: security_group_rules) to 0
2026-05-29 23:13:36.681 10 INFO neutron.db.ovn_revision_numbers_db [None req-a77eea54-46a3-4d3d-99dc-db60e9425eb2 666683ce59f74e418ed9ee95f283e509 ff43a2eefa8043f9acb8f3e64b073de8 - - default default] Successfully bumped revision number for resource 956f67a2-5c64-4f73-b81e-9966502abbf5 (type: security_group_rules) to 0
2026-05-29 23:13:36.696 10 INFO neutron.db.ovn_revision_numbers_db [None req-a77eea54-46a3-4d3d-99dc-db60e9425eb2 666683ce59f74e418ed9ee95f283e509 ff43a2eefa8043f9acb8f3e64b073de8 - - default default] Successfully bumped revision number for resource 9c3f790e-eefe-4d1a-811a-e020a85a6042 (type: security_group_rules) to 0
2026-05-29 23:13:36.733 10 INFO neutron.api.wsgi [None req-a77eea54-46a3-4d3d-99dc-db60e9425eb2 666683ce59f74e418ed9ee95f283e509 ff43a2eefa8043f9acb8f3e64b073de8 - - default default] 10.0.0.115 "GET /v2.0/security-groups?tenant_id=30f2cd81def14fe2b681095330f8b74c&name=default HTTP/1.1" status: 200 len: 3120 time: 0.3682454
2026-05-29 23:13:36.968 10 INFO neutron.api.wsgi [None req-ff4f7e46-db73-4793-bd5c-1f44593eb1a8 666683ce59f74e418ed9ee95f283e509 ff43a2eefa8043f9acb8f3e64b073de8 - - default default] 10.0.0.115 "DELETE /v2.0/security-groups/51bd20a2-47a3-49e2-a7f5-dcf73bb63a37 HTTP/1.1" status: 204 len: 168 time: 0.2300429
2026-05-29 23:13:37.393 10 INFO neutron.api.wsgi [req-72a42e4e-702d-425b-a52f-45a50c88349d req-94445502-1abf-4172-80c8-4107c38fed03 1bfa1840abe34f6aaec5d0e8b81466bc 62f1bd36b6c74dcbb63102f576d6c2a3 - - default default] 10.0.0.10 "GET /v2.0/ports?device_id=6cc569bc-cd63-4e12-9c30-313021f2a421 HTTP/1.1" status: 200 len: 210 time: 0.0189989
2026-05-29 23:13:38.093 10 WARNING neutron_lib.context [None req-5dafbd1d-d97c-4a85-87ab-4d7e36e077d9 2fee322aa6c04de29948c20eba381ec4 43ada1c1d60940b9837a216f2a7d5c42 - - default default] Method 'is_advsvc' is deprecated since 2023.2 release (neutron-lib 3.8.0) and will be removed once support for the old RBAC API policies will be removed from Neutron. Please use method 'is_service_role' instead.
2026-05-29 23:13:38.149 10 INFO neutron.api.wsgi [None req-5dafbd1d-d97c-4a85-87ab-4d7e36e077d9 2fee322aa6c04de29948c20eba381ec4 43ada1c1d60940b9837a216f2a7d5c42 - - default default] 10.0.0.115 "POST /v2.0/subnetpools HTTP/1.1" status: 201 len: 747 time: 0.2189603
2026-05-29 23:13:38.173 10 INFO neutron.api.wsgi [None req-c290de89-045a-417f-98fc-d84ae8a23ab7 2fee322aa6c04de29948c20eba381ec4 43ada1c1d60940b9837a216f2a7d5c42 - - default default] 10.0.0.115 "GET /v2.0/subnetpools/9a0ba6bd-2c96-4b68-ac8b-ff503cd05d72 HTTP/1.1" status: 200 len: 742 time: 0.0187709
2026-05-29 23:13:38.233 10 INFO neutron.api.wsgi [None req-9fc53475-323d-4194-affd-df2c59d0858f 2fee322aa6c04de29948c20eba381ec4 43ada1c1d60940b9837a216f2a7d5c42 - - default default] 10.0.0.115 "PUT /v2.0/subnetpools/9a0ba6bd-2c96-4b68-ac8b-ff503cd05d72 HTTP/1.1" status: 200 len: 694 time: 0.0547068
2026-05-29 23:13:38.285 10 INFO neutron.api.wsgi [None req-894e2357-d9d1-4900-8567-ea2444cb5f55 2fee322aa6c04de29948c20eba381ec4 43ada1c1d60940b9837a216f2a7d5c42 - - default default] 10.0.0.115 "DELETE /v2.0/subnetpools/9a0ba6bd-2c96-4b68-ac8b-ff503cd05d72 HTTP/1.1" status: 204 len: 168 time: 0.0465717
2026-05-29 23:13:38.298 10 INFO neutron.api.v2.resource [None req-b27fdf9d-a714-44c4-b27d-7ac938cbc6cc 2fee322aa6c04de29948c20eba381ec4 43ada1c1d60940b9837a216f2a7d5c42 - - default default] show failed (client error): The resource could not be found.
2026-05-29 23:13:38.299 10 INFO neutron.api.wsgi [None req-b27fdf9d-a714-44c4-b27d-7ac938cbc6cc 2fee322aa6c04de29948c20eba381ec4 43ada1c1d60940b9837a216f2a7d5c42 - - default default] 10.0.0.115 "GET /v2.0/subnetpools/9a0ba6bd-2c96-4b68-ac8b-ff503cd05d72 HTTP/1.1" status: 404 len: 346 time: 0.0098410
2026-05-29 23:13:38.314 10 INFO neutron.api.v2.resource [None req-de9317f4-0629-467f-8fb0-07ab213e150b 2fee322aa6c04de29948c20eba381ec4 43ada1c1d60940b9837a216f2a7d5c42 - - default default] delete failed (client error): The resource could not be found.
2026-05-29 23:13:38.315 10 INFO neutron.api.wsgi [None req-de9317f4-0629-467f-8fb0-07ab213e150b 2fee322aa6c04de29948c20eba381ec4 43ada1c1d60940b9837a216f2a7d5c42 - - default default] 10.0.0.115 "DELETE /v2.0/subnetpools/9a0ba6bd-2c96-4b68-ac8b-ff503cd05d72 HTTP/1.1" status: 404 len: 346 time: 0.0093315
2026-05-29 23:13:38.469 9 INFO neutron.api.wsgi [req-98afdc52-28da-4ddd-967b-e24f4fadcbca req-34a2d5a3-ed1c-4019-a4ba-2cf40766a75c e3b3a9a0154a4856bfd589958c821375 dc3dcc6dd27445ff88713663c704b2ba - - default default] 10.0.0.10 "GET /v2.0/ports?device_id=d5223e61-cf67-4fb0-86bf-64055f2a1497 HTTP/1.1" status: 200 len: 1170 time: 0.0738552
2026-05-29 23:13:38.522 10 INFO neutron.api.wsgi [req-6302947c-5fae-498f-9832-cf524b56fa6d req-64e6a3aa-aa05-460c-afe4-ee6375e6548c 1bfa1840abe34f6aaec5d0e8b81466bc 62f1bd36b6c74dcbb63102f576d6c2a3 - - default default] 10.0.0.10 "GET /v2.0/ports?device_id=6cc569bc-cd63-4e12-9c30-313021f2a421 HTTP/1.1" status: 200 len: 210 time: 0.0496521
2026-05-29 23:13:38.540 9 WARNING neutron.plugins.ml2.drivers.ovn.mech_driver.ovsdb.ovn_client [None req-ab4fb0d2-9a0d-4bdb-ba74-c2af2f525760 - - - - - -] No hosting information found for port d10dc328-1a3b-4b50-a18d-601d9ac09cab: RuntimeError: No hosting information found for port d10dc328-1a3b-4b50-a18d-601d9ac09cab
2026-05-29 23:13:38.595 9 INFO neutron.api.wsgi [req-7a7af11e-96d8-4122-91d2-17b09638d159 req-34cd5901-b9ba-4c39-b9d4-c446939bab7c e3b3a9a0154a4856bfd589958c821375 dc3dcc6dd27445ff88713663c704b2ba - - default default] 10.0.0.10 "GET /v2.0/ports/775b91b8-1fcd-4285-a33c-6d81da5643f4 HTTP/1.1" status: 200 len: 1167 time: 0.0531752
2026-05-29 23:13:38.649 9 INFO neutron.db.ovn_revision_numbers_db [None req-ab4fb0d2-9a0d-4bdb-ba74-c2af2f525760 - - - - - -] Successfully bumped revision number for resource d10dc328-1a3b-4b50-a18d-601d9ac09cab (type: router_ports) to 2
2026-05-29 23:13:39.056 9 INFO neutron.db.ovn_revision_numbers_db [None req-9f725847-66da-4ad6-8886-366f3c8abe99 666683ce59f74e418ed9ee95f283e509 ff43a2eefa8043f9acb8f3e64b073de8 - - default default] Successfully bumped revision number for resource a1b782e6-f73c-408a-a6d6-9170a208b21d (type: security_groups) to 1
2026-05-29 23:13:39.070 9 INFO neutron.db.ovn_revision_numbers_db [None req-9f725847-66da-4ad6-8886-366f3c8abe99 666683ce59f74e418ed9ee95f283e509 ff43a2eefa8043f9acb8f3e64b073de8 - - default default] Successfully bumped revision number for resource 3f494bbc-4f20-4d6b-ac3b-4ffa3675078c (type: security_group_rules) to 0
2026-05-29 23:13:39.086 9 INFO neutron.db.ovn_revision_numbers_db [None req-9f725847-66da-4ad6-8886-366f3c8abe99 666683ce59f74e418ed9ee95f283e509 ff43a2eefa8043f9acb8f3e64b073de8 - - default default] Successfully bumped revision number for resource 5caef0ea-a5be-48dc-9ca5-67710a8fb4b5 (type: security_group_rules) to 0
2026-05-29 23:13:39.143 9 INFO neutron.db.ovn_revision_numbers_db [None req-9f725847-66da-4ad6-8886-366f3c8abe99 666683ce59f74e418ed9ee95f283e509 ff43a2eefa8043f9acb8f3e64b073de8 - - default default] Successfully bumped revision number for resource b95113cb-5a31-4dd0-814d-caad99e7170b (type: security_group_rules) to 0
2026-05-29 23:13:39.160 9 INFO neutron.db.ovn_revision_numbers_db [None req-9f725847-66da-4ad6-8886-366f3c8abe99 666683ce59f74e418ed9ee95f283e509 ff43a2eefa8043f9acb8f3e64b073de8 - - default default] Successfully bumped revision number for resource f3a62d0c-da1f-440c-a1a3-538a850199be (type: security_group_rules) to 0
2026-05-29 23:13:39.196 9 INFO neutron.api.wsgi [None req-9f725847-66da-4ad6-8886-366f3c8abe99 666683ce59f74e418ed9ee95f283e509 ff43a2eefa8043f9acb8f3e64b073de8 - - default default] 10.0.0.115 "GET /v2.0/security-groups?tenant_id=43ada1c1d60940b9837a216f2a7d5c42&name=default HTTP/1.1" status: 200 len: 3120 time: 0.3450699
2026-05-29 23:13:39.243 10 INFO neutron.api.wsgi [req-ceb5d654-984f-4a31-99f2-06aadb49a3ae req-af929b21-3d8a-490f-97e7-fa5cc9f3b262 e3b3a9a0154a4856bfd589958c821375 dc3dcc6dd27445ff88713663c704b2ba - - default default] 199.204.45.95 "GET /v2.0/subnets?network_id=75aa3d52-eea6-4e9f-ae41-942110d2881d HTTP/1.1" status: 200 len: 882 time: 0.0424428
2026-05-29 23:13:39.355 10 INFO neutron.api.wsgi [req-ceb5d654-984f-4a31-99f2-06aadb49a3ae req-4d32de88-d8c5-43fc-ba64-80a12bf09d40 e3b3a9a0154a4856bfd589958c821375 dc3dcc6dd27445ff88713663c704b2ba - - default default] 199.204.45.95 "GET /v2.0/ports?device_id=d5223e61-cf67-4fb0-86bf-64055f2a1497&device_owner=compute%3Anova&network_id=75aa3d52-eea6-4e9f-ae41-942110d2881d HTTP/1.1" status: 200 len: 1170 time: 0.1068227
2026-05-29 23:13:39.460 9 INFO neutron.api.wsgi [None req-3c1f72d4-e298-41ef-8b6f-3f1cd4d3565a 666683ce59f74e418ed9ee95f283e509 ff43a2eefa8043f9acb8f3e64b073de8 - - default default] 10.0.0.115 "DELETE /v2.0/security-groups/a1b782e6-f73c-408a-a6d6-9170a208b21d HTTP/1.1" status: 204 len: 168 time: 0.2568946
2026-05-29 23:13:39.660 9 INFO neutron.api.wsgi [req-8e8b5007-c066-47e6-a07b-2a64a4ad8d05 req-6a1f7daa-9b2a-458d-b0cb-3b41cdb760cc 1bfa1840abe34f6aaec5d0e8b81466bc 62f1bd36b6c74dcbb63102f576d6c2a3 - - default default] 10.0.0.10 "GET /v2.0/ports?device_id=6cc569bc-cd63-4e12-9c30-313021f2a421 HTTP/1.1" status: 200 len: 210 time: 0.0336876
2026-05-29 23:13:40.221 10 INFO neutron.db.ovn_revision_numbers_db [req-ceb5d654-984f-4a31-99f2-06aadb49a3ae req-653cd375-3b55-43dc-9c8c-6862be6eaaf5 e3b3a9a0154a4856bfd589958c821375 dc3dcc6dd27445ff88713663c704b2ba - - default default] Successfully bumped revision number for resource 775b91b8-1fcd-4285-a33c-6d81da5643f4 (type: ports) to 6
2026-05-29 23:13:40.234 10 INFO neutron.api.wsgi [req-ceb5d654-984f-4a31-99f2-06aadb49a3ae req-653cd375-3b55-43dc-9c8c-6862be6eaaf5 e3b3a9a0154a4856bfd589958c821375 dc3dcc6dd27445ff88713663c704b2ba - - default default] 199.204.45.95 "PUT /v2.0/ports/775b91b8-1fcd-4285-a33c-6d81da5643f4 HTTP/1.1" status: 200 len: 1345 time: 0.8757703
2026-05-29 23:13:40.274 10 INFO neutron.notifiers.nova [-] Nova event matching ['req-92eaeb76-8ac3-471c-8cb6-f7aaf8a31949'] response: {'name': 'network-changed', 'server_uuid': 'd5223e61-cf67-4fb0-86bf-64055f2a1497', 'tag': '775b91b8-1fcd-4285-a33c-6d81da5643f4', 'status': 'completed', 'code': 200} /var/lib/openstack/lib/python3.12/site-packages/pycadf/identifier.py:71: UserWarning: Invalid uuid: neutron. To ensure interoperability, identifiers should be a valid uuid. warnings.warn(('Invalid uuid: %s. To ensure interoperability, '
2026-05-29 23:13:40.566 10 INFO neutron.api.wsgi [req-318af404-d4fb-4490-a662-ffebd150aceb req-a2ba0d13-bb6e-4276-b080-f588fe32eeb6 1bfa1840abe34f6aaec5d0e8b81466bc 62f1bd36b6c74dcbb63102f576d6c2a3 - - default default] 199.204.45.95 "GET /v2.0/networks?id=8995455f-ef22-441a-a0e4-ba6e94197939 HTTP/1.1" status: 200 len: 868 time: 0.0445526
2026-05-29 23:13:40.603 10 INFO neutron.api.wsgi [req-318af404-d4fb-4490-a662-ffebd150aceb req-3b75c75c-3c69-4537-93db-f9ad1f63c240 1bfa1840abe34f6aaec5d0e8b81466bc 62f1bd36b6c74dcbb63102f576d6c2a3 - - default default] 199.204.45.95 "GET /v2.0/security-groups?fields=id&fields=name&tenant_id=62f1bd36b6c74dcbb63102f576d6c2a3 HTTP/1.1" status: 200 len: 378 time: 0.0310709
2026-05-29 23:13:40.612 10 WARNING neutron_lib.context [req-318af404-d4fb-4490-a662-ffebd150aceb req-eff5d215-21c8-4e6b-9074-90c194c4c49b 1bfa1840abe34f6aaec5d0e8b81466bc 62f1bd36b6c74dcbb63102f576d6c2a3 - - default default] Method 'is_advsvc' is deprecated since 2023.2 release (neutron-lib 3.8.0) and will be removed once support for the old RBAC API policies will be removed from Neutron. Please use method 'is_service_role' instead.
2026-05-29 23:13:40.746 10 INFO neutron.api.wsgi [req-c4c36c80-0a17-429e-b121-6057e0d18106 req-c04f5fd1-2b8f-487f-ac7c-04f3b898e0f3 1bfa1840abe34f6aaec5d0e8b81466bc 62f1bd36b6c74dcbb63102f576d6c2a3 - - default default] 10.0.0.10 "GET /v2.0/ports?device_id=6cc569bc-cd63-4e12-9c30-313021f2a421 HTTP/1.1" status: 200 len: 210 time: 0.0166898
2026-05-29 23:13:40.785 9 INFO neutron.api.wsgi [req-ceb5d654-984f-4a31-99f2-06aadb49a3ae req-fb939c0a-e1ef-4a95-b80d-8a3a7b4b1e0f 404a085e5dc04a73a07ed911e89adbb0 dbfd979046a24a26a3699b07287782c7 - - 45b280749b834deca4faf0a8d83b225b 45b280749b834deca4faf0a8d83b225b] 199.204.45.95 "GET /v2.0/ports?tenant_id=dc3dcc6dd27445ff88713663c704b2ba&device_id=d5223e61-cf67-4fb0-86bf-64055f2a1497 HTTP/1.1" status: 200 len: 1586 time: 0.0405774
2026-05-29 23:13:40.829 9 INFO neutron.api.wsgi [req-ceb5d654-984f-4a31-99f2-06aadb49a3ae req-7aa99ff5-9e9e-4efa-adb3-aba460635114 404a085e5dc04a73a07ed911e89adbb0 dbfd979046a24a26a3699b07287782c7 - - 45b280749b834deca4faf0a8d83b225b 45b280749b834deca4faf0a8d83b225b] 199.204.45.95 "GET /v2.0/networks?id=75aa3d52-eea6-4e9f-ae41-942110d2881d HTTP/1.1" status: 200 len: 981 time: 0.0409424
2026-05-29 23:13:40.872 9 INFO neutron.api.wsgi [req-ceb5d654-984f-4a31-99f2-06aadb49a3ae req-995c9fd0-b513-4994-aac5-2190c2c20b74 404a085e5dc04a73a07ed911e89adbb0 dbfd979046a24a26a3699b07287782c7 - - 45b280749b834deca4faf0a8d83b225b 45b280749b834deca4faf0a8d83b225b] 199.204.45.95 "GET /v2.0/floatingips?fixed_ip_address=10.100.0.5&port_id=775b91b8-1fcd-4285-a33c-6d81da5643f4 HTTP/1.1" status: 200 len: 1059 time: 0.0353875
2026-05-29 23:13:40.900 9 INFO neutron.api.wsgi [req-ceb5d654-984f-4a31-99f2-06aadb49a3ae req-bac94e77-d1a5-4898-ac9e-98e17bbf8b68 404a085e5dc04a73a07ed911e89adbb0 dbfd979046a24a26a3699b07287782c7 - - 45b280749b834deca4faf0a8d83b225b 45b280749b834deca4faf0a8d83b225b] 199.204.45.95 "GET /v2.0/floatingips?fixed_ip_address=10.100.0.7&port_id=775b91b8-1fcd-4285-a33c-6d81da5643f4 HTTP/1.1" status: 200 len: 217 time: 0.0217557
2026-05-29 23:13:40.932 9 INFO neutron.api.wsgi [req-ceb5d654-984f-4a31-99f2-06aadb49a3ae req-bd815131-9875-419b-95a6-8e4f279b7407 404a085e5dc04a73a07ed911e89adbb0 dbfd979046a24a26a3699b07287782c7 - - 45b280749b834deca4faf0a8d83b225b 45b280749b834deca4faf0a8d83b225b] 199.204.45.95 "GET /v2.0/subnets?id=d7ae7dc5-ef5a-4689-b7dd-fcffd06529da HTTP/1.1" status: 200 len: 900 time: 0.0271657
2026-05-29 23:13:40.935 10 WARNING neutron.scheduler.dhcp_agent_scheduler [req-318af404-d4fb-4490-a662-ffebd150aceb req-eff5d215-21c8-4e6b-9074-90c194c4c49b 1bfa1840abe34f6aaec5d0e8b81466bc 62f1bd36b6c74dcbb63102f576d6c2a3 - - default default] No more DHCP agents
2026-05-29 23:13:40.937 10 WARNING neutron.api.rpc.agentnotifiers.dhcp_rpc_agent_api [req-318af404-d4fb-4490-a662-ffebd150aceb req-eff5d215-21c8-4e6b-9074-90c194c4c49b 1bfa1840abe34f6aaec5d0e8b81466bc 62f1bd36b6c74dcbb63102f576d6c2a3 - - default default] Unable to schedule network 8995455f-ef22-441a-a0e4-ba6e94197939: no agents available; will retry on subsequent port and subnet creation events.
2026-05-29 23:13:40.944 10 INFO neutron.db.ovn_revision_numbers_db [None req-5b16eb1f-350a-482c-9dc1-12fa21228b17 666683ce59f74e418ed9ee95f283e509 ff43a2eefa8043f9acb8f3e64b073de8 - - default default] Successfully bumped revision number for resource e75cd69a-c6bb-4161-b881-8e164dcf4dac (type: security_groups) to 1
2026-05-29 23:13:40.956 9 INFO neutron.api.wsgi [req-ceb5d654-984f-4a31-99f2-06aadb49a3ae req-f13ffbae-8ca4-45ee-ac14-012faf90dd53 404a085e5dc04a73a07ed911e89adbb0 dbfd979046a24a26a3699b07287782c7 - - 45b280749b834deca4faf0a8d83b225b 45b280749b834deca4faf0a8d83b225b] 199.204.45.95 "GET /v2.0/ports?network_id=75aa3d52-eea6-4e9f-ae41-942110d2881d&device_owner=network%3Adhcp HTTP/1.1" status: 200 len: 210 time: 0.0190299
2026-05-29 23:13:40.969 10 INFO neutron.db.ovn_revision_numbers_db [None req-5b16eb1f-350a-482c-9dc1-12fa21228b17 666683ce59f74e418ed9ee95f283e509 ff43a2eefa8043f9acb8f3e64b073de8 - - default default] Successfully bumped revision number for resource 58be1d91-95b1-46b2-b72d-c171c6ff6bd9 (type: security_group_rules) to 0
2026-05-29 23:13:40.991 10 INFO neutron.db.ovn_revision_numbers_db [None req-5b16eb1f-350a-482c-9dc1-12fa21228b17 666683ce59f74e418ed9ee95f283e509 ff43a2eefa8043f9acb8f3e64b073de8 - - default default] Successfully bumped revision number for resource 80609d24-8750-4d6a-a160-2837ad2c2f63 (type: security_group_rules) to 0
2026-05-29 23:13:41.001 9 INFO neutron.api.wsgi [req-ceb5d654-984f-4a31-99f2-06aadb49a3ae req-3eba0112-ea4e-44a9-b21e-1d71214b6094 404a085e5dc04a73a07ed911e89adbb0 dbfd979046a24a26a3699b07287782c7 - - 45b280749b834deca4faf0a8d83b225b 45b280749b834deca4faf0a8d83b225b] 199.204.45.95 "GET /v2.0/networks/75aa3d52-eea6-4e9f-ae41-942110d2881d?fields=segments HTTP/1.1" status: 200 len: 212 time: 0.0398109
2026-05-29 23:13:41.022 10 INFO neutron.db.ovn_revision_numbers_db [None req-5b16eb1f-350a-482c-9dc1-12fa21228b17 666683ce59f74e418ed9ee95f283e509 ff43a2eefa8043f9acb8f3e64b073de8 - - default default] Successfully bumped revision number for resource 945abd69-75c3-43cd-8a7b-8bc8f925cff1 (type: security_group_rules) to 0
2026-05-29 23:13:41.050 10 INFO neutron.db.ovn_revision_numbers_db [None req-5b16eb1f-350a-482c-9dc1-12fa21228b17 666683ce59f74e418ed9ee95f283e509 ff43a2eefa8043f9acb8f3e64b073de8 - - default default] Successfully bumped revision number for resource afef9f42-2e16-4044-a733-cd6559896f5b (type: security_group_rules) to 0
2026-05-29 23:13:41.062 9 INFO neutron.api.wsgi [req-ceb5d654-984f-4a31-99f2-06aadb49a3ae req-10f20231-8378-41cb-b87a-b6524ffaa986 404a085e5dc04a73a07ed911e89adbb0 dbfd979046a24a26a3699b07287782c7 - - 45b280749b834deca4faf0a8d83b225b 45b280749b834deca4faf0a8d83b225b] 199.204.45.95 "GET /v2.0/networks/75aa3d52-eea6-4e9f-ae41-942110d2881d?fields=provider%3Aphysical_network&fields=provider%3Anetwork_type HTTP/1.1" status: 200 len: 277 time: 0.0561314
