2026-05-29 23:15:41.160 10 INFO neutron.api.wsgi [None req-60e99820-80ae-490b-a727-0b16bded3d50 2a578c195ddf480bb6cb66ea5fda1518 4367d884e82e4db991d1b6711284c5b0 - - default default] 10.0.0.115 "PUT /v2.0/routers/52ae7f9e-f332-4b42-8397-cf9323fd8aa6/remove_router_interface HTTP/1.1" status: 200 len: 503 time: 0.9601655 /var/lib/openstack/lib/python3.12/site-packages/pycadf/identifier.py:71: UserWarning: Invalid uuid: neutron. To ensure interoperability, identifiers should be a valid uuid. warnings.warn(('Invalid uuid: %s. To ensure interoperability, '
2026-05-29 23:15:41.178 9 INFO neutron.api.wsgi [None req-b1710134-636b-48c3-ae0a-d893590262ec d2e94bc33e6a49229eae3cee8f66b92a 3d7b92ba22604779a8e54513bc0ae8a9 - - default default] 10.0.0.115 "GET /v2.0/trunks/7ce84ef2-6a71-4a10-8f40-c27eabfb7c28 HTTP/1.1" status: 200 len: 625 time: 0.0180495
2026-05-29 23:15:41.275 9 INFO neutron.api.wsgi [None req-3993f1af-47d8-4276-84bd-98331681b315 d2e94bc33e6a49229eae3cee8f66b92a 3d7b92ba22604779a8e54513bc0ae8a9 - - default default] 10.0.0.115 "GET /v2.0/ports/f0c3226b-763e-4000-b844-1bc2fdd0d747 HTTP/1.1" status: 200 len: 1020 time: 0.0930488
2026-05-29 23:15:41.323 9 INFO neutron.services.segments.plugin [-] Segment bb608405-f462-4fe2-ae44-95e092dc090a resource provider aggregate not found
2026-05-29 23:15:41.329 9 INFO neutron.services.segments.plugin [-] Segment bb608405-f462-4fe2-ae44-95e092dc090a resource provider aggregate not found
2026-05-29 23:15:41.343 9 INFO neutron.services.segments.plugin [-] Segment bb608405-f462-4fe2-ae44-95e092dc090a resource provider not found; error: Placement Client Error (4xx): {"errors": [{"status": 404, "title": "Not Found", "detail": "The resource could not be found.\n\n No resource provider with uuid bb608405-f462-4fe2-ae44-95e092dc090a found for delete ", "request_id": "req-b6d99b73-f7e7-4316-96e8-9efe837d5976"}]}
2026-05-29 23:15:41.344 9 INFO neutron.services.segments.plugin [-] Segment bb608405-f462-4fe2-ae44-95e092dc090a resource provider not found; error: Placement Client Error (4xx): {"errors": [{"status": 404, "title": "Not Found", "detail": "The resource could not be found.\n\n No resource provider with uuid bb608405-f462-4fe2-ae44-95e092dc090a found for delete ", "request_id": "req-5bbda9db-f5fd-404b-86ac-63f4dc9bc2b9"}]}
2026-05-29 23:15:41.357 9 INFO neutron.api.wsgi [None req-3bbf400c-9fde-4de3-af6a-3525bec9f501 944c208ddf5147fcbad9840865d0e6dc f4f5ad5de9fc4992abdd355f949b21a4 - - default default] 10.0.0.115 "DELETE /v2.0/networks/825bc749-e897-4290-9ef8-309b0a633780 HTTP/1.1" status: 204 len: 168 time: 0.6114597
2026-05-29 23:15:41.362 10 INFO neutron.api.wsgi [None req-1b960753-b87c-4b35-8466-6ca206763aa3 d2e94bc33e6a49229eae3cee8f66b92a 3d7b92ba22604779a8e54513bc0ae8a9 - - default default] 10.0.0.115 "DELETE /v2.0/trunks/7ce84ef2-6a71-4a10-8f40-c27eabfb7c28 HTTP/1.1" status: 204 len: 168 time: 0.0813439
2026-05-29 23:15:41.388 10 INFO neutron.api.wsgi [None req-2d892dd1-db8d-4cb0-ae8c-e02e7b6e6914 d2e94bc33e6a49229eae3cee8f66b92a 3d7b92ba22604779a8e54513bc0ae8a9 - - default default] 10.0.0.115 "GET /v2.0/trunks/d67a1cf8-00af-4d06-ae37-d629ab5e0a8d HTTP/1.1" status: 200 len: 610 time: 0.0194955
2026-05-29 23:15:41.475 10 INFO neutron.api.wsgi [None req-4f97aa17-4746-44d9-9e83-50405c062ed3 d2e94bc33e6a49229eae3cee8f66b92a 3d7b92ba22604779a8e54513bc0ae8a9 - - default default] 10.0.0.115 "GET /v2.0/ports/5c86232c-94b0-48e9-8ea5-d3202f0292b5 HTTP/1.1" status: 200 len: 1020 time: 0.0775323
2026-05-29 23:15:41.570 10 INFO neutron.api.wsgi [None req-7c73ecc2-6798-410e-b992-44147f09f796 d2e94bc33e6a49229eae3cee8f66b92a 3d7b92ba22604779a8e54513bc0ae8a9 - - default default] 10.0.0.115 "DELETE /v2.0/trunks/d67a1cf8-00af-4d06-ae37-d629ab5e0a8d HTTP/1.1" status: 204 len: 168 time: 0.0864027
2026-05-29 23:15:41.595 9 INFO neutron.api.wsgi [None req-e0f4abe9-ccea-433e-8eab-c3c68154d2be d2e94bc33e6a49229eae3cee8f66b92a 3d7b92ba22604779a8e54513bc0ae8a9 - - default default] 10.0.0.115 "GET /v2.0/trunks/986869d3-662a-497c-9b71-51a81cb55553 HTTP/1.1" status: 200 len: 603 time: 0.0189729
2026-05-29 23:15:41.690 9 INFO neutron.api.wsgi [None req-d9ad10ce-c75b-43f6-81f3-916be1a5d444 d2e94bc33e6a49229eae3cee8f66b92a 3d7b92ba22604779a8e54513bc0ae8a9 - - default default] 10.0.0.115 "GET /v2.0/ports/ce3faefc-3336-4a72-bf0d-672a1a301b61 HTTP/1.1" status: 200 len: 1020 time: 0.0901332
2026-05-29 23:15:41.698 9 INFO neutron.api.wsgi [None req-1830dcf1-ad44-4198-9339-a817aa90628a 944c208ddf5147fcbad9840865d0e6dc f4f5ad5de9fc4992abdd355f949b21a4 - - default default] 10.0.0.115 "DELETE /v2.0/networks/ceb926f5-3b84-4ff1-83b8-33046791606b HTTP/1.1" status: 204 len: 168 time: 0.3365951
2026-05-29 23:15:41.711 9 WARNING neutron_lib.context [None req-0235041e-1cff-4174-a2ee-987ecfb9497c 944c208ddf5147fcbad9840865d0e6dc f4f5ad5de9fc4992abdd355f949b21a4 - - default default] Method 'is_advsvc' is deprecated since 2023.2 release (neutron-lib 3.8.0) and will be removed once support for the old RBAC API policies will be removed from Neutron. Please use method 'is_service_role' instead.
2026-05-29 23:15:41.773 9 INFO neutron.api.wsgi [None req-7b722529-7d52-4fd1-b849-c9abaafc7b1d d2e94bc33e6a49229eae3cee8f66b92a 3d7b92ba22604779a8e54513bc0ae8a9 - - default default] 10.0.0.115 "DELETE /v2.0/trunks/986869d3-662a-497c-9b71-51a81cb55553 HTTP/1.1" status: 204 len: 168 time: 0.0789061
2026-05-29 23:15:41.783 9 INFO neutron.db.segments_db [None req-0235041e-1cff-4174-a2ee-987ecfb9497c 944c208ddf5147fcbad9840865d0e6dc f4f5ad5de9fc4992abdd355f949b21a4 - - default default] Added segment 52b7da57-adc7-440a-88e1-d5862cfbfb22 of type geneve for network b489a12c-ecbd-4b10-83e6-4fba93d6f6b0
2026-05-29 23:15:41.867 10 INFO neutron.api.wsgi [None req-92d5cba2-d545-4ee7-93b2-eaf8288962db 2a578c195ddf480bb6cb66ea5fda1518 4367d884e82e4db991d1b6711284c5b0 - - default default] 10.0.0.115 "DELETE /v2.0/routers/52ae7f9e-f332-4b42-8397-cf9323fd8aa6 HTTP/1.1" status: 204 len: 168 time: 0.7018108
2026-05-29 23:15:41.906 9 INFO neutron.db.ovn_revision_numbers_db [None req-0235041e-1cff-4174-a2ee-987ecfb9497c 944c208ddf5147fcbad9840865d0e6dc f4f5ad5de9fc4992abdd355f949b21a4 - - default default] Successfully bumped revision number for resource b489a12c-ecbd-4b10-83e6-4fba93d6f6b0 (type: networks) to 1
2026-05-29 23:15:42.011 10 INFO neutron.api.wsgi [None req-f1c7f91e-55ad-4c2e-b1a5-3b644786fc25 d2e94bc33e6a49229eae3cee8f66b92a 3d7b92ba22604779a8e54513bc0ae8a9 - - default default] 10.0.0.115 "DELETE /v2.0/ports/20f36b34-bbb4-4a89-8383-68e8e8408198 HTTP/1.1" status: 204 len: 168 time: 0.2329731
2026-05-29 23:15:42.026 9 INFO neutron.api.wsgi [None req-284b9e9b-90a8-46e9-987e-77f83e30bbd5 2a578c195ddf480bb6cb66ea5fda1518 4367d884e82e4db991d1b6711284c5b0 - - default default] 10.0.0.115 "DELETE /v2.0/subnets/a4ecc266-3556-4150-a6c6-4c460609c5bc HTTP/1.1" status: 204 len: 168 time: 0.1518934
2026-05-29 23:15:42.070 9 WARNING neutron.scheduler.dhcp_agent_scheduler [None req-0235041e-1cff-4174-a2ee-987ecfb9497c 944c208ddf5147fcbad9840865d0e6dc f4f5ad5de9fc4992abdd355f949b21a4 - - default default] No more DHCP agents
2026-05-29 23:15:42.072 9 WARNING neutron.api.rpc.agentnotifiers.dhcp_rpc_agent_api [None req-0235041e-1cff-4174-a2ee-987ecfb9497c 944c208ddf5147fcbad9840865d0e6dc f4f5ad5de9fc4992abdd355f949b21a4 - - default default] Unable to schedule network b489a12c-ecbd-4b10-83e6-4fba93d6f6b0: no agents available; will retry on subsequent port and subnet creation events.
2026-05-29 23:15:42.394 9 INFO neutron.db.ovn_revision_numbers_db [None req-0235041e-1cff-4174-a2ee-987ecfb9497c 944c208ddf5147fcbad9840865d0e6dc f4f5ad5de9fc4992abdd355f949b21a4 - - default default] Successfully bumped revision number for resource bff9de85-d501-404e-b64b-e7be09c26782 (type: ports) to 1
2026-05-29 23:15:43.021 9 INFO neutron.api.wsgi [None req-0235041e-1cff-4174-a2ee-987ecfb9497c 944c208ddf5147fcbad9840865d0e6dc f4f5ad5de9fc4992abdd355f949b21a4 - - default default] 10.0.0.115 "POST /v2.0/networks HTTP/1.1" status: 201 len: 828 time: 1.3165612
2026-05-29 23:15:43.033 9 WARNING neutron_lib.context [None req-00e934d3-73c7-422c-a315-62a656474f2e 944c208ddf5147fcbad9840865d0e6dc f4f5ad5de9fc4992abdd355f949b21a4 - - default default] Method 'is_advsvc' is deprecated since 2023.2 release (neutron-lib 3.8.0) and will be removed once support for the old RBAC API policies will be removed from Neutron. Please use method 'is_service_role' instead.
2026-05-29 23:15:43.315 10 WARNING neutron.plugins.ml2.drivers.ovn.mech_driver.ovsdb.ovn_client [None req-ea248881-58a5-4293-90f9-fb807b3c2f45 - - - - - -] No port found with ID 158468e7-b4b4-4af4-9b9c-f974286fc230: RuntimeError: No port found with ID 158468e7-b4b4-4af4-9b9c-f974286fc230
2026-05-29 23:15:43.365 9 INFO neutron.services.segments.plugin [-] Segment e5c53615-d3d6-4f2e-967c-a713171e32c7 resource provider aggregate not found
2026-05-29 23:15:43.370 9 INFO neutron.services.segments.plugin [-] Segment e5c53615-d3d6-4f2e-967c-a713171e32c7 resource provider aggregate not found
2026-05-29 23:15:43.382 9 INFO neutron.services.segments.plugin [-] Segment e5c53615-d3d6-4f2e-967c-a713171e32c7 resource provider not found; error: Placement Client Error (4xx): {"errors": [{"status": 404, "title": "Not Found", "detail": "The resource could not be found.\n\n No resource provider with uuid e5c53615-d3d6-4f2e-967c-a713171e32c7 found for delete ", "request_id": "req-2a1dd94d-a8ff-4d06-952e-0d712aeeeaff"}]}
2026-05-29 23:15:43.384 9 INFO neutron.services.segments.plugin [-] Segment e5c53615-d3d6-4f2e-967c-a713171e32c7 resource provider not found; error: Placement Client Error (4xx): {"errors": [{"status": 404, "title": "Not Found", "detail": "The resource could not be found.\n\n No resource provider with uuid e5c53615-d3d6-4f2e-967c-a713171e32c7 found for delete ", "request_id": "req-9442f47a-91d3-45b8-85a5-3645d9f0c688"}]}
2026-05-29 23:15:43.522 10 INFO neutron.api.wsgi [None req-9063e81b-bf37-4340-8597-5f816163f6c0 d2e94bc33e6a49229eae3cee8f66b92a 3d7b92ba22604779a8e54513bc0ae8a9 - - default default] 10.0.0.115 "DELETE /v2.0/ports/7da9dd59-67be-405f-92ce-18fbe807dede HTTP/1.1" status: 204 len: 168 time: 1.5063818
2026-05-29 23:15:43.540 10 INFO neutron.services.segments.plugin [-] Segment 1345a99e-46db-40ff-8bb9-e2799b2ff3c8 resource provider aggregate not found
2026-05-29 23:15:43.544 10 INFO neutron.services.segments.plugin [-] Segment 1345a99e-46db-40ff-8bb9-e2799b2ff3c8 resource provider aggregate not found
2026-05-29 23:15:43.554 10 INFO neutron.services.segments.plugin [-] Segment 1345a99e-46db-40ff-8bb9-e2799b2ff3c8 resource provider not found; error: Placement Client Error (4xx): {"errors": [{"status": 404, "title": "Not Found", "detail": "The resource could not be found.\n\n No resource provider with uuid 1345a99e-46db-40ff-8bb9-e2799b2ff3c8 found for delete ", "request_id": "req-e5d10c13-949a-45ab-8323-5a1c4c03200f"}]}
2026-05-29 23:15:43.556 10 INFO neutron.services.segments.plugin [-] Segment 1345a99e-46db-40ff-8bb9-e2799b2ff3c8 resource provider not found; error: Placement Client Error (4xx): {"errors": [{"status": 404, "title": "Not Found", "detail": "The resource could not be found.\n\n No resource provider with uuid 1345a99e-46db-40ff-8bb9-e2799b2ff3c8 found for delete ", "request_id": "req-65d67eae-6ae6-4fd1-98b7-70cc76b97fdb"}]}
2026-05-29 23:15:43.560 9 WARNING neutron.scheduler.dhcp_agent_scheduler [None req-00e934d3-73c7-422c-a315-62a656474f2e 944c208ddf5147fcbad9840865d0e6dc f4f5ad5de9fc4992abdd355f949b21a4 - - default default] No more DHCP agents
2026-05-29 23:15:43.561 9 WARNING neutron.api.rpc.agentnotifiers.dhcp_rpc_agent_api [None req-00e934d3-73c7-422c-a315-62a656474f2e 944c208ddf5147fcbad9840865d0e6dc f4f5ad5de9fc4992abdd355f949b21a4 - - default default] Unable to schedule network b489a12c-ecbd-4b10-83e6-4fba93d6f6b0: no agents available; will retry on subsequent port and subnet creation events.
2026-05-29 23:15:43.575 10 INFO neutron.api.wsgi [None req-2b330757-5754-419c-a6ad-619b99f8c38c 2a578c195ddf480bb6cb66ea5fda1518 4367d884e82e4db991d1b6711284c5b0 - - default default] 10.0.0.115 "DELETE /v2.0/networks/30eb7c7f-8b20-4b2a-802d-2cf63a4689a0 HTTP/1.1" status: 204 len: 168 time: 1.5449185
2026-05-29 23:15:43.878 9 INFO neutron.api.wsgi [None req-2e7394b7-3f67-4b65-a66b-5cd1ca028026 d2e94bc33e6a49229eae3cee8f66b92a 3d7b92ba22604779a8e54513bc0ae8a9 - - default default] 10.0.0.115 "DELETE /v2.0/ports/f0c3226b-763e-4000-b844-1bc2fdd0d747 HTTP/1.1" status: 204 len: 168 time: 0.3510618
2026-05-29 23:15:44.070 9 INFO neutron.db.ovn_revision_numbers_db [None req-abe98727-656e-4d23-b612-710f64a0702c - - - - - -] Successfully bumped revision number for resource bff9de85-d501-404e-b64b-e7be09c26782 (type: ports) to 2
2026-05-29 23:15:44.102 9 INFO neutron.db.ovn_revision_numbers_db [None req-abe98727-656e-4d23-b612-710f64a0702c - - - - - -] Successfully bumped revision number for resource ba882882-bc03-4139-819d-c9c381b87ff3 (type: subnets) to 0
2026-05-29 23:15:44.122 9 INFO neutron.api.wsgi [None req-00e934d3-73c7-422c-a315-62a656474f2e 944c208ddf5147fcbad9840865d0e6dc f4f5ad5de9fc4992abdd355f949b21a4 - - default default] 10.0.0.115 "POST /v2.0/subnets HTTP/1.1" status: 201 len: 825 time: 1.0923822
2026-05-29 23:15:44.125 9 INFO neutron.api.wsgi [None req-5ea0a4a3-49a6-4931-b3e4-f33a93cb85a9 d2e94bc33e6a49229eae3cee8f66b92a 3d7b92ba22604779a8e54513bc0ae8a9 - - default default] 10.0.0.115 "DELETE /v2.0/ports/5c86232c-94b0-48e9-8ea5-d3202f0292b5 HTTP/1.1" status: 204 len: 168 time: 0.2418108
2026-05-29 23:15:44.131 9 WARNING neutron_lib.context [None req-92ce3386-2cd4-4a41-9a4e-a3f70fee39af 944c208ddf5147fcbad9840865d0e6dc f4f5ad5de9fc4992abdd355f949b21a4 - - default default] Method 'is_advsvc' is deprecated since 2023.2 release (neutron-lib 3.8.0) and will be removed once support for the old RBAC API policies will be removed from Neutron. Please use method 'is_service_role' instead.
2026-05-29 23:15:44.193 10 INFO neutron.api.wsgi [None req-e4026df5-c701-4b6b-bb44-4073955c4c4c 666683ce59f74e418ed9ee95f283e509 ff43a2eefa8043f9acb8f3e64b073de8 - - default default] 10.0.0.115 "GET /v2.0/security-groups?tenant_id=4367d884e82e4db991d1b6711284c5b0&name=default HTTP/1.1" status: 200 len: 3120 time: 0.1479752
2026-05-29 23:15:44.227 9 INFO neutron.db.ovn_revision_numbers_db [None req-92ce3386-2cd4-4a41-9a4e-a3f70fee39af 944c208ddf5147fcbad9840865d0e6dc f4f5ad5de9fc4992abdd355f949b21a4 - - default default] Successfully bumped revision number for resource 58ed05ec-636a-46c3-9430-7452a436100b (type: routers) to 1
2026-05-29 23:15:44.241 9 INFO neutron.api.wsgi [None req-92ce3386-2cd4-4a41-9a4e-a3f70fee39af 944c208ddf5147fcbad9840865d0e6dc f4f5ad5de9fc4992abdd355f949b21a4 - - default default] 10.0.0.115 "POST /v2.0/routers HTTP/1.1" status: 201 len: 802 time: 0.1145120
2026-05-29 23:15:44.249 9 WARNING neutron_lib.context [None req-3efdec2f-f0a8-4a35-a61b-dde2ea2f8ab1 944c208ddf5147fcbad9840865d0e6dc f4f5ad5de9fc4992abdd355f949b21a4 - - default default] Method 'is_advsvc' is deprecated since 2023.2 release (neutron-lib 3.8.0) and will be removed once support for the old RBAC API policies will be removed from Neutron. Please use method 'is_service_role' instead.
2026-05-29 23:15:44.437 10 INFO neutron.api.wsgi [None req-b519dc21-0c95-436c-8cab-c2663b14c960 d2e94bc33e6a49229eae3cee8f66b92a 3d7b92ba22604779a8e54513bc0ae8a9 - - default default] 10.0.0.115 "DELETE /v2.0/ports/ce3faefc-3336-4a72-bf0d-672a1a301b61 HTTP/1.1" status: 204 len: 168 time: 0.3057573
2026-05-29 23:15:44.455 10 INFO neutron.api.wsgi [None req-165f5441-f8f8-4de9-98ae-23fec7cee8c6 666683ce59f74e418ed9ee95f283e509 ff43a2eefa8043f9acb8f3e64b073de8 - - default default] 10.0.0.115 "DELETE /v2.0/security-groups/f91ec657-ced5-47fd-a6aa-8e091b96bddc HTTP/1.1" status: 204 len: 168 time: 0.2554581
2026-05-29 23:15:44.567 9 WARNING neutron.scheduler.dhcp_agent_scheduler [None req-3efdec2f-f0a8-4a35-a61b-dde2ea2f8ab1 944c208ddf5147fcbad9840865d0e6dc f4f5ad5de9fc4992abdd355f949b21a4 - - default default] No more DHCP agents
2026-05-29 23:15:44.569 9 WARNING neutron.api.rpc.agentnotifiers.dhcp_rpc_agent_api [None req-3efdec2f-f0a8-4a35-a61b-dde2ea2f8ab1 944c208ddf5147fcbad9840865d0e6dc f4f5ad5de9fc4992abdd355f949b21a4 - - default default] Unable to schedule network b489a12c-ecbd-4b10-83e6-4fba93d6f6b0: no agents available; will retry on subsequent port and subnet creation events.
2026-05-29 23:15:44.726 9 INFO neutron.db.ovn_revision_numbers_db [None req-3efdec2f-f0a8-4a35-a61b-dde2ea2f8ab1 944c208ddf5147fcbad9840865d0e6dc f4f5ad5de9fc4992abdd355f949b21a4 - - default default] Successfully bumped revision number for resource f8dfa9c1-05e3-4891-b642-b71671136c55 (type: ports) to 1
2026-05-29 23:15:44.755 9 INFO neutron.api.wsgi [None req-3efdec2f-f0a8-4a35-a61b-dde2ea2f8ab1 944c208ddf5147fcbad9840865d0e6dc f4f5ad5de9fc4992abdd355f949b21a4 - - default default] 10.0.0.115 "POST /v2.0/ports HTTP/1.1" status: 201 len: 1147 time: 0.5095840
2026-05-29 23:15:44.756 9 WARNING neutron.plugins.ml2.drivers.ovn.mech_driver.ovsdb.ovn_client [None req-4010fd8c-950c-4565-aa61-e625b0486abd - - - - - -] No port found with ID 303f849a-fbb5-40d7-b41a-c0313286d4c0: RuntimeError: No port found with ID 303f849a-fbb5-40d7-b41a-c0313286d4c0
2026-05-29 23:15:44.957 9 INFO neutron.api.wsgi [None req-fecd487d-408a-4e62-85fb-fe832d1cc7d9 d2e94bc33e6a49229eae3cee8f66b92a 3d7b92ba22604779a8e54513bc0ae8a9 - - default default] 10.0.0.115 "DELETE /v2.0/networks/abeec671-9e7b-4eaa-948a-a8303b1af44f HTTP/1.1" status: 204 len: 168 time: 0.5157590 /var/lib/openstack/lib/python3.12/site-packages/pycadf/identifier.py:71: UserWarning: Invalid uuid: neutron. To ensure interoperability, identifiers should be a valid uuid. warnings.warn(('Invalid uuid: %s. To ensure interoperability, '
2026-05-29 23:15:45.258 10 INFO neutron.plugins.ml2.drivers.ovn.mech_driver.mech_driver [None req-ea248881-58a5-4293-90f9-fb807b3c2f45 - - - - - -] OVN reports status up for port: f8dfa9c1-05e3-4891-b642-b71671136c55
2026-05-29 23:15:45.274 10 INFO neutron.plugins.ml2.plugin [None req-ea248881-58a5-4293-90f9-fb807b3c2f45 - - - - - -] Attempt 1 to provision port f8dfa9c1-05e3-4891-b642-b71671136c55
2026-05-29 23:15:45.300 10 INFO neutron.db.ovn_revision_numbers_db [None req-c791b40b-a006-43f3-99af-7e0940e7285c 944c208ddf5147fcbad9840865d0e6dc f4f5ad5de9fc4992abdd355f949b21a4 - - default default] Successfully bumped revision number for resource f8dfa9c1-05e3-4891-b642-b71671136c55 (type: ports) to 2
2026-05-29 23:15:45.306 9 INFO neutron.api.wsgi [None req-453e3eda-448d-477b-9f14-cdf0b83d6532 d2e94bc33e6a49229eae3cee8f66b92a 3d7b92ba22604779a8e54513bc0ae8a9 - - default default] 10.0.0.115 "DELETE /v2.0/networks/1e839e19-1b52-459e-ac37-49e5ccc1bd3f HTTP/1.1" status: 204 len: 168 time: 0.3436081
2026-05-29 23:15:45.397 9 INFO neutron.services.segments.plugin [-] Segment d46bf524-20e4-4ef9-aa3a-bd22506b7054 resource provider aggregate not found
2026-05-29 23:15:45.410 9 INFO neutron.services.segments.plugin [-] Segment d46bf524-20e4-4ef9-aa3a-bd22506b7054 resource provider aggregate not found
2026-05-29 23:15:45.417 9 INFO neutron.services.segments.plugin [-] Segment d46bf524-20e4-4ef9-aa3a-bd22506b7054 resource provider not found; error: Placement Client Error (4xx): {"errors": [{"status": 404, "title": "Not Found", "detail": "The resource could not be found.\n\n No resource provider with uuid d46bf524-20e4-4ef9-aa3a-bd22506b7054 found for delete ", "request_id": "req-c27e8d68-a00e-43a1-8dcd-419400754722"}]}
2026-05-29 23:15:45.427 9 INFO neutron.services.segments.plugin [-] Segment d46bf524-20e4-4ef9-aa3a-bd22506b7054 resource provider not found; error: Placement Client Error (4xx): {"errors": [{"status": 404, "title": "Not Found", "detail": "The resource could not be found.\n\n No resource provider with uuid d46bf524-20e4-4ef9-aa3a-bd22506b7054 found for delete ", "request_id": "req-58383ce4-693f-42d7-9b33-3124fd3a7b8b"}]}
2026-05-29 23:15:45.431 9 INFO neutron.services.segments.plugin [-] Segment be3d2232-21a2-4b3b-8662-5b2848923cef resource provider aggregate not found
2026-05-29 23:15:45.438 9 INFO neutron.services.segments.plugin [-] Segment be3d2232-21a2-4b3b-8662-5b2848923cef resource provider aggregate not found
2026-05-29 23:15:45.442 9 INFO neutron.services.segments.plugin [-] Segment be3d2232-21a2-4b3b-8662-5b2848923cef resource provider not found; error: Placement Client Error (4xx): {"errors": [{"status": 404, "title": "Not Found", "detail": "The resource could not be found.\n\n No resource provider with uuid be3d2232-21a2-4b3b-8662-5b2848923cef found for delete ", "request_id": "req-0b602900-5cec-4e29-8417-0c414572ef28"}]}
2026-05-29 23:15:45.452 9 INFO neutron.services.segments.plugin [-] Segment be3d2232-21a2-4b3b-8662-5b2848923cef resource provider not found; error: Placement Client Error (4xx): {"errors": [{"status": 404, "title": "Not Found", "detail": "The resource could not be found.\n\n No resource provider with uuid be3d2232-21a2-4b3b-8662-5b2848923cef found for delete ", "request_id": "req-531353cb-5e05-45c3-ba28-680a715c6448"}]}
2026-05-29 23:15:45.632 9 INFO neutron.api.wsgi [None req-1f786ac4-8e62-4a00-bfe8-102679157c9e d2e94bc33e6a49229eae3cee8f66b92a 3d7b92ba22604779a8e54513bc0ae8a9 - - default default] 10.0.0.115 "DELETE /v2.0/networks/7c5ac896-0473-490d-a799-365dda48f40a HTTP/1.1" status: 204 len: 168 time: 0.3110657
2026-05-29 23:15:45.725 10 INFO neutron.db.ovn_revision_numbers_db [None req-ea248881-58a5-4293-90f9-fb807b3c2f45 - - - - - -] Successfully bumped revision number for resource f8dfa9c1-05e3-4891-b642-b71671136c55 (type: ports) to 3
2026-05-29 23:15:45.903 10 INFO neutron.db.ovn_revision_numbers_db [None req-c791b40b-a006-43f3-99af-7e0940e7285c 944c208ddf5147fcbad9840865d0e6dc f4f5ad5de9fc4992abdd355f949b21a4 - - default default] Successfully bumped revision number for resource f8dfa9c1-05e3-4891-b642-b71671136c55 (type: ports) to 3
2026-05-29 23:15:45.936 9 INFO neutron.api.wsgi [None req-0d01396c-d64a-4613-a1ef-164576a4b8fc d2e94bc33e6a49229eae3cee8f66b92a 3d7b92ba22604779a8e54513bc0ae8a9 - - default default] 10.0.0.115 "DELETE /v2.0/networks/21ae2d71-fdb2-4653-9b1c-5ad93402b6f6 HTTP/1.1" status: 204 len: 168 time: 0.2991149
2026-05-29 23:15:45.964 10 WARNING neutron.scheduler.dhcp_agent_scheduler [None req-c791b40b-a006-43f3-99af-7e0940e7285c 944c208ddf5147fcbad9840865d0e6dc f4f5ad5de9fc4992abdd355f949b21a4 - - default default] No more DHCP agents
2026-05-29 23:15:45.965 10 WARNING neutron.api.rpc.agentnotifiers.dhcp_rpc_agent_api [None req-c791b40b-a006-43f3-99af-7e0940e7285c 944c208ddf5147fcbad9840865d0e6dc f4f5ad5de9fc4992abdd355f949b21a4 - - default default] Unable to schedule network b489a12c-ecbd-4b10-83e6-4fba93d6f6b0: no agents available; will retry on subsequent port and subnet creation events.
2026-05-29 23:15:46.163 10 INFO neutron.db.ovn_revision_numbers_db [None req-c791b40b-a006-43f3-99af-7e0940e7285c 944c208ddf5147fcbad9840865d0e6dc f4f5ad5de9fc4992abdd355f949b21a4 - - default default] Successfully bumped revision number for resource f8dfa9c1-05e3-4891-b642-b71671136c55 (type: router_ports) to 3
2026-05-29 23:15:46.172 10 INFO neutron.api.wsgi [None req-c791b40b-a006-43f3-99af-7e0940e7285c 944c208ddf5147fcbad9840865d0e6dc f4f5ad5de9fc4992abdd355f949b21a4 - - default default] 10.0.0.115 "PUT /v2.0/routers/58ed05ec-636a-46c3-9430-7452a436100b/add_router_interface HTTP/1.1" status: 200 len: 503 time: 1.4135122 /var/lib/openstack/lib/python3.12/site-packages/pycadf/identifier.py:71: UserWarning: Invalid uuid: neutron. To ensure interoperability, identifiers should be a valid uuid. warnings.warn(('Invalid uuid: %s. To ensure interoperability, '
2026-05-29 23:15:46.225 9 INFO neutron.api.wsgi [None req-71c28333-eb1e-45d7-a2bc-fa3d56ead9eb d2e94bc33e6a49229eae3cee8f66b92a 3d7b92ba22604779a8e54513bc0ae8a9 - - default default] 10.0.0.115 "DELETE /v2.0/networks/30e08b0e-e190-4aee-a805-ce4b4d124d4f HTTP/1.1" status: 204 len: 168 time: 0.2855234
2026-05-29 23:15:46.249 10 INFO neutron.api.wsgi [None req-8df95d38-9693-41da-b937-2e8a9115b3fd 944c208ddf5147fcbad9840865d0e6dc f4f5ad5de9fc4992abdd355f949b21a4 - - default default] 10.0.0.115 "GET /v2.0/ports/f8dfa9c1-05e3-4891-b642-b71671136c55 HTTP/1.1" status: 200 len: 1205 time: 0.0714564
2026-05-29 23:15:46.271 9 WARNING neutron_lib.context [None req-792e7a53-e7c6-4575-aa89-4ac1411567c5 51c44bae52fa4672aa6059f3bb9f75cb 06fac9cb44564b8f84e2c68995eac3ea - - default default] Method 'is_advsvc' is deprecated since 2023.2 release (neutron-lib 3.8.0) and will be removed once support for the old RBAC API policies will be removed from Neutron. Please use method 'is_service_role' instead.
2026-05-29 23:15:46.447 9 INFO neutron.db.ovn_revision_numbers_db [None req-792e7a53-e7c6-4575-aa89-4ac1411567c5 51c44bae52fa4672aa6059f3bb9f75cb 06fac9cb44564b8f84e2c68995eac3ea - - default default] Successfully bumped revision number for resource 62d43021-8cd2-4805-a831-f31ccde634c6 (type: security_groups) to 1
2026-05-29 23:15:46.551 9 INFO neutron.db.ovn_revision_numbers_db [None req-792e7a53-e7c6-4575-aa89-4ac1411567c5 51c44bae52fa4672aa6059f3bb9f75cb 06fac9cb44564b8f84e2c68995eac3ea - - default default] Successfully bumped revision number for resource 0bc92ec6-4625-4f74-ba92-d7c3263cd955 (type: security_group_rules) to 0
2026-05-29 23:15:46.587 9 INFO neutron.db.ovn_revision_numbers_db [None req-792e7a53-e7c6-4575-aa89-4ac1411567c5 51c44bae52fa4672aa6059f3bb9f75cb 06fac9cb44564b8f84e2c68995eac3ea - - default default] Successfully bumped revision number for resource abffcd91-aefc-4d0b-ae30-8c7fc499feb7 (type: security_group_rules) to 0
2026-05-29 23:15:46.605 9 INFO neutron.db.ovn_revision_numbers_db [None req-792e7a53-e7c6-4575-aa89-4ac1411567c5 51c44bae52fa4672aa6059f3bb9f75cb 06fac9cb44564b8f84e2c68995eac3ea - - default default] Successfully bumped revision number for resource d267bd7f-fb77-4765-931e-bcca6723e320 (type: security_group_rules) to 0
2026-05-29 23:15:46.617 9 INFO neutron.db.ovn_revision_numbers_db [None req-792e7a53-e7c6-4575-aa89-4ac1411567c5 51c44bae52fa4672aa6059f3bb9f75cb 06fac9cb44564b8f84e2c68995eac3ea - - default default] Successfully bumped revision number for resource e6ac65d3-7b1c-471a-b586-7557bc8ef165 (type: security_group_rules) to 0
2026-05-29 23:15:46.695 9 INFO neutron.db.segments_db [None req-792e7a53-e7c6-4575-aa89-4ac1411567c5 51c44bae52fa4672aa6059f3bb9f75cb 06fac9cb44564b8f84e2c68995eac3ea - - default default] Added segment 50b133f5-d1a2-40d4-b6c4-7d1b69cdcf82 of type geneve for network c3d139f7-9614-4937-ad84-e6c439b92e7a
2026-05-29 23:15:46.793 10 INFO neutron.api.wsgi [None req-cf681a62-d775-477d-a684-ca8cb5ce89b5 944c208ddf5147fcbad9840865d0e6dc f4f5ad5de9fc4992abdd355f949b21a4 - - default default] 10.0.0.115 "PUT /v2.0/routers/58ed05ec-636a-46c3-9430-7452a436100b/remove_router_interface HTTP/1.1" status: 200 len: 503 time: 0.5397439 /var/lib/openstack/lib/python3.12/site-packages/pycadf/identifier.py:71: UserWarning: Invalid uuid: neutron. To ensure interoperability, identifiers should be a valid uuid. warnings.warn(('Invalid uuid: %s. To ensure interoperability, '
2026-05-29 23:15:46.814 9 INFO neutron.db.ovn_revision_numbers_db [None req-792e7a53-e7c6-4575-aa89-4ac1411567c5 51c44bae52fa4672aa6059f3bb9f75cb 06fac9cb44564b8f84e2c68995eac3ea - - default default] Successfully bumped revision number for resource c3d139f7-9614-4937-ad84-e6c439b92e7a (type: networks) to 1
2026-05-29 23:15:46.879 10 INFO neutron.api.v2.resource [None req-d6457581-b385-4fb7-9e79-22f4d8be6945 944c208ddf5147fcbad9840865d0e6dc f4f5ad5de9fc4992abdd355f949b21a4 - - default default] remove_router_interface failed (client error): The resource could not be found.
2026-05-29 23:15:46.880 10 INFO neutron.api.wsgi [None req-d6457581-b385-4fb7-9e79-22f4d8be6945 944c208ddf5147fcbad9840865d0e6dc f4f5ad5de9fc4992abdd355f949b21a4 - - default default] 10.0.0.115 "PUT /v2.0/routers/58ed05ec-636a-46c3-9430-7452a436100b/remove_router_interface HTTP/1.1" status: 404 len: 398 time: 0.0823786
2026-05-29 23:15:46.901 10 INFO neutron.api.wsgi [None req-deb8c752-78dd-476c-be10-da0d652bbbc2 944c208ddf5147fcbad9840865d0e6dc f4f5ad5de9fc4992abdd355f949b21a4 - - default default] 10.0.0.115 "GET /v2.0/ports?device_id=58ed05ec-636a-46c3-9430-7452a436100b HTTP/1.1" status: 200 len: 205 time: 0.0160859
2026-05-29 23:15:47.008 9 WARNING neutron.scheduler.dhcp_agent_scheduler [None req-792e7a53-e7c6-4575-aa89-4ac1411567c5 51c44bae52fa4672aa6059f3bb9f75cb 06fac9cb44564b8f84e2c68995eac3ea - - default default] No more DHCP agents
2026-05-29 23:15:47.017 9 WARNING neutron.api.rpc.agentnotifiers.dhcp_rpc_agent_api [None req-792e7a53-e7c6-4575-aa89-4ac1411567c5 51c44bae52fa4672aa6059f3bb9f75cb 06fac9cb44564b8f84e2c68995eac3ea - - default default] Unable to schedule network c3d139f7-9614-4937-ad84-e6c439b92e7a: no agents available; will retry on subsequent port and subnet creation events.
2026-05-29 23:15:47.075 10 INFO neutron.api.wsgi [None req-3bc70dac-8810-44f5-a012-c1123535a138 944c208ddf5147fcbad9840865d0e6dc f4f5ad5de9fc4992abdd355f949b21a4 - - default default] 10.0.0.115 "DELETE /v2.0/routers/58ed05ec-636a-46c3-9430-7452a436100b HTTP/1.1" status: 204 len: 168 time: 0.1687140
2026-05-29 23:15:47.084 9 INFO neutron.db.ovn_revision_numbers_db [None req-792e7a53-e7c6-4575-aa89-4ac1411567c5 51c44bae52fa4672aa6059f3bb9f75cb 06fac9cb44564b8f84e2c68995eac3ea - - default default] Successfully bumped revision number for resource e3b8bc22-3160-4c53-81c1-917b23c2f703 (type: ports) to 1
2026-05-29 23:15:47.110 9 INFO neutron.api.wsgi [None req-792e7a53-e7c6-4575-aa89-4ac1411567c5 51c44bae52fa4672aa6059f3bb9f75cb 06fac9cb44564b8f84e2c68995eac3ea - - default default] 10.0.0.115 "POST /v2.0/networks HTTP/1.1" status: 201 len: 847 time: 1.0158985
2026-05-29 23:15:47.251 10 INFO neutron.api.wsgi [None req-03cc391c-16eb-4fea-9263-e5a64b0f85e0 944c208ddf5147fcbad9840865d0e6dc f4f5ad5de9fc4992abdd355f949b21a4 - - default default] 10.0.0.115 "DELETE /v2.0/subnets/ba882882-bc03-4139-819d-c9c381b87ff3 HTTP/1.1" status: 204 len: 168 time: 0.1717713
2026-05-29 23:15:47.462 9 INFO neutron.services.segments.plugin [-] Segment bc5082fd-5feb-432f-8256-55c494506e10 resource provider aggregate not found
2026-05-29 23:15:47.469 9 INFO neutron.services.segments.plugin [-] Segment bc5082fd-5feb-432f-8256-55c494506e10 resource provider aggregate not found
2026-05-29 23:15:47.475 9 INFO neutron.services.segments.plugin [-] Segment bc5082fd-5feb-432f-8256-55c494506e10 resource provider not found; error: Placement Client Error (4xx): {"errors": [{"status": 404, "title": "Not Found", "detail": "The resource could not be found.\n\n No resource provider with uuid bc5082fd-5feb-432f-8256-55c494506e10 found for delete ", "request_id": "req-2a7101fe-6b4b-4cb9-8362-218ba0462157"}]}
2026-05-29 23:15:47.482 9 INFO neutron.services.segments.plugin [-] Segment bc5082fd-5feb-432f-8256-55c494506e10 resource provider not found; error: Placement Client Error (4xx): {"errors": [{"status": 404, "title": "Not Found", "detail": "The resource could not be found.\n\n No resource provider with uuid bc5082fd-5feb-432f-8256-55c494506e10 found for delete ", "request_id": "req-e61ffb8e-c8c0-40bd-9030-60f69f470284"}]}
2026-05-29 23:15:47.491 9 INFO neutron.services.segments.plugin [-] Segment 263475c3-06b7-4dc7-93cf-271179470b1b resource provider aggregate not found
2026-05-29 23:15:47.497 9 INFO neutron.services.segments.plugin [-] Segment 263475c3-06b7-4dc7-93cf-271179470b1b resource provider aggregate not found
2026-05-29 23:15:47.505 9 INFO neutron.services.segments.plugin [-] Segment 263475c3-06b7-4dc7-93cf-271179470b1b resource provider not found; error: Placement Client Error (4xx): {"errors": [{"status": 404, "title": "Not Found", "detail": "The resource could not be found.\n\n No resource provider with uuid 263475c3-06b7-4dc7-93cf-271179470b1b found for delete ", "request_id": "req-f152cbb9-5034-472c-8e1b-32d00f5133aa"}]}
2026-05-29 23:15:47.508 9 INFO neutron.services.segments.plugin [-] Segment 263475c3-06b7-4dc7-93cf-271179470b1b resource provider not found; error: Placement Client Error (4xx): {"errors": [{"status": 404, "title": "Not Found", "detail": "The resource could not be found.\n\n No resource provider with uuid 263475c3-06b7-4dc7-93cf-271179470b1b found for delete ", "request_id": "req-25523c69-48d0-4bee-8c33-a7027f04bcfe"}]}
2026-05-29 23:15:47.517 9 INFO neutron.services.segments.plugin [-] Segment 739b30ce-3bf1-4e86-8bfc-341dcadba9b4 resource provider aggregate not found
2026-05-29 23:15:47.521 9 INFO neutron.services.segments.plugin [-] Segment 739b30ce-3bf1-4e86-8bfc-341dcadba9b4 resource provider aggregate not found
2026-05-29 23:15:47.534 9 INFO neutron.services.segments.plugin [-] Segment 739b30ce-3bf1-4e86-8bfc-341dcadba9b4 resource provider not found; error: Placement Client Error (4xx): {"errors": [{"status": 404, "title": "Not Found", "detail": "The resource could not be found.\n\n No resource provider with uuid 739b30ce-3bf1-4e86-8bfc-341dcadba9b4 found for delete ", "request_id": "req-d69fce3a-108c-4350-b65d-961a4786da91"}]}
2026-05-29 23:15:47.537 9 INFO neutron.services.segments.plugin [-] Segment 739b30ce-3bf1-4e86-8bfc-341dcadba9b4 resource provider not found; error: Placement Client Error (4xx): {"errors": [{"status": 404, "title": "Not Found", "detail": "The resource could not be found.\n\n No resource provider with uuid 739b30ce-3bf1-4e86-8bfc-341dcadba9b4 found for delete ", "request_id": "req-30c2d445-499a-4ca6-b34e-598ed50b94c7"}]}
2026-05-29 23:15:47.557 10 INFO neutron.services.segments.plugin [-] Segment 52b7da57-adc7-440a-88e1-d5862cfbfb22 resource provider aggregate not found
2026-05-29 23:15:47.560 10 INFO neutron.services.segments.plugin [-] Segment 52b7da57-adc7-440a-88e1-d5862cfbfb22 resource provider aggregate not found
2026-05-29 23:15:47.571 10 INFO neutron.services.segments.plugin [-] Segment 52b7da57-adc7-440a-88e1-d5862cfbfb22 resource provider not found; error: Placement Client Error (4xx): {"errors": [{"status": 404, "title": "Not Found", "detail": "The resource could not be found.\n\n No resource provider with uuid 52b7da57-adc7-440a-88e1-d5862cfbfb22 found for delete ", "request_id": "req-4413efe3-ffca-4400-9aa7-be4c881817bc"}]}
2026-05-29 23:15:47.575 10 INFO neutron.services.segments.plugin [-] Segment 52b7da57-adc7-440a-88e1-d5862cfbfb22 resource provider not found; error: Placement Client Error (4xx): {"errors": [{"status": 404, "title": "Not Found", "detail": "The resource could not be found.\n\n No resource provider with uuid 52b7da57-adc7-440a-88e1-d5862cfbfb22 found for delete ", "request_id": "req-6cdfc791-83f3-4d37-af1f-d7f55c388ba3"}]}
2026-05-29 23:15:47.587 10 WARNING neutron_lib.context [None req-96c835b3-21bc-4c18-b60c-0314d2587bef 51c44bae52fa4672aa6059f3bb9f75cb 06fac9cb44564b8f84e2c68995eac3ea - - default default] Method 'is_advsvc' is deprecated since 2023.2 release (neutron-lib 3.8.0) and will be removed once support for the old RBAC API policies will be removed from Neutron. Please use method 'is_service_role' instead.
2026-05-29 23:15:47.601 10 INFO neutron.db.ovn_revision_numbers_db [None req-4f560f05-f8d7-4d41-94fe-f2a7daa52bf6 666683ce59f74e418ed9ee95f283e509 ff43a2eefa8043f9acb8f3e64b073de8 - - default default] Successfully bumped revision number for resource ac7dcc2b-c541-461e-81a7-4cab8a70bc6e (type: security_groups) to 1
2026-05-29 23:15:47.613 10 INFO neutron.api.wsgi [None req-74d9a267-12df-4797-8868-c7e16c3acf73 944c208ddf5147fcbad9840865d0e6dc f4f5ad5de9fc4992abdd355f949b21a4 - - default default] 10.0.0.115 "DELETE /v2.0/networks/b489a12c-ecbd-4b10-83e6-4fba93d6f6b0 HTTP/1.1" status: 204 len: 168 time: 0.3566606
2026-05-29 23:15:47.625 10 WARNING neutron_lib.context [None req-a96d1872-8d8b-48bb-9671-261a586540a7 944c208ddf5147fcbad9840865d0e6dc f4f5ad5de9fc4992abdd355f949b21a4 - - default default] Method 'is_advsvc' is deprecated since 2023.2 release (neutron-lib 3.8.0) and will be removed once support for the old RBAC API policies will be removed from Neutron. Please use method 'is_service_role' instead.
2026-05-29 23:15:47.628 10 INFO neutron.db.ovn_revision_numbers_db [None req-4f560f05-f8d7-4d41-94fe-f2a7daa52bf6 666683ce59f74e418ed9ee95f283e509 ff43a2eefa8043f9acb8f3e64b073de8 - - default default] Successfully bumped revision number for resource 176b53d9-055e-4a72-ae61-5494656c2c55 (type: security_group_rules) to 0
2026-05-29 23:15:47.647 10 INFO neutron.db.ovn_revision_numbers_db [None req-4f560f05-f8d7-4d41-94fe-f2a7daa52bf6 666683ce59f74e418ed9ee95f283e509 ff43a2eefa8043f9acb8f3e64b073de8 - - default default] Successfully bumped revision number for resource 21619985-fadd-4035-ae29-cf4c0501df87 (type: security_group_rules) to 0
2026-05-29 23:15:47.669 10 INFO neutron.db.ovn_revision_numbers_db [None req-4f560f05-f8d7-4d41-94fe-f2a7daa52bf6 666683ce59f74e418ed9ee95f283e509 ff43a2eefa8043f9acb8f3e64b073de8 - - default default] Successfully bumped revision number for resource 5d9ad21c-b785-45f2-9135-31946c36284a (type: security_group_rules) to 0
2026-05-29 23:15:47.689 10 INFO neutron.db.ovn_revision_numbers_db [None req-4f560f05-f8d7-4d41-94fe-f2a7daa52bf6 666683ce59f74e418ed9ee95f283e509 ff43a2eefa8043f9acb8f3e64b073de8 - - default default] Successfully bumped revision number for resource 97fee703-ebf6-4bee-93b1-b3d0274993df (type: security_group_rules) to 0
2026-05-29 23:15:47.715 10 INFO neutron.db.segments_db [None req-a96d1872-8d8b-48bb-9671-261a586540a7 944c208ddf5147fcbad9840865d0e6dc f4f5ad5de9fc4992abdd355f949b21a4 - - default default] Added segment 84095980-cd9a-4183-8b03-bdbca3942c07 of type geneve for network dd96b4a6-a3a7-4736-9dae-3689b428e0ba
2026-05-29 23:15:47.735 10 INFO neutron.api.wsgi [None req-4f560f05-f8d7-4d41-94fe-f2a7daa52bf6 666683ce59f74e418ed9ee95f283e509 ff43a2eefa8043f9acb8f3e64b073de8 - - default default] 10.0.0.115 "GET /v2.0/security-groups?tenant_id=240fe147a2b64769a1439babd8706fdb&name=default HTTP/1.1" status: 200 len: 3120 time: 0.5491066
2026-05-29 23:15:47.822 10 WARNING neutron.scheduler.dhcp_agent_scheduler [None req-96c835b3-21bc-4c18-b60c-0314d2587bef 51c44bae52fa4672aa6059f3bb9f75cb 06fac9cb44564b8f84e2c68995eac3ea - - default default] No more DHCP agents
2026-05-29 23:15:47.823 10 WARNING neutron.api.rpc.agentnotifiers.dhcp_rpc_agent_api [None req-96c835b3-21bc-4c18-b60c-0314d2587bef 51c44bae52fa4672aa6059f3bb9f75cb 06fac9cb44564b8f84e2c68995eac3ea - - default default] Unable to schedule network c3d139f7-9614-4937-ad84-e6c439b92e7a: no agents available; will retry on subsequent port and subnet creation events.
2026-05-29 23:15:47.843 10 INFO neutron.db.ovn_revision_numbers_db [None req-a96d1872-8d8b-48bb-9671-261a586540a7 944c208ddf5147fcbad9840865d0e6dc f4f5ad5de9fc4992abdd355f949b21a4 - - default default] Successfully bumped revision number for resource dd96b4a6-a3a7-4736-9dae-3689b428e0ba (type: networks) to 1
2026-05-29 23:15:47.860 10 INFO neutron.db.ovn_revision_numbers_db [None req-96c835b3-21bc-4c18-b60c-0314d2587bef 51c44bae52fa4672aa6059f3bb9f75cb 06fac9cb44564b8f84e2c68995eac3ea - - default default] Successfully bumped revision number for resource bdd09cf6-c223-4491-8157-5b509d6c3982 (type: subnets) to 0
2026-05-29 23:15:47.878 10 INFO neutron.api.wsgi [None req-96c835b3-21bc-4c18-b60c-0314d2587bef 51c44bae52fa4672aa6059f3bb9f75cb 06fac9cb44564b8f84e2c68995eac3ea - - default default] 10.0.0.115 "POST /v2.0/subnets HTTP/1.1" status: 201 len: 872 time: 0.2963524
2026-05-29 23:15:47.889 9 WARNING neutron_lib.context [None req-d5e0ee04-f73b-4d41-94a4-c3582c832aa1 51c44bae52fa4672aa6059f3bb9f75cb 06fac9cb44564b8f84e2c68995eac3ea - - default default] Method 'is_advsvc' is deprecated since 2023.2 release (neutron-lib 3.8.0) and will be removed once support for the old RBAC API policies will be removed from Neutron. Please use method 'is_service_role' instead.
2026-05-29 23:15:47.962 9 INFO neutron.api.wsgi [None req-5568eb7c-d496-4e96-953d-a56f83e8943c 666683ce59f74e418ed9ee95f283e509 ff43a2eefa8043f9acb8f3e64b073de8 - - default default] 10.0.0.115 "DELETE /v2.0/security-groups/ac7dcc2b-c541-461e-81a7-4cab8a70bc6e HTTP/1.1" status: 204 len: 168 time: 0.2213676
2026-05-29 23:15:47.967 9 INFO neutron.db.segments_db [None req-d5e0ee04-f73b-4d41-94a4-c3582c832aa1 51c44bae52fa4672aa6059f3bb9f75cb 06fac9cb44564b8f84e2c68995eac3ea - - default default] Added segment 3615132b-bf41-4bf7-9db2-670835f769c5 of type geneve for network 82a2956f-99a4-4a9a-bf5d-e9c053e7029a
2026-05-29 23:15:47.979 10 WARNING neutron.scheduler.dhcp_agent_scheduler [None req-a96d1872-8d8b-48bb-9671-261a586540a7 944c208ddf5147fcbad9840865d0e6dc f4f5ad5de9fc4992abdd355f949b21a4 - - default default] No more DHCP agents
2026-05-29 23:15:47.980 10 WARNING neutron.api.rpc.agentnotifiers.dhcp_rpc_agent_api [None req-a96d1872-8d8b-48bb-9671-261a586540a7 944c208ddf5147fcbad9840865d0e6dc f4f5ad5de9fc4992abdd355f949b21a4 - - default default] Unable to schedule network dd96b4a6-a3a7-4736-9dae-3689b428e0ba: no agents available; will retry on subsequent port and subnet creation events.
2026-05-29 23:15:48.027 10 INFO neutron.db.ovn_revision_numbers_db [None req-a96d1872-8d8b-48bb-9671-261a586540a7 944c208ddf5147fcbad9840865d0e6dc f4f5ad5de9fc4992abdd355f949b21a4 - - default default] Successfully bumped revision number for resource a5e1d2f8-96d5-47b5-9902-ca40c1adddfd (type: ports) to 1
2026-05-29 23:15:48.042 10 INFO neutron.api.wsgi [None req-a96d1872-8d8b-48bb-9671-261a586540a7 944c208ddf5147fcbad9840865d0e6dc f4f5ad5de9fc4992abdd355f949b21a4 - - default default] 10.0.0.115 "POST /v2.0/networks HTTP/1.1" status: 201 len: 828 time: 0.4204423
2026-05-29 23:15:48.050 10 WARNING neutron_lib.context [None req-3b306879-c6ac-4850-bb45-9b682b5df9a9 944c208ddf5147fcbad9840865d0e6dc f4f5ad5de9fc4992abdd355f949b21a4 - - default default] Method 'is_advsvc' is deprecated since 2023.2 release (neutron-lib 3.8.0) and will be removed once support for the old RBAC API policies will be removed from Neutron. Please use method 'is_service_role' instead.
2026-05-29 23:15:48.089 9 INFO neutron.api.wsgi [None req-db270f5f-19f0-44bd-bfc0-ba51eeacf035 666683ce59f74e418ed9ee95f283e509 ff43a2eefa8043f9acb8f3e64b073de8 - - default default] 10.0.0.115 "GET /v2.0/security-groups?tenant_id=3d7b92ba22604779a8e54513bc0ae8a9&name=default HTTP/1.1" status: 200 len: 3120 time: 0.0388753
2026-05-29 23:15:48.100 9 INFO neutron.db.ovn_revision_numbers_db [None req-d5e0ee04-f73b-4d41-94a4-c3582c832aa1 51c44bae52fa4672aa6059f3bb9f75cb 06fac9cb44564b8f84e2c68995eac3ea - - default default] Successfully bumped revision number for resource 82a2956f-99a4-4a9a-bf5d-e9c053e7029a (type: networks) to 1
2026-05-29 23:15:48.188 10 WARNING neutron.scheduler.dhcp_agent_scheduler [None req-3b306879-c6ac-4850-bb45-9b682b5df9a9 944c208ddf5147fcbad9840865d0e6dc f4f5ad5de9fc4992abdd355f949b21a4 - - default default] No more DHCP agents
2026-05-29 23:15:48.189 10 WARNING neutron.api.rpc.agentnotifiers.dhcp_rpc_agent_api [None req-3b306879-c6ac-4850-bb45-9b682b5df9a9 944c208ddf5147fcbad9840865d0e6dc f4f5ad5de9fc4992abdd355f949b21a4 - - default default] Unable to schedule network dd96b4a6-a3a7-4736-9dae-3689b428e0ba: no agents available; will retry on subsequent port and subnet creation events.
2026-05-29 23:15:48.294 9 WARNING neutron.scheduler.dhcp_agent_scheduler [None req-d5e0ee04-f73b-4d41-94a4-c3582c832aa1 51c44bae52fa4672aa6059f3bb9f75cb 06fac9cb44564b8f84e2c68995eac3ea - - default default] No more DHCP agents
2026-05-29 23:15:48.296 9 WARNING neutron.api.rpc.agentnotifiers.dhcp_rpc_agent_api [None req-d5e0ee04-f73b-4d41-94a4-c3582c832aa1 51c44bae52fa4672aa6059f3bb9f75cb 06fac9cb44564b8f84e2c68995eac3ea - - default default] Unable to schedule network 82a2956f-99a4-4a9a-bf5d-e9c053e7029a: no agents available; will retry on subsequent port and subnet creation events.
2026-05-29 23:15:48.357 9 INFO neutron.api.wsgi [None req-2cbdc906-bcd8-4c17-9721-a2648443619e 666683ce59f74e418ed9ee95f283e509 ff43a2eefa8043f9acb8f3e64b073de8 - - default default] 10.0.0.115 "DELETE /v2.0/security-groups/9c5388b6-2369-4056-b55b-dc98641413ce HTTP/1.1" status: 204 len: 168 time: 0.2621298
2026-05-29 23:15:48.360 9 INFO neutron.db.ovn_revision_numbers_db [None req-d5e0ee04-f73b-4d41-94a4-c3582c832aa1 51c44bae52fa4672aa6059f3bb9f75cb 06fac9cb44564b8f84e2c68995eac3ea - - default default] Successfully bumped revision number for resource 40a05d84-26c9-405a-a1f8-602c23a41ea4 (type: ports) to 1
2026-05-29 23:15:48.378 9 INFO neutron.api.wsgi [None req-d5e0ee04-f73b-4d41-94a4-c3582c832aa1 51c44bae52fa4672aa6059f3bb9f75cb 06fac9cb44564b8f84e2c68995eac3ea - - default default] 10.0.0.115 "POST /v2.0/networks HTTP/1.1" status: 201 len: 846 time: 0.4944093
2026-05-29 23:15:48.521 9 INFO neutron.db.ovn_revision_numbers_db [None req-45899199-11f7-4cd4-bcfe-ad7f39e29f2c 51c44bae52fa4672aa6059f3bb9f75cb 06fac9cb44564b8f84e2c68995eac3ea - - default default] Successfully bumped revision number for resource 82a2956f-99a4-4a9a-bf5d-e9c053e7029a (type: networks) to 2
2026-05-29 23:15:48.525 9 INFO neutron.api.wsgi [None req-45899199-11f7-4cd4-bcfe-ad7f39e29f2c 51c44bae52fa4672aa6059f3bb9f75cb 06fac9cb44564b8f84e2c68995eac3ea - - default default] 10.0.0.115 "PUT /v2.0/networks/82a2956f-99a4-4a9a-bf5d-e9c053e7029a HTTP/1.1" status: 200 len: 792 time: 0.1417294
2026-05-29 23:15:48.534 9 WARNING neutron_lib.context [None req-09c4081c-057a-436c-b079-58600a582f21 51c44bae52fa4672aa6059f3bb9f75cb 06fac9cb44564b8f84e2c68995eac3ea - - default default] Method 'is_advsvc' is deprecated since 2023.2 release (neutron-lib 3.8.0) and will be removed once support for the old RBAC API policies will be removed from Neutron. Please use method 'is_service_role' instead.
2026-05-29 23:15:48.563 10 INFO neutron.db.ovn_revision_numbers_db [None req-5b4d4500-5e82-426d-a3b7-b1aee62f047d - - - - - -] Successfully bumped revision number for resource a5e1d2f8-96d5-47b5-9902-ca40c1adddfd (type: ports) to 2
2026-05-29 23:15:48.597 10 INFO neutron.db.ovn_revision_numbers_db [None req-5b4d4500-5e82-426d-a3b7-b1aee62f047d - - - - - -] Successfully bumped revision number for resource 657f67ad-55dd-42f2-a422-6e26a22592be (type: subnets) to 0
2026-05-29 23:15:48.600 10 INFO neutron.db.ovn_revision_numbers_db [None req-25d94218-344e-47ae-b444-676e4945f467 666683ce59f74e418ed9ee95f283e509 ff43a2eefa8043f9acb8f3e64b073de8 - - default default] Successfully bumped revision number for resource f9b2095e-c24f-460b-a514-f4a64a5e2d6e (type: security_groups) to 1
2026-05-29 23:15:48.615 10 INFO neutron.api.wsgi [None req-3b306879-c6ac-4850-bb45-9b682b5df9a9 944c208ddf5147fcbad9840865d0e6dc f4f5ad5de9fc4992abdd355f949b21a4 - - default default] 10.0.0.115 "POST /v2.0/subnets HTTP/1.1" status: 201 len: 825 time: 0.5680218
2026-05-29 23:15:48.616 10 INFO neutron.db.ovn_revision_numbers_db [None req-25d94218-344e-47ae-b444-676e4945f467 666683ce59f74e418ed9ee95f283e509 ff43a2eefa8043f9acb8f3e64b073de8 - - default default] Successfully bumped revision number for resource 2d63980d-850d-4bc1-87d8-1a2fb346f729 (type: security_group_rules) to 0
2026-05-29 23:15:48.624 10 WARNING neutron_lib.context [None req-f4853d69-5815-4e7c-8e0f-d5e54990a31b 944c208ddf5147fcbad9840865d0e6dc f4f5ad5de9fc4992abdd355f949b21a4 - - default default] Method 'is_advsvc' is deprecated since 2023.2 release (neutron-lib 3.8.0) and will be removed once support for the old RBAC API policies will be removed from Neutron. Please use method 'is_service_role' instead.
2026-05-29 23:15:48.635 10 INFO neutron.db.ovn_revision_numbers_db [None req-25d94218-344e-47ae-b444-676e4945f467 666683ce59f74e418ed9ee95f283e509 ff43a2eefa8043f9acb8f3e64b073de8 - - default default] Successfully bumped revision number for resource 3598596d-bec1-453c-a930-695b08884e99 (type: security_group_rules) to 0
2026-05-29 23:15:48.649 10 INFO neutron.db.ovn_revision_numbers_db [None req-25d94218-344e-47ae-b444-676e4945f467 666683ce59f74e418ed9ee95f283e509 ff43a2eefa8043f9acb8f3e64b073de8 - - default default] Successfully bumped revision number for resource 5506e4ab-afa8-4aac-bc93-cdee3db89291 (type: security_group_rules) to 0
2026-05-29 23:15:48.666 10 INFO neutron.db.ovn_revision_numbers_db [None req-25d94218-344e-47ae-b444-676e4945f467 666683ce59f74e418ed9ee95f283e509 ff43a2eefa8043f9acb8f3e64b073de8 - - default default] Successfully bumped revision number for resource c08c99bd-a708-42bb-bdf0-bdb145a887bc (type: security_group_rules) to 0
2026-05-29 23:15:48.712 10 INFO neutron.api.wsgi [None req-25d94218-344e-47ae-b444-676e4945f467 666683ce59f74e418ed9ee95f283e509 ff43a2eefa8043f9acb8f3e64b073de8 - - default default] 10.0.0.115 "GET /v2.0/security-groups?tenant_id=3343751822494cedb166a3ca740aab11&name=default HTTP/1.1" status: 200 len: 3120 time: 0.2345214
2026-05-29 23:15:48.717 9 WARNING neutron.scheduler.dhcp_agent_scheduler [None req-09c4081c-057a-436c-b079-58600a582f21 51c44bae52fa4672aa6059f3bb9f75cb 06fac9cb44564b8f84e2c68995eac3ea - - default default] No more DHCP agents
2026-05-29 23:15:48.718 10 INFO neutron.db.ovn_revision_numbers_db [None req-f4853d69-5815-4e7c-8e0f-d5e54990a31b 944c208ddf5147fcbad9840865d0e6dc f4f5ad5de9fc4992abdd355f949b21a4 - - default default] Successfully bumped revision number for resource 0c322fec-25de-4448-b1b7-af39e775837e (type: routers) to 1
2026-05-29 23:15:48.719 9 WARNING neutron.api.rpc.agentnotifiers.dhcp_rpc_agent_api [None req-09c4081c-057a-436c-b079-58600a582f21 51c44bae52fa4672aa6059f3bb9f75cb 06fac9cb44564b8f84e2c68995eac3ea - - default default] Unable to schedule network 82a2956f-99a4-4a9a-bf5d-e9c053e7029a: no agents available; will retry on subsequent port and subnet creation events.
