2026-05-29 23:13:00.070 10 INFO neutron.api.wsgi [req-ca5d9aa3-5323-43c2-a3dc-9306327d502e req-41e7ccc7-3052-49e5-9185-f6b3f5b1129e dcbbf9dc29b7435ebbb6874d86552432 ee8a0deb119649c68705c43681641589 - - default default] 199.204.45.95 "POST /v2.0/ports HTTP/1.1" status: 201 len: 1158 time: 0.6347976
2026-05-29 23:13:00.081 10 INFO neutron.api.wsgi [req-ca5d9aa3-5323-43c2-a3dc-9306327d502e req-79f64568-5482-4df1-a4db-32aa1cf7699a dcbbf9dc29b7435ebbb6874d86552432 ee8a0deb119649c68705c43681641589 - - default default] 199.204.45.95 "GET /v2.0/extensions HTTP/1.1" status: 200 len: 19298 time: 0.0063438
2026-05-29 23:13:00.108 9 INFO neutron.api.wsgi [None req-bd10edb1-5772-40fc-840f-3ff9c0d7d46c 6f2142a590e3489d80c363a983ad6159 d9f8cc9d928448f7b41fd0178634fea1 - - default default] 10.0.0.115 "GET /v2.0/networks HTTP/1.1" status: 200 len: 845 time: 0.0602698
2026-05-29 23:13:00.123 10 WARNING neutron_lib.context [None req-3b67293d-2088-44e3-800f-8b2605f3a734 6f2142a590e3489d80c363a983ad6159 d9f8cc9d928448f7b41fd0178634fea1 - - default default] Method 'is_advsvc' is deprecated since 2023.2 release (neutron-lib 3.8.0) and will be removed once support for the old RBAC API policies will be removed from Neutron. Please use method 'is_service_role' instead.
2026-05-29 23:13:00.210 10 INFO neutron.db.segments_db [None req-3b67293d-2088-44e3-800f-8b2605f3a734 6f2142a590e3489d80c363a983ad6159 d9f8cc9d928448f7b41fd0178634fea1 - - default default] Added segment ed200db9-3cef-4ec2-a9c7-fc51a4f22be8 of type geneve for network c0831d64-48d9-4b10-947d-3b653dbd081f
2026-05-29 23:13:00.358 10 INFO neutron.db.ovn_revision_numbers_db [None req-3b67293d-2088-44e3-800f-8b2605f3a734 6f2142a590e3489d80c363a983ad6159 d9f8cc9d928448f7b41fd0178634fea1 - - default default] Successfully bumped revision number for resource c0831d64-48d9-4b10-947d-3b653dbd081f (type: networks) to 1
2026-05-29 23:13:00.410 9 INFO neutron.plugins.ml2.drivers.ovn.mech_driver.ovsdb.commands [None req-48855d10-e913-4b96-828e-0ee901114593 - - - - - -] Schedule LRP lrp-a71182b5-487a-48c6-93ee-9dc54d2b91c9 on gateway e8322966-2a75-4155-bf80-7bdca052e51e with priority 1
2026-05-29 23:13:00.418 9 INFO neutron.plugins.ml2.drivers.ovn.mech_driver.mech_driver [None req-b15fce6a-901d-439e-bc51-58bf48b47d2c - - - - - -] OVN reports status up for port: a71182b5-487a-48c6-93ee-9dc54d2b91c9
2026-05-29 23:13:00.433 9 INFO neutron.plugins.ml2.drivers.ovn.mech_driver.ovsdb.ovsdb_monitor [None req-96b68715-d541-4379-89ee-565ba52a5870 - - - - - -] Router b2bef549-31bb-46a5-b77d-5a3eb5fb65bc is bound to host instance
2026-05-29 23:13:00.440 9 INFO neutron.plugins.ml2.plugin [None req-b15fce6a-901d-439e-bc51-58bf48b47d2c - - - - - -] Attempt 1 to provision port a71182b5-487a-48c6-93ee-9dc54d2b91c9
2026-05-29 23:13:00.465 9 INFO neutron.db.ovn_revision_numbers_db [None req-24a346f6-061d-45f6-9cf7-64d81eb4ae24 666683ce59f74e418ed9ee95f283e509 ff43a2eefa8043f9acb8f3e64b073de8 - - default default] Successfully bumped revision number for resource a71182b5-487a-48c6-93ee-9dc54d2b91c9 (type: router_ports) to 1
2026-05-29 23:13:00.545 10 WARNING neutron.scheduler.dhcp_agent_scheduler [None req-3b67293d-2088-44e3-800f-8b2605f3a734 6f2142a590e3489d80c363a983ad6159 d9f8cc9d928448f7b41fd0178634fea1 - - default default] No more DHCP agents
2026-05-29 23:13:00.546 10 WARNING neutron.api.rpc.agentnotifiers.dhcp_rpc_agent_api [None req-3b67293d-2088-44e3-800f-8b2605f3a734 6f2142a590e3489d80c363a983ad6159 d9f8cc9d928448f7b41fd0178634fea1 - - default default] Unable to schedule network c0831d64-48d9-4b10-947d-3b653dbd081f: no agents available; will retry on subsequent port and subnet creation events.
2026-05-29 23:13:00.548 9 INFO neutron.db.ovn_revision_numbers_db [None req-24a346f6-061d-45f6-9cf7-64d81eb4ae24 666683ce59f74e418ed9ee95f283e509 ff43a2eefa8043f9acb8f3e64b073de8 - - default default] Successfully bumped revision number for resource b2bef549-31bb-46a5-b77d-5a3eb5fb65bc (type: routers) to 2
2026-05-29 23:13:00.567 9 INFO neutron.api.wsgi [None req-24a346f6-061d-45f6-9cf7-64d81eb4ae24 666683ce59f74e418ed9ee95f283e509 ff43a2eefa8043f9acb8f3e64b073de8 - - default default] 10.0.0.115 "POST /v2.0/routers HTTP/1.1" status: 201 len: 1175 time: 1.3090699
2026-05-29 23:13:00.645 10 INFO neutron.db.ovn_revision_numbers_db [None req-3b67293d-2088-44e3-800f-8b2605f3a734 6f2142a590e3489d80c363a983ad6159 d9f8cc9d928448f7b41fd0178634fea1 - - default default] Successfully bumped revision number for resource 1f93b2a7-07d3-4a90-b731-ab480d8cd2ce (type: ports) to 1
2026-05-29 23:13:00.677 10 INFO neutron.api.wsgi [None req-3b67293d-2088-44e3-800f-8b2605f3a734 6f2142a590e3489d80c363a983ad6159 d9f8cc9d928448f7b41fd0178634fea1 - - default default] 10.0.0.115 "POST /v2.0/networks HTTP/1.1" status: 201 len: 848 time: 0.5584910
2026-05-29 23:13:00.687 10 WARNING neutron_lib.context [None req-822f64de-22e0-482b-a479-f624a601006a 6f2142a590e3489d80c363a983ad6159 d9f8cc9d928448f7b41fd0178634fea1 - - default default] Method 'is_advsvc' is deprecated since 2023.2 release (neutron-lib 3.8.0) and will be removed once support for the old RBAC API policies will be removed from Neutron. Please use method 'is_service_role' instead.
2026-05-29 23:13:00.786 10 INFO neutron.db.segments_db [None req-822f64de-22e0-482b-a479-f624a601006a 6f2142a590e3489d80c363a983ad6159 d9f8cc9d928448f7b41fd0178634fea1 - - default default] Added segment cc76d0a4-9b6b-4ad9-aeec-ee4ece808859 of type geneve for network 2b9e6237-6566-402e-a822-c46103b76d00
2026-05-29 23:13:00.945 10 INFO neutron.db.ovn_revision_numbers_db [None req-822f64de-22e0-482b-a479-f624a601006a 6f2142a590e3489d80c363a983ad6159 d9f8cc9d928448f7b41fd0178634fea1 - - default default] Successfully bumped revision number for resource 2b9e6237-6566-402e-a822-c46103b76d00 (type: networks) to 1
2026-05-29 23:13:01.022 10 INFO neutron.db.ovn_revision_numbers_db [req-ca5d9aa3-5323-43c2-a3dc-9306327d502e req-b471de11-517e-4db7-8471-63097f84e027 404a085e5dc04a73a07ed911e89adbb0 dbfd979046a24a26a3699b07287782c7 - - 45b280749b834deca4faf0a8d83b225b 45b280749b834deca4faf0a8d83b225b] Successfully bumped revision number for resource 9abb9f0d-8984-403b-9b71-d06556128be7 (type: ports) to 2
2026-05-29 23:13:01.115 9 INFO neutron.db.ovn_revision_numbers_db [None req-b8b25a87-43b9-410e-b39e-6c32023c4233 - - - - - -] Successfully bumped revision number for resource a71182b5-487a-48c6-93ee-9dc54d2b91c9 (type: ports) to 1
2026-05-29 23:13:01.128 10 WARNING neutron.scheduler.dhcp_agent_scheduler [None req-822f64de-22e0-482b-a479-f624a601006a 6f2142a590e3489d80c363a983ad6159 d9f8cc9d928448f7b41fd0178634fea1 - - default default] No more DHCP agents
2026-05-29 23:13:01.130 10 WARNING neutron.api.rpc.agentnotifiers.dhcp_rpc_agent_api [None req-822f64de-22e0-482b-a479-f624a601006a 6f2142a590e3489d80c363a983ad6159 d9f8cc9d928448f7b41fd0178634fea1 - - default default] Unable to schedule network 2b9e6237-6566-402e-a822-c46103b76d00: no agents available; will retry on subsequent port and subnet creation events.
2026-05-29 23:13:01.225 10 INFO neutron.db.ovn_revision_numbers_db [None req-822f64de-22e0-482b-a479-f624a601006a 6f2142a590e3489d80c363a983ad6159 d9f8cc9d928448f7b41fd0178634fea1 - - default default] Successfully bumped revision number for resource 8b94add0-34da-42ff-a6bb-fc0b9f9889bf (type: ports) to 1
2026-05-29 23:13:01.230 9 INFO neutron.api.wsgi [req-0f7a2945-7a3c-491b-8c15-7adfa3658f13 req-7dfc72c4-b679-4cf5-92c1-b32dd7ab5a21 dcbbf9dc29b7435ebbb6874d86552432 ee8a0deb119649c68705c43681641589 - - default default] 10.0.0.10 "GET /v2.0/ports?device_id=fa308623-a42a-4997-b564-9629fe2b1800 HTTP/1.1" status: 200 len: 1168 time: 0.1167092
2026-05-29 23:13:01.289 10 INFO neutron.api.wsgi [None req-822f64de-22e0-482b-a479-f624a601006a 6f2142a590e3489d80c363a983ad6159 d9f8cc9d928448f7b41fd0178634fea1 - - default default] 10.0.0.115 "POST /v2.0/networks HTTP/1.1" status: 201 len: 848 time: 0.6063011
2026-05-29 23:13:01.294 9 INFO neutron.api.wsgi [req-0f7a2945-7a3c-491b-8c15-7adfa3658f13 req-963d3455-4a3d-4863-9564-c0536e5eaf8a dcbbf9dc29b7435ebbb6874d86552432 ee8a0deb119649c68705c43681641589 - - default default] 10.0.0.10 "GET /v2.0/security-groups?id=97745720-6f31-40aa-9f56-97641f9fc611&fields=id&fields=name HTTP/1.1" status: 200 len: 312 time: 0.0531940 /var/lib/openstack/lib/python3.12/site-packages/pycadf/identifier.py:71: UserWarning: Invalid uuid: neutron. To ensure interoperability, identifiers should be a valid uuid. warnings.warn(('Invalid uuid: %s. To ensure interoperability, '
2026-05-29 23:13:01.302 9 WARNING neutron.scheduler.dhcp_agent_scheduler [None req-676eab0e-f46d-4b19-9305-d17bae73655f 666683ce59f74e418ed9ee95f283e509 ff43a2eefa8043f9acb8f3e64b073de8 - - default default] No more DHCP agents
2026-05-29 23:13:01.302 10 WARNING neutron_lib.context [None req-59564b39-644a-4921-b998-53b4b33678b8 6f2142a590e3489d80c363a983ad6159 d9f8cc9d928448f7b41fd0178634fea1 - - default default] Method 'is_advsvc' is deprecated since 2023.2 release (neutron-lib 3.8.0) and will be removed once support for the old RBAC API policies will be removed from Neutron. Please use method 'is_service_role' instead.
2026-05-29 23:13:01.303 9 WARNING neutron.api.rpc.agentnotifiers.dhcp_rpc_agent_api [None req-676eab0e-f46d-4b19-9305-d17bae73655f 666683ce59f74e418ed9ee95f283e509 ff43a2eefa8043f9acb8f3e64b073de8 - - default default] Unable to schedule network 75aa3d52-eea6-4e9f-ae41-942110d2881d: no agents available; will retry on subsequent port and subnet creation events.
2026-05-29 23:13:01.305 10 INFO neutron.db.ovn_revision_numbers_db [req-ca5d9aa3-5323-43c2-a3dc-9306327d502e req-b471de11-517e-4db7-8471-63097f84e027 404a085e5dc04a73a07ed911e89adbb0 dbfd979046a24a26a3699b07287782c7 - - 45b280749b834deca4faf0a8d83b225b 45b280749b834deca4faf0a8d83b225b] Successfully bumped revision number for resource 9abb9f0d-8984-403b-9b71-d06556128be7 (type: ports) to 4
2026-05-29 23:13:01.324 10 INFO neutron.api.wsgi [req-ca5d9aa3-5323-43c2-a3dc-9306327d502e req-b471de11-517e-4db7-8471-63097f84e027 404a085e5dc04a73a07ed911e89adbb0 dbfd979046a24a26a3699b07287782c7 - - 45b280749b834deca4faf0a8d83b225b 45b280749b834deca4faf0a8d83b225b] 199.204.45.95 "PUT /v2.0/ports/9abb9f0d-8984-403b-9b71-d06556128be7 HTTP/1.1" status: 200 len: 1404 time: 0.8513534
2026-05-29 23:13:01.336 10 WARNING neutron_lib.context [None req-59564b39-644a-4921-b998-53b4b33678b8 6f2142a590e3489d80c363a983ad6159 d9f8cc9d928448f7b41fd0178634fea1 - - default default] Method 'is_advsvc' is deprecated since 2023.2 release (neutron-lib 3.8.0) and will be removed once support for the old RBAC API policies will be removed from Neutron. Please use method 'is_service_role' instead.
2026-05-29 23:13:01.527 9 INFO neutron.db.ovn_revision_numbers_db [None req-676eab0e-f46d-4b19-9305-d17bae73655f 666683ce59f74e418ed9ee95f283e509 ff43a2eefa8043f9acb8f3e64b073de8 - - default default] Successfully bumped revision number for resource 183e369e-129f-4dad-a528-9d675617f6ba (type: ports) to 1
2026-05-29 23:13:01.555 10 INFO neutron.services.segments.plugin [-] Segment b8a4510a-8c51-41f8-98f7-df42ad65d476 resource provider aggregate not found
2026-05-29 23:13:01.559 10 INFO neutron.services.segments.plugin [-] Segment b8a4510a-8c51-41f8-98f7-df42ad65d476 resource provider aggregate not found
2026-05-29 23:13:01.561 9 INFO neutron.db.ovn_revision_numbers_db [None req-b8b25a87-43b9-410e-b39e-6c32023c4233 - - - - - -] Successfully bumped revision number for resource a71182b5-487a-48c6-93ee-9dc54d2b91c9 (type: ports) to 4
2026-05-29 23:13:01.578 10 INFO neutron.services.segments.plugin [-] Segment b8a4510a-8c51-41f8-98f7-df42ad65d476 resource provider not found; error: Placement Client Error (4xx): {"errors": [{"status": 404, "title": "Not Found", "detail": "The resource could not be found.\n\n No resource provider with uuid b8a4510a-8c51-41f8-98f7-df42ad65d476 found for delete ", "request_id": "req-0de58170-9f9b-47b0-a152-9df593ceb35b"}]}
2026-05-29 23:13:01.579 10 INFO neutron.services.segments.plugin [-] Segment b8a4510a-8c51-41f8-98f7-df42ad65d476 resource provider not found; error: Placement Client Error (4xx): {"errors": [{"status": 404, "title": "Not Found", "detail": "The resource could not be found.\n\n No resource provider with uuid b8a4510a-8c51-41f8-98f7-df42ad65d476 found for delete ", "request_id": "req-a2ac3655-9970-4c37-a78e-98f6fcdd6f7f"}]}
2026-05-29 23:13:01.873 10 INFO neutron.notifiers.nova [-] Nova event matching ['req-6fa0d5cd-85dc-46c2-ba0b-cdb9d9925a83'] response: {'name': 'network-changed', 'server_uuid': 'fa308623-a42a-4997-b564-9629fe2b1800', 'tag': '9abb9f0d-8984-403b-9b71-d06556128be7', 'status': 'completed', 'code': 200}
2026-05-29 23:13:02.016 10 WARNING neutron.scheduler.dhcp_agent_scheduler [None req-59564b39-644a-4921-b998-53b4b33678b8 6f2142a590e3489d80c363a983ad6159 d9f8cc9d928448f7b41fd0178634fea1 - - default default] No more DHCP agents
2026-05-29 23:13:02.018 10 WARNING neutron.api.rpc.agentnotifiers.dhcp_rpc_agent_api [None req-59564b39-644a-4921-b998-53b4b33678b8 6f2142a590e3489d80c363a983ad6159 d9f8cc9d928448f7b41fd0178634fea1 - - default default] Unable to schedule network c0831d64-48d9-4b10-947d-3b653dbd081f: no agents available; will retry on subsequent port and subnet creation events.
2026-05-29 23:13:02.169 10 INFO neutron.plugins.ml2.drivers.ovn.mech_driver.mech_driver [None req-e9c0951c-6ea4-4c34-b4f8-8c6163722416 - - - - - -] OVN reports status up for port: 183e369e-129f-4dad-a528-9d675617f6ba
2026-05-29 23:13:02.181 10 INFO neutron.plugins.ml2.plugin [None req-e9c0951c-6ea4-4c34-b4f8-8c6163722416 - - - - - -] Attempt 1 to provision port 183e369e-129f-4dad-a528-9d675617f6ba
2026-05-29 23:13:02.196 9 INFO neutron.db.ovn_revision_numbers_db [None req-676eab0e-f46d-4b19-9305-d17bae73655f 666683ce59f74e418ed9ee95f283e509 ff43a2eefa8043f9acb8f3e64b073de8 - - default default] Successfully bumped revision number for resource 183e369e-129f-4dad-a528-9d675617f6ba (type: ports) to 1
2026-05-29 23:13:02.243 9 WARNING neutron.scheduler.dhcp_agent_scheduler [None req-676eab0e-f46d-4b19-9305-d17bae73655f 666683ce59f74e418ed9ee95f283e509 ff43a2eefa8043f9acb8f3e64b073de8 - - default default] No more DHCP agents
2026-05-29 23:13:02.245 9 WARNING neutron.api.rpc.agentnotifiers.dhcp_rpc_agent_api [None req-676eab0e-f46d-4b19-9305-d17bae73655f 666683ce59f74e418ed9ee95f283e509 ff43a2eefa8043f9acb8f3e64b073de8 - - default default] Unable to schedule network 75aa3d52-eea6-4e9f-ae41-942110d2881d: no agents available; will retry on subsequent port and subnet creation events.
2026-05-29 23:13:02.246 9 INFO neutron.db.ovn_revision_numbers_db [None req-b8b25a87-43b9-410e-b39e-6c32023c4233 - - - - - -] Successfully bumped revision number for resource a71182b5-487a-48c6-93ee-9dc54d2b91c9 (type: ports) to 5
2026-05-29 23:13:02.283 10 INFO neutron.db.ovn_revision_numbers_db [None req-59564b39-644a-4921-b998-53b4b33678b8 6f2142a590e3489d80c363a983ad6159 d9f8cc9d928448f7b41fd0178634fea1 - - default default] Successfully bumped revision number for resource 85cb07cf-864e-4b75-8664-f7b0e8074b8b (type: ports) to 1 /var/lib/openstack/lib/python3.12/site-packages/pycadf/identifier.py:71: UserWarning: Invalid uuid: neutron. To ensure interoperability, identifiers should be a valid uuid. warnings.warn(('Invalid uuid: %s. To ensure interoperability, '
2026-05-29 23:13:02.366 10 WARNING neutron.scheduler.dhcp_agent_scheduler [None req-59564b39-644a-4921-b998-53b4b33678b8 6f2142a590e3489d80c363a983ad6159 d9f8cc9d928448f7b41fd0178634fea1 - - default default] No more DHCP agents
2026-05-29 23:13:02.368 10 WARNING neutron.api.rpc.agentnotifiers.dhcp_rpc_agent_api [None req-59564b39-644a-4921-b998-53b4b33678b8 6f2142a590e3489d80c363a983ad6159 d9f8cc9d928448f7b41fd0178634fea1 - - default default] Unable to schedule network 2b9e6237-6566-402e-a822-c46103b76d00: no agents available; will retry on subsequent port and subnet creation events.
2026-05-29 23:13:02.394 10 INFO neutron.api.wsgi [req-ca5d9aa3-5323-43c2-a3dc-9306327d502e req-ce84a4f1-0a16-49b2-9fd7-788d9e8b2f98 404a085e5dc04a73a07ed911e89adbb0 dbfd979046a24a26a3699b07287782c7 - - 45b280749b834deca4faf0a8d83b225b 45b280749b834deca4faf0a8d83b225b] 199.204.45.95 "GET /v2.0/ports?tenant_id=ee8a0deb119649c68705c43681641589&device_id=fa308623-a42a-4997-b564-9629fe2b1800 HTTP/1.1" status: 200 len: 1407 time: 0.0589581
2026-05-29 23:13:02.404 9 INFO neutron.api.wsgi [req-c4fd65bd-e528-4e1c-95a7-2624881e0f57 req-e675ff62-f79f-4d3b-b3df-0e5b49c6685a dcbbf9dc29b7435ebbb6874d86552432 ee8a0deb119649c68705c43681641589 - - default default] 10.0.0.10 "GET /v2.0/ports?device_id=fa308623-a42a-4997-b564-9629fe2b1800 HTTP/1.1" status: 200 len: 1168 time: 0.0442162
2026-05-29 23:13:02.429 10 INFO neutron.api.wsgi [req-ca5d9aa3-5323-43c2-a3dc-9306327d502e req-df234615-542d-4ae5-94c9-76d4d721a5b4 404a085e5dc04a73a07ed911e89adbb0 dbfd979046a24a26a3699b07287782c7 - - 45b280749b834deca4faf0a8d83b225b 45b280749b834deca4faf0a8d83b225b] 199.204.45.95 "GET /v2.0/floatingips?fixed_ip_address=10.100.0.9&port_id=9abb9f0d-8984-403b-9b71-d06556128be7 HTTP/1.1" status: 200 len: 217 time: 0.0300498
2026-05-29 23:13:02.447 9 INFO neutron.api.wsgi [req-c4fd65bd-e528-4e1c-95a7-2624881e0f57 req-c37097b6-5126-4730-b69b-564d64bd0521 dcbbf9dc29b7435ebbb6874d86552432 ee8a0deb119649c68705c43681641589 - - default default] 10.0.0.10 "GET /v2.0/security-groups?id=97745720-6f31-40aa-9f56-97641f9fc611&fields=id&fields=name HTTP/1.1" status: 200 len: 312 time: 0.0370619
2026-05-29 23:13:02.465 10 INFO neutron.api.wsgi [req-ca5d9aa3-5323-43c2-a3dc-9306327d502e req-b32a1074-f9a5-462b-b01a-a464a3f26f05 404a085e5dc04a73a07ed911e89adbb0 dbfd979046a24a26a3699b07287782c7 - - 45b280749b834deca4faf0a8d83b225b 45b280749b834deca4faf0a8d83b225b] 199.204.45.95 "GET /v2.0/subnets?id=570b6cf7-c75c-4b66-9043-15954c6fd648 HTTP/1.1" status: 200 len: 897 time: 0.0273883
2026-05-29 23:13:02.497 10 INFO neutron.api.wsgi [req-ca5d9aa3-5323-43c2-a3dc-9306327d502e req-8d9720f9-5b3b-4406-a06f-e856efe1812c 404a085e5dc04a73a07ed911e89adbb0 dbfd979046a24a26a3699b07287782c7 - - 45b280749b834deca4faf0a8d83b225b 45b280749b834deca4faf0a8d83b225b] 199.204.45.95 "GET /v2.0/ports?network_id=a51f8194-02f4-4cf2-972c-d34a51b35cea&device_owner=network%3Adhcp HTTP/1.1" status: 200 len: 210 time: 0.0243199
2026-05-29 23:13:02.536 10 INFO neutron.api.wsgi [req-ca5d9aa3-5323-43c2-a3dc-9306327d502e req-8d9058ef-4dc7-4f26-ab5f-1c2181112e81 404a085e5dc04a73a07ed911e89adbb0 dbfd979046a24a26a3699b07287782c7 - - 45b280749b834deca4faf0a8d83b225b 45b280749b834deca4faf0a8d83b225b] 199.204.45.95 "GET /v2.0/networks/a51f8194-02f4-4cf2-972c-d34a51b35cea?fields=segments HTTP/1.1" status: 200 len: 212 time: 0.0321591
2026-05-29 23:13:02.578 10 INFO neutron.api.wsgi [req-ca5d9aa3-5323-43c2-a3dc-9306327d502e req-44875dd1-6cc2-410c-bed3-74bdf448337a 404a085e5dc04a73a07ed911e89adbb0 dbfd979046a24a26a3699b07287782c7 - - 45b280749b834deca4faf0a8d83b225b 45b280749b834deca4faf0a8d83b225b] 199.204.45.95 "GET /v2.0/networks/a51f8194-02f4-4cf2-972c-d34a51b35cea?fields=provider%3Aphysical_network&fields=provider%3Anetwork_type HTTP/1.1" status: 200 len: 277 time: 0.0356443
2026-05-29 23:13:02.621 10 INFO neutron.db.ovn_revision_numbers_db [None req-59564b39-644a-4921-b998-53b4b33678b8 6f2142a590e3489d80c363a983ad6159 d9f8cc9d928448f7b41fd0178634fea1 - - default default] Successfully bumped revision number for resource 1a6934b4-3f4f-4063-80ce-455b14be97c4 (type: ports) to 1
2026-05-29 23:13:02.668 10 INFO neutron.api.wsgi [None req-59564b39-644a-4921-b998-53b4b33678b8 6f2142a590e3489d80c363a983ad6159 d9f8cc9d928448f7b41fd0178634fea1 - - default default] 10.0.0.115 "POST /v2.0/ports HTTP/1.1" status: 201 len: 1705 time: 1.3729887
2026-05-29 23:13:02.909 9 INFO neutron.db.ovn_revision_numbers_db [None req-676eab0e-f46d-4b19-9305-d17bae73655f 666683ce59f74e418ed9ee95f283e509 ff43a2eefa8043f9acb8f3e64b073de8 - - default default] Successfully bumped revision number for resource 183e369e-129f-4dad-a528-9d675617f6ba (type: router_ports) to 1
2026-05-29 23:13:02.917 9 INFO neutron.api.wsgi [None req-676eab0e-f46d-4b19-9305-d17bae73655f 666683ce59f74e418ed9ee95f283e509 ff43a2eefa8043f9acb8f3e64b073de8 - - default default] 10.0.0.115 "PUT /v2.0/routers/b2bef549-31bb-46a5-b77d-5a3eb5fb65bc/add_router_interface HTTP/1.1" status: 200 len: 503 time: 2.3447106
2026-05-29 23:13:02.958 10 INFO neutron.api.wsgi [None req-48774613-b195-40a4-92c9-1e84ce7c9621 6f2142a590e3489d80c363a983ad6159 d9f8cc9d928448f7b41fd0178634fea1 - - default default] 10.0.0.115 "GET /v2.0/ports HTTP/1.1" status: 200 len: 3212 time: 0.2857199
2026-05-29 23:13:03.328 10 INFO neutron.db.ovn_revision_numbers_db [None req-e9c0951c-6ea4-4c34-b4f8-8c6163722416 - - - - - -] Successfully bumped revision number for resource 183e369e-129f-4dad-a528-9d675617f6ba (type: ports) to 2
2026-05-29 23:13:03.492 9 INFO neutron.api.wsgi [None req-03c71eeb-9724-44b2-9178-bc815105eb27 6f2142a590e3489d80c363a983ad6159 d9f8cc9d928448f7b41fd0178634fea1 - - default default] 10.0.0.115 "DELETE /v2.0/ports/85cb07cf-864e-4b75-8664-f7b0e8074b8b HTTP/1.1" status: 204 len: 168 time: 0.5279298
2026-05-29 23:13:03.557 10 INFO neutron.api.wsgi [req-77c3e150-0a04-42e3-a191-3701b4df5257 req-208d7689-cdbd-44e5-8245-fb864a649115 dcbbf9dc29b7435ebbb6874d86552432 ee8a0deb119649c68705c43681641589 - - default default] 10.0.0.10 "GET /v2.0/ports?device_id=fa308623-a42a-4997-b564-9629fe2b1800 HTTP/1.1" status: 200 len: 1168 time: 0.0383141
2026-05-29 23:13:03.590 10 INFO neutron.api.wsgi [req-77c3e150-0a04-42e3-a191-3701b4df5257 req-6e7d9755-df07-4484-b0a9-e3b186a7ef00 dcbbf9dc29b7435ebbb6874d86552432 ee8a0deb119649c68705c43681641589 - - default default] 10.0.0.10 "GET /v2.0/security-groups?id=97745720-6f31-40aa-9f56-97641f9fc611&fields=id&fields=name HTTP/1.1" status: 200 len: 312 time: 0.0273461
2026-05-29 23:13:03.628 10 INFO neutron.api.wsgi [req-36996512-4418-454d-8b3f-7ae58d328845 req-6e629368-6072-4b40-8700-c414bbf660ec 404a085e5dc04a73a07ed911e89adbb0 dbfd979046a24a26a3699b07287782c7 - - 45b280749b834deca4faf0a8d83b225b 45b280749b834deca4faf0a8d83b225b] 199.204.45.95 "GET /v2.0/ports?tenant_id=ee8a0deb119649c68705c43681641589&device_id=fa308623-a42a-4997-b564-9629fe2b1800 HTTP/1.1" status: 200 len: 1407 time: 0.0294263
2026-05-29 23:13:03.682 10 INFO neutron.api.wsgi [req-36996512-4418-454d-8b3f-7ae58d328845 req-7fc911d3-c82a-4fdd-b0ef-1b9376738e1c 404a085e5dc04a73a07ed911e89adbb0 dbfd979046a24a26a3699b07287782c7 - - 45b280749b834deca4faf0a8d83b225b 45b280749b834deca4faf0a8d83b225b] 199.204.45.95 "GET /v2.0/networks?id=a51f8194-02f4-4cf2-972c-d34a51b35cea HTTP/1.1" status: 200 len: 978 time: 0.0458488
2026-05-29 23:13:03.704 10 INFO neutron.api.wsgi [req-36996512-4418-454d-8b3f-7ae58d328845 req-5c79fab7-7f57-4495-bfd4-3b7e6ef777c7 404a085e5dc04a73a07ed911e89adbb0 dbfd979046a24a26a3699b07287782c7 - - 45b280749b834deca4faf0a8d83b225b 45b280749b834deca4faf0a8d83b225b] 199.204.45.95 "GET /v2.0/floatingips?fixed_ip_address=10.100.0.9&port_id=9abb9f0d-8984-403b-9b71-d06556128be7 HTTP/1.1" status: 200 len: 217 time: 0.0156758
2026-05-29 23:13:03.733 10 INFO neutron.api.wsgi [req-36996512-4418-454d-8b3f-7ae58d328845 req-a7b8a4ed-b557-493d-a355-ed0da8e4b864 404a085e5dc04a73a07ed911e89adbb0 dbfd979046a24a26a3699b07287782c7 - - 45b280749b834deca4faf0a8d83b225b 45b280749b834deca4faf0a8d83b225b] 199.204.45.95 "GET /v2.0/subnets?id=570b6cf7-c75c-4b66-9043-15954c6fd648 HTTP/1.1" status: 200 len: 897 time: 0.0236952
2026-05-29 23:13:03.755 10 INFO neutron.api.wsgi [req-36996512-4418-454d-8b3f-7ae58d328845 req-e2c575d7-a7a4-4de8-a11f-30c53676ec6e 404a085e5dc04a73a07ed911e89adbb0 dbfd979046a24a26a3699b07287782c7 - - 45b280749b834deca4faf0a8d83b225b 45b280749b834deca4faf0a8d83b225b] 199.204.45.95 "GET /v2.0/ports?network_id=a51f8194-02f4-4cf2-972c-d34a51b35cea&device_owner=network%3Adhcp HTTP/1.1" status: 200 len: 210 time: 0.0171349
2026-05-29 23:13:03.791 9 INFO neutron.api.wsgi [None req-b1817497-67c5-460a-9daf-a9ae34626414 6f2142a590e3489d80c363a983ad6159 d9f8cc9d928448f7b41fd0178634fea1 - - default default] 10.0.0.115 "DELETE /v2.0/ports/1a6934b4-3f4f-4063-80ce-455b14be97c4 HTTP/1.1" status: 204 len: 168 time: 0.2924283
2026-05-29 23:13:03.794 9 WARNING neutron_lib.context [None req-0b1d424c-85df-4378-9996-4c8ad7a3db38 e3b3a9a0154a4856bfd589958c821375 dc3dcc6dd27445ff88713663c704b2ba - - default default] Method 'is_advsvc' is deprecated since 2023.2 release (neutron-lib 3.8.0) and will be removed once support for the old RBAC API policies will be removed from Neutron. Please use method 'is_service_role' instead.
2026-05-29 23:13:03.812 10 INFO neutron.api.wsgi [req-36996512-4418-454d-8b3f-7ae58d328845 req-794716ab-ec99-41a0-98db-7a19f5d9e694 404a085e5dc04a73a07ed911e89adbb0 dbfd979046a24a26a3699b07287782c7 - - 45b280749b834deca4faf0a8d83b225b 45b280749b834deca4faf0a8d83b225b] 199.204.45.95 "GET /v2.0/networks/a51f8194-02f4-4cf2-972c-d34a51b35cea?fields=segments HTTP/1.1" status: 200 len: 212 time: 0.0514808
2026-05-29 23:13:03.842 10 INFO neutron.api.wsgi [None req-da75986f-35a0-479a-a98c-ae07a60673a6 6f2142a590e3489d80c363a983ad6159 d9f8cc9d928448f7b41fd0178634fea1 - - default default] 10.0.0.115 "GET /v2.0/ports HTTP/1.1" status: 200 len: 1718 time: 0.0451930
2026-05-29 23:13:03.853 10 WARNING neutron_lib.context [None req-8744d799-28fe-431c-8deb-7c8428adba11 6f2142a590e3489d80c363a983ad6159 d9f8cc9d928448f7b41fd0178634fea1 - - default default] Method 'is_advsvc' is deprecated since 2023.2 release (neutron-lib 3.8.0) and will be removed once support for the old RBAC API policies will be removed from Neutron. Please use method 'is_service_role' instead.
2026-05-29 23:13:03.868 10 INFO neutron.api.wsgi [req-36996512-4418-454d-8b3f-7ae58d328845 req-f3c7810a-ded8-46b3-89f4-04963c621780 404a085e5dc04a73a07ed911e89adbb0 dbfd979046a24a26a3699b07287782c7 - - 45b280749b834deca4faf0a8d83b225b 45b280749b834deca4faf0a8d83b225b] 199.204.45.95 "GET /v2.0/networks/a51f8194-02f4-4cf2-972c-d34a51b35cea?fields=provider%3Aphysical_network&fields=provider%3Anetwork_type HTTP/1.1" status: 200 len: 277 time: 0.0510437
2026-05-29 23:13:03.899 9 INFO neutron.db.ovn_revision_numbers_db [None req-0b1d424c-85df-4378-9996-4c8ad7a3db38 e3b3a9a0154a4856bfd589958c821375 dc3dcc6dd27445ff88713663c704b2ba - - default default] Successfully bumped revision number for resource f679af7d-e798-4198-84f1-960af4558fdf (type: security_groups) to 1
2026-05-29 23:13:03.910 9 INFO neutron.db.ovn_revision_numbers_db [None req-0b1d424c-85df-4378-9996-4c8ad7a3db38 e3b3a9a0154a4856bfd589958c821375 dc3dcc6dd27445ff88713663c704b2ba - - default default] Successfully bumped revision number for resource 1a320794-c4ca-4fc3-9eeb-4786549e0890 (type: security_group_rules) to 0
2026-05-29 23:13:03.921 9 INFO neutron.db.ovn_revision_numbers_db [None req-0b1d424c-85df-4378-9996-4c8ad7a3db38 e3b3a9a0154a4856bfd589958c821375 dc3dcc6dd27445ff88713663c704b2ba - - default default] Successfully bumped revision number for resource fefc7537-64af-410b-9986-ffa389e9eca5 (type: security_group_rules) to 0
2026-05-29 23:13:03.925 10 INFO neutron.db.segments_db [None req-8744d799-28fe-431c-8deb-7c8428adba11 6f2142a590e3489d80c363a983ad6159 d9f8cc9d928448f7b41fd0178634fea1 - - default default] Added segment 2c4d2005-4231-41ea-b1e5-519eef90e960 of type geneve for network b35927be-ab47-4646-9eb6-89c936f6a154
2026-05-29 23:13:03.951 9 INFO neutron.api.wsgi [None req-0b1d424c-85df-4378-9996-4c8ad7a3db38 e3b3a9a0154a4856bfd589958c821375 dc3dcc6dd27445ff88713663c704b2ba - - default default] 10.0.0.115 "POST /v2.0/security-groups HTTP/1.1" status: 201 len: 1859 time: 0.1645241
2026-05-29 23:13:03.959 9 WARNING neutron_lib.context [None req-ade3c9bd-50f5-4894-9a2d-188bc81221e7 e3b3a9a0154a4856bfd589958c821375 dc3dcc6dd27445ff88713663c704b2ba - - default default] Method 'is_advsvc' is deprecated since 2023.2 release (neutron-lib 3.8.0) and will be removed once support for the old RBAC API policies will be removed from Neutron. Please use method 'is_service_role' instead.
2026-05-29 23:13:04.036 10 INFO neutron.db.ovn_revision_numbers_db [None req-8744d799-28fe-431c-8deb-7c8428adba11 6f2142a590e3489d80c363a983ad6159 d9f8cc9d928448f7b41fd0178634fea1 - - default default] Successfully bumped revision number for resource b35927be-ab47-4646-9eb6-89c936f6a154 (type: networks) to 1
2026-05-29 23:13:04.039 9 INFO neutron.api.wsgi [-] 10.0.0.178 "GET / HTTP/1.1" status: 200 len: 247 time: 0.0015686
2026-05-29 23:13:04.041 9 INFO neutron.api.wsgi [-] 10.0.0.178 "GET / HTTP/1.1" status: 200 len: 247 time: 0.0012546
2026-05-29 23:13:04.083 9 INFO neutron.db.ovn_revision_numbers_db [None req-ade3c9bd-50f5-4894-9a2d-188bc81221e7 e3b3a9a0154a4856bfd589958c821375 dc3dcc6dd27445ff88713663c704b2ba - - default default] Successfully bumped revision number for resource e73071fe-a8ee-4683-86a4-2389ab28e468 (type: security_group_rules) to 0
2026-05-29 23:13:04.135 9 INFO neutron.api.wsgi [None req-ade3c9bd-50f5-4894-9a2d-188bc81221e7 e3b3a9a0154a4856bfd589958c821375 dc3dcc6dd27445ff88713663c704b2ba - - default default] 10.0.0.115 "POST /v2.0/security-group-rules HTTP/1.1" status: 201 len: 796 time: 0.1797464
2026-05-29 23:13:04.144 9 WARNING neutron_lib.context [None req-4e6a6dea-6b1a-4907-80cb-01f9eb974dc5 e3b3a9a0154a4856bfd589958c821375 dc3dcc6dd27445ff88713663c704b2ba - - default default] Method 'is_advsvc' is deprecated since 2023.2 release (neutron-lib 3.8.0) and will be removed once support for the old RBAC API policies will be removed from Neutron. Please use method 'is_service_role' instead.
2026-05-29 23:13:04.280 10 WARNING neutron.scheduler.dhcp_agent_scheduler [None req-8744d799-28fe-431c-8deb-7c8428adba11 6f2142a590e3489d80c363a983ad6159 d9f8cc9d928448f7b41fd0178634fea1 - - default default] No more DHCP agents
2026-05-29 23:13:04.282 10 WARNING neutron.api.rpc.agentnotifiers.dhcp_rpc_agent_api [None req-8744d799-28fe-431c-8deb-7c8428adba11 6f2142a590e3489d80c363a983ad6159 d9f8cc9d928448f7b41fd0178634fea1 - - default default] Unable to schedule network b35927be-ab47-4646-9eb6-89c936f6a154: no agents available; will retry on subsequent port and subnet creation events.
2026-05-29 23:13:04.322 9 INFO neutron.db.ovn_revision_numbers_db [None req-4e6a6dea-6b1a-4907-80cb-01f9eb974dc5 e3b3a9a0154a4856bfd589958c821375 dc3dcc6dd27445ff88713663c704b2ba - - default default] Successfully bumped revision number for resource 6477271f-9802-4dd4-98fe-1290915d38db (type: security_group_rules) to 0
2026-05-29 23:13:04.355 10 INFO neutron.db.ovn_revision_numbers_db [None req-8744d799-28fe-431c-8deb-7c8428adba11 6f2142a590e3489d80c363a983ad6159 d9f8cc9d928448f7b41fd0178634fea1 - - default default] Successfully bumped revision number for resource a2aa6913-679c-424a-85f1-5c378db929b6 (type: ports) to 1
2026-05-29 23:13:04.372 9 INFO neutron.api.wsgi [None req-4e6a6dea-6b1a-4907-80cb-01f9eb974dc5 e3b3a9a0154a4856bfd589958c821375 dc3dcc6dd27445ff88713663c704b2ba - - default default] 10.0.0.115 "POST /v2.0/security-group-rules HTTP/1.1" status: 201 len: 801 time: 0.2314639
2026-05-29 23:13:04.380 10 INFO neutron.api.wsgi [None req-8744d799-28fe-431c-8deb-7c8428adba11 6f2142a590e3489d80c363a983ad6159 d9f8cc9d928448f7b41fd0178634fea1 - - default default] 10.0.0.115 "POST /v2.0/networks HTTP/1.1" status: 201 len: 849 time: 0.5307827
2026-05-29 23:13:04.382 9 WARNING neutron_lib.context [None req-f32ff01c-cf28-4732-8488-2ef3f353da29 e3b3a9a0154a4856bfd589958c821375 dc3dcc6dd27445ff88713663c704b2ba - - default default] Method 'is_advsvc' is deprecated since 2023.2 release (neutron-lib 3.8.0) and will be removed once support for the old RBAC API policies will be removed from Neutron. Please use method 'is_service_role' instead.
2026-05-29 23:13:04.389 10 WARNING neutron_lib.context [None req-feb6a9cc-de34-4967-a786-d6f826fdf3f0 6f2142a590e3489d80c363a983ad6159 d9f8cc9d928448f7b41fd0178634fea1 - - default default] Method 'is_advsvc' is deprecated since 2023.2 release (neutron-lib 3.8.0) and will be removed once support for the old RBAC API policies will be removed from Neutron. Please use method 'is_service_role' instead.
2026-05-29 23:13:04.498 10 INFO neutron.db.segments_db [None req-feb6a9cc-de34-4967-a786-d6f826fdf3f0 6f2142a590e3489d80c363a983ad6159 d9f8cc9d928448f7b41fd0178634fea1 - - default default] Added segment 6a279cd8-a8cb-4806-ae94-686afed307e7 of type geneve for network 21b04295-a7bc-48be-a988-ad2b5929a931
2026-05-29 23:13:04.597 9 WARNING neutron.scheduler.dhcp_agent_scheduler [None req-f32ff01c-cf28-4732-8488-2ef3f353da29 e3b3a9a0154a4856bfd589958c821375 dc3dcc6dd27445ff88713663c704b2ba - - default default] No more DHCP agents
2026-05-29 23:13:04.599 9 WARNING neutron.api.rpc.agentnotifiers.dhcp_rpc_agent_api [None req-f32ff01c-cf28-4732-8488-2ef3f353da29 e3b3a9a0154a4856bfd589958c821375 dc3dcc6dd27445ff88713663c704b2ba - - default default] Unable to schedule network b8200611-667e-49a6-aeeb-7a7c3a7ee2a0: no agents available; will retry on subsequent port and subnet creation events.
2026-05-29 23:13:04.621 10 INFO neutron.db.ovn_revision_numbers_db [None req-feb6a9cc-de34-4967-a786-d6f826fdf3f0 6f2142a590e3489d80c363a983ad6159 d9f8cc9d928448f7b41fd0178634fea1 - - default default] Successfully bumped revision number for resource 21b04295-a7bc-48be-a988-ad2b5929a931 (type: networks) to 1
2026-05-29 23:13:04.698 10 INFO neutron.api.wsgi [req-4710dac7-bdfa-4241-a490-1a209866d6e7 req-46567e05-5493-427c-8798-e78fe3b25a1f dcbbf9dc29b7435ebbb6874d86552432 ee8a0deb119649c68705c43681641589 - - default default] 10.0.0.10 "GET /v2.0/ports?device_id=fa308623-a42a-4997-b564-9629fe2b1800 HTTP/1.1" status: 200 len: 1168 time: 0.0529673
2026-05-29 23:13:04.738 10 INFO neutron.api.wsgi [req-4710dac7-bdfa-4241-a490-1a209866d6e7 req-7e415e17-b471-4ec5-a0fe-c5ca7348cea2 dcbbf9dc29b7435ebbb6874d86552432 ee8a0deb119649c68705c43681641589 - - default default] 10.0.0.10 "GET /v2.0/security-groups?id=97745720-6f31-40aa-9f56-97641f9fc611&fields=id&fields=name HTTP/1.1" status: 200 len: 312 time: 0.0345476
2026-05-29 23:13:04.812 10 WARNING neutron.scheduler.dhcp_agent_scheduler [None req-feb6a9cc-de34-4967-a786-d6f826fdf3f0 6f2142a590e3489d80c363a983ad6159 d9f8cc9d928448f7b41fd0178634fea1 - - default default] No more DHCP agents
2026-05-29 23:13:04.813 10 WARNING neutron.api.rpc.agentnotifiers.dhcp_rpc_agent_api [None req-feb6a9cc-de34-4967-a786-d6f826fdf3f0 6f2142a590e3489d80c363a983ad6159 d9f8cc9d928448f7b41fd0178634fea1 - - default default] Unable to schedule network 21b04295-a7bc-48be-a988-ad2b5929a931: no agents available; will retry on subsequent port and subnet creation events.
2026-05-29 23:13:04.868 10 INFO neutron.db.ovn_revision_numbers_db [None req-feb6a9cc-de34-4967-a786-d6f826fdf3f0 6f2142a590e3489d80c363a983ad6159 d9f8cc9d928448f7b41fd0178634fea1 - - default default] Successfully bumped revision number for resource cf63a3c0-dcdd-4b17-b8e3-483b491735b0 (type: ports) to 1
2026-05-29 23:13:04.868 9 INFO neutron.api.wsgi [None req-f32ff01c-cf28-4732-8488-2ef3f353da29 e3b3a9a0154a4856bfd589958c821375 dc3dcc6dd27445ff88713663c704b2ba - - default default] 10.0.0.115 "POST /v2.0/floatingips HTTP/1.1" status: 201 len: 751 time: 0.4906254
2026-05-29 23:13:04.887 10 INFO neutron.api.wsgi [None req-feb6a9cc-de34-4967-a786-d6f826fdf3f0 6f2142a590e3489d80c363a983ad6159 d9f8cc9d928448f7b41fd0178634fea1 - - default default] 10.0.0.115 "POST /v2.0/networks HTTP/1.1" status: 201 len: 849 time: 0.5017402
2026-05-29 23:13:04.931 10 WARNING neutron_lib.context [None req-8190f910-3636-4d87-bbe3-63eade5785ce 6f2142a590e3489d80c363a983ad6159 d9f8cc9d928448f7b41fd0178634fea1 - - default default] Method 'is_advsvc' is deprecated since 2023.2 release (neutron-lib 3.8.0) and will be removed once support for the old RBAC API policies will be removed from Neutron. Please use method 'is_service_role' instead.
2026-05-29 23:13:04.958 10 WARNING neutron_lib.context [None req-8190f910-3636-4d87-bbe3-63eade5785ce 6f2142a590e3489d80c363a983ad6159 d9f8cc9d928448f7b41fd0178634fea1 - - default default] Method 'is_advsvc' is deprecated since 2023.2 release (neutron-lib 3.8.0) and will be removed once support for the old RBAC API policies will be removed from Neutron. Please use method 'is_service_role' instead.
2026-05-29 23:13:05.279 10 WARNING neutron.scheduler.dhcp_agent_scheduler [None req-8190f910-3636-4d87-bbe3-63eade5785ce 6f2142a590e3489d80c363a983ad6159 d9f8cc9d928448f7b41fd0178634fea1 - - default default] No more DHCP agents
2026-05-29 23:13:05.280 10 WARNING neutron.api.rpc.agentnotifiers.dhcp_rpc_agent_api [None req-8190f910-3636-4d87-bbe3-63eade5785ce 6f2142a590e3489d80c363a983ad6159 d9f8cc9d928448f7b41fd0178634fea1 - - default default] Unable to schedule network b35927be-ab47-4646-9eb6-89c936f6a154: no agents available; will retry on subsequent port and subnet creation events.
2026-05-29 23:13:05.353 9 INFO neutron.api.wsgi [req-ca398001-cc01-40c8-b976-932e00e875d8 req-3de3668a-9971-4a67-82df-8dd4f8dab9bd e3b3a9a0154a4856bfd589958c821375 dc3dcc6dd27445ff88713663c704b2ba - - default default] 10.0.0.10 "GET /v2.0/security-groups?name=tempest-securitygroup--746077321&fields=id&tenant_id=dc3dcc6dd27445ff88713663c704b2ba HTTP/1.1" status: 200 len: 267 time: 0.0414152
2026-05-29 23:13:05.406 9 INFO neutron.api.wsgi [req-ca398001-cc01-40c8-b976-932e00e875d8 req-12f928ab-1cab-4117-85aa-6a996ac9a224 e3b3a9a0154a4856bfd589958c821375 dc3dcc6dd27445ff88713663c704b2ba - - default default] 10.0.0.10 "GET /v2.0/networks?id=75aa3d52-eea6-4e9f-ae41-942110d2881d HTTP/1.1" status: 200 len: 882 time: 0.0454385
2026-05-29 23:13:05.424 9 INFO neutron.api.wsgi [req-ca398001-cc01-40c8-b976-932e00e875d8 req-e9c79802-adaa-4167-804a-939016f3d399 e3b3a9a0154a4856bfd589958c821375 dc3dcc6dd27445ff88713663c704b2ba - - default default] 10.0.0.10 "GET /v2.0/quotas/dc3dcc6dd27445ff88713663c704b2ba HTTP/1.1" status: 200 len: 491 time: 0.0114841
2026-05-29 23:13:05.518 9 INFO neutron.api.wsgi [req-ca398001-cc01-40c8-b976-932e00e875d8 req-9246c7a1-a24d-4ec9-b866-8ace49dda5ca e3b3a9a0154a4856bfd589958c821375 dc3dcc6dd27445ff88713663c704b2ba - - default default] 10.0.0.10 "GET /v2.0/ports?tenant_id=dc3dcc6dd27445ff88713663c704b2ba&fields=id HTTP/1.1" status: 200 len: 302 time: 0.0887554
2026-05-29 23:13:05.570 9 INFO neutron.api.wsgi [req-ca398001-cc01-40c8-b976-932e00e875d8 req-5ce2a363-e844-46a2-b730-1c965bf906a8 404a085e5dc04a73a07ed911e89adbb0 dbfd979046a24a26a3699b07287782c7 - - 45b280749b834deca4faf0a8d83b225b 45b280749b834deca4faf0a8d83b225b] 10.0.0.10 "GET /v2.0/networks/75aa3d52-eea6-4e9f-ae41-942110d2881d?fields=segments HTTP/1.1" status: 200 len: 212 time: 0.0427122
2026-05-29 23:13:05.609 9 INFO neutron.api.wsgi [req-ca398001-cc01-40c8-b976-932e00e875d8 req-c5f5adb8-3820-4016-bed7-0835fcba6a0e 404a085e5dc04a73a07ed911e89adbb0 dbfd979046a24a26a3699b07287782c7 - - 45b280749b834deca4faf0a8d83b225b 45b280749b834deca4faf0a8d83b225b] 10.0.0.10 "GET /v2.0/networks/75aa3d52-eea6-4e9f-ae41-942110d2881d?fields=provider%3Aphysical_network&fields=provider%3Anetwork_type HTTP/1.1" status: 200 len: 277 time: 0.0336626
2026-05-29 23:13:05.728 10 INFO neutron.api.wsgi [req-f3244ded-0010-4432-8669-ef3ec7a7def3 req-b26cb39c-13af-4cdf-826f-769e316d9305 e3b3a9a0154a4856bfd589958c821375 dc3dcc6dd27445ff88713663c704b2ba - - default default] 10.0.0.10 "GET /v2.0/ports?device_id=d5223e61-cf67-4fb0-86bf-64055f2a1497 HTTP/1.1" status: 200 len: 210 time: 0.0190923
2026-05-29 23:13:05.730 10 INFO neutron.db.ovn_revision_numbers_db [None req-0d051d9b-b501-446d-9f41-08b8f5735724 - - - - - -] Successfully bumped revision number for resource a2aa6913-679c-424a-85f1-5c378db929b6 (type: ports) to 2
2026-05-29 23:13:05.740 10 INFO neutron.db.ovn_revision_numbers_db [None req-dcecdd83-4d45-4203-b811-cc3a382d0676 666683ce59f74e418ed9ee95f283e509 ff43a2eefa8043f9acb8f3e64b073de8 - - default default] Successfully bumped revision number for resource 1914a4d9-87d0-40c7-a42b-8b60fe07bae7 (type: security_groups) to 1
2026-05-29 23:13:05.755 10 INFO neutron.db.ovn_revision_numbers_db [None req-dcecdd83-4d45-4203-b811-cc3a382d0676 666683ce59f74e418ed9ee95f283e509 ff43a2eefa8043f9acb8f3e64b073de8 - - default default] Successfully bumped revision number for resource 150137ad-2e1c-46b2-934b-367eca54a5e1 (type: security_group_rules) to 0
2026-05-29 23:13:05.757 10 INFO neutron.db.ovn_revision_numbers_db [None req-0d051d9b-b501-446d-9f41-08b8f5735724 - - - - - -] Successfully bumped revision number for resource d2b7f136-5bd3-4b7e-9cdd-493956c168a9 (type: subnets) to 0
2026-05-29 23:13:05.771 10 INFO neutron.db.ovn_revision_numbers_db [None req-dcecdd83-4d45-4203-b811-cc3a382d0676 666683ce59f74e418ed9ee95f283e509 ff43a2eefa8043f9acb8f3e64b073de8 - - default default] Successfully bumped revision number for resource 803a8107-4b56-446e-8286-3204cf3d255a (type: security_group_rules) to 0
2026-05-29 23:13:05.784 10 WARNING neutron.scheduler.dhcp_agent_scheduler [None req-8190f910-3636-4d87-bbe3-63eade5785ce 6f2142a590e3489d80c363a983ad6159 d9f8cc9d928448f7b41fd0178634fea1 - - default default] No more DHCP agents
2026-05-29 23:13:05.785 10 INFO neutron.db.ovn_revision_numbers_db [None req-dcecdd83-4d45-4203-b811-cc3a382d0676 666683ce59f74e418ed9ee95f283e509 ff43a2eefa8043f9acb8f3e64b073de8 - - default default] Successfully bumped revision number for resource c28eeaad-818a-466f-889d-aaa2ad12bfe4 (type: security_group_rules) to 0
2026-05-29 23:13:05.786 10 WARNING neutron.api.rpc.agentnotifiers.dhcp_rpc_agent_api [None req-8190f910-3636-4d87-bbe3-63eade5785ce 6f2142a590e3489d80c363a983ad6159 d9f8cc9d928448f7b41fd0178634fea1 - - default default] Unable to schedule network 21b04295-a7bc-48be-a988-ad2b5929a931: no agents available; will retry on subsequent port and subnet creation events.
2026-05-29 23:13:05.821 10 INFO neutron.db.ovn_revision_numbers_db [None req-dcecdd83-4d45-4203-b811-cc3a382d0676 666683ce59f74e418ed9ee95f283e509 ff43a2eefa8043f9acb8f3e64b073de8 - - default default] Successfully bumped revision number for resource f94d7297-3854-4bb7-90d0-687a2c3fa46b (type: security_group_rules) to 0
2026-05-29 23:13:05.828 9 INFO neutron.api.wsgi [req-f323b905-7c57-4ac5-bd52-fa4869f793c7 req-d264da0c-4bc2-47ac-b4ff-75ed83f165be dcbbf9dc29b7435ebbb6874d86552432 ee8a0deb119649c68705c43681641589 - - default default] 10.0.0.10 "GET /v2.0/ports?device_id=fa308623-a42a-4997-b564-9629fe2b1800 HTTP/1.1" status: 200 len: 1168 time: 0.0358741
2026-05-29 23:13:05.861 10 INFO neutron.api.wsgi [None req-dcecdd83-4d45-4203-b811-cc3a382d0676 666683ce59f74e418ed9ee95f283e509 ff43a2eefa8043f9acb8f3e64b073de8 - - default default] 10.0.0.115 "GET /v2.0/security-groups?tenant_id=a1659bef792d403ba186b45ee865e02b&name=default HTTP/1.1" status: 200 len: 3120 time: 0.4172642
2026-05-29 23:13:05.868 9 INFO neutron.api.wsgi [req-f323b905-7c57-4ac5-bd52-fa4869f793c7 req-f9443a6e-9102-4630-a822-7a1348bc83dd dcbbf9dc29b7435ebbb6874d86552432 ee8a0deb119649c68705c43681641589 - - default default] 10.0.0.10 "GET /v2.0/security-groups?id=97745720-6f31-40aa-9f56-97641f9fc611&fields=id&fields=name HTTP/1.1" status: 200 len: 312 time: 0.0344524
2026-05-29 23:13:06.106 10 INFO neutron.api.wsgi [None req-0aae0de0-191b-4a06-bfad-614172091bcd 666683ce59f74e418ed9ee95f283e509 ff43a2eefa8043f9acb8f3e64b073de8 - - default default] 10.0.0.115 "DELETE /v2.0/security-groups/1914a4d9-87d0-40c7-a42b-8b60fe07bae7 HTTP/1.1" status: 204 len: 168 time: 0.2388980
2026-05-29 23:13:06.283 10 INFO neutron.db.ovn_revision_numbers_db [None req-c72d6491-ca0f-4f5f-9988-7ba767778391 - - - - - -] Successfully bumped revision number for resource cf63a3c0-dcdd-4b17-b8e3-483b491735b0 (type: ports) to 2
2026-05-29 23:13:06.322 9 INFO neutron.db.ovn_revision_numbers_db [None req-7779b6af-adf1-48e0-a4eb-e292a72ca1fc 666683ce59f74e418ed9ee95f283e509 ff43a2eefa8043f9acb8f3e64b073de8 - - default default] Successfully bumped revision number for resource 861adddb-bae0-4cf0-ae61-939f8d2a994e (type: security_groups) to 1
2026-05-29 23:13:06.384 10 INFO neutron.db.ovn_revision_numbers_db [None req-c72d6491-ca0f-4f5f-9988-7ba767778391 - - - - - -] Successfully bumped revision number for resource b4c27902-0bd3-476e-8107-d0deed4e5436 (type: subnets) to 0
2026-05-29 23:13:06.418 9 INFO neutron.db.ovn_revision_numbers_db [None req-7779b6af-adf1-48e0-a4eb-e292a72ca1fc 666683ce59f74e418ed9ee95f283e509 ff43a2eefa8043f9acb8f3e64b073de8 - - default default] Successfully bumped revision number for resource 596dd389-1e62-42f4-8d38-53964ddc7301 (type: security_group_rules) to 0
2026-05-29 23:13:06.433 10 INFO neutron.api.wsgi [None req-8190f910-3636-4d87-bbe3-63eade5785ce 6f2142a590e3489d80c363a983ad6159 d9f8cc9d928448f7b41fd0178634fea1 - - default default] 10.0.0.115 "POST /v2.0/subnets HTTP/1.1" status: 201 len: 1474 time: 1.5080884
2026-05-29 23:13:06.454 9 INFO neutron.db.ovn_revision_numbers_db [None req-7779b6af-adf1-48e0-a4eb-e292a72ca1fc 666683ce59f74e418ed9ee95f283e509 ff43a2eefa8043f9acb8f3e64b073de8 - - default default] Successfully bumped revision number for resource 7418e169-9b44-40c7-b76b-bda4e4b81446 (type: security_group_rules) to 0
2026-05-29 23:13:06.475 10 INFO neutron.api.wsgi [None req-1fb802af-3e02-42ca-8dd6-c7feac1245d2 6f2142a590e3489d80c363a983ad6159 d9f8cc9d928448f7b41fd0178634fea1 - - default default] 10.0.0.115 "GET /v2.0/subnets HTTP/1.1" status: 200 len: 2105 time: 0.0376461
2026-05-29 23:13:06.484 9 INFO neutron.db.ovn_revision_numbers_db [None req-7779b6af-adf1-48e0-a4eb-e292a72ca1fc 666683ce59f74e418ed9ee95f283e509 ff43a2eefa8043f9acb8f3e64b073de8 - - default default] Successfully bumped revision number for resource b048dd0e-f958-46f0-aad0-9a28c93c819d (type: security_group_rules) to 0
2026-05-29 23:13:06.502 9 INFO neutron.db.ovn_revision_numbers_db [None req-7779b6af-adf1-48e0-a4eb-e292a72ca1fc 666683ce59f74e418ed9ee95f283e509 ff43a2eefa8043f9acb8f3e64b073de8 - - default default] Successfully bumped revision number for resource de1cba5e-d94b-4d7b-b95d-bb8c1f47c515 (type: security_group_rules) to 0
2026-05-29 23:13:06.534 9 INFO neutron.api.wsgi [None req-7779b6af-adf1-48e0-a4eb-e292a72ca1fc 666683ce59f74e418ed9ee95f283e509 ff43a2eefa8043f9acb8f3e64b073de8 - - default default] 10.0.0.115 "GET /v2.0/security-groups?tenant_id=d6562e4477684cc290cf9622f7845595&name=default HTTP/1.1" status: 200 len: 3120 time: 0.3211277
2026-05-29 23:13:06.653 10 INFO neutron.api.wsgi [None req-7679ce65-4ab5-4882-898a-5c2a017a4b84 6f2142a590e3489d80c363a983ad6159 d9f8cc9d928448f7b41fd0178634fea1 - - default default] 10.0.0.115 "DELETE /v2.0/subnets/d2b7f136-5bd3-4b7e-9cdd-493956c168a9 HTTP/1.1" status: 204 len: 168 time: 0.1724861
2026-05-29 23:13:06.767 9 INFO neutron.api.wsgi [None req-3ee65c7f-6e1f-4d54-8820-76946a2a51aa 666683ce59f74e418ed9ee95f283e509 ff43a2eefa8043f9acb8f3e64b073de8 - - default default] 10.0.0.115 "DELETE /v2.0/security-groups/861adddb-bae0-4cf0-ae61-939f8d2a994e HTTP/1.1" status: 204 len: 168 time: 0.2273998
2026-05-29 23:13:06.828 10 INFO neutron.api.wsgi [None req-65e122ef-e8ff-40b9-ba82-658570becc41 6f2142a590e3489d80c363a983ad6159 d9f8cc9d928448f7b41fd0178634fea1 - - default default] 10.0.0.115 "DELETE /v2.0/subnets/b4c27902-0bd3-476e-8107-d0deed4e5436 HTTP/1.1" status: 204 len: 168 time: 0.1691258
2026-05-29 23:13:06.829 9 INFO neutron.api.wsgi [req-6b41f120-8e53-4ed8-b9bb-ea613caa71b4 req-ed01d30a-ebd4-4499-8cd8-d3920ac9c788 e3b3a9a0154a4856bfd589958c821375 dc3dcc6dd27445ff88713663c704b2ba - - default default] 10.0.0.10 "GET /v2.0/ports?device_id=d5223e61-cf67-4fb0-86bf-64055f2a1497 HTTP/1.1" status: 200 len: 210 time: 0.0225320
2026-05-29 23:13:06.854 10 INFO neutron.api.wsgi [None req-e2ef5d11-622c-4bd8-9b20-89d6edb9e989 6f2142a590e3489d80c363a983ad6159 d9f8cc9d928448f7b41fd0178634fea1 - - default default] 10.0.0.115 "GET /v2.0/subnets HTTP/1.1" status: 200 len: 843 time: 0.0218010
2026-05-29 23:13:07.028 10 INFO neutron.api.wsgi [req-5e201855-12de-453e-800f-0e9c65d7dc41 req-1f4b92cf-60c5-4d1e-bc57-01ec4ccb37fc dcbbf9dc29b7435ebbb6874d86552432 ee8a0deb119649c68705c43681641589 - - default default] 10.0.0.10 "GET /v2.0/ports?device_id=fa308623-a42a-4997-b564-9629fe2b1800 HTTP/1.1" status: 200 len: 1168 time: 0.1014481
2026-05-29 23:13:07.074 10 INFO neutron.api.wsgi [req-5e201855-12de-453e-800f-0e9c65d7dc41 req-2f1b2a3e-b4e0-4a25-aeeb-295bd8e11f07 dcbbf9dc29b7435ebbb6874d86552432 ee8a0deb119649c68705c43681641589 - - default default] 10.0.0.10 "GET /v2.0/security-groups?id=97745720-6f31-40aa-9f56-97641f9fc611&fields=id&fields=name HTTP/1.1" status: 200 len: 312 time: 0.0430431
2026-05-29 23:13:07.228 10 INFO neutron.services.segments.plugin [-] Segment 6a279cd8-a8cb-4806-ae94-686afed307e7 resource provider aggregate not found
2026-05-29 23:13:07.235 10 INFO neutron.services.segments.plugin [-] Segment 6a279cd8-a8cb-4806-ae94-686afed307e7 resource provider aggregate not found
2026-05-29 23:13:07.246 10 INFO neutron.services.segments.plugin [-] Segment 6a279cd8-a8cb-4806-ae94-686afed307e7 resource provider not found; error: Placement Client Error (4xx): {"errors": [{"status": 404, "title": "Not Found", "detail": "The resource could not be found.\n\n No resource provider with uuid 6a279cd8-a8cb-4806-ae94-686afed307e7 found for delete ", "request_id": "req-099ee4c8-2cfa-4750-ac85-1d2c9ee4f1c2"}]}
2026-05-29 23:13:07.256 10 INFO neutron.services.segments.plugin [-] Segment 6a279cd8-a8cb-4806-ae94-686afed307e7 resource provider not found; error: Placement Client Error (4xx): {"errors": [{"status": 404, "title": "Not Found", "detail": "The resource could not be found.\n\n No resource provider with uuid 6a279cd8-a8cb-4806-ae94-686afed307e7 found for delete ", "request_id": "req-b2fa43a2-c0aa-406d-962b-3c52ae0b7963"}]}
