2026-05-29 23:17:25.174 10 WARNING neutron.api.rpc.agentnotifiers.dhcp_rpc_agent_api [None req-18c48de9-94e4-482d-bb1c-634e3c67fd9f 1e20cbc97eee4035a11f30d2372ae0a5 1fd64da9f6ec4777a1d1ff7819c79c16 - - default default] Unable to schedule network 455c46cd-b9d2-42f0-bb0e-61abd2c46b47: no agents available; will retry on subsequent port and subnet creation events. /var/lib/openstack/lib/python3.12/site-packages/pycadf/identifier.py:71: UserWarning: Invalid uuid: neutron. To ensure interoperability, identifiers should be a valid uuid. warnings.warn(('Invalid uuid: %s. To ensure interoperability, '
2026-05-29 23:17:25.426 9 INFO neutron.api.wsgi [req-217ddccd-1117-4e71-b755-9fc546d25ba3 req-213ab2aa-ed49-4b0b-8a3e-a86ae7dde020 a95df208d053480590987af067941495 4be7f1c298cb4ad9acc00bdd1203e551 - - default default] 10.0.0.10 "GET /v2.0/ports?device_id=7396d90c-0530-4b8e-b6a8-09952f005079 HTTP/1.1" status: 200 len: 210 time: 0.0214674
2026-05-29 23:17:25.453 9 INFO neutron.db.ovn_revision_numbers_db [None req-26064e73-80d9-4111-88d6-dfdce49f1db3 - - - - - -] Successfully bumped revision number for resource 9f2e2c86-0adc-47f9-89f5-8aadd8b95305 (type: ports) to 2
2026-05-29 23:17:25.511 10 INFO neutron.db.ovn_revision_numbers_db [None req-18c48de9-94e4-482d-bb1c-634e3c67fd9f 1e20cbc97eee4035a11f30d2372ae0a5 1fd64da9f6ec4777a1d1ff7819c79c16 - - default default] Successfully bumped revision number for resource 9f2e2c86-0adc-47f9-89f5-8aadd8b95305 (type: router_ports) to 1
2026-05-29 23:17:25.520 10 INFO neutron.api.wsgi [None req-18c48de9-94e4-482d-bb1c-634e3c67fd9f 1e20cbc97eee4035a11f30d2372ae0a5 1fd64da9f6ec4777a1d1ff7819c79c16 - - default default] 10.0.0.115 "PUT /v2.0/routers/92d0324a-661e-4988-8575-fb9ef6e18a96/add_router_interface HTTP/1.1" status: 200 len: 503 time: 1.8371463
2026-05-29 23:17:25.527 10 WARNING neutron_lib.context [None req-a7526370-2081-40a4-92b3-0c5420167dfe 1e20cbc97eee4035a11f30d2372ae0a5 1fd64da9f6ec4777a1d1ff7819c79c16 - - default default] Method 'is_advsvc' is deprecated since 2023.2 release (neutron-lib 3.8.0) and will be removed once support for the old RBAC API policies will be removed from Neutron. Please use method 'is_service_role' instead.
2026-05-29 23:17:26.124 10 WARNING neutron.scheduler.dhcp_agent_scheduler [None req-08293239-cc7c-41f6-94a0-efbc9200662d - - - - - -] No more DHCP agents
2026-05-29 23:17:26.125 10 WARNING neutron.api.rpc.agentnotifiers.dhcp_rpc_agent_api [None req-08293239-cc7c-41f6-94a0-efbc9200662d - - - - - -] Unable to schedule network b8200611-667e-49a6-aeeb-7a7c3a7ee2a0: no agents available; will retry on subsequent port and subnet creation events.
2026-05-29 23:17:26.256 10 INFO neutron.db.ovn_revision_numbers_db [None req-08293239-cc7c-41f6-94a0-efbc9200662d - - - - - -] Successfully bumped revision number for resource 9fd3dccd-95fb-43e1-a78c-6112e39abbbb (type: ports) to 1
2026-05-29 23:17:26.457 10 INFO neutron.db.ovn_revision_numbers_db [None req-08293239-cc7c-41f6-94a0-efbc9200662d - - - - - -] Successfully bumped revision number for resource 9fd3dccd-95fb-43e1-a78c-6112e39abbbb (type: ports) to 3
2026-05-29 23:17:26.525 10 INFO neutron.db.segments_db [None req-08293239-cc7c-41f6-94a0-efbc9200662d - - - - - -] Added segment 4ba82f32-fc7d-486f-935b-34b536754ed9 of type geneve for network 2e1a168e-6219-40b1-8a28-ed20463d37df
2026-05-29 23:17:26.693 10 INFO neutron.db.ovn_revision_numbers_db [None req-33461c0b-2266-41ec-a2d4-ff9fa63c60f4 - - - - - -] Successfully bumped revision number for resource 2e1a168e-6219-40b1-8a28-ed20463d37df (type: networks) to 1
2026-05-29 23:17:26.761 10 INFO neutron.api.wsgi [None req-40186943-ae34-4d59-818d-6af700c6fce3 a95df208d053480590987af067941495 4be7f1c298cb4ad9acc00bdd1203e551 - - default default] 10.0.0.115 "DELETE /v2.0/security-groups/18d4b48e-43ba-41df-8457-d7136ccf53c7 HTTP/1.1" status: 204 len: 168 time: 0.1809170
2026-05-29 23:17:26.780 9 INFO neutron.api.v2.resource [None req-7b2eb800-b1ca-4177-8928-6dab926eccbb a95df208d053480590987af067941495 4be7f1c298cb4ad9acc00bdd1203e551 - - default default] show failed (client error): The resource could not be found.
2026-05-29 23:17:26.781 9 INFO neutron.api.wsgi [None req-7b2eb800-b1ca-4177-8928-6dab926eccbb a95df208d053480590987af067941495 4be7f1c298cb4ad9acc00bdd1203e551 - - default default] 10.0.0.115 "GET /v2.0/security-groups/18d4b48e-43ba-41df-8457-d7136ccf53c7 HTTP/1.1" status: 404 len: 347 time: 0.0130055
2026-05-29 23:17:26.855 10 WARNING neutron.scheduler.dhcp_agent_scheduler [None req-33461c0b-2266-41ec-a2d4-ff9fa63c60f4 - - - - - -] No more DHCP agents
2026-05-29 23:17:26.856 10 WARNING neutron.api.rpc.agentnotifiers.dhcp_rpc_agent_api [None req-33461c0b-2266-41ec-a2d4-ff9fa63c60f4 - - - - - -] Unable to schedule network 2e1a168e-6219-40b1-8a28-ed20463d37df: no agents available; will retry on subsequent port and subnet creation events.
2026-05-29 23:17:26.945 10 INFO neutron.db.ovn_revision_numbers_db [None req-33461c0b-2266-41ec-a2d4-ff9fa63c60f4 - - - - - -] Successfully bumped revision number for resource 27f443cb-feb9-4c8a-9f3f-b2351243bd9e (type: ports) to 1
2026-05-29 23:17:27.082 10 WARNING neutron.scheduler.dhcp_agent_scheduler [None req-33461c0b-2266-41ec-a2d4-ff9fa63c60f4 - - - - - -] No more DHCP agents
2026-05-29 23:17:27.083 10 WARNING neutron.api.rpc.agentnotifiers.dhcp_rpc_agent_api [None req-33461c0b-2266-41ec-a2d4-ff9fa63c60f4 - - - - - -] Unable to schedule network 2e1a168e-6219-40b1-8a28-ed20463d37df: no agents available; will retry on subsequent port and subnet creation events.
2026-05-29 23:17:27.090 9 INFO neutron.api.wsgi [None req-9177c381-65d9-4fab-ac52-b2fa0be291ef a95df208d053480590987af067941495 4be7f1c298cb4ad9acc00bdd1203e551 - - default default] 10.0.0.115 "DELETE /v2.0/floatingips/a1b55dc5-a019-4713-a685-aea10c814393 HTTP/1.1" status: 204 len: 168 time: 0.3030288
2026-05-29 23:17:27.117 10 INFO neutron.db.ovn_revision_numbers_db [None req-33461c0b-2266-41ec-a2d4-ff9fa63c60f4 - - - - - -] Successfully bumped revision number for resource 8006845a-2b14-4f34-ab26-6005a4a3806b (type: subnets) to 0
2026-05-29 23:17:27.327 10 INFO neutron.api.wsgi [None req-a02026bb-bbd3-4d49-9c1f-53a07d632971 a95df208d053480590987af067941495 4be7f1c298cb4ad9acc00bdd1203e551 - - default default] 10.0.0.115 "DELETE /v2.0/security-groups/e8b091a1-1eae-49b6-bb07-f32bfb2614cd HTTP/1.1" status: 204 len: 168 time: 0.2318761
2026-05-29 23:17:27.571 10 WARNING neutron.scheduler.dhcp_agent_scheduler [None req-33461c0b-2266-41ec-a2d4-ff9fa63c60f4 - - - - - -] No more DHCP agents
2026-05-29 23:17:27.574 10 WARNING neutron.api.rpc.agentnotifiers.dhcp_rpc_agent_api [None req-33461c0b-2266-41ec-a2d4-ff9fa63c60f4 - - - - - -] Unable to schedule network 2e1a168e-6219-40b1-8a28-ed20463d37df: no agents available; will retry on subsequent port and subnet creation events.
2026-05-29 23:17:27.726 10 INFO neutron.db.ovn_revision_numbers_db [None req-33461c0b-2266-41ec-a2d4-ff9fa63c60f4 - - - - - -] Successfully bumped revision number for resource c0e0fba4-4479-4757-88b1-fb7af60f68f9 (type: ports) to 1
2026-05-29 23:17:28.105 10 WARNING neutron.plugins.ml2.drivers.ovn.mech_driver.ovsdb.ovn_client [None req-54bb976b-8da2-48ef-8bd5-57f9cf853835 - - - - - -] No hosting information found for port 11f75872-3ac7-4b39-998b-314a8f1a652f: RuntimeError: No hosting information found for port 11f75872-3ac7-4b39-998b-314a8f1a652f
2026-05-29 23:17:28.384 10 INFO neutron.db.ovn_revision_numbers_db [None req-33461c0b-2266-41ec-a2d4-ff9fa63c60f4 - - - - - -] Successfully bumped revision number for resource c0e0fba4-4479-4757-88b1-fb7af60f68f9 (type: ports) to 1
2026-05-29 23:17:28.442 10 WARNING neutron.scheduler.dhcp_agent_scheduler [None req-33461c0b-2266-41ec-a2d4-ff9fa63c60f4 - - - - - -] No more DHCP agents
2026-05-29 23:17:28.443 10 WARNING neutron.api.rpc.agentnotifiers.dhcp_rpc_agent_api [None req-33461c0b-2266-41ec-a2d4-ff9fa63c60f4 - - - - - -] Unable to schedule network 2e1a168e-6219-40b1-8a28-ed20463d37df: no agents available; will retry on subsequent port and subnet creation events.
2026-05-29 23:17:28.695 10 INFO neutron.api.wsgi [None req-288073be-1674-4425-95b8-56a06c7605df 666683ce59f74e418ed9ee95f283e509 ff43a2eefa8043f9acb8f3e64b073de8 - - default default] 10.0.0.115 "PUT /v2.0/routers/c80616c5-60a5-4400-a8ea-9952890417dd/remove_router_interface HTTP/1.1" status: 200 len: 503 time: 1.2874930
2026-05-29 23:17:29.062 10 INFO neutron.db.ovn_revision_numbers_db [None req-33461c0b-2266-41ec-a2d4-ff9fa63c60f4 - - - - - -] Successfully bumped revision number for resource c0e0fba4-4479-4757-88b1-fb7af60f68f9 (type: router_ports) to 1
2026-05-29 23:17:29.289 10 WARNING neutron.scheduler.dhcp_agent_scheduler [None req-33461c0b-2266-41ec-a2d4-ff9fa63c60f4 - - - - - -] No more DHCP agents
2026-05-29 23:17:29.291 10 WARNING neutron.api.rpc.agentnotifiers.dhcp_rpc_agent_api [None req-33461c0b-2266-41ec-a2d4-ff9fa63c60f4 - - - - - -] Unable to schedule network 2e1a168e-6219-40b1-8a28-ed20463d37df: no agents available; will retry on subsequent port and subnet creation events.
2026-05-29 23:17:29.363 9 INFO neutron.api.wsgi [None req-9ea9815b-75ab-4227-8bdf-a38f344a6169 666683ce59f74e418ed9ee95f283e509 ff43a2eefa8043f9acb8f3e64b073de8 - - default default] 10.0.0.115 "DELETE /v2.0/routers/c80616c5-60a5-4400-a8ea-9952890417dd HTTP/1.1" status: 204 len: 168 time: 0.6626458
2026-05-29 23:17:29.416 10 INFO neutron.db.ovn_revision_numbers_db [None req-33461c0b-2266-41ec-a2d4-ff9fa63c60f4 - - - - - -] Successfully bumped revision number for resource c177e30a-511b-4ef7-9e05-3f1ea90bcbd5 (type: ports) to 1
2026-05-29 23:17:29.558 9 INFO neutron.api.wsgi [None req-6ca640ea-5641-4b89-a5ad-8803ba2a2e2b 666683ce59f74e418ed9ee95f283e509 ff43a2eefa8043f9acb8f3e64b073de8 - - default default] 10.0.0.115 "DELETE /v2.0/subnets/7a641506-c8ef-4f90-b735-dccdf2220c09 HTTP/1.1" status: 204 len: 168 time: 0.1907456
2026-05-29 23:17:29.745 10 INFO neutron.db.ovn_revision_numbers_db [None req-33461c0b-2266-41ec-a2d4-ff9fa63c60f4 - - - - - -] Successfully bumped revision number for resource c177e30a-511b-4ef7-9e05-3f1ea90bcbd5 (type: ports) to 3
2026-05-29 23:17:30.012 9 INFO neutron.services.segments.plugin [-] Segment 5b94c80c-2c85-4942-9358-b3b7a9c462a4 resource provider aggregate not found
2026-05-29 23:17:30.017 9 INFO neutron.services.segments.plugin [-] Segment 5b94c80c-2c85-4942-9358-b3b7a9c462a4 resource provider aggregate not found
2026-05-29 23:17:30.031 9 INFO neutron.services.segments.plugin [-] Segment 5b94c80c-2c85-4942-9358-b3b7a9c462a4 resource provider not found; error: Placement Client Error (4xx): {"errors": [{"status": 404, "title": "Not Found", "detail": "The resource could not be found.\n\n No resource provider with uuid 5b94c80c-2c85-4942-9358-b3b7a9c462a4 found for delete ", "request_id": "req-5c7d52de-99c3-4541-ad03-e06717960e14"}]}
2026-05-29 23:17:30.032 9 INFO neutron.services.segments.plugin [-] Segment 5b94c80c-2c85-4942-9358-b3b7a9c462a4 resource provider not found; error: Placement Client Error (4xx): {"errors": [{"status": 404, "title": "Not Found", "detail": "The resource could not be found.\n\n No resource provider with uuid 5b94c80c-2c85-4942-9358-b3b7a9c462a4 found for delete ", "request_id": "req-26f9fb7c-b810-441b-ad6c-2422c88f5e3f"}]}
2026-05-29 23:17:30.270 9 INFO neutron.api.wsgi [None req-4e5b2d2e-5012-4d52-bb0a-86a0fa4cd4c8 666683ce59f74e418ed9ee95f283e509 ff43a2eefa8043f9acb8f3e64b073de8 - - default default] 10.0.0.115 "DELETE /v2.0/networks/7fce99ee-4405-454f-b25b-34390772026c HTTP/1.1" status: 204 len: 168 time: 0.7046950
2026-05-29 23:17:30.406 10 INFO neutron.api.wsgi [None req-a7526370-2081-40a4-92b3-0c5420167dfe 1e20cbc97eee4035a11f30d2372ae0a5 1fd64da9f6ec4777a1d1ff7819c79c16 - - default default] 10.0.0.115 "POST /v2.0/vpn/vpnservices HTTP/1.1" status: 201 len: 656 time: 4.8825068
2026-05-29 23:17:30.418 9 WARNING neutron_lib.context [None req-aa7904fe-1c60-49d2-86ae-c4b85c5b0eb2 1e20cbc97eee4035a11f30d2372ae0a5 1fd64da9f6ec4777a1d1ff7819c79c16 - - default default] Method 'is_advsvc' is deprecated since 2023.2 release (neutron-lib 3.8.0) and will be removed once support for the old RBAC API policies will be removed from Neutron. Please use method 'is_service_role' instead.
2026-05-29 23:17:30.938 9 INFO neutron.api.wsgi [None req-aa7904fe-1c60-49d2-86ae-c4b85c5b0eb2 1e20cbc97eee4035a11f30d2372ae0a5 1fd64da9f6ec4777a1d1ff7819c79c16 - - default default] 10.0.0.115 "POST /v2.0/vpn/vpnservices HTTP/1.1" status: 201 len: 623 time: 0.5282662
2026-05-29 23:17:30.950 9 WARNING neutron_lib.context [None req-271d1c1a-83b4-46b3-b637-c26970506fc2 1e20cbc97eee4035a11f30d2372ae0a5 1fd64da9f6ec4777a1d1ff7819c79c16 - - default default] Method 'is_advsvc' is deprecated since 2023.2 release (neutron-lib 3.8.0) and will be removed once support for the old RBAC API policies will be removed from Neutron. Please use method 'is_service_role' instead.
2026-05-29 23:17:30.952 9 WARNING neutron.plugins.ml2.drivers.ovn.mech_driver.ovsdb.ovn_client [None req-6d521ef6-e246-4753-9641-9e5c6ab1cefc - - - - - -] No hosting information found for port 9f2e2c86-0adc-47f9-89f5-8aadd8b95305: RuntimeError: No hosting information found for port 9f2e2c86-0adc-47f9-89f5-8aadd8b95305
2026-05-29 23:17:31.052 9 INFO neutron.db.ovn_revision_numbers_db [None req-6d521ef6-e246-4753-9641-9e5c6ab1cefc - - - - - -] Successfully bumped revision number for resource 9f2e2c86-0adc-47f9-89f5-8aadd8b95305 (type: router_ports) to 2
2026-05-29 23:17:31.052 9 INFO neutron.plugins.ml2.drivers.ovn.mech_driver.mech_driver [None req-6d521ef6-e246-4753-9641-9e5c6ab1cefc - - - - - -] OVN reports status up for port: c0e0fba4-4479-4757-88b1-fb7af60f68f9
2026-05-29 23:17:31.069 9 INFO neutron.plugins.ml2.plugin [None req-6d521ef6-e246-4753-9641-9e5c6ab1cefc - - - - - -] Attempt 1 to provision port c0e0fba4-4479-4757-88b1-fb7af60f68f9
2026-05-29 23:17:31.099 9 INFO neutron.api.wsgi [None req-271d1c1a-83b4-46b3-b637-c26970506fc2 1e20cbc97eee4035a11f30d2372ae0a5 1fd64da9f6ec4777a1d1ff7819c79c16 - - default default] 10.0.0.115 "POST /v2.0/vpn/ikepolicies HTTP/1.1" status: 201 len: 602 time: 0.1549826 /var/lib/openstack/lib/python3.12/site-packages/pycadf/identifier.py:71: UserWarning: Invalid uuid: neutron. To ensure interoperability, identifiers should be a valid uuid. warnings.warn(('Invalid uuid: %s. To ensure interoperability, '
2026-05-29 23:17:31.112 10 WARNING neutron_lib.context [None req-9cebb52a-a01a-4e5f-b845-03e2040b657f 1e20cbc97eee4035a11f30d2372ae0a5 1fd64da9f6ec4777a1d1ff7819c79c16 - - default default] Method 'is_advsvc' is deprecated since 2023.2 release (neutron-lib 3.8.0) and will be removed once support for the old RBAC API policies will be removed from Neutron. Please use method 'is_service_role' instead.
2026-05-29 23:17:31.195 10 INFO neutron.api.wsgi [None req-9cebb52a-a01a-4e5f-b845-03e2040b657f 1e20cbc97eee4035a11f30d2372ae0a5 1fd64da9f6ec4777a1d1ff7819c79c16 - - default default] 10.0.0.115 "POST /v2.0/vpn/ipsecpolicies HTTP/1.1" status: 201 len: 611 time: 0.0902967
2026-05-29 23:17:31.330 10 WARNING neutron_lib.context [None req-fb9a13f2-566c-4249-8437-c3aca9f560f4 1e20cbc97eee4035a11f30d2372ae0a5 1fd64da9f6ec4777a1d1ff7819c79c16 - - default default] Method 'is_advsvc' is deprecated since 2023.2 release (neutron-lib 3.8.0) and will be removed once support for the old RBAC API policies will be removed from Neutron. Please use method 'is_service_role' instead.
2026-05-29 23:17:31.387 10 INFO neutron.api.wsgi [None req-fb9a13f2-566c-4249-8437-c3aca9f560f4 1e20cbc97eee4035a11f30d2372ae0a5 1fd64da9f6ec4777a1d1ff7819c79c16 - - default default] 10.0.0.115 "POST /v2.0/vpn/endpoint-groups HTTP/1.1" status: 201 len: 527 time: 0.0634291
2026-05-29 23:17:31.399 9 WARNING neutron_lib.context [None req-d054b1b3-04e0-4074-9e63-0a156254ce7d 1e20cbc97eee4035a11f30d2372ae0a5 1fd64da9f6ec4777a1d1ff7819c79c16 - - default default] Method 'is_advsvc' is deprecated since 2023.2 release (neutron-lib 3.8.0) and will be removed once support for the old RBAC API policies will be removed from Neutron. Please use method 'is_service_role' instead.
2026-05-29 23:17:31.457 9 INFO neutron.api.wsgi [None req-d054b1b3-04e0-4074-9e63-0a156254ce7d 1e20cbc97eee4035a11f30d2372ae0a5 1fd64da9f6ec4777a1d1ff7819c79c16 - - default default] 10.0.0.115 "POST /v2.0/vpn/endpoint-groups HTTP/1.1" status: 201 len: 518 time: 0.0643342
2026-05-29 23:17:31.468 10 WARNING neutron_lib.context [None req-1c7932b6-8e0e-4914-9f1b-ecf77ca7762a 1e20cbc97eee4035a11f30d2372ae0a5 1fd64da9f6ec4777a1d1ff7819c79c16 - - default default] Method 'is_advsvc' is deprecated since 2023.2 release (neutron-lib 3.8.0) and will be removed once support for the old RBAC API policies will be removed from Neutron. Please use method 'is_service_role' instead.
2026-05-29 23:17:31.592 9 INFO neutron.db.ovn_revision_numbers_db [None req-6d521ef6-e246-4753-9641-9e5c6ab1cefc - - - - - -] Successfully bumped revision number for resource c0e0fba4-4479-4757-88b1-fb7af60f68f9 (type: ports) to 2
2026-05-29 23:17:31.715 9 INFO neutron.api.wsgi [None req-c5efcebc-4bcb-4242-8118-f456a4ecbf90 666683ce59f74e418ed9ee95f283e509 ff43a2eefa8043f9acb8f3e64b073de8 - - default default] 10.0.0.115 "PUT /v2.0/routers/bd7cba24-747b-4a09-ba9b-4b72400b0141/remove_router_interface HTTP/1.1" status: 200 len: 503 time: 1.4405069 /var/lib/openstack/lib/python3.12/site-packages/pycadf/identifier.py:71: UserWarning: Invalid uuid: neutron. To ensure interoperability, identifiers should be a valid uuid. warnings.warn(('Invalid uuid: %s. To ensure interoperability, '
2026-05-29 23:17:32.118 10 INFO neutron.db.ovn_revision_numbers_db [None req-1c7932b6-8e0e-4914-9f1b-ecf77ca7762a 1e20cbc97eee4035a11f30d2372ae0a5 1fd64da9f6ec4777a1d1ff7819c79c16 - - default default] Successfully bumped revision number for resource 92d0324a-661e-4988-8575-fb9ef6e18a96 (type: routers) to 5
2026-05-29 23:17:32.397 10 INFO neutron.api.wsgi [None req-1c7932b6-8e0e-4914-9f1b-ecf77ca7762a 1e20cbc97eee4035a11f30d2372ae0a5 1fd64da9f6ec4777a1d1ff7819c79c16 - - default default] 10.0.0.115 "POST /v2.0/vpn/ipsec-site-connections HTTP/1.1" status: 201 len: 1002 time: 0.9347444
2026-05-29 23:17:32.407 10 WARNING neutron_lib.context [None req-49c33cb5-2637-426e-8288-fb1143cc9769 1e20cbc97eee4035a11f30d2372ae0a5 1fd64da9f6ec4777a1d1ff7819c79c16 - - default default] Method 'is_advsvc' is deprecated since 2023.2 release (neutron-lib 3.8.0) and will be removed once support for the old RBAC API policies will be removed from Neutron. Please use method 'is_service_role' instead.
2026-05-29 23:17:32.581 10 INFO neutron.api.wsgi [None req-49c33cb5-2637-426e-8288-fb1143cc9769 1e20cbc97eee4035a11f30d2372ae0a5 1fd64da9f6ec4777a1d1ff7819c79c16 - - default default] 10.0.0.115 "POST /v2.0/vpn/endpoint-groups HTTP/1.1" status: 201 len: 488 time: 0.1786113
2026-05-29 23:17:32.791 10 INFO neutron.api.wsgi [None req-e4c10ee7-d404-4443-a19d-3cff3931e1cc 1e20cbc97eee4035a11f30d2372ae0a5 1fd64da9f6ec4777a1d1ff7819c79c16 - - default default] 10.0.0.115 "DELETE /v2.0/vpn/endpoint-groups/24783718-d4aa-4e38-80cf-61e8c8710c9c HTTP/1.1" status: 204 len: 168 time: 0.2046187
2026-05-29 23:17:32.809 10 INFO neutron.api.wsgi [None req-0e2c93d6-0c47-473d-a88e-b41513ae88ed 1e20cbc97eee4035a11f30d2372ae0a5 1fd64da9f6ec4777a1d1ff7819c79c16 - - default default] 10.0.0.115 "GET /v2.0/vpn/endpoint-groups HTTP/1.1" status: 200 len: 826 time: 0.0130913
2026-05-29 23:17:32.825 10 INFO neutron.api.wsgi [None req-9bd3301f-fa78-4b73-9691-939b70789e18 1e20cbc97eee4035a11f30d2372ae0a5 1fd64da9f6ec4777a1d1ff7819c79c16 - - default default] 10.0.0.115 "GET /v2.0/vpn/endpoint-groups HTTP/1.1" status: 200 len: 826 time: 0.0113537
2026-05-29 23:17:33.086 9 INFO neutron.api.wsgi [None req-4fd86f58-3be1-4b3f-8fcd-53b1a524e685 666683ce59f74e418ed9ee95f283e509 ff43a2eefa8043f9acb8f3e64b073de8 - - default default] 10.0.0.115 "DELETE /v2.0/routers/bd7cba24-747b-4a09-ba9b-4b72400b0141 HTTP/1.1" status: 204 len: 168 time: 1.3663049
2026-05-29 23:17:33.402 9 INFO neutron.api.wsgi [None req-e6770a7d-cf1c-4028-a694-a2cc55de399e 666683ce59f74e418ed9ee95f283e509 ff43a2eefa8043f9acb8f3e64b073de8 - - default default] 10.0.0.115 "DELETE /v2.0/subnets/40d7f4c7-d606-42b9-9b3c-974f69e9f44d HTTP/1.1" status: 204 len: 168 time: 0.3106830
2026-05-29 23:17:33.476 10 INFO neutron.api.wsgi [None req-52622b16-145c-487c-8442-4bc194faca7e 715368bb2f82468fae3f18595619a8d4 a3e76a9500a548d4a73e3250311f1af6 - - default default] 10.0.0.115 "POST /v2.0/vpn/ikepolicies HTTP/1.1" status: 201 len: 602 time: 0.3480322
2026-05-29 23:17:33.494 10 INFO neutron.api.wsgi [None req-5e2c7639-600f-4216-bd49-0516d5d9c0cf 1e20cbc97eee4035a11f30d2372ae0a5 1fd64da9f6ec4777a1d1ff7819c79c16 - - default default] 10.0.0.115 "GET /v2.0/vpn/ikepolicies HTTP/1.1" status: 200 len: 991 time: 0.0094647
2026-05-29 23:17:33.547 10 INFO neutron.api.wsgi [None req-aa422649-5dbe-4433-bec0-6a8cd80f6c75 715368bb2f82468fae3f18595619a8d4 a3e76a9500a548d4a73e3250311f1af6 - - default default] 10.0.0.115 "DELETE /v2.0/vpn/ikepolicies/de5711c1-1e69-4fe0-ab17-1183fe23393a HTTP/1.1" status: 204 len: 168 time: 0.0484793
2026-05-29 23:17:33.595 10 INFO neutron.api.wsgi [None req-ddd75d53-ac64-4416-9c78-ce1a9df50603 715368bb2f82468fae3f18595619a8d4 a3e76a9500a548d4a73e3250311f1af6 - - default default] 10.0.0.115 "POST /v2.0/vpn/ipsecpolicies HTTP/1.1" status: 201 len: 610 time: 0.0425763
2026-05-29 23:17:33.610 10 INFO neutron.api.wsgi [None req-a4fb62b1-a37e-49d9-ba27-431858641279 1e20cbc97eee4035a11f30d2372ae0a5 1fd64da9f6ec4777a1d1ff7819c79c16 - - default default] 10.0.0.115 "GET /v2.0/vpn/ipsecpolicies HTTP/1.1" status: 200 len: 1006 time: 0.0098972
2026-05-29 23:17:33.690 10 INFO neutron.api.wsgi [None req-053cbd77-680d-46d9-a605-a33eee254875 715368bb2f82468fae3f18595619a8d4 a3e76a9500a548d4a73e3250311f1af6 - - default default] 10.0.0.115 "DELETE /v2.0/vpn/ipsecpolicies/610e12d3-c86d-494c-bf7a-2e991a213aca HTTP/1.1" status: 204 len: 168 time: 0.0749419
2026-05-29 23:17:33.701 10 WARNING neutron_lib.context [None req-c4e0d96f-d438-4d4c-b0fd-4cb589fba47d 1e20cbc97eee4035a11f30d2372ae0a5 1fd64da9f6ec4777a1d1ff7819c79c16 - - default default] Method 'is_advsvc' is deprecated since 2023.2 release (neutron-lib 3.8.0) and will be removed once support for the old RBAC API policies will be removed from Neutron. Please use method 'is_service_role' instead.
2026-05-29 23:17:33.786 9 INFO neutron.services.segments.plugin [-] Segment 218e2324-3bcd-4360-809a-f17740189c64 resource provider aggregate not found
2026-05-29 23:17:33.789 9 INFO neutron.services.segments.plugin [-] Segment 218e2324-3bcd-4360-809a-f17740189c64 resource provider aggregate not found
2026-05-29 23:17:33.799 9 INFO neutron.services.segments.plugin [-] Segment 218e2324-3bcd-4360-809a-f17740189c64 resource provider not found; error: Placement Client Error (4xx): {"errors": [{"status": 404, "title": "Not Found", "detail": "The resource could not be found.\n\n No resource provider with uuid 218e2324-3bcd-4360-809a-f17740189c64 found for delete ", "request_id": "req-e704fe44-3e00-4bd6-b32e-a94a08f4baf9"}]}
2026-05-29 23:17:33.804 9 INFO neutron.services.segments.plugin [-] Segment 218e2324-3bcd-4360-809a-f17740189c64 resource provider not found; error: Placement Client Error (4xx): {"errors": [{"status": 404, "title": "Not Found", "detail": "The resource could not be found.\n\n No resource provider with uuid 218e2324-3bcd-4360-809a-f17740189c64 found for delete ", "request_id": "req-5fea72c6-1f07-4168-917d-d4c438b926c1"}]}
2026-05-29 23:17:33.818 10 INFO neutron.db.segments_db [None req-c4e0d96f-d438-4d4c-b0fd-4cb589fba47d 1e20cbc97eee4035a11f30d2372ae0a5 1fd64da9f6ec4777a1d1ff7819c79c16 - - default default] Added segment 4db9ff6b-bd3c-4f23-a3c6-da490238fe12 of type geneve for network b3602b8a-9298-4c73-b56c-c69a2f04991c
2026-05-29 23:17:33.836 9 INFO neutron.api.wsgi [None req-fbcbf3b6-8110-4dc5-91c0-87f1d320c668 666683ce59f74e418ed9ee95f283e509 ff43a2eefa8043f9acb8f3e64b073de8 - - default default] 10.0.0.115 "DELETE /v2.0/networks/f36dfa5b-3198-4482-8547-31872fd535af HTTP/1.1" status: 204 len: 168 time: 0.4033628
2026-05-29 23:17:33.940 10 INFO neutron.db.ovn_revision_numbers_db [None req-c4e0d96f-d438-4d4c-b0fd-4cb589fba47d 1e20cbc97eee4035a11f30d2372ae0a5 1fd64da9f6ec4777a1d1ff7819c79c16 - - default default] Successfully bumped revision number for resource b3602b8a-9298-4c73-b56c-c69a2f04991c (type: networks) to 1
2026-05-29 23:17:34.039 9 INFO neutron.api.wsgi [-] 10.0.0.178 "GET / HTTP/1.1" status: 200 len: 247 time: 0.0013678
2026-05-29 23:17:34.039 10 INFO neutron.api.wsgi [-] 10.0.0.178 "GET / HTTP/1.1" status: 200 len: 247 time: 0.0013015
2026-05-29 23:17:34.093 10 WARNING neutron.scheduler.dhcp_agent_scheduler [None req-c4e0d96f-d438-4d4c-b0fd-4cb589fba47d 1e20cbc97eee4035a11f30d2372ae0a5 1fd64da9f6ec4777a1d1ff7819c79c16 - - default default] No more DHCP agents
2026-05-29 23:17:34.095 10 WARNING neutron.api.rpc.agentnotifiers.dhcp_rpc_agent_api [None req-c4e0d96f-d438-4d4c-b0fd-4cb589fba47d 1e20cbc97eee4035a11f30d2372ae0a5 1fd64da9f6ec4777a1d1ff7819c79c16 - - default default] Unable to schedule network b3602b8a-9298-4c73-b56c-c69a2f04991c: no agents available; will retry on subsequent port and subnet creation events.
2026-05-29 23:17:34.163 10 INFO neutron.db.ovn_revision_numbers_db [None req-c4e0d96f-d438-4d4c-b0fd-4cb589fba47d 1e20cbc97eee4035a11f30d2372ae0a5 1fd64da9f6ec4777a1d1ff7819c79c16 - - default default] Successfully bumped revision number for resource 16500a30-bb30-4851-82b1-6849cabd6b82 (type: ports) to 1
2026-05-29 23:17:34.182 10 INFO neutron.api.wsgi [None req-c4e0d96f-d438-4d4c-b0fd-4cb589fba47d 1e20cbc97eee4035a11f30d2372ae0a5 1fd64da9f6ec4777a1d1ff7819c79c16 - - default default] 10.0.0.115 "POST /v2.0/networks HTTP/1.1" status: 201 len: 831 time: 0.4847221
2026-05-29 23:17:34.191 10 WARNING neutron_lib.context [None req-3e253793-7d15-4602-a837-ea35c3117176 1e20cbc97eee4035a11f30d2372ae0a5 1fd64da9f6ec4777a1d1ff7819c79c16 - - default default] Method 'is_advsvc' is deprecated since 2023.2 release (neutron-lib 3.8.0) and will be removed once support for the old RBAC API policies will be removed from Neutron. Please use method 'is_service_role' instead.
2026-05-29 23:17:34.195 9 INFO neutron.api.wsgi [None req-bf869d92-5d55-4816-914e-effb96b0288f 666683ce59f74e418ed9ee95f283e509 ff43a2eefa8043f9acb8f3e64b073de8 - - default default] 10.0.0.115 "GET /v2.0/security-groups?tenant_id=3d46513f67604341b88d3f8cb9cabfcf&name=default HTTP/1.1" status: 200 len: 3120 time: 0.0449769
2026-05-29 23:17:34.383 10 WARNING neutron.scheduler.dhcp_agent_scheduler [None req-3e253793-7d15-4602-a837-ea35c3117176 1e20cbc97eee4035a11f30d2372ae0a5 1fd64da9f6ec4777a1d1ff7819c79c16 - - default default] No more DHCP agents
2026-05-29 23:17:34.384 10 WARNING neutron.api.rpc.agentnotifiers.dhcp_rpc_agent_api [None req-3e253793-7d15-4602-a837-ea35c3117176 1e20cbc97eee4035a11f30d2372ae0a5 1fd64da9f6ec4777a1d1ff7819c79c16 - - default default] Unable to schedule network b3602b8a-9298-4c73-b56c-c69a2f04991c: no agents available; will retry on subsequent port and subnet creation events.
2026-05-29 23:17:34.433 9 INFO neutron.api.wsgi [None req-d8ce63c5-7952-42f4-8f74-b120e3593974 666683ce59f74e418ed9ee95f283e509 ff43a2eefa8043f9acb8f3e64b073de8 - - default default] 10.0.0.115 "DELETE /v2.0/security-groups/c1552d7f-44df-4196-9468-684d184fb4de HTTP/1.1" status: 204 len: 168 time: 0.2339270
2026-05-29 23:17:34.627 9 INFO neutron.api.wsgi [None req-6e5de3c1-5f65-4cf2-99df-91513926a87a 666683ce59f74e418ed9ee95f283e509 ff43a2eefa8043f9acb8f3e64b073de8 - - default default] 10.0.0.115 "GET /v2.0/security-groups?tenant_id=4be7f1c298cb4ad9acc00bdd1203e551&name=default HTTP/1.1" status: 200 len: 3120 time: 0.0508664
2026-05-29 23:17:34.769 10 INFO neutron.db.ovn_revision_numbers_db [None req-3f0d0954-fd06-4bf0-94b9-abcff9aa3716 - - - - - -] Successfully bumped revision number for resource 16500a30-bb30-4851-82b1-6849cabd6b82 (type: ports) to 2
2026-05-29 23:17:34.798 10 INFO neutron.db.ovn_revision_numbers_db [None req-3f0d0954-fd06-4bf0-94b9-abcff9aa3716 - - - - - -] Successfully bumped revision number for resource d5564085-8c0c-43aa-9379-753b8a6bdc5c (type: subnets) to 0
2026-05-29 23:17:34.812 10 INFO neutron.api.wsgi [None req-3e253793-7d15-4602-a837-ea35c3117176 1e20cbc97eee4035a11f30d2372ae0a5 1fd64da9f6ec4777a1d1ff7819c79c16 - - default default] 10.0.0.115 "POST /v2.0/subnets HTTP/1.1" status: 201 len: 828 time: 0.6250861
2026-05-29 23:17:34.820 9 WARNING neutron_lib.context [None req-c87bd0aa-a399-4fd3-b37d-f083cd1fb426 1e20cbc97eee4035a11f30d2372ae0a5 1fd64da9f6ec4777a1d1ff7819c79c16 - - default default] Method 'is_advsvc' is deprecated since 2023.2 release (neutron-lib 3.8.0) and will be removed once support for the old RBAC API policies will be removed from Neutron. Please use method 'is_service_role' instead.
2026-05-29 23:17:34.878 9 INFO neutron.api.wsgi [None req-b3c64d0a-0dee-459d-8383-f9661a5d07be 666683ce59f74e418ed9ee95f283e509 ff43a2eefa8043f9acb8f3e64b073de8 - - default default] 10.0.0.115 "DELETE /v2.0/security-groups/e659b52b-b682-431d-8a2d-5151c01c7af4 HTTP/1.1" status: 204 len: 168 time: 0.2455084
2026-05-29 23:17:35.236 9 WARNING neutron.scheduler.dhcp_agent_scheduler [None req-c87bd0aa-a399-4fd3-b37d-f083cd1fb426 1e20cbc97eee4035a11f30d2372ae0a5 1fd64da9f6ec4777a1d1ff7819c79c16 - - default default] No more DHCP agents
2026-05-29 23:17:35.237 9 WARNING neutron.api.rpc.agentnotifiers.dhcp_rpc_agent_api [None req-c87bd0aa-a399-4fd3-b37d-f083cd1fb426 1e20cbc97eee4035a11f30d2372ae0a5 1fd64da9f6ec4777a1d1ff7819c79c16 - - default default] Unable to schedule network b8200611-667e-49a6-aeeb-7a7c3a7ee2a0: no agents available; will retry on subsequent port and subnet creation events.
2026-05-29 23:17:35.341 9 INFO neutron.db.ovn_revision_numbers_db [None req-c87bd0aa-a399-4fd3-b37d-f083cd1fb426 1e20cbc97eee4035a11f30d2372ae0a5 1fd64da9f6ec4777a1d1ff7819c79c16 - - default default] Successfully bumped revision number for resource f958745f-8c08-433e-a1bf-d21b05741561 (type: ports) to 1
2026-05-29 23:17:35.659 9 INFO neutron.api.wsgi [None req-434a05e1-5b6b-4e62-9410-c6b042bd45a0 666683ce59f74e418ed9ee95f283e509 ff43a2eefa8043f9acb8f3e64b073de8 - - default default] 10.0.0.124 "GET /v2.0/ports HTTP/1.1" status: 200 len: 14697 time: 0.2043040
2026-05-29 23:17:35.699 9 INFO neutron.api.wsgi [None req-7906f579-83d5-47a4-a7a3-adb7ede9f17d 666683ce59f74e418ed9ee95f283e509 ff43a2eefa8043f9acb8f3e64b073de8 - - default default] 10.0.0.124 "GET /v2.0/subnets HTTP/1.1" status: 200 len: 3449 time: 0.0281022
2026-05-29 23:17:35.717 9 INFO neutron.api.wsgi [None req-d78e7968-ac71-4396-80ba-3e4b26287faf 666683ce59f74e418ed9ee95f283e509 ff43a2eefa8043f9acb8f3e64b073de8 - - default default] 10.0.0.124 "GET /v2.0/agents HTTP/1.1" status: 200 len: 1390 time: 0.0165150
2026-05-29 23:17:35.786 9 INFO neutron.api.wsgi [None req-36f56fc1-9899-4d12-be27-e799310d6869 666683ce59f74e418ed9ee95f283e509 ff43a2eefa8043f9acb8f3e64b073de8 - - default default] 10.0.0.124 "GET /v2.0/networks HTTP/1.1" status: 200 len: 4539 time: 0.0676641
2026-05-29 23:17:35.833 9 INFO neutron.api.wsgi [None req-430dda6e-e383-4b89-81b5-c8b0dd32b935 666683ce59f74e418ed9ee95f283e509 ff43a2eefa8043f9acb8f3e64b073de8 - - default default] 10.0.0.124 "GET /v2.0/security-groups HTTP/1.1" status: 200 len: 20486 time: 0.0393660
2026-05-29 23:17:35.930 9 INFO neutron.api.wsgi [None req-4f78c7d9-19fa-42cd-a8bd-7ed7df65cf41 666683ce59f74e418ed9ee95f283e509 ff43a2eefa8043f9acb8f3e64b073de8 - - default default] 10.0.0.124 "GET /v2.0/routers HTTP/1.1" status: 200 len: 2184 time: 0.0829906
2026-05-29 23:17:35.946 9 INFO neutron.api.wsgi [None req-a7c68e43-eec5-4348-87d3-2a6a20859233 666683ce59f74e418ed9ee95f283e509 ff43a2eefa8043f9acb8f3e64b073de8 - - default default] 10.0.0.124 "GET /v2.0/agents?binary=ovn-controller HTTP/1.1" status: 200 len: 591 time: 0.0145769
2026-05-29 23:17:35.962 9 INFO neutron.api.wsgi [None req-2030dd90-ae54-4321-a58e-36d01dfcb35d 666683ce59f74e418ed9ee95f283e509 ff43a2eefa8043f9acb8f3e64b073de8 - - default default] 10.0.0.124 "GET /v2.0/network-ip-availabilities HTTP/1.1" status: 200 len: 2536 time: 0.0129752
2026-05-29 23:17:35.999 9 INFO neutron.api.wsgi [None req-c3b4ca1d-65c5-41dd-a6c4-2eb013261d9a 666683ce59f74e418ed9ee95f283e509 ff43a2eefa8043f9acb8f3e64b073de8 - - default default] 10.0.0.124 "GET /v2.0/subnets HTTP/1.1" status: 200 len: 3449 time: 0.0354929
2026-05-29 23:17:36.008 9 INFO neutron.api.wsgi [None req-4e902f58-d91b-4f8a-b822-f356b88c2448 666683ce59f74e418ed9ee95f283e509 ff43a2eefa8043f9acb8f3e64b073de8 - - default default] 10.0.0.124 "GET /v2.0/subnetpools HTTP/1.1" status: 200 len: 193 time: 0.0078449
2026-05-29 23:17:36.032 9 INFO neutron.api.wsgi [None req-2e164eee-4707-4823-9cea-f9f10122b5bb 666683ce59f74e418ed9ee95f283e509 ff43a2eefa8043f9acb8f3e64b073de8 - - default default] 10.0.0.124 "GET /v2.0/floatingips HTTP/1.1" status: 200 len: 193 time: 0.0217533
2026-05-29 23:17:36.116 9 INFO neutron.plugins.ml2.drivers.ovn.mech_driver.ovsdb.commands [None req-48855d10-e913-4b96-828e-0ee901114593 - - - - - -] Schedule LRP lrp-f958745f-8c08-433e-a1bf-d21b05741561 on gateway e8322966-2a75-4155-bf80-7bdca052e51e with priority 1
2026-05-29 23:17:36.190 9 INFO neutron.db.ovn_revision_numbers_db [None req-c87bd0aa-a399-4fd3-b37d-f083cd1fb426 1e20cbc97eee4035a11f30d2372ae0a5 1fd64da9f6ec4777a1d1ff7819c79c16 - - default default] Successfully bumped revision number for resource f958745f-8c08-433e-a1bf-d21b05741561 (type: router_ports) to 1
2026-05-29 23:17:36.256 9 INFO neutron.db.ovn_revision_numbers_db [None req-c87bd0aa-a399-4fd3-b37d-f083cd1fb426 1e20cbc97eee4035a11f30d2372ae0a5 1fd64da9f6ec4777a1d1ff7819c79c16 - - default default] Successfully bumped revision number for resource afdf5410-87d8-4713-a84a-fc39ec3cd503 (type: routers) to 2
2026-05-29 23:17:36.273 9 INFO neutron.api.wsgi [None req-c87bd0aa-a399-4fd3-b37d-f083cd1fb426 1e20cbc97eee4035a11f30d2372ae0a5 1fd64da9f6ec4777a1d1ff7819c79c16 - - default default] 10.0.0.115 "POST /v2.0/routers HTTP/1.1" status: 201 len: 1136 time: 1.4567437
2026-05-29 23:17:36.815 9 WARNING neutron.scheduler.dhcp_agent_scheduler [None req-76129be9-6b27-4c18-aa8f-c0f6c610ec06 1e20cbc97eee4035a11f30d2372ae0a5 1fd64da9f6ec4777a1d1ff7819c79c16 - - default default] No more DHCP agents
2026-05-29 23:17:36.816 9 WARNING neutron.api.rpc.agentnotifiers.dhcp_rpc_agent_api [None req-76129be9-6b27-4c18-aa8f-c0f6c610ec06 1e20cbc97eee4035a11f30d2372ae0a5 1fd64da9f6ec4777a1d1ff7819c79c16 - - default default] Unable to schedule network b3602b8a-9298-4c73-b56c-c69a2f04991c: no agents available; will retry on subsequent port and subnet creation events.
2026-05-29 23:17:37.000 9 INFO neutron.db.ovn_revision_numbers_db [None req-76129be9-6b27-4c18-aa8f-c0f6c610ec06 1e20cbc97eee4035a11f30d2372ae0a5 1fd64da9f6ec4777a1d1ff7819c79c16 - - default default] Successfully bumped revision number for resource 8b1bd7b8-820c-4dec-bc31-62f58ad4f972 (type: ports) to 1
2026-05-29 23:17:37.144 9 WARNING neutron.plugins.ml2.drivers.ovn.mech_driver.ovsdb.ovn_client [None req-fefb694a-2f3f-4e9b-bd87-f8bf49f515b1 - - - - - -] No hosting information found for port c0e0fba4-4479-4757-88b1-fb7af60f68f9: RuntimeError: No hosting information found for port c0e0fba4-4479-4757-88b1-fb7af60f68f9
2026-05-29 23:17:37.249 9 INFO neutron.db.ovn_revision_numbers_db [None req-fefb694a-2f3f-4e9b-bd87-f8bf49f515b1 - - - - - -] Successfully bumped revision number for resource c0e0fba4-4479-4757-88b1-fb7af60f68f9 (type: router_ports) to 2
2026-05-29 23:17:37.296 9 INFO neutron.plugins.ml2.drivers.ovn.mech_driver.mech_driver [None req-fefb694a-2f3f-4e9b-bd87-f8bf49f515b1 - - - - - -] OVN reports status up for port: f958745f-8c08-433e-a1bf-d21b05741561
2026-05-29 23:17:37.302 9 INFO neutron.plugins.ml2.plugin [None req-fefb694a-2f3f-4e9b-bd87-f8bf49f515b1 - - - - - -] Attempt 1 to provision port f958745f-8c08-433e-a1bf-d21b05741561
2026-05-29 23:17:37.698 9 INFO neutron.db.ovn_revision_numbers_db [None req-76129be9-6b27-4c18-aa8f-c0f6c610ec06 1e20cbc97eee4035a11f30d2372ae0a5 1fd64da9f6ec4777a1d1ff7819c79c16 - - default default] Successfully bumped revision number for resource 8b1bd7b8-820c-4dec-bc31-62f58ad4f972 (type: ports) to 1
2026-05-29 23:17:37.751 9 WARNING neutron.scheduler.dhcp_agent_scheduler [None req-76129be9-6b27-4c18-aa8f-c0f6c610ec06 1e20cbc97eee4035a11f30d2372ae0a5 1fd64da9f6ec4777a1d1ff7819c79c16 - - default default] No more DHCP agents
2026-05-29 23:17:37.753 9 WARNING neutron.api.rpc.agentnotifiers.dhcp_rpc_agent_api [None req-76129be9-6b27-4c18-aa8f-c0f6c610ec06 1e20cbc97eee4035a11f30d2372ae0a5 1fd64da9f6ec4777a1d1ff7819c79c16 - - default default] Unable to schedule network b3602b8a-9298-4c73-b56c-c69a2f04991c: no agents available; will retry on subsequent port and subnet creation events.
2026-05-29 23:17:38.125 9 INFO neutron.db.ovn_revision_numbers_db [None req-76129be9-6b27-4c18-aa8f-c0f6c610ec06 1e20cbc97eee4035a11f30d2372ae0a5 1fd64da9f6ec4777a1d1ff7819c79c16 - - default default] Successfully bumped revision number for resource 8b1bd7b8-820c-4dec-bc31-62f58ad4f972 (type: router_ports) to 1
2026-05-29 23:17:38.129 9 INFO neutron.api.wsgi [None req-76129be9-6b27-4c18-aa8f-c0f6c610ec06 1e20cbc97eee4035a11f30d2372ae0a5 1fd64da9f6ec4777a1d1ff7819c79c16 - - default default] 10.0.0.115 "PUT /v2.0/routers/afdf5410-87d8-4713-a84a-fc39ec3cd503/add_router_interface HTTP/1.1" status: 200 len: 503 time: 1.8490820
2026-05-29 23:17:38.479 10 INFO neutron.plugins.ml2.drivers.ovn.mech_driver.mech_driver [None req-54bb976b-8da2-48ef-8bd5-57f9cf853835 - - - - - -] OVN reports status up for port: c177e30a-511b-4ef7-9e05-3f1ea90bcbd5
2026-05-29 23:17:38.497 10 INFO neutron.plugins.ml2.plugin [None req-54bb976b-8da2-48ef-8bd5-57f9cf853835 - - - - - -] Attempt 1 to provision port c177e30a-511b-4ef7-9e05-3f1ea90bcbd5
2026-05-29 23:17:38.678 9 WARNING neutron.scheduler.dhcp_agent_scheduler [None req-5f51df71-edab-458f-a9a6-752c8b52b706 - - - - - -] No more DHCP agents
2026-05-29 23:17:38.679 9 WARNING neutron.api.rpc.agentnotifiers.dhcp_rpc_agent_api [None req-5f51df71-edab-458f-a9a6-752c8b52b706 - - - - - -] Unable to schedule network b8200611-667e-49a6-aeeb-7a7c3a7ee2a0: no agents available; will retry on subsequent port and subnet creation events.
2026-05-29 23:17:38.692 10 INFO neutron.db.ovn_revision_numbers_db [None req-54bb976b-8da2-48ef-8bd5-57f9cf853835 - - - - - -] Successfully bumped revision number for resource c177e30a-511b-4ef7-9e05-3f1ea90bcbd5 (type: ports) to 4
2026-05-29 23:17:38.832 9 INFO neutron.db.ovn_revision_numbers_db [None req-5f51df71-edab-458f-a9a6-752c8b52b706 - - - - - -] Successfully bumped revision number for resource d3600ae5-d081-46c0-a7a5-76dad8db099d (type: ports) to 1
2026-05-29 23:17:39.088 9 INFO neutron.db.ovn_revision_numbers_db [None req-5f51df71-edab-458f-a9a6-752c8b52b706 - - - - - -] Successfully bumped revision number for resource d3600ae5-d081-46c0-a7a5-76dad8db099d (type: ports) to 3
2026-05-29 23:17:39.155 9 INFO neutron.db.segments_db [None req-5f51df71-edab-458f-a9a6-752c8b52b706 - - - - - -] Added segment 4cd04122-9af3-4e2b-b600-4b1d8c17093d of type geneve for network d61c854e-e7ec-4822-ab2d-680b720ac088
2026-05-29 23:17:39.469 9 INFO neutron.db.ovn_revision_numbers_db [None req-14d0a1f4-1dfa-4f63-9eaf-c02e17d11272 - - - - - -] Successfully bumped revision number for resource d61c854e-e7ec-4822-ab2d-680b720ac088 (type: networks) to 1
2026-05-29 23:17:39.644 9 WARNING neutron.scheduler.dhcp_agent_scheduler [None req-14d0a1f4-1dfa-4f63-9eaf-c02e17d11272 - - - - - -] No more DHCP agents
2026-05-29 23:17:39.645 9 WARNING neutron.api.rpc.agentnotifiers.dhcp_rpc_agent_api [None req-14d0a1f4-1dfa-4f63-9eaf-c02e17d11272 - - - - - -] Unable to schedule network d61c854e-e7ec-4822-ab2d-680b720ac088: no agents available; will retry on subsequent port and subnet creation events.
2026-05-29 23:17:39.720 9 INFO neutron.db.ovn_revision_numbers_db [None req-14d0a1f4-1dfa-4f63-9eaf-c02e17d11272 - - - - - -] Successfully bumped revision number for resource 5f00fa36-75a3-4219-8e15-25bb592d9212 (type: ports) to 1
2026-05-29 23:17:39.862 9 WARNING neutron.scheduler.dhcp_agent_scheduler [None req-14d0a1f4-1dfa-4f63-9eaf-c02e17d11272 - - - - - -] No more DHCP agents
2026-05-29 23:17:39.863 9 WARNING neutron.api.rpc.agentnotifiers.dhcp_rpc_agent_api [None req-14d0a1f4-1dfa-4f63-9eaf-c02e17d11272 - - - - - -] Unable to schedule network d61c854e-e7ec-4822-ab2d-680b720ac088: no agents available; will retry on subsequent port and subnet creation events.
2026-05-29 23:17:39.885 9 INFO neutron.db.ovn_revision_numbers_db [None req-14d0a1f4-1dfa-4f63-9eaf-c02e17d11272 - - - - - -] Successfully bumped revision number for resource 3e8d5763-2356-449a-947b-1d6f8d6ba5d9 (type: subnets) to 0
2026-05-29 23:17:40.273 9 WARNING neutron.scheduler.dhcp_agent_scheduler [None req-14d0a1f4-1dfa-4f63-9eaf-c02e17d11272 - - - - - -] No more DHCP agents
2026-05-29 23:17:40.274 9 WARNING neutron.api.rpc.agentnotifiers.dhcp_rpc_agent_api [None req-14d0a1f4-1dfa-4f63-9eaf-c02e17d11272 - - - - - -] Unable to schedule network d61c854e-e7ec-4822-ab2d-680b720ac088: no agents available; will retry on subsequent port and subnet creation events.
2026-05-29 23:17:40.373 9 INFO neutron.db.ovn_revision_numbers_db [None req-14d0a1f4-1dfa-4f63-9eaf-c02e17d11272 - - - - - -] Successfully bumped revision number for resource dd29b353-e3dd-4d9c-866f-aab462e7e807 (type: ports) to 1
2026-05-29 23:17:40.906 9 INFO neutron.db.ovn_revision_numbers_db [None req-14d0a1f4-1dfa-4f63-9eaf-c02e17d11272 - - - - - -] Successfully bumped revision number for resource dd29b353-e3dd-4d9c-866f-aab462e7e807 (type: ports) to 1
2026-05-29 23:17:40.952 9 WARNING neutron.scheduler.dhcp_agent_scheduler [None req-14d0a1f4-1dfa-4f63-9eaf-c02e17d11272 - - - - - -] No more DHCP agents
2026-05-29 23:17:40.953 9 WARNING neutron.api.rpc.agentnotifiers.dhcp_rpc_agent_api [None req-14d0a1f4-1dfa-4f63-9eaf-c02e17d11272 - - - - - -] Unable to schedule network d61c854e-e7ec-4822-ab2d-680b720ac088: no agents available; will retry on subsequent port and subnet creation events.
2026-05-29 23:17:41.707 9 INFO neutron.db.ovn_revision_numbers_db [None req-14d0a1f4-1dfa-4f63-9eaf-c02e17d11272 - - - - - -] Successfully bumped revision number for resource dd29b353-e3dd-4d9c-866f-aab462e7e807 (type: router_ports) to 1
2026-05-29 23:17:41.954 9 WARNING neutron.scheduler.dhcp_agent_scheduler [None req-14d0a1f4-1dfa-4f63-9eaf-c02e17d11272 - - - - - -] No more DHCP agents
2026-05-29 23:17:41.956 9 WARNING neutron.api.rpc.agentnotifiers.dhcp_rpc_agent_api [None req-14d0a1f4-1dfa-4f63-9eaf-c02e17d11272 - - - - - -] Unable to schedule network d61c854e-e7ec-4822-ab2d-680b720ac088: no agents available; will retry on subsequent port and subnet creation events.
2026-05-29 23:17:42.089 9 INFO neutron.db.ovn_revision_numbers_db [None req-14d0a1f4-1dfa-4f63-9eaf-c02e17d11272 - - - - - -] Successfully bumped revision number for resource e2c32d98-c5ce-4e41-bcda-c9d2f06441f9 (type: ports) to 1
2026-05-29 23:17:42.292 9 INFO neutron.db.ovn_revision_numbers_db [None req-14d0a1f4-1dfa-4f63-9eaf-c02e17d11272 - - - - - -] Successfully bumped revision number for resource e2c32d98-c5ce-4e41-bcda-c9d2f06441f9 (type: ports) to 3
2026-05-29 23:17:42.449 9 WARNING neutron.plugins.ml2.drivers.ovn.mech_driver.ovsdb.ovn_client [None req-fefb694a-2f3f-4e9b-bd87-f8bf49f515b1 - - - - - -] No hosting information found for port f958745f-8c08-433e-a1bf-d21b05741561: RuntimeError: No hosting information found for port f958745f-8c08-433e-a1bf-d21b05741561
2026-05-29 23:17:42.449 9 INFO neutron.plugins.ml2.drivers.ovn.mech_driver.mech_driver [None req-fefb694a-2f3f-4e9b-bd87-f8bf49f515b1 - - - - - -] OVN reports status up for port: 9fd3dccd-95fb-43e1-a78c-6112e39abbbb
2026-05-29 23:17:42.484 9 INFO neutron.plugins.ml2.plugin [None req-fefb694a-2f3f-4e9b-bd87-f8bf49f515b1 - - - - - -] Attempt 1 to provision port 9fd3dccd-95fb-43e1-a78c-6112e39abbbb
2026-05-29 23:17:42.614 9 INFO neutron.api.wsgi [None req-e0b1aaa8-15ff-47d4-a77b-f258043f52fc 715368bb2f82468fae3f18595619a8d4 a3e76a9500a548d4a73e3250311f1af6 - - default default] 10.0.0.115 "POST /v2.0/vpn/vpnservices HTTP/1.1" status: 201 len: 656 time: 4.4782608
2026-05-29 23:17:42.632 9 INFO neutron.api.wsgi [None req-772af190-986b-4c31-b5c4-edd2abf28939 1e20cbc97eee4035a11f30d2372ae0a5 1fd64da9f6ec4777a1d1ff7819c79c16 - - default default] 10.0.0.115 "GET /v2.0/vpn/vpnservices HTTP/1.1" status: 200 len: 1508 time: 0.0131733
2026-05-29 23:17:42.802 9 INFO neutron.db.ovn_revision_numbers_db [None req-fefb694a-2f3f-4e9b-bd87-f8bf49f515b1 - - - - - -] Successfully bumped revision number for resource 9fd3dccd-95fb-43e1-a78c-6112e39abbbb (type: ports) to 4
2026-05-29 23:17:42.910 9 INFO neutron.plugins.ml2.drivers.ovn.mech_driver.mech_driver [None req-32a31fa4-856d-480a-8583-d551db0b9267 - - - - - -] OVN reports status up for port: 8b1bd7b8-820c-4dec-bc31-62f58ad4f972
2026-05-29 23:17:42.918 9 INFO neutron.plugins.ml2.plugin [None req-32a31fa4-856d-480a-8583-d551db0b9267 - - - - - -] Attempt 1 to provision port 8b1bd7b8-820c-4dec-bc31-62f58ad4f972
2026-05-29 23:17:43.302 9 INFO neutron.db.ovn_revision_numbers_db [None req-32a31fa4-856d-480a-8583-d551db0b9267 - - - - - -] Successfully bumped revision number for resource 8b1bd7b8-820c-4dec-bc31-62f58ad4f972 (type: ports) to 2
2026-05-29 23:17:44.111 9 WARNING neutron_lib.context [None req-54c5eab5-7b98-4bab-ad5d-57cc5ba2744e 275d0b38652a48c88fc7a7baa0d3feb4 149f414febcc4295aa850eeca7d4a61c - - default default] Method 'is_advsvc' is deprecated since 2023.2 release (neutron-lib 3.8.0) and will be removed once support for the old RBAC API policies will be removed from Neutron. Please use method 'is_service_role' instead.
2026-05-29 23:17:44.245 9 INFO neutron.db.ovn_revision_numbers_db [None req-54c5eab5-7b98-4bab-ad5d-57cc5ba2744e 275d0b38652a48c88fc7a7baa0d3feb4 149f414febcc4295aa850eeca7d4a61c - - default default] Successfully bumped revision number for resource a35a7997-3128-4770-b520-09661f24e3ee (type: security_groups) to 1
2026-05-29 23:17:44.256 9 INFO neutron.db.ovn_revision_numbers_db [None req-54c5eab5-7b98-4bab-ad5d-57cc5ba2744e 275d0b38652a48c88fc7a7baa0d3feb4 149f414febcc4295aa850eeca7d4a61c - - default default] Successfully bumped revision number for resource 23076c20-92b3-4c8e-af07-1e8d9b7bbc8e (type: security_group_rules) to 0
2026-05-29 23:17:44.270 9 INFO neutron.db.ovn_revision_numbers_db [None req-54c5eab5-7b98-4bab-ad5d-57cc5ba2744e 275d0b38652a48c88fc7a7baa0d3feb4 149f414febcc4295aa850eeca7d4a61c - - default default] Successfully bumped revision number for resource 5f0fbc28-bf12-4177-9f84-14988d006087 (type: security_group_rules) to 0
2026-05-29 23:17:44.282 9 INFO neutron.db.ovn_revision_numbers_db [None req-54c5eab5-7b98-4bab-ad5d-57cc5ba2744e 275d0b38652a48c88fc7a7baa0d3feb4 149f414febcc4295aa850eeca7d4a61c - - default default] Successfully bumped revision number for resource acb2b26c-d903-4a83-af4e-3e9fc650dbf5 (type: security_group_rules) to 0
2026-05-29 23:17:44.293 9 INFO neutron.db.ovn_revision_numbers_db [None req-54c5eab5-7b98-4bab-ad5d-57cc5ba2744e 275d0b38652a48c88fc7a7baa0d3feb4 149f414febcc4295aa850eeca7d4a61c - - default default] Successfully bumped revision number for resource d2e9eee2-1136-402b-9831-07b06438c292 (type: security_group_rules) to 0
2026-05-29 23:17:44.362 9 INFO neutron.db.segments_db [None req-54c5eab5-7b98-4bab-ad5d-57cc5ba2744e 275d0b38652a48c88fc7a7baa0d3feb4 149f414febcc4295aa850eeca7d4a61c - - default default] Added segment 9b99467d-b0a0-4c7b-a4b9-652bf585319f of type geneve for network 0f418a5f-a807-437d-9891-2d9400ce0392
2026-05-29 23:17:44.507 9 INFO neutron.db.ovn_revision_numbers_db [None req-54c5eab5-7b98-4bab-ad5d-57cc5ba2744e 275d0b38652a48c88fc7a7baa0d3feb4 149f414febcc4295aa850eeca7d4a61c - - default default] Successfully bumped revision number for resource 0f418a5f-a807-437d-9891-2d9400ce0392 (type: networks) to 1
2026-05-29 23:17:44.650 10 INFO neutron.services.segments.plugin [-] Segment 4cd04122-9af3-4e2b-b600-4b1d8c17093d resource provider aggregate not found
2026-05-29 23:17:44.656 10 INFO neutron.services.segments.plugin [-] Segment 4cd04122-9af3-4e2b-b600-4b1d8c17093d resource provider aggregate not found
2026-05-29 23:17:44.669 10 INFO neutron.services.segments.plugin [-] Segment 4cd04122-9af3-4e2b-b600-4b1d8c17093d resource provider not found; error: Placement Client Error (4xx): {"errors": [{"status": 404, "title": "Not Found", "detail": "The resource could not be found.\n\n No resource provider with uuid 4cd04122-9af3-4e2b-b600-4b1d8c17093d found for delete ", "request_id": "req-0fcba76b-2259-4a08-85ef-065e7a3ce7d4"}]}
2026-05-29 23:17:44.673 10 INFO neutron.services.segments.plugin [-] Segment 4cd04122-9af3-4e2b-b600-4b1d8c17093d resource provider not found; error: Placement Client Error (4xx): {"errors": [{"status": 404, "title": "Not Found", "detail": "The resource could not be found.\n\n No resource provider with uuid 4cd04122-9af3-4e2b-b600-4b1d8c17093d found for delete ", "request_id": "req-ab0f747c-0d37-4885-a8c3-7528e5d7fcf2"}]}
2026-05-29 23:17:44.715 10 INFO neutron.api.wsgi [None req-b90b519e-6c39-4b72-ae6d-c1178931da9b 715368bb2f82468fae3f18595619a8d4 a3e76a9500a548d4a73e3250311f1af6 - - default default] 10.0.0.115 "DELETE /v2.0/vpn/vpnservices/ac442d88-d4f6-47ca-9969-af3f8bb064a8 HTTP/1.1" status: 204 len: 168 time: 2.0769739 /var/lib/openstack/lib/python3.12/site-packages/pycadf/identifier.py:71: UserWarning: Invalid uuid: neutron. To ensure interoperability, identifiers should be a valid uuid. warnings.warn(('Invalid uuid: %s. To ensure interoperability, '
