2026-05-29 23:16:39.396 9 INFO neutron.db.ovn_revision_numbers_db [None req-627f5210-d245-4f99-9b2d-02ddf13b1a7d - - - - - -] Successfully bumped revision number for resource aec396c4-8d89-45d7-8f54-948ce064fdc1 (type: ports) to 5
2026-05-29 23:16:39.544 9 INFO neutron.plugins.ml2.drivers.ovn.mech_driver.mech_driver [None req-f9f3aa2c-4d40-4d1f-866a-02f7c3c9e039 - - - - - -] OVN reports status up for port: 9d552ccf-5ce1-4e54-96b7-f8c48eadfde5
2026-05-29 23:16:39.551 9 INFO neutron.plugins.ml2.plugin [None req-f9f3aa2c-4d40-4d1f-866a-02f7c3c9e039 - - - - - -] Attempt 1 to provision port 9d552ccf-5ce1-4e54-96b7-f8c48eadfde5
2026-05-29 23:16:39.559 10 INFO neutron.db.ovn_revision_numbers_db [None req-3fb7791c-03dd-4153-97ed-a73828e96264 666683ce59f74e418ed9ee95f283e509 ff43a2eefa8043f9acb8f3e64b073de8 - - default default] Successfully bumped revision number for resource 9d552ccf-5ce1-4e54-96b7-f8c48eadfde5 (type: ports) to 1
2026-05-29 23:16:39.609 10 WARNING neutron.scheduler.dhcp_agent_scheduler [None req-3fb7791c-03dd-4153-97ed-a73828e96264 666683ce59f74e418ed9ee95f283e509 ff43a2eefa8043f9acb8f3e64b073de8 - - default default] No more DHCP agents
2026-05-29 23:16:39.610 10 WARNING neutron.api.rpc.agentnotifiers.dhcp_rpc_agent_api [None req-3fb7791c-03dd-4153-97ed-a73828e96264 666683ce59f74e418ed9ee95f283e509 ff43a2eefa8043f9acb8f3e64b073de8 - - default default] Unable to schedule network 7fce99ee-4405-454f-b25b-34390772026c: no agents available; will retry on subsequent port and subnet creation events.
2026-05-29 23:16:39.907 9 INFO neutron.db.ovn_revision_numbers_db [None req-f9f3aa2c-4d40-4d1f-866a-02f7c3c9e039 - - - - - -] Successfully bumped revision number for resource 9d552ccf-5ce1-4e54-96b7-f8c48eadfde5 (type: ports) to 2
2026-05-29 23:16:40.010 10 INFO neutron.db.ovn_revision_numbers_db [None req-3fb7791c-03dd-4153-97ed-a73828e96264 666683ce59f74e418ed9ee95f283e509 ff43a2eefa8043f9acb8f3e64b073de8 - - default default] Successfully bumped revision number for resource 9d552ccf-5ce1-4e54-96b7-f8c48eadfde5 (type: router_ports) to 1
2026-05-29 23:16:40.016 10 INFO neutron.api.wsgi [None req-3fb7791c-03dd-4153-97ed-a73828e96264 666683ce59f74e418ed9ee95f283e509 ff43a2eefa8043f9acb8f3e64b073de8 - - default default] 10.0.0.115 "PUT /v2.0/routers/c80616c5-60a5-4400-a8ea-9952890417dd/add_router_interface HTTP/1.1" status: 200 len: 503 time: 1.4611459
2026-05-29 23:16:41.111 10 INFO neutron.db.ovn_revision_numbers_db [None req-8b88e436-7dbf-4369-b8dc-274f2dccd32d 666683ce59f74e418ed9ee95f283e509 ff43a2eefa8043f9acb8f3e64b073de8 - - default default] Successfully bumped revision number for resource c59487d4-52a7-48f7-838d-7a03c1433f3b (type: security_groups) to 1
2026-05-29 23:16:41.128 10 INFO neutron.db.ovn_revision_numbers_db [None req-8b88e436-7dbf-4369-b8dc-274f2dccd32d 666683ce59f74e418ed9ee95f283e509 ff43a2eefa8043f9acb8f3e64b073de8 - - default default] Successfully bumped revision number for resource 3a03b455-f76d-4e0c-8360-fb949c9b90e7 (type: security_group_rules) to 0
2026-05-29 23:16:41.138 10 INFO neutron.db.ovn_revision_numbers_db [None req-8b88e436-7dbf-4369-b8dc-274f2dccd32d 666683ce59f74e418ed9ee95f283e509 ff43a2eefa8043f9acb8f3e64b073de8 - - default default] Successfully bumped revision number for resource 99c93bc4-fa65-441e-86e3-f4cae756cab6 (type: security_group_rules) to 0
2026-05-29 23:16:41.152 10 INFO neutron.db.ovn_revision_numbers_db [None req-8b88e436-7dbf-4369-b8dc-274f2dccd32d 666683ce59f74e418ed9ee95f283e509 ff43a2eefa8043f9acb8f3e64b073de8 - - default default] Successfully bumped revision number for resource 9ec16018-6ff0-4062-bdd9-449559841198 (type: security_group_rules) to 0
2026-05-29 23:16:41.167 10 INFO neutron.db.ovn_revision_numbers_db [None req-8b88e436-7dbf-4369-b8dc-274f2dccd32d 666683ce59f74e418ed9ee95f283e509 ff43a2eefa8043f9acb8f3e64b073de8 - - default default] Successfully bumped revision number for resource b04880b9-1e14-476a-b178-854fae29c670 (type: security_group_rules) to 0
2026-05-29 23:16:41.206 10 INFO neutron.api.wsgi [None req-8b88e436-7dbf-4369-b8dc-274f2dccd32d 666683ce59f74e418ed9ee95f283e509 ff43a2eefa8043f9acb8f3e64b073de8 - - default default] 10.0.0.115 "GET /v2.0/security-groups?tenant_id=15364f33ddc44fd7912f2362bffa8ab6&name=default HTTP/1.1" status: 200 len: 3120 time: 0.2994232
2026-05-29 23:16:41.239 9 INFO neutron.db.ovn_revision_numbers_db [None req-39f15dbf-f15d-4993-95cc-a529896f3ec5 666683ce59f74e418ed9ee95f283e509 ff43a2eefa8043f9acb8f3e64b073de8 - - default default] Successfully bumped revision number for resource c1552d7f-44df-4196-9468-684d184fb4de (type: security_groups) to 1
2026-05-29 23:16:41.253 9 INFO neutron.db.ovn_revision_numbers_db [None req-39f15dbf-f15d-4993-95cc-a529896f3ec5 666683ce59f74e418ed9ee95f283e509 ff43a2eefa8043f9acb8f3e64b073de8 - - default default] Successfully bumped revision number for resource 2a0bc8ec-d4f8-4865-9970-f50e462d08ee (type: security_group_rules) to 0
2026-05-29 23:16:41.269 9 INFO neutron.db.ovn_revision_numbers_db [None req-39f15dbf-f15d-4993-95cc-a529896f3ec5 666683ce59f74e418ed9ee95f283e509 ff43a2eefa8043f9acb8f3e64b073de8 - - default default] Successfully bumped revision number for resource a6df24d8-7043-4ddd-85e6-15dfd36d9b4e (type: security_group_rules) to 0
2026-05-29 23:16:41.284 9 INFO neutron.db.ovn_revision_numbers_db [None req-39f15dbf-f15d-4993-95cc-a529896f3ec5 666683ce59f74e418ed9ee95f283e509 ff43a2eefa8043f9acb8f3e64b073de8 - - default default] Successfully bumped revision number for resource a8488e48-d3b4-4c4b-9f9e-4dcba5a3ae3d (type: security_group_rules) to 0
2026-05-29 23:16:41.298 9 INFO neutron.db.ovn_revision_numbers_db [None req-39f15dbf-f15d-4993-95cc-a529896f3ec5 666683ce59f74e418ed9ee95f283e509 ff43a2eefa8043f9acb8f3e64b073de8 - - default default] Successfully bumped revision number for resource b1cec14e-e41a-46af-adef-24d95a61898d (type: security_group_rules) to 0
2026-05-29 23:16:41.370 9 INFO neutron.db.segments_db [None req-39f15dbf-f15d-4993-95cc-a529896f3ec5 666683ce59f74e418ed9ee95f283e509 ff43a2eefa8043f9acb8f3e64b073de8 - - default default] Added segment 218e2324-3bcd-4360-809a-f17740189c64 of type geneve for network f36dfa5b-3198-4482-8547-31872fd535af
2026-05-29 23:16:41.414 9 INFO neutron.api.wsgi [None req-e1331d53-6b8c-463d-9c80-6d48a84e7c30 666683ce59f74e418ed9ee95f283e509 ff43a2eefa8043f9acb8f3e64b073de8 - - default default] 10.0.0.115 "DELETE /v2.0/security-groups/c59487d4-52a7-48f7-838d-7a03c1433f3b HTTP/1.1" status: 204 len: 168 time: 0.2032354
2026-05-29 23:16:41.516 9 INFO neutron.db.ovn_revision_numbers_db [None req-39f15dbf-f15d-4993-95cc-a529896f3ec5 666683ce59f74e418ed9ee95f283e509 ff43a2eefa8043f9acb8f3e64b073de8 - - default default] Successfully bumped revision number for resource f36dfa5b-3198-4482-8547-31872fd535af (type: networks) to 1
2026-05-29 23:16:41.717 10 INFO neutron.db.ovn_revision_numbers_db [None req-92e9d7c5-83d5-4984-ac52-28fbfa344e91 666683ce59f74e418ed9ee95f283e509 ff43a2eefa8043f9acb8f3e64b073de8 - - default default] Successfully bumped revision number for resource 27db348f-2fc4-458f-ba00-adfaa9db464c (type: security_groups) to 1
2026-05-29 23:16:41.720 9 WARNING neutron.scheduler.dhcp_agent_scheduler [None req-39f15dbf-f15d-4993-95cc-a529896f3ec5 666683ce59f74e418ed9ee95f283e509 ff43a2eefa8043f9acb8f3e64b073de8 - - default default] No more DHCP agents
2026-05-29 23:16:41.721 9 WARNING neutron.api.rpc.agentnotifiers.dhcp_rpc_agent_api [None req-39f15dbf-f15d-4993-95cc-a529896f3ec5 666683ce59f74e418ed9ee95f283e509 ff43a2eefa8043f9acb8f3e64b073de8 - - default default] Unable to schedule network f36dfa5b-3198-4482-8547-31872fd535af: no agents available; will retry on subsequent port and subnet creation events.
2026-05-29 23:16:41.733 10 INFO neutron.db.ovn_revision_numbers_db [None req-92e9d7c5-83d5-4984-ac52-28fbfa344e91 666683ce59f74e418ed9ee95f283e509 ff43a2eefa8043f9acb8f3e64b073de8 - - default default] Successfully bumped revision number for resource 26268213-4e44-456e-a775-741b576dcb1c (type: security_group_rules) to 0
2026-05-29 23:16:41.748 10 INFO neutron.db.ovn_revision_numbers_db [None req-92e9d7c5-83d5-4984-ac52-28fbfa344e91 666683ce59f74e418ed9ee95f283e509 ff43a2eefa8043f9acb8f3e64b073de8 - - default default] Successfully bumped revision number for resource 4fb35fa0-f56b-4bc6-a585-9dece127f1e0 (type: security_group_rules) to 0
2026-05-29 23:16:41.761 10 INFO neutron.db.ovn_revision_numbers_db [None req-92e9d7c5-83d5-4984-ac52-28fbfa344e91 666683ce59f74e418ed9ee95f283e509 ff43a2eefa8043f9acb8f3e64b073de8 - - default default] Successfully bumped revision number for resource 953d1b00-216b-4334-a3c1-d701fe817368 (type: security_group_rules) to 0
2026-05-29 23:16:41.769 9 INFO neutron.db.ovn_revision_numbers_db [None req-39f15dbf-f15d-4993-95cc-a529896f3ec5 666683ce59f74e418ed9ee95f283e509 ff43a2eefa8043f9acb8f3e64b073de8 - - default default] Successfully bumped revision number for resource dd9aa7b7-870b-44a4-b823-d716789642e5 (type: ports) to 1
2026-05-29 23:16:41.772 10 INFO neutron.db.ovn_revision_numbers_db [None req-92e9d7c5-83d5-4984-ac52-28fbfa344e91 666683ce59f74e418ed9ee95f283e509 ff43a2eefa8043f9acb8f3e64b073de8 - - default default] Successfully bumped revision number for resource aef3de36-38e5-45cd-90b3-f3f86d1ea5f0 (type: security_group_rules) to 0
2026-05-29 23:16:41.789 9 INFO neutron.api.wsgi [None req-39f15dbf-f15d-4993-95cc-a529896f3ec5 666683ce59f74e418ed9ee95f283e509 ff43a2eefa8043f9acb8f3e64b073de8 - - default default] 10.0.0.115 "POST /v2.0/networks HTTP/1.1" status: 201 len: 943 time: 0.6943610
2026-05-29 23:16:41.806 10 INFO neutron.api.wsgi [None req-92e9d7c5-83d5-4984-ac52-28fbfa344e91 666683ce59f74e418ed9ee95f283e509 ff43a2eefa8043f9acb8f3e64b073de8 - - default default] 10.0.0.115 "GET /v2.0/security-groups?tenant_id=075aec8bac1945ce818514885f7f7f72&name=default HTTP/1.1" status: 200 len: 3120 time: 0.2134640
2026-05-29 23:16:41.954 9 WARNING neutron.scheduler.dhcp_agent_scheduler [None req-58a75183-00c3-4173-aca3-37a51555a44e 666683ce59f74e418ed9ee95f283e509 ff43a2eefa8043f9acb8f3e64b073de8 - - default default] No more DHCP agents
2026-05-29 23:16:41.956 9 WARNING neutron.api.rpc.agentnotifiers.dhcp_rpc_agent_api [None req-58a75183-00c3-4173-aca3-37a51555a44e 666683ce59f74e418ed9ee95f283e509 ff43a2eefa8043f9acb8f3e64b073de8 - - default default] Unable to schedule network f36dfa5b-3198-4482-8547-31872fd535af: no agents available; will retry on subsequent port and subnet creation events.
2026-05-29 23:16:42.020 9 INFO neutron.api.wsgi [None req-5ebf49ba-6edc-4afd-bcfd-92c178ad6978 666683ce59f74e418ed9ee95f283e509 ff43a2eefa8043f9acb8f3e64b073de8 - - default default] 10.0.0.115 "DELETE /v2.0/security-groups/27db348f-2fc4-458f-ba00-adfaa9db464c HTTP/1.1" status: 204 len: 168 time: 0.2094274
2026-05-29 23:16:42.287 9 INFO neutron.db.ovn_revision_numbers_db [None req-0d737c69-1c17-4bbb-b125-1a52510a85bc - - - - - -] Successfully bumped revision number for resource dd9aa7b7-870b-44a4-b823-d716789642e5 (type: ports) to 2
2026-05-29 23:16:42.315 9 INFO neutron.db.ovn_revision_numbers_db [None req-0d737c69-1c17-4bbb-b125-1a52510a85bc - - - - - -] Successfully bumped revision number for resource 40d7f4c7-d606-42b9-9b3c-974f69e9f44d (type: subnets) to 0
2026-05-29 23:16:42.330 9 INFO neutron.api.wsgi [None req-58a75183-00c3-4173-aca3-37a51555a44e 666683ce59f74e418ed9ee95f283e509 ff43a2eefa8043f9acb8f3e64b073de8 - - default default] 10.0.0.115 "POST /v2.0/subnets HTTP/1.1" status: 201 len: 887 time: 0.5354881
2026-05-29 23:16:42.639 9 WARNING neutron.scheduler.dhcp_agent_scheduler [None req-c3936694-1daf-4fa5-85b2-13f1002d7a0e 666683ce59f74e418ed9ee95f283e509 ff43a2eefa8043f9acb8f3e64b073de8 - - default default] No more DHCP agents
2026-05-29 23:16:42.640 9 WARNING neutron.api.rpc.agentnotifiers.dhcp_rpc_agent_api [None req-c3936694-1daf-4fa5-85b2-13f1002d7a0e 666683ce59f74e418ed9ee95f283e509 ff43a2eefa8043f9acb8f3e64b073de8 - - default default] Unable to schedule network b8200611-667e-49a6-aeeb-7a7c3a7ee2a0: no agents available; will retry on subsequent port and subnet creation events.
2026-05-29 23:16:42.735 9 INFO neutron.db.ovn_revision_numbers_db [None req-c3936694-1daf-4fa5-85b2-13f1002d7a0e 666683ce59f74e418ed9ee95f283e509 ff43a2eefa8043f9acb8f3e64b073de8 - - default default] Successfully bumped revision number for resource 7ad2fe1b-e7f4-4899-bd85-9dff4b554192 (type: ports) to 1
2026-05-29 23:16:43.294 9 INFO neutron.plugins.ml2.drivers.ovn.mech_driver.ovsdb.commands [None req-48855d10-e913-4b96-828e-0ee901114593 - - - - - -] Schedule LRP lrp-7ad2fe1b-e7f4-4899-bd85-9dff4b554192 on gateway e8322966-2a75-4155-bf80-7bdca052e51e with priority 1
2026-05-29 23:16:43.316 10 INFO neutron.plugins.ml2.drivers.ovn.mech_driver.ovsdb.ovsdb_monitor [None req-3c0e1478-7ada-4ae4-bd1d-89dae964eef0 - - - - - -] Router bd7cba24-747b-4a09-ba9b-4b72400b0141 is bound to host instance
2026-05-29 23:16:43.336 9 INFO neutron.db.ovn_revision_numbers_db [None req-c3936694-1daf-4fa5-85b2-13f1002d7a0e 666683ce59f74e418ed9ee95f283e509 ff43a2eefa8043f9acb8f3e64b073de8 - - default default] Successfully bumped revision number for resource 7ad2fe1b-e7f4-4899-bd85-9dff4b554192 (type: router_ports) to 1
2026-05-29 23:16:43.390 9 INFO neutron.db.ovn_revision_numbers_db [None req-c3936694-1daf-4fa5-85b2-13f1002d7a0e 666683ce59f74e418ed9ee95f283e509 ff43a2eefa8043f9acb8f3e64b073de8 - - default default] Successfully bumped revision number for resource bd7cba24-747b-4a09-ba9b-4b72400b0141 (type: routers) to 2
2026-05-29 23:16:43.405 9 INFO neutron.api.wsgi [None req-c3936694-1daf-4fa5-85b2-13f1002d7a0e 666683ce59f74e418ed9ee95f283e509 ff43a2eefa8043f9acb8f3e64b073de8 - - default default] 10.0.0.115 "POST /v2.0/routers HTTP/1.1" status: 201 len: 1165 time: 1.0704896
2026-05-29 23:16:43.686 10 INFO neutron.db.ovn_revision_numbers_db [None req-6ac11451-d35f-45da-ae73-1315c4ef4d9b - - - - - -] Successfully bumped revision number for resource 7ad2fe1b-e7f4-4899-bd85-9dff4b554192 (type: ports) to 1
2026-05-29 23:16:43.807 9 WARNING neutron.scheduler.dhcp_agent_scheduler [None req-349eccc2-c311-41df-a087-1444714af91d 666683ce59f74e418ed9ee95f283e509 ff43a2eefa8043f9acb8f3e64b073de8 - - default default] No more DHCP agents
2026-05-29 23:16:43.808 9 WARNING neutron.api.rpc.agentnotifiers.dhcp_rpc_agent_api [None req-349eccc2-c311-41df-a087-1444714af91d 666683ce59f74e418ed9ee95f283e509 ff43a2eefa8043f9acb8f3e64b073de8 - - default default] Unable to schedule network f36dfa5b-3198-4482-8547-31872fd535af: no agents available; will retry on subsequent port and subnet creation events.
2026-05-29 23:16:43.918 9 INFO neutron.db.ovn_revision_numbers_db [None req-349eccc2-c311-41df-a087-1444714af91d 666683ce59f74e418ed9ee95f283e509 ff43a2eefa8043f9acb8f3e64b073de8 - - default default] Successfully bumped revision number for resource 0462471c-bc9c-4d65-8566-d8a9a3f62d15 (type: ports) to 1
2026-05-29 23:16:43.982 10 INFO neutron.db.ovn_revision_numbers_db [None req-6ac11451-d35f-45da-ae73-1315c4ef4d9b - - - - - -] Successfully bumped revision number for resource 7ad2fe1b-e7f4-4899-bd85-9dff4b554192 (type: ports) to 4
2026-05-29 23:16:44.300 10 INFO neutron.db.ovn_revision_numbers_db [None req-6ac11451-d35f-45da-ae73-1315c4ef4d9b - - - - - -] Successfully bumped revision number for resource 7ad2fe1b-e7f4-4899-bd85-9dff4b554192 (type: ports) to 5
2026-05-29 23:16:44.442 10 INFO neutron.plugins.ml2.drivers.ovn.mech_driver.mech_driver [None req-0343cbd1-8045-4b63-918b-502d55e9592f - - - - - -] OVN reports status up for port: 0462471c-bc9c-4d65-8566-d8a9a3f62d15
2026-05-29 23:16:44.449 10 INFO neutron.plugins.ml2.plugin [None req-0343cbd1-8045-4b63-918b-502d55e9592f - - - - - -] Attempt 1 to provision port 0462471c-bc9c-4d65-8566-d8a9a3f62d15
2026-05-29 23:16:44.469 9 INFO neutron.db.ovn_revision_numbers_db [None req-349eccc2-c311-41df-a087-1444714af91d 666683ce59f74e418ed9ee95f283e509 ff43a2eefa8043f9acb8f3e64b073de8 - - default default] Successfully bumped revision number for resource 0462471c-bc9c-4d65-8566-d8a9a3f62d15 (type: ports) to 1
2026-05-29 23:16:44.528 9 WARNING neutron.scheduler.dhcp_agent_scheduler [None req-349eccc2-c311-41df-a087-1444714af91d 666683ce59f74e418ed9ee95f283e509 ff43a2eefa8043f9acb8f3e64b073de8 - - default default] No more DHCP agents
2026-05-29 23:16:44.530 9 WARNING neutron.api.rpc.agentnotifiers.dhcp_rpc_agent_api [None req-349eccc2-c311-41df-a087-1444714af91d 666683ce59f74e418ed9ee95f283e509 ff43a2eefa8043f9acb8f3e64b073de8 - - default default] Unable to schedule network f36dfa5b-3198-4482-8547-31872fd535af: no agents available; will retry on subsequent port and subnet creation events.
2026-05-29 23:16:44.786 10 INFO neutron.db.ovn_revision_numbers_db [None req-0343cbd1-8045-4b63-918b-502d55e9592f - - - - - -] Successfully bumped revision number for resource 0462471c-bc9c-4d65-8566-d8a9a3f62d15 (type: ports) to 2
2026-05-29 23:16:45.042 10 INFO neutron.api.wsgi [None req-1d9c0f39-b911-4ab1-810c-ea14deb9e1db f63969c15806453ba5f0c62ee6ea11f2 881b2baf72ff4a48be2eeeb0faf88689 - - default default] 10.0.0.80 "GET /v2.0/extensions HTTP/1.1" status: 200 len: 19298 time: 0.0905397
2026-05-29 23:16:45.098 9 INFO neutron.db.ovn_revision_numbers_db [None req-349eccc2-c311-41df-a087-1444714af91d 666683ce59f74e418ed9ee95f283e509 ff43a2eefa8043f9acb8f3e64b073de8 - - default default] Successfully bumped revision number for resource 0462471c-bc9c-4d65-8566-d8a9a3f62d15 (type: router_ports) to 1
2026-05-29 23:16:45.102 9 INFO neutron.api.wsgi [None req-349eccc2-c311-41df-a087-1444714af91d 666683ce59f74e418ed9ee95f283e509 ff43a2eefa8043f9acb8f3e64b073de8 - - default default] 10.0.0.115 "PUT /v2.0/routers/bd7cba24-747b-4a09-ba9b-4b72400b0141/add_router_interface HTTP/1.1" status: 200 len: 503 time: 1.6914265
2026-05-29 23:16:45.165 9 INFO neutron.api.wsgi [None req-f90b4064-14a3-4653-ad16-e0815cf50a96 f63969c15806453ba5f0c62ee6ea11f2 881b2baf72ff4a48be2eeeb0faf88689 - - default default] 10.0.0.80 "GET /v2.0/quotas/881b2baf72ff4a48be2eeeb0faf88689/details HTTP/1.1" status: 200 len: 1046 time: 0.1106715
2026-05-29 23:16:45.474 9 WARNING neutron.plugins.ml2.drivers.ovn.mech_driver.ovsdb.ovn_client [None req-26064e73-80d9-4111-88d6-dfdce49f1db3 - - - - - -] No hosting information found for port 9d552ccf-5ce1-4e54-96b7-f8c48eadfde5: RuntimeError: No hosting information found for port 9d552ccf-5ce1-4e54-96b7-f8c48eadfde5
2026-05-29 23:16:45.544 9 INFO neutron.db.ovn_revision_numbers_db [None req-26064e73-80d9-4111-88d6-dfdce49f1db3 - - - - - -] Successfully bumped revision number for resource 9d552ccf-5ce1-4e54-96b7-f8c48eadfde5 (type: router_ports) to 2
2026-05-29 23:16:45.544 9 INFO neutron.plugins.ml2.drivers.ovn.mech_driver.mech_driver [None req-26064e73-80d9-4111-88d6-dfdce49f1db3 - - - - - -] OVN reports status up for port: 7ad2fe1b-e7f4-4899-bd85-9dff4b554192
2026-05-29 23:16:45.552 9 INFO neutron.plugins.ml2.plugin [None req-26064e73-80d9-4111-88d6-dfdce49f1db3 - - - - - -] Attempt 1 to provision port 7ad2fe1b-e7f4-4899-bd85-9dff4b554192
2026-05-29 23:16:45.626 9 WARNING neutron_lib.context [None req-aba7370f-0d06-4ad1-bc0d-fea4b7f65042 a95df208d053480590987af067941495 4be7f1c298cb4ad9acc00bdd1203e551 - - default default] Method 'is_advsvc' is deprecated since 2023.2 release (neutron-lib 3.8.0) and will be removed once support for the old RBAC API policies will be removed from Neutron. Please use method 'is_service_role' instead.
2026-05-29 23:16:45.732 9 INFO neutron.db.ovn_revision_numbers_db [None req-aba7370f-0d06-4ad1-bc0d-fea4b7f65042 a95df208d053480590987af067941495 4be7f1c298cb4ad9acc00bdd1203e551 - - default default] Successfully bumped revision number for resource e8b091a1-1eae-49b6-bb07-f32bfb2614cd (type: security_groups) to 1
2026-05-29 23:16:45.746 9 INFO neutron.db.ovn_revision_numbers_db [None req-aba7370f-0d06-4ad1-bc0d-fea4b7f65042 a95df208d053480590987af067941495 4be7f1c298cb4ad9acc00bdd1203e551 - - default default] Successfully bumped revision number for resource 04885cb0-5437-432e-bc38-3480d60cb224 (type: security_group_rules) to 0
2026-05-29 23:16:45.760 9 INFO neutron.db.ovn_revision_numbers_db [None req-aba7370f-0d06-4ad1-bc0d-fea4b7f65042 a95df208d053480590987af067941495 4be7f1c298cb4ad9acc00bdd1203e551 - - default default] Successfully bumped revision number for resource aae22880-1e8a-4d96-a205-f7fc86ddbaa4 (type: security_group_rules) to 0
2026-05-29 23:16:45.795 9 INFO neutron.api.wsgi [None req-aba7370f-0d06-4ad1-bc0d-fea4b7f65042 a95df208d053480590987af067941495 4be7f1c298cb4ad9acc00bdd1203e551 - - default default] 10.0.0.115 "POST /v2.0/security-groups HTTP/1.1" status: 201 len: 1875 time: 0.1738424
2026-05-29 23:16:45.807 10 WARNING neutron_lib.context [None req-0d6a586c-f3fb-440b-9691-7dd4d15ce38c a95df208d053480590987af067941495 4be7f1c298cb4ad9acc00bdd1203e551 - - default default] Method 'is_advsvc' is deprecated since 2023.2 release (neutron-lib 3.8.0) and will be removed once support for the old RBAC API policies will be removed from Neutron. Please use method 'is_service_role' instead.
2026-05-29 23:16:45.933 10 INFO neutron.db.ovn_revision_numbers_db [None req-0d6a586c-f3fb-440b-9691-7dd4d15ce38c a95df208d053480590987af067941495 4be7f1c298cb4ad9acc00bdd1203e551 - - default default] Successfully bumped revision number for resource 25768e3b-c5fa-47e4-8b39-2097c3cb6406 (type: security_group_rules) to 0
2026-05-29 23:16:45.964 10 INFO neutron.api.wsgi [None req-0d6a586c-f3fb-440b-9691-7dd4d15ce38c a95df208d053480590987af067941495 4be7f1c298cb4ad9acc00bdd1203e551 - - default default] 10.0.0.115 "POST /v2.0/security-group-rules HTTP/1.1" status: 201 len: 796 time: 0.1635084
2026-05-29 23:16:45.974 10 WARNING neutron_lib.context [None req-be3c419a-c4ad-4cda-81e6-e5b8f2ec3fef a95df208d053480590987af067941495 4be7f1c298cb4ad9acc00bdd1203e551 - - default default] Method 'is_advsvc' is deprecated since 2023.2 release (neutron-lib 3.8.0) and will be removed once support for the old RBAC API policies will be removed from Neutron. Please use method 'is_service_role' instead.
2026-05-29 23:16:46.090 10 INFO neutron.db.ovn_revision_numbers_db [None req-be3c419a-c4ad-4cda-81e6-e5b8f2ec3fef a95df208d053480590987af067941495 4be7f1c298cb4ad9acc00bdd1203e551 - - default default] Successfully bumped revision number for resource 30b55613-1956-4931-b7cd-a54ceba9c9ea (type: security_group_rules) to 0
2026-05-29 23:16:46.122 10 INFO neutron.api.wsgi [None req-be3c419a-c4ad-4cda-81e6-e5b8f2ec3fef a95df208d053480590987af067941495 4be7f1c298cb4ad9acc00bdd1203e551 - - default default] 10.0.0.115 "POST /v2.0/security-group-rules HTTP/1.1" status: 201 len: 795 time: 0.1536062
2026-05-29 23:16:46.131 10 WARNING neutron_lib.context [None req-895afceb-f8c1-4f2d-954f-434531a7bc77 a95df208d053480590987af067941495 4be7f1c298cb4ad9acc00bdd1203e551 - - default default] Method 'is_advsvc' is deprecated since 2023.2 release (neutron-lib 3.8.0) and will be removed once support for the old RBAC API policies will be removed from Neutron. Please use method 'is_service_role' instead.
2026-05-29 23:16:46.246 10 INFO neutron.db.ovn_revision_numbers_db [None req-895afceb-f8c1-4f2d-954f-434531a7bc77 a95df208d053480590987af067941495 4be7f1c298cb4ad9acc00bdd1203e551 - - default default] Successfully bumped revision number for resource 801cee69-026f-493b-8510-378bcd852572 (type: security_group_rules) to 0
2026-05-29 23:16:46.278 10 INFO neutron.api.wsgi [None req-895afceb-f8c1-4f2d-954f-434531a7bc77 a95df208d053480590987af067941495 4be7f1c298cb4ad9acc00bdd1203e551 - - default default] 10.0.0.115 "POST /v2.0/security-group-rules HTTP/1.1" status: 201 len: 801 time: 0.1510248
2026-05-29 23:16:46.289 10 WARNING neutron_lib.context [None req-b04cb0b9-d3de-426f-abaa-b6e952ba4d38 a95df208d053480590987af067941495 4be7f1c298cb4ad9acc00bdd1203e551 - - default default] Method 'is_advsvc' is deprecated since 2023.2 release (neutron-lib 3.8.0) and will be removed once support for the old RBAC API policies will be removed from Neutron. Please use method 'is_service_role' instead.
2026-05-29 23:16:46.404 10 INFO neutron.db.ovn_revision_numbers_db [None req-b04cb0b9-d3de-426f-abaa-b6e952ba4d38 a95df208d053480590987af067941495 4be7f1c298cb4ad9acc00bdd1203e551 - - default default] Successfully bumped revision number for resource 0a0cdf49-8c85-4dd3-bc63-c6678ab4b740 (type: security_group_rules) to 0
2026-05-29 23:16:46.438 10 INFO neutron.api.wsgi [None req-b04cb0b9-d3de-426f-abaa-b6e952ba4d38 a95df208d053480590987af067941495 4be7f1c298cb4ad9acc00bdd1203e551 - - default default] 10.0.0.115 "POST /v2.0/security-group-rules HTTP/1.1" status: 201 len: 800 time: 0.1517768
2026-05-29 23:16:46.447 10 WARNING neutron_lib.context [None req-e651e5bb-de88-4c5d-a413-b7c4af40b021 a95df208d053480590987af067941495 4be7f1c298cb4ad9acc00bdd1203e551 - - default default] Method 'is_advsvc' is deprecated since 2023.2 release (neutron-lib 3.8.0) and will be removed once support for the old RBAC API policies will be removed from Neutron. Please use method 'is_service_role' instead.
2026-05-29 23:16:46.476 10 INFO neutron.db.securitygroups_db [None req-e651e5bb-de88-4c5d-a413-b7c4af40b021 a95df208d053480590987af067941495 4be7f1c298cb4ad9acc00bdd1203e551 - - default default] Project 4be7f1c298cb4ad9acc00bdd1203e551 added a security group rule with legacy IPv6 ICMP protocol name icmp, ipv6-icmp should be used instead. It was automatically converted.
2026-05-29 23:16:46.596 10 INFO neutron.db.ovn_revision_numbers_db [None req-e651e5bb-de88-4c5d-a413-b7c4af40b021 a95df208d053480590987af067941495 4be7f1c298cb4ad9acc00bdd1203e551 - - default default] Successfully bumped revision number for resource 78da116d-0f1a-46fe-8307-02bd9b183983 (type: security_group_rules) to 0
2026-05-29 23:16:46.623 10 INFO neutron.api.wsgi [None req-e651e5bb-de88-4c5d-a413-b7c4af40b021 a95df208d053480590987af067941495 4be7f1c298cb4ad9acc00bdd1203e551 - - default default] 10.0.0.115 "POST /v2.0/security-group-rules HTTP/1.1" status: 201 len: 806 time: 0.1798799
2026-05-29 23:16:46.632 9 WARNING neutron_lib.context [None req-be6b4895-66ea-4bf9-97e1-53a5b326ea4a a95df208d053480590987af067941495 4be7f1c298cb4ad9acc00bdd1203e551 - - default default] Method 'is_advsvc' is deprecated since 2023.2 release (neutron-lib 3.8.0) and will be removed once support for the old RBAC API policies will be removed from Neutron. Please use method 'is_service_role' instead.
2026-05-29 23:16:46.683 9 INFO neutron.db.securitygroups_db [None req-be6b4895-66ea-4bf9-97e1-53a5b326ea4a a95df208d053480590987af067941495 4be7f1c298cb4ad9acc00bdd1203e551 - - default default] Project 4be7f1c298cb4ad9acc00bdd1203e551 added a security group rule with legacy IPv6 ICMP protocol name icmp, ipv6-icmp should be used instead. It was automatically converted.
2026-05-29 23:16:46.785 9 INFO neutron.db.ovn_revision_numbers_db [None req-be6b4895-66ea-4bf9-97e1-53a5b326ea4a a95df208d053480590987af067941495 4be7f1c298cb4ad9acc00bdd1203e551 - - default default] Successfully bumped revision number for resource adebdbca-b4e5-47d0-8c33-a4f2fb00b68b (type: security_group_rules) to 0
2026-05-29 23:16:46.835 9 INFO neutron.api.wsgi [None req-be6b4895-66ea-4bf9-97e1-53a5b326ea4a a95df208d053480590987af067941495 4be7f1c298cb4ad9acc00bdd1203e551 - - default default] 10.0.0.115 "POST /v2.0/security-group-rules HTTP/1.1" status: 201 len: 805 time: 0.2068796
2026-05-29 23:16:47.062 9 INFO neutron.api.wsgi [None req-cc6772fb-d667-4f70-8b09-3d2fd55d4875 f63969c15806453ba5f0c62ee6ea11f2 881b2baf72ff4a48be2eeeb0faf88689 - - default default] 10.0.0.80 "GET /v2.0/extensions HTTP/1.1" status: 200 len: 19298 time: 0.0043402
2026-05-29 23:16:47.172 9 INFO neutron.api.wsgi [None req-7750b1d6-4992-4276-be4e-12cd8db12f51 f63969c15806453ba5f0c62ee6ea11f2 881b2baf72ff4a48be2eeeb0faf88689 - - default default] 10.0.0.80 "GET /v2.0/quotas/881b2baf72ff4a48be2eeeb0faf88689/details HTTP/1.1" status: 200 len: 1046 time: 0.0995991
2026-05-29 23:16:47.217 10 WARNING neutron_lib.context [None req-a6f46b95-3200-46b8-9e75-8476feecc9ee a95df208d053480590987af067941495 4be7f1c298cb4ad9acc00bdd1203e551 - - default default] Method 'is_advsvc' is deprecated since 2023.2 release (neutron-lib 3.8.0) and will be removed once support for the old RBAC API policies will be removed from Neutron. Please use method 'is_service_role' instead.
2026-05-29 23:16:47.326 10 INFO neutron.db.ovn_revision_numbers_db [None req-a6f46b95-3200-46b8-9e75-8476feecc9ee a95df208d053480590987af067941495 4be7f1c298cb4ad9acc00bdd1203e551 - - default default] Successfully bumped revision number for resource 18d4b48e-43ba-41df-8457-d7136ccf53c7 (type: security_groups) to 1
2026-05-29 23:16:47.336 10 INFO neutron.db.ovn_revision_numbers_db [None req-a6f46b95-3200-46b8-9e75-8476feecc9ee a95df208d053480590987af067941495 4be7f1c298cb4ad9acc00bdd1203e551 - - default default] Successfully bumped revision number for resource cf49b894-b018-4e55-8070-e17cf24296de (type: security_group_rules) to 0
2026-05-29 23:16:47.349 10 INFO neutron.db.ovn_revision_numbers_db [None req-a6f46b95-3200-46b8-9e75-8476feecc9ee a95df208d053480590987af067941495 4be7f1c298cb4ad9acc00bdd1203e551 - - default default] Successfully bumped revision number for resource d900d048-6f6d-4ce5-9d4f-3fda90778f61 (type: security_group_rules) to 0
2026-05-29 23:16:47.382 10 INFO neutron.api.wsgi [None req-a6f46b95-3200-46b8-9e75-8476feecc9ee a95df208d053480590987af067941495 4be7f1c298cb4ad9acc00bdd1203e551 - - default default] 10.0.0.115 "POST /v2.0/security-groups HTTP/1.1" status: 201 len: 1860 time: 0.1722193
2026-05-29 23:16:47.394 10 WARNING neutron_lib.context [None req-b94a058b-2635-42e5-b08e-0cb9089317c6 a95df208d053480590987af067941495 4be7f1c298cb4ad9acc00bdd1203e551 - - default default] Method 'is_advsvc' is deprecated since 2023.2 release (neutron-lib 3.8.0) and will be removed once support for the old RBAC API policies will be removed from Neutron. Please use method 'is_service_role' instead.
2026-05-29 23:16:47.499 10 INFO neutron.db.ovn_revision_numbers_db [None req-b94a058b-2635-42e5-b08e-0cb9089317c6 a95df208d053480590987af067941495 4be7f1c298cb4ad9acc00bdd1203e551 - - default default] Successfully bumped revision number for resource dafb36e0-65f5-419b-9a44-6707d79efce7 (type: security_group_rules) to 0
2026-05-29 23:16:47.525 10 INFO neutron.api.wsgi [None req-b94a058b-2635-42e5-b08e-0cb9089317c6 a95df208d053480590987af067941495 4be7f1c298cb4ad9acc00bdd1203e551 - - default default] 10.0.0.115 "POST /v2.0/security-group-rules HTTP/1.1" status: 201 len: 796 time: 0.1360221
2026-05-29 23:16:47.533 10 WARNING neutron_lib.context [None req-e3d9ec6a-c9c4-425d-a4d7-df614dcbefc5 a95df208d053480590987af067941495 4be7f1c298cb4ad9acc00bdd1203e551 - - default default] Method 'is_advsvc' is deprecated since 2023.2 release (neutron-lib 3.8.0) and will be removed once support for the old RBAC API policies will be removed from Neutron. Please use method 'is_service_role' instead.
2026-05-29 23:16:47.641 10 INFO neutron.db.ovn_revision_numbers_db [None req-e3d9ec6a-c9c4-425d-a4d7-df614dcbefc5 a95df208d053480590987af067941495 4be7f1c298cb4ad9acc00bdd1203e551 - - default default] Successfully bumped revision number for resource 678eaaa3-7f8f-410e-af35-22394c053d50 (type: security_group_rules) to 0
2026-05-29 23:16:47.673 10 INFO neutron.api.wsgi [None req-e3d9ec6a-c9c4-425d-a4d7-df614dcbefc5 a95df208d053480590987af067941495 4be7f1c298cb4ad9acc00bdd1203e551 - - default default] 10.0.0.115 "POST /v2.0/security-group-rules HTTP/1.1" status: 201 len: 801 time: 0.1436005
2026-05-29 23:16:47.681 10 WARNING neutron_lib.context [None req-ca481e4a-4012-43a1-9b26-051dc0952d0f a95df208d053480590987af067941495 4be7f1c298cb4ad9acc00bdd1203e551 - - default default] Method 'is_advsvc' is deprecated since 2023.2 release (neutron-lib 3.8.0) and will be removed once support for the old RBAC API policies will be removed from Neutron. Please use method 'is_service_role' instead.
2026-05-29 23:16:47.885 10 WARNING neutron.scheduler.dhcp_agent_scheduler [None req-ca481e4a-4012-43a1-9b26-051dc0952d0f a95df208d053480590987af067941495 4be7f1c298cb4ad9acc00bdd1203e551 - - default default] No more DHCP agents
2026-05-29 23:16:47.886 10 WARNING neutron.api.rpc.agentnotifiers.dhcp_rpc_agent_api [None req-ca481e4a-4012-43a1-9b26-051dc0952d0f a95df208d053480590987af067941495 4be7f1c298cb4ad9acc00bdd1203e551 - - default default] Unable to schedule network b8200611-667e-49a6-aeeb-7a7c3a7ee2a0: no agents available; will retry on subsequent port and subnet creation events.
2026-05-29 23:16:48.155 10 INFO neutron.api.wsgi [None req-ca481e4a-4012-43a1-9b26-051dc0952d0f a95df208d053480590987af067941495 4be7f1c298cb4ad9acc00bdd1203e551 - - default default] 10.0.0.115 "POST /v2.0/floatingips HTTP/1.1" status: 201 len: 751 time: 0.4780624
2026-05-29 23:16:48.252 10 INFO neutron.api.wsgi [req-e6ba8146-f12c-4395-a932-7b1b1da7f559 req-6c9c76cd-d55d-4fe6-84f3-1433a7a346d8 a95df208d053480590987af067941495 4be7f1c298cb4ad9acc00bdd1203e551 - - default default] 10.0.0.10 "GET /v2.0/security-groups?name=tempest-securitygroup--376674392&fields=id&tenant_id=4be7f1c298cb4ad9acc00bdd1203e551 HTTP/1.1" status: 200 len: 267 time: 0.0331566
2026-05-29 23:16:48.311 10 INFO neutron.api.wsgi [req-e6ba8146-f12c-4395-a932-7b1b1da7f559 req-a63a1e6c-344e-4557-bef3-c48cc5781e26 a95df208d053480590987af067941495 4be7f1c298cb4ad9acc00bdd1203e551 - - default default] 10.0.0.10 "GET /v2.0/security-groups?name=tempest-secgroup-smoke-1143743955&fields=id&tenant_id=4be7f1c298cb4ad9acc00bdd1203e551 HTTP/1.1" status: 200 len: 267 time: 0.0377111
2026-05-29 23:16:48.358 10 INFO neutron.api.wsgi [req-e6ba8146-f12c-4395-a932-7b1b1da7f559 req-da171948-88c7-4b5c-804a-5e87fce5dbec a95df208d053480590987af067941495 4be7f1c298cb4ad9acc00bdd1203e551 - - default default] 10.0.0.10 "GET /v2.0/networks?id=7fce99ee-4405-454f-b25b-34390772026c HTTP/1.1" status: 200 len: 872 time: 0.0440969
2026-05-29 23:16:48.373 10 INFO neutron.api.wsgi [req-e6ba8146-f12c-4395-a932-7b1b1da7f559 req-692dfe80-6c94-46fa-841d-1cb8483af6bc a95df208d053480590987af067941495 4be7f1c298cb4ad9acc00bdd1203e551 - - default default] 10.0.0.10 "GET /v2.0/quotas/4be7f1c298cb4ad9acc00bdd1203e551 HTTP/1.1" status: 200 len: 491 time: 0.0087676
2026-05-29 23:16:48.459 10 INFO neutron.api.wsgi [req-e6ba8146-f12c-4395-a932-7b1b1da7f559 req-cddd7092-e7c7-4db2-a8ee-dd195de5f74c a95df208d053480590987af067941495 4be7f1c298cb4ad9acc00bdd1203e551 - - default default] 10.0.0.10 "GET /v2.0/ports?tenant_id=4be7f1c298cb4ad9acc00bdd1203e551&fields=id HTTP/1.1" status: 200 len: 302 time: 0.0801992
2026-05-29 23:16:48.524 10 INFO neutron.api.wsgi [req-e6ba8146-f12c-4395-a932-7b1b1da7f559 req-19a84b2d-9e1c-495b-86d8-c62744ec8a0a 404a085e5dc04a73a07ed911e89adbb0 dbfd979046a24a26a3699b07287782c7 - - 45b280749b834deca4faf0a8d83b225b 45b280749b834deca4faf0a8d83b225b] 10.0.0.10 "GET /v2.0/networks/7fce99ee-4405-454f-b25b-34390772026c?fields=segments HTTP/1.1" status: 200 len: 212 time: 0.0499310
2026-05-29 23:16:48.570 10 INFO neutron.api.wsgi [req-e6ba8146-f12c-4395-a932-7b1b1da7f559 req-23e297ea-6a42-4227-af13-aa608c092c96 404a085e5dc04a73a07ed911e89adbb0 dbfd979046a24a26a3699b07287782c7 - - 45b280749b834deca4faf0a8d83b225b 45b280749b834deca4faf0a8d83b225b] 10.0.0.10 "GET /v2.0/networks/7fce99ee-4405-454f-b25b-34390772026c?fields=provider%3Aphysical_network&fields=provider%3Anetwork_type HTTP/1.1" status: 200 len: 277 time: 0.0407348
2026-05-29 23:16:48.743 9 INFO neutron.api.wsgi [req-8e169ab3-935b-487a-a1d1-11e4c434e896 req-2fa4f680-8862-45f6-9305-516dc7c9c284 a95df208d053480590987af067941495 4be7f1c298cb4ad9acc00bdd1203e551 - - default default] 10.0.0.10 "GET /v2.0/ports?device_id=7396d90c-0530-4b8e-b6a8-09952f005079 HTTP/1.1" status: 200 len: 210 time: 0.0197752
2026-05-29 23:16:49.041 10 INFO neutron.api.wsgi [-] 10.0.0.178 "GET / HTTP/1.1" status: 200 len: 247 time: 0.0026202
2026-05-29 23:16:49.041 9 INFO neutron.api.wsgi [-] 10.0.0.178 "GET / HTTP/1.1" status: 200 len: 247 time: 0.0027485
2026-05-29 23:16:49.630 9 INFO neutron.db.ovn_revision_numbers_db [None req-f2dc8dfc-c665-439b-8b81-00ae88542d03 666683ce59f74e418ed9ee95f283e509 ff43a2eefa8043f9acb8f3e64b073de8 - - default default] Successfully bumped revision number for resource 463eb44f-e5ae-4918-ac27-a1dc1418f645 (type: security_groups) to 1
2026-05-29 23:16:49.642 9 INFO neutron.db.ovn_revision_numbers_db [None req-f2dc8dfc-c665-439b-8b81-00ae88542d03 666683ce59f74e418ed9ee95f283e509 ff43a2eefa8043f9acb8f3e64b073de8 - - default default] Successfully bumped revision number for resource b48816c0-f0e9-413d-a459-eaa7080f64c5 (type: security_group_rules) to 0
2026-05-29 23:16:49.654 9 INFO neutron.db.ovn_revision_numbers_db [None req-f2dc8dfc-c665-439b-8b81-00ae88542d03 666683ce59f74e418ed9ee95f283e509 ff43a2eefa8043f9acb8f3e64b073de8 - - default default] Successfully bumped revision number for resource b63fe461-3f41-406f-87ab-1c464da0a74e (type: security_group_rules) to 0
2026-05-29 23:16:49.666 9 INFO neutron.db.ovn_revision_numbers_db [None req-f2dc8dfc-c665-439b-8b81-00ae88542d03 666683ce59f74e418ed9ee95f283e509 ff43a2eefa8043f9acb8f3e64b073de8 - - default default] Successfully bumped revision number for resource bb320193-5326-4f65-bf01-09b888db1f02 (type: security_group_rules) to 0
2026-05-29 23:16:49.677 9 INFO neutron.db.ovn_revision_numbers_db [None req-f2dc8dfc-c665-439b-8b81-00ae88542d03 666683ce59f74e418ed9ee95f283e509 ff43a2eefa8043f9acb8f3e64b073de8 - - default default] Successfully bumped revision number for resource e36138dd-7f55-4880-98e7-deffaf0391a6 (type: security_group_rules) to 0
2026-05-29 23:16:49.708 9 INFO neutron.api.wsgi [None req-f2dc8dfc-c665-439b-8b81-00ae88542d03 666683ce59f74e418ed9ee95f283e509 ff43a2eefa8043f9acb8f3e64b073de8 - - default default] 10.0.0.115 "GET /v2.0/security-groups?tenant_id=881b2baf72ff4a48be2eeeb0faf88689&name=default HTTP/1.1" status: 200 len: 3120 time: 0.2808321
2026-05-29 23:16:49.825 10 INFO neutron.api.wsgi [req-ec8cb9e5-156a-462a-be79-d13f25caf2f4 req-db8623b7-da7e-4478-a448-7c1b6a629408 a95df208d053480590987af067941495 4be7f1c298cb4ad9acc00bdd1203e551 - - default default] 10.0.0.10 "GET /v2.0/ports?device_id=7396d90c-0530-4b8e-b6a8-09952f005079 HTTP/1.1" status: 200 len: 210 time: 0.0167999
2026-05-29 23:16:49.898 9 INFO neutron.api.wsgi [None req-1763a113-dbc3-4ed0-9635-fa8e865eafd4 666683ce59f74e418ed9ee95f283e509 ff43a2eefa8043f9acb8f3e64b073de8 - - default default] 10.0.0.115 "DELETE /v2.0/security-groups/463eb44f-e5ae-4918-ac27-a1dc1418f645 HTTP/1.1" status: 204 len: 168 time: 0.1863360
2026-05-29 23:16:50.187 10 WARNING neutron.plugins.ml2.drivers.ovn.mech_driver.ovsdb.ovn_client [None req-84b8ebdf-9584-4500-8026-9db99d4244ba - - - - - -] No hosting information found for port 0462471c-bc9c-4d65-8566-d8a9a3f62d15: RuntimeError: No hosting information found for port 0462471c-bc9c-4d65-8566-d8a9a3f62d15
2026-05-29 23:16:50.254 10 INFO neutron.db.ovn_revision_numbers_db [None req-84b8ebdf-9584-4500-8026-9db99d4244ba - - - - - -] Successfully bumped revision number for resource 0462471c-bc9c-4d65-8566-d8a9a3f62d15 (type: router_ports) to 2
2026-05-29 23:16:50.906 9 INFO neutron.api.wsgi [req-b5e4d26a-b892-45ca-80af-e3811a25b52a req-19bbd2d0-e9cd-4152-8934-2e6ba9221651 a95df208d053480590987af067941495 4be7f1c298cb4ad9acc00bdd1203e551 - - default default] 10.0.0.10 "GET /v2.0/ports?device_id=7396d90c-0530-4b8e-b6a8-09952f005079 HTTP/1.1" status: 200 len: 210 time: 0.0243313
2026-05-29 23:16:51.986 10 INFO neutron.api.wsgi [req-9c04bd6e-3ec7-4406-9c41-7f05b1333356 req-301c80c2-f19f-456e-a537-17096ddf51e3 a95df208d053480590987af067941495 4be7f1c298cb4ad9acc00bdd1203e551 - - default default] 10.0.0.10 "GET /v2.0/ports?device_id=7396d90c-0530-4b8e-b6a8-09952f005079 HTTP/1.1" status: 200 len: 210 time: 0.0180259
2026-05-29 23:16:53.062 9 INFO neutron.api.wsgi [req-87dd9361-627b-47fb-898f-2c5c594ad0e1 req-308aa3f3-b4ee-4ad7-8946-7afab15b9500 a95df208d053480590987af067941495 4be7f1c298cb4ad9acc00bdd1203e551 - - default default] 10.0.0.10 "GET /v2.0/ports?device_id=7396d90c-0530-4b8e-b6a8-09952f005079 HTTP/1.1" status: 200 len: 210 time: 0.0153673
2026-05-29 23:16:53.081 10 INFO neutron.api.wsgi [req-e6ba8146-f12c-4395-a932-7b1b1da7f559 req-7bac8d3c-320b-464e-98c9-1c528d7765b5 a95df208d053480590987af067941495 4be7f1c298cb4ad9acc00bdd1203e551 - - default default] 199.204.45.95 "GET /v2.0/networks?id=7fce99ee-4405-454f-b25b-34390772026c HTTP/1.1" status: 200 len: 872 time: 0.0450821
2026-05-29 23:16:53.133 10 INFO neutron.api.wsgi [req-e6ba8146-f12c-4395-a932-7b1b1da7f559 req-2135612a-7725-46a3-92be-f58f42ea69d8 a95df208d053480590987af067941495 4be7f1c298cb4ad9acc00bdd1203e551 - - default default] 199.204.45.95 "GET /v2.0/security-groups?fields=id&fields=name&tenant_id=4be7f1c298cb4ad9acc00bdd1203e551 HTTP/1.1" status: 200 len: 472 time: 0.0461085
2026-05-29 23:16:53.141 10 WARNING neutron_lib.context [req-e6ba8146-f12c-4395-a932-7b1b1da7f559 req-da2a9994-db3e-430e-b42e-8a2295b95e71 a95df208d053480590987af067941495 4be7f1c298cb4ad9acc00bdd1203e551 - - default default] Method 'is_advsvc' is deprecated since 2023.2 release (neutron-lib 3.8.0) and will be removed once support for the old RBAC API policies will be removed from Neutron. Please use method 'is_service_role' instead.
2026-05-29 23:16:53.419 10 WARNING neutron.scheduler.dhcp_agent_scheduler [req-e6ba8146-f12c-4395-a932-7b1b1da7f559 req-da2a9994-db3e-430e-b42e-8a2295b95e71 a95df208d053480590987af067941495 4be7f1c298cb4ad9acc00bdd1203e551 - - default default] No more DHCP agents
2026-05-29 23:16:53.420 10 WARNING neutron.api.rpc.agentnotifiers.dhcp_rpc_agent_api [req-e6ba8146-f12c-4395-a932-7b1b1da7f559 req-da2a9994-db3e-430e-b42e-8a2295b95e71 a95df208d053480590987af067941495 4be7f1c298cb4ad9acc00bdd1203e551 - - default default] Unable to schedule network 7fce99ee-4405-454f-b25b-34390772026c: no agents available; will retry on subsequent port and subnet creation events.
2026-05-29 23:16:53.540 10 INFO neutron.db.ovn_revision_numbers_db [req-e6ba8146-f12c-4395-a932-7b1b1da7f559 req-da2a9994-db3e-430e-b42e-8a2295b95e71 a95df208d053480590987af067941495 4be7f1c298cb4ad9acc00bdd1203e551 - - default default] Successfully bumped revision number for resource 7905d9a4-c4ba-41fe-bb94-e637227dccf4 (type: ports) to 1
2026-05-29 23:16:53.562 10 INFO neutron.api.wsgi [req-e6ba8146-f12c-4395-a932-7b1b1da7f559 req-da2a9994-db3e-430e-b42e-8a2295b95e71 a95df208d053480590987af067941495 4be7f1c298cb4ad9acc00bdd1203e551 - - default default] 199.204.45.95 "POST /v2.0/ports HTTP/1.1" status: 201 len: 1197 time: 0.4256756 /var/lib/openstack/lib/python3.12/site-packages/pycadf/identifier.py:71: UserWarning: Invalid uuid: neutron. To ensure interoperability, identifiers should be a valid uuid. warnings.warn(('Invalid uuid: %s. To ensure interoperability, '
2026-05-29 23:16:53.891 10 INFO neutron.db.ovn_revision_numbers_db [req-e6ba8146-f12c-4395-a932-7b1b1da7f559 req-4866d04f-c71f-4e60-8ccf-ee0cbf031dd4 404a085e5dc04a73a07ed911e89adbb0 dbfd979046a24a26a3699b07287782c7 - - 45b280749b834deca4faf0a8d83b225b 45b280749b834deca4faf0a8d83b225b] Successfully bumped revision number for resource 7905d9a4-c4ba-41fe-bb94-e637227dccf4 (type: ports) to 2
2026-05-29 23:16:54.036 9 WARNING neutron_lib.context [None req-fbcd41f2-7236-4275-9143-1f126cae0793 af3e4e2c73cd442da503eeda8f999b92 695a3e5a67aa48bd9d13f2075c1bccc7 - - default default] Method 'is_advsvc' is deprecated since 2023.2 release (neutron-lib 3.8.0) and will be removed once support for the old RBAC API policies will be removed from Neutron. Please use method 'is_service_role' instead.
2026-05-29 23:16:54.113 10 INFO neutron.db.ovn_revision_numbers_db [req-e6ba8146-f12c-4395-a932-7b1b1da7f559 req-4866d04f-c71f-4e60-8ccf-ee0cbf031dd4 404a085e5dc04a73a07ed911e89adbb0 dbfd979046a24a26a3699b07287782c7 - - 45b280749b834deca4faf0a8d83b225b 45b280749b834deca4faf0a8d83b225b] Successfully bumped revision number for resource 7905d9a4-c4ba-41fe-bb94-e637227dccf4 (type: ports) to 4
2026-05-29 23:16:54.132 10 INFO neutron.api.wsgi [req-e6ba8146-f12c-4395-a932-7b1b1da7f559 req-4866d04f-c71f-4e60-8ccf-ee0cbf031dd4 404a085e5dc04a73a07ed911e89adbb0 dbfd979046a24a26a3699b07287782c7 - - 45b280749b834deca4faf0a8d83b225b 45b280749b834deca4faf0a8d83b225b] 199.204.45.95 "PUT /v2.0/ports/7905d9a4-c4ba-41fe-bb94-e637227dccf4 HTTP/1.1" status: 200 len: 1443 time: 0.5656502 /var/lib/openstack/lib/python3.12/site-packages/pycadf/identifier.py:71: UserWarning: Invalid uuid: neutron. To ensure interoperability, identifiers should be a valid uuid. warnings.warn(('Invalid uuid: %s. To ensure interoperability, '
2026-05-29 23:16:54.166 9 INFO neutron.db.ovn_revision_numbers_db [None req-fbcd41f2-7236-4275-9143-1f126cae0793 af3e4e2c73cd442da503eeda8f999b92 695a3e5a67aa48bd9d13f2075c1bccc7 - - default default] Successfully bumped revision number for resource e89b0757-55b5-46b9-8178-0060ce5bc644 (type: security_groups) to 1
2026-05-29 23:16:54.180 9 INFO neutron.db.ovn_revision_numbers_db [None req-fbcd41f2-7236-4275-9143-1f126cae0793 af3e4e2c73cd442da503eeda8f999b92 695a3e5a67aa48bd9d13f2075c1bccc7 - - default default] Successfully bumped revision number for resource 4e262e37-0903-46cd-8dfe-4a853f2cddb0 (type: security_group_rules) to 0
2026-05-29 23:16:54.184 10 INFO neutron.notifiers.nova [-] Nova event matching ['req-6eea6a82-4a81-4d98-bf45-51def65fca30'] response: {'name': 'network-changed', 'server_uuid': '7396d90c-0530-4b8e-b6a8-09952f005079', 'tag': '7905d9a4-c4ba-41fe-bb94-e637227dccf4', 'status': 'completed', 'code': 200}
2026-05-29 23:16:54.192 9 INFO neutron.db.ovn_revision_numbers_db [None req-fbcd41f2-7236-4275-9143-1f126cae0793 af3e4e2c73cd442da503eeda8f999b92 695a3e5a67aa48bd9d13f2075c1bccc7 - - default default] Successfully bumped revision number for resource 700243ec-01dc-4f76-9b2c-a8cbd74d5e43 (type: security_group_rules) to 0
2026-05-29 23:16:54.205 9 INFO neutron.db.ovn_revision_numbers_db [None req-fbcd41f2-7236-4275-9143-1f126cae0793 af3e4e2c73cd442da503eeda8f999b92 695a3e5a67aa48bd9d13f2075c1bccc7 - - default default] Successfully bumped revision number for resource 794ef020-514d-4958-88e4-aaa567ff236e (type: security_group_rules) to 0
2026-05-29 23:16:54.207 10 INFO neutron.api.wsgi [req-fd3098d8-29b4-4ac9-8059-7a947fcbb74e req-6220e542-a134-43ba-957b-38c9c0d691ca a95df208d053480590987af067941495 4be7f1c298cb4ad9acc00bdd1203e551 - - default default] 10.0.0.10 "GET /v2.0/ports?device_id=7396d90c-0530-4b8e-b6a8-09952f005079 HTTP/1.1" status: 200 len: 1208 time: 0.0838528
2026-05-29 23:16:54.219 9 INFO neutron.db.ovn_revision_numbers_db [None req-fbcd41f2-7236-4275-9143-1f126cae0793 af3e4e2c73cd442da503eeda8f999b92 695a3e5a67aa48bd9d13f2075c1bccc7 - - default default] Successfully bumped revision number for resource d7f3ac1d-5bac-4073-b096-7eaa4816a241 (type: security_group_rules) to 0
2026-05-29 23:16:54.247 10 INFO neutron.api.wsgi [req-fd3098d8-29b4-4ac9-8059-7a947fcbb74e req-f145cbe7-4683-468c-814d-1ca2e1d2af95 a95df208d053480590987af067941495 4be7f1c298cb4ad9acc00bdd1203e551 - - default default] 10.0.0.10 "GET /v2.0/security-groups?id=18d4b48e-43ba-41df-8457-d7136ccf53c7&id=e8b091a1-1eae-49b6-bb07-f32bfb2614cd&fields=id&fields=name HTTP/1.1" status: 200 len: 405 time: 0.0343795
2026-05-29 23:16:54.292 9 INFO neutron.db.segments_db [None req-fbcd41f2-7236-4275-9143-1f126cae0793 af3e4e2c73cd442da503eeda8f999b92 695a3e5a67aa48bd9d13f2075c1bccc7 - - default default] Added segment 0b9b3c9d-b0c3-494c-b767-e00d98b9d1ac of type geneve for network b2837947-b1ef-43dd-801a-fdb8415a41c9
2026-05-29 23:16:54.401 9 INFO neutron.db.ovn_revision_numbers_db [None req-fbcd41f2-7236-4275-9143-1f126cae0793 af3e4e2c73cd442da503eeda8f999b92 695a3e5a67aa48bd9d13f2075c1bccc7 - - default default] Successfully bumped revision number for resource b2837947-b1ef-43dd-801a-fdb8415a41c9 (type: networks) to 1
2026-05-29 23:16:54.559 9 WARNING neutron.scheduler.dhcp_agent_scheduler [None req-fbcd41f2-7236-4275-9143-1f126cae0793 af3e4e2c73cd442da503eeda8f999b92 695a3e5a67aa48bd9d13f2075c1bccc7 - - default default] No more DHCP agents
2026-05-29 23:16:54.562 9 WARNING neutron.api.rpc.agentnotifiers.dhcp_rpc_agent_api [None req-fbcd41f2-7236-4275-9143-1f126cae0793 af3e4e2c73cd442da503eeda8f999b92 695a3e5a67aa48bd9d13f2075c1bccc7 - - default default] Unable to schedule network b2837947-b1ef-43dd-801a-fdb8415a41c9: no agents available; will retry on subsequent port and subnet creation events.
2026-05-29 23:16:54.620 9 INFO neutron.db.ovn_revision_numbers_db [None req-fbcd41f2-7236-4275-9143-1f126cae0793 af3e4e2c73cd442da503eeda8f999b92 695a3e5a67aa48bd9d13f2075c1bccc7 - - default default] Successfully bumped revision number for resource 8228f689-a1e3-4ca2-a959-f0cc47426290 (type: ports) to 1
2026-05-29 23:16:54.639 9 INFO neutron.api.wsgi [None req-fbcd41f2-7236-4275-9143-1f126cae0793 af3e4e2c73cd442da503eeda8f999b92 695a3e5a67aa48bd9d13f2075c1bccc7 - - default default] 10.0.0.115 "POST /v2.0/networks HTTP/1.1" status: 201 len: 831 time: 0.7686789
2026-05-29 23:16:54.647 9 WARNING neutron_lib.context [None req-b91113ef-5873-49c1-af6a-e84131947640 af3e4e2c73cd442da503eeda8f999b92 695a3e5a67aa48bd9d13f2075c1bccc7 - - default default] Method 'is_advsvc' is deprecated since 2023.2 release (neutron-lib 3.8.0) and will be removed once support for the old RBAC API policies will be removed from Neutron. Please use method 'is_service_role' instead.
2026-05-29 23:16:54.723 9 INFO neutron.db.segments_db [None req-b91113ef-5873-49c1-af6a-e84131947640 af3e4e2c73cd442da503eeda8f999b92 695a3e5a67aa48bd9d13f2075c1bccc7 - - default default] Added segment 02d90572-df4e-4908-89a5-42dafa66fffc of type geneve for network 6ec6cede-5d08-4981-a42e-bbd637a4ccfa
