2026-05-29 23:14:02.267 10 WARNING neutron.scheduler.dhcp_agent_scheduler [req-94751cf2-7e8c-4399-968e-bb184e0d9759 req-5cecc230-8a3a-45fc-99e4-1390a4ae7199 9178a87e35b540b4a62cd909313ef6cf 3c8427ca5d414f57b86f4b72169b750d - - default default] No more DHCP agents
2026-05-29 23:14:02.271 10 WARNING neutron.api.rpc.agentnotifiers.dhcp_rpc_agent_api [req-94751cf2-7e8c-4399-968e-bb184e0d9759 req-5cecc230-8a3a-45fc-99e4-1390a4ae7199 9178a87e35b540b4a62cd909313ef6cf 3c8427ca5d414f57b86f4b72169b750d - - default default] Unable to schedule network 19edbcb1-784e-4797-8cfb-7e582d7b1c5b: no agents available; will retry on subsequent port and subnet creation events.
2026-05-29 23:14:02.309 9 WARNING neutron_lib.context [None req-c157bf8f-f87a-43e1-a745-62806a08ef32 e0d7725a126e4f7b92a735fffac7417b c8881d9ad9d349629689d7b3a1a26f7a - - default default] Method 'is_advsvc' is deprecated since 2023.2 release (neutron-lib 3.8.0) and will be removed once support for the old RBAC API policies will be removed from Neutron. Please use method 'is_service_role' instead.
2026-05-29 23:14:02.347 10 INFO neutron.db.ovn_revision_numbers_db [None req-3ff0fe31-1f97-474f-a16b-5cccf0ff2071 - - - - - -] Successfully bumped revision number for resource 9281aaec-6f5f-41df-acf3-d66f62b85ced (type: ports) to 2
2026-05-29 23:14:02.398 10 INFO neutron.db.ovn_revision_numbers_db [req-94751cf2-7e8c-4399-968e-bb184e0d9759 req-5cecc230-8a3a-45fc-99e4-1390a4ae7199 9178a87e35b540b4a62cd909313ef6cf 3c8427ca5d414f57b86f4b72169b750d - - default default] Successfully bumped revision number for resource bf372fe8-5263-46f4-b2f3-5bb6e0a13688 (type: ports) to 1
2026-05-29 23:14:02.419 10 INFO neutron.api.wsgi [req-94751cf2-7e8c-4399-968e-bb184e0d9759 req-5cecc230-8a3a-45fc-99e4-1390a4ae7199 9178a87e35b540b4a62cd909313ef6cf 3c8427ca5d414f57b86f4b72169b750d - - default default] 199.204.45.95 "POST /v2.0/ports HTTP/1.1" status: 201 len: 1158 time: 0.5261052
2026-05-29 23:14:02.421 9 INFO neutron.db.ovn_revision_numbers_db [None req-c157bf8f-f87a-43e1-a745-62806a08ef32 e0d7725a126e4f7b92a735fffac7417b c8881d9ad9d349629689d7b3a1a26f7a - - default default] Successfully bumped revision number for resource 0edfb6c0-aac1-4968-a713-5fdc36e866c7 (type: security_groups) to 1 /var/lib/openstack/lib/python3.12/site-packages/pycadf/identifier.py:71: UserWarning: Invalid uuid: neutron. To ensure interoperability, identifiers should be a valid uuid. warnings.warn(('Invalid uuid: %s. To ensure interoperability, '
2026-05-29 23:14:02.433 9 INFO neutron.db.ovn_revision_numbers_db [None req-c157bf8f-f87a-43e1-a745-62806a08ef32 e0d7725a126e4f7b92a735fffac7417b c8881d9ad9d349629689d7b3a1a26f7a - - default default] Successfully bumped revision number for resource 80518c1f-1206-496f-98ff-4dd2da82d06a (type: security_group_rules) to 0
2026-05-29 23:14:02.450 9 INFO neutron.db.ovn_revision_numbers_db [None req-c157bf8f-f87a-43e1-a745-62806a08ef32 e0d7725a126e4f7b92a735fffac7417b c8881d9ad9d349629689d7b3a1a26f7a - - default default] Successfully bumped revision number for resource c7c2807e-50e4-4720-b1c7-b41ccb95fff2 (type: security_group_rules) to 0
2026-05-29 23:14:02.495 9 INFO neutron.api.wsgi [None req-c157bf8f-f87a-43e1-a745-62806a08ef32 e0d7725a126e4f7b92a735fffac7417b c8881d9ad9d349629689d7b3a1a26f7a - - default default] 10.0.0.115 "POST /v2.0/security-groups HTTP/1.1" status: 201 len: 1860 time: 0.1921952
2026-05-29 23:14:02.505 9 WARNING neutron_lib.context [None req-01c222a8-be54-4701-a478-b9d4332508be e0d7725a126e4f7b92a735fffac7417b c8881d9ad9d349629689d7b3a1a26f7a - - default default] Method 'is_advsvc' is deprecated since 2023.2 release (neutron-lib 3.8.0) and will be removed once support for the old RBAC API policies will be removed from Neutron. Please use method 'is_service_role' instead.
2026-05-29 23:14:02.613 9 INFO neutron.db.ovn_revision_numbers_db [None req-01c222a8-be54-4701-a478-b9d4332508be e0d7725a126e4f7b92a735fffac7417b c8881d9ad9d349629689d7b3a1a26f7a - - default default] Successfully bumped revision number for resource 19c9a858-35b4-422d-81de-a05287433efd (type: security_group_rules) to 0
2026-05-29 23:14:02.663 9 INFO neutron.api.wsgi [None req-01c222a8-be54-4701-a478-b9d4332508be e0d7725a126e4f7b92a735fffac7417b c8881d9ad9d349629689d7b3a1a26f7a - - default default] 10.0.0.115 "POST /v2.0/security-group-rules HTTP/1.1" status: 201 len: 796 time: 0.1628611 /var/lib/openstack/lib/python3.12/site-packages/pycadf/identifier.py:71: UserWarning: Invalid uuid: neutron. To ensure interoperability, identifiers should be a valid uuid. warnings.warn(('Invalid uuid: %s. To ensure interoperability, '
2026-05-29 23:14:02.677 10 WARNING neutron_lib.context [None req-ae94e477-82ed-4c58-9294-f40181f72828 e0d7725a126e4f7b92a735fffac7417b c8881d9ad9d349629689d7b3a1a26f7a - - default default] Method 'is_advsvc' is deprecated since 2023.2 release (neutron-lib 3.8.0) and will be removed once support for the old RBAC API policies will be removed from Neutron. Please use method 'is_service_role' instead.
2026-05-29 23:14:02.827 10 INFO neutron.db.ovn_revision_numbers_db [req-94751cf2-7e8c-4399-968e-bb184e0d9759 req-dae9b717-6576-4234-b747-429a1c6e7939 404a085e5dc04a73a07ed911e89adbb0 dbfd979046a24a26a3699b07287782c7 - - 45b280749b834deca4faf0a8d83b225b 45b280749b834deca4faf0a8d83b225b] Successfully bumped revision number for resource bf372fe8-5263-46f4-b2f3-5bb6e0a13688 (type: ports) to 2
2026-05-29 23:14:02.839 10 INFO neutron.db.ovn_revision_numbers_db [None req-ae94e477-82ed-4c58-9294-f40181f72828 e0d7725a126e4f7b92a735fffac7417b c8881d9ad9d349629689d7b3a1a26f7a - - default default] Successfully bumped revision number for resource 344b56db-a73a-4d7f-8195-e3e6a238f3e6 (type: security_group_rules) to 0
2026-05-29 23:14:02.903 10 INFO neutron.api.wsgi [None req-ae94e477-82ed-4c58-9294-f40181f72828 e0d7725a126e4f7b92a735fffac7417b c8881d9ad9d349629689d7b3a1a26f7a - - default default] 10.0.0.115 "POST /v2.0/security-group-rules HTTP/1.1" status: 201 len: 801 time: 0.2336891
2026-05-29 23:14:02.912 9 WARNING neutron_lib.context [None req-852912f6-ba6f-48de-9d3d-86c0c5a79c19 e0d7725a126e4f7b92a735fffac7417b c8881d9ad9d349629689d7b3a1a26f7a - - default default] Method 'is_advsvc' is deprecated since 2023.2 release (neutron-lib 3.8.0) and will be removed once support for the old RBAC API policies will be removed from Neutron. Please use method 'is_service_role' instead.
2026-05-29 23:14:03.073 10 INFO neutron.db.ovn_revision_numbers_db [req-94751cf2-7e8c-4399-968e-bb184e0d9759 req-dae9b717-6576-4234-b747-429a1c6e7939 404a085e5dc04a73a07ed911e89adbb0 dbfd979046a24a26a3699b07287782c7 - - 45b280749b834deca4faf0a8d83b225b 45b280749b834deca4faf0a8d83b225b] Successfully bumped revision number for resource bf372fe8-5263-46f4-b2f3-5bb6e0a13688 (type: ports) to 4
2026-05-29 23:14:03.091 10 INFO neutron.api.wsgi [req-94751cf2-7e8c-4399-968e-bb184e0d9759 req-dae9b717-6576-4234-b747-429a1c6e7939 404a085e5dc04a73a07ed911e89adbb0 dbfd979046a24a26a3699b07287782c7 - - 45b280749b834deca4faf0a8d83b225b 45b280749b834deca4faf0a8d83b225b] 199.204.45.95 "PUT /v2.0/ports/bf372fe8-5263-46f4-b2f3-5bb6e0a13688 HTTP/1.1" status: 200 len: 1404 time: 0.6680255
2026-05-29 23:14:03.110 9 INFO neutron.api.wsgi [req-3bd049ce-3066-4756-9bf9-1622fbe11c0a req-ba1be0a9-3a89-426c-8285-66dd39e55167 9178a87e35b540b4a62cd909313ef6cf 3c8427ca5d414f57b86f4b72169b750d - - default default] 10.0.0.10 "GET /v2.0/ports?device_id=abed00fe-a01d-4d3b-8b26-92f183575e50 HTTP/1.1" status: 200 len: 1168 time: 0.0909650
2026-05-29 23:14:03.126 10 INFO neutron.notifiers.nova [-] Nova event matching ['req-a552be9e-39b0-497a-bca0-c84004bbf296'] response: {'name': 'network-changed', 'server_uuid': 'abed00fe-a01d-4d3b-8b26-92f183575e50', 'tag': 'bf372fe8-5263-46f4-b2f3-5bb6e0a13688', 'status': 'completed', 'code': 200}
2026-05-29 23:14:03.147 9 WARNING neutron.scheduler.dhcp_agent_scheduler [None req-852912f6-ba6f-48de-9d3d-86c0c5a79c19 e0d7725a126e4f7b92a735fffac7417b c8881d9ad9d349629689d7b3a1a26f7a - - default default] No more DHCP agents
2026-05-29 23:14:03.149 9 WARNING neutron.api.rpc.agentnotifiers.dhcp_rpc_agent_api [None req-852912f6-ba6f-48de-9d3d-86c0c5a79c19 e0d7725a126e4f7b92a735fffac7417b c8881d9ad9d349629689d7b3a1a26f7a - - default default] Unable to schedule network b8200611-667e-49a6-aeeb-7a7c3a7ee2a0: no agents available; will retry on subsequent port and subnet creation events.
2026-05-29 23:14:03.152 9 INFO neutron.api.wsgi [req-3bd049ce-3066-4756-9bf9-1622fbe11c0a req-520afaf0-cae6-44d8-af95-c22d485d0bae 9178a87e35b540b4a62cd909313ef6cf 3c8427ca5d414f57b86f4b72169b750d - - default default] 10.0.0.10 "GET /v2.0/security-groups?id=d1fb8da9-ece6-4d4d-8c26-855b97e9b8f1&fields=id&fields=name HTTP/1.1" status: 200 len: 312 time: 0.0367570 /var/lib/openstack/lib/python3.12/site-packages/pycadf/identifier.py:71: UserWarning: Invalid uuid: neutron. To ensure interoperability, identifiers should be a valid uuid. warnings.warn(('Invalid uuid: %s. To ensure interoperability, '
2026-05-29 23:14:03.434 9 INFO neutron.api.wsgi [None req-852912f6-ba6f-48de-9d3d-86c0c5a79c19 e0d7725a126e4f7b92a735fffac7417b c8881d9ad9d349629689d7b3a1a26f7a - - default default] 10.0.0.115 "POST /v2.0/floatingips HTTP/1.1" status: 201 len: 751 time: 0.5263660
2026-05-29 23:14:03.468 10 INFO neutron.db.ovn_revision_numbers_db [None req-d78c06bf-3f51-4bbe-a215-a28e7fb73768 666683ce59f74e418ed9ee95f283e509 ff43a2eefa8043f9acb8f3e64b073de8 - - default default] Successfully bumped revision number for resource 71a92648-3df9-4c57-ba17-995c26ff7d69 (type: security_groups) to 1
2026-05-29 23:14:03.490 10 INFO neutron.db.ovn_revision_numbers_db [None req-d78c06bf-3f51-4bbe-a215-a28e7fb73768 666683ce59f74e418ed9ee95f283e509 ff43a2eefa8043f9acb8f3e64b073de8 - - default default] Successfully bumped revision number for resource 30ca04ee-3c36-4b72-b810-94456dae15b8 (type: security_group_rules) to 0
2026-05-29 23:14:03.507 10 INFO neutron.db.ovn_revision_numbers_db [None req-d78c06bf-3f51-4bbe-a215-a28e7fb73768 666683ce59f74e418ed9ee95f283e509 ff43a2eefa8043f9acb8f3e64b073de8 - - default default] Successfully bumped revision number for resource 6ccef46c-59ca-42ca-ba8e-208de3c8f18c (type: security_group_rules) to 0
2026-05-29 23:14:03.535 10 INFO neutron.db.ovn_revision_numbers_db [None req-d78c06bf-3f51-4bbe-a215-a28e7fb73768 666683ce59f74e418ed9ee95f283e509 ff43a2eefa8043f9acb8f3e64b073de8 - - default default] Successfully bumped revision number for resource 96dc82a7-85a6-402a-a768-7e01498d2c61 (type: security_group_rules) to 0
2026-05-29 23:14:03.558 10 INFO neutron.db.ovn_revision_numbers_db [None req-d78c06bf-3f51-4bbe-a215-a28e7fb73768 666683ce59f74e418ed9ee95f283e509 ff43a2eefa8043f9acb8f3e64b073de8 - - default default] Successfully bumped revision number for resource ac109ecc-6e12-4a79-a3d6-4f628c1ed16c (type: security_group_rules) to 0
2026-05-29 23:14:03.652 10 INFO neutron.db.segments_db [None req-d78c06bf-3f51-4bbe-a215-a28e7fb73768 666683ce59f74e418ed9ee95f283e509 ff43a2eefa8043f9acb8f3e64b073de8 - - default default] Added segment 4583c9cf-4702-422c-ba53-d425305b118f of type geneve for network e3e64fca-9344-4a64-a43c-50eec3f5370b
2026-05-29 23:14:03.672 10 INFO neutron.api.wsgi [req-f7896f7a-bb7c-41a1-b14b-ec13c8adce61 req-6c9d74e5-4155-4675-9a10-f119fab3acc2 404a085e5dc04a73a07ed911e89adbb0 dbfd979046a24a26a3699b07287782c7 - - 45b280749b834deca4faf0a8d83b225b 45b280749b834deca4faf0a8d83b225b] 199.204.45.95 "GET /v2.0/ports?tenant_id=3c8427ca5d414f57b86f4b72169b750d&device_id=abed00fe-a01d-4d3b-8b26-92f183575e50 HTTP/1.1" status: 200 len: 1407 time: 0.0385008
2026-05-29 23:14:03.724 10 INFO neutron.api.wsgi [req-f7896f7a-bb7c-41a1-b14b-ec13c8adce61 req-a2b90898-4042-4a1b-a1a9-9efe56822e29 404a085e5dc04a73a07ed911e89adbb0 dbfd979046a24a26a3699b07287782c7 - - 45b280749b834deca4faf0a8d83b225b 45b280749b834deca4faf0a8d83b225b] 199.204.45.95 "GET /v2.0/networks?tenant_id=3c8427ca5d414f57b86f4b72169b750d&shared=False HTTP/1.1" status: 200 len: 959 time: 0.0462716
2026-05-29 23:14:03.785 10 INFO neutron.api.wsgi [req-f7896f7a-bb7c-41a1-b14b-ec13c8adce61 req-4b247151-b847-4da1-8266-e641b7d11ede 404a085e5dc04a73a07ed911e89adbb0 dbfd979046a24a26a3699b07287782c7 - - 45b280749b834deca4faf0a8d83b225b 45b280749b834deca4faf0a8d83b225b] 199.204.45.95 "GET /v2.0/networks?shared=True HTTP/1.1" status: 200 len: 952 time: 0.0565872
2026-05-29 23:14:03.789 10 INFO neutron.db.ovn_revision_numbers_db [None req-d78c06bf-3f51-4bbe-a215-a28e7fb73768 666683ce59f74e418ed9ee95f283e509 ff43a2eefa8043f9acb8f3e64b073de8 - - default default] Successfully bumped revision number for resource e3e64fca-9344-4a64-a43c-50eec3f5370b (type: networks) to 1
2026-05-29 23:14:03.897 10 INFO neutron.api.wsgi [req-1b79c9a8-c939-40c4-b86c-5b733e45d769 req-b9924748-4cf8-466c-8118-815e4deae8e6 e0d7725a126e4f7b92a735fffac7417b c8881d9ad9d349629689d7b3a1a26f7a - - default default] 10.0.0.10 "GET /v2.0/security-groups?name=tempest-securitygroup--2012296258&fields=id&tenant_id=c8881d9ad9d349629689d7b3a1a26f7a HTTP/1.1" status: 200 len: 267 time: 0.0351496
2026-05-29 23:14:03.945 10 WARNING neutron.scheduler.dhcp_agent_scheduler [None req-d78c06bf-3f51-4bbe-a215-a28e7fb73768 666683ce59f74e418ed9ee95f283e509 ff43a2eefa8043f9acb8f3e64b073de8 - - default default] No more DHCP agents
2026-05-29 23:14:03.949 10 INFO neutron.api.wsgi [req-1b79c9a8-c939-40c4-b86c-5b733e45d769 req-52a183bf-bc54-4f31-9133-9dbae64fd2bb e0d7725a126e4f7b92a735fffac7417b c8881d9ad9d349629689d7b3a1a26f7a - - default default] 10.0.0.10 "GET /v2.0/networks?id=a79be36d-3ffa-4782-8b90-00850cfff54c HTTP/1.1" status: 200 len: 875 time: 0.0457466
2026-05-29 23:14:03.950 10 WARNING neutron.api.rpc.agentnotifiers.dhcp_rpc_agent_api [None req-d78c06bf-3f51-4bbe-a215-a28e7fb73768 666683ce59f74e418ed9ee95f283e509 ff43a2eefa8043f9acb8f3e64b073de8 - - default default] Unable to schedule network e3e64fca-9344-4a64-a43c-50eec3f5370b: no agents available; will retry on subsequent port and subnet creation events.
2026-05-29 23:14:03.969 10 INFO neutron.api.wsgi [req-1b79c9a8-c939-40c4-b86c-5b733e45d769 req-d83aaa44-a957-4b7a-95ba-543b10191401 e0d7725a126e4f7b92a735fffac7417b c8881d9ad9d349629689d7b3a1a26f7a - - default default] 10.0.0.10 "GET /v2.0/quotas/c8881d9ad9d349629689d7b3a1a26f7a HTTP/1.1" status: 200 len: 491 time: 0.0128458
2026-05-29 23:14:04.039 10 INFO neutron.api.wsgi [-] 10.0.0.178 "GET / HTTP/1.1" status: 200 len: 247 time: 0.0012076
2026-05-29 23:14:04.041 9 INFO neutron.api.wsgi [-] 10.0.0.178 "GET / HTTP/1.1" status: 200 len: 247 time: 0.0038092
2026-05-29 23:14:04.049 10 INFO neutron.db.ovn_revision_numbers_db [None req-d78c06bf-3f51-4bbe-a215-a28e7fb73768 666683ce59f74e418ed9ee95f283e509 ff43a2eefa8043f9acb8f3e64b073de8 - - default default] Successfully bumped revision number for resource b3237a30-8eb1-4632-ab03-c98eb60e937a (type: ports) to 1
2026-05-29 23:14:04.067 10 INFO neutron.api.wsgi [req-1b79c9a8-c939-40c4-b86c-5b733e45d769 req-fde7d899-e327-4a0c-82c6-fdbfafa6f18c e0d7725a126e4f7b92a735fffac7417b c8881d9ad9d349629689d7b3a1a26f7a - - default default] 10.0.0.10 "GET /v2.0/ports?tenant_id=c8881d9ad9d349629689d7b3a1a26f7a&fields=id HTTP/1.1" status: 200 len: 302 time: 0.0919538
2026-05-29 23:14:04.069 10 INFO neutron.api.wsgi [None req-d78c06bf-3f51-4bbe-a215-a28e7fb73768 666683ce59f74e418ed9ee95f283e509 ff43a2eefa8043f9acb8f3e64b073de8 - - default default] 10.0.0.115 "POST /v2.0/networks HTTP/1.1" status: 201 len: 944 time: 0.9062378
2026-05-29 23:14:04.130 10 INFO neutron.api.wsgi [req-1b79c9a8-c939-40c4-b86c-5b733e45d769 req-d8bb7864-e2e8-4e13-8f11-08371f3cb814 404a085e5dc04a73a07ed911e89adbb0 dbfd979046a24a26a3699b07287782c7 - - 45b280749b834deca4faf0a8d83b225b 45b280749b834deca4faf0a8d83b225b] 10.0.0.10 "GET /v2.0/networks/a79be36d-3ffa-4782-8b90-00850cfff54c?fields=segments HTTP/1.1" status: 200 len: 212 time: 0.0487590
2026-05-29 23:14:04.185 10 INFO neutron.api.wsgi [req-1b79c9a8-c939-40c4-b86c-5b733e45d769 req-9f4d621b-2af0-4772-8862-8271c8810dc7 404a085e5dc04a73a07ed911e89adbb0 dbfd979046a24a26a3699b07287782c7 - - 45b280749b834deca4faf0a8d83b225b 45b280749b834deca4faf0a8d83b225b] 10.0.0.10 "GET /v2.0/networks/a79be36d-3ffa-4782-8b90-00850cfff54c?fields=provider%3Aphysical_network&fields=provider%3Anetwork_type HTTP/1.1" status: 200 len: 277 time: 0.0458100
2026-05-29 23:14:04.236 10 WARNING neutron.scheduler.dhcp_agent_scheduler [None req-ec8629a7-dbc8-4681-9358-bab1135ff163 666683ce59f74e418ed9ee95f283e509 ff43a2eefa8043f9acb8f3e64b073de8 - - default default] No more DHCP agents
2026-05-29 23:14:04.237 10 WARNING neutron.api.rpc.agentnotifiers.dhcp_rpc_agent_api [None req-ec8629a7-dbc8-4681-9358-bab1135ff163 666683ce59f74e418ed9ee95f283e509 ff43a2eefa8043f9acb8f3e64b073de8 - - default default] Unable to schedule network e3e64fca-9344-4a64-a43c-50eec3f5370b: no agents available; will retry on subsequent port and subnet creation events.
2026-05-29 23:14:04.255 9 INFO neutron.api.wsgi [req-59a4f10f-9525-45a5-bcc6-3db8c1edfea0 req-9929e2e7-81fc-44e3-8395-c76d3149915c 9178a87e35b540b4a62cd909313ef6cf 3c8427ca5d414f57b86f4b72169b750d - - default default] 10.0.0.10 "GET /v2.0/ports?device_id=abed00fe-a01d-4d3b-8b26-92f183575e50 HTTP/1.1" status: 200 len: 1168 time: 0.0336196
2026-05-29 23:14:04.301 9 INFO neutron.api.wsgi [req-59a4f10f-9525-45a5-bcc6-3db8c1edfea0 req-ee7d4ee1-a1e5-4f29-92ed-f51387e20080 9178a87e35b540b4a62cd909313ef6cf 3c8427ca5d414f57b86f4b72169b750d - - default default] 10.0.0.10 "GET /v2.0/security-groups?id=d1fb8da9-ece6-4d4d-8c26-855b97e9b8f1&fields=id&fields=name HTTP/1.1" status: 200 len: 312 time: 0.0401213
2026-05-29 23:14:04.347 10 INFO neutron.api.wsgi [req-23ef5f80-01fb-4577-9777-82ab4e9050a2 req-66d177ef-e1c8-49d4-896b-311705464868 e0d7725a126e4f7b92a735fffac7417b c8881d9ad9d349629689d7b3a1a26f7a - - default default] 10.0.0.10 "GET /v2.0/ports?device_id=305b671c-8579-4cb8-95a5-906eaf840a22 HTTP/1.1" status: 200 len: 210 time: 0.0218322
2026-05-29 23:14:04.654 10 INFO neutron.db.ovn_revision_numbers_db [None req-87f5ade6-24e1-4073-b7bd-b29c120dd46a - - - - - -] Successfully bumped revision number for resource b3237a30-8eb1-4632-ab03-c98eb60e937a (type: ports) to 2
2026-05-29 23:14:04.682 10 INFO neutron.db.ovn_revision_numbers_db [None req-87f5ade6-24e1-4073-b7bd-b29c120dd46a - - - - - -] Successfully bumped revision number for resource 3dda6892-4913-486e-876d-160d8653ae95 (type: subnets) to 0
2026-05-29 23:14:04.696 10 INFO neutron.api.wsgi [None req-ec8629a7-dbc8-4681-9358-bab1135ff163 666683ce59f74e418ed9ee95f283e509 ff43a2eefa8043f9acb8f3e64b073de8 - - default default] 10.0.0.115 "POST /v2.0/subnets HTTP/1.1" status: 201 len: 889 time: 0.6210320
2026-05-29 23:14:04.853 10 INFO neutron.api.wsgi [req-94751cf2-7e8c-4399-968e-bb184e0d9759 req-aafd79ec-290e-426a-af70-e2846e6f0889 404a085e5dc04a73a07ed911e89adbb0 dbfd979046a24a26a3699b07287782c7 - - 45b280749b834deca4faf0a8d83b225b 45b280749b834deca4faf0a8d83b225b] 199.204.45.95 "GET /v2.0/ports?tenant_id=3c8427ca5d414f57b86f4b72169b750d&device_id=abed00fe-a01d-4d3b-8b26-92f183575e50 HTTP/1.1" status: 200 len: 1407 time: 0.0497050
2026-05-29 23:14:04.879 10 INFO neutron.api.wsgi [req-94751cf2-7e8c-4399-968e-bb184e0d9759 req-68209eaf-5825-44d7-aac8-eb40c04dce05 404a085e5dc04a73a07ed911e89adbb0 dbfd979046a24a26a3699b07287782c7 - - 45b280749b834deca4faf0a8d83b225b 45b280749b834deca4faf0a8d83b225b] 199.204.45.95 "GET /v2.0/floatingips?fixed_ip_address=10.100.0.5&port_id=bf372fe8-5263-46f4-b2f3-5bb6e0a13688 HTTP/1.1" status: 200 len: 217 time: 0.0187657
2026-05-29 23:14:04.940 10 INFO neutron.api.wsgi [req-94751cf2-7e8c-4399-968e-bb184e0d9759 req-b194d715-5bf8-4839-8f8d-fda22b2e9033 404a085e5dc04a73a07ed911e89adbb0 dbfd979046a24a26a3699b07287782c7 - - 45b280749b834deca4faf0a8d83b225b 45b280749b834deca4faf0a8d83b225b] 199.204.45.95 "GET /v2.0/subnets?id=53c74e7e-148a-4225-951c-40f0f8252128 HTTP/1.1" status: 200 len: 876 time: 0.0526574
2026-05-29 23:14:04.980 10 INFO neutron.api.wsgi [req-94751cf2-7e8c-4399-968e-bb184e0d9759 req-f3e4c0ce-8421-4d36-b42f-8ac6383fb0d3 404a085e5dc04a73a07ed911e89adbb0 dbfd979046a24a26a3699b07287782c7 - - 45b280749b834deca4faf0a8d83b225b 45b280749b834deca4faf0a8d83b225b] 199.204.45.95 "GET /v2.0/ports?network_id=19edbcb1-784e-4797-8cfb-7e582d7b1c5b&device_owner=network%3Adhcp HTTP/1.1" status: 200 len: 210 time: 0.0293689
2026-05-29 23:14:05.041 10 INFO neutron.api.wsgi [req-94751cf2-7e8c-4399-968e-bb184e0d9759 req-62b27f7c-a8fa-4c45-9a0f-ed2b600832ad 404a085e5dc04a73a07ed911e89adbb0 dbfd979046a24a26a3699b07287782c7 - - 45b280749b834deca4faf0a8d83b225b 45b280749b834deca4faf0a8d83b225b] 199.204.45.95 "GET /v2.0/networks/19edbcb1-784e-4797-8cfb-7e582d7b1c5b?fields=segments HTTP/1.1" status: 200 len: 212 time: 0.0522678
2026-05-29 23:14:05.103 10 INFO neutron.api.wsgi [req-94751cf2-7e8c-4399-968e-bb184e0d9759 req-06a2cd24-8439-4579-aeef-2b63abaf68c3 404a085e5dc04a73a07ed911e89adbb0 dbfd979046a24a26a3699b07287782c7 - - 45b280749b834deca4faf0a8d83b225b 45b280749b834deca4faf0a8d83b225b] 199.204.45.95 "GET /v2.0/networks/19edbcb1-784e-4797-8cfb-7e582d7b1c5b?fields=provider%3Aphysical_network&fields=provider%3Anetwork_type HTTP/1.1" status: 200 len: 277 time: 0.0554135
2026-05-29 23:14:05.203 10 WARNING neutron.scheduler.dhcp_agent_scheduler [None req-c37d3fea-643a-4d7f-a2f2-eb85300421bf 666683ce59f74e418ed9ee95f283e509 ff43a2eefa8043f9acb8f3e64b073de8 - - default default] No more DHCP agents
2026-05-29 23:14:05.204 10 WARNING neutron.api.rpc.agentnotifiers.dhcp_rpc_agent_api [None req-c37d3fea-643a-4d7f-a2f2-eb85300421bf 666683ce59f74e418ed9ee95f283e509 ff43a2eefa8043f9acb8f3e64b073de8 - - default default] Unable to schedule network b8200611-667e-49a6-aeeb-7a7c3a7ee2a0: no agents available; will retry on subsequent port and subnet creation events.
2026-05-29 23:14:05.319 10 INFO neutron.db.ovn_revision_numbers_db [None req-c37d3fea-643a-4d7f-a2f2-eb85300421bf 666683ce59f74e418ed9ee95f283e509 ff43a2eefa8043f9acb8f3e64b073de8 - - default default] Successfully bumped revision number for resource 275bb3cc-2112-4067-a780-1da3a5cc86d7 (type: ports) to 1
2026-05-29 23:14:05.404 9 INFO neutron.api.wsgi [req-8d2ac6d2-e30a-493b-a5c8-177ed71308ae req-8eeadda6-6850-404a-8516-91222af0df84 9178a87e35b540b4a62cd909313ef6cf 3c8427ca5d414f57b86f4b72169b750d - - default default] 10.0.0.10 "GET /v2.0/ports?device_id=abed00fe-a01d-4d3b-8b26-92f183575e50 HTTP/1.1" status: 200 len: 1168 time: 0.0356345
2026-05-29 23:14:05.432 10 INFO neutron.api.wsgi [req-455e1abc-5ee4-44fd-b1bd-a031f44ab85c req-a9c6476e-abd0-4ace-9b82-d14090a2462d e0d7725a126e4f7b92a735fffac7417b c8881d9ad9d349629689d7b3a1a26f7a - - default default] 10.0.0.10 "GET /v2.0/ports?device_id=305b671c-8579-4cb8-95a5-906eaf840a22 HTTP/1.1" status: 200 len: 210 time: 0.0182250
2026-05-29 23:14:05.442 9 INFO neutron.api.wsgi [req-8d2ac6d2-e30a-493b-a5c8-177ed71308ae req-75d12414-ffb0-41ad-b7e0-25464ee48e8c 9178a87e35b540b4a62cd909313ef6cf 3c8427ca5d414f57b86f4b72169b750d - - default default] 10.0.0.10 "GET /v2.0/security-groups?id=d1fb8da9-ece6-4d4d-8c26-855b97e9b8f1&fields=id&fields=name HTTP/1.1" status: 200 len: 312 time: 0.0317035
2026-05-29 23:14:05.929 10 INFO neutron.plugins.ml2.drivers.ovn.mech_driver.ovsdb.commands [None req-101301b3-0872-48e3-a5f2-c2f828974b08 - - - - - -] Schedule LRP lrp-275bb3cc-2112-4067-a780-1da3a5cc86d7 on gateway e8322966-2a75-4155-bf80-7bdca052e51e with priority 1
2026-05-29 23:14:05.972 10 INFO neutron.plugins.ml2.drivers.ovn.mech_driver.ovsdb.ovsdb_monitor [None req-e6f4b96c-7a57-482e-987f-edcac5c0b25a - - - - - -] Router a1cef512-e8a3-4d78-8435-39ec1f509876 is bound to host instance
2026-05-29 23:14:06.000 10 INFO neutron.db.ovn_revision_numbers_db [None req-c37d3fea-643a-4d7f-a2f2-eb85300421bf 666683ce59f74e418ed9ee95f283e509 ff43a2eefa8043f9acb8f3e64b073de8 - - default default] Successfully bumped revision number for resource 275bb3cc-2112-4067-a780-1da3a5cc86d7 (type: router_ports) to 1
2026-05-29 23:14:06.079 10 INFO neutron.db.ovn_revision_numbers_db [None req-c37d3fea-643a-4d7f-a2f2-eb85300421bf 666683ce59f74e418ed9ee95f283e509 ff43a2eefa8043f9acb8f3e64b073de8 - - default default] Successfully bumped revision number for resource a1cef512-e8a3-4d78-8435-39ec1f509876 (type: routers) to 2
2026-05-29 23:14:06.097 10 INFO neutron.api.wsgi [None req-c37d3fea-643a-4d7f-a2f2-eb85300421bf 666683ce59f74e418ed9ee95f283e509 ff43a2eefa8043f9acb8f3e64b073de8 - - default default] 10.0.0.115 "POST /v2.0/routers HTTP/1.1" status: 201 len: 1167 time: 1.3968451
2026-05-29 23:14:06.465 10 INFO neutron.db.ovn_revision_numbers_db [None req-f35d8ff0-4d0c-4886-9b8e-befc0b113a52 - - - - - -] Successfully bumped revision number for resource 275bb3cc-2112-4067-a780-1da3a5cc86d7 (type: ports) to 1
2026-05-29 23:14:06.519 10 INFO neutron.api.wsgi [req-a4b5c2dd-b8a5-4877-8c4f-ef40a9a53e83 req-0b77eec8-49b2-4487-b36e-3de2f9f3f02d e0d7725a126e4f7b92a735fffac7417b c8881d9ad9d349629689d7b3a1a26f7a - - default default] 10.0.0.10 "GET /v2.0/ports?device_id=305b671c-8579-4cb8-95a5-906eaf840a22 HTTP/1.1" status: 200 len: 210 time: 0.0250430
2026-05-29 23:14:06.543 9 INFO neutron.api.wsgi [req-0016cbc0-6521-486c-a1b8-c64701f2a5d5 req-11f466bc-956f-4ec3-b30c-33bd65ff18ee 9178a87e35b540b4a62cd909313ef6cf 3c8427ca5d414f57b86f4b72169b750d - - default default] 10.0.0.10 "GET /v2.0/ports?device_id=abed00fe-a01d-4d3b-8b26-92f183575e50 HTTP/1.1" status: 200 len: 1168 time: 0.0408545
2026-05-29 23:14:06.598 9 INFO neutron.api.wsgi [req-0016cbc0-6521-486c-a1b8-c64701f2a5d5 req-59ecdfda-7675-4e9b-91a7-99589f1bd3bb 9178a87e35b540b4a62cd909313ef6cf 3c8427ca5d414f57b86f4b72169b750d - - default default] 10.0.0.10 "GET /v2.0/security-groups?id=d1fb8da9-ece6-4d4d-8c26-855b97e9b8f1&fields=id&fields=name HTTP/1.1" status: 200 len: 312 time: 0.0493627
2026-05-29 23:14:06.618 10 WARNING neutron.scheduler.dhcp_agent_scheduler [None req-f5f1a537-013e-46d6-8614-5705b25896fc 666683ce59f74e418ed9ee95f283e509 ff43a2eefa8043f9acb8f3e64b073de8 - - default default] No more DHCP agents
2026-05-29 23:14:06.619 10 WARNING neutron.api.rpc.agentnotifiers.dhcp_rpc_agent_api [None req-f5f1a537-013e-46d6-8614-5705b25896fc 666683ce59f74e418ed9ee95f283e509 ff43a2eefa8043f9acb8f3e64b073de8 - - default default] Unable to schedule network e3e64fca-9344-4a64-a43c-50eec3f5370b: no agents available; will retry on subsequent port and subnet creation events.
2026-05-29 23:14:06.818 10 INFO neutron.db.ovn_revision_numbers_db [None req-f5f1a537-013e-46d6-8614-5705b25896fc 666683ce59f74e418ed9ee95f283e509 ff43a2eefa8043f9acb8f3e64b073de8 - - default default] Successfully bumped revision number for resource 9e327bb9-e416-4ef8-9a8c-aacd2a4994d8 (type: ports) to 1
2026-05-29 23:14:06.889 10 INFO neutron.db.ovn_revision_numbers_db [None req-f35d8ff0-4d0c-4886-9b8e-befc0b113a52 - - - - - -] Successfully bumped revision number for resource 275bb3cc-2112-4067-a780-1da3a5cc86d7 (type: ports) to 4
2026-05-29 23:14:07.255 9 INFO neutron.plugins.ml2.drivers.ovn.mech_driver.mech_driver [None req-ab4fb0d2-9a0d-4bdb-ba74-c2af2f525760 - - - - - -] OVN reports status up for port: bf372fe8-5263-46f4-b2f3-5bb6e0a13688
2026-05-29 23:14:07.313 9 INFO neutron.plugins.ml2.plugin [None req-ab4fb0d2-9a0d-4bdb-ba74-c2af2f525760 - - - - - -] Attempt 1 to provision port bf372fe8-5263-46f4-b2f3-5bb6e0a13688
2026-05-29 23:14:07.314 10 WARNING neutron.plugins.ml2.drivers.ovn.mech_driver.ovsdb.ovn_client [None req-b6e1c8f5-26d1-4eae-a34c-ededc0afc9ba - - - - - -] No hosting information found for port 9281aaec-6f5f-41df-acf3-d66f62b85ced: RuntimeError: No hosting information found for port 9281aaec-6f5f-41df-acf3-d66f62b85ced
2026-05-29 23:14:07.324 10 INFO neutron.db.ovn_revision_numbers_db [None req-f35d8ff0-4d0c-4886-9b8e-befc0b113a52 - - - - - -] Successfully bumped revision number for resource 275bb3cc-2112-4067-a780-1da3a5cc86d7 (type: ports) to 5
2026-05-29 23:14:07.415 9 INFO neutron.notifiers.nova [-] Nova event matching ['req-b6ef08fd-d000-412e-82b7-b22d80e8ab2c'] response: {'server_uuid': 'abed00fe-a01d-4d3b-8b26-92f183575e50', 'name': 'network-vif-plugged', 'status': 'completed', 'tag': 'bf372fe8-5263-46f4-b2f3-5bb6e0a13688', 'code': 200}
2026-05-29 23:14:07.427 10 INFO neutron.db.ovn_revision_numbers_db [None req-b6e1c8f5-26d1-4eae-a34c-ededc0afc9ba - - - - - -] Successfully bumped revision number for resource 9281aaec-6f5f-41df-acf3-d66f62b85ced (type: router_ports) to 2
2026-05-29 23:14:07.475 10 INFO neutron.plugins.ml2.drivers.ovn.mech_driver.mech_driver [None req-b6e1c8f5-26d1-4eae-a34c-ededc0afc9ba - - - - - -] OVN reports status up for port: 275bb3cc-2112-4067-a780-1da3a5cc86d7
2026-05-29 23:14:07.491 10 INFO neutron.plugins.ml2.plugin [None req-b6e1c8f5-26d1-4eae-a34c-ededc0afc9ba - - - - - -] Attempt 1 to provision port 275bb3cc-2112-4067-a780-1da3a5cc86d7
2026-05-29 23:14:07.509 9 INFO neutron.db.ovn_revision_numbers_db [None req-ab4fb0d2-9a0d-4bdb-ba74-c2af2f525760 - - - - - -] Successfully bumped revision number for resource bf372fe8-5263-46f4-b2f3-5bb6e0a13688 (type: ports) to 5
2026-05-29 23:14:07.568 10 INFO neutron.db.ovn_revision_numbers_db [None req-f5f1a537-013e-46d6-8614-5705b25896fc 666683ce59f74e418ed9ee95f283e509 ff43a2eefa8043f9acb8f3e64b073de8 - - default default] Successfully bumped revision number for resource 9e327bb9-e416-4ef8-9a8c-aacd2a4994d8 (type: ports) to 1 /var/lib/openstack/lib/python3.12/site-packages/pycadf/identifier.py:71: UserWarning: Invalid uuid: neutron. To ensure interoperability, identifiers should be a valid uuid. warnings.warn(('Invalid uuid: %s. To ensure interoperability, '
2026-05-29 23:14:07.621 9 INFO neutron.api.wsgi [req-82c253e3-0460-4426-86b9-511019089f50 req-f11d8547-60f2-4981-8015-fb0f19a2fe34 e0d7725a126e4f7b92a735fffac7417b c8881d9ad9d349629689d7b3a1a26f7a - - default default] 10.0.0.10 "GET /v2.0/ports?device_id=305b671c-8579-4cb8-95a5-906eaf840a22 HTTP/1.1" status: 200 len: 210 time: 0.0201464
2026-05-29 23:14:07.621 10 INFO neutron.plugins.ml2.drivers.ovn.mech_driver.mech_driver [None req-b6e1c8f5-26d1-4eae-a34c-ededc0afc9ba - - - - - -] OVN reports status up for port: 9e327bb9-e416-4ef8-9a8c-aacd2a4994d8
2026-05-29 23:14:07.634 10 INFO neutron.plugins.ml2.plugin [None req-b6e1c8f5-26d1-4eae-a34c-ededc0afc9ba - - - - - -] Attempt 1 to provision port 9e327bb9-e416-4ef8-9a8c-aacd2a4994d8
2026-05-29 23:14:07.662 10 WARNING neutron.scheduler.dhcp_agent_scheduler [None req-f5f1a537-013e-46d6-8614-5705b25896fc 666683ce59f74e418ed9ee95f283e509 ff43a2eefa8043f9acb8f3e64b073de8 - - default default] No more DHCP agents
2026-05-29 23:14:07.669 10 WARNING neutron.api.rpc.agentnotifiers.dhcp_rpc_agent_api [None req-f5f1a537-013e-46d6-8614-5705b25896fc 666683ce59f74e418ed9ee95f283e509 ff43a2eefa8043f9acb8f3e64b073de8 - - default default] Unable to schedule network e3e64fca-9344-4a64-a43c-50eec3f5370b: no agents available; will retry on subsequent port and subnet creation events.
2026-05-29 23:14:07.783 10 INFO neutron.api.wsgi [req-78547724-0cf0-464d-83fd-7df39f224f52 req-0f45a4ea-dea4-4a38-a752-0cf97f3c1e52 9178a87e35b540b4a62cd909313ef6cf 3c8427ca5d414f57b86f4b72169b750d - - default default] 10.0.0.10 "GET /v2.0/ports?device_id=abed00fe-a01d-4d3b-8b26-92f183575e50 HTTP/1.1" status: 200 len: 1170 time: 0.1238105
2026-05-29 23:14:07.850 10 INFO neutron.api.wsgi [req-78547724-0cf0-464d-83fd-7df39f224f52 req-61e5d8ee-7327-4dc0-9de0-7accac427e8f 9178a87e35b540b4a62cd909313ef6cf 3c8427ca5d414f57b86f4b72169b750d - - default default] 10.0.0.10 "GET /v2.0/security-groups?id=d1fb8da9-ece6-4d4d-8c26-855b97e9b8f1&fields=id&fields=name HTTP/1.1" status: 200 len: 312 time: 0.0591183
2026-05-29 23:14:08.136 10 INFO neutron.db.ovn_revision_numbers_db [None req-b6e1c8f5-26d1-4eae-a34c-ededc0afc9ba - - - - - -] Successfully bumped revision number for resource 9e327bb9-e416-4ef8-9a8c-aacd2a4994d8 (type: ports) to 2
2026-05-29 23:14:08.724 9 INFO neutron.api.wsgi [req-a7b1d2c8-f83c-44b3-b1c9-bf9d4f03072e req-b93a611d-a927-4b7c-9aae-6a779f7d38ae e0d7725a126e4f7b92a735fffac7417b c8881d9ad9d349629689d7b3a1a26f7a - - default default] 10.0.0.10 "GET /v2.0/ports?device_id=305b671c-8579-4cb8-95a5-906eaf840a22 HTTP/1.1" status: 200 len: 210 time: 0.0226147
2026-05-29 23:14:08.747 10 INFO neutron.db.ovn_revision_numbers_db [None req-f5f1a537-013e-46d6-8614-5705b25896fc 666683ce59f74e418ed9ee95f283e509 ff43a2eefa8043f9acb8f3e64b073de8 - - default default] Successfully bumped revision number for resource 9e327bb9-e416-4ef8-9a8c-aacd2a4994d8 (type: router_ports) to 1
2026-05-29 23:14:08.752 10 INFO neutron.api.wsgi [None req-f5f1a537-013e-46d6-8614-5705b25896fc 666683ce59f74e418ed9ee95f283e509 ff43a2eefa8043f9acb8f3e64b073de8 - - default default] 10.0.0.115 "PUT /v2.0/routers/a1cef512-e8a3-4d78-8435-39ec1f509876/add_router_interface HTTP/1.1" status: 200 len: 503 time: 2.6491261
2026-05-29 23:14:08.763 10 INFO neutron.api.wsgi [req-1b79c9a8-c939-40c4-b86c-5b733e45d769 req-938fac1b-7ac9-476d-80d2-54dfe4c1459a e0d7725a126e4f7b92a735fffac7417b c8881d9ad9d349629689d7b3a1a26f7a - - default default] 199.204.45.95 "GET /v2.0/networks?id=a79be36d-3ffa-4782-8b90-00850cfff54c HTTP/1.1" status: 200 len: 875 time: 0.0526524
2026-05-29 23:14:08.798 10 INFO neutron.api.wsgi [req-1b79c9a8-c939-40c4-b86c-5b733e45d769 req-c735423e-5444-4a8b-85f0-ac4b4eae69ed e0d7725a126e4f7b92a735fffac7417b c8881d9ad9d349629689d7b3a1a26f7a - - default default] 199.204.45.95 "GET /v2.0/security-groups?fields=id&fields=name&tenant_id=c8881d9ad9d349629689d7b3a1a26f7a HTTP/1.1" status: 200 len: 380 time: 0.0304930
2026-05-29 23:14:08.808 10 WARNING neutron_lib.context [req-1b79c9a8-c939-40c4-b86c-5b733e45d769 req-5db8949c-8d68-4d3d-af51-835202b0389e e0d7725a126e4f7b92a735fffac7417b c8881d9ad9d349629689d7b3a1a26f7a - - default default] Method 'is_advsvc' is deprecated since 2023.2 release (neutron-lib 3.8.0) and will be removed once support for the old RBAC API policies will be removed from Neutron. Please use method 'is_service_role' instead.
2026-05-29 23:14:08.966 10 INFO neutron.api.wsgi [req-b17fd8c5-247f-4a50-a597-5c51bf1b0854 req-17471552-42fd-4289-97f2-918d8e141437 9178a87e35b540b4a62cd909313ef6cf 3c8427ca5d414f57b86f4b72169b750d - - default default] 10.0.0.10 "GET /v2.0/ports?device_id=abed00fe-a01d-4d3b-8b26-92f183575e50 HTTP/1.1" status: 200 len: 1170 time: 0.0337367
2026-05-29 23:14:09.010 10 INFO neutron.api.wsgi [req-b17fd8c5-247f-4a50-a597-5c51bf1b0854 req-1c06428b-3040-4999-9659-0f26384ff565 9178a87e35b540b4a62cd909313ef6cf 3c8427ca5d414f57b86f4b72169b750d - - default default] 10.0.0.10 "GET /v2.0/security-groups?id=d1fb8da9-ece6-4d4d-8c26-855b97e9b8f1&fields=id&fields=name HTTP/1.1" status: 200 len: 312 time: 0.0396681
2026-05-29 23:14:09.082 10 WARNING neutron.scheduler.dhcp_agent_scheduler [req-1b79c9a8-c939-40c4-b86c-5b733e45d769 req-5db8949c-8d68-4d3d-af51-835202b0389e e0d7725a126e4f7b92a735fffac7417b c8881d9ad9d349629689d7b3a1a26f7a - - default default] No more DHCP agents
2026-05-29 23:14:09.083 10 WARNING neutron.api.rpc.agentnotifiers.dhcp_rpc_agent_api [req-1b79c9a8-c939-40c4-b86c-5b733e45d769 req-5db8949c-8d68-4d3d-af51-835202b0389e e0d7725a126e4f7b92a735fffac7417b c8881d9ad9d349629689d7b3a1a26f7a - - default default] Unable to schedule network a79be36d-3ffa-4782-8b90-00850cfff54c: no agents available; will retry on subsequent port and subnet creation events.
2026-05-29 23:14:09.210 10 INFO neutron.db.ovn_revision_numbers_db [req-1b79c9a8-c939-40c4-b86c-5b733e45d769 req-5db8949c-8d68-4d3d-af51-835202b0389e e0d7725a126e4f7b92a735fffac7417b c8881d9ad9d349629689d7b3a1a26f7a - - default default] Successfully bumped revision number for resource 6623e6a0-c435-44d1-bf23-08fb470460ba (type: ports) to 1
2026-05-29 23:14:09.234 10 INFO neutron.api.wsgi [req-1b79c9a8-c939-40c4-b86c-5b733e45d769 req-5db8949c-8d68-4d3d-af51-835202b0389e e0d7725a126e4f7b92a735fffac7417b c8881d9ad9d349629689d7b3a1a26f7a - - default default] 199.204.45.95 "POST /v2.0/ports HTTP/1.1" status: 201 len: 1162 time: 0.4315023 /var/lib/openstack/lib/python3.12/site-packages/pycadf/identifier.py:71: UserWarning: Invalid uuid: neutron. To ensure interoperability, identifiers should be a valid uuid. warnings.warn(('Invalid uuid: %s. To ensure interoperability, '
2026-05-29 23:14:09.323 10 WARNING neutron_lib.context [None req-ac62b079-e529-463b-b347-cc213a77627d 6c5e501dd839482780fd25d6cb589432 5c4d3999b83e43a28f9ade261e7b1962 - - default default] Method 'is_advsvc' is deprecated since 2023.2 release (neutron-lib 3.8.0) and will be removed once support for the old RBAC API policies will be removed from Neutron. Please use method 'is_service_role' instead.
2026-05-29 23:14:09.449 10 INFO neutron.db.ovn_revision_numbers_db [None req-ac62b079-e529-463b-b347-cc213a77627d 6c5e501dd839482780fd25d6cb589432 5c4d3999b83e43a28f9ade261e7b1962 - - default default] Successfully bumped revision number for resource 496ef104-b419-440b-aa25-10f13738830d (type: security_groups) to 1
2026-05-29 23:14:09.467 10 INFO neutron.db.ovn_revision_numbers_db [None req-ac62b079-e529-463b-b347-cc213a77627d 6c5e501dd839482780fd25d6cb589432 5c4d3999b83e43a28f9ade261e7b1962 - - default default] Successfully bumped revision number for resource 673a79e5-59fd-410b-995f-776e59093755 (type: security_group_rules) to 0
2026-05-29 23:14:09.483 10 INFO neutron.db.ovn_revision_numbers_db [None req-ac62b079-e529-463b-b347-cc213a77627d 6c5e501dd839482780fd25d6cb589432 5c4d3999b83e43a28f9ade261e7b1962 - - default default] Successfully bumped revision number for resource a3151c44-54a4-4559-a441-ea4918aadd66 (type: security_group_rules) to 0
2026-05-29 23:14:09.537 10 INFO neutron.api.wsgi [None req-ac62b079-e529-463b-b347-cc213a77627d 6c5e501dd839482780fd25d6cb589432 5c4d3999b83e43a28f9ade261e7b1962 - - default default] 10.0.0.115 "POST /v2.0/security-groups HTTP/1.1" status: 201 len: 1861 time: 0.2210596
2026-05-29 23:14:09.549 9 WARNING neutron_lib.context [None req-febe92a8-c02d-4453-9e26-a3b3fff810f4 6c5e501dd839482780fd25d6cb589432 5c4d3999b83e43a28f9ade261e7b1962 - - default default] Method 'is_advsvc' is deprecated since 2023.2 release (neutron-lib 3.8.0) and will be removed once support for the old RBAC API policies will be removed from Neutron. Please use method 'is_service_role' instead.
2026-05-29 23:14:09.629 9 INFO neutron.notifiers.nova [-] Nova event matching ['req-058017a1-db78-4c9c-8d5d-385066e2828d'] response: {'server_uuid': 'abed00fe-a01d-4d3b-8b26-92f183575e50', 'name': 'network-vif-plugged', 'status': 'completed', 'tag': 'bf372fe8-5263-46f4-b2f3-5bb6e0a13688', 'code': 200}
2026-05-29 23:14:09.649 10 INFO neutron.db.ovn_revision_numbers_db [req-1b79c9a8-c939-40c4-b86c-5b733e45d769 req-ae5693c4-dd3c-43ef-9c3b-427734fa4fad 404a085e5dc04a73a07ed911e89adbb0 dbfd979046a24a26a3699b07287782c7 - - 45b280749b834deca4faf0a8d83b225b 45b280749b834deca4faf0a8d83b225b] Successfully bumped revision number for resource 6623e6a0-c435-44d1-bf23-08fb470460ba (type: ports) to 2
2026-05-29 23:14:09.704 9 INFO neutron.db.ovn_revision_numbers_db [None req-febe92a8-c02d-4453-9e26-a3b3fff810f4 6c5e501dd839482780fd25d6cb589432 5c4d3999b83e43a28f9ade261e7b1962 - - default default] Successfully bumped revision number for resource ad391719-1bd1-4dfe-ae25-bb2d5712730c (type: security_group_rules) to 0
2026-05-29 23:14:09.742 9 INFO neutron.api.wsgi [None req-febe92a8-c02d-4453-9e26-a3b3fff810f4 6c5e501dd839482780fd25d6cb589432 5c4d3999b83e43a28f9ade261e7b1962 - - default default] 10.0.0.115 "POST /v2.0/security-group-rules HTTP/1.1" status: 201 len: 796 time: 0.2007675 /var/lib/openstack/lib/python3.12/site-packages/pycadf/identifier.py:71: UserWarning: Invalid uuid: neutron. To ensure interoperability, identifiers should be a valid uuid. warnings.warn(('Invalid uuid: %s. To ensure interoperability, '
2026-05-29 23:14:09.753 10 WARNING neutron_lib.context [None req-04e217e9-7836-407e-9c61-471a77270411 6c5e501dd839482780fd25d6cb589432 5c4d3999b83e43a28f9ade261e7b1962 - - default default] Method 'is_advsvc' is deprecated since 2023.2 release (neutron-lib 3.8.0) and will be removed once support for the old RBAC API policies will be removed from Neutron. Please use method 'is_service_role' instead.
2026-05-29 23:14:09.866 9 INFO neutron.api.wsgi [req-50db8407-a416-4a33-9279-0ae6b2f5b46c req-99de50f3-7bcf-4b73-80d9-f0b1be7da69b e0d7725a126e4f7b92a735fffac7417b c8881d9ad9d349629689d7b3a1a26f7a - - default default] 10.0.0.10 "GET /v2.0/ports?device_id=305b671c-8579-4cb8-95a5-906eaf840a22 HTTP/1.1" status: 200 len: 1172 time: 0.0735209
2026-05-29 23:14:09.908 9 INFO neutron.api.wsgi [req-50db8407-a416-4a33-9279-0ae6b2f5b46c req-ef86c5b3-c0ee-415a-97dc-407ed3f22c67 e0d7725a126e4f7b92a735fffac7417b c8881d9ad9d349629689d7b3a1a26f7a - - default default] 10.0.0.10 "GET /v2.0/security-groups?id=0edfb6c0-aac1-4968-a713-5fdc36e866c7&fields=id&fields=name HTTP/1.1" status: 200 len: 313 time: 0.0369120
2026-05-29 23:14:09.910 10 INFO neutron.db.ovn_revision_numbers_db [req-1b79c9a8-c939-40c4-b86c-5b733e45d769 req-ae5693c4-dd3c-43ef-9c3b-427734fa4fad 404a085e5dc04a73a07ed911e89adbb0 dbfd979046a24a26a3699b07287782c7 - - 45b280749b834deca4faf0a8d83b225b 45b280749b834deca4faf0a8d83b225b] Successfully bumped revision number for resource 6623e6a0-c435-44d1-bf23-08fb470460ba (type: ports) to 4
2026-05-29 23:14:09.930 10 INFO neutron.api.wsgi [req-1b79c9a8-c939-40c4-b86c-5b733e45d769 req-ae5693c4-dd3c-43ef-9c3b-427734fa4fad 404a085e5dc04a73a07ed911e89adbb0 dbfd979046a24a26a3699b07287782c7 - - 45b280749b834deca4faf0a8d83b225b 45b280749b834deca4faf0a8d83b225b] 199.204.45.95 "PUT /v2.0/ports/6623e6a0-c435-44d1-bf23-08fb470460ba HTTP/1.1" status: 200 len: 1408 time: 0.6870358
2026-05-29 23:14:09.933 10 INFO neutron.db.ovn_revision_numbers_db [None req-04e217e9-7836-407e-9c61-471a77270411 6c5e501dd839482780fd25d6cb589432 5c4d3999b83e43a28f9ade261e7b1962 - - default default] Successfully bumped revision number for resource d2272280-41f9-4a90-b18c-2f9ac15a31f2 (type: security_group_rules) to 0
2026-05-29 23:14:09.963 10 INFO neutron.api.wsgi [None req-04e217e9-7836-407e-9c61-471a77270411 6c5e501dd839482780fd25d6cb589432 5c4d3999b83e43a28f9ade261e7b1962 - - default default] 10.0.0.115 "POST /v2.0/security-group-rules HTTP/1.1" status: 201 len: 801 time: 0.2152421 /var/lib/openstack/lib/python3.12/site-packages/pycadf/identifier.py:71: UserWarning: Invalid uuid: neutron. To ensure interoperability, identifiers should be a valid uuid. warnings.warn(('Invalid uuid: %s. To ensure interoperability, '
2026-05-29 23:14:09.971 10 WARNING neutron_lib.context [None req-19543d9b-88ab-4513-9bb9-fe74ce9351c7 6c5e501dd839482780fd25d6cb589432 5c4d3999b83e43a28f9ade261e7b1962 - - default default] Method 'is_advsvc' is deprecated since 2023.2 release (neutron-lib 3.8.0) and will be removed once support for the old RBAC API policies will be removed from Neutron. Please use method 'is_service_role' instead.
2026-05-29 23:14:09.974 10 INFO neutron.notifiers.nova [-] Nova event matching ['req-3ef3c956-8e1b-4abc-bd7d-afed019e5c3c'] response: {'name': 'network-changed', 'server_uuid': '305b671c-8579-4cb8-95a5-906eaf840a22', 'tag': '6623e6a0-c435-44d1-bf23-08fb470460ba', 'status': 'completed', 'code': 200}
2026-05-29 23:14:10.147 9 INFO neutron.api.wsgi [req-41f3f290-5699-4d78-af66-12ff17941e69 req-06aae87b-09cc-4793-a780-36baa0099cee 9178a87e35b540b4a62cd909313ef6cf 3c8427ca5d414f57b86f4b72169b750d - - default default] 10.0.0.10 "GET /v2.0/ports?device_id=abed00fe-a01d-4d3b-8b26-92f183575e50 HTTP/1.1" status: 200 len: 1170 time: 0.0816944
2026-05-29 23:14:10.189 9 INFO neutron.api.wsgi [req-41f3f290-5699-4d78-af66-12ff17941e69 req-c62cec81-a98e-44fe-9642-bdf8000ae0dd 9178a87e35b540b4a62cd909313ef6cf 3c8427ca5d414f57b86f4b72169b750d - - default default] 10.0.0.10 "GET /v2.0/security-groups?id=d1fb8da9-ece6-4d4d-8c26-855b97e9b8f1&fields=id&fields=name HTTP/1.1" status: 200 len: 312 time: 0.0348685
2026-05-29 23:14:10.197 10 WARNING neutron.scheduler.dhcp_agent_scheduler [None req-19543d9b-88ab-4513-9bb9-fe74ce9351c7 6c5e501dd839482780fd25d6cb589432 5c4d3999b83e43a28f9ade261e7b1962 - - default default] No more DHCP agents
2026-05-29 23:14:10.198 10 WARNING neutron.api.rpc.agentnotifiers.dhcp_rpc_agent_api [None req-19543d9b-88ab-4513-9bb9-fe74ce9351c7 6c5e501dd839482780fd25d6cb589432 5c4d3999b83e43a28f9ade261e7b1962 - - default default] Unable to schedule network b8200611-667e-49a6-aeeb-7a7c3a7ee2a0: no agents available; will retry on subsequent port and subnet creation events.
2026-05-29 23:14:10.235 10 INFO neutron.db.ovn_revision_numbers_db [None req-52df7788-eec9-4228-89b3-09aa7650529f 666683ce59f74e418ed9ee95f283e509 ff43a2eefa8043f9acb8f3e64b073de8 - - default default] Successfully bumped revision number for resource ba4255dd-0887-4084-8b0b-bf8db7110d46 (type: security_groups) to 1
2026-05-29 23:14:10.248 10 INFO neutron.db.ovn_revision_numbers_db [None req-52df7788-eec9-4228-89b3-09aa7650529f 666683ce59f74e418ed9ee95f283e509 ff43a2eefa8043f9acb8f3e64b073de8 - - default default] Successfully bumped revision number for resource 6797b253-f503-404a-83c6-8847103b8c3b (type: security_group_rules) to 0
2026-05-29 23:14:10.288 10 INFO neutron.db.ovn_revision_numbers_db [None req-52df7788-eec9-4228-89b3-09aa7650529f 666683ce59f74e418ed9ee95f283e509 ff43a2eefa8043f9acb8f3e64b073de8 - - default default] Successfully bumped revision number for resource 776f0886-97ad-4725-805b-62408f29ad1c (type: security_group_rules) to 0
2026-05-29 23:14:10.309 10 INFO neutron.api.wsgi [req-dfe1f7ec-d89c-4e43-a51c-fa8a74fc5d77 req-e9875e9f-0cc2-4572-b4a4-ef4e4ec7907b 9178a87e35b540b4a62cd909313ef6cf 3c8427ca5d414f57b86f4b72169b750d - - default default] 10.0.0.10 "GET /v2.0/ports?device_id=abed00fe-a01d-4d3b-8b26-92f183575e50 HTTP/1.1" status: 200 len: 1170 time: 0.0514269
2026-05-29 23:14:10.320 10 INFO neutron.db.ovn_revision_numbers_db [None req-52df7788-eec9-4228-89b3-09aa7650529f 666683ce59f74e418ed9ee95f283e509 ff43a2eefa8043f9acb8f3e64b073de8 - - default default] Successfully bumped revision number for resource b80560ce-40b8-4bd6-a08e-20d15093d970 (type: security_group_rules) to 0
2026-05-29 23:14:10.347 10 INFO neutron.db.ovn_revision_numbers_db [None req-52df7788-eec9-4228-89b3-09aa7650529f 666683ce59f74e418ed9ee95f283e509 ff43a2eefa8043f9acb8f3e64b073de8 - - default default] Successfully bumped revision number for resource fa59a199-8d0d-4116-9b53-d2042f27695c (type: security_group_rules) to 0
2026-05-29 23:14:10.364 10 INFO neutron.api.wsgi [req-dfe1f7ec-d89c-4e43-a51c-fa8a74fc5d77 req-876db6f2-2272-4f14-9ff6-869da3a8fa83 9178a87e35b540b4a62cd909313ef6cf 3c8427ca5d414f57b86f4b72169b750d - - default default] 10.0.0.10 "GET /v2.0/security-groups?id=d1fb8da9-ece6-4d4d-8c26-855b97e9b8f1&fields=id&fields=name HTTP/1.1" status: 200 len: 312 time: 0.0486467
2026-05-29 23:14:10.386 10 INFO neutron.api.wsgi [None req-52df7788-eec9-4228-89b3-09aa7650529f 666683ce59f74e418ed9ee95f283e509 ff43a2eefa8043f9acb8f3e64b073de8 - - default default] 10.0.0.115 "GET /v2.0/security-groups?tenant_id=8f448351a9c74bca8c81b93a30d68771&name=default HTTP/1.1" status: 200 len: 3120 time: 0.3837109
2026-05-29 23:14:10.437 10 INFO neutron.api.wsgi [None req-c229de04-4078-422b-b16b-6d7808c538f7 e8796b23c3f543e68b49ce6c90d0af47 26d44b950a284448909d161febcb280c - - default default] 10.0.0.115 "GET /v2.0/ports?device_id=abed00fe-a01d-4d3b-8b26-92f183575e50 HTTP/1.1" status: 200 len: 1404 time: 0.0479574
2026-05-29 23:14:10.445 10 WARNING neutron_lib.context [None req-60ecf42a-c851-4aec-9d21-4da8c0fd1f52 9178a87e35b540b4a62cd909313ef6cf 3c8427ca5d414f57b86f4b72169b750d - - default default] Method 'is_advsvc' is deprecated since 2023.2 release (neutron-lib 3.8.0) and will be removed once support for the old RBAC API policies will be removed from Neutron. Please use method 'is_service_role' instead.
2026-05-29 23:14:10.525 10 INFO neutron.api.wsgi [req-532d7017-a67b-43c2-b163-ce1d950424ab req-183cb8cd-9d92-4e41-a4c5-91230bb5f699 404a085e5dc04a73a07ed911e89adbb0 dbfd979046a24a26a3699b07287782c7 - - 45b280749b834deca4faf0a8d83b225b 45b280749b834deca4faf0a8d83b225b] 199.204.45.95 "GET /v2.0/ports?tenant_id=c8881d9ad9d349629689d7b3a1a26f7a&device_id=305b671c-8579-4cb8-95a5-906eaf840a22 HTTP/1.1" status: 200 len: 1411 time: 0.0429912
2026-05-29 23:14:10.566 9 INFO neutron.api.wsgi [None req-c422c049-1097-4100-90dc-46db2ba463d0 666683ce59f74e418ed9ee95f283e509 ff43a2eefa8043f9acb8f3e64b073de8 - - default default] 10.0.0.115 "DELETE /v2.0/security-groups/ba4255dd-0887-4084-8b0b-bf8db7110d46 HTTP/1.1" status: 204 len: 168 time: 0.1739464
2026-05-29 23:14:10.594 10 INFO neutron.api.wsgi [req-532d7017-a67b-43c2-b163-ce1d950424ab req-b3d5eecf-3164-402b-b704-0dbc259c3248 404a085e5dc04a73a07ed911e89adbb0 dbfd979046a24a26a3699b07287782c7 - - 45b280749b834deca4faf0a8d83b225b 45b280749b834deca4faf0a8d83b225b] 199.204.45.95 "GET /v2.0/networks?tenant_id=c8881d9ad9d349629689d7b3a1a26f7a&shared=False HTTP/1.1" status: 200 len: 974 time: 0.0639193
2026-05-29 23:14:10.643 10 INFO neutron.api.wsgi [None req-19543d9b-88ab-4513-9bb9-fe74ce9351c7 6c5e501dd839482780fd25d6cb589432 5c4d3999b83e43a28f9ade261e7b1962 - - default default] 10.0.0.115 "POST /v2.0/floatingips HTTP/1.1" status: 201 len: 751 time: 0.6758716
2026-05-29 23:14:10.677 10 INFO neutron.api.wsgi [req-532d7017-a67b-43c2-b163-ce1d950424ab req-54331789-dd35-4fd6-b532-786f61c0c27f 404a085e5dc04a73a07ed911e89adbb0 dbfd979046a24a26a3699b07287782c7 - - 45b280749b834deca4faf0a8d83b225b 45b280749b834deca4faf0a8d83b225b] 199.204.45.95 "GET /v2.0/networks?shared=True HTTP/1.1" status: 200 len: 952 time: 0.0760705
2026-05-29 23:14:10.721 10 WARNING neutron.scheduler.dhcp_agent_scheduler [None req-60ecf42a-c851-4aec-9d21-4da8c0fd1f52 9178a87e35b540b4a62cd909313ef6cf 3c8427ca5d414f57b86f4b72169b750d - - default default] No more DHCP agents
