2026-05-29 23:14:10.722 10 WARNING neutron.api.rpc.agentnotifiers.dhcp_rpc_agent_api [None req-60ecf42a-c851-4aec-9d21-4da8c0fd1f52 9178a87e35b540b4a62cd909313ef6cf 3c8427ca5d414f57b86f4b72169b750d - - default default] Unable to schedule network b8200611-667e-49a6-aeeb-7a7c3a7ee2a0: no agents available; will retry on subsequent port and subnet creation events.
2026-05-29 23:14:10.999 9 INFO neutron.api.wsgi [req-829b6a59-365f-4593-8f2e-7a8a6d78472e req-aa3b1a10-e5f8-404e-a47f-5c9c659a39f5 e0d7725a126e4f7b92a735fffac7417b c8881d9ad9d349629689d7b3a1a26f7a - - default default] 10.0.0.10 "GET /v2.0/ports?device_id=305b671c-8579-4cb8-95a5-906eaf840a22 HTTP/1.1" status: 200 len: 1172 time: 0.0350633
2026-05-29 23:14:11.036 9 INFO neutron.api.wsgi [req-829b6a59-365f-4593-8f2e-7a8a6d78472e req-e72139d9-8a3f-4061-805c-6771cbdf7c49 e0d7725a126e4f7b92a735fffac7417b c8881d9ad9d349629689d7b3a1a26f7a - - default default] 10.0.0.10 "GET /v2.0/security-groups?id=0edfb6c0-aac1-4968-a713-5fdc36e866c7&fields=id&fields=name HTTP/1.1" status: 200 len: 313 time: 0.0304132
2026-05-29 23:14:11.163 10 INFO neutron.api.wsgi [req-45874f6f-96e1-4b86-8cc8-d86957805e39 req-b2aa8b26-e1b0-463a-af5c-0cf06a68cc0c 6c5e501dd839482780fd25d6cb589432 5c4d3999b83e43a28f9ade261e7b1962 - - default default] 10.0.0.10 "GET /v2.0/security-groups?name=tempest-securitygroup--1814517864&fields=id&tenant_id=5c4d3999b83e43a28f9ade261e7b1962 HTTP/1.1" status: 200 len: 267 time: 0.0685334
2026-05-29 23:14:11.233 10 INFO neutron.api.wsgi [req-45874f6f-96e1-4b86-8cc8-d86957805e39 req-8a068d70-9ae8-4dfc-be9b-0e4fc09aa1b1 6c5e501dd839482780fd25d6cb589432 5c4d3999b83e43a28f9ade261e7b1962 - - default default] 10.0.0.10 "GET /v2.0/networks?id=e3e64fca-9344-4a64-a43c-50eec3f5370b HTTP/1.1" status: 200 len: 874 time: 0.0639989
2026-05-29 23:14:11.261 10 INFO neutron.api.wsgi [req-45874f6f-96e1-4b86-8cc8-d86957805e39 req-04e72ec2-dcd1-40a8-a561-9883af592125 6c5e501dd839482780fd25d6cb589432 5c4d3999b83e43a28f9ade261e7b1962 - - default default] 10.0.0.10 "GET /v2.0/quotas/5c4d3999b83e43a28f9ade261e7b1962 HTTP/1.1" status: 200 len: 491 time: 0.0221112
2026-05-29 23:14:11.350 10 INFO neutron.api.wsgi [req-45874f6f-96e1-4b86-8cc8-d86957805e39 req-1b666fc0-765e-43d2-9b97-a8ac6aaec998 6c5e501dd839482780fd25d6cb589432 5c4d3999b83e43a28f9ade261e7b1962 - - default default] 10.0.0.10 "GET /v2.0/ports?tenant_id=5c4d3999b83e43a28f9ade261e7b1962&fields=id HTTP/1.1" status: 200 len: 302 time: 0.0845439
2026-05-29 23:14:11.437 10 INFO neutron.api.wsgi [req-45874f6f-96e1-4b86-8cc8-d86957805e39 req-49b29764-ed13-4315-ad04-4a5626b54729 404a085e5dc04a73a07ed911e89adbb0 dbfd979046a24a26a3699b07287782c7 - - 45b280749b834deca4faf0a8d83b225b 45b280749b834deca4faf0a8d83b225b] 10.0.0.10 "GET /v2.0/networks/e3e64fca-9344-4a64-a43c-50eec3f5370b?fields=segments HTTP/1.1" status: 200 len: 212 time: 0.0744829
2026-05-29 23:14:11.479 10 INFO neutron.db.ovn_revision_numbers_db [None req-60ecf42a-c851-4aec-9d21-4da8c0fd1f52 9178a87e35b540b4a62cd909313ef6cf 3c8427ca5d414f57b86f4b72169b750d - - default default] Successfully bumped revision number for resource 5875761d-f0d1-4761-a3fa-014da6870f0d (type: floatingips) to -1
2026-05-29 23:14:11.492 10 INFO neutron.api.wsgi [req-45874f6f-96e1-4b86-8cc8-d86957805e39 req-7ca0648d-cf4c-4911-869a-e7c0aa43359f 404a085e5dc04a73a07ed911e89adbb0 dbfd979046a24a26a3699b07287782c7 - - 45b280749b834deca4faf0a8d83b225b 45b280749b834deca4faf0a8d83b225b] 10.0.0.10 "GET /v2.0/networks/e3e64fca-9344-4a64-a43c-50eec3f5370b?fields=provider%3Aphysical_network&fields=provider%3Anetwork_type HTTP/1.1" status: 200 len: 277 time: 0.0498514
2026-05-29 23:14:11.602 10 INFO neutron.db.ovn_revision_numbers_db [None req-60ecf42a-c851-4aec-9d21-4da8c0fd1f52 9178a87e35b540b4a62cd909313ef6cf 3c8427ca5d414f57b86f4b72169b750d - - default default] Successfully bumped revision number for resource 5875761d-f0d1-4761-a3fa-014da6870f0d (type: floatingips) to 1
2026-05-29 23:14:11.603 10 INFO neutron.db.l3_db [None req-60ecf42a-c851-4aec-9d21-4da8c0fd1f52 9178a87e35b540b4a62cd909313ef6cf 3c8427ca5d414f57b86f4b72169b750d - - default default] Floating IP 5875761d-f0d1-4761-a3fa-014da6870f0d associated. External IP: 10.96.250.206, port: bf372fe8-5263-46f4-b2f3-5bb6e0a13688.
2026-05-29 23:14:11.632 9 INFO neutron.api.wsgi [req-2a94f0fe-07e1-4f6a-a47f-c328651c54d2 req-9f59d3e6-4f78-4776-9198-e1440a707f25 6c5e501dd839482780fd25d6cb589432 5c4d3999b83e43a28f9ade261e7b1962 - - default default] 10.0.0.10 "GET /v2.0/ports?device_id=b4c798db-5f6c-4b58-9b76-c86ef90aeda9 HTTP/1.1" status: 200 len: 210 time: 0.0197425
2026-05-29 23:14:11.647 10 INFO neutron.api.wsgi [None req-60ecf42a-c851-4aec-9d21-4da8c0fd1f52 9178a87e35b540b4a62cd909313ef6cf 3c8427ca5d414f57b86f4b72169b750d - - default default] 10.0.0.115 "POST /v2.0/floatingips HTTP/1.1" status: 201 len: 1054 time: 1.2059188
2026-05-29 23:14:11.685 10 INFO neutron.api.wsgi [None req-2789df7a-2fec-4a0d-ad8b-2aa1394419c1 9178a87e35b540b4a62cd909313ef6cf 3c8427ca5d414f57b86f4b72169b750d - - default default] 10.0.0.115 "GET /v2.0/floatingips/5875761d-f0d1-4761-a3fa-014da6870f0d HTTP/1.1" status: 200 len: 1051 time: 0.0336087
2026-05-29 23:14:11.728 10 INFO neutron.api.wsgi [req-1b79c9a8-c939-40c4-b86c-5b733e45d769 req-f834f4a2-d77d-469c-9f61-bf2abd4ee927 404a085e5dc04a73a07ed911e89adbb0 dbfd979046a24a26a3699b07287782c7 - - 45b280749b834deca4faf0a8d83b225b 45b280749b834deca4faf0a8d83b225b] 199.204.45.95 "GET /v2.0/ports?tenant_id=c8881d9ad9d349629689d7b3a1a26f7a&device_id=305b671c-8579-4cb8-95a5-906eaf840a22 HTTP/1.1" status: 200 len: 1411 time: 0.0366514
2026-05-29 23:14:11.752 10 INFO neutron.api.wsgi [req-1b79c9a8-c939-40c4-b86c-5b733e45d769 req-4514a476-1caa-4afd-a16d-99aa93dce7d8 404a085e5dc04a73a07ed911e89adbb0 dbfd979046a24a26a3699b07287782c7 - - 45b280749b834deca4faf0a8d83b225b 45b280749b834deca4faf0a8d83b225b] 199.204.45.95 "GET /v2.0/floatingips?fixed_ip_address=10.100.0.12&port_id=6623e6a0-c435-44d1-bf23-08fb470460ba HTTP/1.1" status: 200 len: 217 time: 0.0181360
2026-05-29 23:14:11.784 10 INFO neutron.api.wsgi [req-1b79c9a8-c939-40c4-b86c-5b733e45d769 req-404d69ee-1f3b-446a-b7c1-4ff6eee3c0c6 404a085e5dc04a73a07ed911e89adbb0 dbfd979046a24a26a3699b07287782c7 - - 45b280749b834deca4faf0a8d83b225b 45b280749b834deca4faf0a8d83b225b] 199.204.45.95 "GET /v2.0/subnets?id=d324632e-efcc-4415-af6e-52bbfd80b693 HTTP/1.1" status: 200 len: 893 time: 0.0262227
2026-05-29 23:14:11.821 10 INFO neutron.api.wsgi [req-1b79c9a8-c939-40c4-b86c-5b733e45d769 req-c7ae6f7e-c501-41a7-be2f-6b8188084cb7 404a085e5dc04a73a07ed911e89adbb0 dbfd979046a24a26a3699b07287782c7 - - 45b280749b834deca4faf0a8d83b225b 45b280749b834deca4faf0a8d83b225b] 199.204.45.95 "GET /v2.0/ports?network_id=a79be36d-3ffa-4782-8b90-00850cfff54c&device_owner=network%3Adhcp HTTP/1.1" status: 200 len: 210 time: 0.0281963
2026-05-29 23:14:11.860 10 INFO neutron.api.wsgi [req-1b79c9a8-c939-40c4-b86c-5b733e45d769 req-78b6438e-0453-4cf7-afa9-acf86e81c561 404a085e5dc04a73a07ed911e89adbb0 dbfd979046a24a26a3699b07287782c7 - - 45b280749b834deca4faf0a8d83b225b 45b280749b834deca4faf0a8d83b225b] 199.204.45.95 "GET /v2.0/networks/a79be36d-3ffa-4782-8b90-00850cfff54c?fields=segments HTTP/1.1" status: 200 len: 212 time: 0.0355818
2026-05-29 23:14:11.903 10 INFO neutron.api.wsgi [req-1b79c9a8-c939-40c4-b86c-5b733e45d769 req-d5e359a2-ad94-4583-bcf6-4fcb039e43d4 404a085e5dc04a73a07ed911e89adbb0 dbfd979046a24a26a3699b07287782c7 - - 45b280749b834deca4faf0a8d83b225b 45b280749b834deca4faf0a8d83b225b] 199.204.45.95 "GET /v2.0/networks/a79be36d-3ffa-4782-8b90-00850cfff54c?fields=provider%3Aphysical_network&fields=provider%3Anetwork_type HTTP/1.1" status: 200 len: 277 time: 0.0371215
2026-05-29 23:14:12.006 10 INFO neutron.notifiers.nova [-] Nova event matching ['req-694a1a59-68cf-4e62-8b23-085f521caadf'] response: {'name': 'network-changed', 'server_uuid': 'abed00fe-a01d-4d3b-8b26-92f183575e50', 'tag': 'bf372fe8-5263-46f4-b2f3-5bb6e0a13688', 'status': 'completed', 'code': 200}
2026-05-29 23:14:12.137 9 INFO neutron.api.wsgi [req-5f80b965-ebf1-4074-8d25-f9aaf5a843e6 req-e24f7c75-ebe5-4195-8a95-e35f71ac97eb e0d7725a126e4f7b92a735fffac7417b c8881d9ad9d349629689d7b3a1a26f7a - - default default] 10.0.0.10 "GET /v2.0/ports?device_id=305b671c-8579-4cb8-95a5-906eaf840a22 HTTP/1.1" status: 200 len: 1172 time: 0.0423999
2026-05-29 23:14:12.177 9 INFO neutron.api.wsgi [req-5f80b965-ebf1-4074-8d25-f9aaf5a843e6 req-30575c89-7185-4c65-88cd-764c9bf22d6f e0d7725a126e4f7b92a735fffac7417b c8881d9ad9d349629689d7b3a1a26f7a - - default default] 10.0.0.10 "GET /v2.0/security-groups?id=0edfb6c0-aac1-4968-a713-5fdc36e866c7&fields=id&fields=name HTTP/1.1" status: 200 len: 313 time: 0.0333624
2026-05-29 23:14:12.554 10 INFO neutron.api.wsgi [req-02986b29-32e6-4db8-961f-d70db7d85a83 req-07f6ab14-fa1f-41d1-9678-e76123dc436f 404a085e5dc04a73a07ed911e89adbb0 dbfd979046a24a26a3699b07287782c7 - - 45b280749b834deca4faf0a8d83b225b 45b280749b834deca4faf0a8d83b225b] 199.204.45.95 "GET /v2.0/ports?tenant_id=3c8427ca5d414f57b86f4b72169b750d&device_id=abed00fe-a01d-4d3b-8b26-92f183575e50 HTTP/1.1" status: 200 len: 1409 time: 0.0372062
2026-05-29 23:14:12.590 10 INFO neutron.api.wsgi [req-02986b29-32e6-4db8-961f-d70db7d85a83 req-b2e89300-b2ff-44bf-a20d-100ef6a7c71b 404a085e5dc04a73a07ed911e89adbb0 dbfd979046a24a26a3699b07287782c7 - - 45b280749b834deca4faf0a8d83b225b 45b280749b834deca4faf0a8d83b225b] 199.204.45.95 "GET /v2.0/networks?id=19edbcb1-784e-4797-8cfb-7e582d7b1c5b HTTP/1.1" status: 200 len: 959 time: 0.0321722
2026-05-29 23:14:12.631 10 INFO neutron.api.wsgi [req-02986b29-32e6-4db8-961f-d70db7d85a83 req-06c22120-5faa-4fbb-9a4d-0f3cbd37fd00 404a085e5dc04a73a07ed911e89adbb0 dbfd979046a24a26a3699b07287782c7 - - 45b280749b834deca4faf0a8d83b225b 45b280749b834deca4faf0a8d83b225b] 199.204.45.95 "GET /v2.0/floatingips?fixed_ip_address=10.100.0.5&port_id=bf372fe8-5263-46f4-b2f3-5bb6e0a13688 HTTP/1.1" status: 200 len: 1059 time: 0.0382516
2026-05-29 23:14:12.661 10 INFO neutron.api.wsgi [req-02986b29-32e6-4db8-961f-d70db7d85a83 req-6a6b6e30-172d-4a7d-8412-8eb8e8ec2c09 404a085e5dc04a73a07ed911e89adbb0 dbfd979046a24a26a3699b07287782c7 - - 45b280749b834deca4faf0a8d83b225b 45b280749b834deca4faf0a8d83b225b] 199.204.45.95 "GET /v2.0/subnets?id=53c74e7e-148a-4225-951c-40f0f8252128 HTTP/1.1" status: 200 len: 876 time: 0.0241005
2026-05-29 23:14:12.684 10 INFO neutron.api.wsgi [req-02986b29-32e6-4db8-961f-d70db7d85a83 req-e7811977-b6ae-4ea4-8c09-dbca5f3bfd43 404a085e5dc04a73a07ed911e89adbb0 dbfd979046a24a26a3699b07287782c7 - - 45b280749b834deca4faf0a8d83b225b 45b280749b834deca4faf0a8d83b225b] 199.204.45.95 "GET /v2.0/ports?network_id=19edbcb1-784e-4797-8cfb-7e582d7b1c5b&device_owner=network%3Adhcp HTTP/1.1" status: 200 len: 210 time: 0.0174401
2026-05-29 23:14:12.714 10 INFO neutron.api.wsgi [req-6a07fb77-071c-41c8-8738-360ee2b3e7ef req-23f7a32f-a034-4806-a386-51bdef13c618 6c5e501dd839482780fd25d6cb589432 5c4d3999b83e43a28f9ade261e7b1962 - - default default] 10.0.0.10 "GET /v2.0/ports?device_id=b4c798db-5f6c-4b58-9b76-c86ef90aeda9 HTTP/1.1" status: 200 len: 210 time: 0.0256016
2026-05-29 23:14:12.740 10 INFO neutron.api.wsgi [req-02986b29-32e6-4db8-961f-d70db7d85a83 req-84efa338-e3f1-4022-9e8b-0a0d11e8aef2 404a085e5dc04a73a07ed911e89adbb0 dbfd979046a24a26a3699b07287782c7 - - 45b280749b834deca4faf0a8d83b225b 45b280749b834deca4faf0a8d83b225b] 199.204.45.95 "GET /v2.0/networks/19edbcb1-784e-4797-8cfb-7e582d7b1c5b?fields=segments HTTP/1.1" status: 200 len: 212 time: 0.0484493
2026-05-29 23:14:12.785 10 INFO neutron.api.wsgi [req-02986b29-32e6-4db8-961f-d70db7d85a83 req-eccfae84-7350-4d6b-9d76-0ed3c0cde0aa 404a085e5dc04a73a07ed911e89adbb0 dbfd979046a24a26a3699b07287782c7 - - 45b280749b834deca4faf0a8d83b225b 45b280749b834deca4faf0a8d83b225b] 199.204.45.95 "GET /v2.0/networks/19edbcb1-784e-4797-8cfb-7e582d7b1c5b?fields=provider%3Aphysical_network&fields=provider%3Anetwork_type HTTP/1.1" status: 200 len: 277 time: 0.0396311
2026-05-29 23:14:13.269 9 INFO neutron.api.wsgi [req-f0dbad49-4ed7-4f42-8289-0e1a0708a9b9 req-ed096cc6-6b5d-45ab-b51d-f9684905bcf7 e0d7725a126e4f7b92a735fffac7417b c8881d9ad9d349629689d7b3a1a26f7a - - default default] 10.0.0.10 "GET /v2.0/ports?device_id=305b671c-8579-4cb8-95a5-906eaf840a22 HTTP/1.1" status: 200 len: 1172 time: 0.0353963
2026-05-29 23:14:13.312 9 INFO neutron.api.wsgi [req-f0dbad49-4ed7-4f42-8289-0e1a0708a9b9 req-4c82d32a-54b2-49e0-bf4a-b3738a55c25a e0d7725a126e4f7b92a735fffac7417b c8881d9ad9d349629689d7b3a1a26f7a - - default default] 10.0.0.10 "GET /v2.0/security-groups?id=0edfb6c0-aac1-4968-a713-5fdc36e866c7&fields=id&fields=name HTTP/1.1" status: 200 len: 313 time: 0.0365238
2026-05-29 23:14:13.353 10 WARNING neutron.plugins.ml2.drivers.ovn.mech_driver.ovsdb.ovn_client [None req-2a3afb61-4955-4486-9e69-c8d2fe08262a - - - - - -] No hosting information found for port 9e327bb9-e416-4ef8-9a8c-aacd2a4994d8: RuntimeError: No hosting information found for port 9e327bb9-e416-4ef8-9a8c-aacd2a4994d8
2026-05-29 23:14:13.552 10 INFO neutron.db.ovn_revision_numbers_db [None req-2a3afb61-4955-4486-9e69-c8d2fe08262a - - - - - -] Successfully bumped revision number for resource 9e327bb9-e416-4ef8-9a8c-aacd2a4994d8 (type: router_ports) to 2 /var/lib/openstack/lib/python3.12/site-packages/pycadf/identifier.py:71: UserWarning: Invalid uuid: neutron. To ensure interoperability, identifiers should be a valid uuid. warnings.warn(('Invalid uuid: %s. To ensure interoperability, '
2026-05-29 23:14:13.797 10 INFO neutron.api.wsgi [req-9d457da4-54bb-43f4-9ad8-431c1de1bf14 req-81ba3573-6f54-4e3b-b204-90bc52f9c32c 6c5e501dd839482780fd25d6cb589432 5c4d3999b83e43a28f9ade261e7b1962 - - default default] 10.0.0.10 "GET /v2.0/ports?device_id=b4c798db-5f6c-4b58-9b76-c86ef90aeda9 HTTP/1.1" status: 200 len: 210 time: 0.0204458
2026-05-29 23:14:14.050 9 INFO neutron.plugins.ml2.drivers.ovn.mech_driver.mech_driver [None req-cc389748-e8b9-4b07-a1f3-b6e103ea4599 - - - - - -] OVN reports status up for port: 6623e6a0-c435-44d1-bf23-08fb470460ba
2026-05-29 23:14:14.069 9 INFO neutron.plugins.ml2.plugin [None req-cc389748-e8b9-4b07-a1f3-b6e103ea4599 - - - - - -] Attempt 1 to provision port 6623e6a0-c435-44d1-bf23-08fb470460ba
2026-05-29 23:14:14.176 9 INFO neutron.notifiers.nova [-] Nova event matching ['req-0019d85c-b9d4-4e54-93fc-6339b7424ca4'] response: {'server_uuid': '305b671c-8579-4cb8-95a5-906eaf840a22', 'name': 'network-vif-plugged', 'status': 'completed', 'tag': '6623e6a0-c435-44d1-bf23-08fb470460ba', 'code': 200}
2026-05-29 23:14:14.378 9 INFO neutron.db.ovn_revision_numbers_db [None req-cc389748-e8b9-4b07-a1f3-b6e103ea4599 - - - - - -] Successfully bumped revision number for resource 6623e6a0-c435-44d1-bf23-08fb470460ba (type: ports) to 5
2026-05-29 23:14:14.460 10 INFO neutron.api.wsgi [req-fb21df65-3e06-432f-a12e-02093de379d6 req-7ed82da2-17b0-4eb3-aa4c-fde575213bd4 e0d7725a126e4f7b92a735fffac7417b c8881d9ad9d349629689d7b3a1a26f7a - - default default] 10.0.0.10 "GET /v2.0/ports?device_id=305b671c-8579-4cb8-95a5-906eaf840a22 HTTP/1.1" status: 200 len: 1174 time: 0.0841525
2026-05-29 23:14:14.499 10 INFO neutron.api.wsgi [req-fb21df65-3e06-432f-a12e-02093de379d6 req-0c8cd828-3d0e-4ec5-8732-8af561502076 e0d7725a126e4f7b92a735fffac7417b c8881d9ad9d349629689d7b3a1a26f7a - - default default] 10.0.0.10 "GET /v2.0/security-groups?id=0edfb6c0-aac1-4968-a713-5fdc36e866c7&fields=id&fields=name HTTP/1.1" status: 200 len: 313 time: 0.0317614 /var/lib/openstack/lib/python3.12/site-packages/pycadf/identifier.py:71: UserWarning: Invalid uuid: neutron. To ensure interoperability, identifiers should be a valid uuid. warnings.warn(('Invalid uuid: %s. To ensure interoperability, '
2026-05-29 23:14:14.895 9 INFO neutron.api.wsgi [req-4b3f29eb-6c30-42a7-8999-f4b9b5eb5d4e req-8afaf180-41bb-4de8-897f-a444eabbba13 6c5e501dd839482780fd25d6cb589432 5c4d3999b83e43a28f9ade261e7b1962 - - default default] 10.0.0.10 "GET /v2.0/ports?device_id=b4c798db-5f6c-4b58-9b76-c86ef90aeda9 HTTP/1.1" status: 200 len: 210 time: 0.0185726
2026-05-29 23:14:15.022 9 INFO neutron.db.ovn_revision_numbers_db [None req-11bf1d6f-e24d-42c6-be8e-f93a57e6be0a c7486ff3239549bca73e326df608e3ac f2d1a29618fb4b0ebf73d4eebb82a7a9 - - default default] Successfully bumped revision number for resource 445167fc-638d-4354-a285-4f8613985b95 (type: security_groups) to 1
2026-05-29 23:14:15.041 9 INFO neutron.db.ovn_revision_numbers_db [None req-11bf1d6f-e24d-42c6-be8e-f93a57e6be0a c7486ff3239549bca73e326df608e3ac f2d1a29618fb4b0ebf73d4eebb82a7a9 - - default default] Successfully bumped revision number for resource 6198f152-945d-46b4-867c-0993efdb5311 (type: security_group_rules) to 0
2026-05-29 23:14:15.054 9 INFO neutron.db.ovn_revision_numbers_db [None req-11bf1d6f-e24d-42c6-be8e-f93a57e6be0a c7486ff3239549bca73e326df608e3ac f2d1a29618fb4b0ebf73d4eebb82a7a9 - - default default] Successfully bumped revision number for resource 9b15c13b-b503-4221-a540-084324979018 (type: security_group_rules) to 0
2026-05-29 23:14:15.068 9 INFO neutron.db.ovn_revision_numbers_db [None req-11bf1d6f-e24d-42c6-be8e-f93a57e6be0a c7486ff3239549bca73e326df608e3ac f2d1a29618fb4b0ebf73d4eebb82a7a9 - - default default] Successfully bumped revision number for resource 9d4b3846-fdfd-41b8-a5ef-40c1030982ed (type: security_group_rules) to 0
2026-05-29 23:14:15.081 9 INFO neutron.db.ovn_revision_numbers_db [None req-11bf1d6f-e24d-42c6-be8e-f93a57e6be0a c7486ff3239549bca73e326df608e3ac f2d1a29618fb4b0ebf73d4eebb82a7a9 - - default default] Successfully bumped revision number for resource c33075fb-a0ec-4edd-8b2e-e214741124ec (type: security_group_rules) to 0
2026-05-29 23:14:15.156 9 INFO neutron.db.segments_db [None req-11bf1d6f-e24d-42c6-be8e-f93a57e6be0a c7486ff3239549bca73e326df608e3ac f2d1a29618fb4b0ebf73d4eebb82a7a9 - - default default] Added segment 52ada82b-1ba9-4bbf-bf90-8c1e9e92dcd7 of type geneve for network ff093137-039c-4589-b1bc-9ba234bd5494
2026-05-29 23:14:15.302 9 INFO neutron.db.ovn_revision_numbers_db [None req-11bf1d6f-e24d-42c6-be8e-f93a57e6be0a c7486ff3239549bca73e326df608e3ac f2d1a29618fb4b0ebf73d4eebb82a7a9 - - default default] Successfully bumped revision number for resource ff093137-039c-4589-b1bc-9ba234bd5494 (type: networks) to 1
2026-05-29 23:14:15.464 9 WARNING neutron.scheduler.dhcp_agent_scheduler [None req-11bf1d6f-e24d-42c6-be8e-f93a57e6be0a c7486ff3239549bca73e326df608e3ac f2d1a29618fb4b0ebf73d4eebb82a7a9 - - default default] No more DHCP agents
2026-05-29 23:14:15.466 9 WARNING neutron.api.rpc.agentnotifiers.dhcp_rpc_agent_api [None req-11bf1d6f-e24d-42c6-be8e-f93a57e6be0a c7486ff3239549bca73e326df608e3ac f2d1a29618fb4b0ebf73d4eebb82a7a9 - - default default] Unable to schedule network ff093137-039c-4589-b1bc-9ba234bd5494: no agents available; will retry on subsequent port and subnet creation events.
2026-05-29 23:14:15.533 9 INFO neutron.db.ovn_revision_numbers_db [None req-11bf1d6f-e24d-42c6-be8e-f93a57e6be0a c7486ff3239549bca73e326df608e3ac f2d1a29618fb4b0ebf73d4eebb82a7a9 - - default default] Successfully bumped revision number for resource 133b8c58-cf63-4437-889a-99b3e2256e96 (type: ports) to 1
2026-05-29 23:14:15.553 9 INFO neutron.api.wsgi [None req-11bf1d6f-e24d-42c6-be8e-f93a57e6be0a c7486ff3239549bca73e326df608e3ac f2d1a29618fb4b0ebf73d4eebb82a7a9 - - default default] 10.0.0.115 "POST /v2.0/networks HTTP/1.1" status: 201 len: 929 time: 0.8662894
2026-05-29 23:14:15.605 10 INFO neutron.api.wsgi [req-cd7c4b6f-1bf4-4663-8522-066787a1da49 req-927981a1-96aa-4e09-a882-9bdb92f1a1ab e0d7725a126e4f7b92a735fffac7417b c8881d9ad9d349629689d7b3a1a26f7a - - default default] 10.0.0.10 "GET /v2.0/ports?device_id=305b671c-8579-4cb8-95a5-906eaf840a22 HTTP/1.1" status: 200 len: 1174 time: 0.0366805
2026-05-29 23:14:15.653 10 INFO neutron.api.wsgi [req-cd7c4b6f-1bf4-4663-8522-066787a1da49 req-08b224ca-83dc-42cf-ad0b-e1bdc5625487 e0d7725a126e4f7b92a735fffac7417b c8881d9ad9d349629689d7b3a1a26f7a - - default default] 10.0.0.10 "GET /v2.0/security-groups?id=0edfb6c0-aac1-4968-a713-5fdc36e866c7&fields=id&fields=name HTTP/1.1" status: 200 len: 313 time: 0.0409141
2026-05-29 23:14:15.695 9 WARNING neutron.scheduler.dhcp_agent_scheduler [None req-0b1d375c-7f4c-4cd7-945c-b91236f5e39a c7486ff3239549bca73e326df608e3ac f2d1a29618fb4b0ebf73d4eebb82a7a9 - - default default] No more DHCP agents
2026-05-29 23:14:15.697 9 WARNING neutron.api.rpc.agentnotifiers.dhcp_rpc_agent_api [None req-0b1d375c-7f4c-4cd7-945c-b91236f5e39a c7486ff3239549bca73e326df608e3ac f2d1a29618fb4b0ebf73d4eebb82a7a9 - - default default] Unable to schedule network ff093137-039c-4589-b1bc-9ba234bd5494: no agents available; will retry on subsequent port and subnet creation events.
2026-05-29 23:14:15.973 9 INFO neutron.api.wsgi [req-956cda82-6e66-47df-8610-31d3777e08b9 req-1cc90e6c-8c88-4df8-a656-6b56bf033645 6c5e501dd839482780fd25d6cb589432 5c4d3999b83e43a28f9ade261e7b1962 - - default default] 10.0.0.10 "GET /v2.0/ports?device_id=b4c798db-5f6c-4b58-9b76-c86ef90aeda9 HTTP/1.1" status: 200 len: 210 time: 0.0174854
2026-05-29 23:14:16.045 10 INFO neutron.api.wsgi [req-45874f6f-96e1-4b86-8cc8-d86957805e39 req-92193e08-7bb8-424b-886a-bc1a8470701b 6c5e501dd839482780fd25d6cb589432 5c4d3999b83e43a28f9ade261e7b1962 - - default default] 199.204.45.95 "GET /v2.0/networks?id=e3e64fca-9344-4a64-a43c-50eec3f5370b HTTP/1.1" status: 200 len: 874 time: 0.0490754
2026-05-29 23:14:16.108 10 INFO neutron.api.wsgi [req-45874f6f-96e1-4b86-8cc8-d86957805e39 req-97a69bc1-faba-462b-b771-f5b9d1ff67e5 6c5e501dd839482780fd25d6cb589432 5c4d3999b83e43a28f9ade261e7b1962 - - default default] 199.204.45.95 "GET /v2.0/security-groups?fields=id&fields=name&tenant_id=5c4d3999b83e43a28f9ade261e7b1962 HTTP/1.1" status: 200 len: 380 time: 0.0577219
2026-05-29 23:14:16.117 10 WARNING neutron_lib.context [req-45874f6f-96e1-4b86-8cc8-d86957805e39 req-bcf5277d-4d8c-4446-8ae3-b223a1b39263 6c5e501dd839482780fd25d6cb589432 5c4d3999b83e43a28f9ade261e7b1962 - - default default] Method 'is_advsvc' is deprecated since 2023.2 release (neutron-lib 3.8.0) and will be removed once support for the old RBAC API policies will be removed from Neutron. Please use method 'is_service_role' instead.
2026-05-29 23:14:16.117 9 INFO neutron.db.ovn_revision_numbers_db [None req-5f997349-4439-44bb-8c23-cd052dae162b - - - - - -] Successfully bumped revision number for resource 133b8c58-cf63-4437-889a-99b3e2256e96 (type: ports) to 2
2026-05-29 23:14:16.151 9 INFO neutron.db.ovn_revision_numbers_db [None req-5f997349-4439-44bb-8c23-cd052dae162b - - - - - -] Successfully bumped revision number for resource 782fab82-7de4-4641-804a-9d935388ea97 (type: subnets) to 0
2026-05-29 23:14:16.167 9 INFO neutron.api.wsgi [None req-0b1d375c-7f4c-4cd7-945c-b91236f5e39a c7486ff3239549bca73e326df608e3ac f2d1a29618fb4b0ebf73d4eebb82a7a9 - - default default] 10.0.0.115 "POST /v2.0/subnets HTTP/1.1" status: 201 len: 843 time: 0.6081033
2026-05-29 23:14:16.176 9 WARNING neutron.api.v2.base [None req-96d95f31-5217-4277-a5c8-6892ffb906d3 c7486ff3239549bca73e326df608e3ac f2d1a29618fb4b0ebf73d4eebb82a7a9 - - default default] An exception happened while processing the request body. The exception message is [Invalid input for target_tenant. Reason: 'None' is not a valid string.].: webob.exc.HTTPBadRequest: Invalid input for target_tenant. Reason: 'None' is not a valid string.
2026-05-29 23:14:16.177 9 INFO neutron.api.v2.resource [None req-96d95f31-5217-4277-a5c8-6892ffb906d3 c7486ff3239549bca73e326df608e3ac f2d1a29618fb4b0ebf73d4eebb82a7a9 - - default default] create failed (client error): Invalid input for target_tenant. Reason: 'None' is not a valid string.
2026-05-29 23:14:16.179 9 INFO neutron.api.wsgi [None req-96d95f31-5217-4277-a5c8-6892ffb906d3 c7486ff3239549bca73e326df608e3ac f2d1a29618fb4b0ebf73d4eebb82a7a9 - - default default] 10.0.0.115 "POST /v2.0/rbac-policies HTTP/1.1" status: 400 len: 346 time: 0.0076096
2026-05-29 23:14:16.209 9 INFO neutron.notifiers.nova [-] Nova event matching ['req-4f39c9df-3e17-4c24-b7ea-31ff194dbcc0'] response: {'server_uuid': '305b671c-8579-4cb8-95a5-906eaf840a22', 'name': 'network-vif-plugged', 'status': 'completed', 'tag': '6623e6a0-c435-44d1-bf23-08fb470460ba', 'code': 200}
2026-05-29 23:14:16.438 9 INFO neutron.api.wsgi [req-a99f619b-72a5-47ff-91d7-ff9bb465478d req-b2fe7e4e-fb4e-4bf6-bebc-907e2fc2a9e6 404a085e5dc04a73a07ed911e89adbb0 dbfd979046a24a26a3699b07287782c7 - - 45b280749b834deca4faf0a8d83b225b 45b280749b834deca4faf0a8d83b225b] 199.204.45.95 "GET /v2.0/ports?device_id=abed00fe-a01d-4d3b-8b26-92f183575e50&fields=binding%3Ahost_id&fields=binding%3Avif_type HTTP/1.1" status: 200 len: 265 time: 0.0410404
2026-05-29 23:14:16.458 10 WARNING neutron.scheduler.dhcp_agent_scheduler [req-45874f6f-96e1-4b86-8cc8-d86957805e39 req-bcf5277d-4d8c-4446-8ae3-b223a1b39263 6c5e501dd839482780fd25d6cb589432 5c4d3999b83e43a28f9ade261e7b1962 - - default default] No more DHCP agents
2026-05-29 23:14:16.459 10 WARNING neutron.api.rpc.agentnotifiers.dhcp_rpc_agent_api [req-45874f6f-96e1-4b86-8cc8-d86957805e39 req-bcf5277d-4d8c-4446-8ae3-b223a1b39263 6c5e501dd839482780fd25d6cb589432 5c4d3999b83e43a28f9ade261e7b1962 - - default default] Unable to schedule network e3e64fca-9344-4a64-a43c-50eec3f5370b: no agents available; will retry on subsequent port and subnet creation events.
2026-05-29 23:14:16.579 10 INFO neutron.db.ovn_revision_numbers_db [req-45874f6f-96e1-4b86-8cc8-d86957805e39 req-bcf5277d-4d8c-4446-8ae3-b223a1b39263 6c5e501dd839482780fd25d6cb589432 5c4d3999b83e43a28f9ade261e7b1962 - - default default] Successfully bumped revision number for resource a1597b58-adc5-4add-a84e-e8b8b048e50d (type: ports) to 1
2026-05-29 23:14:16.598 10 INFO neutron.api.wsgi [req-45874f6f-96e1-4b86-8cc8-d86957805e39 req-bcf5277d-4d8c-4446-8ae3-b223a1b39263 6c5e501dd839482780fd25d6cb589432 5c4d3999b83e43a28f9ade261e7b1962 - - default default] 199.204.45.95 "POST /v2.0/ports HTTP/1.1" status: 201 len: 1162 time: 0.4862461 /var/lib/openstack/lib/python3.12/site-packages/pycadf/identifier.py:71: UserWarning: Invalid uuid: neutron. To ensure interoperability, identifiers should be a valid uuid. warnings.warn(('Invalid uuid: %s. To ensure interoperability, '
2026-05-29 23:14:16.663 9 INFO neutron.services.segments.plugin [-] Segment 52ada82b-1ba9-4bbf-bf90-8c1e9e92dcd7 resource provider aggregate not found
2026-05-29 23:14:16.671 9 INFO neutron.services.segments.plugin [-] Segment 52ada82b-1ba9-4bbf-bf90-8c1e9e92dcd7 resource provider aggregate not found
2026-05-29 23:14:16.680 9 INFO neutron.services.segments.plugin [-] Segment 52ada82b-1ba9-4bbf-bf90-8c1e9e92dcd7 resource provider not found; error: Placement Client Error (4xx): {"errors": [{"status": 404, "title": "Not Found", "detail": "The resource could not be found.\n\n No resource provider with uuid 52ada82b-1ba9-4bbf-bf90-8c1e9e92dcd7 found for delete ", "request_id": "req-84964e7c-4c15-4ea9-b700-8ced8db37329"}]}
2026-05-29 23:14:16.688 9 INFO neutron.services.segments.plugin [-] Segment 52ada82b-1ba9-4bbf-bf90-8c1e9e92dcd7 resource provider not found; error: Placement Client Error (4xx): {"errors": [{"status": 404, "title": "Not Found", "detail": "The resource could not be found.\n\n No resource provider with uuid 52ada82b-1ba9-4bbf-bf90-8c1e9e92dcd7 found for delete ", "request_id": "req-aa6e1bd8-7245-4da6-abcf-d53f57a1c9df"}]}
2026-05-29 23:14:16.699 9 INFO neutron.api.wsgi [None req-999a4df5-25d4-47c1-a660-bacd4c64d4af c7486ff3239549bca73e326df608e3ac f2d1a29618fb4b0ebf73d4eebb82a7a9 - - default default] 10.0.0.115 "DELETE /v2.0/networks/ff093137-039c-4589-b1bc-9ba234bd5494 HTTP/1.1" status: 204 len: 168 time: 0.5156448
2026-05-29 23:14:16.747 10 INFO neutron.api.wsgi [req-1ee7f93e-ffec-41f4-b65c-469a995248f4 req-b6a1adf3-4de5-4b7b-a0d2-8b4e7c3982ba e0d7725a126e4f7b92a735fffac7417b c8881d9ad9d349629689d7b3a1a26f7a - - default default] 10.0.0.10 "GET /v2.0/ports?device_id=305b671c-8579-4cb8-95a5-906eaf840a22 HTTP/1.1" status: 200 len: 1174 time: 0.0361683
2026-05-29 23:14:16.799 9 INFO neutron.db.segments_db [None req-701b6150-2845-460e-b309-c500bf23ae5e c7486ff3239549bca73e326df608e3ac f2d1a29618fb4b0ebf73d4eebb82a7a9 - - default default] Added segment 9a6c1130-13e4-46ab-bf90-584b81f718a5 of type geneve for network b4016a06-8bf5-4a92-9be5-88f7db37ff6e
2026-05-29 23:14:16.802 10 INFO neutron.api.wsgi [req-1ee7f93e-ffec-41f4-b65c-469a995248f4 req-3564e995-1dfc-4250-8ce5-8be8e81a8faa e0d7725a126e4f7b92a735fffac7417b c8881d9ad9d349629689d7b3a1a26f7a - - default default] 10.0.0.10 "GET /v2.0/security-groups?id=0edfb6c0-aac1-4968-a713-5fdc36e866c7&fields=id&fields=name HTTP/1.1" status: 200 len: 313 time: 0.0490370
2026-05-29 23:14:16.925 9 INFO neutron.db.ovn_revision_numbers_db [None req-701b6150-2845-460e-b309-c500bf23ae5e c7486ff3239549bca73e326df608e3ac f2d1a29618fb4b0ebf73d4eebb82a7a9 - - default default] Successfully bumped revision number for resource b4016a06-8bf5-4a92-9be5-88f7db37ff6e (type: networks) to 1
2026-05-29 23:14:16.943 9 INFO neutron.api.wsgi [req-d71ba206-ed14-453e-b6a6-9d8b440bcf4b req-4f1c8aa0-a7eb-42c6-a99f-dda8d86d75f5 e0d7725a126e4f7b92a735fffac7417b c8881d9ad9d349629689d7b3a1a26f7a - - default default] 10.0.0.10 "GET /v2.0/ports?device_id=305b671c-8579-4cb8-95a5-906eaf840a22 HTTP/1.1" status: 200 len: 1174 time: 0.0860705 /var/lib/openstack/lib/python3.12/site-packages/pycadf/identifier.py:71: UserWarning: Invalid uuid: neutron. To ensure interoperability, identifiers should be a valid uuid. warnings.warn(('Invalid uuid: %s. To ensure interoperability, '
2026-05-29 23:14:17.009 10 INFO neutron.db.ovn_revision_numbers_db [req-45874f6f-96e1-4b86-8cc8-d86957805e39 req-334898fa-11a8-4145-8376-a6c1f8ba11b0 404a085e5dc04a73a07ed911e89adbb0 dbfd979046a24a26a3699b07287782c7 - - 45b280749b834deca4faf0a8d83b225b 45b280749b834deca4faf0a8d83b225b] Successfully bumped revision number for resource a1597b58-adc5-4add-a84e-e8b8b048e50d (type: ports) to 2
2026-05-29 23:14:17.088 9 WARNING neutron.scheduler.dhcp_agent_scheduler [None req-701b6150-2845-460e-b309-c500bf23ae5e c7486ff3239549bca73e326df608e3ac f2d1a29618fb4b0ebf73d4eebb82a7a9 - - default default] No more DHCP agents
2026-05-29 23:14:17.089 9 WARNING neutron.api.rpc.agentnotifiers.dhcp_rpc_agent_api [None req-701b6150-2845-460e-b309-c500bf23ae5e c7486ff3239549bca73e326df608e3ac f2d1a29618fb4b0ebf73d4eebb82a7a9 - - default default] Unable to schedule network b4016a06-8bf5-4a92-9be5-88f7db37ff6e: no agents available; will retry on subsequent port and subnet creation events.
2026-05-29 23:14:17.155 9 INFO neutron.db.ovn_revision_numbers_db [None req-701b6150-2845-460e-b309-c500bf23ae5e c7486ff3239549bca73e326df608e3ac f2d1a29618fb4b0ebf73d4eebb82a7a9 - - default default] Successfully bumped revision number for resource 2cc2ea90-675c-4d66-ae43-30c71d096c1c (type: ports) to 1
2026-05-29 23:14:17.178 9 INFO neutron.api.wsgi [None req-701b6150-2845-460e-b309-c500bf23ae5e c7486ff3239549bca73e326df608e3ac f2d1a29618fb4b0ebf73d4eebb82a7a9 - - default default] 10.0.0.115 "POST /v2.0/networks HTTP/1.1" status: 201 len: 929 time: 0.4705937
2026-05-29 23:14:17.207 10 INFO neutron.api.wsgi [req-f652eec3-ee6a-4b44-ba1c-6812e483e384 req-a87251cc-271c-485b-925e-c683f8386524 6c5e501dd839482780fd25d6cb589432 5c4d3999b83e43a28f9ade261e7b1962 - - default default] 10.0.0.10 "GET /v2.0/ports?device_id=b4c798db-5f6c-4b58-9b76-c86ef90aeda9 HTTP/1.1" status: 200 len: 1172 time: 0.1637435
2026-05-29 23:14:17.294 10 INFO neutron.api.wsgi [req-f652eec3-ee6a-4b44-ba1c-6812e483e384 req-1d4edc0e-88e5-4f9a-8d80-7d9922e1d671 6c5e501dd839482780fd25d6cb589432 5c4d3999b83e43a28f9ade261e7b1962 - - default default] 10.0.0.10 "GET /v2.0/security-groups?id=496ef104-b419-440b-aa25-10f13738830d&fields=id&fields=name HTTP/1.1" status: 200 len: 313 time: 0.0791249
2026-05-29 23:14:17.425 10 INFO neutron.db.ovn_revision_numbers_db [req-45874f6f-96e1-4b86-8cc8-d86957805e39 req-334898fa-11a8-4145-8376-a6c1f8ba11b0 404a085e5dc04a73a07ed911e89adbb0 dbfd979046a24a26a3699b07287782c7 - - 45b280749b834deca4faf0a8d83b225b 45b280749b834deca4faf0a8d83b225b] Successfully bumped revision number for resource a1597b58-adc5-4add-a84e-e8b8b048e50d (type: ports) to 4
2026-05-29 23:14:17.470 10 INFO neutron.api.wsgi [req-45874f6f-96e1-4b86-8cc8-d86957805e39 req-334898fa-11a8-4145-8376-a6c1f8ba11b0 404a085e5dc04a73a07ed911e89adbb0 dbfd979046a24a26a3699b07287782c7 - - 45b280749b834deca4faf0a8d83b225b 45b280749b834deca4faf0a8d83b225b] 199.204.45.95 "PUT /v2.0/ports/a1597b58-adc5-4add-a84e-e8b8b048e50d HTTP/1.1" status: 200 len: 1408 time: 0.8671594
2026-05-29 23:14:17.496 10 WARNING neutron.scheduler.dhcp_agent_scheduler [None req-c62ef527-8a43-427d-9493-464ae1af6728 c7486ff3239549bca73e326df608e3ac f2d1a29618fb4b0ebf73d4eebb82a7a9 - - default default] No more DHCP agents
2026-05-29 23:14:17.500 10 WARNING neutron.api.rpc.agentnotifiers.dhcp_rpc_agent_api [None req-c62ef527-8a43-427d-9493-464ae1af6728 c7486ff3239549bca73e326df608e3ac f2d1a29618fb4b0ebf73d4eebb82a7a9 - - default default] Unable to schedule network b4016a06-8bf5-4a92-9be5-88f7db37ff6e: no agents available; will retry on subsequent port and subnet creation events.
2026-05-29 23:14:17.503 10 INFO neutron.notifiers.nova [-] Nova event matching ['req-cb54eb5c-e3fc-4f1a-bb0e-02d8edf30cb6'] response: {'name': 'network-changed', 'server_uuid': 'b4c798db-5f6c-4b58-9b76-c86ef90aeda9', 'tag': 'a1597b58-adc5-4add-a84e-e8b8b048e50d', 'status': 'completed', 'code': 200}
2026-05-29 23:14:17.519 9 INFO neutron.api.wsgi [req-a99f619b-72a5-47ff-91d7-ff9bb465478d req-a7eb77e4-f3c3-4802-b6a6-da7533e1d9e0 404a085e5dc04a73a07ed911e89adbb0 dbfd979046a24a26a3699b07287782c7 - - 45b280749b834deca4faf0a8d83b225b 45b280749b834deca4faf0a8d83b225b] 199.204.45.95 "GET /v2.0/ports?tenant_id=3c8427ca5d414f57b86f4b72169b750d&device_id=abed00fe-a01d-4d3b-8b26-92f183575e50 HTTP/1.1" status: 200 len: 1409 time: 0.0643737
2026-05-29 23:14:17.690 10 INFO neutron.db.ovn_revision_numbers_db [None req-fe620659-b1a7-4ff1-8eb6-67b7814618ea e0d7725a126e4f7b92a735fffac7417b c8881d9ad9d349629689d7b3a1a26f7a - - default default] Successfully bumped revision number for resource 0cd25b23-add0-4e41-ab9a-1477a202f627 (type: floatingips) to 1
2026-05-29 23:14:17.888 10 INFO neutron.db.ovn_revision_numbers_db [None req-fe620659-b1a7-4ff1-8eb6-67b7814618ea e0d7725a126e4f7b92a735fffac7417b c8881d9ad9d349629689d7b3a1a26f7a - - default default] Successfully bumped revision number for resource 0cd25b23-add0-4e41-ab9a-1477a202f627 (type: floatingips) to 2
2026-05-29 23:14:17.889 10 INFO neutron.db.l3_db [None req-fe620659-b1a7-4ff1-8eb6-67b7814618ea e0d7725a126e4f7b92a735fffac7417b c8881d9ad9d349629689d7b3a1a26f7a - - default default] Floating IP 0cd25b23-add0-4e41-ab9a-1477a202f627 associated. External IP: 10.96.250.217, port: 6623e6a0-c435-44d1-bf23-08fb470460ba.
2026-05-29 23:14:17.932 10 INFO neutron.api.wsgi [None req-fe620659-b1a7-4ff1-8eb6-67b7814618ea e0d7725a126e4f7b92a735fffac7417b c8881d9ad9d349629689d7b3a1a26f7a - - default default] 10.0.0.115 "PUT /v2.0/floatingips/0cd25b23-add0-4e41-ab9a-1477a202f627 HTTP/1.1" status: 200 len: 1050 time: 0.9740512 /var/lib/openstack/lib/python3.12/site-packages/pycadf/identifier.py:71: UserWarning: Invalid uuid: neutron. To ensure interoperability, identifiers should be a valid uuid. warnings.warn(('Invalid uuid: %s. To ensure interoperability, ' /var/lib/openstack/lib/python3.12/site-packages/pycadf/identifier.py:71: UserWarning: Invalid uuid: neutron. To ensure interoperability, identifiers should be a valid uuid. warnings.warn(('Invalid uuid: %s. To ensure interoperability, '
2026-05-29 23:14:18.065 9 INFO neutron.api.wsgi [req-2f79a2dc-9e58-4614-aec5-f9cd59d1d63e req-f7a77c6e-006d-47e0-bbd3-cc3dba7ce45b 404a085e5dc04a73a07ed911e89adbb0 dbfd979046a24a26a3699b07287782c7 - - 45b280749b834deca4faf0a8d83b225b 45b280749b834deca4faf0a8d83b225b] 199.204.45.95 "GET /v2.0/ports?tenant_id=5c4d3999b83e43a28f9ade261e7b1962&device_id=b4c798db-5f6c-4b58-9b76-c86ef90aeda9 HTTP/1.1" status: 200 len: 1411 time: 0.0531719
2026-05-29 23:14:18.093 10 INFO neutron.api.wsgi [req-a99f619b-72a5-47ff-91d7-ff9bb465478d req-e4e96ed9-e61b-48ee-ad42-5c1f6462f2e5 404a085e5dc04a73a07ed911e89adbb0 dbfd979046a24a26a3699b07287782c7 - - 45b280749b834deca4faf0a8d83b225b 45b280749b834deca4faf0a8d83b225b] 199.204.45.95 "GET /v2.0/networks?id=19edbcb1-784e-4797-8cfb-7e582d7b1c5b HTTP/1.1" status: 200 len: 959 time: 0.0484388
2026-05-29 23:14:18.122 9 INFO neutron.api.wsgi [req-2f79a2dc-9e58-4614-aec5-f9cd59d1d63e req-d86ed727-3468-48d3-88fe-15cf205ade2f 404a085e5dc04a73a07ed911e89adbb0 dbfd979046a24a26a3699b07287782c7 - - 45b280749b834deca4faf0a8d83b225b 45b280749b834deca4faf0a8d83b225b] 199.204.45.95 "GET /v2.0/networks?tenant_id=5c4d3999b83e43a28f9ade261e7b1962&shared=False HTTP/1.1" status: 200 len: 972 time: 0.0526006
2026-05-29 23:14:18.151 10 INFO neutron.api.wsgi [req-a99f619b-72a5-47ff-91d7-ff9bb465478d req-9238ca6f-6ba2-410e-96ad-e2e23ffdc901 404a085e5dc04a73a07ed911e89adbb0 dbfd979046a24a26a3699b07287782c7 - - 45b280749b834deca4faf0a8d83b225b 45b280749b834deca4faf0a8d83b225b] 199.204.45.95 "GET /v2.0/floatingips?fixed_ip_address=10.100.0.5&port_id=bf372fe8-5263-46f4-b2f3-5bb6e0a13688 HTTP/1.1" status: 200 len: 1059 time: 0.0439644
2026-05-29 23:14:18.173 10 INFO neutron.db.ovn_revision_numbers_db [None req-7636bba1-2743-4882-a66d-ecb15de2fe3b - - - - - -] Successfully bumped revision number for resource 2cc2ea90-675c-4d66-ae43-30c71d096c1c (type: ports) to 2
2026-05-29 23:14:18.181 9 INFO neutron.api.wsgi [req-2f79a2dc-9e58-4614-aec5-f9cd59d1d63e req-fbc3a3ba-d45b-495a-b437-d13420237ec2 404a085e5dc04a73a07ed911e89adbb0 dbfd979046a24a26a3699b07287782c7 - - 45b280749b834deca4faf0a8d83b225b 45b280749b834deca4faf0a8d83b225b] 199.204.45.95 "GET /v2.0/networks?shared=True HTTP/1.1" status: 200 len: 952 time: 0.0551181
2026-05-29 23:14:18.195 10 INFO neutron.api.wsgi [req-a99f619b-72a5-47ff-91d7-ff9bb465478d req-2f68d251-e94c-4abb-87f7-03a5cf0489c3 404a085e5dc04a73a07ed911e89adbb0 dbfd979046a24a26a3699b07287782c7 - - 45b280749b834deca4faf0a8d83b225b 45b280749b834deca4faf0a8d83b225b] 199.204.45.95 "GET /v2.0/subnets?id=53c74e7e-148a-4225-951c-40f0f8252128 HTTP/1.1" status: 200 len: 876 time: 0.0328019
2026-05-29 23:14:18.218 10 INFO neutron.db.ovn_revision_numbers_db [None req-7636bba1-2743-4882-a66d-ecb15de2fe3b - - - - - -] Successfully bumped revision number for resource 2f0dfdd9-2b6e-4e68-aafe-ad8fae7961ff (type: subnets) to 0
2026-05-29 23:14:18.222 10 INFO neutron.api.wsgi [req-a99f619b-72a5-47ff-91d7-ff9bb465478d req-e9727ccc-f31b-4ea7-941e-3990fcc7e22a 404a085e5dc04a73a07ed911e89adbb0 dbfd979046a24a26a3699b07287782c7 - - 45b280749b834deca4faf0a8d83b225b 45b280749b834deca4faf0a8d83b225b] 199.204.45.95 "GET /v2.0/ports?network_id=19edbcb1-784e-4797-8cfb-7e582d7b1c5b&device_owner=network%3Adhcp HTTP/1.1" status: 200 len: 210 time: 0.0208662
2026-05-29 23:14:18.236 10 INFO neutron.api.wsgi [None req-c62ef527-8a43-427d-9493-464ae1af6728 c7486ff3239549bca73e326df608e3ac f2d1a29618fb4b0ebf73d4eebb82a7a9 - - default default] 10.0.0.115 "POST /v2.0/subnets HTTP/1.1" status: 201 len: 846 time: 1.0523350
2026-05-29 23:14:18.254 9 WARNING neutron.api.v2.base [None req-acdd27cc-8311-47c2-acf4-bfa35b501d5e c7486ff3239549bca73e326df608e3ac f2d1a29618fb4b0ebf73d4eebb82a7a9 - - default default] An exception happened while processing the request body. The exception message is [Invalid input for target_tenant. Reason: '1234123412341234123412341234123412341234123412341234123412341234123412341234123412341234123412341234123412341234123412341234123412341234123412341234123412341234123412341234123412341234123412341234123412341234123412341234123412341234123412341234123412341234123412341234123412341234123412341234123412341234123412341234123412341234123412341234123412341234123412341234123412341234123412341234123412341234' exceeds maximum length of 255.].: webob.exc.HTTPBadRequest: Invalid input for target_tenant. Reason: '1234123412341234123412341234123412341234123412341234123412341234123412341234123412341234123412341234123412341234123412341234123412341234123412341234123412341234123412341234123412341234123412341234123412341234123412341234123412341234123412341234123412341234123412341234123412341234123412341234123412341234123412341234123412341234123412341234123412341234123412341234123412341234123412341234123412341234' exceeds maximum length of 255.
2026-05-29 23:14:18.255 9 INFO neutron.api.v2.resource [None req-acdd27cc-8311-47c2-acf4-bfa35b501d5e c7486ff3239549bca73e326df608e3ac f2d1a29618fb4b0ebf73d4eebb82a7a9 - - default default] create failed (client error): Invalid input for target_tenant. Reason: '1234123412341234123412341234123412341234123412341234123412341234123412341234123412341234123412341234123412341234123412341234123412341234123412341234123412341234123412341234123412341234123412341234123412341234123412341234123412341234123412341234123412341234123412341234123412341234123412341234123412341234123412341234123412341234123412341234123412341234123412341234123412341234123412341234123412341234' exceeds maximum length of 255.
2026-05-29 23:14:18.256 9 INFO neutron.api.wsgi [None req-acdd27cc-8311-47c2-acf4-bfa35b501d5e c7486ff3239549bca73e326df608e3ac f2d1a29618fb4b0ebf73d4eebb82a7a9 - - default default] 10.0.0.115 "POST /v2.0/rbac-policies HTTP/1.1" status: 400 len: 750 time: 0.0074029
2026-05-29 23:14:18.269 10 INFO neutron.api.wsgi [req-a99f619b-72a5-47ff-91d7-ff9bb465478d req-d3f03f3d-bc6a-4c4a-9de6-bb7f97034cd2 404a085e5dc04a73a07ed911e89adbb0 dbfd979046a24a26a3699b07287782c7 - - 45b280749b834deca4faf0a8d83b225b 45b280749b834deca4faf0a8d83b225b] 199.204.45.95 "GET /v2.0/networks/19edbcb1-784e-4797-8cfb-7e582d7b1c5b?fields=segments HTTP/1.1" status: 200 len: 212 time: 0.0415912
2026-05-29 23:14:18.320 10 INFO neutron.api.wsgi [req-a99f619b-72a5-47ff-91d7-ff9bb465478d req-c8c1b9d2-26da-4bcd-a4aa-725f3dab0b5f 404a085e5dc04a73a07ed911e89adbb0 dbfd979046a24a26a3699b07287782c7 - - 45b280749b834deca4faf0a8d83b225b 45b280749b834deca4faf0a8d83b225b] 199.204.45.95 "GET /v2.0/networks/19edbcb1-784e-4797-8cfb-7e582d7b1c5b?fields=provider%3Aphysical_network&fields=provider%3Anetwork_type HTTP/1.1" status: 200 len: 277 time: 0.0418375
2026-05-29 23:14:18.389 10 INFO neutron.api.wsgi [req-5eba5738-8fce-4446-ac3a-0ec42e05216b req-97f0f902-a665-43e1-9bbe-3a5565c4d6e5 6c5e501dd839482780fd25d6cb589432 5c4d3999b83e43a28f9ade261e7b1962 - - default default] 10.0.0.10 "GET /v2.0/ports?device_id=b4c798db-5f6c-4b58-9b76-c86ef90aeda9 HTTP/1.1" status: 200 len: 1172 time: 0.0357890
2026-05-29 23:14:18.453 10 INFO neutron.api.wsgi [req-5eba5738-8fce-4446-ac3a-0ec42e05216b req-4088e299-c6c4-456a-8c65-16c1c234076f 6c5e501dd839482780fd25d6cb589432 5c4d3999b83e43a28f9ade261e7b1962 - - default default] 10.0.0.10 "GET /v2.0/security-groups?id=496ef104-b419-440b-aa25-10f13738830d&fields=id&fields=name HTTP/1.1" status: 200 len: 313 time: 0.0578392
2026-05-29 23:14:18.727 9 INFO neutron.services.segments.plugin [-] Segment 9a6c1130-13e4-46ab-bf90-584b81f718a5 resource provider aggregate not found
2026-05-29 23:14:18.732 9 INFO neutron.services.segments.plugin [-] Segment 9a6c1130-13e4-46ab-bf90-584b81f718a5 resource provider aggregate not found
2026-05-29 23:14:18.739 9 INFO neutron.services.segments.plugin [-] Segment 9a6c1130-13e4-46ab-bf90-584b81f718a5 resource provider not found; error: Placement Client Error (4xx): {"errors": [{"status": 404, "title": "Not Found", "detail": "The resource could not be found.\n\n No resource provider with uuid 9a6c1130-13e4-46ab-bf90-584b81f718a5 found for delete ", "request_id": "req-6bc442b6-6c0d-4b2d-9cac-8f3272727605"}]}
2026-05-29 23:14:18.745 9 INFO neutron.services.segments.plugin [-] Segment 9a6c1130-13e4-46ab-bf90-584b81f718a5 resource provider not found; error: Placement Client Error (4xx): {"errors": [{"status": 404, "title": "Not Found", "detail": "The resource could not be found.\n\n No resource provider with uuid 9a6c1130-13e4-46ab-bf90-584b81f718a5 found for delete ", "request_id": "req-67ddd9ed-b54e-4cf8-bfc6-3e31f1296d57"}]}
2026-05-29 23:14:18.777 9 INFO neutron.api.wsgi [None req-9baa8fc0-0b9d-43b4-8b40-b290896e14e3 c7486ff3239549bca73e326df608e3ac f2d1a29618fb4b0ebf73d4eebb82a7a9 - - default default] 10.0.0.115 "DELETE /v2.0/networks/b4016a06-8bf5-4a92-9be5-88f7db37ff6e HTTP/1.1" status: 204 len: 168 time: 0.5134947
2026-05-29 23:14:18.878 9 INFO neutron.db.segments_db [None req-66750532-02fb-4502-8654-207f0c1a8c6c c7486ff3239549bca73e326df608e3ac f2d1a29618fb4b0ebf73d4eebb82a7a9 - - default default] Added segment deef8fcd-bd17-4676-9fd7-7c74827a6129 of type geneve for network 6de1260a-4ac0-41ab-acfe-a82c839b7619
2026-05-29 23:14:19.002 9 INFO neutron.db.ovn_revision_numbers_db [None req-66750532-02fb-4502-8654-207f0c1a8c6c c7486ff3239549bca73e326df608e3ac f2d1a29618fb4b0ebf73d4eebb82a7a9 - - default default] Successfully bumped revision number for resource 6de1260a-4ac0-41ab-acfe-a82c839b7619 (type: networks) to 1
2026-05-29 23:14:19.039 9 INFO neutron.api.wsgi [-] 10.0.0.178 "GET / HTTP/1.1" status: 200 len: 247 time: 0.0013528
2026-05-29 23:14:19.040 9 INFO neutron.api.wsgi [-] 10.0.0.178 "GET / HTTP/1.1" status: 200 len: 247 time: 0.0008831
2026-05-29 23:14:19.161 9 WARNING neutron.scheduler.dhcp_agent_scheduler [None req-66750532-02fb-4502-8654-207f0c1a8c6c c7486ff3239549bca73e326df608e3ac f2d1a29618fb4b0ebf73d4eebb82a7a9 - - default default] No more DHCP agents
2026-05-29 23:14:19.163 9 WARNING neutron.api.rpc.agentnotifiers.dhcp_rpc_agent_api [None req-66750532-02fb-4502-8654-207f0c1a8c6c c7486ff3239549bca73e326df608e3ac f2d1a29618fb4b0ebf73d4eebb82a7a9 - - default default] Unable to schedule network 6de1260a-4ac0-41ab-acfe-a82c839b7619: no agents available; will retry on subsequent port and subnet creation events.
2026-05-29 23:14:19.234 9 INFO neutron.db.ovn_revision_numbers_db [None req-66750532-02fb-4502-8654-207f0c1a8c6c c7486ff3239549bca73e326df608e3ac f2d1a29618fb4b0ebf73d4eebb82a7a9 - - default default] Successfully bumped revision number for resource 23993d40-9fa5-4ca0-8e5f-2076e5bd6573 (type: ports) to 1
2026-05-29 23:14:19.242 10 INFO neutron.api.wsgi [req-45874f6f-96e1-4b86-8cc8-d86957805e39 req-964a0eb2-c092-4944-a660-d68d45b8d6eb 404a085e5dc04a73a07ed911e89adbb0 dbfd979046a24a26a3699b07287782c7 - - 45b280749b834deca4faf0a8d83b225b 45b280749b834deca4faf0a8d83b225b] 199.204.45.95 "GET /v2.0/ports?tenant_id=5c4d3999b83e43a28f9ade261e7b1962&device_id=b4c798db-5f6c-4b58-9b76-c86ef90aeda9 HTTP/1.1" status: 200 len: 1411 time: 0.0394735
2026-05-29 23:14:19.257 9 INFO neutron.api.wsgi [None req-66750532-02fb-4502-8654-207f0c1a8c6c c7486ff3239549bca73e326df608e3ac f2d1a29618fb4b0ebf73d4eebb82a7a9 - - default default] 10.0.0.115 "POST /v2.0/networks HTTP/1.1" status: 201 len: 928 time: 0.4719579
2026-05-29 23:14:19.269 10 INFO neutron.api.wsgi [req-45874f6f-96e1-4b86-8cc8-d86957805e39 req-10f2ce3f-ec9c-471d-a08c-0b2ca2441440 404a085e5dc04a73a07ed911e89adbb0 dbfd979046a24a26a3699b07287782c7 - - 45b280749b834deca4faf0a8d83b225b 45b280749b834deca4faf0a8d83b225b] 199.204.45.95 "GET /v2.0/floatingips?fixed_ip_address=10.100.0.12&port_id=a1597b58-adc5-4add-a84e-e8b8b048e50d HTTP/1.1" status: 200 len: 217 time: 0.0206981
2026-05-29 23:14:19.296 10 INFO neutron.api.wsgi [req-45874f6f-96e1-4b86-8cc8-d86957805e39 req-dfdb3a12-e47d-490c-bb52-6e7cc9486b92 404a085e5dc04a73a07ed911e89adbb0 dbfd979046a24a26a3699b07287782c7 - - 45b280749b834deca4faf0a8d83b225b 45b280749b834deca4faf0a8d83b225b] 199.204.45.95 "GET /v2.0/subnets?id=3dda6892-4913-486e-876d-160d8653ae95 HTTP/1.1" status: 200 len: 892 time: 0.0214279
2026-05-29 23:14:19.316 10 INFO neutron.api.wsgi [req-45874f6f-96e1-4b86-8cc8-d86957805e39 req-0a32085c-f8a5-40ab-ade1-4332a8837f87 404a085e5dc04a73a07ed911e89adbb0 dbfd979046a24a26a3699b07287782c7 - - 45b280749b834deca4faf0a8d83b225b 45b280749b834deca4faf0a8d83b225b] 199.204.45.95 "GET /v2.0/ports?network_id=e3e64fca-9344-4a64-a43c-50eec3f5370b&device_owner=network%3Adhcp HTTP/1.1" status: 200 len: 210 time: 0.0154364
2026-05-29 23:14:19.360 10 INFO neutron.api.wsgi [req-45874f6f-96e1-4b86-8cc8-d86957805e39 req-0237a965-ae9e-4303-a1df-48aa2041c293 404a085e5dc04a73a07ed911e89adbb0 dbfd979046a24a26a3699b07287782c7 - - 45b280749b834deca4faf0a8d83b225b 45b280749b834deca4faf0a8d83b225b] 199.204.45.95 "GET /v2.0/networks/e3e64fca-9344-4a64-a43c-50eec3f5370b?fields=segments HTTP/1.1" status: 200 len: 212 time: 0.0386720
2026-05-29 23:14:19.408 9 WARNING neutron.scheduler.dhcp_agent_scheduler [None req-4cf5aff0-e54f-47b2-be0f-467b366015e8 c7486ff3239549bca73e326df608e3ac f2d1a29618fb4b0ebf73d4eebb82a7a9 - - default default] No more DHCP agents
2026-05-29 23:14:19.410 10 INFO neutron.api.wsgi [req-45874f6f-96e1-4b86-8cc8-d86957805e39 req-c745cd7f-fbfc-43bd-b9a6-da69e2132591 404a085e5dc04a73a07ed911e89adbb0 dbfd979046a24a26a3699b07287782c7 - - 45b280749b834deca4faf0a8d83b225b 45b280749b834deca4faf0a8d83b225b] 199.204.45.95 "GET /v2.0/networks/e3e64fca-9344-4a64-a43c-50eec3f5370b?fields=provider%3Aphysical_network&fields=provider%3Anetwork_type HTTP/1.1" status: 200 len: 277 time: 0.0423558
2026-05-29 23:14:19.410 9 WARNING neutron.api.rpc.agentnotifiers.dhcp_rpc_agent_api [None req-4cf5aff0-e54f-47b2-be0f-467b366015e8 c7486ff3239549bca73e326df608e3ac f2d1a29618fb4b0ebf73d4eebb82a7a9 - - default default] Unable to schedule network 6de1260a-4ac0-41ab-acfe-a82c839b7619: no agents available; will retry on subsequent port and subnet creation events.
2026-05-29 23:14:19.539 10 INFO neutron.notifiers.nova [-] Nova event matching ['req-832dcf52-537b-4bed-8e58-5e9c49949ab0'] response: {'name': 'network-changed', 'server_uuid': '305b671c-8579-4cb8-95a5-906eaf840a22', 'tag': '6623e6a0-c435-44d1-bf23-08fb470460ba', 'status': 'completed', 'code': 200}
