2026-05-29 23:14:59.337 10 INFO neutron.api.wsgi [req-6d630e85-ba26-427f-ae6e-41fc6754bcba req-f0024d43-36e8-42aa-8320-b0274b074329 aebc740945f8403f9cd48d9882a981d3 d8f8d6daf3724db8a4efd4278acb7249 - - default default] 199.204.45.95 "DELETE /v2.0/ports/beccfcf5-4401-4d0b-92cc-0c5ba6ae2ec2 HTTP/1.1" status: 204 len: 173 time: 0.3373790 /var/lib/openstack/lib/python3.12/site-packages/pycadf/identifier.py:71: UserWarning: Invalid uuid: neutron. To ensure interoperability, identifiers should be a valid uuid. warnings.warn(('Invalid uuid: %s. To ensure interoperability, '
2026-05-29 23:14:59.539 9 INFO neutron.api.wsgi [req-71681b75-8026-4ce2-9e97-0d85bc906b5b req-e1211d90-9729-4d5a-b994-6f16cddef9cd aebc740945f8403f9cd48d9882a981d3 d8f8d6daf3724db8a4efd4278acb7249 - - default default] 10.0.0.10 "GET /v2.0/ports?device_id=a6255d16-675e-4d62-a7c6-5e4c982cb87f HTTP/1.1" status: 200 len: 210 time: 0.0234702
2026-05-29 23:14:59.543 10 INFO neutron.api.wsgi [req-ddd32b36-0f8f-4bbe-974e-4db2765f9451 req-0d245c32-4f5a-4f80-a50d-7266a52d0e7d e0d7725a126e4f7b92a735fffac7417b c8881d9ad9d349629689d7b3a1a26f7a - - default default] 199.204.45.95 "GET /v2.0/ports?device_id=305b671c-8579-4cb8-95a5-906eaf840a22 HTTP/1.1" status: 200 len: 1172 time: 0.1186173
2026-05-29 23:14:59.560 10 INFO neutron.api.wsgi [req-c0bafac5-a62f-4d92-b597-adaee9b4f31d req-0745ff23-806b-4e68-9690-b0b140fe5c6c 9178a87e35b540b4a62cd909313ef6cf 3c8427ca5d414f57b86f4b72169b750d - - default default] 10.0.0.10 "GET /v2.0/ports?device_id=abed00fe-a01d-4d3b-8b26-92f183575e50 HTTP/1.1" status: 200 len: 1168 time: 0.1262336
2026-05-29 23:14:59.612 10 INFO neutron.api.wsgi [req-c0bafac5-a62f-4d92-b597-adaee9b4f31d req-c4290f43-78fb-4704-abde-36d7272da2d9 9178a87e35b540b4a62cd909313ef6cf 3c8427ca5d414f57b86f4b72169b750d - - default default] 10.0.0.10 "GET /v2.0/security-groups?id=d1fb8da9-ece6-4d4d-8c26-855b97e9b8f1&fields=id&fields=name HTTP/1.1" status: 200 len: 312 time: 0.0398421
2026-05-29 23:14:59.827 10 INFO neutron.db.l3_db [req-ddd32b36-0f8f-4bbe-974e-4db2765f9451 req-78e150cf-ba5b-4986-be24-d22b5c07c785 e0d7725a126e4f7b92a735fffac7417b c8881d9ad9d349629689d7b3a1a26f7a - - default default] Floating IP 0cd25b23-add0-4e41-ab9a-1477a202f627 disassociated. External IP: 10.96.250.217, port: 6623e6a0-c435-44d1-bf23-08fb470460ba. /var/lib/openstack/lib/python3.12/site-packages/pycadf/identifier.py:71: UserWarning: Invalid uuid: neutron. To ensure interoperability, identifiers should be a valid uuid. warnings.warn(('Invalid uuid: %s. To ensure interoperability, '
2026-05-29 23:14:59.880 10 INFO neutron.api.wsgi [None req-e90bbfd0-370b-402a-b65d-0eaa4cc36d20 c5552e0eca7145ebaf17c90fd57c74c0 edd13c6a1b6a43f99f93dab2f817af7f - - default default] 10.0.0.115 "PUT /v2.0/subnetpools/e3a25391-5c46-44b5-a2a3-c3e43b9b382c/tags HTTP/1.1" status: 200 len: 210 time: 0.5612049
2026-05-29 23:14:59.901 9 INFO neutron.api.wsgi [req-e4571e5c-5f2b-440c-b4f8-b92d058f759c req-b07922c8-18a1-43c8-b2ad-f752234efcf8 e0d7725a126e4f7b92a735fffac7417b c8881d9ad9d349629689d7b3a1a26f7a - - default default] 10.0.0.10 "GET /v2.0/ports?device_id=305b671c-8579-4cb8-95a5-906eaf840a22 HTTP/1.1" status: 200 len: 1172 time: 0.0377235
2026-05-29 23:14:59.902 10 INFO neutron.notifiers.nova [-] Nova event matching ['req-4bacb388-a083-424d-9a36-013d0d0f6314'] response: {'server_uuid': 'a6255d16-675e-4d62-a7c6-5e4c982cb87f', 'name': 'network-vif-unplugged', 'status': 'completed', 'tag': 'beccfcf5-4401-4d0b-92cc-0c5ba6ae2ec2', 'code': 200}
2026-05-29 23:14:59.902 10 INFO neutron.notifiers.nova [-] Nova event matching ['req-4bacb388-a083-424d-9a36-013d0d0f6314'] response: {'server_uuid': 'a6255d16-675e-4d62-a7c6-5e4c982cb87f', 'name': 'network-vif-deleted', 'tag': 'beccfcf5-4401-4d0b-92cc-0c5ba6ae2ec2', 'status': 'completed', 'code': 200}
2026-05-29 23:14:59.938 9 INFO neutron.api.wsgi [req-e4571e5c-5f2b-440c-b4f8-b92d058f759c req-c287e930-3bff-46ab-8e9f-8d64272d322c e0d7725a126e4f7b92a735fffac7417b c8881d9ad9d349629689d7b3a1a26f7a - - default default] 10.0.0.10 "GET /v2.0/security-groups?id=0edfb6c0-aac1-4968-a713-5fdc36e866c7&fields=id&fields=name HTTP/1.1" status: 200 len: 313 time: 0.0315919
2026-05-29 23:15:00.170 10 INFO neutron.api.wsgi [None req-9d4ed074-c237-4bd3-a7ae-66103306a69e c5552e0eca7145ebaf17c90fd57c74c0 edd13c6a1b6a43f99f93dab2f817af7f - - default default] 10.0.0.115 "PUT /v2.0/subnetpools/e17e4f1f-c0ae-43ae-8f93-fd07f692f7f9/tags HTTP/1.1" status: 200 len: 218 time: 0.2867055
2026-05-29 23:15:00.208 10 INFO neutron.api.wsgi [req-ddd32b36-0f8f-4bbe-974e-4db2765f9451 req-78e150cf-ba5b-4986-be24-d22b5c07c785 e0d7725a126e4f7b92a735fffac7417b c8881d9ad9d349629689d7b3a1a26f7a - - default default] 199.204.45.95 "DELETE /v2.0/ports/6623e6a0-c435-44d1-bf23-08fb470460ba HTTP/1.1" status: 204 len: 173 time: 0.6610801
2026-05-29 23:15:00.221 9 INFO neutron.api.wsgi [None req-11538759-8269-4dfa-acd1-6c8aaf2de4fc c5552e0eca7145ebaf17c90fd57c74c0 edd13c6a1b6a43f99f93dab2f817af7f - - default default] 10.0.0.115 "PUT /v2.0/subnetpools/e02e2fe2-c665-44c9-a4d9-a7f4fc6dda1c/tags HTTP/1.1" status: 200 len: 227 time: 0.0446646
2026-05-29 23:15:00.263 9 INFO neutron.api.wsgi [None req-c6a60d48-c9c9-4e8e-a604-912bb4fc0238 c5552e0eca7145ebaf17c90fd57c74c0 edd13c6a1b6a43f99f93dab2f817af7f - - default default] 10.0.0.115 "PUT /v2.0/subnetpools/a0ee4cc5-225a-4348-a0de-74f7485c2480/tags HTTP/1.1" status: 200 len: 212 time: 0.0360713
2026-05-29 23:15:00.290 9 INFO neutron.api.wsgi [None req-7310cb55-beed-44b1-a3cb-7caf10905b48 c5552e0eca7145ebaf17c90fd57c74c0 edd13c6a1b6a43f99f93dab2f817af7f - - default default] 10.0.0.115 "GET /v2.0/subnetpools?tags=red HTTP/1.1" status: 200 len: 1758 time: 0.0218329
2026-05-29 23:15:00.317 9 INFO neutron.api.wsgi [None req-74d7ef87-2992-4f03-b602-11ff574613eb c5552e0eca7145ebaf17c90fd57c74c0 edd13c6a1b6a43f99f93dab2f817af7f - - default default] 10.0.0.115 "GET /v2.0/subnetpools?tags=red%2Cblue HTTP/1.1" status: 200 len: 1251 time: 0.0232368
2026-05-29 23:15:00.340 9 INFO neutron.api.wsgi [None req-cc8ea0c8-ae1d-49ea-8688-7aa7a9843bd0 c5552e0eca7145ebaf17c90fd57c74c0 edd13c6a1b6a43f99f93dab2f817af7f - - default default] 10.0.0.115 "GET /v2.0/subnetpools?tags-any=blue HTTP/1.1" status: 200 len: 1251 time: 0.0175498
2026-05-29 23:15:00.361 10 INFO neutron.api.wsgi [req-ddef0a05-7dc8-4489-85e7-6ecdf82b6c60 req-bf25efa3-49b5-405f-940b-9a4522c1853e 9178a87e35b540b4a62cd909313ef6cf 3c8427ca5d414f57b86f4b72169b750d - - default default] 199.204.45.95 "GET /v2.0/ports?device_id=abed00fe-a01d-4d3b-8b26-92f183575e50 HTTP/1.1" status: 200 len: 1168 time: 0.0344641
2026-05-29 23:15:00.368 9 INFO neutron.api.wsgi [None req-359cbe64-000e-4cc3-9ad5-8cf142d4b946 c5552e0eca7145ebaf17c90fd57c74c0 edd13c6a1b6a43f99f93dab2f817af7f - - default default] 10.0.0.115 "GET /v2.0/subnetpools?tags-any=red%2Cblue HTTP/1.1" status: 200 len: 1758 time: 0.0234528
2026-05-29 23:15:00.397 9 INFO neutron.api.wsgi [None req-7d5a1547-6a9a-42e4-8f8c-9dfb898ac232 c5552e0eca7145ebaf17c90fd57c74c0 edd13c6a1b6a43f99f93dab2f817af7f - - default default] 10.0.0.115 "GET /v2.0/subnetpools?not-tags=red HTTP/1.1" status: 200 len: 1223 time: 0.0220370
2026-05-29 23:15:00.429 10 INFO neutron.api.wsgi [None req-e9827860-6221-4bea-acc3-74e9bcb43764 c5552e0eca7145ebaf17c90fd57c74c0 edd13c6a1b6a43f99f93dab2f817af7f - - default default] 10.0.0.115 "GET /v2.0/subnetpools?not-tags=red%2Cblue HTTP/1.1" status: 200 len: 1730 time: 0.0246165
2026-05-29 23:15:00.442 9 INFO neutron.notifiers.nova [-] Nova event matching ['req-5a08f1da-5d4a-43ba-bc69-30a049f495e5'] response: {'server_uuid': '305b671c-8579-4cb8-95a5-906eaf840a22', 'name': 'network-vif-unplugged', 'status': 'completed', 'tag': '6623e6a0-c435-44d1-bf23-08fb470460ba', 'code': 200}
2026-05-29 23:15:00.442 9 INFO neutron.notifiers.nova [-] Nova event matching ['req-5a08f1da-5d4a-43ba-bc69-30a049f495e5'] response: {'server_uuid': 'abed00fe-a01d-4d3b-8b26-92f183575e50', 'name': 'network-vif-unplugged', 'status': 'completed', 'tag': 'bf372fe8-5263-46f4-b2f3-5bb6e0a13688', 'code': 200}
2026-05-29 23:15:00.442 9 INFO neutron.notifiers.nova [-] Nova event matching ['req-5a08f1da-5d4a-43ba-bc69-30a049f495e5'] response: {'server_uuid': 'abed00fe-a01d-4d3b-8b26-92f183575e50', 'name': 'network-vif-unplugged', 'status': 'completed', 'tag': 'bf372fe8-5263-46f4-b2f3-5bb6e0a13688', 'code': 200}
2026-05-29 23:15:00.456 9 INFO neutron.api.wsgi [None req-afb172fd-9def-4191-8c12-addf47043b11 c5552e0eca7145ebaf17c90fd57c74c0 edd13c6a1b6a43f99f93dab2f817af7f - - default default] 10.0.0.115 "GET /v2.0/subnetpools?not-tags-any=blue HTTP/1.1" status: 200 len: 1730 time: 0.0223064
2026-05-29 23:15:00.481 10 INFO neutron.api.wsgi [None req-e815cff0-4428-4eca-85bf-d332818a3d73 c5552e0eca7145ebaf17c90fd57c74c0 edd13c6a1b6a43f99f93dab2f817af7f - - default default] 10.0.0.115 "GET /v2.0/subnetpools?not-tags-any=red%2Cblue HTTP/1.1" status: 200 len: 1223 time: 0.0195043
2026-05-29 23:15:00.548 9 INFO neutron.api.wsgi [None req-11587e95-1fa4-4b68-9d06-0b16961f1700 c5552e0eca7145ebaf17c90fd57c74c0 edd13c6a1b6a43f99f93dab2f817af7f - - default default] 10.0.0.115 "DELETE /v2.0/subnetpools/e3a25391-5c46-44b5-a2a3-c3e43b9b382c HTTP/1.1" status: 204 len: 168 time: 0.0594122
2026-05-29 23:15:00.608 10 INFO neutron.api.wsgi [None req-b53a3df0-f598-4839-8ad7-4a24e5590ad2 c5552e0eca7145ebaf17c90fd57c74c0 edd13c6a1b6a43f99f93dab2f817af7f - - default default] 10.0.0.115 "DELETE /v2.0/subnetpools/e17e4f1f-c0ae-43ae-8f93-fd07f692f7f9 HTTP/1.1" status: 204 len: 168 time: 0.0546470
2026-05-29 23:15:00.626 9 INFO neutron.api.wsgi [req-f341f558-1d51-4126-9f04-2300dd79824a req-23c9aefb-8408-4854-b9ce-3d95bc47b416 aebc740945f8403f9cd48d9882a981d3 d8f8d6daf3724db8a4efd4278acb7249 - - default default] 10.0.0.10 "GET /v2.0/ports?device_id=a6255d16-675e-4d62-a7c6-5e4c982cb87f HTTP/1.1" status: 200 len: 210 time: 0.0199456
2026-05-29 23:15:00.630 10 INFO neutron.api.wsgi [req-ddef0a05-7dc8-4489-85e7-6ecdf82b6c60 req-12bf786b-d731-40bc-a0ab-f24aaac497ac 9178a87e35b540b4a62cd909313ef6cf 3c8427ca5d414f57b86f4b72169b750d - - default default] 199.204.45.95 "DELETE /v2.0/ports/bf372fe8-5263-46f4-b2f3-5bb6e0a13688 HTTP/1.1" status: 204 len: 173 time: 0.2659519
2026-05-29 23:15:00.663 10 INFO neutron.api.wsgi [None req-87d0bc82-205a-4f43-9524-f6170021bd96 c5552e0eca7145ebaf17c90fd57c74c0 edd13c6a1b6a43f99f93dab2f817af7f - - default default] 10.0.0.115 "DELETE /v2.0/subnetpools/e02e2fe2-c665-44c9-a4d9-a7f4fc6dda1c HTTP/1.1" status: 204 len: 168 time: 0.0480263
2026-05-29 23:15:00.700 10 INFO neutron.api.wsgi [req-da9a7ec1-e6f8-40d4-9399-68d6aa923455 req-29f3f81d-2f3c-4a39-92a4-dfef9033c594 9178a87e35b540b4a62cd909313ef6cf 3c8427ca5d414f57b86f4b72169b750d - - default default] 10.0.0.10 "GET /v2.0/ports?device_id=abed00fe-a01d-4d3b-8b26-92f183575e50 HTTP/1.1" status: 200 len: 210 time: 0.0192463
2026-05-29 23:15:00.737 10 INFO neutron.api.wsgi [None req-2b78144c-36e1-420e-ac13-5980108c890c c5552e0eca7145ebaf17c90fd57c74c0 edd13c6a1b6a43f99f93dab2f817af7f - - default default] 10.0.0.115 "DELETE /v2.0/subnetpools/a0ee4cc5-225a-4348-a0de-74f7485c2480 HTTP/1.1" status: 204 len: 168 time: 0.0661662
2026-05-29 23:15:00.783 10 INFO neutron.api.wsgi [None req-04337336-4bad-4268-82ea-bdc456d4c882 c5552e0eca7145ebaf17c90fd57c74c0 edd13c6a1b6a43f99f93dab2f817af7f - - default default] 10.0.0.115 "DELETE /v2.0/subnetpools/6aeeb43b-d240-4482-9029-0a6f8540fce9 HTTP/1.1" status: 204 len: 168 time: 0.0399606
2026-05-29 23:15:01.021 9 INFO neutron.api.wsgi [req-46d9a80e-4580-43cd-9662-49a90925d10a req-82926bd3-2f17-486e-9c81-55d3106b0a53 e0d7725a126e4f7b92a735fffac7417b c8881d9ad9d349629689d7b3a1a26f7a - - default default] 10.0.0.10 "GET /v2.0/ports?device_id=305b671c-8579-4cb8-95a5-906eaf840a22 HTTP/1.1" status: 200 len: 210 time: 0.0178387
2026-05-29 23:15:01.710 10 INFO neutron.api.wsgi [req-30ff094a-0068-4fa9-ab9a-7ef76be7e9da req-acf36b59-0bc7-4626-8417-fc7d7c65c79f aebc740945f8403f9cd48d9882a981d3 d8f8d6daf3724db8a4efd4278acb7249 - - default default] 10.0.0.10 "GET /v2.0/ports?device_id=a6255d16-675e-4d62-a7c6-5e4c982cb87f HTTP/1.1" status: 200 len: 210 time: 0.0227234
2026-05-29 23:15:01.783 9 INFO neutron.api.wsgi [req-10b52696-bc8a-4196-8d30-ab440048f556 req-0f341ec9-393f-4193-a6d4-120454a9ea37 9178a87e35b540b4a62cd909313ef6cf 3c8427ca5d414f57b86f4b72169b750d - - default default] 10.0.0.10 "GET /v2.0/ports?device_id=abed00fe-a01d-4d3b-8b26-92f183575e50 HTTP/1.1" status: 200 len: 210 time: 0.0182741
2026-05-29 23:15:01.939 10 INFO neutron.notifiers.nova [-] Nova event matching ['req-ac91b132-b514-4105-880c-e15aa55a63af'] response: {'server_uuid': '305b671c-8579-4cb8-95a5-906eaf840a22', 'name': 'network-vif-deleted', 'tag': '6623e6a0-c435-44d1-bf23-08fb470460ba', 'status': 'completed', 'code': 200}
2026-05-29 23:15:01.939 10 INFO neutron.notifiers.nova [-] Nova event matching ['req-ac91b132-b514-4105-880c-e15aa55a63af'] response: {'server_uuid': 'abed00fe-a01d-4d3b-8b26-92f183575e50', 'name': 'network-vif-deleted', 'tag': 'bf372fe8-5263-46f4-b2f3-5bb6e0a13688', 'status': 'completed', 'code': 200}
2026-05-29 23:15:01.958 9 INFO neutron.db.ovn_revision_numbers_db [None req-0b1f7d0d-7c0d-48eb-9e4b-0292c6bfdc80 666683ce59f74e418ed9ee95f283e509 ff43a2eefa8043f9acb8f3e64b073de8 - - default default] Successfully bumped revision number for resource 90e74023-5a85-44b9-b543-b257749da050 (type: security_groups) to 1
2026-05-29 23:15:01.973 9 INFO neutron.db.ovn_revision_numbers_db [None req-0b1f7d0d-7c0d-48eb-9e4b-0292c6bfdc80 666683ce59f74e418ed9ee95f283e509 ff43a2eefa8043f9acb8f3e64b073de8 - - default default] Successfully bumped revision number for resource 102b7e4c-7334-4bf6-8f68-b909310ec61b (type: security_group_rules) to 0
2026-05-29 23:15:01.986 9 INFO neutron.db.ovn_revision_numbers_db [None req-0b1f7d0d-7c0d-48eb-9e4b-0292c6bfdc80 666683ce59f74e418ed9ee95f283e509 ff43a2eefa8043f9acb8f3e64b073de8 - - default default] Successfully bumped revision number for resource 102e987a-33e4-4e57-aed9-a051dd17a9b7 (type: security_group_rules) to 0
2026-05-29 23:15:02.001 9 INFO neutron.db.ovn_revision_numbers_db [None req-0b1f7d0d-7c0d-48eb-9e4b-0292c6bfdc80 666683ce59f74e418ed9ee95f283e509 ff43a2eefa8043f9acb8f3e64b073de8 - - default default] Successfully bumped revision number for resource 199eef8a-562a-4443-98d3-627070bdb798 (type: security_group_rules) to 0
2026-05-29 23:15:02.022 9 INFO neutron.db.ovn_revision_numbers_db [None req-0b1f7d0d-7c0d-48eb-9e4b-0292c6bfdc80 666683ce59f74e418ed9ee95f283e509 ff43a2eefa8043f9acb8f3e64b073de8 - - default default] Successfully bumped revision number for resource d6f0f70f-5554-4cc6-aa07-8f1ca174297e (type: security_group_rules) to 0
2026-05-29 23:15:02.064 9 INFO neutron.api.wsgi [None req-0b1f7d0d-7c0d-48eb-9e4b-0292c6bfdc80 666683ce59f74e418ed9ee95f283e509 ff43a2eefa8043f9acb8f3e64b073de8 - - default default] 10.0.0.115 "GET /v2.0/security-groups?tenant_id=87d29ae3fd2c4111b9b10bfdb6c0e3b2&name=default HTTP/1.1" status: 200 len: 3120 time: 0.3534367
2026-05-29 23:15:02.107 9 INFO neutron.api.wsgi [req-fde34886-4484-426c-8382-9d2c1089b2df req-13f50428-af56-432b-9a4f-d5debc707259 e0d7725a126e4f7b92a735fffac7417b c8881d9ad9d349629689d7b3a1a26f7a - - default default] 10.0.0.10 "GET /v2.0/ports?device_id=305b671c-8579-4cb8-95a5-906eaf840a22 HTTP/1.1" status: 200 len: 210 time: 0.0153697
2026-05-29 23:15:02.275 9 INFO neutron.api.wsgi [None req-7cb97ad5-534d-4dbc-971c-33b365ed6bb8 666683ce59f74e418ed9ee95f283e509 ff43a2eefa8043f9acb8f3e64b073de8 - - default default] 10.0.0.115 "DELETE /v2.0/security-groups/90e74023-5a85-44b9-b543-b257749da050 HTTP/1.1" status: 204 len: 168 time: 0.2065187
2026-05-29 23:15:02.541 9 INFO neutron.db.ovn_revision_numbers_db [None req-460dd2f4-9f32-4baf-b808-bed3af191a30 666683ce59f74e418ed9ee95f283e509 ff43a2eefa8043f9acb8f3e64b073de8 - - default default] Successfully bumped revision number for resource 6600406c-6689-43bf-8675-02d578467004 (type: security_groups) to 1
2026-05-29 23:15:02.559 9 INFO neutron.db.ovn_revision_numbers_db [None req-460dd2f4-9f32-4baf-b808-bed3af191a30 666683ce59f74e418ed9ee95f283e509 ff43a2eefa8043f9acb8f3e64b073de8 - - default default] Successfully bumped revision number for resource 27649d66-2f8c-44d6-8266-8fd6934bcdfd (type: security_group_rules) to 0
2026-05-29 23:15:02.575 9 INFO neutron.db.ovn_revision_numbers_db [None req-460dd2f4-9f32-4baf-b808-bed3af191a30 666683ce59f74e418ed9ee95f283e509 ff43a2eefa8043f9acb8f3e64b073de8 - - default default] Successfully bumped revision number for resource 4d9814ad-5ae8-4dea-b665-84b6fcea3211 (type: security_group_rules) to 0
2026-05-29 23:15:02.589 9 INFO neutron.db.ovn_revision_numbers_db [None req-460dd2f4-9f32-4baf-b808-bed3af191a30 666683ce59f74e418ed9ee95f283e509 ff43a2eefa8043f9acb8f3e64b073de8 - - default default] Successfully bumped revision number for resource 7d54d4c4-69f3-4f97-9b5d-317816f797df (type: security_group_rules) to 0
2026-05-29 23:15:02.613 9 INFO neutron.db.ovn_revision_numbers_db [None req-460dd2f4-9f32-4baf-b808-bed3af191a30 666683ce59f74e418ed9ee95f283e509 ff43a2eefa8043f9acb8f3e64b073de8 - - default default] Successfully bumped revision number for resource cbe470aa-394c-41d3-8ff5-eacc45078c47 (type: security_group_rules) to 0
2026-05-29 23:15:02.650 9 INFO neutron.api.wsgi [None req-460dd2f4-9f32-4baf-b808-bed3af191a30 666683ce59f74e418ed9ee95f283e509 ff43a2eefa8043f9acb8f3e64b073de8 - - default default] 10.0.0.115 "GET /v2.0/security-groups?tenant_id=edd13c6a1b6a43f99f93dab2f817af7f&name=default HTTP/1.1" status: 200 len: 3120 time: 0.2062645
2026-05-29 23:15:02.871 9 INFO neutron.api.wsgi [req-d4c6a8be-db10-4885-985c-f5c803b7a74e req-d7763482-e8c0-4d83-a2eb-033aecb7ece0 9178a87e35b540b4a62cd909313ef6cf 3c8427ca5d414f57b86f4b72169b750d - - default default] 10.0.0.10 "GET /v2.0/ports?device_id=abed00fe-a01d-4d3b-8b26-92f183575e50 HTTP/1.1" status: 200 len: 210 time: 0.0177779
2026-05-29 23:15:02.897 9 INFO neutron.api.wsgi [None req-af155ddb-3ecc-4a55-89d8-716d5466b240 666683ce59f74e418ed9ee95f283e509 ff43a2eefa8043f9acb8f3e64b073de8 - - default default] 10.0.0.115 "DELETE /v2.0/security-groups/6600406c-6689-43bf-8675-02d578467004 HTTP/1.1" status: 204 len: 168 time: 0.2418590
2026-05-29 23:15:03.194 10 INFO neutron.api.wsgi [req-c02e1ce8-fc54-40b2-8b84-90b477871427 req-ec1f5b9a-6bc8-4ee4-a659-37a6cce04737 e0d7725a126e4f7b92a735fffac7417b c8881d9ad9d349629689d7b3a1a26f7a - - default default] 10.0.0.10 "GET /v2.0/ports?device_id=305b671c-8579-4cb8-95a5-906eaf840a22 HTTP/1.1" status: 200 len: 210 time: 0.0215430
2026-05-29 23:15:03.195 10 INFO neutron.db.ovn_revision_numbers_db [None req-6c575f9a-8387-4f44-80d9-65edce6dc0fe 666683ce59f74e418ed9ee95f283e509 ff43a2eefa8043f9acb8f3e64b073de8 - - default default] Successfully bumped revision number for resource 70b5fa9f-adcb-462d-be89-e6840ac65019 (type: security_groups) to 1
2026-05-29 23:15:03.206 10 INFO neutron.db.ovn_revision_numbers_db [None req-6c575f9a-8387-4f44-80d9-65edce6dc0fe 666683ce59f74e418ed9ee95f283e509 ff43a2eefa8043f9acb8f3e64b073de8 - - default default] Successfully bumped revision number for resource 31e8b32a-a33e-4a4e-a234-93b71180e2b7 (type: security_group_rules) to 0
2026-05-29 23:15:03.220 10 INFO neutron.db.ovn_revision_numbers_db [None req-6c575f9a-8387-4f44-80d9-65edce6dc0fe 666683ce59f74e418ed9ee95f283e509 ff43a2eefa8043f9acb8f3e64b073de8 - - default default] Successfully bumped revision number for resource 571deebb-4841-48fb-8c88-401ed327a84c (type: security_group_rules) to 0
2026-05-29 23:15:03.235 10 INFO neutron.db.ovn_revision_numbers_db [None req-6c575f9a-8387-4f44-80d9-65edce6dc0fe 666683ce59f74e418ed9ee95f283e509 ff43a2eefa8043f9acb8f3e64b073de8 - - default default] Successfully bumped revision number for resource 7bbcfc26-5158-44be-8b1e-c3f1eac59ada (type: security_group_rules) to 0
2026-05-29 23:15:03.246 10 INFO neutron.db.ovn_revision_numbers_db [None req-6c575f9a-8387-4f44-80d9-65edce6dc0fe 666683ce59f74e418ed9ee95f283e509 ff43a2eefa8043f9acb8f3e64b073de8 - - default default] Successfully bumped revision number for resource e14945ba-7770-4989-9f87-3da092ae019a (type: security_group_rules) to 0
2026-05-29 23:15:03.286 10 INFO neutron.api.wsgi [None req-6c575f9a-8387-4f44-80d9-65edce6dc0fe 666683ce59f74e418ed9ee95f283e509 ff43a2eefa8043f9acb8f3e64b073de8 - - default default] 10.0.0.115 "GET /v2.0/security-groups?tenant_id=9632a742d9af4f9590aa905808ba3ccc&name=default HTTP/1.1" status: 200 len: 3120 time: 0.2313242
2026-05-29 23:15:03.587 9 INFO neutron.api.wsgi [None req-517ce30b-3f39-439a-b751-6fa860a50b1d 666683ce59f74e418ed9ee95f283e509 ff43a2eefa8043f9acb8f3e64b073de8 - - default default] 10.0.0.115 "DELETE /v2.0/security-groups/70b5fa9f-adcb-462d-be89-e6840ac65019 HTTP/1.1" status: 204 len: 168 time: 0.2944677
2026-05-29 23:15:03.937 9 INFO neutron.api.wsgi [None req-3b22b8ed-cec1-46b9-a0b3-5fa3a37eeec5 666683ce59f74e418ed9ee95f283e509 ff43a2eefa8043f9acb8f3e64b073de8 - - default default] 10.0.0.115 "PUT /v2.0/routers/3d63d96d-8084-4609-8c81-6d7e70e95832/remove_router_interface HTTP/1.1" status: 200 len: 503 time: 1.1785502 /var/lib/openstack/lib/python3.12/site-packages/pycadf/identifier.py:71: UserWarning: Invalid uuid: neutron. To ensure interoperability, identifiers should be a valid uuid. warnings.warn(('Invalid uuid: %s. To ensure interoperability, '
2026-05-29 23:15:04.009 9 INFO neutron.api.wsgi [req-13f5e31f-772b-4fbc-b5aa-d6697aeb1185 req-c380119d-9557-4842-9145-a9cd27517ab2 9178a87e35b540b4a62cd909313ef6cf 3c8427ca5d414f57b86f4b72169b750d - - default default] 10.0.0.10 "GET /v2.0/ports?device_id=abed00fe-a01d-4d3b-8b26-92f183575e50 HTTP/1.1" status: 200 len: 210 time: 0.0598140
2026-05-29 23:15:04.039 9 INFO neutron.api.wsgi [-] 10.0.0.178 "GET / HTTP/1.1" status: 200 len: 247 time: 0.0016785
2026-05-29 23:15:04.041 9 INFO neutron.api.wsgi [-] 10.0.0.178 "GET / HTTP/1.1" status: 200 len: 247 time: 0.0011482
2026-05-29 23:15:04.379 10 INFO neutron.api.wsgi [None req-fe8485cd-8759-4c1e-ac31-b79e00c3bc2b e0d7725a126e4f7b92a735fffac7417b c8881d9ad9d349629689d7b3a1a26f7a - - default default] 10.0.0.115 "DELETE /v2.0/security-groups/0edfb6c0-aac1-4968-a713-5fdc36e866c7 HTTP/1.1" status: 204 len: 168 time: 0.1073093
2026-05-29 23:15:04.405 9 INFO neutron.api.v2.resource [None req-fb2468ab-210d-43ee-94f8-6bd7e3d5b2f0 e0d7725a126e4f7b92a735fffac7417b c8881d9ad9d349629689d7b3a1a26f7a - - default default] show failed (client error): The resource could not be found.
2026-05-29 23:15:04.406 9 INFO neutron.api.wsgi [None req-fb2468ab-210d-43ee-94f8-6bd7e3d5b2f0 e0d7725a126e4f7b92a735fffac7417b c8881d9ad9d349629689d7b3a1a26f7a - - default default] 10.0.0.115 "GET /v2.0/security-groups/0edfb6c0-aac1-4968-a713-5fdc36e866c7 HTTP/1.1" status: 404 len: 347 time: 0.0171635
2026-05-29 23:15:04.779 9 INFO neutron.api.wsgi [None req-662ba4db-003d-417c-85d1-5528c875e497 666683ce59f74e418ed9ee95f283e509 ff43a2eefa8043f9acb8f3e64b073de8 - - default default] 10.0.0.115 "DELETE /v2.0/routers/3d63d96d-8084-4609-8c81-6d7e70e95832 HTTP/1.1" status: 204 len: 168 time: 0.8386245
2026-05-29 23:15:04.827 9 INFO neutron.api.wsgi [None req-78a596fb-62db-4b39-930b-4907f8962332 e0d7725a126e4f7b92a735fffac7417b c8881d9ad9d349629689d7b3a1a26f7a - - default default] 10.0.0.115 "DELETE /v2.0/floatingips/0cd25b23-add0-4e41-ab9a-1477a202f627 HTTP/1.1" status: 204 len: 168 time: 0.4168384
2026-05-29 23:15:04.972 9 INFO neutron.api.wsgi [None req-60ba5a73-bf3e-44e0-833d-ce897eeda66d 666683ce59f74e418ed9ee95f283e509 ff43a2eefa8043f9acb8f3e64b073de8 - - default default] 10.0.0.115 "DELETE /v2.0/subnets/b95461df-a185-421c-8d34-3e7b0fb4284f HTTP/1.1" status: 204 len: 168 time: 0.1882098
2026-05-29 23:15:05.302 10 INFO neutron.api.wsgi [None req-c626a8fd-eff6-420b-9288-e7d2c05ce60b 9178a87e35b540b4a62cd909313ef6cf 3c8427ca5d414f57b86f4b72169b750d - - default default] 10.0.0.115 "DELETE /v2.0/security-groups/d1fb8da9-ece6-4d4d-8c26-855b97e9b8f1 HTTP/1.1" status: 204 len: 168 time: 0.2336943
2026-05-29 23:15:05.329 9 INFO neutron.services.segments.plugin [-] Segment 70f2eb83-1230-4597-8372-a60df7230383 resource provider aggregate not found
2026-05-29 23:15:05.335 9 INFO neutron.services.segments.plugin [-] Segment 70f2eb83-1230-4597-8372-a60df7230383 resource provider aggregate not found
2026-05-29 23:15:05.351 9 INFO neutron.services.segments.plugin [-] Segment 70f2eb83-1230-4597-8372-a60df7230383 resource provider not found; error: Placement Client Error (4xx): {"errors": [{"status": 404, "title": "Not Found", "detail": "The resource could not be found.\n\n No resource provider with uuid 70f2eb83-1230-4597-8372-a60df7230383 found for delete ", "request_id": "req-aedf837f-c554-4028-b75a-e6f862880ae3"}]}
2026-05-29 23:15:05.353 9 INFO neutron.services.segments.plugin [-] Segment 70f2eb83-1230-4597-8372-a60df7230383 resource provider not found; error: Placement Client Error (4xx): {"errors": [{"status": 404, "title": "Not Found", "detail": "The resource could not be found.\n\n No resource provider with uuid 70f2eb83-1230-4597-8372-a60df7230383 found for delete ", "request_id": "req-a00a82ce-b4ce-4596-94a4-2858223c5a95"}]}
2026-05-29 23:15:05.362 9 INFO neutron.api.wsgi [None req-15d8bd86-6dbc-4ceb-8274-0e95bc802d43 666683ce59f74e418ed9ee95f283e509 ff43a2eefa8043f9acb8f3e64b073de8 - - default default] 10.0.0.115 "DELETE /v2.0/networks/abb5bd4e-fff1-433d-91a0-598e67807f84 HTTP/1.1" status: 204 len: 168 time: 0.3863292
2026-05-29 23:15:05.570 9 INFO neutron.api.wsgi [None req-5e0d4a4a-0495-469f-a683-de25c71f6902 666683ce59f74e418ed9ee95f283e509 ff43a2eefa8043f9acb8f3e64b073de8 - - default default] 10.0.0.115 "GET /v2.0/security-groups?tenant_id=d8f8d6daf3724db8a4efd4278acb7249&name=default HTTP/1.1" status: 200 len: 3120 time: 0.0432076
2026-05-29 23:15:06.076 9 INFO neutron.api.wsgi [None req-2dd25655-5cd6-44b9-a394-bc25f02b4fc4 666683ce59f74e418ed9ee95f283e509 ff43a2eefa8043f9acb8f3e64b073de8 - - default default] 10.0.0.115 "DELETE /v2.0/security-groups/9099d7ec-c73e-427c-845d-ba798da60ff0 HTTP/1.1" status: 204 len: 168 time: 0.5016580
2026-05-29 23:15:06.667 10 INFO neutron.api.wsgi [None req-802f4ba5-55b0-4657-bc7b-b85053b0851c 666683ce59f74e418ed9ee95f283e509 ff43a2eefa8043f9acb8f3e64b073de8 - - default default] 10.0.0.115 "PUT /v2.0/routers/bb4b18b3-0d32-4791-a6af-869cb7b66560/remove_router_interface HTTP/1.1" status: 200 len: 503 time: 1.8350854 /var/lib/openstack/lib/python3.12/site-packages/pycadf/identifier.py:71: UserWarning: Invalid uuid: neutron. To ensure interoperability, identifiers should be a valid uuid. warnings.warn(('Invalid uuid: %s. To ensure interoperability, '
2026-05-29 23:15:07.022 10 INFO neutron.api.wsgi [None req-96625caf-9b07-4347-b9c2-c35d4b0fcf69 9178a87e35b540b4a62cd909313ef6cf 3c8427ca5d414f57b86f4b72169b750d - - default default] 10.0.0.115 "PUT /v2.0/routers/5198b6d4-4f05-4871-8d82-f7eac0bb57b2/remove_router_interface HTTP/1.1" status: 200 len: 503 time: 1.6835506
2026-05-29 23:15:07.209 9 INFO neutron.api.wsgi [None req-f4dfddb7-829e-44a9-b3cb-fc73739fdddf 9178a87e35b540b4a62cd909313ef6cf 3c8427ca5d414f57b86f4b72169b750d - - default default] 10.0.0.115 "DELETE /v2.0/subnets/53c74e7e-148a-4225-951c-40f0f8252128 HTTP/1.1" status: 204 len: 168 time: 0.1826422 /var/lib/openstack/lib/python3.12/site-packages/pycadf/identifier.py:71: UserWarning: Invalid uuid: neutron. To ensure interoperability, identifiers should be a valid uuid. warnings.warn(('Invalid uuid: %s. To ensure interoperability, '
2026-05-29 23:15:07.327 9 WARNING neutron_lib.context [None req-3c2e73b8-cb19-4a7b-b465-28f94beb89d0 fc45fd3d53ba4a76a72910ae63574cf0 fa1a8090df5a40ecb2984923c7f20b3a - - default default] Method 'is_advsvc' is deprecated since 2023.2 release (neutron-lib 3.8.0) and will be removed once support for the old RBAC API policies will be removed from Neutron. Please use method 'is_service_role' instead.
2026-05-29 23:15:07.476 10 INFO neutron.api.wsgi [None req-d1ffdb77-e4d3-4434-9963-5ab87c43c4f6 666683ce59f74e418ed9ee95f283e509 ff43a2eefa8043f9acb8f3e64b073de8 - - default default] 10.0.0.115 "DELETE /v2.0/routers/bb4b18b3-0d32-4791-a6af-869cb7b66560 HTTP/1.1" status: 204 len: 168 time: 0.8002491
2026-05-29 23:15:07.673 9 WARNING neutron.scheduler.dhcp_agent_scheduler [None req-3c2e73b8-cb19-4a7b-b465-28f94beb89d0 fc45fd3d53ba4a76a72910ae63574cf0 fa1a8090df5a40ecb2984923c7f20b3a - - default default] No more DHCP agents
2026-05-29 23:15:07.675 9 WARNING neutron.api.rpc.agentnotifiers.dhcp_rpc_agent_api [None req-3c2e73b8-cb19-4a7b-b465-28f94beb89d0 fc45fd3d53ba4a76a72910ae63574cf0 fa1a8090df5a40ecb2984923c7f20b3a - - default default] Unable to schedule network b8200611-667e-49a6-aeeb-7a7c3a7ee2a0: no agents available; will retry on subsequent port and subnet creation events.
2026-05-29 23:15:07.686 9 INFO neutron.api.wsgi [None req-ae0eae3a-091f-4762-803e-da271f3364f1 666683ce59f74e418ed9ee95f283e509 ff43a2eefa8043f9acb8f3e64b073de8 - - default default] 10.0.0.115 "DELETE /v2.0/subnets/d324632e-efcc-4415-af6e-52bbfd80b693 HTTP/1.1" status: 204 len: 168 time: 0.2046411
2026-05-29 23:15:08.100 9 INFO neutron.api.wsgi [None req-3c2e73b8-cb19-4a7b-b465-28f94beb89d0 fc45fd3d53ba4a76a72910ae63574cf0 fa1a8090df5a40ecb2984923c7f20b3a - - default default] 10.0.0.115 "POST /v2.0/floatingips HTTP/1.1" status: 201 len: 751 time: 0.9672773
2026-05-29 23:15:08.134 10 INFO neutron.api.wsgi [None req-eb9ab528-f091-4d28-a57c-76c9540252a6 9178a87e35b540b4a62cd909313ef6cf 3c8427ca5d414f57b86f4b72169b750d - - default default] 10.0.0.115 "DELETE /v2.0/routers/5198b6d4-4f05-4871-8d82-f7eac0bb57b2 HTTP/1.1" status: 204 len: 168 time: 0.9205449
2026-05-29 23:15:08.168 9 INFO neutron.api.wsgi [None req-52b1cd7a-26b9-430a-bc98-ef8580c55297 fc45fd3d53ba4a76a72910ae63574cf0 fa1a8090df5a40ecb2984923c7f20b3a - - default default] 10.0.0.115 "PUT /v2.0/floatingips/74e1756c-20d0-453f-a630-077669587df8/tags HTTP/1.1" status: 200 len: 218 time: 0.0620730
2026-05-29 23:15:08.176 10 INFO neutron.services.segments.plugin [-] Segment 04851450-a3b2-4518-a3bf-e95a382f93a2 resource provider aggregate not found
2026-05-29 23:15:08.182 10 INFO neutron.services.segments.plugin [-] Segment 04851450-a3b2-4518-a3bf-e95a382f93a2 resource provider aggregate not found
2026-05-29 23:15:08.190 10 INFO neutron.services.segments.plugin [-] Segment 04851450-a3b2-4518-a3bf-e95a382f93a2 resource provider not found; error: Placement Client Error (4xx): {"errors": [{"status": 404, "title": "Not Found", "detail": "The resource could not be found.\n\n No resource provider with uuid 04851450-a3b2-4518-a3bf-e95a382f93a2 found for delete ", "request_id": "req-bbd07e03-77a6-4ce7-a26f-a4977ee86a55"}]}
2026-05-29 23:15:08.217 10 INFO neutron.services.segments.plugin [-] Segment 04851450-a3b2-4518-a3bf-e95a382f93a2 resource provider not found; error: Placement Client Error (4xx): {"errors": [{"status": 404, "title": "Not Found", "detail": "The resource could not be found.\n\n No resource provider with uuid 04851450-a3b2-4518-a3bf-e95a382f93a2 found for delete ", "request_id": "req-5f483eb5-b970-4b33-8450-eaa7b5dbb56c"}]}
2026-05-29 23:15:08.241 10 INFO neutron.api.wsgi [None req-bf8b9565-6860-4321-a9ac-fa8d9ecf5442 666683ce59f74e418ed9ee95f283e509 ff43a2eefa8043f9acb8f3e64b073de8 - - default default] 10.0.0.115 "DELETE /v2.0/networks/a79be36d-3ffa-4782-8b90-00850cfff54c HTTP/1.1" status: 204 len: 168 time: 0.5502405
2026-05-29 23:15:08.280 9 INFO neutron.api.wsgi [None req-f988a3ec-d6b5-4aab-b563-b50bb93399f7 fc45fd3d53ba4a76a72910ae63574cf0 fa1a8090df5a40ecb2984923c7f20b3a - - default default] 10.0.0.115 "GET /v2.0/floatingips/74e1756c-20d0-453f-a630-077669587df8/tags HTTP/1.1" status: 200 len: 218 time: 0.1016970
2026-05-29 23:15:08.337 9 INFO neutron.api.wsgi [None req-65fcc322-d5e0-4da1-b104-a613dac5b651 fc45fd3d53ba4a76a72910ae63574cf0 fa1a8090df5a40ecb2984923c7f20b3a - - default default] 10.0.0.115 "PUT /v2.0/floatingips/74e1756c-20d0-453f-a630-077669587df8/tags/green HTTP/1.1" status: 201 len: 201 time: 0.0480504
2026-05-29 23:15:08.371 9 INFO neutron.api.wsgi [None req-7cff45cf-509f-4434-a0f2-06da09815d99 fc45fd3d53ba4a76a72910ae63574cf0 fa1a8090df5a40ecb2984923c7f20b3a - - default default] 10.0.0.115 "GET /v2.0/floatingips/74e1756c-20d0-453f-a630-077669587df8/tags HTTP/1.1" status: 200 len: 227 time: 0.0279517
2026-05-29 23:15:08.417 9 INFO neutron.api.wsgi [None req-93bc0c1c-b588-4bb9-a943-1c29fe7bb13d fc45fd3d53ba4a76a72910ae63574cf0 fa1a8090df5a40ecb2984923c7f20b3a - - default default] 10.0.0.115 "PUT /v2.0/floatingips/74e1756c-20d0-453f-a630-077669587df8/tags/red HTTP/1.1" status: 201 len: 201 time: 0.0416257
2026-05-29 23:15:08.476 10 INFO neutron.api.wsgi [None req-3ec9ec12-33a4-4f7d-9e85-6b5cc4585f9b fc45fd3d53ba4a76a72910ae63574cf0 fa1a8090df5a40ecb2984923c7f20b3a - - default default] 10.0.0.115 "GET /v2.0/floatingips/74e1756c-20d0-453f-a630-077669587df8/tags HTTP/1.1" status: 200 len: 227 time: 0.0554442
2026-05-29 23:15:08.482 9 INFO neutron.api.wsgi [None req-350a01b8-a93f-4951-a486-1c57ce56b764 666683ce59f74e418ed9ee95f283e509 ff43a2eefa8043f9acb8f3e64b073de8 - - default default] 10.0.0.115 "GET /v2.0/security-groups?tenant_id=c8881d9ad9d349629689d7b3a1a26f7a&name=default HTTP/1.1" status: 200 len: 3120 time: 0.0407951
2026-05-29 23:15:08.523 10 INFO neutron.api.wsgi [None req-519171ea-0934-41ef-8fec-3b1c7ce58f3d fc45fd3d53ba4a76a72910ae63574cf0 fa1a8090df5a40ecb2984923c7f20b3a - - default default] 10.0.0.115 "PUT /v2.0/floatingips/74e1756c-20d0-453f-a630-077669587df8/tags/black.or.white HTTP/1.1" status: 201 len: 201 time: 0.0384572
2026-05-29 23:15:08.553 10 INFO neutron.api.wsgi [None req-a6bf2570-ad48-4f2e-9335-da5991284f84 fc45fd3d53ba4a76a72910ae63574cf0 fa1a8090df5a40ecb2984923c7f20b3a - - default default] 10.0.0.115 "GET /v2.0/floatingips/74e1756c-20d0-453f-a630-077669587df8/tags HTTP/1.1" status: 200 len: 245 time: 0.0241849
2026-05-29 23:15:08.607 10 INFO neutron.api.wsgi [None req-81f7014c-a121-4ad1-a48e-e703fe9e2a5d fc45fd3d53ba4a76a72910ae63574cf0 fa1a8090df5a40ecb2984923c7f20b3a - - default default] 10.0.0.115 "PUT /v2.0/floatingips/74e1756c-20d0-453f-a630-077669587df8/tags HTTP/1.1" status: 200 len: 230 time: 0.0498016
2026-05-29 23:15:08.641 10 INFO neutron.api.wsgi [None req-e7bb52e7-ebca-425a-871a-aa5d5b940fd9 fc45fd3d53ba4a76a72910ae63574cf0 fa1a8090df5a40ecb2984923c7f20b3a - - default default] 10.0.0.115 "GET /v2.0/floatingips/74e1756c-20d0-453f-a630-077669587df8/tags HTTP/1.1" status: 200 len: 230 time: 0.0299711
2026-05-29 23:15:08.654 9 INFO neutron.services.segments.plugin [-] Segment 6d244f58-8f60-4e04-ae0d-465504bc78d4 resource provider aggregate not found
2026-05-29 23:15:08.662 9 INFO neutron.services.segments.plugin [-] Segment 6d244f58-8f60-4e04-ae0d-465504bc78d4 resource provider aggregate not found
2026-05-29 23:15:08.672 9 INFO neutron.services.segments.plugin [-] Segment 6d244f58-8f60-4e04-ae0d-465504bc78d4 resource provider not found; error: Placement Client Error (4xx): {"errors": [{"status": 404, "title": "Not Found", "detail": "The resource could not be found.\n\n No resource provider with uuid 6d244f58-8f60-4e04-ae0d-465504bc78d4 found for delete ", "request_id": "req-2e91d790-4028-42dc-8e54-3f9de6ef99d0"}]}
2026-05-29 23:15:08.679 9 INFO neutron.services.segments.plugin [-] Segment 6d244f58-8f60-4e04-ae0d-465504bc78d4 resource provider not found; error: Placement Client Error (4xx): {"errors": [{"status": 404, "title": "Not Found", "detail": "The resource could not be found.\n\n No resource provider with uuid 6d244f58-8f60-4e04-ae0d-465504bc78d4 found for delete ", "request_id": "req-f4e1a043-f3e4-4bd4-9c1a-d7154fb85353"}]}
2026-05-29 23:15:08.703 10 INFO neutron.api.wsgi [None req-58a69b1c-5fff-42d6-9781-495fb953698a fc45fd3d53ba4a76a72910ae63574cf0 fa1a8090df5a40ecb2984923c7f20b3a - - default default] 10.0.0.115 "GET /v2.0/floatingips/74e1756c-20d0-453f-a630-077669587df8/tags/red HTTP/1.1" status: 204 len: 168 time: 0.0511987
2026-05-29 23:15:08.729 10 INFO neutron.api.v2.resource [None req-e3a98a30-85eb-453e-b787-672abcf79d47 fc45fd3d53ba4a76a72910ae63574cf0 fa1a8090df5a40ecb2984923c7f20b3a - - default default] show failed (client error): The resource could not be found.
2026-05-29 23:15:08.730 9 INFO neutron.api.wsgi [None req-2aa9d4f6-d14f-4003-95e8-c32bda41d51b 9178a87e35b540b4a62cd909313ef6cf 3c8427ca5d414f57b86f4b72169b750d - - default default] 10.0.0.115 "DELETE /v2.0/networks/19edbcb1-784e-4797-8cfb-7e582d7b1c5b HTTP/1.1" status: 204 len: 168 time: 0.5839026
2026-05-29 23:15:08.730 10 INFO neutron.api.wsgi [None req-e3a98a30-85eb-453e-b787-672abcf79d47 fc45fd3d53ba4a76a72910ae63574cf0 fa1a8090df5a40ecb2984923c7f20b3a - - default default] 10.0.0.115 "GET /v2.0/floatingips/74e1756c-20d0-453f-a630-077669587df8/tags/green HTTP/1.1" status: 404 len: 299 time: 0.0211666
2026-05-29 23:15:08.784 10 INFO neutron.api.wsgi [None req-bdf22e1b-7d4c-4dff-8153-6c5bba062b62 fc45fd3d53ba4a76a72910ae63574cf0 fa1a8090df5a40ecb2984923c7f20b3a - - default default] 10.0.0.115 "DELETE /v2.0/floatingips/74e1756c-20d0-453f-a630-077669587df8/tags/red HTTP/1.1" status: 204 len: 168 time: 0.0486445
2026-05-29 23:15:08.812 9 INFO neutron.api.wsgi [None req-aee4437b-7169-4409-99ca-b13ab013b464 666683ce59f74e418ed9ee95f283e509 ff43a2eefa8043f9acb8f3e64b073de8 - - default default] 10.0.0.115 "DELETE /v2.0/security-groups/81fa68c4-0ab2-4aea-8f44-8f1ab9699192 HTTP/1.1" status: 204 len: 168 time: 0.3171554
2026-05-29 23:15:08.827 9 INFO neutron.api.wsgi [None req-58609c8b-66f9-44cc-8387-29ae48d0c300 fc45fd3d53ba4a76a72910ae63574cf0 fa1a8090df5a40ecb2984923c7f20b3a - - default default] 10.0.0.115 "GET /v2.0/floatingips/74e1756c-20d0-453f-a630-077669587df8/tags HTTP/1.1" status: 200 len: 223 time: 0.0345283
2026-05-29 23:15:08.866 9 INFO neutron.api.v2.resource [None req-a66ce3f6-b258-448e-9680-11009c6dfdec fc45fd3d53ba4a76a72910ae63574cf0 fa1a8090df5a40ecb2984923c7f20b3a - - default default] delete failed (client error): The resource could not be found.
2026-05-29 23:15:08.867 9 INFO neutron.api.wsgi [None req-a66ce3f6-b258-448e-9680-11009c6dfdec fc45fd3d53ba4a76a72910ae63574cf0 fa1a8090df5a40ecb2984923c7f20b3a - - default default] 10.0.0.115 "DELETE /v2.0/floatingips/74e1756c-20d0-453f-a630-077669587df8/tags/green HTTP/1.1" status: 404 len: 299 time: 0.0323291
2026-05-29 23:15:08.912 9 INFO neutron.api.wsgi [None req-17fdc9bb-0ed0-4577-84ff-9e1646ec02ea fc45fd3d53ba4a76a72910ae63574cf0 fa1a8090df5a40ecb2984923c7f20b3a - - default default] 10.0.0.115 "DELETE /v2.0/floatingips/74e1756c-20d0-453f-a630-077669587df8/tags HTTP/1.1" status: 204 len: 168 time: 0.0390897
2026-05-29 23:15:08.941 9 INFO neutron.api.wsgi [None req-de04080f-e136-4a2b-8921-c9031169b9f5 fc45fd3d53ba4a76a72910ae63574cf0 fa1a8090df5a40ecb2984923c7f20b3a - - default default] 10.0.0.115 "GET /v2.0/floatingips/74e1756c-20d0-453f-a630-077669587df8/tags HTTP/1.1" status: 200 len: 205 time: 0.0244637
2026-05-29 23:15:09.228 9 INFO neutron.api.wsgi [None req-3a1f7388-8ce2-4e18-826a-d1439d7682fa fc45fd3d53ba4a76a72910ae63574cf0 fa1a8090df5a40ecb2984923c7f20b3a - - default default] 10.0.0.115 "DELETE /v2.0/floatingips/74e1756c-20d0-453f-a630-077669587df8 HTTP/1.1" status: 204 len: 168 time: 0.2822733
2026-05-29 23:15:09.803 10 INFO neutron.db.ovn_revision_numbers_db [None req-5a35ed5e-19b6-47db-9271-4e48138ed77e 666683ce59f74e418ed9ee95f283e509 ff43a2eefa8043f9acb8f3e64b073de8 - - default default] Successfully bumped revision number for resource 6efc98ea-6bfd-48e0-b175-f1793ff2f81c (type: security_groups) to 1
2026-05-29 23:15:09.817 10 INFO neutron.db.ovn_revision_numbers_db [None req-5a35ed5e-19b6-47db-9271-4e48138ed77e 666683ce59f74e418ed9ee95f283e509 ff43a2eefa8043f9acb8f3e64b073de8 - - default default] Successfully bumped revision number for resource 3086c890-98e7-4593-9986-592cadf5fbfd (type: security_group_rules) to 0
2026-05-29 23:15:09.837 10 INFO neutron.db.ovn_revision_numbers_db [None req-5a35ed5e-19b6-47db-9271-4e48138ed77e 666683ce59f74e418ed9ee95f283e509 ff43a2eefa8043f9acb8f3e64b073de8 - - default default] Successfully bumped revision number for resource 77ad1f6e-ef6a-40dd-8810-d335f96dda81 (type: security_group_rules) to 0
2026-05-29 23:15:09.852 10 INFO neutron.db.ovn_revision_numbers_db [None req-5a35ed5e-19b6-47db-9271-4e48138ed77e 666683ce59f74e418ed9ee95f283e509 ff43a2eefa8043f9acb8f3e64b073de8 - - default default] Successfully bumped revision number for resource 877dd54c-2d76-43a2-8eb8-13e7908fa00b (type: security_group_rules) to 0
2026-05-29 23:15:09.865 10 INFO neutron.db.ovn_revision_numbers_db [None req-5a35ed5e-19b6-47db-9271-4e48138ed77e 666683ce59f74e418ed9ee95f283e509 ff43a2eefa8043f9acb8f3e64b073de8 - - default default] Successfully bumped revision number for resource ccbea8ec-7f99-426b-bc85-e80853895630 (type: security_group_rules) to 0
2026-05-29 23:15:09.906 10 INFO neutron.api.wsgi [None req-5a35ed5e-19b6-47db-9271-4e48138ed77e 666683ce59f74e418ed9ee95f283e509 ff43a2eefa8043f9acb8f3e64b073de8 - - default default] 10.0.0.115 "GET /v2.0/security-groups?tenant_id=26d44b950a284448909d161febcb280c&name=default HTTP/1.1" status: 200 len: 3120 time: 0.4444740
2026-05-29 23:15:10.143 9 INFO neutron.api.wsgi [None req-83e9955b-7a4f-451f-971f-f8a71d5ca241 666683ce59f74e418ed9ee95f283e509 ff43a2eefa8043f9acb8f3e64b073de8 - - default default] 10.0.0.115 "DELETE /v2.0/security-groups/6efc98ea-6bfd-48e0-b175-f1793ff2f81c HTTP/1.1" status: 204 len: 168 time: 0.2317510
2026-05-29 23:15:10.580 10 INFO neutron.db.ovn_revision_numbers_db [None req-c867c2bd-6a8f-48df-9180-333e590cc255 666683ce59f74e418ed9ee95f283e509 ff43a2eefa8043f9acb8f3e64b073de8 - - default default] Successfully bumped revision number for resource e9b83310-1116-4335-b6f8-8a580b281d07 (type: security_groups) to 1
2026-05-29 23:15:10.631 10 INFO neutron.api.wsgi [None req-9744360b-e53c-4728-a90e-a5474aeaf963 666683ce59f74e418ed9ee95f283e509 ff43a2eefa8043f9acb8f3e64b073de8 - - default default] 10.0.0.115 "GET /v2.0/security-groups?tenant_id=3c8427ca5d414f57b86f4b72169b750d&name=default HTTP/1.1" status: 200 len: 3120 time: 0.0317967
2026-05-29 23:15:10.874 10 INFO neutron.db.ovn_revision_numbers_db [None req-c867c2bd-6a8f-48df-9180-333e590cc255 666683ce59f74e418ed9ee95f283e509 ff43a2eefa8043f9acb8f3e64b073de8 - - default default] Successfully bumped revision number for resource 8b815b47-8a26-4394-894c-cb5926b28051 (type: security_group_rules) to 0
2026-05-29 23:15:10.933 10 INFO neutron.db.ovn_revision_numbers_db [None req-c867c2bd-6a8f-48df-9180-333e590cc255 666683ce59f74e418ed9ee95f283e509 ff43a2eefa8043f9acb8f3e64b073de8 - - default default] Successfully bumped revision number for resource a306b2ac-f88a-491c-b851-16c79b428797 (type: security_group_rules) to 0
2026-05-29 23:15:10.954 10 INFO neutron.db.ovn_revision_numbers_db [None req-c867c2bd-6a8f-48df-9180-333e590cc255 666683ce59f74e418ed9ee95f283e509 ff43a2eefa8043f9acb8f3e64b073de8 - - default default] Successfully bumped revision number for resource ceb1c418-a18c-4170-8b35-741def54d466 (type: security_group_rules) to 0
2026-05-29 23:15:10.967 10 INFO neutron.db.ovn_revision_numbers_db [None req-c867c2bd-6a8f-48df-9180-333e590cc255 666683ce59f74e418ed9ee95f283e509 ff43a2eefa8043f9acb8f3e64b073de8 - - default default] Successfully bumped revision number for resource e504b8e4-3bd1-4f8a-8a85-deccd3108740 (type: security_group_rules) to 0
2026-05-29 23:15:11.006 10 INFO neutron.api.wsgi [None req-c867c2bd-6a8f-48df-9180-333e590cc255 666683ce59f74e418ed9ee95f283e509 ff43a2eefa8043f9acb8f3e64b073de8 - - default default] 10.0.0.115 "GET /v2.0/security-groups?tenant_id=47ae5b9395e041ccb7e3d5f1a85173d9&name=default HTTP/1.1" status: 200 len: 3120 time: 1.0958991
2026-05-29 23:15:11.188 10 INFO neutron.api.wsgi [None req-ebc21824-18a1-418d-bc0c-6a3c0ad535db 666683ce59f74e418ed9ee95f283e509 ff43a2eefa8043f9acb8f3e64b073de8 - - default default] 10.0.0.115 "DELETE /v2.0/security-groups/681d5a38-1fac-4ba1-917c-72306aff7c67 HTTP/1.1" status: 204 len: 168 time: 0.5515440
2026-05-29 23:15:12.256 9 INFO neutron.api.wsgi [None req-3969573f-751b-43ae-b82c-84d0f0be0c72 666683ce59f74e418ed9ee95f283e509 ff43a2eefa8043f9acb8f3e64b073de8 - - default default] 10.0.0.115 "DELETE /v2.0/security-groups/e9b83310-1116-4335-b6f8-8a580b281d07 HTTP/1.1" status: 204 len: 168 time: 1.2467871
2026-05-29 23:15:12.555 10 INFO neutron.db.ovn_revision_numbers_db [None req-c74c6665-ac5a-4428-abb1-257c88774f05 666683ce59f74e418ed9ee95f283e509 ff43a2eefa8043f9acb8f3e64b073de8 - - default default] Successfully bumped revision number for resource 495b6158-5316-46e6-ae87-333d20fa5ef9 (type: security_groups) to 1
2026-05-29 23:15:12.568 10 INFO neutron.db.ovn_revision_numbers_db [None req-c74c6665-ac5a-4428-abb1-257c88774f05 666683ce59f74e418ed9ee95f283e509 ff43a2eefa8043f9acb8f3e64b073de8 - - default default] Successfully bumped revision number for resource 1709da48-1d17-47c4-8d0b-82c9ed6d5410 (type: security_group_rules) to 0
2026-05-29 23:15:12.583 10 INFO neutron.db.ovn_revision_numbers_db [None req-c74c6665-ac5a-4428-abb1-257c88774f05 666683ce59f74e418ed9ee95f283e509 ff43a2eefa8043f9acb8f3e64b073de8 - - default default] Successfully bumped revision number for resource 2ff8c7cd-52fd-4d1d-bea5-c3667aec824f (type: security_group_rules) to 0
2026-05-29 23:15:12.593 10 INFO neutron.db.ovn_revision_numbers_db [None req-c74c6665-ac5a-4428-abb1-257c88774f05 666683ce59f74e418ed9ee95f283e509 ff43a2eefa8043f9acb8f3e64b073de8 - - default default] Successfully bumped revision number for resource 4e53ae9b-1647-47aa-aea1-e0230c0f0763 (type: security_group_rules) to 0
2026-05-29 23:15:12.615 10 INFO neutron.db.ovn_revision_numbers_db [None req-c74c6665-ac5a-4428-abb1-257c88774f05 666683ce59f74e418ed9ee95f283e509 ff43a2eefa8043f9acb8f3e64b073de8 - - default default] Successfully bumped revision number for resource 7497d292-0393-478b-9830-64c301f08482 (type: security_group_rules) to 0
2026-05-29 23:15:12.666 10 INFO neutron.api.wsgi [None req-c74c6665-ac5a-4428-abb1-257c88774f05 666683ce59f74e418ed9ee95f283e509 ff43a2eefa8043f9acb8f3e64b073de8 - - default default] 10.0.0.115 "GET /v2.0/security-groups?tenant_id=fa1a8090df5a40ecb2984923c7f20b3a&name=default HTTP/1.1" status: 200 len: 3120 time: 0.2283525
2026-05-29 23:15:12.833 10 INFO neutron.db.ovn_revision_numbers_db [None req-22e815ba-7812-466a-9f06-dc13315f795e 666683ce59f74e418ed9ee95f283e509 ff43a2eefa8043f9acb8f3e64b073de8 - - default default] Successfully bumped revision number for resource c3671e9d-d865-4566-950c-6880a3b2f68d (type: security_groups) to 1
2026-05-29 23:15:12.850 10 INFO neutron.db.ovn_revision_numbers_db [None req-22e815ba-7812-466a-9f06-dc13315f795e 666683ce59f74e418ed9ee95f283e509 ff43a2eefa8043f9acb8f3e64b073de8 - - default default] Successfully bumped revision number for resource 5b5ef14a-ccca-4bb6-b07f-ce60015a697f (type: security_group_rules) to 0
2026-05-29 23:15:12.863 10 INFO neutron.db.ovn_revision_numbers_db [None req-22e815ba-7812-466a-9f06-dc13315f795e 666683ce59f74e418ed9ee95f283e509 ff43a2eefa8043f9acb8f3e64b073de8 - - default default] Successfully bumped revision number for resource 694fccde-25e4-419e-9c6d-a3ffd0cdc5f8 (type: security_group_rules) to 0
2026-05-29 23:15:12.876 10 INFO neutron.db.ovn_revision_numbers_db [None req-22e815ba-7812-466a-9f06-dc13315f795e 666683ce59f74e418ed9ee95f283e509 ff43a2eefa8043f9acb8f3e64b073de8 - - default default] Successfully bumped revision number for resource a7aa5836-17d6-4a47-a419-332e14ab13d5 (type: security_group_rules) to 0
2026-05-29 23:15:12.892 10 INFO neutron.api.wsgi [None req-e7d1ca0e-3d6b-49ee-b16f-df9ae6a460da 666683ce59f74e418ed9ee95f283e509 ff43a2eefa8043f9acb8f3e64b073de8 - - default default] 10.0.0.115 "DELETE /v2.0/security-groups/495b6158-5316-46e6-ae87-333d20fa5ef9 HTTP/1.1" status: 204 len: 168 time: 0.2225256
2026-05-29 23:15:12.893 10 INFO neutron.db.ovn_revision_numbers_db [None req-22e815ba-7812-466a-9f06-dc13315f795e 666683ce59f74e418ed9ee95f283e509 ff43a2eefa8043f9acb8f3e64b073de8 - - default default] Successfully bumped revision number for resource ea399328-0aa8-443d-8949-509bfcc08c4e (type: security_group_rules) to 0
2026-05-29 23:15:12.931 10 INFO neutron.api.wsgi [None req-22e815ba-7812-466a-9f06-dc13315f795e 666683ce59f74e418ed9ee95f283e509 ff43a2eefa8043f9acb8f3e64b073de8 - - default default] 10.0.0.115 "GET /v2.0/security-groups?tenant_id=4f03a3d17ac24554af3550f65b2b727f&name=default HTTP/1.1" status: 200 len: 3120 time: 0.3293271
2026-05-29 23:15:13.132 10 INFO neutron.api.wsgi [None req-f53c7be8-0dc7-43a8-9aaf-2698dd59be26 666683ce59f74e418ed9ee95f283e509 ff43a2eefa8043f9acb8f3e64b073de8 - - default default] 10.0.0.115 "DELETE /v2.0/security-groups/c3671e9d-d865-4566-950c-6880a3b2f68d HTTP/1.1" status: 204 len: 168 time: 0.1964216
2026-05-29 23:15:13.390 10 INFO neutron.db.ovn_revision_numbers_db [None req-33b550ab-a8f8-4ba6-960d-85c482c1bd79 666683ce59f74e418ed9ee95f283e509 ff43a2eefa8043f9acb8f3e64b073de8 - - default default] Successfully bumped revision number for resource 4d63d9fe-a717-40ad-8a0e-2aedbd3b303c (type: security_groups) to 1
2026-05-29 23:15:13.404 10 INFO neutron.db.ovn_revision_numbers_db [None req-33b550ab-a8f8-4ba6-960d-85c482c1bd79 666683ce59f74e418ed9ee95f283e509 ff43a2eefa8043f9acb8f3e64b073de8 - - default default] Successfully bumped revision number for resource 01eea5cb-188f-48e3-8c7c-c41857ed07a6 (type: security_group_rules) to 0
2026-05-29 23:15:13.429 10 INFO neutron.db.ovn_revision_numbers_db [None req-33b550ab-a8f8-4ba6-960d-85c482c1bd79 666683ce59f74e418ed9ee95f283e509 ff43a2eefa8043f9acb8f3e64b073de8 - - default default] Successfully bumped revision number for resource 5be410bd-d0de-417e-966d-c12bd6517724 (type: security_group_rules) to 0
