2026-05-29 23:13:41.103 10 INFO neutron.api.wsgi [None req-5b16eb1f-350a-482c-9dc1-12fa21228b17 666683ce59f74e418ed9ee95f283e509 ff43a2eefa8043f9acb8f3e64b073de8 - - default default] 10.0.0.115 "GET /v2.0/security-groups?tenant_id=813f0f75d4f34ba2a9842e7eb02e802b&name=default HTTP/1.1" status: 200 len: 3120 time: 0.4878905 /var/lib/openstack/lib/python3.12/site-packages/pycadf/identifier.py:71: UserWarning: Invalid uuid: neutron. To ensure interoperability, identifiers should be a valid uuid. warnings.warn(('Invalid uuid: %s. To ensure interoperability, '
2026-05-29 23:13:41.121 10 INFO neutron.db.ovn_revision_numbers_db [req-318af404-d4fb-4490-a662-ffebd150aceb req-eff5d215-21c8-4e6b-9074-90c194c4c49b 1bfa1840abe34f6aaec5d0e8b81466bc 62f1bd36b6c74dcbb63102f576d6c2a3 - - default default] Successfully bumped revision number for resource f7f18406-688a-4eb0-84db-d1875c88ba9b (type: ports) to 1
2026-05-29 23:13:41.170 10 INFO neutron.api.wsgi [req-318af404-d4fb-4490-a662-ffebd150aceb req-eff5d215-21c8-4e6b-9074-90c194c4c49b 1bfa1840abe34f6aaec5d0e8b81466bc 62f1bd36b6c74dcbb63102f576d6c2a3 - - default default] 199.204.45.95 "POST /v2.0/ports HTTP/1.1" status: 201 len: 1162 time: 0.5632889
2026-05-29 23:13:41.415 10 INFO neutron.api.wsgi [None req-ebab15d3-fda0-441f-abc3-2a1492091b7b 666683ce59f74e418ed9ee95f283e509 ff43a2eefa8043f9acb8f3e64b073de8 - - default default] 10.0.0.115 "DELETE /v2.0/security-groups/e75cd69a-c6bb-4161-b881-8e164dcf4dac HTTP/1.1" status: 204 len: 168 time: 0.3057406
2026-05-29 23:13:41.572 10 INFO neutron.db.ovn_revision_numbers_db [req-318af404-d4fb-4490-a662-ffebd150aceb req-12ce93ed-3977-49bf-9a6d-e39f6760dbf4 404a085e5dc04a73a07ed911e89adbb0 dbfd979046a24a26a3699b07287782c7 - - 45b280749b834deca4faf0a8d83b225b 45b280749b834deca4faf0a8d83b225b] Successfully bumped revision number for resource f7f18406-688a-4eb0-84db-d1875c88ba9b (type: ports) to 2
2026-05-29 23:13:41.788 10 INFO neutron.db.ovn_revision_numbers_db [req-318af404-d4fb-4490-a662-ffebd150aceb req-12ce93ed-3977-49bf-9a6d-e39f6760dbf4 404a085e5dc04a73a07ed911e89adbb0 dbfd979046a24a26a3699b07287782c7 - - 45b280749b834deca4faf0a8d83b225b 45b280749b834deca4faf0a8d83b225b] Successfully bumped revision number for resource f7f18406-688a-4eb0-84db-d1875c88ba9b (type: ports) to 4
2026-05-29 23:13:41.805 10 INFO neutron.api.wsgi [req-318af404-d4fb-4490-a662-ffebd150aceb req-12ce93ed-3977-49bf-9a6d-e39f6760dbf4 404a085e5dc04a73a07ed911e89adbb0 dbfd979046a24a26a3699b07287782c7 - - 45b280749b834deca4faf0a8d83b225b 45b280749b834deca4faf0a8d83b225b] 199.204.45.95 "PUT /v2.0/ports/f7f18406-688a-4eb0-84db-d1875c88ba9b HTTP/1.1" status: 200 len: 1408 time: 0.6292484 /var/lib/openstack/lib/python3.12/site-packages/pycadf/identifier.py:71: UserWarning: Invalid uuid: neutron. To ensure interoperability, identifiers should be a valid uuid. warnings.warn(('Invalid uuid: %s. To ensure interoperability, '
2026-05-29 23:13:41.901 10 INFO neutron.api.wsgi [req-65bed14b-e322-47b7-8ec0-dc99cc8b387f req-813d7d52-d9b3-4c40-8f5d-8c8aa9576f25 1bfa1840abe34f6aaec5d0e8b81466bc 62f1bd36b6c74dcbb63102f576d6c2a3 - - default default] 10.0.0.10 "GET /v2.0/ports?device_id=6cc569bc-cd63-4e12-9c30-313021f2a421 HTTP/1.1" status: 200 len: 1172 time: 0.0801001
2026-05-29 23:13:41.937 10 INFO neutron.api.wsgi [req-65bed14b-e322-47b7-8ec0-dc99cc8b387f req-1634ba0a-199e-47bb-9df3-893bb17ae498 1bfa1840abe34f6aaec5d0e8b81466bc 62f1bd36b6c74dcbb63102f576d6c2a3 - - default default] 10.0.0.10 "GET /v2.0/security-groups?id=7d36a114-ca07-4833-b2af-33c19a70d442&fields=id&fields=name HTTP/1.1" status: 200 len: 311 time: 0.0294888
2026-05-29 23:13:41.940 9 INFO neutron.api.wsgi [req-c3bc509e-5743-4678-bfcf-27965e7388f0 req-5943b3d1-7d8f-4ac2-8359-ae5208d2ddbd e3b3a9a0154a4856bfd589958c821375 dc3dcc6dd27445ff88713663c704b2ba - - default default] 10.0.0.10 "GET /v2.0/ports?device_id=d5223e61-cf67-4fb0-86bf-64055f2a1497 HTTP/1.1" status: 200 len: 1348 time: 0.0360641
2026-05-29 23:13:41.994 9 INFO neutron.api.wsgi [req-c3bc509e-5743-4678-bfcf-27965e7388f0 req-3a639338-0b82-45c9-a47e-eb9a271427a3 e3b3a9a0154a4856bfd589958c821375 dc3dcc6dd27445ff88713663c704b2ba - - default default] 10.0.0.10 "GET /v2.0/security-groups?id=f679af7d-e798-4198-84f1-960af4558fdf&fields=id&fields=name HTTP/1.1" status: 200 len: 312 time: 0.0500953
2026-05-29 23:13:42.111 10 INFO neutron.api.wsgi [req-2df7ff87-f5f8-468c-9571-751191fbe5e3 req-a980bd9e-6049-4c43-b433-42a2499a869b 404a085e5dc04a73a07ed911e89adbb0 dbfd979046a24a26a3699b07287782c7 - - 45b280749b834deca4faf0a8d83b225b 45b280749b834deca4faf0a8d83b225b] 199.204.45.95 "GET /v2.0/ports?tenant_id=dc3dcc6dd27445ff88713663c704b2ba&device_id=d5223e61-cf67-4fb0-86bf-64055f2a1497 HTTP/1.1" status: 200 len: 1586 time: 0.0315096
2026-05-29 23:13:42.154 10 INFO neutron.api.wsgi [req-2df7ff87-f5f8-468c-9571-751191fbe5e3 req-9b96f956-00ac-469b-94bc-50810f67a0a4 404a085e5dc04a73a07ed911e89adbb0 dbfd979046a24a26a3699b07287782c7 - - 45b280749b834deca4faf0a8d83b225b 45b280749b834deca4faf0a8d83b225b] 199.204.45.95 "GET /v2.0/networks?id=75aa3d52-eea6-4e9f-ae41-942110d2881d HTTP/1.1" status: 200 len: 981 time: 0.0374682
2026-05-29 23:13:42.185 10 INFO neutron.api.wsgi [req-2df7ff87-f5f8-468c-9571-751191fbe5e3 req-c40fa3ef-df7e-4e8c-8225-f79c71a3d090 404a085e5dc04a73a07ed911e89adbb0 dbfd979046a24a26a3699b07287782c7 - - 45b280749b834deca4faf0a8d83b225b 45b280749b834deca4faf0a8d83b225b] 199.204.45.95 "GET /v2.0/floatingips?fixed_ip_address=10.100.0.5&port_id=775b91b8-1fcd-4285-a33c-6d81da5643f4 HTTP/1.1" status: 200 len: 1059 time: 0.0278170
2026-05-29 23:13:42.207 10 INFO neutron.api.wsgi [req-2df7ff87-f5f8-468c-9571-751191fbe5e3 req-9236248c-45f8-4665-8d71-3974061aa8cb 404a085e5dc04a73a07ed911e89adbb0 dbfd979046a24a26a3699b07287782c7 - - 45b280749b834deca4faf0a8d83b225b 45b280749b834deca4faf0a8d83b225b] 199.204.45.95 "GET /v2.0/floatingips?fixed_ip_address=10.100.0.7&port_id=775b91b8-1fcd-4285-a33c-6d81da5643f4 HTTP/1.1" status: 200 len: 217 time: 0.0185316
2026-05-29 23:13:42.234 10 INFO neutron.api.wsgi [req-2df7ff87-f5f8-468c-9571-751191fbe5e3 req-d086b423-2da1-459b-b1b7-6300706ee292 404a085e5dc04a73a07ed911e89adbb0 dbfd979046a24a26a3699b07287782c7 - - 45b280749b834deca4faf0a8d83b225b 45b280749b834deca4faf0a8d83b225b] 199.204.45.95 "GET /v2.0/subnets?id=d7ae7dc5-ef5a-4689-b7dd-fcffd06529da HTTP/1.1" status: 200 len: 900 time: 0.0230947
2026-05-29 23:13:42.254 10 INFO neutron.api.wsgi [req-2df7ff87-f5f8-468c-9571-751191fbe5e3 req-22c4d8cc-e19d-4bf2-8213-744b4eac1d34 404a085e5dc04a73a07ed911e89adbb0 dbfd979046a24a26a3699b07287782c7 - - 45b280749b834deca4faf0a8d83b225b 45b280749b834deca4faf0a8d83b225b] 199.204.45.95 "GET /v2.0/ports?network_id=75aa3d52-eea6-4e9f-ae41-942110d2881d&device_owner=network%3Adhcp HTTP/1.1" status: 200 len: 210 time: 0.0167267
2026-05-29 23:13:42.299 10 INFO neutron.api.wsgi [req-2df7ff87-f5f8-468c-9571-751191fbe5e3 req-5d491530-f729-48cc-b117-72a07dc65f22 404a085e5dc04a73a07ed911e89adbb0 dbfd979046a24a26a3699b07287782c7 - - 45b280749b834deca4faf0a8d83b225b 45b280749b834deca4faf0a8d83b225b] 199.204.45.95 "GET /v2.0/networks/75aa3d52-eea6-4e9f-ae41-942110d2881d?fields=segments HTTP/1.1" status: 200 len: 212 time: 0.0403471
2026-05-29 23:13:42.308 10 INFO neutron.notifiers.nova [-] Nova event matching ['req-3af5b7e8-dd53-4cf2-9de8-fc5a85ea93aa'] response: {'name': 'network-changed', 'server_uuid': '6cc569bc-cd63-4e12-9c30-313021f2a421', 'tag': 'f7f18406-688a-4eb0-84db-d1875c88ba9b', 'status': 'completed', 'code': 200}
2026-05-29 23:13:42.340 10 INFO neutron.api.wsgi [req-2df7ff87-f5f8-468c-9571-751191fbe5e3 req-b3603598-809a-4482-b560-e19d623fa816 404a085e5dc04a73a07ed911e89adbb0 dbfd979046a24a26a3699b07287782c7 - - 45b280749b834deca4faf0a8d83b225b 45b280749b834deca4faf0a8d83b225b] 199.204.45.95 "GET /v2.0/networks/75aa3d52-eea6-4e9f-ae41-942110d2881d?fields=provider%3Aphysical_network&fields=provider%3Anetwork_type HTTP/1.1" status: 200 len: 277 time: 0.0373011
2026-05-29 23:13:42.856 10 INFO neutron.api.wsgi [req-fe973770-c62f-4476-be1a-bebfc7d681cc req-1db902ae-8712-41f3-91fe-2ced2aeb7ed2 404a085e5dc04a73a07ed911e89adbb0 dbfd979046a24a26a3699b07287782c7 - - 45b280749b834deca4faf0a8d83b225b 45b280749b834deca4faf0a8d83b225b] 199.204.45.95 "GET /v2.0/ports?tenant_id=62f1bd36b6c74dcbb63102f576d6c2a3&device_id=6cc569bc-cd63-4e12-9c30-313021f2a421 HTTP/1.1" status: 200 len: 1411 time: 0.0388811
2026-05-29 23:13:42.908 9 INFO neutron.api.wsgi [req-f48486c2-e33c-4d64-91f5-5be4009c01ab req-7a2a079c-cf74-4ef5-92ad-895e6bb389ea e3b3a9a0154a4856bfd589958c821375 dc3dcc6dd27445ff88713663c704b2ba - - default default] 199.204.45.95 "GET /v2.0/ports?device_id=d5223e61-cf67-4fb0-86bf-64055f2a1497&device_owner=compute%3Anova&fixed_ips=ip_address%3D10.100.0.7 HTTP/1.1" status: 200 len: 1348 time: 0.0585985
2026-05-29 23:13:42.925 10 INFO neutron.api.wsgi [req-fe973770-c62f-4476-be1a-bebfc7d681cc req-bde2bbf2-ea4a-45e4-867d-e3816e10c40c 404a085e5dc04a73a07ed911e89adbb0 dbfd979046a24a26a3699b07287782c7 - - 45b280749b834deca4faf0a8d83b225b 45b280749b834deca4faf0a8d83b225b] 199.204.45.95 "GET /v2.0/networks?tenant_id=62f1bd36b6c74dcbb63102f576d6c2a3&shared=False HTTP/1.1" status: 200 len: 966 time: 0.0657876
2026-05-29 23:13:43.009 10 INFO neutron.api.wsgi [req-fe973770-c62f-4476-be1a-bebfc7d681cc req-fcde79e4-a2a1-4cc4-89be-c074b7bd0c04 404a085e5dc04a73a07ed911e89adbb0 dbfd979046a24a26a3699b07287782c7 - - 45b280749b834deca4faf0a8d83b225b 45b280749b834deca4faf0a8d83b225b] 199.204.45.95 "GET /v2.0/networks?shared=True HTTP/1.1" status: 200 len: 952 time: 0.0773976
2026-05-29 23:13:43.086 9 INFO neutron.api.wsgi [req-46c67154-401d-410e-9aef-4cb5bf72f0d0 req-690c65a3-e066-4786-b84c-a8c914c0d79c 1bfa1840abe34f6aaec5d0e8b81466bc 62f1bd36b6c74dcbb63102f576d6c2a3 - - default default] 10.0.0.10 "GET /v2.0/ports?device_id=6cc569bc-cd63-4e12-9c30-313021f2a421 HTTP/1.1" status: 200 len: 1172 time: 0.0725808
2026-05-29 23:13:43.127 9 INFO neutron.api.wsgi [req-46c67154-401d-410e-9aef-4cb5bf72f0d0 req-4df88b53-40aa-4c37-a6bd-f1af0d8695ee 1bfa1840abe34f6aaec5d0e8b81466bc 62f1bd36b6c74dcbb63102f576d6c2a3 - - default default] 10.0.0.10 "GET /v2.0/security-groups?id=7d36a114-ca07-4833-b2af-33c19a70d442&fields=id&fields=name HTTP/1.1" status: 200 len: 311 time: 0.0345685
2026-05-29 23:13:43.583 9 INFO neutron.db.ovn_revision_numbers_db [req-f48486c2-e33c-4d64-91f5-5be4009c01ab req-f7fd2d62-c093-4b88-8c89-89bbdef5663e e3b3a9a0154a4856bfd589958c821375 dc3dcc6dd27445ff88713663c704b2ba - - default default] Successfully bumped revision number for resource 775b91b8-1fcd-4285-a33c-6d81da5643f4 (type: ports) to 7
2026-05-29 23:13:43.594 9 INFO neutron.api.wsgi [req-f48486c2-e33c-4d64-91f5-5be4009c01ab req-f7fd2d62-c093-4b88-8c89-89bbdef5663e e3b3a9a0154a4856bfd589958c821375 dc3dcc6dd27445ff88713663c704b2ba - - default default] 199.204.45.95 "PUT /v2.0/ports/775b91b8-1fcd-4285-a33c-6d81da5643f4 HTTP/1.1" status: 200 len: 1167 time: 0.6803901 /var/lib/openstack/lib/python3.12/site-packages/pycadf/identifier.py:71: UserWarning: Invalid uuid: neutron. To ensure interoperability, identifiers should be a valid uuid. warnings.warn(('Invalid uuid: %s. To ensure interoperability, '
2026-05-29 23:13:44.068 9 INFO neutron.api.wsgi [req-318af404-d4fb-4490-a662-ffebd150aceb req-7f0bb9dc-8f77-46b5-8b76-7f37fb9ce543 404a085e5dc04a73a07ed911e89adbb0 dbfd979046a24a26a3699b07287782c7 - - 45b280749b834deca4faf0a8d83b225b 45b280749b834deca4faf0a8d83b225b] 199.204.45.95 "GET /v2.0/ports?tenant_id=62f1bd36b6c74dcbb63102f576d6c2a3&device_id=6cc569bc-cd63-4e12-9c30-313021f2a421 HTTP/1.1" status: 200 len: 1411 time: 0.0403192
2026-05-29 23:13:44.094 9 INFO neutron.notifiers.nova [-] Nova event matching ['req-06ee44ed-974e-4c19-a4cf-5b93fa6449dd'] response: {'name': 'network-changed', 'server_uuid': 'd5223e61-cf67-4fb0-86bf-64055f2a1497', 'tag': '775b91b8-1fcd-4285-a33c-6d81da5643f4', 'status': 'completed', 'code': 200}
2026-05-29 23:13:44.097 9 INFO neutron.api.wsgi [req-318af404-d4fb-4490-a662-ffebd150aceb req-0514fdb2-f6e3-47c6-8a18-7e4754128369 404a085e5dc04a73a07ed911e89adbb0 dbfd979046a24a26a3699b07287782c7 - - 45b280749b834deca4faf0a8d83b225b 45b280749b834deca4faf0a8d83b225b] 199.204.45.95 "GET /v2.0/floatingips?fixed_ip_address=10.100.0.13&port_id=f7f18406-688a-4eb0-84db-d1875c88ba9b HTTP/1.1" status: 200 len: 217 time: 0.0235789
2026-05-29 23:13:44.136 9 INFO neutron.api.wsgi [req-318af404-d4fb-4490-a662-ffebd150aceb req-433727c5-c8de-4ef8-9c20-3c8a2c928874 404a085e5dc04a73a07ed911e89adbb0 dbfd979046a24a26a3699b07287782c7 - - 45b280749b834deca4faf0a8d83b225b 45b280749b834deca4faf0a8d83b225b] 199.204.45.95 "GET /v2.0/subnets?id=1c9b1a58-e620-4c1f-90bf-111d2371f543 HTTP/1.1" status: 200 len: 886 time: 0.0297444
2026-05-29 23:13:44.157 10 INFO neutron.api.wsgi [req-f48486c2-e33c-4d64-91f5-5be4009c01ab req-1c418baa-f06d-4eb4-a280-4c422e338ca0 404a085e5dc04a73a07ed911e89adbb0 dbfd979046a24a26a3699b07287782c7 - - 45b280749b834deca4faf0a8d83b225b 45b280749b834deca4faf0a8d83b225b] 199.204.45.95 "GET /v2.0/ports?tenant_id=dc3dcc6dd27445ff88713663c704b2ba&device_id=d5223e61-cf67-4fb0-86bf-64055f2a1497 HTTP/1.1" status: 200 len: 1409 time: 0.0502245
2026-05-29 23:13:44.163 9 INFO neutron.api.wsgi [req-318af404-d4fb-4490-a662-ffebd150aceb req-97652812-c587-4b5c-9764-cfcd5fe77dfb 404a085e5dc04a73a07ed911e89adbb0 dbfd979046a24a26a3699b07287782c7 - - 45b280749b834deca4faf0a8d83b225b 45b280749b834deca4faf0a8d83b225b] 199.204.45.95 "GET /v2.0/ports?network_id=8995455f-ef22-441a-a0e4-ba6e94197939&device_owner=network%3Adhcp HTTP/1.1" status: 200 len: 210 time: 0.0207994
2026-05-29 23:13:44.218 9 INFO neutron.api.wsgi [req-318af404-d4fb-4490-a662-ffebd150aceb req-65a9e3d3-8077-4efd-8616-0c1a1cfee38a 404a085e5dc04a73a07ed911e89adbb0 dbfd979046a24a26a3699b07287782c7 - - 45b280749b834deca4faf0a8d83b225b 45b280749b834deca4faf0a8d83b225b] 199.204.45.95 "GET /v2.0/networks/8995455f-ef22-441a-a0e4-ba6e94197939?fields=segments HTTP/1.1" status: 200 len: 212 time: 0.0513108
2026-05-29 23:13:44.226 10 INFO neutron.api.wsgi [req-06eb45c3-1b1f-4f89-94e4-8128896064f1 req-fcf49985-2a2a-48fa-901a-4cff0df85fa0 1bfa1840abe34f6aaec5d0e8b81466bc 62f1bd36b6c74dcbb63102f576d6c2a3 - - default default] 10.0.0.10 "GET /v2.0/ports?device_id=6cc569bc-cd63-4e12-9c30-313021f2a421 HTTP/1.1" status: 200 len: 1172 time: 0.0376859
2026-05-29 23:13:44.244 10 INFO neutron.api.wsgi [req-f48486c2-e33c-4d64-91f5-5be4009c01ab req-54b21923-a162-4174-b099-2534d9ccf78d 404a085e5dc04a73a07ed911e89adbb0 dbfd979046a24a26a3699b07287782c7 - - 45b280749b834deca4faf0a8d83b225b 45b280749b834deca4faf0a8d83b225b] 199.204.45.95 "GET /v2.0/networks?id=75aa3d52-eea6-4e9f-ae41-942110d2881d HTTP/1.1" status: 200 len: 981 time: 0.0820158
2026-05-29 23:13:44.277 9 INFO neutron.api.wsgi [req-318af404-d4fb-4490-a662-ffebd150aceb req-61a4458c-68d5-49c9-a5bf-21de78c3c65d 404a085e5dc04a73a07ed911e89adbb0 dbfd979046a24a26a3699b07287782c7 - - 45b280749b834deca4faf0a8d83b225b 45b280749b834deca4faf0a8d83b225b] 199.204.45.95 "GET /v2.0/networks/8995455f-ef22-441a-a0e4-ba6e94197939?fields=provider%3Aphysical_network&fields=provider%3Anetwork_type HTTP/1.1" status: 200 len: 277 time: 0.0514903
2026-05-29 23:13:44.288 10 INFO neutron.api.wsgi [req-06eb45c3-1b1f-4f89-94e4-8128896064f1 req-38065e89-4aa1-42a7-b307-d86dbd1ad565 1bfa1840abe34f6aaec5d0e8b81466bc 62f1bd36b6c74dcbb63102f576d6c2a3 - - default default] 10.0.0.10 "GET /v2.0/security-groups?id=7d36a114-ca07-4833-b2af-33c19a70d442&fields=id&fields=name HTTP/1.1" status: 200 len: 311 time: 0.0556421
2026-05-29 23:13:44.294 10 INFO neutron.api.wsgi [req-f48486c2-e33c-4d64-91f5-5be4009c01ab req-2a052da2-75f2-42a1-8e7f-b1c348357458 404a085e5dc04a73a07ed911e89adbb0 dbfd979046a24a26a3699b07287782c7 - - 45b280749b834deca4faf0a8d83b225b 45b280749b834deca4faf0a8d83b225b] 199.204.45.95 "GET /v2.0/floatingips?fixed_ip_address=10.100.0.5&port_id=775b91b8-1fcd-4285-a33c-6d81da5643f4 HTTP/1.1" status: 200 len: 1059 time: 0.0425868
2026-05-29 23:13:44.334 10 INFO neutron.api.wsgi [req-f48486c2-e33c-4d64-91f5-5be4009c01ab req-a5110c84-be93-42c3-ba40-b3a309879b8d 404a085e5dc04a73a07ed911e89adbb0 dbfd979046a24a26a3699b07287782c7 - - 45b280749b834deca4faf0a8d83b225b 45b280749b834deca4faf0a8d83b225b] 199.204.45.95 "GET /v2.0/subnets?id=d7ae7dc5-ef5a-4689-b7dd-fcffd06529da HTTP/1.1" status: 200 len: 900 time: 0.0304577
2026-05-29 23:13:44.361 10 INFO neutron.api.wsgi [req-f48486c2-e33c-4d64-91f5-5be4009c01ab req-b2b508d2-09ec-4eb3-bea0-ae3714756d4c 404a085e5dc04a73a07ed911e89adbb0 dbfd979046a24a26a3699b07287782c7 - - 45b280749b834deca4faf0a8d83b225b 45b280749b834deca4faf0a8d83b225b] 199.204.45.95 "GET /v2.0/ports?network_id=75aa3d52-eea6-4e9f-ae41-942110d2881d&device_owner=network%3Adhcp HTTP/1.1" status: 200 len: 210 time: 0.0168321
2026-05-29 23:13:44.409 10 INFO neutron.api.wsgi [req-f48486c2-e33c-4d64-91f5-5be4009c01ab req-2a612c3e-e06d-44d9-8541-cab5531aeb05 404a085e5dc04a73a07ed911e89adbb0 dbfd979046a24a26a3699b07287782c7 - - 45b280749b834deca4faf0a8d83b225b 45b280749b834deca4faf0a8d83b225b] 199.204.45.95 "GET /v2.0/networks/75aa3d52-eea6-4e9f-ae41-942110d2881d?fields=segments HTTP/1.1" status: 200 len: 212 time: 0.0412052
2026-05-29 23:13:44.461 10 INFO neutron.api.wsgi [req-f48486c2-e33c-4d64-91f5-5be4009c01ab req-76fe9311-ac7e-4344-9c35-4d1fc7e09842 404a085e5dc04a73a07ed911e89adbb0 dbfd979046a24a26a3699b07287782c7 - - 45b280749b834deca4faf0a8d83b225b 45b280749b834deca4faf0a8d83b225b] 199.204.45.95 "GET /v2.0/networks/75aa3d52-eea6-4e9f-ae41-942110d2881d?fields=provider%3Aphysical_network&fields=provider%3Anetwork_type HTTP/1.1" status: 200 len: 277 time: 0.0471802
2026-05-29 23:13:45.085 9 INFO neutron.db.ovn_revision_numbers_db [None req-577a35cc-acd0-43f0-871b-69fd1d283c31 666683ce59f74e418ed9ee95f283e509 ff43a2eefa8043f9acb8f3e64b073de8 - - default default] Successfully bumped revision number for resource d6a31b43-a7b2-4260-b537-5f77ac98132b (type: security_groups) to 1
2026-05-29 23:13:45.087 9 INFO neutron.db.ovn_revision_numbers_db [None req-ce2a8dbb-4cf6-42a6-ad15-66ef26470e10 666683ce59f74e418ed9ee95f283e509 ff43a2eefa8043f9acb8f3e64b073de8 - - default default] Successfully bumped revision number for resource df4818d8-1adc-4cc6-9b36-81691e6a5a62 (type: security_groups) to 1
2026-05-29 23:13:45.099 9 INFO neutron.db.ovn_revision_numbers_db [None req-577a35cc-acd0-43f0-871b-69fd1d283c31 666683ce59f74e418ed9ee95f283e509 ff43a2eefa8043f9acb8f3e64b073de8 - - default default] Successfully bumped revision number for resource 1c3a3cf6-5f52-40a6-b89b-fa0b050b361c (type: security_group_rules) to 0
2026-05-29 23:13:45.103 9 INFO neutron.db.ovn_revision_numbers_db [None req-ce2a8dbb-4cf6-42a6-ad15-66ef26470e10 666683ce59f74e418ed9ee95f283e509 ff43a2eefa8043f9acb8f3e64b073de8 - - default default] Successfully bumped revision number for resource 3fc35424-80c7-4cd6-9e24-107e839d2f39 (type: security_group_rules) to 0
2026-05-29 23:13:45.121 9 INFO neutron.db.ovn_revision_numbers_db [None req-577a35cc-acd0-43f0-871b-69fd1d283c31 666683ce59f74e418ed9ee95f283e509 ff43a2eefa8043f9acb8f3e64b073de8 - - default default] Successfully bumped revision number for resource 21bef672-581b-4656-99d0-4d160ea5db62 (type: security_group_rules) to 0
2026-05-29 23:13:45.128 9 INFO neutron.db.ovn_revision_numbers_db [None req-ce2a8dbb-4cf6-42a6-ad15-66ef26470e10 666683ce59f74e418ed9ee95f283e509 ff43a2eefa8043f9acb8f3e64b073de8 - - default default] Successfully bumped revision number for resource 63bfa987-93e5-4c5b-b86a-bface4f0799f (type: security_group_rules) to 0
2026-05-29 23:13:45.134 9 INFO neutron.db.ovn_revision_numbers_db [None req-577a35cc-acd0-43f0-871b-69fd1d283c31 666683ce59f74e418ed9ee95f283e509 ff43a2eefa8043f9acb8f3e64b073de8 - - default default] Successfully bumped revision number for resource 2c2d4971-88ae-4311-989a-9ef8d9bc176c (type: security_group_rules) to 0
2026-05-29 23:13:45.141 9 INFO neutron.db.ovn_revision_numbers_db [None req-ce2a8dbb-4cf6-42a6-ad15-66ef26470e10 666683ce59f74e418ed9ee95f283e509 ff43a2eefa8043f9acb8f3e64b073de8 - - default default] Successfully bumped revision number for resource 9f6101c5-60e6-4c81-b968-305399191798 (type: security_group_rules) to 0
2026-05-29 23:13:45.147 9 INFO neutron.db.ovn_revision_numbers_db [None req-577a35cc-acd0-43f0-871b-69fd1d283c31 666683ce59f74e418ed9ee95f283e509 ff43a2eefa8043f9acb8f3e64b073de8 - - default default] Successfully bumped revision number for resource acada451-34e8-4b0a-b9ed-f2bf1278ae0b (type: security_group_rules) to 0
2026-05-29 23:13:45.156 9 INFO neutron.db.ovn_revision_numbers_db [None req-ce2a8dbb-4cf6-42a6-ad15-66ef26470e10 666683ce59f74e418ed9ee95f283e509 ff43a2eefa8043f9acb8f3e64b073de8 - - default default] Successfully bumped revision number for resource e6d13571-14c9-4cbd-96be-dea700451e21 (type: security_group_rules) to 0
2026-05-29 23:13:45.187 9 INFO neutron.api.wsgi [None req-577a35cc-acd0-43f0-871b-69fd1d283c31 666683ce59f74e418ed9ee95f283e509 ff43a2eefa8043f9acb8f3e64b073de8 - - default default] 10.0.0.115 "GET /v2.0/security-groups?tenant_id=52bfda6dc19b4ea2a50bcd674c87a625&name=default HTTP/1.1" status: 200 len: 3120 time: 0.3151062
2026-05-29 23:13:45.197 9 INFO neutron.api.wsgi [None req-ce2a8dbb-4cf6-42a6-ad15-66ef26470e10 666683ce59f74e418ed9ee95f283e509 ff43a2eefa8043f9acb8f3e64b073de8 - - default default] 10.0.0.115 "GET /v2.0/security-groups?tenant_id=20a4a4a2d2924a23ada12b024674119c&name=default HTTP/1.1" status: 200 len: 3120 time: 0.3890038
2026-05-29 23:13:45.401 9 INFO neutron.api.wsgi [req-29206659-e249-4cd9-b028-1080eb5b9996 req-e760ff53-ce25-41c5-9bfb-f5b7e709a2a6 1bfa1840abe34f6aaec5d0e8b81466bc 62f1bd36b6c74dcbb63102f576d6c2a3 - - default default] 10.0.0.10 "GET /v2.0/ports?device_id=6cc569bc-cd63-4e12-9c30-313021f2a421 HTTP/1.1" status: 200 len: 1172 time: 0.0407870
2026-05-29 23:13:45.433 9 INFO neutron.api.wsgi [req-29206659-e249-4cd9-b028-1080eb5b9996 req-0ddd8e19-8597-443d-a674-1c240744ffb2 1bfa1840abe34f6aaec5d0e8b81466bc 62f1bd36b6c74dcbb63102f576d6c2a3 - - default default] 10.0.0.10 "GET /v2.0/security-groups?id=7d36a114-ca07-4833-b2af-33c19a70d442&fields=id&fields=name HTTP/1.1" status: 200 len: 311 time: 0.0269773
2026-05-29 23:13:45.459 10 INFO neutron.api.wsgi [req-3e91c874-6ef4-4ace-8c9d-9fbbf4c8de28 req-3d58c4a7-e618-4a3c-94da-95b84d3e153b e3b3a9a0154a4856bfd589958c821375 dc3dcc6dd27445ff88713663c704b2ba - - default default] 10.0.0.10 "GET /v2.0/ports?device_id=d5223e61-cf67-4fb0-86bf-64055f2a1497 HTTP/1.1" status: 200 len: 1170 time: 0.0747979
2026-05-29 23:13:45.481 9 INFO neutron.api.wsgi [None req-dc2a1c42-6ef7-40a5-b4cc-6ca6f4ffb00a 666683ce59f74e418ed9ee95f283e509 ff43a2eefa8043f9acb8f3e64b073de8 - - default default] 10.0.0.115 "DELETE /v2.0/security-groups/df4818d8-1adc-4cc6-9b36-81691e6a5a62 HTTP/1.1" status: 204 len: 168 time: 0.2791479
2026-05-29 23:13:45.518 10 INFO neutron.api.wsgi [req-f13ac1f7-dd22-4eb8-9983-88e1b4fe26da req-d1107c22-e766-4a52-94cb-c5a58f16c1ad 404a085e5dc04a73a07ed911e89adbb0 dbfd979046a24a26a3699b07287782c7 - - 45b280749b834deca4faf0a8d83b225b 45b280749b834deca4faf0a8d83b225b] 199.204.45.95 "GET /v2.0/ports?tenant_id=dc3dcc6dd27445ff88713663c704b2ba&device_id=d5223e61-cf67-4fb0-86bf-64055f2a1497 HTTP/1.1" status: 200 len: 1409 time: 0.0396142
2026-05-29 23:13:45.521 10 INFO neutron.api.wsgi [req-3e91c874-6ef4-4ace-8c9d-9fbbf4c8de28 req-8e8eb0e5-660f-4e5a-966d-2d5697028e44 e3b3a9a0154a4856bfd589958c821375 dc3dcc6dd27445ff88713663c704b2ba - - default default] 10.0.0.10 "GET /v2.0/security-groups?id=f679af7d-e798-4198-84f1-960af4558fdf&fields=id&fields=name HTTP/1.1" status: 200 len: 312 time: 0.0556071
2026-05-29 23:13:45.528 10 INFO neutron.api.wsgi [None req-102deb11-a733-4160-91cb-3e7459afc1ed 666683ce59f74e418ed9ee95f283e509 ff43a2eefa8043f9acb8f3e64b073de8 - - default default] 10.0.0.115 "DELETE /v2.0/security-groups/d6a31b43-a7b2-4260-b537-5f77ac98132b HTTP/1.1" status: 204 len: 168 time: 0.3357043
2026-05-29 23:13:45.563 10 INFO neutron.api.wsgi [req-f13ac1f7-dd22-4eb8-9983-88e1b4fe26da req-9efd8082-1794-4b38-80c1-1363afe6e1fb 404a085e5dc04a73a07ed911e89adbb0 dbfd979046a24a26a3699b07287782c7 - - 45b280749b834deca4faf0a8d83b225b 45b280749b834deca4faf0a8d83b225b] 199.204.45.95 "GET /v2.0/networks?id=75aa3d52-eea6-4e9f-ae41-942110d2881d HTTP/1.1" status: 200 len: 981 time: 0.0384011
2026-05-29 23:13:45.606 10 INFO neutron.api.wsgi [req-f13ac1f7-dd22-4eb8-9983-88e1b4fe26da req-26e1323e-f368-497c-b0a9-13f0b794db30 404a085e5dc04a73a07ed911e89adbb0 dbfd979046a24a26a3699b07287782c7 - - 45b280749b834deca4faf0a8d83b225b 45b280749b834deca4faf0a8d83b225b] 199.204.45.95 "GET /v2.0/floatingips?fixed_ip_address=10.100.0.5&port_id=775b91b8-1fcd-4285-a33c-6d81da5643f4 HTTP/1.1" status: 200 len: 1059 time: 0.0379159
2026-05-29 23:13:45.635 10 INFO neutron.api.wsgi [req-f13ac1f7-dd22-4eb8-9983-88e1b4fe26da req-ae9a2f35-cb73-48a3-8670-3ec7b049c55e 404a085e5dc04a73a07ed911e89adbb0 dbfd979046a24a26a3699b07287782c7 - - 45b280749b834deca4faf0a8d83b225b 45b280749b834deca4faf0a8d83b225b] 199.204.45.95 "GET /v2.0/subnets?id=d7ae7dc5-ef5a-4689-b7dd-fcffd06529da HTTP/1.1" status: 200 len: 900 time: 0.0227454
2026-05-29 23:13:45.657 10 INFO neutron.api.wsgi [req-f13ac1f7-dd22-4eb8-9983-88e1b4fe26da req-fc717f17-83d3-40db-b6b4-a8d1a414bf6c 404a085e5dc04a73a07ed911e89adbb0 dbfd979046a24a26a3699b07287782c7 - - 45b280749b834deca4faf0a8d83b225b 45b280749b834deca4faf0a8d83b225b] 199.204.45.95 "GET /v2.0/ports?network_id=75aa3d52-eea6-4e9f-ae41-942110d2881d&device_owner=network%3Adhcp HTTP/1.1" status: 200 len: 210 time: 0.0166364
2026-05-29 23:13:45.703 10 INFO neutron.api.wsgi [req-f13ac1f7-dd22-4eb8-9983-88e1b4fe26da req-20913e31-9186-4770-98e9-ab02d94293c1 404a085e5dc04a73a07ed911e89adbb0 dbfd979046a24a26a3699b07287782c7 - - 45b280749b834deca4faf0a8d83b225b 45b280749b834deca4faf0a8d83b225b] 199.204.45.95 "GET /v2.0/networks/75aa3d52-eea6-4e9f-ae41-942110d2881d?fields=segments HTTP/1.1" status: 200 len: 212 time: 0.0416574
2026-05-29 23:13:45.756 10 INFO neutron.api.wsgi [req-f13ac1f7-dd22-4eb8-9983-88e1b4fe26da req-109b7f46-825a-4682-af80-9d6c4fd89017 404a085e5dc04a73a07ed911e89adbb0 dbfd979046a24a26a3699b07287782c7 - - 45b280749b834deca4faf0a8d83b225b 45b280749b834deca4faf0a8d83b225b] 199.204.45.95 "GET /v2.0/networks/75aa3d52-eea6-4e9f-ae41-942110d2881d?fields=provider%3Aphysical_network&fields=provider%3Anetwork_type HTTP/1.1" status: 200 len: 277 time: 0.0489371
2026-05-29 23:13:45.788 9 INFO neutron.db.ovn_revision_numbers_db [None req-87da9450-55ef-4540-a35f-ed4842e4cd5e 666683ce59f74e418ed9ee95f283e509 ff43a2eefa8043f9acb8f3e64b073de8 - - default default] Successfully bumped revision number for resource e6533f36-7d83-48ea-bfb0-1bc3e473c3b0 (type: security_groups) to 1
2026-05-29 23:13:45.801 9 INFO neutron.db.ovn_revision_numbers_db [None req-87da9450-55ef-4540-a35f-ed4842e4cd5e 666683ce59f74e418ed9ee95f283e509 ff43a2eefa8043f9acb8f3e64b073de8 - - default default] Successfully bumped revision number for resource 00e0d892-fcde-4e30-8a3e-952da65eb5bf (type: security_group_rules) to 0
2026-05-29 23:13:45.814 9 INFO neutron.db.ovn_revision_numbers_db [None req-87da9450-55ef-4540-a35f-ed4842e4cd5e 666683ce59f74e418ed9ee95f283e509 ff43a2eefa8043f9acb8f3e64b073de8 - - default default] Successfully bumped revision number for resource 6be476bf-5a83-4fed-9e7d-15788bd8f104 (type: security_group_rules) to 0
2026-05-29 23:13:45.826 9 INFO neutron.db.ovn_revision_numbers_db [None req-87da9450-55ef-4540-a35f-ed4842e4cd5e 666683ce59f74e418ed9ee95f283e509 ff43a2eefa8043f9acb8f3e64b073de8 - - default default] Successfully bumped revision number for resource 7e93b883-29c8-4740-96d9-a40f886e6797 (type: security_group_rules) to 0
2026-05-29 23:13:45.839 9 INFO neutron.db.ovn_revision_numbers_db [None req-87da9450-55ef-4540-a35f-ed4842e4cd5e 666683ce59f74e418ed9ee95f283e509 ff43a2eefa8043f9acb8f3e64b073de8 - - default default] Successfully bumped revision number for resource e073a7f5-8641-41b3-b7b5-47174b5b47b2 (type: security_group_rules) to 0
2026-05-29 23:13:45.879 9 INFO neutron.api.wsgi [None req-87da9450-55ef-4540-a35f-ed4842e4cd5e 666683ce59f74e418ed9ee95f283e509 ff43a2eefa8043f9acb8f3e64b073de8 - - default default] 10.0.0.115 "GET /v2.0/security-groups?tenant_id=1580b7a87fbb46629eee4848f197ce77&name=default HTTP/1.1" status: 200 len: 3120 time: 0.2048264
2026-05-29 23:13:45.968 10 INFO neutron.plugins.ml2.drivers.ovn.mech_driver.mech_driver [None req-8893a14a-2604-4f9c-835f-d5a52767966f - - - - - -] OVN reports status down for port: 775b91b8-1fcd-4285-a33c-6d81da5643f4
2026-05-29 23:13:46.083 10 INFO neutron.notifiers.nova [-] Nova event matching ['req-e34e9a8e-4598-403c-8179-ad0071d11abf'] response: {'server_uuid': 'd5223e61-cf67-4fb0-86bf-64055f2a1497', 'name': 'network-vif-unplugged', 'status': 'completed', 'tag': '775b91b8-1fcd-4285-a33c-6d81da5643f4', 'code': 200}
2026-05-29 23:13:46.129 9 INFO neutron.api.wsgi [None req-8cd28032-5aee-4aae-a5c4-6b8a4239c3d0 666683ce59f74e418ed9ee95f283e509 ff43a2eefa8043f9acb8f3e64b073de8 - - default default] 10.0.0.115 "DELETE /v2.0/security-groups/e6533f36-7d83-48ea-bfb0-1bc3e473c3b0 HTTP/1.1" status: 204 len: 168 time: 0.2452896
2026-05-29 23:13:46.229 10 INFO neutron.db.ovn_revision_numbers_db [None req-8893a14a-2604-4f9c-835f-d5a52767966f - - - - - -] Successfully bumped revision number for resource 775b91b8-1fcd-4285-a33c-6d81da5643f4 (type: ports) to 8
2026-05-29 23:13:46.432 10 INFO neutron.plugins.ml2.drivers.ovn.mech_driver.mech_driver [None req-7e78358b-ba46-4b06-8624-1050762273a5 - - - - - -] OVN reports status up for port: f7f18406-688a-4eb0-84db-d1875c88ba9b
2026-05-29 23:13:46.447 10 INFO neutron.plugins.ml2.plugin [None req-7e78358b-ba46-4b06-8624-1050762273a5 - - - - - -] Attempt 1 to provision port f7f18406-688a-4eb0-84db-d1875c88ba9b /var/lib/openstack/lib/python3.12/site-packages/pycadf/identifier.py:71: UserWarning: Invalid uuid: neutron. To ensure interoperability, identifiers should be a valid uuid. warnings.warn(('Invalid uuid: %s. To ensure interoperability, '
2026-05-29 23:13:46.543 10 INFO neutron.api.wsgi [req-53ef0543-06e6-4b2b-99a0-ef6fd294dd03 req-5d6fe45b-bc5f-4117-a6e6-f81fed5ded07 1bfa1840abe34f6aaec5d0e8b81466bc 62f1bd36b6c74dcbb63102f576d6c2a3 - - default default] 10.0.0.10 "GET /v2.0/ports?device_id=6cc569bc-cd63-4e12-9c30-313021f2a421 HTTP/1.1" status: 200 len: 1172 time: 0.0387750
2026-05-29 23:13:46.623 10 INFO neutron.api.wsgi [req-53ef0543-06e6-4b2b-99a0-ef6fd294dd03 req-2626201f-7b35-41ca-9d57-cf45b7d4bc44 1bfa1840abe34f6aaec5d0e8b81466bc 62f1bd36b6c74dcbb63102f576d6c2a3 - - default default] 10.0.0.10 "GET /v2.0/security-groups?id=7d36a114-ca07-4833-b2af-33c19a70d442&fields=id&fields=name HTTP/1.1" status: 200 len: 311 time: 0.0751555
2026-05-29 23:13:46.667 9 INFO neutron.api.wsgi [req-e563c021-81ca-4d7b-860c-23476aa4c4a3 req-df5554a3-06d5-4720-b01c-7c5daa638fa3 e3b3a9a0154a4856bfd589958c821375 dc3dcc6dd27445ff88713663c704b2ba - - default default] 10.0.0.10 "GET /v2.0/ports?device_id=d5223e61-cf67-4fb0-86bf-64055f2a1497 HTTP/1.1" status: 200 len: 1168 time: 0.0896068
2026-05-29 23:13:46.708 9 INFO neutron.api.wsgi [req-e563c021-81ca-4d7b-860c-23476aa4c4a3 req-b769c0b8-421e-4930-9b50-12acfc9e260b e3b3a9a0154a4856bfd589958c821375 dc3dcc6dd27445ff88713663c704b2ba - - default default] 10.0.0.10 "GET /v2.0/security-groups?id=f679af7d-e798-4198-84f1-960af4558fdf&fields=id&fields=name HTTP/1.1" status: 200 len: 312 time: 0.0356033
2026-05-29 23:13:46.713 10 INFO neutron.db.ovn_revision_numbers_db [None req-7e78358b-ba46-4b06-8624-1050762273a5 - - - - - -] Successfully bumped revision number for resource f7f18406-688a-4eb0-84db-d1875c88ba9b (type: ports) to 5 /var/lib/openstack/lib/python3.12/site-packages/pycadf/identifier.py:71: UserWarning: Invalid uuid: neutron. To ensure interoperability, identifiers should be a valid uuid. warnings.warn(('Invalid uuid: %s. To ensure interoperability, '
2026-05-29 23:13:47.179 10 INFO neutron.api.wsgi [req-5f94006d-30ae-433f-ad05-90e191948a27 req-998ba788-808e-4501-b9f4-501a1b2ba048 e3b3a9a0154a4856bfd589958c821375 dc3dcc6dd27445ff88713663c704b2ba - - default default] 199.204.45.95 "GET /v2.0/ports?device_id=d5223e61-cf67-4fb0-86bf-64055f2a1497 HTTP/1.1" status: 200 len: 1168 time: 0.0357807
2026-05-29 23:13:47.732 10 INFO neutron.db.l3_db [req-5f94006d-30ae-433f-ad05-90e191948a27 req-c22edf2a-30c7-4f2d-a98b-9df6ac9851dd e3b3a9a0154a4856bfd589958c821375 dc3dcc6dd27445ff88713663c704b2ba - - default default] Floating IP f11d5e02-58d2-432c-8f0e-4219c977a6c4 disassociated. External IP: 10.96.250.213, port: 775b91b8-1fcd-4285-a33c-6d81da5643f4. /var/lib/openstack/lib/python3.12/site-packages/pycadf/identifier.py:71: UserWarning: Invalid uuid: neutron. To ensure interoperability, identifiers should be a valid uuid. warnings.warn(('Invalid uuid: %s. To ensure interoperability, '
2026-05-29 23:13:47.822 10 INFO neutron.api.wsgi [req-e09f22c8-873e-4af2-b4cd-e552e895af77 req-34e35e63-6a3a-4e76-8c51-44d6ec1fb7fd 1bfa1840abe34f6aaec5d0e8b81466bc 62f1bd36b6c74dcbb63102f576d6c2a3 - - default default] 10.0.0.10 "GET /v2.0/ports?device_id=6cc569bc-cd63-4e12-9c30-313021f2a421 HTTP/1.1" status: 200 len: 1174 time: 0.1227870
2026-05-29 23:13:47.854 9 INFO neutron.api.wsgi [req-5ab4a396-0ae1-4c07-bf58-32d60c9ec64b req-d4ed676b-5074-439a-8267-f4ce2ab83138 e3b3a9a0154a4856bfd589958c821375 dc3dcc6dd27445ff88713663c704b2ba - - default default] 10.0.0.10 "GET /v2.0/ports?device_id=d5223e61-cf67-4fb0-86bf-64055f2a1497 HTTP/1.1" status: 200 len: 1168 time: 0.0650206
2026-05-29 23:13:47.861 10 INFO neutron.api.wsgi [req-e09f22c8-873e-4af2-b4cd-e552e895af77 req-b900d16b-334b-4421-9b1d-7d9d6cd0f194 1bfa1840abe34f6aaec5d0e8b81466bc 62f1bd36b6c74dcbb63102f576d6c2a3 - - default default] 10.0.0.10 "GET /v2.0/security-groups?id=7d36a114-ca07-4833-b2af-33c19a70d442&fields=id&fields=name HTTP/1.1" status: 200 len: 311 time: 0.0355289
2026-05-29 23:13:47.875 10 INFO neutron.api.wsgi [req-5f94006d-30ae-433f-ad05-90e191948a27 req-c22edf2a-30c7-4f2d-a98b-9df6ac9851dd e3b3a9a0154a4856bfd589958c821375 dc3dcc6dd27445ff88713663c704b2ba - - default default] 199.204.45.95 "DELETE /v2.0/ports/775b91b8-1fcd-4285-a33c-6d81da5643f4 HTTP/1.1" status: 204 len: 173 time: 0.6901531
2026-05-29 23:13:47.904 9 INFO neutron.api.wsgi [req-5ab4a396-0ae1-4c07-bf58-32d60c9ec64b req-76bfe36c-9b20-4e25-a381-e72e5962c7c3 e3b3a9a0154a4856bfd589958c821375 dc3dcc6dd27445ff88713663c704b2ba - - default default] 10.0.0.10 "GET /v2.0/security-groups?id=f679af7d-e798-4198-84f1-960af4558fdf&fields=id&fields=name HTTP/1.1" status: 200 len: 312 time: 0.0384674
2026-05-29 23:13:48.129 10 INFO neutron.notifiers.nova [-] Nova event matching ['req-a7e821db-9e0a-40d3-8cd4-d2321f2f3549'] response: {'server_uuid': 'd5223e61-cf67-4fb0-86bf-64055f2a1497', 'name': 'network-vif-unplugged', 'status': 'completed', 'tag': '775b91b8-1fcd-4285-a33c-6d81da5643f4', 'code': 200}
2026-05-29 23:13:48.129 10 INFO neutron.notifiers.nova [-] Nova event matching ['req-a7e821db-9e0a-40d3-8cd4-d2321f2f3549'] response: {'server_uuid': '6cc569bc-cd63-4e12-9c30-313021f2a421', 'name': 'network-vif-plugged', 'status': 'completed', 'tag': 'f7f18406-688a-4eb0-84db-d1875c88ba9b', 'code': 200}
2026-05-29 23:13:48.129 10 INFO neutron.notifiers.nova [-] Nova event matching ['req-a7e821db-9e0a-40d3-8cd4-d2321f2f3549'] response: {'server_uuid': '6cc569bc-cd63-4e12-9c30-313021f2a421', 'name': 'network-vif-plugged', 'status': 'completed', 'tag': 'f7f18406-688a-4eb0-84db-d1875c88ba9b', 'code': 200}
2026-05-29 23:13:48.130 10 INFO neutron.notifiers.nova [-] Nova event matching ['req-a7e821db-9e0a-40d3-8cd4-d2321f2f3549'] response: {'server_uuid': 'd5223e61-cf67-4fb0-86bf-64055f2a1497', 'name': 'network-vif-deleted', 'tag': '775b91b8-1fcd-4285-a33c-6d81da5643f4', 'status': 'completed', 'code': 200}
2026-05-29 23:13:48.523 10 WARNING neutron_lib.context [None req-cd73ea9c-285d-40ad-b6db-5fccaa2653c2 9178a87e35b540b4a62cd909313ef6cf 3c8427ca5d414f57b86f4b72169b750d - - default default] Method 'is_advsvc' is deprecated since 2023.2 release (neutron-lib 3.8.0) and will be removed once support for the old RBAC API policies will be removed from Neutron. Please use method 'is_service_role' instead.
2026-05-29 23:13:48.646 10 INFO neutron.db.ovn_revision_numbers_db [None req-cd73ea9c-285d-40ad-b6db-5fccaa2653c2 9178a87e35b540b4a62cd909313ef6cf 3c8427ca5d414f57b86f4b72169b750d - - default default] Successfully bumped revision number for resource 681d5a38-1fac-4ba1-917c-72306aff7c67 (type: security_groups) to 1
2026-05-29 23:13:48.663 10 INFO neutron.db.ovn_revision_numbers_db [None req-cd73ea9c-285d-40ad-b6db-5fccaa2653c2 9178a87e35b540b4a62cd909313ef6cf 3c8427ca5d414f57b86f4b72169b750d - - default default] Successfully bumped revision number for resource 66d04887-bf4e-4dd5-8dd0-9956683834de (type: security_group_rules) to 0
2026-05-29 23:13:48.676 10 INFO neutron.db.ovn_revision_numbers_db [None req-cd73ea9c-285d-40ad-b6db-5fccaa2653c2 9178a87e35b540b4a62cd909313ef6cf 3c8427ca5d414f57b86f4b72169b750d - - default default] Successfully bumped revision number for resource 6ab108a9-57d4-4730-a300-129a952e3d80 (type: security_group_rules) to 0
2026-05-29 23:13:48.692 10 INFO neutron.db.ovn_revision_numbers_db [None req-cd73ea9c-285d-40ad-b6db-5fccaa2653c2 9178a87e35b540b4a62cd909313ef6cf 3c8427ca5d414f57b86f4b72169b750d - - default default] Successfully bumped revision number for resource ea82fbb4-a428-429e-b5c1-5d48a892eecb (type: security_group_rules) to 0
2026-05-29 23:13:48.707 10 INFO neutron.db.ovn_revision_numbers_db [None req-cd73ea9c-285d-40ad-b6db-5fccaa2653c2 9178a87e35b540b4a62cd909313ef6cf 3c8427ca5d414f57b86f4b72169b750d - - default default] Successfully bumped revision number for resource ffbd389b-03c3-423e-9cd5-5020b59dff66 (type: security_group_rules) to 0
2026-05-29 23:13:48.778 10 INFO neutron.db.segments_db [None req-cd73ea9c-285d-40ad-b6db-5fccaa2653c2 9178a87e35b540b4a62cd909313ef6cf 3c8427ca5d414f57b86f4b72169b750d - - default default] Added segment 6d244f58-8f60-4e04-ae0d-465504bc78d4 of type geneve for network 19edbcb1-784e-4797-8cfb-7e582d7b1c5b
2026-05-29 23:13:48.879 10 INFO neutron.db.ovn_revision_numbers_db [None req-cd73ea9c-285d-40ad-b6db-5fccaa2653c2 9178a87e35b540b4a62cd909313ef6cf 3c8427ca5d414f57b86f4b72169b750d - - default default] Successfully bumped revision number for resource 19edbcb1-784e-4797-8cfb-7e582d7b1c5b (type: networks) to 1
2026-05-29 23:13:49.005 10 INFO neutron.api.wsgi [req-718ed954-453c-48ba-aa8c-b5fd1891fae8 req-093f64f4-4895-4bad-9435-cf366583918e e3b3a9a0154a4856bfd589958c821375 dc3dcc6dd27445ff88713663c704b2ba - - default default] 10.0.0.10 "GET /v2.0/ports?device_id=d5223e61-cf67-4fb0-86bf-64055f2a1497 HTTP/1.1" status: 200 len: 210 time: 0.0179887
2026-05-29 23:13:49.011 9 INFO neutron.api.wsgi [req-f4abd28a-ed63-4851-a24d-3fad811999cb req-3b99a83c-4851-4a56-83b3-d3ba2f6d1368 1bfa1840abe34f6aaec5d0e8b81466bc 62f1bd36b6c74dcbb63102f576d6c2a3 - - default default] 10.0.0.10 "GET /v2.0/ports?device_id=6cc569bc-cd63-4e12-9c30-313021f2a421 HTTP/1.1" status: 200 len: 1174 time: 0.0814052
2026-05-29 23:13:49.039 10 INFO neutron.api.wsgi [-] 10.0.0.178 "GET / HTTP/1.1" status: 200 len: 247 time: 0.0015340
2026-05-29 23:13:49.039 9 INFO neutron.api.wsgi [-] 10.0.0.178 "GET / HTTP/1.1" status: 200 len: 247 time: 0.0015154
2026-05-29 23:13:49.050 10 WARNING neutron.scheduler.dhcp_agent_scheduler [None req-cd73ea9c-285d-40ad-b6db-5fccaa2653c2 9178a87e35b540b4a62cd909313ef6cf 3c8427ca5d414f57b86f4b72169b750d - - default default] No more DHCP agents
2026-05-29 23:13:49.051 10 WARNING neutron.api.rpc.agentnotifiers.dhcp_rpc_agent_api [None req-cd73ea9c-285d-40ad-b6db-5fccaa2653c2 9178a87e35b540b4a62cd909313ef6cf 3c8427ca5d414f57b86f4b72169b750d - - default default] Unable to schedule network 19edbcb1-784e-4797-8cfb-7e582d7b1c5b: no agents available; will retry on subsequent port and subnet creation events.
2026-05-29 23:13:49.054 9 INFO neutron.api.wsgi [req-f4abd28a-ed63-4851-a24d-3fad811999cb req-289f52e4-3f89-4659-ac06-41ccf86ca52a 1bfa1840abe34f6aaec5d0e8b81466bc 62f1bd36b6c74dcbb63102f576d6c2a3 - - default default] 10.0.0.10 "GET /v2.0/security-groups?id=7d36a114-ca07-4833-b2af-33c19a70d442&fields=id&fields=name HTTP/1.1" status: 200 len: 311 time: 0.0360346
2026-05-29 23:13:49.117 10 INFO neutron.db.ovn_revision_numbers_db [None req-cd73ea9c-285d-40ad-b6db-5fccaa2653c2 9178a87e35b540b4a62cd909313ef6cf 3c8427ca5d414f57b86f4b72169b750d - - default default] Successfully bumped revision number for resource 7a550fc6-1ee2-48ad-93fb-71f79fede3f3 (type: ports) to 1
2026-05-29 23:13:49.139 10 INFO neutron.api.wsgi [None req-cd73ea9c-285d-40ad-b6db-5fccaa2653c2 9178a87e35b540b4a62cd909313ef6cf 3c8427ca5d414f57b86f4b72169b750d - - default default] 10.0.0.115 "POST /v2.0/networks HTTP/1.1" status: 201 len: 832 time: 0.8431153
2026-05-29 23:13:49.150 10 WARNING neutron_lib.context [None req-c1c1bdda-dd35-4441-8f35-5bd2eebba568 9178a87e35b540b4a62cd909313ef6cf 3c8427ca5d414f57b86f4b72169b750d - - default default] Method 'is_advsvc' is deprecated since 2023.2 release (neutron-lib 3.8.0) and will be removed once support for the old RBAC API policies will be removed from Neutron. Please use method 'is_service_role' instead.
2026-05-29 23:13:49.614 10 WARNING neutron.scheduler.dhcp_agent_scheduler [None req-c1c1bdda-dd35-4441-8f35-5bd2eebba568 9178a87e35b540b4a62cd909313ef6cf 3c8427ca5d414f57b86f4b72169b750d - - default default] No more DHCP agents
2026-05-29 23:13:49.617 10 WARNING neutron.api.rpc.agentnotifiers.dhcp_rpc_agent_api [None req-c1c1bdda-dd35-4441-8f35-5bd2eebba568 9178a87e35b540b4a62cd909313ef6cf 3c8427ca5d414f57b86f4b72169b750d - - default default] Unable to schedule network b8200611-667e-49a6-aeeb-7a7c3a7ee2a0: no agents available; will retry on subsequent port and subnet creation events.
2026-05-29 23:13:49.745 10 INFO neutron.db.ovn_revision_numbers_db [None req-c1c1bdda-dd35-4441-8f35-5bd2eebba568 9178a87e35b540b4a62cd909313ef6cf 3c8427ca5d414f57b86f4b72169b750d - - default default] Successfully bumped revision number for resource a85d425c-9c8c-4ab9-94ab-3f440e9246a5 (type: ports) to 1
2026-05-29 23:13:50.129 10 INFO neutron.api.wsgi [req-06899bc8-1b60-4fbb-be07-08d92e415c83 req-1f97e497-3325-456e-8ed8-903135e4bf48 e3b3a9a0154a4856bfd589958c821375 dc3dcc6dd27445ff88713663c704b2ba - - default default] 10.0.0.10 "GET /v2.0/ports?device_id=d5223e61-cf67-4fb0-86bf-64055f2a1497 HTTP/1.1" status: 200 len: 210 time: 0.0224462
2026-05-29 23:13:50.199 9 INFO neutron.api.wsgi [req-4340356f-3e46-43ee-96e6-ce3a75f5f33c req-577426a6-58a0-43a5-bcf0-cb467f3e5500 1bfa1840abe34f6aaec5d0e8b81466bc 62f1bd36b6c74dcbb63102f576d6c2a3 - - default default] 10.0.0.10 "GET /v2.0/ports?device_id=6cc569bc-cd63-4e12-9c30-313021f2a421 HTTP/1.1" status: 200 len: 1174 time: 0.0403309
2026-05-29 23:13:50.242 9 INFO neutron.api.wsgi [req-4340356f-3e46-43ee-96e6-ce3a75f5f33c req-a3de9ce5-0cd8-458e-95f0-60d7ba591db7 1bfa1840abe34f6aaec5d0e8b81466bc 62f1bd36b6c74dcbb63102f576d6c2a3 - - default default] 10.0.0.10 "GET /v2.0/security-groups?id=7d36a114-ca07-4833-b2af-33c19a70d442&fields=id&fields=name HTTP/1.1" status: 200 len: 311 time: 0.0368075
2026-05-29 23:13:50.358 10 INFO neutron.api.wsgi [req-bd677efd-d458-49e4-92bd-188ea61de850 req-902fcfd6-beae-4cf7-abe2-fa0ef6b2f5e5 1bfa1840abe34f6aaec5d0e8b81466bc 62f1bd36b6c74dcbb63102f576d6c2a3 - - default default] 10.0.0.10 "GET /v2.0/ports?device_id=6cc569bc-cd63-4e12-9c30-313021f2a421 HTTP/1.1" status: 200 len: 1174 time: 0.0508378
2026-05-29 23:13:50.607 10 INFO neutron.plugins.ml2.drivers.ovn.mech_driver.ovsdb.commands [None req-101301b3-0872-48e3-a5f2-c2f828974b08 - - - - - -] Schedule LRP lrp-a85d425c-9c8c-4ab9-94ab-3f440e9246a5 on gateway e8322966-2a75-4155-bf80-7bdca052e51e with priority 1
2026-05-29 23:13:50.616 10 INFO neutron.plugins.ml2.drivers.ovn.mech_driver.mech_driver [None req-a0052259-b945-40ab-9e5d-25d7ea1afa64 - - - - - -] OVN reports status up for port: a85d425c-9c8c-4ab9-94ab-3f440e9246a5
2026-05-29 23:13:50.637 10 INFO neutron.plugins.ml2.drivers.ovn.mech_driver.ovsdb.ovsdb_monitor [None req-2207aac5-6864-472a-92eb-4785fc5dee09 - - - - - -] Router 5198b6d4-4f05-4871-8d82-f7eac0bb57b2 is bound to host instance
2026-05-29 23:13:50.640 10 INFO neutron.plugins.ml2.plugin [None req-a0052259-b945-40ab-9e5d-25d7ea1afa64 - - - - - -] Attempt 1 to provision port a85d425c-9c8c-4ab9-94ab-3f440e9246a5
2026-05-29 23:13:50.700 10 INFO neutron.db.ovn_revision_numbers_db [None req-c1c1bdda-dd35-4441-8f35-5bd2eebba568 9178a87e35b540b4a62cd909313ef6cf 3c8427ca5d414f57b86f4b72169b750d - - default default] Successfully bumped revision number for resource a85d425c-9c8c-4ab9-94ab-3f440e9246a5 (type: router_ports) to 1
2026-05-29 23:13:50.812 10 INFO neutron.db.ovn_revision_numbers_db [None req-c1c1bdda-dd35-4441-8f35-5bd2eebba568 9178a87e35b540b4a62cd909313ef6cf 3c8427ca5d414f57b86f4b72169b750d - - default default] Successfully bumped revision number for resource 5198b6d4-4f05-4871-8d82-f7eac0bb57b2 (type: routers) to 2
2026-05-29 23:13:50.831 10 INFO neutron.api.wsgi [None req-c1c1bdda-dd35-4441-8f35-5bd2eebba568 9178a87e35b540b4a62cd909313ef6cf 3c8427ca5d414f57b86f4b72169b750d - - default default] 10.0.0.115 "POST /v2.0/routers HTTP/1.1" status: 201 len: 1154 time: 1.6863773
2026-05-29 23:13:50.917 9 INFO neutron.api.wsgi [None req-d50ed1bf-40de-4d46-b8cf-5abe9a2d3cf5 e8796b23c3f543e68b49ce6c90d0af47 26d44b950a284448909d161febcb280c - - default default] 10.0.0.115 "GET /v2.0/subnets?project_id=3c8427ca5d414f57b86f4b72169b750d&cidr=10.100.0.0%2F28 HTTP/1.1" status: 200 len: 207 time: 0.0782034
2026-05-29 23:13:50.976 9 INFO neutron.api.wsgi [None req-e44399c8-32af-4bff-8513-6ee1e765c527 e8796b23c3f543e68b49ce6c90d0af47 26d44b950a284448909d161febcb280c - - default default] 10.0.0.115 "GET /v2.0/networks?router%3Aexternal=True HTTP/1.1" status: 200 len: 947 time: 0.0519326
2026-05-29 23:13:51.003 9 INFO neutron.api.wsgi [None req-f6167b0d-713e-4826-aff6-da46929b428f e8796b23c3f543e68b49ce6c90d0af47 26d44b950a284448909d161febcb280c - - default default] 10.0.0.115 "GET /v2.0/subnets?network_id=b8200611-667e-49a6-aeeb-7a7c3a7ee2a0&cidr=10.100.0.0%2F28 HTTP/1.1" status: 200 len: 207 time: 0.0184224
2026-05-29 23:13:51.012 9 WARNING neutron_lib.context [None req-03c76d60-9738-49c1-be12-ac5377e5a605 9178a87e35b540b4a62cd909313ef6cf 3c8427ca5d414f57b86f4b72169b750d - - default default] Method 'is_advsvc' is deprecated since 2023.2 release (neutron-lib 3.8.0) and will be removed once support for the old RBAC API policies will be removed from Neutron. Please use method 'is_service_role' instead.
2026-05-29 23:13:51.022 10 INFO neutron.db.ovn_revision_numbers_db [None req-5e7a87c3-bca1-4fa0-9c7d-af3208689320 1bfa1840abe34f6aaec5d0e8b81466bc 62f1bd36b6c74dcbb63102f576d6c2a3 - - default default] Successfully bumped revision number for resource 5f584a70-08da-432f-a105-2126dfa82cef (type: floatingips) to 1
2026-05-29 23:13:51.151 10 INFO neutron.db.ovn_revision_numbers_db [None req-5e7a87c3-bca1-4fa0-9c7d-af3208689320 1bfa1840abe34f6aaec5d0e8b81466bc 62f1bd36b6c74dcbb63102f576d6c2a3 - - default default] Successfully bumped revision number for resource 5f584a70-08da-432f-a105-2126dfa82cef (type: floatingips) to 2
2026-05-29 23:13:51.151 10 INFO neutron.db.l3_db [None req-5e7a87c3-bca1-4fa0-9c7d-af3208689320 1bfa1840abe34f6aaec5d0e8b81466bc 62f1bd36b6c74dcbb63102f576d6c2a3 - - default default] Floating IP 5f584a70-08da-432f-a105-2126dfa82cef associated. External IP: 10.96.250.214, port: f7f18406-688a-4eb0-84db-d1875c88ba9b.
2026-05-29 23:13:51.193 10 INFO neutron.api.wsgi [None req-5e7a87c3-bca1-4fa0-9c7d-af3208689320 1bfa1840abe34f6aaec5d0e8b81466bc 62f1bd36b6c74dcbb63102f576d6c2a3 - - default default] 10.0.0.115 "PUT /v2.0/floatingips/5f584a70-08da-432f-a105-2126dfa82cef HTTP/1.1" status: 200 len: 1050 time: 0.8231678
2026-05-29 23:13:51.217 9 WARNING neutron.scheduler.dhcp_agent_scheduler [None req-03c76d60-9738-49c1-be12-ac5377e5a605 9178a87e35b540b4a62cd909313ef6cf 3c8427ca5d414f57b86f4b72169b750d - - default default] No more DHCP agents
2026-05-29 23:13:51.223 9 WARNING neutron.api.rpc.agentnotifiers.dhcp_rpc_agent_api [None req-03c76d60-9738-49c1-be12-ac5377e5a605 9178a87e35b540b4a62cd909313ef6cf 3c8427ca5d414f57b86f4b72169b750d - - default default] Unable to schedule network 19edbcb1-784e-4797-8cfb-7e582d7b1c5b: no agents available; will retry on subsequent port and subnet creation events.
2026-05-29 23:13:51.235 10 INFO neutron.notifiers.nova [-] Nova event matching ['req-d475300b-5d16-4469-80e3-0edf1cab12bd'] response: {'name': 'network-changed', 'server_uuid': '6cc569bc-cd63-4e12-9c30-313021f2a421', 'tag': 'f7f18406-688a-4eb0-84db-d1875c88ba9b', 'status': 'completed', 'code': 200}
2026-05-29 23:13:51.249 10 INFO neutron.db.ovn_revision_numbers_db [None req-e6f4b96c-7a57-482e-987f-edcac5c0b25a - - - - - -] Successfully bumped revision number for resource a85d425c-9c8c-4ab9-94ab-3f440e9246a5 (type: ports) to 1
2026-05-29 23:13:51.310 9 INFO neutron.api.wsgi [req-899eb6aa-3512-441c-8a9c-833b330f9426 req-90060a36-d64e-40b1-b274-a5eb7d7d974d 1bfa1840abe34f6aaec5d0e8b81466bc 62f1bd36b6c74dcbb63102f576d6c2a3 - - default default] 10.0.0.10 "GET /v2.0/ports?device_id=6cc569bc-cd63-4e12-9c30-313021f2a421 HTTP/1.1" status: 200 len: 1174 time: 0.0700767
2026-05-29 23:13:51.376 9 INFO neutron.api.wsgi [req-899eb6aa-3512-441c-8a9c-833b330f9426 req-9fe49ad4-7a70-49a5-92bd-d91576c7b432 1bfa1840abe34f6aaec5d0e8b81466bc 62f1bd36b6c74dcbb63102f576d6c2a3 - - default default] 10.0.0.10 "GET /v2.0/security-groups?id=7d36a114-ca07-4833-b2af-33c19a70d442&fields=id&fields=name HTTP/1.1" status: 200 len: 311 time: 0.0532203
