2026-05-29 23:14:19.608 9 INFO neutron.api.wsgi [req-047f4015-3aba-4bc1-bdc6-f19545865c62 req-31ec1a6b-e822-45fc-a6b4-c1783b2c4c20 6c5e501dd839482780fd25d6cb589432 5c4d3999b83e43a28f9ade261e7b1962 - - default default] 10.0.0.10 "GET /v2.0/ports?device_id=b4c798db-5f6c-4b58-9b76-c86ef90aeda9 HTTP/1.1" status: 200 len: 1172 time: 0.0915258
2026-05-29 23:14:19.651 9 INFO neutron.api.wsgi [req-047f4015-3aba-4bc1-bdc6-f19545865c62 req-17c2e20f-36f3-4db6-b13b-e4a58bac173b 6c5e501dd839482780fd25d6cb589432 5c4d3999b83e43a28f9ade261e7b1962 - - default default] 10.0.0.10 "GET /v2.0/security-groups?id=496ef104-b419-440b-aa25-10f13738830d&fields=id&fields=name HTTP/1.1" status: 200 len: 313 time: 0.0364294
2026-05-29 23:14:19.894 9 INFO neutron.db.ovn_revision_numbers_db [None req-a52c10b7-5d51-4645-80c8-332f63451fbd - - - - - -] Successfully bumped revision number for resource 23993d40-9fa5-4ca0-8e5f-2076e5bd6573 (type: ports) to 2
2026-05-29 23:14:19.930 9 INFO neutron.db.ovn_revision_numbers_db [None req-a52c10b7-5d51-4645-80c8-332f63451fbd - - - - - -] Successfully bumped revision number for resource 08c0e4d4-711e-49c3-a78e-75f80f36a9b3 (type: subnets) to 0
2026-05-29 23:14:19.946 9 INFO neutron.api.wsgi [None req-4cf5aff0-e54f-47b2-be0f-467b366015e8 c7486ff3239549bca73e326df608e3ac f2d1a29618fb4b0ebf73d4eebb82a7a9 - - default default] 10.0.0.115 "POST /v2.0/subnets HTTP/1.1" status: 201 len: 846 time: 0.6835237
2026-05-29 23:14:20.082 10 INFO neutron.api.wsgi [req-c747017f-b17d-4f9c-bef8-6d4942a52ff2 req-1b6f6f31-d5fe-497a-bd58-5b86fee032f9 404a085e5dc04a73a07ed911e89adbb0 dbfd979046a24a26a3699b07287782c7 - - 45b280749b834deca4faf0a8d83b225b 45b280749b834deca4faf0a8d83b225b] 199.204.45.95 "GET /v2.0/ports?tenant_id=c8881d9ad9d349629689d7b3a1a26f7a&device_id=305b671c-8579-4cb8-95a5-906eaf840a22 HTTP/1.1" status: 200 len: 1413 time: 0.0342827
2026-05-29 23:14:20.180 10 INFO neutron.api.wsgi [req-c747017f-b17d-4f9c-bef8-6d4942a52ff2 req-36f27719-ca58-49fd-a643-e2d140f57cb9 404a085e5dc04a73a07ed911e89adbb0 dbfd979046a24a26a3699b07287782c7 - - 45b280749b834deca4faf0a8d83b225b 45b280749b834deca4faf0a8d83b225b] 199.204.45.95 "GET /v2.0/networks?id=a79be36d-3ffa-4782-8b90-00850cfff54c HTTP/1.1" status: 200 len: 974 time: 0.0892916
2026-05-29 23:14:20.222 10 INFO neutron.api.wsgi [req-c747017f-b17d-4f9c-bef8-6d4942a52ff2 req-e7ffd191-4c5f-4653-916e-8017c5719054 404a085e5dc04a73a07ed911e89adbb0 dbfd979046a24a26a3699b07287782c7 - - 45b280749b834deca4faf0a8d83b225b 45b280749b834deca4faf0a8d83b225b] 199.204.45.95 "GET /v2.0/floatingips?fixed_ip_address=10.100.0.12&port_id=6623e6a0-c435-44d1-bf23-08fb470460ba HTTP/1.1" status: 200 len: 1060 time: 0.0378461
2026-05-29 23:14:20.235 9 INFO neutron.api.wsgi [None req-f52382cc-2140-4665-bed1-0c27c4d680d7 c7486ff3239549bca73e326df608e3ac f2d1a29618fb4b0ebf73d4eebb82a7a9 - - default default] 10.0.0.115 "POST /v2.0/rbac-policies HTTP/1.1" status: 201 len: 523 time: 0.2818744
2026-05-29 23:14:20.249 10 INFO neutron.api.wsgi [req-c747017f-b17d-4f9c-bef8-6d4942a52ff2 req-14e83429-7bad-4be3-8091-0ec5c9a9b825 404a085e5dc04a73a07ed911e89adbb0 dbfd979046a24a26a3699b07287782c7 - - 45b280749b834deca4faf0a8d83b225b 45b280749b834deca4faf0a8d83b225b] 199.204.45.95 "GET /v2.0/subnets?id=d324632e-efcc-4415-af6e-52bbfd80b693 HTTP/1.1" status: 200 len: 893 time: 0.0216501
2026-05-29 23:14:20.268 10 INFO neutron.api.wsgi [req-c747017f-b17d-4f9c-bef8-6d4942a52ff2 req-27d376bb-20e8-4826-bc9b-58351735cd5d 404a085e5dc04a73a07ed911e89adbb0 dbfd979046a24a26a3699b07287782c7 - - 45b280749b834deca4faf0a8d83b225b 45b280749b834deca4faf0a8d83b225b] 199.204.45.95 "GET /v2.0/ports?network_id=a79be36d-3ffa-4782-8b90-00850cfff54c&device_owner=network%3Adhcp HTTP/1.1" status: 200 len: 210 time: 0.0150259
2026-05-29 23:14:20.325 10 INFO neutron.api.wsgi [req-c747017f-b17d-4f9c-bef8-6d4942a52ff2 req-1f6f9a39-caf7-4b0d-8c64-9eb6df3d9c6d 404a085e5dc04a73a07ed911e89adbb0 dbfd979046a24a26a3699b07287782c7 - - 45b280749b834deca4faf0a8d83b225b 45b280749b834deca4faf0a8d83b225b] 199.204.45.95 "GET /v2.0/networks/a79be36d-3ffa-4782-8b90-00850cfff54c?fields=segments HTTP/1.1" status: 200 len: 212 time: 0.0497990
2026-05-29 23:14:20.371 10 INFO neutron.api.wsgi [req-c747017f-b17d-4f9c-bef8-6d4942a52ff2 req-362ef66a-bb8c-468b-97df-31febf90325c 404a085e5dc04a73a07ed911e89adbb0 dbfd979046a24a26a3699b07287782c7 - - 45b280749b834deca4faf0a8d83b225b 45b280749b834deca4faf0a8d83b225b] 199.204.45.95 "GET /v2.0/networks/a79be36d-3ffa-4782-8b90-00850cfff54c?fields=provider%3Aphysical_network&fields=provider%3Anetwork_type HTTP/1.1" status: 200 len: 277 time: 0.0397596
2026-05-29 23:14:20.674 9 INFO neutron.api.wsgi [None req-38b425a6-a466-4ae0-877a-c65c6a6769eb 9d36f62894e94e0685ff617017bce0b3 a8cfcef3e3a048f08b2400c925ee9ef9 - - default default] 10.0.0.115 "GET /v2.0/networks/6de1260a-4ac0-41ab-acfe-a82c839b7619 HTTP/1.1" status: 200 len: 848 time: 0.0740545
2026-05-29 23:14:20.747 9 INFO neutron.api.wsgi [req-f0ecaa9b-d839-4cec-b562-ae3ce8e18912 req-4d7df0ba-7595-412c-a612-8f00a24af6b4 6c5e501dd839482780fd25d6cb589432 5c4d3999b83e43a28f9ade261e7b1962 - - default default] 10.0.0.10 "GET /v2.0/ports?device_id=b4c798db-5f6c-4b58-9b76-c86ef90aeda9 HTTP/1.1" status: 200 len: 1172 time: 0.0264163
2026-05-29 23:14:20.791 9 INFO neutron.api.wsgi [req-f0ecaa9b-d839-4cec-b562-ae3ce8e18912 req-3996a45f-df2e-47b7-b64d-0bbcce1c1588 6c5e501dd839482780fd25d6cb589432 5c4d3999b83e43a28f9ade261e7b1962 - - default default] 10.0.0.10 "GET /v2.0/security-groups?id=496ef104-b419-440b-aa25-10f13738830d&fields=id&fields=name HTTP/1.1" status: 200 len: 313 time: 0.0359583
2026-05-29 23:14:20.865 9 INFO neutron.api.wsgi [req-beb6a620-2139-4e16-8ab2-6a39d16a886c req-5312e4f7-8c83-470a-b3fb-70c04ed37536 404a085e5dc04a73a07ed911e89adbb0 dbfd979046a24a26a3699b07287782c7 - - 45b280749b834deca4faf0a8d83b225b 45b280749b834deca4faf0a8d83b225b] 10.0.0.113 "GET /v2.0/ports?device_id=abed00fe-a01d-4d3b-8b26-92f183575e50 HTTP/1.1" status: 200 len: 1409 time: 0.0332286
2026-05-29 23:14:20.911 9 INFO neutron.api.wsgi [req-beb6a620-2139-4e16-8ab2-6a39d16a886c req-6d78d9d8-d930-492a-98e5-f805ce7d9475 404a085e5dc04a73a07ed911e89adbb0 dbfd979046a24a26a3699b07287782c7 - - 45b280749b834deca4faf0a8d83b225b 45b280749b834deca4faf0a8d83b225b] 10.0.0.113 "GET /v2.0/security-groups?id=d1fb8da9-ece6-4d4d-8c26-855b97e9b8f1&fields=id&fields=name HTTP/1.1" status: 200 len: 312 time: 0.0394907
2026-05-29 23:14:21.083 9 INFO neutron.pecan_wsgi.hooks.translation [None req-8cc099dc-c124-4028-962e-32f9a0dbb95b fa435807dc824e8ca06bc91c6c32985a 422d5f4b3462494da77ecebda1cb12fc - - default default] GET failed (client error): The resource could not be found.
2026-05-29 23:14:21.085 9 INFO neutron.api.wsgi [None req-8cc099dc-c124-4028-962e-32f9a0dbb95b fa435807dc824e8ca06bc91c6c32985a 422d5f4b3462494da77ecebda1cb12fc - - default default] 10.0.0.115 "GET /v2.0/networks/6de1260a-4ac0-41ab-acfe-a82c839b7619 HTTP/1.1" status: 404 len: 339 time: 0.0467477
2026-05-29 23:14:21.570 10 INFO neutron.plugins.ml2.drivers.ovn.mech_driver.mech_driver [None req-2a3afb61-4955-4486-9e69-c8d2fe08262a - - - - - -] OVN reports status up for port: a1597b58-adc5-4add-a84e-e8b8b048e50d
2026-05-29 23:14:21.589 10 INFO neutron.plugins.ml2.plugin [None req-2a3afb61-4955-4486-9e69-c8d2fe08262a - - - - - -] Attempt 1 to provision port a1597b58-adc5-4add-a84e-e8b8b048e50d
2026-05-29 23:14:21.726 10 INFO neutron.services.segments.plugin [-] Segment deef8fcd-bd17-4676-9fd7-7c74827a6129 resource provider aggregate not found
2026-05-29 23:14:21.730 10 INFO neutron.services.segments.plugin [-] Segment deef8fcd-bd17-4676-9fd7-7c74827a6129 resource provider aggregate not found
2026-05-29 23:14:21.747 10 INFO neutron.services.segments.plugin [-] Segment deef8fcd-bd17-4676-9fd7-7c74827a6129 resource provider not found; error: Placement Client Error (4xx): {"errors": [{"status": 404, "title": "Not Found", "detail": "The resource could not be found.\n\n No resource provider with uuid deef8fcd-bd17-4676-9fd7-7c74827a6129 found for delete ", "request_id": "req-0d2f497f-c3b6-4494-a17b-64f245cdbc08"}]}
2026-05-29 23:14:21.755 10 INFO neutron.services.segments.plugin [-] Segment deef8fcd-bd17-4676-9fd7-7c74827a6129 resource provider not found; error: Placement Client Error (4xx): {"errors": [{"status": 404, "title": "Not Found", "detail": "The resource could not be found.\n\n No resource provider with uuid deef8fcd-bd17-4676-9fd7-7c74827a6129 found for delete ", "request_id": "req-583b933f-8ad5-457e-84c3-ee88c10340ed"}]}
2026-05-29 23:14:21.773 10 INFO neutron.notifiers.nova [-] Nova event matching ['req-f840891f-3552-4ebf-816d-426c2849be71'] response: {'server_uuid': 'b4c798db-5f6c-4b58-9b76-c86ef90aeda9', 'name': 'network-vif-plugged', 'status': 'completed', 'tag': 'a1597b58-adc5-4add-a84e-e8b8b048e50d', 'code': 200}
2026-05-29 23:14:21.820 10 INFO neutron.api.wsgi [None req-a5d8d9bd-079c-49dc-bfed-aae08039b86b c7486ff3239549bca73e326df608e3ac f2d1a29618fb4b0ebf73d4eebb82a7a9 - - default default] 10.0.0.115 "DELETE /v2.0/networks/6de1260a-4ac0-41ab-acfe-a82c839b7619 HTTP/1.1" status: 204 len: 168 time: 0.7270615
2026-05-29 23:14:21.840 9 INFO neutron.pecan_wsgi.hooks.translation [None req-601eeba7-6b4f-420f-bd3e-6efcdc1ce0b1 c7486ff3239549bca73e326df608e3ac f2d1a29618fb4b0ebf73d4eebb82a7a9 - - default default] DELETE failed (client error): The resource could not be found.
2026-05-29 23:14:21.846 9 INFO neutron.api.wsgi [None req-601eeba7-6b4f-420f-bd3e-6efcdc1ce0b1 c7486ff3239549bca73e326df608e3ac f2d1a29618fb4b0ebf73d4eebb82a7a9 - - default default] 10.0.0.115 "DELETE /v2.0/subnets/782fab82-7de4-4641-804a-9d935388ea97 HTTP/1.1" status: 404 len: 337 time: 0.0200644
2026-05-29 23:14:21.868 10 INFO neutron.pecan_wsgi.hooks.translation [None req-f1412b02-9ea4-44f4-97ac-facd2df436e9 c7486ff3239549bca73e326df608e3ac f2d1a29618fb4b0ebf73d4eebb82a7a9 - - default default] DELETE failed (client error): The resource could not be found.
2026-05-29 23:14:21.872 10 INFO neutron.api.wsgi [None req-f1412b02-9ea4-44f4-97ac-facd2df436e9 c7486ff3239549bca73e326df608e3ac f2d1a29618fb4b0ebf73d4eebb82a7a9 - - default default] 10.0.0.115 "DELETE /v2.0/subnets/2f0dfdd9-2b6e-4e68-aafe-ad8fae7961ff HTTP/1.1" status: 404 len: 337 time: 0.0212932
2026-05-29 23:14:21.886 9 INFO neutron.pecan_wsgi.hooks.translation [None req-3080827a-6a14-44cd-b7c9-fd5c19b60837 c7486ff3239549bca73e326df608e3ac f2d1a29618fb4b0ebf73d4eebb82a7a9 - - default default] DELETE failed (client error): The resource could not be found.
2026-05-29 23:14:21.888 9 INFO neutron.api.wsgi [None req-3080827a-6a14-44cd-b7c9-fd5c19b60837 c7486ff3239549bca73e326df608e3ac f2d1a29618fb4b0ebf73d4eebb82a7a9 - - default default] 10.0.0.115 "DELETE /v2.0/subnets/08c0e4d4-711e-49c3-a78e-75f80f36a9b3 HTTP/1.1" status: 404 len: 337 time: 0.0123382
2026-05-29 23:14:21.898 9 INFO neutron.api.wsgi [req-3b53c69a-4af1-49e0-b6f5-e59f2b870103 req-8f530354-60da-4a97-9d6f-d884ae62721e 6c5e501dd839482780fd25d6cb589432 5c4d3999b83e43a28f9ade261e7b1962 - - default default] 10.0.0.10 "GET /v2.0/ports?device_id=b4c798db-5f6c-4b58-9b76-c86ef90aeda9 HTTP/1.1" status: 200 len: 1174 time: 0.0418921
2026-05-29 23:14:21.928 10 INFO neutron.db.ovn_revision_numbers_db [None req-2a3afb61-4955-4486-9e69-c8d2fe08262a - - - - - -] Successfully bumped revision number for resource a1597b58-adc5-4add-a84e-e8b8b048e50d (type: ports) to 5
2026-05-29 23:14:21.940 9 INFO neutron.api.wsgi [req-3b53c69a-4af1-49e0-b6f5-e59f2b870103 req-a97b7212-40af-4a91-9a76-b306148d0985 6c5e501dd839482780fd25d6cb589432 5c4d3999b83e43a28f9ade261e7b1962 - - default default] 10.0.0.10 "GET /v2.0/security-groups?id=496ef104-b419-440b-aa25-10f13738830d&fields=id&fields=name HTTP/1.1" status: 200 len: 313 time: 0.0372181 /var/lib/openstack/lib/python3.12/site-packages/pycadf/identifier.py:71: UserWarning: Invalid uuid: neutron. To ensure interoperability, identifiers should be a valid uuid. warnings.warn(('Invalid uuid: %s. To ensure interoperability, '
2026-05-29 23:14:22.944 10 INFO neutron.api.wsgi [None req-f6688498-de97-4492-995d-207eaeaad535 e8796b23c3f543e68b49ce6c90d0af47 26d44b950a284448909d161febcb280c - - default default] 10.0.0.115 "GET /v2.0/ports?project_id=3c8427ca5d414f57b86f4b72169b750d&network_id=19edbcb1-784e-4797-8cfb-7e582d7b1c5b HTTP/1.1" status: 200 len: 3510 time: 0.0574384
2026-05-29 23:14:23.085 10 INFO neutron.api.wsgi [req-96d07607-5dff-43d8-b227-2d9083ea039e req-fb6b0a21-5310-4ff4-a435-adaf1d0faada 6c5e501dd839482780fd25d6cb589432 5c4d3999b83e43a28f9ade261e7b1962 - - default default] 10.0.0.10 "GET /v2.0/ports?device_id=b4c798db-5f6c-4b58-9b76-c86ef90aeda9 HTTP/1.1" status: 200 len: 1174 time: 0.0822384
2026-05-29 23:14:23.126 10 INFO neutron.api.wsgi [req-96d07607-5dff-43d8-b227-2d9083ea039e req-614e09fd-17d4-46aa-a77b-cf6ef49edc6a 6c5e501dd839482780fd25d6cb589432 5c4d3999b83e43a28f9ade261e7b1962 - - default default] 10.0.0.10 "GET /v2.0/security-groups?id=496ef104-b419-440b-aa25-10f13738830d&fields=id&fields=name HTTP/1.1" status: 200 len: 313 time: 0.0380690
2026-05-29 23:14:23.247 10 INFO neutron.api.wsgi [None req-ad091547-53b1-4e6a-8eee-5091bd5bf3bd e8796b23c3f543e68b49ce6c90d0af47 26d44b950a284448909d161febcb280c - - default default] 10.0.0.115 "GET /v2.0/subnets?network_id=b8200611-667e-49a6-aeeb-7a7c3a7ee2a0 HTTP/1.1" status: 200 len: 861 time: 0.0559251
2026-05-29 23:14:23.348 10 INFO neutron.db.ovn_revision_numbers_db [None req-9db11091-459f-45d6-aa69-afd906a2cb56 666683ce59f74e418ed9ee95f283e509 ff43a2eefa8043f9acb8f3e64b073de8 - - default default] Successfully bumped revision number for resource 56de8905-e4f9-4883-9b21-e511e2dd1b02 (type: security_groups) to 1
2026-05-29 23:14:23.361 10 INFO neutron.db.ovn_revision_numbers_db [None req-9db11091-459f-45d6-aa69-afd906a2cb56 666683ce59f74e418ed9ee95f283e509 ff43a2eefa8043f9acb8f3e64b073de8 - - default default] Successfully bumped revision number for resource 2b612de5-ca69-43ba-8f4f-fa00eb7e8035 (type: security_group_rules) to 0
2026-05-29 23:14:23.379 10 INFO neutron.db.ovn_revision_numbers_db [None req-9db11091-459f-45d6-aa69-afd906a2cb56 666683ce59f74e418ed9ee95f283e509 ff43a2eefa8043f9acb8f3e64b073de8 - - default default] Successfully bumped revision number for resource 45b7f495-a68a-4081-ba0c-503d076b951b (type: security_group_rules) to 0
2026-05-29 23:14:23.396 10 INFO neutron.db.ovn_revision_numbers_db [None req-9db11091-459f-45d6-aa69-afd906a2cb56 666683ce59f74e418ed9ee95f283e509 ff43a2eefa8043f9acb8f3e64b073de8 - - default default] Successfully bumped revision number for resource 83605be1-86c8-4f4d-a4ac-057efe038157 (type: security_group_rules) to 0
2026-05-29 23:14:23.411 10 INFO neutron.db.ovn_revision_numbers_db [None req-9db11091-459f-45d6-aa69-afd906a2cb56 666683ce59f74e418ed9ee95f283e509 ff43a2eefa8043f9acb8f3e64b073de8 - - default default] Successfully bumped revision number for resource f16a8e0e-d244-42cf-b86f-76b2944bef4a (type: security_group_rules) to 0
2026-05-29 23:14:23.449 10 INFO neutron.api.wsgi [None req-9db11091-459f-45d6-aa69-afd906a2cb56 666683ce59f74e418ed9ee95f283e509 ff43a2eefa8043f9acb8f3e64b073de8 - - default default] 10.0.0.115 "GET /v2.0/security-groups?tenant_id=a8cfcef3e3a048f08b2400c925ee9ef9&name=default HTTP/1.1" status: 200 len: 3120 time: 0.4836915
2026-05-29 23:14:23.613 9 INFO neutron.db.ovn_revision_numbers_db [None req-5887f6c4-eff8-480d-a8de-17284c9928d3 9178a87e35b540b4a62cd909313ef6cf 3c8427ca5d414f57b86f4b72169b750d - - default default] Successfully bumped revision number for resource 5875761d-f0d1-4761-a3fa-014da6870f0d (type: floatingips) to 2
2026-05-29 23:14:23.664 9 INFO neutron.db.l3_db [None req-5887f6c4-eff8-480d-a8de-17284c9928d3 9178a87e35b540b4a62cd909313ef6cf 3c8427ca5d414f57b86f4b72169b750d - - default default] Floating IP 5875761d-f0d1-4761-a3fa-014da6870f0d disassociated. External IP: 10.96.250.206, port: bf372fe8-5263-46f4-b2f3-5bb6e0a13688.
2026-05-29 23:14:23.695 9 INFO neutron.api.wsgi [None req-5887f6c4-eff8-480d-a8de-17284c9928d3 9178a87e35b540b4a62cd909313ef6cf 3c8427ca5d414f57b86f4b72169b750d - - default default] 10.0.0.115 "PUT /v2.0/floatingips/5875761d-f0d1-4761-a3fa-014da6870f0d HTTP/1.1" status: 200 len: 748 time: 0.2969105
2026-05-29 23:14:23.733 9 INFO neutron.notifiers.nova [-] Nova event matching ['req-c6754630-b222-4d2c-84d6-2606781e83fd'] response: {'name': 'network-changed', 'server_uuid': 'abed00fe-a01d-4d3b-8b26-92f183575e50', 'tag': 'bf372fe8-5263-46f4-b2f3-5bb6e0a13688', 'status': 'completed', 'code': 200}
2026-05-29 23:14:23.738 9 INFO neutron.api.wsgi [None req-d05fdbec-eaf8-4ffe-8bd8-6cbfb2393d37 9178a87e35b540b4a62cd909313ef6cf 3c8427ca5d414f57b86f4b72169b750d - - default default] 10.0.0.115 "GET /v2.0/floatingips/5875761d-f0d1-4761-a3fa-014da6870f0d HTTP/1.1" status: 200 len: 746 time: 0.0345814
2026-05-29 23:14:23.868 10 INFO neutron.notifiers.nova [-] Nova event matching ['req-2e628075-23a5-4dd3-ab1e-6db42b673296'] response: {'server_uuid': 'b4c798db-5f6c-4b58-9b76-c86ef90aeda9', 'name': 'network-vif-plugged', 'status': 'completed', 'tag': 'a1597b58-adc5-4add-a84e-e8b8b048e50d', 'code': 200}
2026-05-29 23:14:24.121 10 INFO neutron.api.wsgi [None req-ca533e4e-dd1d-45bb-9e52-cfb2184b969b 666683ce59f74e418ed9ee95f283e509 ff43a2eefa8043f9acb8f3e64b073de8 - - default default] 10.0.0.115 "DELETE /v2.0/security-groups/56de8905-e4f9-4883-9b21-e511e2dd1b02 HTTP/1.1" status: 204 len: 168 time: 0.6662412 /var/lib/openstack/lib/python3.12/site-packages/pycadf/identifier.py:71: UserWarning: Invalid uuid: neutron. To ensure interoperability, identifiers should be a valid uuid. warnings.warn(('Invalid uuid: %s. To ensure interoperability, '
2026-05-29 23:14:24.250 9 INFO neutron.api.wsgi [req-103985da-f0df-4e2a-b191-dc4017b57801 req-ce2b10cc-6ec2-41f1-b564-04f18be3e174 6c5e501dd839482780fd25d6cb589432 5c4d3999b83e43a28f9ade261e7b1962 - - default default] 10.0.0.10 "GET /v2.0/ports?device_id=b4c798db-5f6c-4b58-9b76-c86ef90aeda9 HTTP/1.1" status: 200 len: 1174 time: 0.0389600
2026-05-29 23:14:24.277 10 INFO neutron.api.wsgi [req-f9502358-95af-44e8-9ec7-545f132136af req-a6b43f51-37f8-4ef0-898c-72a619091fc1 404a085e5dc04a73a07ed911e89adbb0 dbfd979046a24a26a3699b07287782c7 - - 45b280749b834deca4faf0a8d83b225b 45b280749b834deca4faf0a8d83b225b] 199.204.45.95 "GET /v2.0/ports?tenant_id=3c8427ca5d414f57b86f4b72169b750d&device_id=abed00fe-a01d-4d3b-8b26-92f183575e50 HTTP/1.1" status: 200 len: 1409 time: 0.0321028
2026-05-29 23:14:24.294 9 INFO neutron.api.wsgi [req-103985da-f0df-4e2a-b191-dc4017b57801 req-7defa1d4-09d9-4d42-9750-a2f69ca20780 6c5e501dd839482780fd25d6cb589432 5c4d3999b83e43a28f9ade261e7b1962 - - default default] 10.0.0.10 "GET /v2.0/security-groups?id=496ef104-b419-440b-aa25-10f13738830d&fields=id&fields=name HTTP/1.1" status: 200 len: 313 time: 0.0377173
2026-05-29 23:14:24.335 10 INFO neutron.api.wsgi [req-f9502358-95af-44e8-9ec7-545f132136af req-fc55ad07-600d-42b5-839d-99c8d4b1d89d 404a085e5dc04a73a07ed911e89adbb0 dbfd979046a24a26a3699b07287782c7 - - 45b280749b834deca4faf0a8d83b225b 45b280749b834deca4faf0a8d83b225b] 199.204.45.95 "GET /v2.0/networks?id=19edbcb1-784e-4797-8cfb-7e582d7b1c5b HTTP/1.1" status: 200 len: 959 time: 0.0522990
2026-05-29 23:14:24.339 9 INFO neutron.api.wsgi [None req-1925856e-d8d6-422a-a5ea-e314ac98d80b 666683ce59f74e418ed9ee95f283e509 ff43a2eefa8043f9acb8f3e64b073de8 - - default default] 10.0.0.115 "GET /v2.0/security-groups?tenant_id=f2d1a29618fb4b0ebf73d4eebb82a7a9&name=default HTTP/1.1" status: 200 len: 3120 time: 0.0330350
2026-05-29 23:14:24.361 10 INFO neutron.api.wsgi [req-f9502358-95af-44e8-9ec7-545f132136af req-4233b504-18f2-48ad-b487-54a2fe9e85a0 404a085e5dc04a73a07ed911e89adbb0 dbfd979046a24a26a3699b07287782c7 - - 45b280749b834deca4faf0a8d83b225b 45b280749b834deca4faf0a8d83b225b] 199.204.45.95 "GET /v2.0/floatingips?fixed_ip_address=10.100.0.5&port_id=bf372fe8-5263-46f4-b2f3-5bb6e0a13688 HTTP/1.1" status: 200 len: 217 time: 0.0188494
2026-05-29 23:14:24.392 10 INFO neutron.api.wsgi [req-f9502358-95af-44e8-9ec7-545f132136af req-16c83c56-28bb-4299-9d44-dd8fe79ce69f 404a085e5dc04a73a07ed911e89adbb0 dbfd979046a24a26a3699b07287782c7 - - 45b280749b834deca4faf0a8d83b225b 45b280749b834deca4faf0a8d83b225b] 199.204.45.95 "GET /v2.0/subnets?id=53c74e7e-148a-4225-951c-40f0f8252128 HTTP/1.1" status: 200 len: 876 time: 0.0250366
2026-05-29 23:14:24.397 10 INFO neutron.api.wsgi [req-bdca9577-9a79-4cd7-bfe1-d0adde4eb12f req-b5698fb0-88a8-489c-a75a-7d012bdad519 6c5e501dd839482780fd25d6cb589432 5c4d3999b83e43a28f9ade261e7b1962 - - default default] 10.0.0.10 "GET /v2.0/ports?device_id=b4c798db-5f6c-4b58-9b76-c86ef90aeda9 HTTP/1.1" status: 200 len: 1174 time: 0.0379682
2026-05-29 23:14:24.412 10 INFO neutron.api.wsgi [req-f9502358-95af-44e8-9ec7-545f132136af req-586b6683-198e-4fb0-95fc-127515b7db0e 404a085e5dc04a73a07ed911e89adbb0 dbfd979046a24a26a3699b07287782c7 - - 45b280749b834deca4faf0a8d83b225b 45b280749b834deca4faf0a8d83b225b] 199.204.45.95 "GET /v2.0/ports?network_id=19edbcb1-784e-4797-8cfb-7e582d7b1c5b&device_owner=network%3Adhcp HTTP/1.1" status: 200 len: 210 time: 0.0146160
2026-05-29 23:14:24.454 10 INFO neutron.api.wsgi [req-f9502358-95af-44e8-9ec7-545f132136af req-e02877e0-bc74-4508-ba3f-bcabc9dce755 404a085e5dc04a73a07ed911e89adbb0 dbfd979046a24a26a3699b07287782c7 - - 45b280749b834deca4faf0a8d83b225b 45b280749b834deca4faf0a8d83b225b] 199.204.45.95 "GET /v2.0/networks/19edbcb1-784e-4797-8cfb-7e582d7b1c5b?fields=segments HTTP/1.1" status: 200 len: 212 time: 0.0359204
2026-05-29 23:14:24.503 10 INFO neutron.api.wsgi [req-f9502358-95af-44e8-9ec7-545f132136af req-7b394c04-7383-43d4-bdf6-bae26d151978 404a085e5dc04a73a07ed911e89adbb0 dbfd979046a24a26a3699b07287782c7 - - 45b280749b834deca4faf0a8d83b225b 45b280749b834deca4faf0a8d83b225b] 199.204.45.95 "GET /v2.0/networks/19edbcb1-784e-4797-8cfb-7e582d7b1c5b?fields=provider%3Aphysical_network&fields=provider%3Anetwork_type HTTP/1.1" status: 200 len: 277 time: 0.0433526
2026-05-29 23:14:24.755 9 INFO neutron.api.wsgi [None req-71a69bed-31f4-4713-8840-a07be33e01f3 666683ce59f74e418ed9ee95f283e509 ff43a2eefa8043f9acb8f3e64b073de8 - - default default] 10.0.0.115 "DELETE /v2.0/security-groups/445167fc-638d-4354-a285-4f8613985b95 HTTP/1.1" status: 204 len: 168 time: 0.4098072
2026-05-29 23:14:24.837 10 WARNING neutron_lib.context [None req-915c8610-5d4d-4f6d-ac51-49db6ebda817 9178a87e35b540b4a62cd909313ef6cf 3c8427ca5d414f57b86f4b72169b750d - - default default] Method 'is_advsvc' is deprecated since 2023.2 release (neutron-lib 3.8.0) and will be removed once support for the old RBAC API policies will be removed from Neutron. Please use method 'is_service_role' instead.
2026-05-29 23:14:24.980 10 INFO neutron.db.ovn_revision_numbers_db [None req-915c8610-5d4d-4f6d-ac51-49db6ebda817 9178a87e35b540b4a62cd909313ef6cf 3c8427ca5d414f57b86f4b72169b750d - - default default] Successfully bumped revision number for resource d308e46f-31e2-45f1-b105-e0b0a4b1cdc6 (type: security_groups) to 1
2026-05-29 23:14:25.027 10 INFO neutron.db.ovn_revision_numbers_db [None req-915c8610-5d4d-4f6d-ac51-49db6ebda817 9178a87e35b540b4a62cd909313ef6cf 3c8427ca5d414f57b86f4b72169b750d - - default default] Successfully bumped revision number for resource 52bb19bd-bcc0-49c1-971b-424a3c03175b (type: security_group_rules) to 0
2026-05-29 23:14:25.041 10 INFO neutron.db.ovn_revision_numbers_db [None req-915c8610-5d4d-4f6d-ac51-49db6ebda817 9178a87e35b540b4a62cd909313ef6cf 3c8427ca5d414f57b86f4b72169b750d - - default default] Successfully bumped revision number for resource f6afa72d-d971-45e9-a762-2fd236ad1ebb (type: security_group_rules) to 0
2026-05-29 23:14:25.052 9 INFO neutron.db.ovn_revision_numbers_db [None req-dfb3a269-d893-41c4-bd17-0aafe0a20ae2 6c5e501dd839482780fd25d6cb589432 5c4d3999b83e43a28f9ade261e7b1962 - - default default] Successfully bumped revision number for resource a83b2566-9f0b-41bd-bfc2-895c6c463038 (type: floatingips) to 1
2026-05-29 23:14:25.080 10 INFO neutron.api.wsgi [None req-915c8610-5d4d-4f6d-ac51-49db6ebda817 9178a87e35b540b4a62cd909313ef6cf 3c8427ca5d414f57b86f4b72169b750d - - default default] 10.0.0.115 "POST /v2.0/security-groups HTTP/1.1" status: 201 len: 1875 time: 0.2539120
2026-05-29 23:14:25.090 10 WARNING neutron_lib.context [None req-9e224566-862c-4bed-9b39-5a3eb8e97ea3 9178a87e35b540b4a62cd909313ef6cf 3c8427ca5d414f57b86f4b72169b750d - - default default] Method 'is_advsvc' is deprecated since 2023.2 release (neutron-lib 3.8.0) and will be removed once support for the old RBAC API policies will be removed from Neutron. Please use method 'is_service_role' instead.
2026-05-29 23:14:25.155 9 INFO neutron.db.ovn_revision_numbers_db [None req-dfb3a269-d893-41c4-bd17-0aafe0a20ae2 6c5e501dd839482780fd25d6cb589432 5c4d3999b83e43a28f9ade261e7b1962 - - default default] Successfully bumped revision number for resource a83b2566-9f0b-41bd-bfc2-895c6c463038 (type: floatingips) to 2
2026-05-29 23:14:25.155 9 INFO neutron.db.l3_db [None req-dfb3a269-d893-41c4-bd17-0aafe0a20ae2 6c5e501dd839482780fd25d6cb589432 5c4d3999b83e43a28f9ade261e7b1962 - - default default] Floating IP a83b2566-9f0b-41bd-bfc2-895c6c463038 associated. External IP: 10.96.250.214, port: a1597b58-adc5-4add-a84e-e8b8b048e50d.
2026-05-29 23:14:25.181 9 INFO neutron.api.wsgi [None req-dfb3a269-d893-41c4-bd17-0aafe0a20ae2 6c5e501dd839482780fd25d6cb589432 5c4d3999b83e43a28f9ade261e7b1962 - - default default] 10.0.0.115 "PUT /v2.0/floatingips/a83b2566-9f0b-41bd-bfc2-895c6c463038 HTTP/1.1" status: 200 len: 1050 time: 0.7705808
2026-05-29 23:14:25.193 10 INFO neutron.db.ovn_revision_numbers_db [None req-c71afd66-09b6-4d94-8a8d-5b5b7487a3fb 666683ce59f74e418ed9ee95f283e509 ff43a2eefa8043f9acb8f3e64b073de8 - - default default] Successfully bumped revision number for resource 1e6bd374-2f21-49bf-8341-f1b08c3e6a1c (type: security_groups) to 1
2026-05-29 23:14:25.223 10 INFO neutron.db.ovn_revision_numbers_db [None req-c71afd66-09b6-4d94-8a8d-5b5b7487a3fb 666683ce59f74e418ed9ee95f283e509 ff43a2eefa8043f9acb8f3e64b073de8 - - default default] Successfully bumped revision number for resource 03532256-261a-4232-9630-bac99a2068a3 (type: security_group_rules) to 0
2026-05-29 23:14:25.243 10 INFO neutron.db.ovn_revision_numbers_db [None req-9e224566-862c-4bed-9b39-5a3eb8e97ea3 9178a87e35b540b4a62cd909313ef6cf 3c8427ca5d414f57b86f4b72169b750d - - default default] Successfully bumped revision number for resource 10756346-73f9-48bd-b135-10d5edaac8bf (type: security_group_rules) to 0
2026-05-29 23:14:25.245 10 INFO neutron.db.ovn_revision_numbers_db [None req-c71afd66-09b6-4d94-8a8d-5b5b7487a3fb 666683ce59f74e418ed9ee95f283e509 ff43a2eefa8043f9acb8f3e64b073de8 - - default default] Successfully bumped revision number for resource 23e95bd0-58cb-4598-9a5f-17e19475844c (type: security_group_rules) to 0
2026-05-29 23:14:25.267 10 INFO neutron.db.ovn_revision_numbers_db [None req-c71afd66-09b6-4d94-8a8d-5b5b7487a3fb 666683ce59f74e418ed9ee95f283e509 ff43a2eefa8043f9acb8f3e64b073de8 - - default default] Successfully bumped revision number for resource 29f2ba69-98e4-46f3-aead-597f25fe8d8e (type: security_group_rules) to 0
2026-05-29 23:14:25.274 10 INFO neutron.api.wsgi [req-bd6d3b02-161c-4d8f-bc4c-75610ea7232c req-95acb837-5f5b-4f55-a2ce-a2780a6e5e9b 6c5e501dd839482780fd25d6cb589432 5c4d3999b83e43a28f9ade261e7b1962 - - default default] 10.0.0.10 "GET /v2.0/ports?device_id=b4c798db-5f6c-4b58-9b76-c86ef90aeda9 HTTP/1.1" status: 200 len: 1174 time: 0.0400524
2026-05-29 23:14:25.287 10 INFO neutron.db.ovn_revision_numbers_db [None req-c71afd66-09b6-4d94-8a8d-5b5b7487a3fb 666683ce59f74e418ed9ee95f283e509 ff43a2eefa8043f9acb8f3e64b073de8 - - default default] Successfully bumped revision number for resource d947d9e9-a24f-4ed7-ae38-57e43157babf (type: security_group_rules) to 0
2026-05-29 23:14:25.295 10 INFO neutron.api.wsgi [None req-9e224566-862c-4bed-9b39-5a3eb8e97ea3 9178a87e35b540b4a62cd909313ef6cf 3c8427ca5d414f57b86f4b72169b750d - - default default] 10.0.0.115 "POST /v2.0/security-group-rules HTTP/1.1" status: 201 len: 796 time: 0.2097995 /var/lib/openstack/lib/python3.12/site-packages/pycadf/identifier.py:71: UserWarning: Invalid uuid: neutron. To ensure interoperability, identifiers should be a valid uuid. warnings.warn(('Invalid uuid: %s. To ensure interoperability, '
2026-05-29 23:14:25.308 9 WARNING neutron_lib.context [None req-432e03ea-2b0f-411d-bee5-8d71ad66b862 9178a87e35b540b4a62cd909313ef6cf 3c8427ca5d414f57b86f4b72169b750d - - default default] Method 'is_advsvc' is deprecated since 2023.2 release (neutron-lib 3.8.0) and will be removed once support for the old RBAC API policies will be removed from Neutron. Please use method 'is_service_role' instead.
2026-05-29 23:14:25.322 10 INFO neutron.api.wsgi [req-bd6d3b02-161c-4d8f-bc4c-75610ea7232c req-907446dc-8e8b-4d92-9ca1-4ea638f9781d 6c5e501dd839482780fd25d6cb589432 5c4d3999b83e43a28f9ade261e7b1962 - - default default] 10.0.0.10 "GET /v2.0/security-groups?id=496ef104-b419-440b-aa25-10f13738830d&fields=id&fields=name HTTP/1.1" status: 200 len: 313 time: 0.0393233
2026-05-29 23:14:25.329 10 INFO neutron.api.wsgi [None req-c71afd66-09b6-4d94-8a8d-5b5b7487a3fb 666683ce59f74e418ed9ee95f283e509 ff43a2eefa8043f9acb8f3e64b073de8 - - default default] 10.0.0.115 "GET /v2.0/security-groups?tenant_id=422d5f4b3462494da77ecebda1cb12fc&name=default HTTP/1.1" status: 200 len: 3120 time: 0.2753112
2026-05-29 23:14:25.434 9 INFO neutron.db.ovn_revision_numbers_db [None req-432e03ea-2b0f-411d-bee5-8d71ad66b862 9178a87e35b540b4a62cd909313ef6cf 3c8427ca5d414f57b86f4b72169b750d - - default default] Successfully bumped revision number for resource 8198b1a4-fa98-458b-bb8e-638db01fc67f (type: security_group_rules) to 0
2026-05-29 23:14:25.473 9 INFO neutron.api.wsgi [None req-432e03ea-2b0f-411d-bee5-8d71ad66b862 9178a87e35b540b4a62cd909313ef6cf 3c8427ca5d414f57b86f4b72169b750d - - default default] 10.0.0.115 "POST /v2.0/security-group-rules HTTP/1.1" status: 201 len: 795 time: 0.1720369
2026-05-29 23:14:25.487 10 WARNING neutron_lib.context [None req-bfa2f4ee-d28c-4a25-8fdf-7d3b8f4cd10d 9178a87e35b540b4a62cd909313ef6cf 3c8427ca5d414f57b86f4b72169b750d - - default default] Method 'is_advsvc' is deprecated since 2023.2 release (neutron-lib 3.8.0) and will be removed once support for the old RBAC API policies will be removed from Neutron. Please use method 'is_service_role' instead.
2026-05-29 23:14:25.599 10 INFO neutron.api.wsgi [None req-d5519496-8e36-4451-a277-f1d6c319b07f 666683ce59f74e418ed9ee95f283e509 ff43a2eefa8043f9acb8f3e64b073de8 - - default default] 10.0.0.115 "DELETE /v2.0/security-groups/1e6bd374-2f21-49bf-8341-f1b08c3e6a1c HTTP/1.1" status: 204 len: 168 time: 0.2584798
2026-05-29 23:14:25.627 10 INFO neutron.db.ovn_revision_numbers_db [None req-bfa2f4ee-d28c-4a25-8fdf-7d3b8f4cd10d 9178a87e35b540b4a62cd909313ef6cf 3c8427ca5d414f57b86f4b72169b750d - - default default] Successfully bumped revision number for resource b8773d17-a376-4aad-8938-e5eb4b25452d (type: security_group_rules) to 0
2026-05-29 23:14:25.660 10 INFO neutron.api.wsgi [None req-bfa2f4ee-d28c-4a25-8fdf-7d3b8f4cd10d 9178a87e35b540b4a62cd909313ef6cf 3c8427ca5d414f57b86f4b72169b750d - - default default] 10.0.0.115 "POST /v2.0/security-group-rules HTTP/1.1" status: 201 len: 801 time: 0.1777458
2026-05-29 23:14:25.671 10 WARNING neutron_lib.context [None req-028a8fdd-bef8-4622-afee-51f1c85d4450 9178a87e35b540b4a62cd909313ef6cf 3c8427ca5d414f57b86f4b72169b750d - - default default] Method 'is_advsvc' is deprecated since 2023.2 release (neutron-lib 3.8.0) and will be removed once support for the old RBAC API policies will be removed from Neutron. Please use method 'is_service_role' instead.
2026-05-29 23:14:25.681 9 INFO neutron.api.wsgi [req-4ed90b58-390a-472a-bc55-a706b2c19003 req-7cd25574-a2e6-4159-87ad-d8f50ce230a7 6c5e501dd839482780fd25d6cb589432 5c4d3999b83e43a28f9ade261e7b1962 - - default default] 10.0.0.10 "GET /v2.0/ports?device_id=b4c798db-5f6c-4b58-9b76-c86ef90aeda9 HTTP/1.1" status: 200 len: 1174 time: 0.0914006
2026-05-29 23:14:25.726 9 INFO neutron.api.wsgi [req-4ed90b58-390a-472a-bc55-a706b2c19003 req-4096c424-a59f-4b8b-9f4e-0ea8ae195637 6c5e501dd839482780fd25d6cb589432 5c4d3999b83e43a28f9ade261e7b1962 - - default default] 10.0.0.10 "GET /v2.0/security-groups?id=496ef104-b419-440b-aa25-10f13738830d&fields=id&fields=name HTTP/1.1" status: 200 len: 313 time: 0.0369034
2026-05-29 23:14:25.771 9 INFO neutron.notifiers.nova [-] Nova event matching ['req-5cc7fa4c-6448-4b0a-8677-2ca3745b331b'] response: {'name': 'network-changed', 'server_uuid': 'b4c798db-5f6c-4b58-9b76-c86ef90aeda9', 'tag': 'a1597b58-adc5-4add-a84e-e8b8b048e50d', 'status': 'completed', 'code': 200}
2026-05-29 23:14:25.905 10 INFO neutron.db.ovn_revision_numbers_db [None req-028a8fdd-bef8-4622-afee-51f1c85d4450 9178a87e35b540b4a62cd909313ef6cf 3c8427ca5d414f57b86f4b72169b750d - - default default] Successfully bumped revision number for resource bce24761-7901-42a2-95ab-638dfd51e9d1 (type: security_group_rules) to 0
2026-05-29 23:14:25.937 10 INFO neutron.api.wsgi [None req-028a8fdd-bef8-4622-afee-51f1c85d4450 9178a87e35b540b4a62cd909313ef6cf 3c8427ca5d414f57b86f4b72169b750d - - default default] 10.0.0.115 "POST /v2.0/security-group-rules HTTP/1.1" status: 201 len: 800 time: 0.2705412
2026-05-29 23:14:25.946 10 WARNING neutron_lib.context [None req-0d4a2fd5-fbff-4654-8b71-957376c0ea5c 9178a87e35b540b4a62cd909313ef6cf 3c8427ca5d414f57b86f4b72169b750d - - default default] Method 'is_advsvc' is deprecated since 2023.2 release (neutron-lib 3.8.0) and will be removed once support for the old RBAC API policies will be removed from Neutron. Please use method 'is_service_role' instead.
2026-05-29 23:14:25.975 10 INFO neutron.db.securitygroups_db [None req-0d4a2fd5-fbff-4654-8b71-957376c0ea5c 9178a87e35b540b4a62cd909313ef6cf 3c8427ca5d414f57b86f4b72169b750d - - default default] Project 3c8427ca5d414f57b86f4b72169b750d added a security group rule with legacy IPv6 ICMP protocol name icmp, ipv6-icmp should be used instead. It was automatically converted.
2026-05-29 23:14:26.077 10 INFO neutron.db.ovn_revision_numbers_db [None req-0d4a2fd5-fbff-4654-8b71-957376c0ea5c 9178a87e35b540b4a62cd909313ef6cf 3c8427ca5d414f57b86f4b72169b750d - - default default] Successfully bumped revision number for resource 92f097ed-ae19-499a-8059-1fae8cd1b8d4 (type: security_group_rules) to 0
2026-05-29 23:14:26.095 10 INFO neutron.plugins.ml2.drivers.ovn.mech_driver.mech_driver [None req-eb77ef53-1656-4927-9f8d-72c7e62e9d97 - - - - - -] OVN reports status down for port: a1597b58-adc5-4add-a84e-e8b8b048e50d
2026-05-29 23:14:26.116 10 INFO neutron.api.wsgi [None req-0d4a2fd5-fbff-4654-8b71-957376c0ea5c 9178a87e35b540b4a62cd909313ef6cf 3c8427ca5d414f57b86f4b72169b750d - - default default] 10.0.0.115 "POST /v2.0/security-group-rules HTTP/1.1" status: 201 len: 806 time: 0.1748874
2026-05-29 23:14:26.127 10 WARNING neutron_lib.context [None req-3305e6ab-95c6-4d85-b709-092f36478fb0 9178a87e35b540b4a62cd909313ef6cf 3c8427ca5d414f57b86f4b72169b750d - - default default] Method 'is_advsvc' is deprecated since 2023.2 release (neutron-lib 3.8.0) and will be removed once support for the old RBAC API policies will be removed from Neutron. Please use method 'is_service_role' instead.
2026-05-29 23:14:26.174 10 INFO neutron.db.securitygroups_db [None req-3305e6ab-95c6-4d85-b709-092f36478fb0 9178a87e35b540b4a62cd909313ef6cf 3c8427ca5d414f57b86f4b72169b750d - - default default] Project 3c8427ca5d414f57b86f4b72169b750d added a security group rule with legacy IPv6 ICMP protocol name icmp, ipv6-icmp should be used instead. It was automatically converted.
2026-05-29 23:14:26.244 10 INFO neutron.notifiers.nova [-] Nova event matching ['req-9cbc0e68-4d3c-4ae8-975b-e975ebd5e0a3'] response: {'server_uuid': 'b4c798db-5f6c-4b58-9b76-c86ef90aeda9', 'name': 'network-vif-unplugged', 'status': 'completed', 'tag': 'a1597b58-adc5-4add-a84e-e8b8b048e50d', 'code': 200}
2026-05-29 23:14:26.313 10 INFO neutron.api.wsgi [req-b194d0b9-914d-442f-9631-ce41c6f36291 req-5c28a553-c9e9-4339-bcaa-2a5fd086ef43 404a085e5dc04a73a07ed911e89adbb0 dbfd979046a24a26a3699b07287782c7 - - 45b280749b834deca4faf0a8d83b225b 45b280749b834deca4faf0a8d83b225b] 199.204.45.95 "GET /v2.0/ports?tenant_id=5c4d3999b83e43a28f9ade261e7b1962&device_id=b4c798db-5f6c-4b58-9b76-c86ef90aeda9 HTTP/1.1" status: 200 len: 1411 time: 0.0345697
2026-05-29 23:14:26.343 10 INFO neutron.db.ovn_revision_numbers_db [None req-3305e6ab-95c6-4d85-b709-092f36478fb0 9178a87e35b540b4a62cd909313ef6cf 3c8427ca5d414f57b86f4b72169b750d - - default default] Successfully bumped revision number for resource dd9d1ef4-5256-4244-b4f6-0e6946ea93f5 (type: security_group_rules) to 0
2026-05-29 23:14:26.388 10 INFO neutron.api.wsgi [req-b194d0b9-914d-442f-9631-ce41c6f36291 req-53d2fb6e-7981-4d80-a21a-55cb9cead655 404a085e5dc04a73a07ed911e89adbb0 dbfd979046a24a26a3699b07287782c7 - - 45b280749b834deca4faf0a8d83b225b 45b280749b834deca4faf0a8d83b225b] 199.204.45.95 "GET /v2.0/networks?id=e3e64fca-9344-4a64-a43c-50eec3f5370b HTTP/1.1" status: 200 len: 972 time: 0.0706341
2026-05-29 23:14:26.391 10 INFO neutron.api.wsgi [None req-3305e6ab-95c6-4d85-b709-092f36478fb0 9178a87e35b540b4a62cd909313ef6cf 3c8427ca5d414f57b86f4b72169b750d - - default default] 10.0.0.115 "POST /v2.0/security-group-rules HTTP/1.1" status: 201 len: 805 time: 0.2687991
2026-05-29 23:14:26.413 10 INFO neutron.db.ovn_revision_numbers_db [None req-eb77ef53-1656-4927-9f8d-72c7e62e9d97 - - - - - -] Successfully bumped revision number for resource a1597b58-adc5-4add-a84e-e8b8b048e50d (type: ports) to 6
2026-05-29 23:14:26.426 10 INFO neutron.api.wsgi [req-b194d0b9-914d-442f-9631-ce41c6f36291 req-672713a5-6776-446c-816c-c678650dde2d 404a085e5dc04a73a07ed911e89adbb0 dbfd979046a24a26a3699b07287782c7 - - 45b280749b834deca4faf0a8d83b225b 45b280749b834deca4faf0a8d83b225b] 199.204.45.95 "GET /v2.0/floatingips?fixed_ip_address=10.100.0.12&port_id=a1597b58-adc5-4add-a84e-e8b8b048e50d HTTP/1.1" status: 200 len: 1058 time: 0.0335295
2026-05-29 23:14:26.459 10 INFO neutron.api.wsgi [req-b194d0b9-914d-442f-9631-ce41c6f36291 req-080f2d48-5f31-4406-8b14-e92409948948 404a085e5dc04a73a07ed911e89adbb0 dbfd979046a24a26a3699b07287782c7 - - 45b280749b834deca4faf0a8d83b225b 45b280749b834deca4faf0a8d83b225b] 199.204.45.95 "GET /v2.0/subnets?id=3dda6892-4913-486e-876d-160d8653ae95 HTTP/1.1" status: 200 len: 892 time: 0.0265918
2026-05-29 23:14:26.481 10 INFO neutron.api.wsgi [req-b194d0b9-914d-442f-9631-ce41c6f36291 req-294c2017-047e-4e88-931e-4b12c552b2c6 404a085e5dc04a73a07ed911e89adbb0 dbfd979046a24a26a3699b07287782c7 - - 45b280749b834deca4faf0a8d83b225b 45b280749b834deca4faf0a8d83b225b] 199.204.45.95 "GET /v2.0/ports?network_id=e3e64fca-9344-4a64-a43c-50eec3f5370b&device_owner=network%3Adhcp HTTP/1.1" status: 200 len: 210 time: 0.0160842 /var/lib/openstack/lib/python3.12/site-packages/pycadf/identifier.py:71: UserWarning: Invalid uuid: neutron. To ensure interoperability, identifiers should be a valid uuid. warnings.warn(('Invalid uuid: %s. To ensure interoperability, '
2026-05-29 23:14:26.546 10 INFO neutron.api.wsgi [req-b194d0b9-914d-442f-9631-ce41c6f36291 req-78d8cd1a-0eef-403d-a81e-1cf6ed123640 404a085e5dc04a73a07ed911e89adbb0 dbfd979046a24a26a3699b07287782c7 - - 45b280749b834deca4faf0a8d83b225b 45b280749b834deca4faf0a8d83b225b] 199.204.45.95 "GET /v2.0/networks/e3e64fca-9344-4a64-a43c-50eec3f5370b?fields=segments HTTP/1.1" status: 200 len: 212 time: 0.0556967
2026-05-29 23:14:26.585 10 INFO neutron.api.wsgi [req-b194d0b9-914d-442f-9631-ce41c6f36291 req-0a95021b-ef3d-497c-8929-78fb9454ad5a 404a085e5dc04a73a07ed911e89adbb0 dbfd979046a24a26a3699b07287782c7 - - 45b280749b834deca4faf0a8d83b225b 45b280749b834deca4faf0a8d83b225b] 199.204.45.95 "GET /v2.0/networks/e3e64fca-9344-4a64-a43c-50eec3f5370b?fields=provider%3Aphysical_network&fields=provider%3Anetwork_type HTTP/1.1" status: 200 len: 277 time: 0.0337901
2026-05-29 23:14:26.823 9 INFO neutron.api.wsgi [req-cf0189b5-f5fe-48f0-8f12-658b4a57b7fa req-3d2dc359-a131-444e-b796-9228a3bcf731 6c5e501dd839482780fd25d6cb589432 5c4d3999b83e43a28f9ade261e7b1962 - - default default] 10.0.0.10 "GET /v2.0/ports?device_id=b4c798db-5f6c-4b58-9b76-c86ef90aeda9 HTTP/1.1" status: 200 len: 1172 time: 0.0380437
2026-05-29 23:14:26.877 9 INFO neutron.api.wsgi [req-cf0189b5-f5fe-48f0-8f12-658b4a57b7fa req-c2b80bef-3102-468f-b57e-91e820e5ba91 6c5e501dd839482780fd25d6cb589432 5c4d3999b83e43a28f9ade261e7b1962 - - default default] 10.0.0.10 "GET /v2.0/security-groups?id=496ef104-b419-440b-aa25-10f13738830d&fields=id&fields=name HTTP/1.1" status: 200 len: 313 time: 0.0472791
2026-05-29 23:14:26.995 9 INFO neutron.api.wsgi [None req-477c18fc-42a8-40d3-8792-c8c397b3fc2e 9178a87e35b540b4a62cd909313ef6cf 3c8427ca5d414f57b86f4b72169b750d - - default default] 10.0.0.115 "GET /v2.0/networks HTTP/1.1" status: 200 len: 1493 time: 0.2460108
2026-05-29 23:14:27.111 10 INFO neutron.api.wsgi [req-841468d0-cadb-41a5-9127-4649b6c53228 req-51d31061-a5d6-4bf2-9a9e-3d4000fdc763 9178a87e35b540b4a62cd909313ef6cf 3c8427ca5d414f57b86f4b72169b750d - - default default] 10.0.0.10 "GET /v2.0/security-groups?name=tempest-secgroup-smoke-1220181099&fields=id&tenant_id=3c8427ca5d414f57b86f4b72169b750d HTTP/1.1" status: 200 len: 267 time: 0.0327733
2026-05-29 23:14:27.165 10 INFO neutron.api.wsgi [req-841468d0-cadb-41a5-9127-4649b6c53228 req-ef809956-9156-414a-8d78-0ff7bb5bff71 9178a87e35b540b4a62cd909313ef6cf 3c8427ca5d414f57b86f4b72169b750d - - default default] 10.0.0.10 "GET /v2.0/networks?id=19edbcb1-784e-4797-8cfb-7e582d7b1c5b HTTP/1.1" status: 200 len: 860 time: 0.0466321
2026-05-29 23:14:27.179 10 INFO neutron.api.wsgi [req-841468d0-cadb-41a5-9127-4649b6c53228 req-660d714d-234b-426a-9eea-b676367b3d07 9178a87e35b540b4a62cd909313ef6cf 3c8427ca5d414f57b86f4b72169b750d - - default default] 10.0.0.10 "GET /v2.0/quotas/3c8427ca5d414f57b86f4b72169b750d HTTP/1.1" status: 200 len: 491 time: 0.0071361
2026-05-29 23:14:27.291 10 INFO neutron.api.wsgi [req-841468d0-cadb-41a5-9127-4649b6c53228 req-0290c732-6113-4b96-b90e-d850fac2ca7f 9178a87e35b540b4a62cd909313ef6cf 3c8427ca5d414f57b86f4b72169b750d - - default default] 10.0.0.10 "GET /v2.0/ports?tenant_id=3c8427ca5d414f57b86f4b72169b750d&fields=id HTTP/1.1" status: 200 len: 348 time: 0.1063716
2026-05-29 23:14:27.360 10 INFO neutron.api.wsgi [req-87ed123a-5495-4af2-8f39-3ab5ac7f4785 req-6e02ab6c-88de-4000-a9f3-f71297edb9e1 6c5e501dd839482780fd25d6cb589432 5c4d3999b83e43a28f9ade261e7b1962 - - default default] 199.204.45.95 "GET /v2.0/ports?device_id=b4c798db-5f6c-4b58-9b76-c86ef90aeda9 HTTP/1.1" status: 200 len: 1172 time: 0.0442383
2026-05-29 23:14:27.378 10 INFO neutron.api.wsgi [req-841468d0-cadb-41a5-9127-4649b6c53228 req-fbbcfb08-6068-4e85-b0e4-362e19c916ed 404a085e5dc04a73a07ed911e89adbb0 dbfd979046a24a26a3699b07287782c7 - - 45b280749b834deca4faf0a8d83b225b 45b280749b834deca4faf0a8d83b225b] 10.0.0.10 "GET /v2.0/networks/19edbcb1-784e-4797-8cfb-7e582d7b1c5b?fields=segments HTTP/1.1" status: 200 len: 212 time: 0.0757804
2026-05-29 23:14:27.443 10 INFO neutron.api.wsgi [req-841468d0-cadb-41a5-9127-4649b6c53228 req-8a6d6bcf-a3be-46f7-adb7-d09e879c5f5e 404a085e5dc04a73a07ed911e89adbb0 dbfd979046a24a26a3699b07287782c7 - - 45b280749b834deca4faf0a8d83b225b 45b280749b834deca4faf0a8d83b225b] 10.0.0.10 "GET /v2.0/networks/19edbcb1-784e-4797-8cfb-7e582d7b1c5b?fields=provider%3Aphysical_network&fields=provider%3Anetwork_type HTTP/1.1" status: 200 len: 277 time: 0.0520577
2026-05-29 23:14:27.592 9 INFO neutron.api.wsgi [req-7095415c-498f-4a7f-bed8-eb51591c7624 req-b1977bd4-7404-4aac-9ce1-350d2228bfcc 9178a87e35b540b4a62cd909313ef6cf 3c8427ca5d414f57b86f4b72169b750d - - default default] 10.0.0.10 "GET /v2.0/ports?device_id=dc5696e9-ea6f-480c-8d87-172717e889ab HTTP/1.1" status: 200 len: 210 time: 0.0211642
2026-05-29 23:14:27.671 10 INFO neutron.db.l3_db [req-87ed123a-5495-4af2-8f39-3ab5ac7f4785 req-1de0b9c4-d8f0-4ab6-a19b-7ed5b93b1496 6c5e501dd839482780fd25d6cb589432 5c4d3999b83e43a28f9ade261e7b1962 - - default default] Floating IP a83b2566-9f0b-41bd-bfc2-895c6c463038 disassociated. External IP: 10.96.250.214, port: a1597b58-adc5-4add-a84e-e8b8b048e50d.
2026-05-29 23:14:27.783 10 INFO neutron.api.wsgi [req-87ed123a-5495-4af2-8f39-3ab5ac7f4785 req-1de0b9c4-d8f0-4ab6-a19b-7ed5b93b1496 6c5e501dd839482780fd25d6cb589432 5c4d3999b83e43a28f9ade261e7b1962 - - default default] 199.204.45.95 "DELETE /v2.0/ports/a1597b58-adc5-4add-a84e-e8b8b048e50d HTTP/1.1" status: 204 len: 173 time: 0.4197550
2026-05-29 23:14:27.961 10 INFO neutron.api.wsgi [req-7a7d2a91-23a7-4be2-ab8c-f90105b63e2b req-29ae418a-c5d2-4ceb-b544-e3d78b434a1f 6c5e501dd839482780fd25d6cb589432 5c4d3999b83e43a28f9ade261e7b1962 - - default default] 10.0.0.10 "GET /v2.0/ports?device_id=b4c798db-5f6c-4b58-9b76-c86ef90aeda9 HTTP/1.1" status: 200 len: 210 time: 0.0190542
2026-05-29 23:14:28.254 10 INFO neutron.api.wsgi [req-973934d4-52f1-4542-a8bb-7590ff21643b req-d183be48-c992-47a6-8317-e6e1c6ad56dc 404a085e5dc04a73a07ed911e89adbb0 dbfd979046a24a26a3699b07287782c7 - - 45b280749b834deca4faf0a8d83b225b 45b280749b834deca4faf0a8d83b225b] 10.0.0.113 "GET /v2.0/ports?device_id=305b671c-8579-4cb8-95a5-906eaf840a22 HTTP/1.1" status: 200 len: 1413 time: 0.2332094
2026-05-29 23:14:28.277 10 INFO neutron.notifiers.nova [-] Nova event matching ['req-3a002dba-bc6a-4f72-9146-5b54eff74363'] response: {'server_uuid': 'b4c798db-5f6c-4b58-9b76-c86ef90aeda9', 'name': 'network-vif-unplugged', 'status': 'completed', 'tag': 'a1597b58-adc5-4add-a84e-e8b8b048e50d', 'code': 200}
2026-05-29 23:14:28.278 10 INFO neutron.notifiers.nova [-] Nova event matching ['req-3a002dba-bc6a-4f72-9146-5b54eff74363'] response: {'server_uuid': 'b4c798db-5f6c-4b58-9b76-c86ef90aeda9', 'name': 'network-vif-deleted', 'tag': 'a1597b58-adc5-4add-a84e-e8b8b048e50d', 'status': 'completed', 'code': 200}
2026-05-29 23:14:28.308 10 INFO neutron.api.wsgi [req-973934d4-52f1-4542-a8bb-7590ff21643b req-59387e8a-374d-4d39-9679-5b2cbba46381 404a085e5dc04a73a07ed911e89adbb0 dbfd979046a24a26a3699b07287782c7 - - 45b280749b834deca4faf0a8d83b225b 45b280749b834deca4faf0a8d83b225b] 10.0.0.113 "GET /v2.0/security-groups?id=0edfb6c0-aac1-4968-a713-5fdc36e866c7&fields=id&fields=name HTTP/1.1" status: 200 len: 313 time: 0.0474396
2026-05-29 23:14:28.682 10 INFO neutron.api.wsgi [req-574e477d-010e-4ae0-a627-375d57fe615b req-fe769008-9f32-49a1-befb-a55952e5b12b 9178a87e35b540b4a62cd909313ef6cf 3c8427ca5d414f57b86f4b72169b750d - - default default] 10.0.0.10 "GET /v2.0/ports?device_id=dc5696e9-ea6f-480c-8d87-172717e889ab HTTP/1.1" status: 200 len: 210 time: 0.0217640 /var/lib/openstack/lib/python3.12/site-packages/pycadf/identifier.py:71: UserWarning: Invalid uuid: neutron. To ensure interoperability, identifiers should be a valid uuid. warnings.warn(('Invalid uuid: %s. To ensure interoperability, '
2026-05-29 23:14:29.042 9 INFO neutron.api.wsgi [req-26d75588-e50e-441b-836d-49f34bc34353 req-c07ac2b3-0d38-4c26-912a-212c3650488c 6c5e501dd839482780fd25d6cb589432 5c4d3999b83e43a28f9ade261e7b1962 - - default default] 10.0.0.10 "GET /v2.0/ports?device_id=b4c798db-5f6c-4b58-9b76-c86ef90aeda9 HTTP/1.1" status: 200 len: 210 time: 0.0227969
2026-05-29 23:14:29.771 10 INFO neutron.api.wsgi [req-41e7f38f-a53f-41a5-881d-ea0ade46bc55 req-ace2d48d-45dc-49a6-a0e2-1299335a622b 9178a87e35b540b4a62cd909313ef6cf 3c8427ca5d414f57b86f4b72169b750d - - default default] 10.0.0.10 "GET /v2.0/ports?device_id=dc5696e9-ea6f-480c-8d87-172717e889ab HTTP/1.1" status: 200 len: 210 time: 0.0208170
2026-05-29 23:14:29.959 9 WARNING neutron_lib.context [None req-0f95c534-d9ff-4499-a53a-e46a75ea2836 5de2020403e04b39b75ab187c842556a 10231d1afae9415bb904e76e6a8921e8 - - default default] Method 'is_advsvc' is deprecated since 2023.2 release (neutron-lib 3.8.0) and will be removed once support for the old RBAC API policies will be removed from Neutron. Please use method 'is_service_role' instead.
2026-05-29 23:14:30.093 9 INFO neutron.db.ovn_revision_numbers_db [None req-0f95c534-d9ff-4499-a53a-e46a75ea2836 5de2020403e04b39b75ab187c842556a 10231d1afae9415bb904e76e6a8921e8 - - default default] Successfully bumped revision number for resource 2abdc6c0-4a7c-48c6-b9e1-4d535e6dede9 (type: routers) to 1
2026-05-29 23:14:30.115 9 INFO neutron.api.wsgi [None req-0f95c534-d9ff-4499-a53a-e46a75ea2836 5de2020403e04b39b75ab187c842556a 10231d1afae9415bb904e76e6a8921e8 - - default default] 10.0.0.115 "POST /v2.0/routers HTTP/1.1" status: 201 len: 769 time: 0.3038383
2026-05-29 23:14:30.124 10 WARNING neutron_lib.context [None req-c92019fb-9743-49d6-9982-02632400b120 5de2020403e04b39b75ab187c842556a 10231d1afae9415bb904e76e6a8921e8 - - default default] Method 'is_advsvc' is deprecated since 2023.2 release (neutron-lib 3.8.0) and will be removed once support for the old RBAC API policies will be removed from Neutron. Please use method 'is_service_role' instead.
2026-05-29 23:14:30.146 9 INFO neutron.api.wsgi [req-c379aa57-1e17-4542-b4ae-f6e065b6634a req-06a9d0dd-3d9d-412b-b608-ad2ec9fb35f5 6c5e501dd839482780fd25d6cb589432 5c4d3999b83e43a28f9ade261e7b1962 - - default default] 10.0.0.10 "GET /v2.0/ports?device_id=b4c798db-5f6c-4b58-9b76-c86ef90aeda9 HTTP/1.1" status: 200 len: 210 time: 0.0296266
2026-05-29 23:14:30.219 10 INFO neutron.db.ovn_revision_numbers_db [None req-c92019fb-9743-49d6-9982-02632400b120 5de2020403e04b39b75ab187c842556a 10231d1afae9415bb904e76e6a8921e8 - - default default] Successfully bumped revision number for resource 71fbb53c-d523-43f6-bbdd-ed149973b94e (type: routers) to 1
2026-05-29 23:14:30.231 10 INFO neutron.api.wsgi [None req-c92019fb-9743-49d6-9982-02632400b120 5de2020403e04b39b75ab187c842556a 10231d1afae9415bb904e76e6a8921e8 - - default default] 10.0.0.115 "POST /v2.0/routers HTTP/1.1" status: 201 len: 769 time: 0.1126420
