2026-05-29 23:17:49.766 9 INFO neutron.db.ovn_revision_numbers_db [None req-6a2cd2f1-12a6-4f47-9d84-45793e735ffb 275d0b38652a48c88fc7a7baa0d3feb4 149f414febcc4295aa850eeca7d4a61c - - default default] Successfully bumped revision number for resource a3c4908a-121d-47dd-8c34-8467ac78a09b (type: router_ports) to 1
2026-05-29 23:17:49.853 9 INFO neutron.db.ovn_revision_numbers_db [None req-6a2cd2f1-12a6-4f47-9d84-45793e735ffb 275d0b38652a48c88fc7a7baa0d3feb4 149f414febcc4295aa850eeca7d4a61c - - default default] Successfully bumped revision number for resource 1a7a040c-cc0a-4f28-952b-b2c158c68718 (type: routers) to 2
2026-05-29 23:17:49.869 9 INFO neutron.api.wsgi [None req-6a2cd2f1-12a6-4f47-9d84-45793e735ffb 275d0b38652a48c88fc7a7baa0d3feb4 149f414febcc4295aa850eeca7d4a61c - - default default] 10.0.0.115 "POST /v2.0/routers HTTP/1.1" status: 201 len: 1144 time: 1.1600003
2026-05-29 23:17:50.035 10 INFO neutron.db.ovn_revision_numbers_db [None req-78c6fa1b-63dd-4787-84ba-dcd2fb9f5fa4 - - - - - -] Successfully bumped revision number for resource 184fe871-043d-47d3-b044-40af2759dbad (type: ports) to 2
2026-05-29 23:17:50.075 10 INFO neutron.db.ovn_revision_numbers_db [None req-78c6fa1b-63dd-4787-84ba-dcd2fb9f5fa4 - - - - - -] Successfully bumped revision number for resource aa00cb22-4112-4745-ba22-9a61eeba12fb (type: subnets) to 0
2026-05-29 23:17:50.094 10 INFO neutron.api.wsgi [None req-88c0bd1c-754d-48fe-9c6a-be6194300477 1e20cbc97eee4035a11f30d2372ae0a5 1fd64da9f6ec4777a1d1ff7819c79c16 - - default default] 10.0.0.115 "POST /v2.0/subnets HTTP/1.1" status: 201 len: 828 time: 0.6764174
2026-05-29 23:17:50.107 10 WARNING neutron_lib.context [None req-4896cb90-f023-4bdd-a9c5-142e59860501 1e20cbc97eee4035a11f30d2372ae0a5 1fd64da9f6ec4777a1d1ff7819c79c16 - - default default] Method 'is_advsvc' is deprecated since 2023.2 release (neutron-lib 3.8.0) and will be removed once support for the old RBAC API policies will be removed from Neutron. Please use method 'is_service_role' instead.
2026-05-29 23:17:50.494 9 INFO neutron.db.ovn_revision_numbers_db [None req-f49b4b0f-3868-48a9-8c8e-ede07f5dfd7f - - - - - -] Successfully bumped revision number for resource a3c4908a-121d-47dd-8c34-8467ac78a09b (type: ports) to 1
2026-05-29 23:17:50.533 10 WARNING neutron.scheduler.dhcp_agent_scheduler [None req-4896cb90-f023-4bdd-a9c5-142e59860501 1e20cbc97eee4035a11f30d2372ae0a5 1fd64da9f6ec4777a1d1ff7819c79c16 - - default default] No more DHCP agents
2026-05-29 23:17:50.534 10 WARNING neutron.api.rpc.agentnotifiers.dhcp_rpc_agent_api [None req-4896cb90-f023-4bdd-a9c5-142e59860501 1e20cbc97eee4035a11f30d2372ae0a5 1fd64da9f6ec4777a1d1ff7819c79c16 - - default default] Unable to schedule network b8200611-667e-49a6-aeeb-7a7c3a7ee2a0: no agents available; will retry on subsequent port and subnet creation events.
2026-05-29 23:17:50.655 10 INFO neutron.db.ovn_revision_numbers_db [None req-4896cb90-f023-4bdd-a9c5-142e59860501 1e20cbc97eee4035a11f30d2372ae0a5 1fd64da9f6ec4777a1d1ff7819c79c16 - - default default] Successfully bumped revision number for resource 2178810d-79f0-47c3-a0f1-c553849317b0 (type: ports) to 1
2026-05-29 23:17:50.677 9 WARNING neutron.scheduler.dhcp_agent_scheduler [None req-559bed9a-6148-4e68-95e7-bdb15060c9f7 275d0b38652a48c88fc7a7baa0d3feb4 149f414febcc4295aa850eeca7d4a61c - - default default] No more DHCP agents
2026-05-29 23:17:50.680 9 WARNING neutron.api.rpc.agentnotifiers.dhcp_rpc_agent_api [None req-559bed9a-6148-4e68-95e7-bdb15060c9f7 275d0b38652a48c88fc7a7baa0d3feb4 149f414febcc4295aa850eeca7d4a61c - - default default] Unable to schedule network 0f418a5f-a807-437d-9891-2d9400ce0392: no agents available; will retry on subsequent port and subnet creation events.
2026-05-29 23:17:50.824 9 INFO neutron.db.ovn_revision_numbers_db [None req-559bed9a-6148-4e68-95e7-bdb15060c9f7 275d0b38652a48c88fc7a7baa0d3feb4 149f414febcc4295aa850eeca7d4a61c - - default default] Successfully bumped revision number for resource 893d3cda-ec49-495e-af92-7e14c8d75886 (type: ports) to 1
2026-05-29 23:17:50.887 9 INFO neutron.db.ovn_revision_numbers_db [None req-f49b4b0f-3868-48a9-8c8e-ede07f5dfd7f - - - - - -] Successfully bumped revision number for resource a3c4908a-121d-47dd-8c34-8467ac78a09b (type: ports) to 4
2026-05-29 23:17:51.223 10 INFO neutron.plugins.ml2.drivers.ovn.mech_driver.ovsdb.commands [None req-101301b3-0872-48e3-a5f2-c2f828974b08 - - - - - -] Schedule LRP lrp-2178810d-79f0-47c3-a0f1-c553849317b0 on gateway e8322966-2a75-4155-bf80-7bdca052e51e with priority 1
2026-05-29 23:17:51.224 9 INFO neutron.db.ovn_revision_numbers_db [None req-f49b4b0f-3868-48a9-8c8e-ede07f5dfd7f - - - - - -] Successfully bumped revision number for resource a3c4908a-121d-47dd-8c34-8467ac78a09b (type: ports) to 5
2026-05-29 23:17:51.233 10 INFO neutron.plugins.ml2.drivers.ovn.mech_driver.mech_driver [None req-166d4fb7-9839-4b14-af70-81ecb0d86d75 - - - - - -] OVN reports status up for port: 2178810d-79f0-47c3-a0f1-c553849317b0
2026-05-29 23:17:51.249 10 INFO neutron.plugins.ml2.plugin [None req-166d4fb7-9839-4b14-af70-81ecb0d86d75 - - - - - -] Attempt 1 to provision port 2178810d-79f0-47c3-a0f1-c553849317b0
2026-05-29 23:17:51.272 10 INFO neutron.db.ovn_revision_numbers_db [None req-4896cb90-f023-4bdd-a9c5-142e59860501 1e20cbc97eee4035a11f30d2372ae0a5 1fd64da9f6ec4777a1d1ff7819c79c16 - - default default] Successfully bumped revision number for resource 2178810d-79f0-47c3-a0f1-c553849317b0 (type: router_ports) to 1
2026-05-29 23:17:51.333 10 INFO neutron.db.ovn_revision_numbers_db [None req-4896cb90-f023-4bdd-a9c5-142e59860501 1e20cbc97eee4035a11f30d2372ae0a5 1fd64da9f6ec4777a1d1ff7819c79c16 - - default default] Successfully bumped revision number for resource 17ac568c-73f6-4783-b2cb-2c84c00ff797 (type: routers) to 2
2026-05-29 23:17:51.349 10 INFO neutron.api.wsgi [None req-4896cb90-f023-4bdd-a9c5-142e59860501 1e20cbc97eee4035a11f30d2372ae0a5 1fd64da9f6ec4777a1d1ff7819c79c16 - - default default] 10.0.0.115 "POST /v2.0/routers HTTP/1.1" status: 201 len: 1136 time: 1.2465119
2026-05-29 23:17:51.426 9 INFO neutron.db.ovn_revision_numbers_db [None req-559bed9a-6148-4e68-95e7-bdb15060c9f7 275d0b38652a48c88fc7a7baa0d3feb4 149f414febcc4295aa850eeca7d4a61c - - default default] Successfully bumped revision number for resource 893d3cda-ec49-495e-af92-7e14c8d75886 (type: ports) to 1
2026-05-29 23:17:51.474 9 WARNING neutron.scheduler.dhcp_agent_scheduler [None req-559bed9a-6148-4e68-95e7-bdb15060c9f7 275d0b38652a48c88fc7a7baa0d3feb4 149f414febcc4295aa850eeca7d4a61c - - default default] No more DHCP agents
2026-05-29 23:17:51.475 9 WARNING neutron.api.rpc.agentnotifiers.dhcp_rpc_agent_api [None req-559bed9a-6148-4e68-95e7-bdb15060c9f7 275d0b38652a48c88fc7a7baa0d3feb4 149f414febcc4295aa850eeca7d4a61c - - default default] Unable to schedule network 0f418a5f-a807-437d-9891-2d9400ce0392: no agents available; will retry on subsequent port and subnet creation events.
2026-05-29 23:17:51.796 9 INFO neutron.db.ovn_revision_numbers_db [None req-559bed9a-6148-4e68-95e7-bdb15060c9f7 275d0b38652a48c88fc7a7baa0d3feb4 149f414febcc4295aa850eeca7d4a61c - - default default] Successfully bumped revision number for resource 893d3cda-ec49-495e-af92-7e14c8d75886 (type: router_ports) to 1
2026-05-29 23:17:51.801 9 INFO neutron.api.wsgi [None req-559bed9a-6148-4e68-95e7-bdb15060c9f7 275d0b38652a48c88fc7a7baa0d3feb4 149f414febcc4295aa850eeca7d4a61c - - default default] 10.0.0.115 "PUT /v2.0/routers/1a7a040c-cc0a-4f28-952b-b2c158c68718/add_router_interface HTTP/1.1" status: 200 len: 503 time: 1.9248300
2026-05-29 23:17:51.858 10 WARNING neutron.scheduler.dhcp_agent_scheduler [None req-11f1d866-3282-489e-8179-4569681b6bbb 1e20cbc97eee4035a11f30d2372ae0a5 1fd64da9f6ec4777a1d1ff7819c79c16 - - default default] No more DHCP agents
2026-05-29 23:17:51.859 10 WARNING neutron.api.rpc.agentnotifiers.dhcp_rpc_agent_api [None req-11f1d866-3282-489e-8179-4569681b6bbb 1e20cbc97eee4035a11f30d2372ae0a5 1fd64da9f6ec4777a1d1ff7819c79c16 - - default default] Unable to schedule network 827585c2-dcc4-4d96-a5ff-825c83ec6864: no agents available; will retry on subsequent port and subnet creation events.
2026-05-29 23:17:51.978 10 INFO neutron.db.ovn_revision_numbers_db [None req-11f1d866-3282-489e-8179-4569681b6bbb 1e20cbc97eee4035a11f30d2372ae0a5 1fd64da9f6ec4777a1d1ff7819c79c16 - - default default] Successfully bumped revision number for resource 4a0d38f4-5dc4-4286-80bd-d6109ba11c9a (type: ports) to 1
2026-05-29 23:17:52.260 9 WARNING neutron.scheduler.dhcp_agent_scheduler [None req-7163b73c-3753-4eb8-9257-595af8d62405 275d0b38652a48c88fc7a7baa0d3feb4 149f414febcc4295aa850eeca7d4a61c - - default default] No more DHCP agents
2026-05-29 23:17:52.261 9 WARNING neutron.api.rpc.agentnotifiers.dhcp_rpc_agent_api [None req-7163b73c-3753-4eb8-9257-595af8d62405 275d0b38652a48c88fc7a7baa0d3feb4 149f414febcc4295aa850eeca7d4a61c - - default default] Unable to schedule network 2a1eb324-1e7a-4e7a-a7a2-9815bf98ebe2: no agents available; will retry on subsequent port and subnet creation events.
2026-05-29 23:17:52.432 9 INFO neutron.db.ovn_revision_numbers_db [None req-7163b73c-3753-4eb8-9257-595af8d62405 275d0b38652a48c88fc7a7baa0d3feb4 149f414febcc4295aa850eeca7d4a61c - - default default] Successfully bumped revision number for resource d774e7b7-4f4b-4ee2-868a-a05b845132b6 (type: ports) to 1
2026-05-29 23:17:52.525 9 INFO neutron.plugins.ml2.drivers.ovn.mech_driver.mech_driver [None req-11caa905-d423-4e6e-9be7-fdf8c44799d6 - - - - - -] OVN reports status up for port: 4a0d38f4-5dc4-4286-80bd-d6109ba11c9a
2026-05-29 23:17:52.537 9 INFO neutron.plugins.ml2.plugin [None req-11caa905-d423-4e6e-9be7-fdf8c44799d6 - - - - - -] Attempt 1 to provision port 4a0d38f4-5dc4-4286-80bd-d6109ba11c9a
2026-05-29 23:17:52.541 10 INFO neutron.db.ovn_revision_numbers_db [None req-11f1d866-3282-489e-8179-4569681b6bbb 1e20cbc97eee4035a11f30d2372ae0a5 1fd64da9f6ec4777a1d1ff7819c79c16 - - default default] Successfully bumped revision number for resource 4a0d38f4-5dc4-4286-80bd-d6109ba11c9a (type: ports) to 1
2026-05-29 23:17:52.590 10 WARNING neutron.scheduler.dhcp_agent_scheduler [None req-11f1d866-3282-489e-8179-4569681b6bbb 1e20cbc97eee4035a11f30d2372ae0a5 1fd64da9f6ec4777a1d1ff7819c79c16 - - default default] No more DHCP agents
2026-05-29 23:17:52.591 10 WARNING neutron.api.rpc.agentnotifiers.dhcp_rpc_agent_api [None req-11f1d866-3282-489e-8179-4569681b6bbb 1e20cbc97eee4035a11f30d2372ae0a5 1fd64da9f6ec4777a1d1ff7819c79c16 - - default default] Unable to schedule network 827585c2-dcc4-4d96-a5ff-825c83ec6864: no agents available; will retry on subsequent port and subnet creation events.
2026-05-29 23:17:52.896 10 INFO neutron.db.ovn_revision_numbers_db [None req-11f1d866-3282-489e-8179-4569681b6bbb 1e20cbc97eee4035a11f30d2372ae0a5 1fd64da9f6ec4777a1d1ff7819c79c16 - - default default] Successfully bumped revision number for resource 4a0d38f4-5dc4-4286-80bd-d6109ba11c9a (type: router_ports) to 1
2026-05-29 23:17:52.903 10 INFO neutron.api.wsgi [None req-11f1d866-3282-489e-8179-4569681b6bbb 1e20cbc97eee4035a11f30d2372ae0a5 1fd64da9f6ec4777a1d1ff7819c79c16 - - default default] 10.0.0.115 "PUT /v2.0/routers/17ac568c-73f6-4783-b2cb-2c84c00ff797/add_router_interface HTTP/1.1" status: 200 len: 503 time: 1.5484169
2026-05-29 23:17:52.904 9 INFO neutron.db.ovn_revision_numbers_db [None req-11caa905-d423-4e6e-9be7-fdf8c44799d6 - - - - - -] Successfully bumped revision number for resource 4a0d38f4-5dc4-4286-80bd-d6109ba11c9a (type: ports) to 2
2026-05-29 23:17:52.913 10 WARNING neutron_lib.context [None req-9af3399d-edb0-4a3f-87a9-ad41e290a1ea 1e20cbc97eee4035a11f30d2372ae0a5 1fd64da9f6ec4777a1d1ff7819c79c16 - - default default] Method 'is_advsvc' is deprecated since 2023.2 release (neutron-lib 3.8.0) and will be removed once support for the old RBAC API policies will be removed from Neutron. Please use method 'is_service_role' instead.
2026-05-29 23:17:53.089 9 INFO neutron.db.ovn_revision_numbers_db [None req-7163b73c-3753-4eb8-9257-595af8d62405 275d0b38652a48c88fc7a7baa0d3feb4 149f414febcc4295aa850eeca7d4a61c - - default default] Successfully bumped revision number for resource d774e7b7-4f4b-4ee2-868a-a05b845132b6 (type: ports) to 1
2026-05-29 23:17:53.140 9 WARNING neutron.scheduler.dhcp_agent_scheduler [None req-7163b73c-3753-4eb8-9257-595af8d62405 275d0b38652a48c88fc7a7baa0d3feb4 149f414febcc4295aa850eeca7d4a61c - - default default] No more DHCP agents
2026-05-29 23:17:53.142 9 WARNING neutron.api.rpc.agentnotifiers.dhcp_rpc_agent_api [None req-7163b73c-3753-4eb8-9257-595af8d62405 275d0b38652a48c88fc7a7baa0d3feb4 149f414febcc4295aa850eeca7d4a61c - - default default] Unable to schedule network 2a1eb324-1e7a-4e7a-a7a2-9815bf98ebe2: no agents available; will retry on subsequent port and subnet creation events.
2026-05-29 23:17:53.360 10 WARNING neutron.scheduler.dhcp_agent_scheduler [None req-bb382a4c-1f68-40d7-b5db-750ab9c3018c - - - - - -] No more DHCP agents
2026-05-29 23:17:53.361 10 WARNING neutron.api.rpc.agentnotifiers.dhcp_rpc_agent_api [None req-bb382a4c-1f68-40d7-b5db-750ab9c3018c - - - - - -] Unable to schedule network b8200611-667e-49a6-aeeb-7a7c3a7ee2a0: no agents available; will retry on subsequent port and subnet creation events.
2026-05-29 23:17:53.478 9 INFO neutron.db.ovn_revision_numbers_db [None req-7163b73c-3753-4eb8-9257-595af8d62405 275d0b38652a48c88fc7a7baa0d3feb4 149f414febcc4295aa850eeca7d4a61c - - default default] Successfully bumped revision number for resource d774e7b7-4f4b-4ee2-868a-a05b845132b6 (type: router_ports) to 1
2026-05-29 23:17:53.484 9 INFO neutron.api.wsgi [None req-7163b73c-3753-4eb8-9257-595af8d62405 275d0b38652a48c88fc7a7baa0d3feb4 149f414febcc4295aa850eeca7d4a61c - - default default] 10.0.0.115 "PUT /v2.0/routers/1a7a040c-cc0a-4f28-952b-b2c158c68718/add_router_interface HTTP/1.1" status: 200 len: 503 time: 1.6776106
2026-05-29 23:17:53.537 10 INFO neutron.db.ovn_revision_numbers_db [None req-bb382a4c-1f68-40d7-b5db-750ab9c3018c - - - - - -] Successfully bumped revision number for resource 9401cf39-f243-4904-9318-0174a08c8641 (type: ports) to 1
2026-05-29 23:17:53.779 10 INFO neutron.db.ovn_revision_numbers_db [None req-bb382a4c-1f68-40d7-b5db-750ab9c3018c - - - - - -] Successfully bumped revision number for resource 9401cf39-f243-4904-9318-0174a08c8641 (type: ports) to 3
2026-05-29 23:17:53.847 10 INFO neutron.db.segments_db [None req-bb382a4c-1f68-40d7-b5db-750ab9c3018c - - - - - -] Added segment 6e7a210a-5909-4070-a017-9771bf7f4159 of type geneve for network 7edd342d-d61f-4f96-9226-799567b18834
2026-05-29 23:17:53.980 9 WARNING neutron.scheduler.dhcp_agent_scheduler [None req-32222c70-d264-4e29-a0db-49fa184a50c1 275d0b38652a48c88fc7a7baa0d3feb4 149f414febcc4295aa850eeca7d4a61c - - default default] No more DHCP agents
2026-05-29 23:17:53.982 9 WARNING neutron.api.rpc.agentnotifiers.dhcp_rpc_agent_api [None req-32222c70-d264-4e29-a0db-49fa184a50c1 275d0b38652a48c88fc7a7baa0d3feb4 149f414febcc4295aa850eeca7d4a61c - - default default] Unable to schedule network 1ba75f51-3ba0-4929-809e-4e7b012dbd6e: no agents available; will retry on subsequent port and subnet creation events.
2026-05-29 23:17:54.018 10 INFO neutron.db.ovn_revision_numbers_db [None req-d77557ed-cad7-4785-a19b-fda96990fd8c - - - - - -] Successfully bumped revision number for resource 7edd342d-d61f-4f96-9226-799567b18834 (type: networks) to 1
2026-05-29 23:17:54.152 9 INFO neutron.db.ovn_revision_numbers_db [None req-32222c70-d264-4e29-a0db-49fa184a50c1 275d0b38652a48c88fc7a7baa0d3feb4 149f414febcc4295aa850eeca7d4a61c - - default default] Successfully bumped revision number for resource b39c5da3-b9d8-4d16-9866-8777f15c47ae (type: ports) to 1
2026-05-29 23:17:54.200 10 WARNING neutron.scheduler.dhcp_agent_scheduler [None req-d77557ed-cad7-4785-a19b-fda96990fd8c - - - - - -] No more DHCP agents
2026-05-29 23:17:54.201 10 WARNING neutron.api.rpc.agentnotifiers.dhcp_rpc_agent_api [None req-d77557ed-cad7-4785-a19b-fda96990fd8c - - - - - -] Unable to schedule network 7edd342d-d61f-4f96-9226-799567b18834: no agents available; will retry on subsequent port and subnet creation events.
2026-05-29 23:17:54.266 10 INFO neutron.db.ovn_revision_numbers_db [None req-d77557ed-cad7-4785-a19b-fda96990fd8c - - - - - -] Successfully bumped revision number for resource b044b9ff-1b3b-4a21-b38c-cbaa07dbd1e1 (type: ports) to 1
2026-05-29 23:17:54.397 10 WARNING neutron.scheduler.dhcp_agent_scheduler [None req-d77557ed-cad7-4785-a19b-fda96990fd8c - - - - - -] No more DHCP agents
2026-05-29 23:17:54.398 10 WARNING neutron.api.rpc.agentnotifiers.dhcp_rpc_agent_api [None req-d77557ed-cad7-4785-a19b-fda96990fd8c - - - - - -] Unable to schedule network 7edd342d-d61f-4f96-9226-799567b18834: no agents available; will retry on subsequent port and subnet creation events.
2026-05-29 23:17:54.420 10 INFO neutron.db.ovn_revision_numbers_db [None req-d77557ed-cad7-4785-a19b-fda96990fd8c - - - - - -] Successfully bumped revision number for resource bf7f9f92-d00d-48a2-a75e-cd1f125c6141 (type: subnets) to 0
2026-05-29 23:17:54.769 10 WARNING neutron.scheduler.dhcp_agent_scheduler [None req-d77557ed-cad7-4785-a19b-fda96990fd8c - - - - - -] No more DHCP agents
2026-05-29 23:17:54.770 10 WARNING neutron.api.rpc.agentnotifiers.dhcp_rpc_agent_api [None req-d77557ed-cad7-4785-a19b-fda96990fd8c - - - - - -] Unable to schedule network 7edd342d-d61f-4f96-9226-799567b18834: no agents available; will retry on subsequent port and subnet creation events.
2026-05-29 23:17:54.784 9 INFO neutron.db.ovn_revision_numbers_db [None req-32222c70-d264-4e29-a0db-49fa184a50c1 275d0b38652a48c88fc7a7baa0d3feb4 149f414febcc4295aa850eeca7d4a61c - - default default] Successfully bumped revision number for resource b39c5da3-b9d8-4d16-9866-8777f15c47ae (type: ports) to 1
2026-05-29 23:17:54.836 9 WARNING neutron.scheduler.dhcp_agent_scheduler [None req-32222c70-d264-4e29-a0db-49fa184a50c1 275d0b38652a48c88fc7a7baa0d3feb4 149f414febcc4295aa850eeca7d4a61c - - default default] No more DHCP agents
2026-05-29 23:17:54.838 9 WARNING neutron.api.rpc.agentnotifiers.dhcp_rpc_agent_api [None req-32222c70-d264-4e29-a0db-49fa184a50c1 275d0b38652a48c88fc7a7baa0d3feb4 149f414febcc4295aa850eeca7d4a61c - - default default] Unable to schedule network 1ba75f51-3ba0-4929-809e-4e7b012dbd6e: no agents available; will retry on subsequent port and subnet creation events.
2026-05-29 23:17:54.881 10 INFO neutron.db.ovn_revision_numbers_db [None req-d77557ed-cad7-4785-a19b-fda96990fd8c - - - - - -] Successfully bumped revision number for resource dd7bc2bc-af0c-4b23-9d27-c7f8f7c71dd2 (type: ports) to 1
2026-05-29 23:17:55.207 9 INFO neutron.db.ovn_revision_numbers_db [None req-32222c70-d264-4e29-a0db-49fa184a50c1 275d0b38652a48c88fc7a7baa0d3feb4 149f414febcc4295aa850eeca7d4a61c - - default default] Successfully bumped revision number for resource b39c5da3-b9d8-4d16-9866-8777f15c47ae (type: router_ports) to 1
2026-05-29 23:17:55.213 9 INFO neutron.api.wsgi [None req-32222c70-d264-4e29-a0db-49fa184a50c1 275d0b38652a48c88fc7a7baa0d3feb4 149f414febcc4295aa850eeca7d4a61c - - default default] 10.0.0.115 "PUT /v2.0/routers/1a7a040c-cc0a-4f28-952b-b2c158c68718/add_router_interface HTTP/1.1" status: 200 len: 503 time: 1.7242014
2026-05-29 23:17:55.276 9 WARNING neutron_lib.context [None req-1c05eedc-de57-44b5-b305-a220334dbcd0 275d0b38652a48c88fc7a7baa0d3feb4 149f414febcc4295aa850eeca7d4a61c - - default default] Method 'is_advsvc' is deprecated since 2023.2 release (neutron-lib 3.8.0) and will be removed once support for the old RBAC API policies will be removed from Neutron. Please use method 'is_service_role' instead.
2026-05-29 23:17:55.373 9 INFO neutron.db.ovn_revision_numbers_db [None req-1c05eedc-de57-44b5-b305-a220334dbcd0 275d0b38652a48c88fc7a7baa0d3feb4 149f414febcc4295aa850eeca7d4a61c - - default default] Successfully bumped revision number for resource cae553b7-2fdf-43f7-8f69-d83835fbafb3 (type: security_groups) to 1
2026-05-29 23:17:55.385 9 INFO neutron.db.ovn_revision_numbers_db [None req-1c05eedc-de57-44b5-b305-a220334dbcd0 275d0b38652a48c88fc7a7baa0d3feb4 149f414febcc4295aa850eeca7d4a61c - - default default] Successfully bumped revision number for resource 743e49d7-3c32-42e6-aa32-a50390a0245b (type: security_group_rules) to 0
2026-05-29 23:17:55.398 9 INFO neutron.db.ovn_revision_numbers_db [None req-1c05eedc-de57-44b5-b305-a220334dbcd0 275d0b38652a48c88fc7a7baa0d3feb4 149f414febcc4295aa850eeca7d4a61c - - default default] Successfully bumped revision number for resource 8578ee54-af15-46b6-9efa-cac38826f383 (type: security_group_rules) to 0
2026-05-29 23:17:55.430 9 INFO neutron.api.wsgi [None req-1c05eedc-de57-44b5-b305-a220334dbcd0 275d0b38652a48c88fc7a7baa0d3feb4 149f414febcc4295aa850eeca7d4a61c - - default default] 10.0.0.115 "POST /v2.0/security-groups HTTP/1.1" status: 201 len: 1829 time: 0.1609147
2026-05-29 23:17:55.430 10 INFO neutron.db.ovn_revision_numbers_db [None req-d77557ed-cad7-4785-a19b-fda96990fd8c - - - - - -] Successfully bumped revision number for resource dd7bc2bc-af0c-4b23-9d27-c7f8f7c71dd2 (type: ports) to 1
2026-05-29 23:17:55.441 9 WARNING neutron_lib.context [None req-1fa554b2-0a94-4a4e-805e-0ea745238a19 275d0b38652a48c88fc7a7baa0d3feb4 149f414febcc4295aa850eeca7d4a61c - - default default] Method 'is_advsvc' is deprecated since 2023.2 release (neutron-lib 3.8.0) and will be removed once support for the old RBAC API policies will be removed from Neutron. Please use method 'is_service_role' instead.
2026-05-29 23:17:55.482 10 WARNING neutron.scheduler.dhcp_agent_scheduler [None req-d77557ed-cad7-4785-a19b-fda96990fd8c - - - - - -] No more DHCP agents
2026-05-29 23:17:55.483 10 WARNING neutron.api.rpc.agentnotifiers.dhcp_rpc_agent_api [None req-d77557ed-cad7-4785-a19b-fda96990fd8c - - - - - -] Unable to schedule network 7edd342d-d61f-4f96-9226-799567b18834: no agents available; will retry on subsequent port and subnet creation events.
2026-05-29 23:17:55.551 9 INFO neutron.db.ovn_revision_numbers_db [None req-1fa554b2-0a94-4a4e-805e-0ea745238a19 275d0b38652a48c88fc7a7baa0d3feb4 149f414febcc4295aa850eeca7d4a61c - - default default] Successfully bumped revision number for resource 8e6e9d28-bf80-4672-ae3c-0dfcc82f815e (type: security_group_rules) to 0
2026-05-29 23:17:55.582 9 INFO neutron.api.wsgi [None req-1fa554b2-0a94-4a4e-805e-0ea745238a19 275d0b38652a48c88fc7a7baa0d3feb4 149f414febcc4295aa850eeca7d4a61c - - default default] 10.0.0.115 "POST /v2.0/security-group-rules HTTP/1.1" status: 201 len: 796 time: 0.1457806
2026-05-29 23:17:55.592 9 WARNING neutron_lib.context [None req-f706e332-26ac-4137-a1f4-a9711927c7c2 275d0b38652a48c88fc7a7baa0d3feb4 149f414febcc4295aa850eeca7d4a61c - - default default] Method 'is_advsvc' is deprecated since 2023.2 release (neutron-lib 3.8.0) and will be removed once support for the old RBAC API policies will be removed from Neutron. Please use method 'is_service_role' instead.
2026-05-29 23:17:55.714 9 INFO neutron.db.ovn_revision_numbers_db [None req-f706e332-26ac-4137-a1f4-a9711927c7c2 275d0b38652a48c88fc7a7baa0d3feb4 149f414febcc4295aa850eeca7d4a61c - - default default] Successfully bumped revision number for resource 7da34cdd-5291-4c57-95a6-5206da315184 (type: security_group_rules) to 0
2026-05-29 23:17:55.741 9 INFO neutron.api.wsgi [None req-f706e332-26ac-4137-a1f4-a9711927c7c2 275d0b38652a48c88fc7a7baa0d3feb4 149f414febcc4295aa850eeca7d4a61c - - default default] 10.0.0.115 "POST /v2.0/security-group-rules HTTP/1.1" status: 201 len: 796 time: 0.1540289
2026-05-29 23:17:55.754 9 WARNING neutron_lib.context [None req-a483eb1d-4743-4d19-a86d-a4b1b7b5d777 275d0b38652a48c88fc7a7baa0d3feb4 149f414febcc4295aa850eeca7d4a61c - - default default] Method 'is_advsvc' is deprecated since 2023.2 release (neutron-lib 3.8.0) and will be removed once support for the old RBAC API policies will be removed from Neutron. Please use method 'is_service_role' instead.
2026-05-29 23:17:55.881 9 INFO neutron.db.ovn_revision_numbers_db [None req-a483eb1d-4743-4d19-a86d-a4b1b7b5d777 275d0b38652a48c88fc7a7baa0d3feb4 149f414febcc4295aa850eeca7d4a61c - - default default] Successfully bumped revision number for resource fb0a7177-e3b5-4d98-8cd6-d4a0c5e332e8 (type: security_group_rules) to 0
2026-05-29 23:17:55.915 9 INFO neutron.api.wsgi [None req-a483eb1d-4743-4d19-a86d-a4b1b7b5d777 275d0b38652a48c88fc7a7baa0d3feb4 149f414febcc4295aa850eeca7d4a61c - - default default] 10.0.0.115 "POST /v2.0/security-group-rules HTTP/1.1" status: 201 len: 798 time: 0.1684189
2026-05-29 23:17:55.927 9 WARNING neutron_lib.context [None req-77838e0a-d46d-462a-8dad-c2897fe1491e 275d0b38652a48c88fc7a7baa0d3feb4 149f414febcc4295aa850eeca7d4a61c - - default default] Method 'is_advsvc' is deprecated since 2023.2 release (neutron-lib 3.8.0) and will be removed once support for the old RBAC API policies will be removed from Neutron. Please use method 'is_service_role' instead.
2026-05-29 23:17:56.050 9 INFO neutron.db.ovn_revision_numbers_db [None req-77838e0a-d46d-462a-8dad-c2897fe1491e 275d0b38652a48c88fc7a7baa0d3feb4 149f414febcc4295aa850eeca7d4a61c - - default default] Successfully bumped revision number for resource b8cb686c-72ca-4254-a756-d1341bf60a09 (type: security_group_rules) to 0
2026-05-29 23:17:56.077 9 INFO neutron.api.wsgi [None req-77838e0a-d46d-462a-8dad-c2897fe1491e 275d0b38652a48c88fc7a7baa0d3feb4 149f414febcc4295aa850eeca7d4a61c - - default default] 10.0.0.115 "POST /v2.0/security-group-rules HTTP/1.1" status: 201 len: 800 time: 0.1567225
2026-05-29 23:17:56.088 9 WARNING neutron_lib.context [None req-fcbe7393-e142-46f5-aaba-b1ec7da04aea 275d0b38652a48c88fc7a7baa0d3feb4 149f414febcc4295aa850eeca7d4a61c - - default default] Method 'is_advsvc' is deprecated since 2023.2 release (neutron-lib 3.8.0) and will be removed once support for the old RBAC API policies will be removed from Neutron. Please use method 'is_service_role' instead.
2026-05-29 23:17:56.110 10 WARNING neutron.plugins.ml2.drivers.ovn.mech_driver.ovsdb.ovn_client [None req-166d4fb7-9839-4b14-af70-81ecb0d86d75 - - - - - -] No hosting information found for port 2178810d-79f0-47c3-a0f1-c553849317b0: RuntimeError: No hosting information found for port 2178810d-79f0-47c3-a0f1-c553849317b0
2026-05-29 23:17:56.110 10 INFO neutron.plugins.ml2.drivers.ovn.mech_driver.mech_driver [None req-166d4fb7-9839-4b14-af70-81ecb0d86d75 - - - - - -] OVN reports status up for port: 893d3cda-ec49-495e-af92-7e14c8d75886
2026-05-29 23:17:56.119 10 INFO neutron.plugins.ml2.plugin [None req-166d4fb7-9839-4b14-af70-81ecb0d86d75 - - - - - -] Attempt 1 to provision port 893d3cda-ec49-495e-af92-7e14c8d75886
2026-05-29 23:17:56.159 10 INFO neutron.db.ovn_revision_numbers_db [None req-d77557ed-cad7-4785-a19b-fda96990fd8c - - - - - -] Successfully bumped revision number for resource dd7bc2bc-af0c-4b23-9d27-c7f8f7c71dd2 (type: router_ports) to 1
2026-05-29 23:17:56.240 9 INFO neutron.db.ovn_revision_numbers_db [None req-fcbe7393-e142-46f5-aaba-b1ec7da04aea 275d0b38652a48c88fc7a7baa0d3feb4 149f414febcc4295aa850eeca7d4a61c - - default default] Successfully bumped revision number for resource f933c25e-73ed-4e91-8edf-46fcd3193375 (type: security_group_rules) to 0
2026-05-29 23:17:56.269 9 INFO neutron.api.wsgi [None req-fcbe7393-e142-46f5-aaba-b1ec7da04aea 275d0b38652a48c88fc7a7baa0d3feb4 149f414febcc4295aa850eeca7d4a61c - - default default] 10.0.0.115 "POST /v2.0/security-group-rules HTTP/1.1" status: 201 len: 800 time: 0.1860366
2026-05-29 23:17:56.281 9 WARNING neutron_lib.context [None req-740d4b81-b2d0-4d06-9163-80fda7486680 275d0b38652a48c88fc7a7baa0d3feb4 149f414febcc4295aa850eeca7d4a61c - - default default] Method 'is_advsvc' is deprecated since 2023.2 release (neutron-lib 3.8.0) and will be removed once support for the old RBAC API policies will be removed from Neutron. Please use method 'is_service_role' instead.
2026-05-29 23:17:56.381 10 WARNING neutron.scheduler.dhcp_agent_scheduler [None req-d77557ed-cad7-4785-a19b-fda96990fd8c - - - - - -] No more DHCP agents
2026-05-29 23:17:56.383 10 WARNING neutron.api.rpc.agentnotifiers.dhcp_rpc_agent_api [None req-d77557ed-cad7-4785-a19b-fda96990fd8c - - - - - -] Unable to schedule network 7edd342d-d61f-4f96-9226-799567b18834: no agents available; will retry on subsequent port and subnet creation events.
2026-05-29 23:17:56.422 9 INFO neutron.db.ovn_revision_numbers_db [None req-740d4b81-b2d0-4d06-9163-80fda7486680 275d0b38652a48c88fc7a7baa0d3feb4 149f414febcc4295aa850eeca7d4a61c - - default default] Successfully bumped revision number for resource a49601a2-7ff4-4baa-abf7-3ea6008a5aca (type: security_group_rules) to 0
2026-05-29 23:17:56.463 9 INFO neutron.api.wsgi [None req-740d4b81-b2d0-4d06-9163-80fda7486680 275d0b38652a48c88fc7a7baa0d3feb4 149f414febcc4295aa850eeca7d4a61c - - default default] 10.0.0.115 "POST /v2.0/security-group-rules HTTP/1.1" status: 201 len: 796 time: 0.1880536
2026-05-29 23:17:56.471 9 WARNING neutron_lib.context [None req-5aa6189c-309c-4b40-927a-3577a62b7913 275d0b38652a48c88fc7a7baa0d3feb4 149f414febcc4295aa850eeca7d4a61c - - default default] Method 'is_advsvc' is deprecated since 2023.2 release (neutron-lib 3.8.0) and will be removed once support for the old RBAC API policies will be removed from Neutron. Please use method 'is_service_role' instead.
2026-05-29 23:17:56.566 10 INFO neutron.db.ovn_revision_numbers_db [None req-166d4fb7-9839-4b14-af70-81ecb0d86d75 - - - - - -] Successfully bumped revision number for resource 893d3cda-ec49-495e-af92-7e14c8d75886 (type: ports) to 2
2026-05-29 23:17:56.582 10 INFO neutron.db.ovn_revision_numbers_db [None req-d77557ed-cad7-4785-a19b-fda96990fd8c - - - - - -] Successfully bumped revision number for resource 70fe5b53-982e-45a0-8a77-7e8b9b298a09 (type: ports) to 1
2026-05-29 23:17:56.613 9 INFO neutron.db.ovn_revision_numbers_db [None req-5aa6189c-309c-4b40-927a-3577a62b7913 275d0b38652a48c88fc7a7baa0d3feb4 149f414febcc4295aa850eeca7d4a61c - - default default] Successfully bumped revision number for resource d32a2fa2-6ff2-4dda-9c76-99ef81c5b1bd (type: security_group_rules) to 0
2026-05-29 23:17:56.643 9 INFO neutron.api.wsgi [None req-5aa6189c-309c-4b40-927a-3577a62b7913 275d0b38652a48c88fc7a7baa0d3feb4 149f414febcc4295aa850eeca7d4a61c - - default default] 10.0.0.115 "POST /v2.0/security-group-rules HTTP/1.1" status: 201 len: 796 time: 0.1757753
2026-05-29 23:17:56.655 10 WARNING neutron_lib.context [None req-8d014533-2cc5-45c3-ade5-2e57db4f5932 275d0b38652a48c88fc7a7baa0d3feb4 149f414febcc4295aa850eeca7d4a61c - - default default] Method 'is_advsvc' is deprecated since 2023.2 release (neutron-lib 3.8.0) and will be removed once support for the old RBAC API policies will be removed from Neutron. Please use method 'is_service_role' instead.
2026-05-29 23:17:56.830 10 INFO neutron.db.ovn_revision_numbers_db [None req-8d014533-2cc5-45c3-ade5-2e57db4f5932 275d0b38652a48c88fc7a7baa0d3feb4 149f414febcc4295aa850eeca7d4a61c - - default default] Successfully bumped revision number for resource a2304acd-6546-4eda-9835-dcfa8ef4d95a (type: security_group_rules) to 0
2026-05-29 23:17:56.838 10 INFO neutron.db.ovn_revision_numbers_db [None req-d77557ed-cad7-4785-a19b-fda96990fd8c - - - - - -] Successfully bumped revision number for resource 70fe5b53-982e-45a0-8a77-7e8b9b298a09 (type: ports) to 3
2026-05-29 23:17:56.867 10 INFO neutron.api.wsgi [None req-8d014533-2cc5-45c3-ade5-2e57db4f5932 275d0b38652a48c88fc7a7baa0d3feb4 149f414febcc4295aa850eeca7d4a61c - - default default] 10.0.0.115 "POST /v2.0/security-group-rules HTTP/1.1" status: 201 len: 796 time: 0.2196531
2026-05-29 23:17:56.878 9 WARNING neutron_lib.context [None req-498c7fed-e4f4-4bc1-a9c0-1c72400a2930 275d0b38652a48c88fc7a7baa0d3feb4 149f414febcc4295aa850eeca7d4a61c - - default default] Method 'is_advsvc' is deprecated since 2023.2 release (neutron-lib 3.8.0) and will be removed once support for the old RBAC API policies will be removed from Neutron. Please use method 'is_service_role' instead.
2026-05-29 23:17:56.880 12 ERROR oslo_messaging.rpc.server [None req-d959415d-ccdc-401f-9406-987d516af531 1e20cbc97eee4035a11f30d2372ae0a5 1fd64da9f6ec4777a1d1ff7819c79c16 - - default default] Exception during message handling: sqlalchemy.exc.PendingRollbackError: This Session's transaction has been rolled back due to a previous exception during flush. To begin a new transaction with this Session, first issue Session.rollback(). Original exception was: (pymysql.err.IntegrityError) (1062, "Duplicate entry '17ac568c-73f6-4783-b2cb-2c84c00ff797-8f576f0c-4083-541a-b87d-6d5' for key 'routervpnagentbindings.PRIMARY'") [SQL: INSERT INTO routervpnagentbindings (router_id, vpn_agent_id) VALUES (%(router_id)s, %(vpn_agent_id)s)] [parameters: {'router_id': '17ac568c-73f6-4783-b2cb-2c84c00ff797', 'vpn_agent_id': '8f576f0c-4083-541a-b87d-6d5a392f55a9'}] (Background on this error at: https://sqlalche.me/e/20/gkpj) (Background on this error at: https://sqlalche.me/e/20/7s2a)
2026-05-29 23:17:56.880 12 ERROR oslo_messaging.rpc.server
Traceback (most recent call last):
2026-05-29 23:17:56.880 12 ERROR oslo_messaging.rpc.server
File "/var/lib/openstack/lib/python3.12/site-packages/oslo_messaging/rpc/server.py", line 172, in _process_incoming
2026-05-29 23:17:56.880 12 ERROR oslo_messaging.rpc.server res = self.dispatcher.dispatch(message)
2026-05-29 23:17:56.880 12 ERROR oslo_messaging.rpc.server ^^^^^^^^^^^^^^^^^^^^^^^^^^^^^^^^^
2026-05-29 23:17:56.880 12 ERROR oslo_messaging.rpc.server
File "/var/lib/openstack/lib/python3.12/site-packages/oslo_messaging/rpc/dispatcher.py", line 309, in dispatch
2026-05-29 23:17:56.880 12 ERROR oslo_messaging.rpc.server return self._do_dispatch(endpoint, method, ctxt, args)
2026-05-29 23:17:56.880 12 ERROR oslo_messaging.rpc.server ^^^^^^^^^^^^^^^^^^^^^^^^^^^^^^^^^^^^^^^^^^^^^^^
2026-05-29 23:17:56.880 12 ERROR oslo_messaging.rpc.server
File "/var/lib/openstack/lib/python3.12/site-packages/oslo_messaging/rpc/dispatcher.py", line 229, in _do_dispatch
2026-05-29 23:17:56.880 12 ERROR oslo_messaging.rpc.server result = func(ctxt, **new_args)
2026-05-29 23:17:56.880 12 ERROR oslo_messaging.rpc.server ^^^^^^^^^^^^^^^^^^^^^^
2026-05-29 23:17:56.880 12 ERROR oslo_messaging.rpc.server
File "/var/lib/openstack/lib/python3.12/site-packages/oslo_db/sqlalchemy/enginefacade.py", line 998, in wrapper
2026-05-29 23:17:56.880 12 ERROR oslo_messaging.rpc.server return fn(*args, **kwargs)
2026-05-29 23:17:56.880 12 ERROR oslo_messaging.rpc.server ^^^^^^^^^^^^^^^^^^^
2026-05-29 23:17:56.880 12 ERROR oslo_messaging.rpc.server
File "/var/lib/openstack/lib/python3.12/site-packages/neutron_vpnaas/services/vpn/service_drivers/base_ipsec.py", line 80, in get_vpn_services_on_host
2026-05-29 23:17:56.880 12 ERROR oslo_messaging.rpc.server local_cidr_map = plugin._build_local_subnet_cidr_map(context)
2026-05-29 23:17:56.880 12 ERROR oslo_messaging.rpc.server ^^^^^^^^^^^^^^^^^^^^^^^^^^^^^^^^^^^^^^^^^^^^
2026-05-29 23:17:56.880 12 ERROR oslo_messaging.rpc.server
File "/var/lib/openstack/lib/python3.12/site-packages/neutron_vpnaas/db/vpn/vpn_db.py", line 731, in _build_local_subnet_cidr_map
2026-05-29 23:17:56.880 12 ERROR oslo_messaging.rpc.server return {sn.id: sn.cidr for sn in query.all()}
2026-05-29 23:17:56.880 12 ERROR oslo_messaging.rpc.server ^^^^^^^^^^^
2026-05-29 23:17:56.880 12 ERROR oslo_messaging.rpc.server
File "/var/lib/openstack/lib/python3.12/site-packages/sqlalchemy/orm/query.py", line 2673, in all
2026-05-29 23:17:56.880 12 ERROR oslo_messaging.rpc.server return self._iter().all() # type: ignore
2026-05-29 23:17:56.880 12 ERROR oslo_messaging.rpc.server ^^^^^^^^^^^^
2026-05-29 23:17:56.880 12 ERROR oslo_messaging.rpc.server
File "/var/lib/openstack/lib/python3.12/site-packages/sqlalchemy/orm/query.py", line 2827, in _iter
2026-05-29 23:17:56.880 12 ERROR oslo_messaging.rpc.server result: Union[ScalarResult[_T], Result[_T]] = self.session.execute(
2026-05-29 23:17:56.880 12 ERROR oslo_messaging.rpc.server ^^^^^^^^^^^^^^^^^^^^^
2026-05-29 23:17:56.880 12 ERROR oslo_messaging.rpc.server
File "/var/lib/openstack/lib/python3.12/site-packages/sqlalchemy/orm/session.py", line 2362, in execute
2026-05-29 23:17:56.880 12 ERROR oslo_messaging.rpc.server return self._execute_internal(
2026-05-29 23:17:56.880 12 ERROR oslo_messaging.rpc.server ^^^^^^^^^^^^^^^^^^^^^^^
2026-05-29 23:17:56.880 12 ERROR oslo_messaging.rpc.server
File "/var/lib/openstack/lib/python3.12/site-packages/sqlalchemy/orm/session.py", line 2237, in _execute_internal
2026-05-29 23:17:56.880 12 ERROR oslo_messaging.rpc.server conn = self._connection_for_bind(bind)
2026-05-29 23:17:56.880 12 ERROR oslo_messaging.rpc.server ^^^^^^^^^^^^^^^^^^^^^^^^^^^^^^^
2026-05-29 23:17:56.880 12 ERROR oslo_messaging.rpc.server
File "/var/lib/openstack/lib/python3.12/site-packages/sqlalchemy/orm/session.py", line 2106, in _connection_for_bind
2026-05-29 23:17:56.880 12 ERROR oslo_messaging.rpc.server return trans._connection_for_bind(engine, execution_options)
2026-05-29 23:17:56.880 12 ERROR oslo_messaging.rpc.server ^^^^^^^^^^^^^^^^^^^^^^^^^^^^^^^^^^^^^^^^^^^^^^^^^^^^^
2026-05-29 23:17:56.880 12 ERROR oslo_messaging.rpc.server File "", line 2, in _connection_for_bind
2026-05-29 23:17:56.880 12 ERROR oslo_messaging.rpc.server
File "/var/lib/openstack/lib/python3.12/site-packages/sqlalchemy/orm/state_changes.py", line 103, in _go
2026-05-29 23:17:56.880 12 ERROR oslo_messaging.rpc.server self._raise_for_prerequisite_state(fn.__name__, current_state)
2026-05-29 23:17:56.880 12 ERROR oslo_messaging.rpc.server
File "/var/lib/openstack/lib/python3.12/site-packages/sqlalchemy/orm/session.py", line 973, in _raise_for_prerequisite_state
2026-05-29 23:17:56.880 12 ERROR oslo_messaging.rpc.server raise sa_exc.PendingRollbackError(
2026-05-29 23:17:56.880 12 ERROR oslo_messaging.rpc.server sqlalchemy.exc.PendingRollbackError: This Session's transaction has been rolled back due to a previous exception during flush. To begin a new transaction with this Session, first issue Session.rollback(). Original exception was: (pymysql.err.IntegrityError) (1062, "Duplicate entry '17ac568c-73f6-4783-b2cb-2c84c00ff797-8f576f0c-4083-541a-b87d-6d5' for key 'routervpnagentbindings.PRIMARY'")
2026-05-29 23:17:56.880 12 ERROR oslo_messaging.rpc.server [SQL: INSERT INTO routervpnagentbindings (router_id, vpn_agent_id) VALUES (%(router_id)s, %(vpn_agent_id)s)]
2026-05-29 23:17:56.880 12 ERROR oslo_messaging.rpc.server [parameters: {'router_id': '17ac568c-73f6-4783-b2cb-2c84c00ff797', 'vpn_agent_id': '8f576f0c-4083-541a-b87d-6d5a392f55a9'}]
2026-05-29 23:17:56.880 12 ERROR oslo_messaging.rpc.server (Background on this error at: https://sqlalche.me/e/20/gkpj) (Background on this error at: https://sqlalche.me/e/20/7s2a)
2026-05-29 23:17:56.880 12 ERROR oslo_messaging.rpc.server
2026-05-29 23:17:56.994 10 INFO neutron.api.wsgi [None req-9af3399d-edb0-4a3f-87a9-ad41e290a1ea 1e20cbc97eee4035a11f30d2372ae0a5 1fd64da9f6ec4777a1d1ff7819c79c16 - - default default] 10.0.0.115 "POST /v2.0/vpn/vpnservices HTTP/1.1" status: 201 len: 658 time: 4.0860338
2026-05-29 23:17:57.019 10 INFO neutron.api.wsgi [None req-6b2fec53-2386-45f2-9448-bfc4ddec3159 1e20cbc97eee4035a11f30d2372ae0a5 1fd64da9f6ec4777a1d1ff7819c79c16 - - default default] 10.0.0.115 "GET /v2.0/vpn/vpnservices HTTP/1.1" status: 200 len: 1502 time: 0.0114632
2026-05-29 23:17:57.022 9 INFO neutron.db.ovn_revision_numbers_db [None req-498c7fed-e4f4-4bc1-a9c0-1c72400a2930 275d0b38652a48c88fc7a7baa0d3feb4 149f414febcc4295aa850eeca7d4a61c - - default default] Successfully bumped revision number for resource 632aa2de-5cd9-4acf-95e8-621bbbc53371 (type: security_group_rules) to 0
2026-05-29 23:17:57.059 9 INFO neutron.api.wsgi [None req-498c7fed-e4f4-4bc1-a9c0-1c72400a2930 275d0b38652a48c88fc7a7baa0d3feb4 149f414febcc4295aa850eeca7d4a61c - - default default] 10.0.0.115 "POST /v2.0/security-group-rules HTTP/1.1" status: 201 len: 798 time: 0.1862471
2026-05-29 23:17:57.068 10 WARNING neutron_lib.context [None req-a6522734-9538-40f3-bd9a-53d7c54fe98e 275d0b38652a48c88fc7a7baa0d3feb4 149f414febcc4295aa850eeca7d4a61c - - default default] Method 'is_advsvc' is deprecated since 2023.2 release (neutron-lib 3.8.0) and will be removed once support for the old RBAC API policies will be removed from Neutron. Please use method 'is_service_role' instead.
2026-05-29 23:17:57.242 10 INFO neutron.db.ovn_revision_numbers_db [None req-a6522734-9538-40f3-bd9a-53d7c54fe98e 275d0b38652a48c88fc7a7baa0d3feb4 149f414febcc4295aa850eeca7d4a61c - - default default] Successfully bumped revision number for resource f4e8b021-4589-4ccf-83e4-25c1178aee13 (type: security_group_rules) to 0
2026-05-29 23:17:57.280 10 INFO neutron.api.wsgi [None req-a6522734-9538-40f3-bd9a-53d7c54fe98e 275d0b38652a48c88fc7a7baa0d3feb4 149f414febcc4295aa850eeca7d4a61c - - default default] 10.0.0.115 "POST /v2.0/security-group-rules HTTP/1.1" status: 201 len: 800 time: 0.2163022
2026-05-29 23:17:57.289 9 WARNING neutron_lib.context [None req-98945290-5a38-44ac-9ad7-7ffec1ac4453 275d0b38652a48c88fc7a7baa0d3feb4 149f414febcc4295aa850eeca7d4a61c - - default default] Method 'is_advsvc' is deprecated since 2023.2 release (neutron-lib 3.8.0) and will be removed once support for the old RBAC API policies will be removed from Neutron. Please use method 'is_service_role' instead.
2026-05-29 23:17:57.455 9 INFO neutron.db.ovn_revision_numbers_db [None req-98945290-5a38-44ac-9ad7-7ffec1ac4453 275d0b38652a48c88fc7a7baa0d3feb4 149f414febcc4295aa850eeca7d4a61c - - default default] Successfully bumped revision number for resource df62fb1e-c232-4925-b187-ecd1413a26ee (type: security_group_rules) to 0
2026-05-29 23:17:57.491 9 INFO neutron.api.wsgi [None req-98945290-5a38-44ac-9ad7-7ffec1ac4453 275d0b38652a48c88fc7a7baa0d3feb4 149f414febcc4295aa850eeca7d4a61c - - default default] 10.0.0.115 "POST /v2.0/security-group-rules HTTP/1.1" status: 201 len: 796 time: 0.2058640
2026-05-29 23:17:57.877 10 INFO neutron.api.wsgi [req-3903f5cd-2647-49e9-93d1-9e68fa18a7f0 req-e4a90d09-df45-4478-91f4-5a4312871cd2 275d0b38652a48c88fc7a7baa0d3feb4 149f414febcc4295aa850eeca7d4a61c - - default default] 10.0.0.10 "GET /v2.0/security-groups?name=tempest-lb_member_SG-982808656&fields=id&tenant_id=149f414febcc4295aa850eeca7d4a61c HTTP/1.1" status: 200 len: 267 time: 0.0398664
2026-05-29 23:17:57.939 10 INFO neutron.api.wsgi [req-3903f5cd-2647-49e9-93d1-9e68fa18a7f0 req-2c76165c-0be9-4e52-8177-dfabaf250152 275d0b38652a48c88fc7a7baa0d3feb4 149f414febcc4295aa850eeca7d4a61c - - default default] 10.0.0.10 "GET /v2.0/networks?id=2a1eb324-1e7a-4e7a-a7a2-9815bf98ebe2 HTTP/1.1" status: 200 len: 903 time: 0.0570953
2026-05-29 23:17:57.957 10 INFO neutron.api.wsgi [req-3903f5cd-2647-49e9-93d1-9e68fa18a7f0 req-aa296e04-8424-43fa-a608-876ccb0820da 275d0b38652a48c88fc7a7baa0d3feb4 149f414febcc4295aa850eeca7d4a61c - - default default] 10.0.0.10 "GET /v2.0/quotas/149f414febcc4295aa850eeca7d4a61c HTTP/1.1" status: 200 len: 491 time: 0.0093057
2026-05-29 23:17:58.129 10 INFO neutron.api.wsgi [req-3903f5cd-2647-49e9-93d1-9e68fa18a7f0 req-b611d9a4-a754-450f-8db4-3e245347ea64 275d0b38652a48c88fc7a7baa0d3feb4 149f414febcc4295aa850eeca7d4a61c - - default default] 10.0.0.10 "GET /v2.0/ports?tenant_id=149f414febcc4295aa850eeca7d4a61c&fields=id HTTP/1.1" status: 200 len: 486 time: 0.1665530
2026-05-29 23:17:58.162 9 WARNING neutron.plugins.ml2.drivers.ovn.mech_driver.ovsdb.ovn_client [None req-01bf5c47-5028-4ef5-a6ce-4d2aab1d12a6 - - - - - -] No hosting information found for port 4a0d38f4-5dc4-4286-80bd-d6109ba11c9a: RuntimeError: No hosting information found for port 4a0d38f4-5dc4-4286-80bd-d6109ba11c9a
2026-05-29 23:17:58.203 10 INFO neutron.api.wsgi [req-3903f5cd-2647-49e9-93d1-9e68fa18a7f0 req-08c37833-cbe4-44ea-a670-3dbd4fada98f 404a085e5dc04a73a07ed911e89adbb0 dbfd979046a24a26a3699b07287782c7 - - 45b280749b834deca4faf0a8d83b225b 45b280749b834deca4faf0a8d83b225b] 10.0.0.10 "GET /v2.0/networks/2a1eb324-1e7a-4e7a-a7a2-9815bf98ebe2?fields=segments HTTP/1.1" status: 200 len: 212 time: 0.0529351
2026-05-29 23:17:58.226 9 INFO neutron.db.ovn_revision_numbers_db [None req-01bf5c47-5028-4ef5-a6ce-4d2aab1d12a6 - - - - - -] Successfully bumped revision number for resource 4a0d38f4-5dc4-4286-80bd-d6109ba11c9a (type: router_ports) to 2
2026-05-29 23:17:58.227 9 INFO neutron.plugins.ml2.drivers.ovn.mech_driver.mech_driver [None req-01bf5c47-5028-4ef5-a6ce-4d2aab1d12a6 - - - - - -] OVN reports status up for port: b39c5da3-b9d8-4d16-9866-8777f15c47ae
2026-05-29 23:17:58.233 9 INFO neutron.plugins.ml2.plugin [None req-01bf5c47-5028-4ef5-a6ce-4d2aab1d12a6 - - - - - -] Attempt 1 to provision port b39c5da3-b9d8-4d16-9866-8777f15c47ae
2026-05-29 23:17:58.265 10 INFO neutron.api.wsgi [req-3903f5cd-2647-49e9-93d1-9e68fa18a7f0 req-be992315-8fc4-4bb5-9650-9bafd34a3086 404a085e5dc04a73a07ed911e89adbb0 dbfd979046a24a26a3699b07287782c7 - - 45b280749b834deca4faf0a8d83b225b 45b280749b834deca4faf0a8d83b225b] 10.0.0.10 "GET /v2.0/networks/2a1eb324-1e7a-4e7a-a7a2-9815bf98ebe2?fields=provider%3Aphysical_network&fields=provider%3Anetwork_type HTTP/1.1" status: 200 len: 277 time: 0.0546613
2026-05-29 23:17:58.458 9 INFO neutron.api.wsgi [req-599e0c50-0502-4ee6-ba9b-4eebd3bbcce0 req-1b36ca87-216d-4054-82a2-92a47243e1a5 275d0b38652a48c88fc7a7baa0d3feb4 149f414febcc4295aa850eeca7d4a61c - - default default] 10.0.0.10 "GET /v2.0/ports?device_id=ad614533-7d0b-4156-83b0-a40875c554e4 HTTP/1.1" status: 200 len: 210 time: 0.0824544
2026-05-29 23:17:58.868 9 INFO neutron.db.ovn_revision_numbers_db [None req-01bf5c47-5028-4ef5-a6ce-4d2aab1d12a6 - - - - - -] Successfully bumped revision number for resource b39c5da3-b9d8-4d16-9866-8777f15c47ae (type: ports) to 2
2026-05-29 23:17:59.528 10 INFO neutron.services.segments.plugin [-] Segment 6e7a210a-5909-4070-a017-9771bf7f4159 resource provider aggregate not found
2026-05-29 23:17:59.535 10 INFO neutron.services.segments.plugin [-] Segment 6e7a210a-5909-4070-a017-9771bf7f4159 resource provider aggregate not found
2026-05-29 23:17:59.548 10 INFO neutron.api.wsgi [None req-fe5dc7fc-584e-40d4-a2eb-0449b94bcfff 1e20cbc97eee4035a11f30d2372ae0a5 1fd64da9f6ec4777a1d1ff7819c79c16 - - default default] 10.0.0.115 "DELETE /v2.0/vpn/vpnservices/85175aa8-d2e5-44cd-8581-c98bdcbb8647 HTTP/1.1" status: 204 len: 168 time: 2.5243738
2026-05-29 23:17:59.554 10 INFO neutron.services.segments.plugin [-] Segment 6e7a210a-5909-4070-a017-9771bf7f4159 resource provider not found; error: Placement Client Error (4xx): {"errors": [{"status": 404, "title": "Not Found", "detail": "The resource could not be found.\n\n No resource provider with uuid 6e7a210a-5909-4070-a017-9771bf7f4159 found for delete ", "request_id": "req-bf23f87a-7dde-4b97-907b-973fc35bfd96"}]}
2026-05-29 23:17:59.558 10 INFO neutron.services.segments.plugin [-] Segment 6e7a210a-5909-4070-a017-9771bf7f4159 resource provider not found; error: Placement Client Error (4xx): {"errors": [{"status": 404, "title": "Not Found", "detail": "The resource could not be found.\n\n No resource provider with uuid 6e7a210a-5909-4070-a017-9771bf7f4159 found for delete ", "request_id": "req-810bc039-39aa-4678-bff9-a8a3431036fe"}]}
2026-05-29 23:17:59.573 9 INFO neutron.api.wsgi [None req-321d65f6-82f5-4143-874d-5f627d1a498c 1e20cbc97eee4035a11f30d2372ae0a5 1fd64da9f6ec4777a1d1ff7819c79c16 - - default default] 10.0.0.115 "GET /v2.0/vpn/vpnservices HTTP/1.1" status: 200 len: 1056 time: 0.0186360
2026-05-29 23:17:59.585 9 WARNING neutron_lib.context [None req-01606c3f-e4bf-4922-9ff4-247473544806 1e20cbc97eee4035a11f30d2372ae0a5 1fd64da9f6ec4777a1d1ff7819c79c16 - - default default] Method 'is_advsvc' is deprecated since 2023.2 release (neutron-lib 3.8.0) and will be removed once support for the old RBAC API policies will be removed from Neutron. Please use method 'is_service_role' instead.
2026-05-29 23:17:59.640 9 INFO neutron.api.v2.resource [None req-01606c3f-e4bf-4922-9ff4-247473544806 1e20cbc97eee4035a11f30d2372ae0a5 1fd64da9f6ec4777a1d1ff7819c79c16 - - default default] create failed (client error): The server could not comply with the request since it is either malformed or otherwise incorrect.
2026-05-29 23:17:59.641 9 INFO neutron.api.wsgi [None req-01606c3f-e4bf-4922-9ff4-247473544806 1e20cbc97eee4035a11f30d2372ae0a5 1fd64da9f6ec4777a1d1ff7819c79c16 - - default default] 10.0.0.115 "POST /v2.0/vpn/ipsec-site-connections HTTP/1.1" status: 400 len: 330 time: 0.0616412
2026-05-29 23:17:59.652 9 WARNING neutron_lib.context [None req-77e195a5-0920-42ac-86d6-50d534b20fa9 1e20cbc97eee4035a11f30d2372ae0a5 1fd64da9f6ec4777a1d1ff7819c79c16 - - default default] Method 'is_advsvc' is deprecated since 2023.2 release (neutron-lib 3.8.0) and will be removed once support for the old RBAC API policies will be removed from Neutron. Please use method 'is_service_role' instead.
2026-05-29 23:17:59.718 9 INFO neutron.api.v2.resource [None req-77e195a5-0920-42ac-86d6-50d534b20fa9 1e20cbc97eee4035a11f30d2372ae0a5 1fd64da9f6ec4777a1d1ff7819c79c16 - - default default] create failed (client error): The server could not comply with the request since it is either malformed or otherwise incorrect.
2026-05-29 23:17:59.720 9 INFO neutron.api.wsgi [None req-77e195a5-0920-42ac-86d6-50d534b20fa9 1e20cbc97eee4035a11f30d2372ae0a5 1fd64da9f6ec4777a1d1ff7819c79c16 - - default default] 10.0.0.115 "POST /v2.0/vpn/ipsec-site-connections HTTP/1.1" status: 400 len: 339 time: 0.0718699
2026-05-29 23:17:59.730 9 WARNING neutron.api.v2.base [None req-8229b19d-631e-4aeb-923f-39b4d3d49bc4 1e20cbc97eee4035a11f30d2372ae0a5 1fd64da9f6ec4777a1d1ff7819c79c16 - - default default] An exception happened while processing the request body. The exception message is [Invalid input for dpd. Reason: '59' is not a dictionary.].: webob.exc.HTTPBadRequest: Invalid input for dpd. Reason: '59' is not a dictionary.
