2026-05-29 23:16:25.701 10 INFO neutron.api.wsgi [None req-46fe9128-027b-4ad7-8aae-7b46041e3211 6c33cf2485d94ac8a7bd1f254047fc83 3fc4b1d6498f4aada63cc9b1028a0975 - - default default] 10.0.0.115 "POST /v2.0/ports HTTP/1.1" status: 201 len: 1163 time: 0.4060376 /var/lib/openstack/lib/python3.12/site-packages/pycadf/identifier.py:71: UserWarning: Invalid uuid: neutron. To ensure interoperability, identifiers should be a valid uuid. warnings.warn(('Invalid uuid: %s. To ensure interoperability, ' /var/lib/openstack/lib/python3.12/site-packages/pycadf/identifier.py:71: UserWarning: Invalid uuid: neutron. To ensure interoperability, identifiers should be a valid uuid. warnings.warn(('Invalid uuid: %s. To ensure interoperability, '
2026-05-29 23:16:25.966 9 INFO neutron.api.wsgi [req-c0ecd345-e137-4ba1-af76-5cd9d05ac3ae req-d3975de3-b4d3-4010-9e0d-248658510cf2 47985db4ddf946869b24453bda687450 2eda057f43134e0aa960e94ac85994bc - - default default] 10.0.0.10 "GET /v2.0/ports?device_id=60bf9a3a-9f0d-4ac9-9db6-2f8454ee0ac3 HTTP/1.1" status: 200 len: 1168 time: 0.0486627
2026-05-29 23:16:25.998 10 INFO neutron.services.segments.plugin [-] Segment 45b3d3c7-977f-4900-9d0f-07faf880a504 resource provider aggregate not found
2026-05-29 23:16:26.004 9 INFO neutron.api.wsgi [req-c0ecd345-e137-4ba1-af76-5cd9d05ac3ae req-64b90979-3a61-4fac-a2d2-2d27702133b3 47985db4ddf946869b24453bda687450 2eda057f43134e0aa960e94ac85994bc - - default default] 10.0.0.10 "GET /v2.0/security-groups?id=6ead79cd-cd7f-43a9-ac56-5a78bfcad504&fields=id&fields=name HTTP/1.1" status: 200 len: 286 time: 0.0334692
2026-05-29 23:16:26.011 10 INFO neutron.services.segments.plugin [-] Segment 45b3d3c7-977f-4900-9d0f-07faf880a504 resource provider aggregate not found
2026-05-29 23:16:26.015 10 INFO neutron.services.segments.plugin [-] Segment 45b3d3c7-977f-4900-9d0f-07faf880a504 resource provider not found; error: Placement Client Error (4xx): {"errors": [{"status": 404, "title": "Not Found", "detail": "The resource could not be found.\n\n No resource provider with uuid 45b3d3c7-977f-4900-9d0f-07faf880a504 found for delete ", "request_id": "req-731fa028-1d87-4901-b6ea-cd8d9d0a0f2b"}]}
2026-05-29 23:16:26.024 10 INFO neutron.services.segments.plugin [-] Segment 45b3d3c7-977f-4900-9d0f-07faf880a504 resource provider not found; error: Placement Client Error (4xx): {"errors": [{"status": 404, "title": "Not Found", "detail": "The resource could not be found.\n\n No resource provider with uuid 45b3d3c7-977f-4900-9d0f-07faf880a504 found for delete ", "request_id": "req-1302d4c7-f54a-4e3e-99e9-8854970ad9ea"}]}
2026-05-29 23:16:26.151 10 INFO neutron.db.ovn_revision_numbers_db [None req-79987e09-ff0e-44fc-bec8-5a859e5e135e 6c33cf2485d94ac8a7bd1f254047fc83 3fc4b1d6498f4aada63cc9b1028a0975 - - default default] Successfully bumped revision number for resource 87843f7c-b926-440d-ba96-c437531c7a83 (type: ports) to 2 /var/lib/openstack/lib/python3.12/site-packages/pycadf/identifier.py:71: UserWarning: Invalid uuid: neutron. To ensure interoperability, identifiers should be a valid uuid. warnings.warn(('Invalid uuid: %s. To ensure interoperability, '
2026-05-29 23:16:26.551 10 INFO neutron.api.wsgi [req-62de6b4e-1403-498f-bdcd-8efc2dd80d2b req-2505345b-93d5-4baf-b7ab-26b91f8ffdf7 47985db4ddf946869b24453bda687450 2eda057f43134e0aa960e94ac85994bc - - default default] 199.204.45.95 "GET /v2.0/ports?device_id=60bf9a3a-9f0d-4ac9-9db6-2f8454ee0ac3 HTTP/1.1" status: 200 len: 1168 time: 0.0839772
2026-05-29 23:16:26.690 10 WARNING neutron.plugins.ml2.drivers.ovn.mech_driver.ovsdb.ovn_client [None req-ddacc68c-7e87-4840-8eb8-c04c88e500c3 - - - - - -] No port found with ID 44dd39a1-80b2-4d25-a2d3-9ffd9beaa4a1: RuntimeError: No port found with ID 44dd39a1-80b2-4d25-a2d3-9ffd9beaa4a1
2026-05-29 23:16:26.712 10 INFO neutron.plugins.ml2.drivers.ovn.mech_driver.mech_driver [None req-ddacc68c-7e87-4840-8eb8-c04c88e500c3 - - - - - -] OVN reports status up for port: 87843f7c-b926-440d-ba96-c437531c7a83
2026-05-29 23:16:26.722 10 INFO neutron.plugins.ml2.plugin [None req-ddacc68c-7e87-4840-8eb8-c04c88e500c3 - - - - - -] Attempt 1 to provision port 87843f7c-b926-440d-ba96-c437531c7a83
2026-05-29 23:16:26.739 10 INFO neutron.db.ovn_revision_numbers_db [None req-79987e09-ff0e-44fc-bec8-5a859e5e135e 6c33cf2485d94ac8a7bd1f254047fc83 3fc4b1d6498f4aada63cc9b1028a0975 - - default default] Successfully bumped revision number for resource 87843f7c-b926-440d-ba96-c437531c7a83 (type: ports) to 2
2026-05-29 23:16:26.825 10 WARNING neutron.scheduler.dhcp_agent_scheduler [None req-79987e09-ff0e-44fc-bec8-5a859e5e135e 6c33cf2485d94ac8a7bd1f254047fc83 3fc4b1d6498f4aada63cc9b1028a0975 - - default default] No more DHCP agents
2026-05-29 23:16:26.828 10 WARNING neutron.api.rpc.agentnotifiers.dhcp_rpc_agent_api [None req-79987e09-ff0e-44fc-bec8-5a859e5e135e 6c33cf2485d94ac8a7bd1f254047fc83 3fc4b1d6498f4aada63cc9b1028a0975 - - default default] Unable to schedule network 385e3eca-9a40-408e-a3c4-236b3d77d83e: no agents available; will retry on subsequent port and subnet creation events.
2026-05-29 23:16:26.913 10 INFO neutron.api.wsgi [req-62de6b4e-1403-498f-bdcd-8efc2dd80d2b req-33b3a2ec-f85d-4444-887b-b2258ddd416d 47985db4ddf946869b24453bda687450 2eda057f43134e0aa960e94ac85994bc - - default default] 199.204.45.95 "DELETE /v2.0/ports/8aded3b3-435a-4523-9dda-1cb487c30bae HTTP/1.1" status: 204 len: 173 time: 0.3578794
2026-05-29 23:16:26.954 10 INFO neutron.notifiers.nova [-] Nova event matching ['req-c59ada9f-568f-47fb-a437-81e94b413698'] response: {'server_uuid': '60bf9a3a-9f0d-4ac9-9db6-2f8454ee0ac3', 'name': 'network-vif-deleted', 'tag': '8aded3b3-435a-4523-9dda-1cb487c30bae', 'status': 'completed', 'code': 200} /var/lib/openstack/lib/python3.12/site-packages/pycadf/identifier.py:71: UserWarning: Invalid uuid: neutron. To ensure interoperability, identifiers should be a valid uuid. warnings.warn(('Invalid uuid: %s. To ensure interoperability, '
2026-05-29 23:16:27.085 10 INFO neutron.api.wsgi [req-7e191e8f-5d17-4b27-8b5c-be335cd22004 req-550e085b-eaa0-4831-9c38-8975d057f9de 47985db4ddf946869b24453bda687450 2eda057f43134e0aa960e94ac85994bc - - default default] 10.0.0.10 "GET /v2.0/ports?device_id=60bf9a3a-9f0d-4ac9-9db6-2f8454ee0ac3 HTTP/1.1" status: 200 len: 210 time: 0.0227809
2026-05-29 23:16:27.116 10 INFO neutron.db.ovn_revision_numbers_db [None req-79987e09-ff0e-44fc-bec8-5a859e5e135e 6c33cf2485d94ac8a7bd1f254047fc83 3fc4b1d6498f4aada63cc9b1028a0975 - - default default] Successfully bumped revision number for resource 87843f7c-b926-440d-ba96-c437531c7a83 (type: router_ports) to 2
2026-05-29 23:16:27.122 10 INFO neutron.api.wsgi [None req-79987e09-ff0e-44fc-bec8-5a859e5e135e 6c33cf2485d94ac8a7bd1f254047fc83 3fc4b1d6498f4aada63cc9b1028a0975 - - default default] 10.0.0.115 "PUT /v2.0/routers/2aa5f029-1bee-4ccf-992b-0903509a86a0/add_router_interface HTTP/1.1" status: 200 len: 503 time: 1.4161658
2026-05-29 23:16:27.415 9 INFO neutron.notifiers.nova [-] Nova event matching ['req-68e427d6-2f1b-4c58-b579-541117956320'] response: {'server_uuid': '60bf9a3a-9f0d-4ac9-9db6-2f8454ee0ac3', 'name': 'network-vif-unplugged', 'status': 'completed', 'tag': '8aded3b3-435a-4523-9dda-1cb487c30bae', 'code': 200}
2026-05-29 23:16:27.496 10 INFO neutron.api.wsgi [None req-0295949e-1a04-4f81-a613-d72a9c3c410a 6c33cf2485d94ac8a7bd1f254047fc83 3fc4b1d6498f4aada63cc9b1028a0975 - - default default] 10.0.0.115 "GET /v2.0/ports/87843f7c-b926-440d-ba96-c437531c7a83 HTTP/1.1" status: 200 len: 1221 time: 0.3560429
2026-05-29 23:16:27.525 10 INFO neutron.db.ovn_revision_numbers_db [None req-ddacc68c-7e87-4840-8eb8-c04c88e500c3 - - - - - -] Successfully bumped revision number for resource 87843f7c-b926-440d-ba96-c437531c7a83 (type: ports) to 3
2026-05-29 23:16:28.014 10 INFO neutron.api.wsgi [None req-8e95425d-6b6a-450d-994d-d3e501175c8e 6c33cf2485d94ac8a7bd1f254047fc83 3fc4b1d6498f4aada63cc9b1028a0975 - - default default] 10.0.0.115 "PUT /v2.0/routers/2aa5f029-1bee-4ccf-992b-0903509a86a0/remove_router_interface HTTP/1.1" status: 200 len: 503 time: 0.5114481 /var/lib/openstack/lib/python3.12/site-packages/pycadf/identifier.py:71: UserWarning: Invalid uuid: neutron. To ensure interoperability, identifiers should be a valid uuid. warnings.warn(('Invalid uuid: %s. To ensure interoperability, '
2026-05-29 23:16:28.079 10 INFO neutron.api.v2.resource [None req-53f92580-1571-4c3d-83b6-3b4717390466 6c33cf2485d94ac8a7bd1f254047fc83 3fc4b1d6498f4aada63cc9b1028a0975 - - default default] remove_router_interface failed (client error): The resource could not be found.
2026-05-29 23:16:28.080 10 INFO neutron.api.wsgi [None req-53f92580-1571-4c3d-83b6-3b4717390466 6c33cf2485d94ac8a7bd1f254047fc83 3fc4b1d6498f4aada63cc9b1028a0975 - - default default] 10.0.0.115 "PUT /v2.0/routers/2aa5f029-1bee-4ccf-992b-0903509a86a0/remove_router_interface HTTP/1.1" status: 404 len: 398 time: 0.0610869
2026-05-29 23:16:28.107 9 INFO neutron.api.wsgi [None req-65ffb3bc-aa50-44de-9185-d2364144ee15 6c33cf2485d94ac8a7bd1f254047fc83 3fc4b1d6498f4aada63cc9b1028a0975 - - default default] 10.0.0.115 "GET /v2.0/ports?device_id=2aa5f029-1bee-4ccf-992b-0903509a86a0 HTTP/1.1" status: 200 len: 205 time: 0.0205963
2026-05-29 23:16:28.169 10 INFO neutron.api.wsgi [req-b812b6e1-a2e2-4a8a-bebd-788800f26258 req-66b6d753-4c0f-4012-9398-f4bbca6d6d4c 47985db4ddf946869b24453bda687450 2eda057f43134e0aa960e94ac85994bc - - default default] 10.0.0.10 "GET /v2.0/ports?device_id=60bf9a3a-9f0d-4ac9-9db6-2f8454ee0ac3 HTTP/1.1" status: 200 len: 210 time: 0.0205927
2026-05-29 23:16:28.344 9 INFO neutron.api.wsgi [None req-f9ad7ad4-1e3b-4d18-ae7b-83987378d4ad 6c33cf2485d94ac8a7bd1f254047fc83 3fc4b1d6498f4aada63cc9b1028a0975 - - default default] 10.0.0.115 "DELETE /v2.0/routers/2aa5f029-1bee-4ccf-992b-0903509a86a0 HTTP/1.1" status: 204 len: 168 time: 0.2325468
2026-05-29 23:16:28.500 9 INFO neutron.api.wsgi [None req-6a3d7425-3a52-473b-8cc9-de0f2c60c75f 6c33cf2485d94ac8a7bd1f254047fc83 3fc4b1d6498f4aada63cc9b1028a0975 - - default default] 10.0.0.115 "DELETE /v2.0/subnets/538aa226-88bf-4f62-94b0-18419c9e2f19 HTTP/1.1" status: 204 len: 168 time: 0.1510887
2026-05-29 23:16:28.891 9 INFO neutron.services.segments.plugin [-] Segment 5cd9df6c-f922-4abc-ab12-5417834f8184 resource provider aggregate not found
2026-05-29 23:16:28.895 9 INFO neutron.services.segments.plugin [-] Segment 5cd9df6c-f922-4abc-ab12-5417834f8184 resource provider aggregate not found
2026-05-29 23:16:28.902 9 INFO neutron.services.segments.plugin [-] Segment 5cd9df6c-f922-4abc-ab12-5417834f8184 resource provider not found; error: Placement Client Error (4xx): {"errors": [{"status": 404, "title": "Not Found", "detail": "The resource could not be found.\n\n No resource provider with uuid 5cd9df6c-f922-4abc-ab12-5417834f8184 found for delete ", "request_id": "req-b43e5ff5-41a3-4717-b74a-56cf2eb2103d"}]}
2026-05-29 23:16:28.906 9 INFO neutron.services.segments.plugin [-] Segment 5cd9df6c-f922-4abc-ab12-5417834f8184 resource provider not found; error: Placement Client Error (4xx): {"errors": [{"status": 404, "title": "Not Found", "detail": "The resource could not be found.\n\n No resource provider with uuid 5cd9df6c-f922-4abc-ab12-5417834f8184 found for delete ", "request_id": "req-448d1845-894f-403b-817e-6f7054e3814b"}]}
2026-05-29 23:16:28.938 9 INFO neutron.api.wsgi [None req-4419f8b1-4f18-48e2-9778-2c0117579990 6c33cf2485d94ac8a7bd1f254047fc83 3fc4b1d6498f4aada63cc9b1028a0975 - - default default] 10.0.0.115 "DELETE /v2.0/networks/385e3eca-9a40-408e-a3c4-236b3d77d83e HTTP/1.1" status: 204 len: 168 time: 0.4323828
2026-05-29 23:16:28.952 9 WARNING neutron_lib.context [None req-d08837c5-9137-402e-941b-ed7b01cbf219 6c33cf2485d94ac8a7bd1f254047fc83 3fc4b1d6498f4aada63cc9b1028a0975 - - default default] Method 'is_advsvc' is deprecated since 2023.2 release (neutron-lib 3.8.0) and will be removed once support for the old RBAC API policies will be removed from Neutron. Please use method 'is_service_role' instead.
2026-05-29 23:16:29.060 9 INFO neutron.db.segments_db [None req-d08837c5-9137-402e-941b-ed7b01cbf219 6c33cf2485d94ac8a7bd1f254047fc83 3fc4b1d6498f4aada63cc9b1028a0975 - - default default] Added segment de24bed0-b15c-4adc-9edc-642d3eb757e1 of type geneve for network 7a5fa259-72e6-4f0e-91f9-de4ff7e18c12
2026-05-29 23:16:29.251 9 INFO neutron.api.wsgi [req-9b777124-a5f1-462c-99ed-283a55712966 req-e4c072fe-d6ca-4037-9bb9-27fae1692b2b 47985db4ddf946869b24453bda687450 2eda057f43134e0aa960e94ac85994bc - - default default] 10.0.0.10 "GET /v2.0/ports?device_id=60bf9a3a-9f0d-4ac9-9db6-2f8454ee0ac3 HTTP/1.1" status: 200 len: 210 time: 0.0183804
2026-05-29 23:16:29.260 9 INFO neutron.db.ovn_revision_numbers_db [None req-d08837c5-9137-402e-941b-ed7b01cbf219 6c33cf2485d94ac8a7bd1f254047fc83 3fc4b1d6498f4aada63cc9b1028a0975 - - default default] Successfully bumped revision number for resource 7a5fa259-72e6-4f0e-91f9-de4ff7e18c12 (type: networks) to 1
2026-05-29 23:16:29.411 9 WARNING neutron.scheduler.dhcp_agent_scheduler [None req-d08837c5-9137-402e-941b-ed7b01cbf219 6c33cf2485d94ac8a7bd1f254047fc83 3fc4b1d6498f4aada63cc9b1028a0975 - - default default] No more DHCP agents
2026-05-29 23:16:29.413 9 WARNING neutron.api.rpc.agentnotifiers.dhcp_rpc_agent_api [None req-d08837c5-9137-402e-941b-ed7b01cbf219 6c33cf2485d94ac8a7bd1f254047fc83 3fc4b1d6498f4aada63cc9b1028a0975 - - default default] Unable to schedule network 7a5fa259-72e6-4f0e-91f9-de4ff7e18c12: no agents available; will retry on subsequent port and subnet creation events.
2026-05-29 23:16:29.483 9 INFO neutron.db.ovn_revision_numbers_db [None req-d08837c5-9137-402e-941b-ed7b01cbf219 6c33cf2485d94ac8a7bd1f254047fc83 3fc4b1d6498f4aada63cc9b1028a0975 - - default default] Successfully bumped revision number for resource 05ec92db-b422-48e6-84c9-1f11bf72e3ff (type: ports) to 1
2026-05-29 23:16:29.526 9 INFO neutron.api.wsgi [None req-d08837c5-9137-402e-941b-ed7b01cbf219 6c33cf2485d94ac8a7bd1f254047fc83 3fc4b1d6498f4aada63cc9b1028a0975 - - default default] 10.0.0.115 "POST /v2.0/networks HTTP/1.1" status: 201 len: 833 time: 0.5803273
2026-05-29 23:16:29.539 9 WARNING neutron_lib.context [None req-3f510ebd-1234-43ba-ad01-d828e4a4b8fb 6c33cf2485d94ac8a7bd1f254047fc83 3fc4b1d6498f4aada63cc9b1028a0975 - - default default] Method 'is_advsvc' is deprecated since 2023.2 release (neutron-lib 3.8.0) and will be removed once support for the old RBAC API policies will be removed from Neutron. Please use method 'is_service_role' instead.
2026-05-29 23:16:29.763 9 WARNING neutron.scheduler.dhcp_agent_scheduler [None req-3f510ebd-1234-43ba-ad01-d828e4a4b8fb 6c33cf2485d94ac8a7bd1f254047fc83 3fc4b1d6498f4aada63cc9b1028a0975 - - default default] No more DHCP agents
2026-05-29 23:16:29.764 9 WARNING neutron.api.rpc.agentnotifiers.dhcp_rpc_agent_api [None req-3f510ebd-1234-43ba-ad01-d828e4a4b8fb 6c33cf2485d94ac8a7bd1f254047fc83 3fc4b1d6498f4aada63cc9b1028a0975 - - default default] Unable to schedule network 7a5fa259-72e6-4f0e-91f9-de4ff7e18c12: no agents available; will retry on subsequent port and subnet creation events.
2026-05-29 23:16:29.790 9 INFO neutron.db.ovn_revision_numbers_db [None req-3f510ebd-1234-43ba-ad01-d828e4a4b8fb 6c33cf2485d94ac8a7bd1f254047fc83 3fc4b1d6498f4aada63cc9b1028a0975 - - default default] Successfully bumped revision number for resource 1d4a467d-1bd2-49f1-951c-deb7d09fe123 (type: subnets) to 0
2026-05-29 23:16:29.806 9 INFO neutron.api.wsgi [None req-3f510ebd-1234-43ba-ad01-d828e4a4b8fb 6c33cf2485d94ac8a7bd1f254047fc83 3fc4b1d6498f4aada63cc9b1028a0975 - - default default] 10.0.0.115 "POST /v2.0/subnets HTTP/1.1" status: 201 len: 845 time: 0.2751985
2026-05-29 23:16:29.815 9 WARNING neutron_lib.context [None req-a5603f03-f138-4d8d-8f7e-8f4255222081 6c33cf2485d94ac8a7bd1f254047fc83 3fc4b1d6498f4aada63cc9b1028a0975 - - default default] Method 'is_advsvc' is deprecated since 2023.2 release (neutron-lib 3.8.0) and will be removed once support for the old RBAC API policies will be removed from Neutron. Please use method 'is_service_role' instead.
2026-05-29 23:16:29.909 9 INFO neutron.db.ovn_revision_numbers_db [None req-a5603f03-f138-4d8d-8f7e-8f4255222081 6c33cf2485d94ac8a7bd1f254047fc83 3fc4b1d6498f4aada63cc9b1028a0975 - - default default] Successfully bumped revision number for resource 1429a54b-ccfe-47f0-aad8-af0376e06b2a (type: routers) to 1
2026-05-29 23:16:29.924 9 INFO neutron.api.wsgi [None req-a5603f03-f138-4d8d-8f7e-8f4255222081 6c33cf2485d94ac8a7bd1f254047fc83 3fc4b1d6498f4aada63cc9b1028a0975 - - default default] 10.0.0.115 "POST /v2.0/routers HTTP/1.1" status: 201 len: 805 time: 0.1125243
2026-05-29 23:16:30.285 9 WARNING neutron.scheduler.dhcp_agent_scheduler [None req-7dd0a614-0344-47db-8ea6-f77ff365da73 6c33cf2485d94ac8a7bd1f254047fc83 3fc4b1d6498f4aada63cc9b1028a0975 - - default default] No more DHCP agents
2026-05-29 23:16:30.287 9 WARNING neutron.api.rpc.agentnotifiers.dhcp_rpc_agent_api [None req-7dd0a614-0344-47db-8ea6-f77ff365da73 6c33cf2485d94ac8a7bd1f254047fc83 3fc4b1d6498f4aada63cc9b1028a0975 - - default default] Unable to schedule network 7a5fa259-72e6-4f0e-91f9-de4ff7e18c12: no agents available; will retry on subsequent port and subnet creation events.
2026-05-29 23:16:30.370 9 INFO neutron.db.ovn_revision_numbers_db [None req-7dd0a614-0344-47db-8ea6-f77ff365da73 6c33cf2485d94ac8a7bd1f254047fc83 3fc4b1d6498f4aada63cc9b1028a0975 - - default default] Successfully bumped revision number for resource c721b1d5-4552-404e-aaef-1db4cf3f36cf (type: ports) to 1
2026-05-29 23:16:30.802 9 INFO neutron.plugins.ml2.drivers.ovn.mech_driver.mech_driver [None req-c90e61d3-e188-40e8-b629-252274fe766e - - - - - -] OVN reports status up for port: c721b1d5-4552-404e-aaef-1db4cf3f36cf
2026-05-29 23:16:30.811 9 INFO neutron.plugins.ml2.plugin [None req-c90e61d3-e188-40e8-b629-252274fe766e - - - - - -] Attempt 1 to provision port c721b1d5-4552-404e-aaef-1db4cf3f36cf
2026-05-29 23:16:30.823 9 INFO neutron.db.ovn_revision_numbers_db [None req-7dd0a614-0344-47db-8ea6-f77ff365da73 6c33cf2485d94ac8a7bd1f254047fc83 3fc4b1d6498f4aada63cc9b1028a0975 - - default default] Successfully bumped revision number for resource c721b1d5-4552-404e-aaef-1db4cf3f36cf (type: ports) to 1
2026-05-29 23:16:30.878 9 WARNING neutron.scheduler.dhcp_agent_scheduler [None req-7dd0a614-0344-47db-8ea6-f77ff365da73 6c33cf2485d94ac8a7bd1f254047fc83 3fc4b1d6498f4aada63cc9b1028a0975 - - default default] No more DHCP agents
2026-05-29 23:16:30.881 9 WARNING neutron.api.rpc.agentnotifiers.dhcp_rpc_agent_api [None req-7dd0a614-0344-47db-8ea6-f77ff365da73 6c33cf2485d94ac8a7bd1f254047fc83 3fc4b1d6498f4aada63cc9b1028a0975 - - default default] Unable to schedule network 7a5fa259-72e6-4f0e-91f9-de4ff7e18c12: no agents available; will retry on subsequent port and subnet creation events.
2026-05-29 23:16:31.347 9 INFO neutron.db.ovn_revision_numbers_db [None req-7dd0a614-0344-47db-8ea6-f77ff365da73 6c33cf2485d94ac8a7bd1f254047fc83 3fc4b1d6498f4aada63cc9b1028a0975 - - default default] Successfully bumped revision number for resource c721b1d5-4552-404e-aaef-1db4cf3f36cf (type: router_ports) to 1
2026-05-29 23:16:31.353 9 INFO neutron.api.wsgi [None req-7dd0a614-0344-47db-8ea6-f77ff365da73 6c33cf2485d94ac8a7bd1f254047fc83 3fc4b1d6498f4aada63cc9b1028a0975 - - default default] 10.0.0.115 "PUT /v2.0/routers/1429a54b-ccfe-47f0-aad8-af0376e06b2a/add_router_interface HTTP/1.1" status: 200 len: 503 time: 1.4239542
2026-05-29 23:16:31.401 9 INFO neutron.api.wsgi [None req-4514211f-b546-4c73-a389-8356c45a1863 6c33cf2485d94ac8a7bd1f254047fc83 3fc4b1d6498f4aada63cc9b1028a0975 - - default default] 10.0.0.115 "GET /v2.0/ports/c721b1d5-4552-404e-aaef-1db4cf3f36cf HTTP/1.1" status: 200 len: 1141 time: 0.0425091
2026-05-29 23:16:31.447 9 INFO neutron.db.ovn_revision_numbers_db [None req-c90e61d3-e188-40e8-b629-252274fe766e - - - - - -] Successfully bumped revision number for resource c721b1d5-4552-404e-aaef-1db4cf3f36cf (type: ports) to 2
2026-05-29 23:16:31.514 10 INFO neutron.api.wsgi [None req-514b7e2b-0ec1-420a-a649-c34149d2a3bf 6c33cf2485d94ac8a7bd1f254047fc83 3fc4b1d6498f4aada63cc9b1028a0975 - - default default] 10.0.0.115 "GET /v2.0/ports/c721b1d5-4552-404e-aaef-1db4cf3f36cf HTTP/1.1" status: 200 len: 1141 time: 0.1075175
2026-05-29 23:16:32.254 9 INFO neutron.api.wsgi [None req-9ea5e3b8-1bb6-42c0-be1e-a580fccb841e 6c33cf2485d94ac8a7bd1f254047fc83 3fc4b1d6498f4aada63cc9b1028a0975 - - default default] 10.0.0.115 "PUT /v2.0/routers/1429a54b-ccfe-47f0-aad8-af0376e06b2a/remove_router_interface HTTP/1.1" status: 200 len: 503 time: 0.7365472 /var/lib/openstack/lib/python3.12/site-packages/pycadf/identifier.py:71: UserWarning: Invalid uuid: neutron. To ensure interoperability, identifiers should be a valid uuid. warnings.warn(('Invalid uuid: %s. To ensure interoperability, '
2026-05-29 23:16:32.281 9 INFO neutron.api.wsgi [None req-751263bd-de5a-43d6-9a62-4398edec66ea 6c33cf2485d94ac8a7bd1f254047fc83 3fc4b1d6498f4aada63cc9b1028a0975 - - default default] 10.0.0.115 "GET /v2.0/ports?device_id=1429a54b-ccfe-47f0-aad8-af0376e06b2a HTTP/1.1" status: 200 len: 205 time: 0.0208323
2026-05-29 23:16:32.447 10 WARNING neutron.plugins.ml2.drivers.ovn.mech_driver.ovsdb.ovn_client [None req-0343cbd1-8045-4b63-918b-502d55e9592f - - - - - -] No port found with ID 87843f7c-b926-440d-ba96-c437531c7a83: RuntimeError: No port found with ID 87843f7c-b926-440d-ba96-c437531c7a83
2026-05-29 23:16:32.508 10 INFO neutron.api.wsgi [None req-6eb5f220-8c26-4ac5-aa44-b8bc0955ecdf 666683ce59f74e418ed9ee95f283e509 ff43a2eefa8043f9acb8f3e64b073de8 - - default default] 10.0.0.115 "PUT /v2.0/routers/b77017b3-f76a-4be6-ba2c-37f055867789/remove_router_interface HTTP/1.1" status: 200 len: 503 time: 1.0485058
2026-05-29 23:16:32.650 9 INFO neutron.api.wsgi [None req-582a3e9b-c18b-47d3-bde0-09b455f4f9be 6c33cf2485d94ac8a7bd1f254047fc83 3fc4b1d6498f4aada63cc9b1028a0975 - - default default] 10.0.0.115 "DELETE /v2.0/routers/1429a54b-ccfe-47f0-aad8-af0376e06b2a HTTP/1.1" status: 204 len: 168 time: 0.3640296 /var/lib/openstack/lib/python3.12/site-packages/pycadf/identifier.py:71: UserWarning: Invalid uuid: neutron. To ensure interoperability, identifiers should be a valid uuid. warnings.warn(('Invalid uuid: %s. To ensure interoperability, '
2026-05-29 23:16:32.826 10 INFO neutron.api.wsgi [None req-b8be6dfe-87aa-46c4-81d4-e40d7d5e08c8 6c33cf2485d94ac8a7bd1f254047fc83 3fc4b1d6498f4aada63cc9b1028a0975 - - default default] 10.0.0.115 "DELETE /v2.0/subnets/1d4a467d-1bd2-49f1-951c-deb7d09fe123 HTTP/1.1" status: 204 len: 168 time: 0.1719327
2026-05-29 23:16:33.092 10 INFO neutron.services.segments.plugin [-] Segment de24bed0-b15c-4adc-9edc-642d3eb757e1 resource provider aggregate not found
2026-05-29 23:16:33.096 10 INFO neutron.services.segments.plugin [-] Segment de24bed0-b15c-4adc-9edc-642d3eb757e1 resource provider aggregate not found
2026-05-29 23:16:33.104 10 INFO neutron.services.segments.plugin [-] Segment de24bed0-b15c-4adc-9edc-642d3eb757e1 resource provider not found; error: Placement Client Error (4xx): {"errors": [{"status": 404, "title": "Not Found", "detail": "The resource could not be found.\n\n No resource provider with uuid de24bed0-b15c-4adc-9edc-642d3eb757e1 found for delete ", "request_id": "req-ac3bfe15-620c-4358-be4a-08061dffbc91"}]}
2026-05-29 23:16:33.110 10 INFO neutron.services.segments.plugin [-] Segment de24bed0-b15c-4adc-9edc-642d3eb757e1 resource provider not found; error: Placement Client Error (4xx): {"errors": [{"status": 404, "title": "Not Found", "detail": "The resource could not be found.\n\n No resource provider with uuid de24bed0-b15c-4adc-9edc-642d3eb757e1 found for delete ", "request_id": "req-534dad92-f552-41a4-8fdf-fd0c7bfa0072"}]}
2026-05-29 23:16:33.126 10 INFO neutron.api.wsgi [None req-006d75f4-483c-4f9e-97ea-b0d0dfe9be8d 6c33cf2485d94ac8a7bd1f254047fc83 3fc4b1d6498f4aada63cc9b1028a0975 - - default default] 10.0.0.115 "DELETE /v2.0/networks/7a5fa259-72e6-4f0e-91f9-de4ff7e18c12 HTTP/1.1" status: 204 len: 168 time: 0.2942238
2026-05-29 23:16:33.137 10 WARNING neutron_lib.context [None req-742c965d-7d21-4d6b-887e-5a3bf494aecb 6c33cf2485d94ac8a7bd1f254047fc83 3fc4b1d6498f4aada63cc9b1028a0975 - - default default] Method 'is_advsvc' is deprecated since 2023.2 release (neutron-lib 3.8.0) and will be removed once support for the old RBAC API policies will be removed from Neutron. Please use method 'is_service_role' instead.
2026-05-29 23:16:33.267 9 INFO neutron.api.wsgi [None req-bc2a5992-ed65-4438-85de-76f84db66dbd 666683ce59f74e418ed9ee95f283e509 ff43a2eefa8043f9acb8f3e64b073de8 - - default default] 10.0.0.115 "DELETE /v2.0/routers/b77017b3-f76a-4be6-ba2c-37f055867789 HTTP/1.1" status: 204 len: 168 time: 0.7526875
2026-05-29 23:16:33.422 9 INFO neutron.api.wsgi [None req-b59446bf-338b-44c9-a14c-808fdfce7c68 666683ce59f74e418ed9ee95f283e509 ff43a2eefa8043f9acb8f3e64b073de8 - - default default] 10.0.0.115 "DELETE /v2.0/subnets/092e0db5-23a6-44ed-be87-938bcc3103cd HTTP/1.1" status: 204 len: 168 time: 0.1514122
2026-05-29 23:16:33.522 10 WARNING neutron.scheduler.dhcp_agent_scheduler [None req-742c965d-7d21-4d6b-887e-5a3bf494aecb 6c33cf2485d94ac8a7bd1f254047fc83 3fc4b1d6498f4aada63cc9b1028a0975 - - default default] No more DHCP agents
2026-05-29 23:16:33.523 10 WARNING neutron.api.rpc.agentnotifiers.dhcp_rpc_agent_api [None req-742c965d-7d21-4d6b-887e-5a3bf494aecb 6c33cf2485d94ac8a7bd1f254047fc83 3fc4b1d6498f4aada63cc9b1028a0975 - - default default] Unable to schedule network b8200611-667e-49a6-aeeb-7a7c3a7ee2a0: no agents available; will retry on subsequent port and subnet creation events.
2026-05-29 23:16:33.644 10 INFO neutron.db.ovn_revision_numbers_db [None req-742c965d-7d21-4d6b-887e-5a3bf494aecb 6c33cf2485d94ac8a7bd1f254047fc83 3fc4b1d6498f4aada63cc9b1028a0975 - - default default] Successfully bumped revision number for resource f9da8614-54b4-43ae-a209-bea2b70c7b20 (type: ports) to 1
2026-05-29 23:16:33.695 9 INFO neutron.services.segments.plugin [-] Segment 053258ed-9e4c-4274-aaee-69a125d61e19 resource provider aggregate not found
2026-05-29 23:16:33.699 9 INFO neutron.services.segments.plugin [-] Segment 053258ed-9e4c-4274-aaee-69a125d61e19 resource provider aggregate not found
2026-05-29 23:16:33.707 9 INFO neutron.services.segments.plugin [-] Segment 053258ed-9e4c-4274-aaee-69a125d61e19 resource provider not found; error: Placement Client Error (4xx): {"errors": [{"status": 404, "title": "Not Found", "detail": "The resource could not be found.\n\n No resource provider with uuid 053258ed-9e4c-4274-aaee-69a125d61e19 found for delete ", "request_id": "req-50b3622f-e024-4014-b740-ecf2ab9d7d55"}]}
2026-05-29 23:16:33.712 9 INFO neutron.services.segments.plugin [-] Segment 053258ed-9e4c-4274-aaee-69a125d61e19 resource provider not found; error: Placement Client Error (4xx): {"errors": [{"status": 404, "title": "Not Found", "detail": "The resource could not be found.\n\n No resource provider with uuid 053258ed-9e4c-4274-aaee-69a125d61e19 found for delete ", "request_id": "req-0365fd2b-b573-4136-b1b6-cae7a11d60d9"}]}
2026-05-29 23:16:33.726 9 INFO neutron.api.wsgi [None req-d14255f3-ef33-4b86-a47c-00fa3aee5435 666683ce59f74e418ed9ee95f283e509 ff43a2eefa8043f9acb8f3e64b073de8 - - default default] 10.0.0.115 "DELETE /v2.0/networks/12e42e88-3102-4353-a670-e7b8b88e8801 HTTP/1.1" status: 204 len: 168 time: 0.2988219
2026-05-29 23:16:33.941 9 INFO neutron.api.wsgi [None req-b6120307-775e-4ebc-8612-9a9b8948b373 666683ce59f74e418ed9ee95f283e509 ff43a2eefa8043f9acb8f3e64b073de8 - - default default] 10.0.0.115 "GET /v2.0/security-groups?tenant_id=2eda057f43134e0aa960e94ac85994bc&name=default HTTP/1.1" status: 200 len: 3120 time: 0.0336933
2026-05-29 23:16:34.040 9 INFO neutron.api.wsgi [-] 10.0.0.178 "GET / HTTP/1.1" status: 200 len: 247 time: 0.0020931
2026-05-29 23:16:34.042 9 INFO neutron.api.wsgi [-] 10.0.0.178 "GET / HTTP/1.1" status: 200 len: 247 time: 0.0013516
2026-05-29 23:16:34.168 9 INFO neutron.api.wsgi [None req-2d2c57d1-97d4-475c-b98c-b1a07eec52af 666683ce59f74e418ed9ee95f283e509 ff43a2eefa8043f9acb8f3e64b073de8 - - default default] 10.0.0.115 "DELETE /v2.0/security-groups/6ead79cd-cd7f-43a9-ac56-5a78bfcad504 HTTP/1.1" status: 204 len: 168 time: 0.2205875
2026-05-29 23:16:34.235 10 INFO neutron.plugins.ml2.drivers.ovn.mech_driver.ovsdb.commands [None req-101301b3-0872-48e3-a5f2-c2f828974b08 - - - - - -] Schedule LRP lrp-f9da8614-54b4-43ae-a209-bea2b70c7b20 on gateway e8322966-2a75-4155-bf80-7bdca052e51e with priority 1
2026-05-29 23:16:34.271 10 INFO neutron.db.ovn_revision_numbers_db [None req-742c965d-7d21-4d6b-887e-5a3bf494aecb 6c33cf2485d94ac8a7bd1f254047fc83 3fc4b1d6498f4aada63cc9b1028a0975 - - default default] Successfully bumped revision number for resource f9da8614-54b4-43ae-a209-bea2b70c7b20 (type: router_ports) to 1
2026-05-29 23:16:34.331 10 INFO neutron.db.ovn_revision_numbers_db [None req-742c965d-7d21-4d6b-887e-5a3bf494aecb 6c33cf2485d94ac8a7bd1f254047fc83 3fc4b1d6498f4aada63cc9b1028a0975 - - default default] Successfully bumped revision number for resource 5eddce39-7912-413c-a0a3-453da3e31b47 (type: routers) to 2
2026-05-29 23:16:34.346 10 INFO neutron.api.wsgi [None req-742c965d-7d21-4d6b-887e-5a3bf494aecb 6c33cf2485d94ac8a7bd1f254047fc83 3fc4b1d6498f4aada63cc9b1028a0975 - - default default] 10.0.0.115 "POST /v2.0/routers HTTP/1.1" status: 201 len: 1151 time: 1.2142551
2026-05-29 23:16:34.410 10 INFO neutron.api.wsgi [None req-b5d02431-c2ec-4e9e-91f3-cae92ba50f3f 6c33cf2485d94ac8a7bd1f254047fc83 3fc4b1d6498f4aada63cc9b1028a0975 - - default default] 10.0.0.115 "GET /v2.0/routers/5eddce39-7912-413c-a0a3-453da3e31b47 HTTP/1.1" status: 200 len: 1152 time: 0.0592103
2026-05-29 23:16:34.476 10 INFO neutron.api.wsgi [None req-57ca63a9-622d-46e9-afe8-301ad9be8e1d 6c33cf2485d94ac8a7bd1f254047fc83 3fc4b1d6498f4aada63cc9b1028a0975 - - default default] 10.0.0.115 "GET /v2.0/routers HTTP/1.1" status: 200 len: 1155 time: 0.0601127
2026-05-29 23:16:34.878 10 INFO neutron.db.ovn_revision_numbers_db [None req-d148df28-edbb-43c0-a793-6cb010aef9ae 6c33cf2485d94ac8a7bd1f254047fc83 3fc4b1d6498f4aada63cc9b1028a0975 - - default default] Successfully bumped revision number for resource 5eddce39-7912-413c-a0a3-453da3e31b47 (type: routers) to 3
2026-05-29 23:16:34.884 10 INFO neutron.api.wsgi [None req-d148df28-edbb-43c0-a793-6cb010aef9ae 6c33cf2485d94ac8a7bd1f254047fc83 3fc4b1d6498f4aada63cc9b1028a0975 - - default default] 10.0.0.115 "PUT /v2.0/routers/5eddce39-7912-413c-a0a3-453da3e31b47 HTTP/1.1" status: 200 len: 1159 time: 0.4003520
2026-05-29 23:16:34.952 10 INFO neutron.api.wsgi [None req-f55bb20b-4b88-4a73-ba4a-507cfef83945 6c33cf2485d94ac8a7bd1f254047fc83 3fc4b1d6498f4aada63cc9b1028a0975 - - default default] 10.0.0.115 "GET /v2.0/routers/5eddce39-7912-413c-a0a3-453da3e31b47 HTTP/1.1" status: 200 len: 1159 time: 0.0641267
2026-05-29 23:16:34.977 10 INFO neutron.api.wsgi [None req-1b98a257-af8c-47d5-99e1-dda693d00a73 6c33cf2485d94ac8a7bd1f254047fc83 3fc4b1d6498f4aada63cc9b1028a0975 - - default default] 10.0.0.115 "GET /v2.0/ports?device_id=5eddce39-7912-413c-a0a3-453da3e31b47 HTTP/1.1" status: 200 len: 205 time: 0.0167325
2026-05-29 23:16:35.401 9 INFO neutron.api.wsgi [None req-75c1bfcd-0bd7-49db-aa0e-cb15cbad9303 666683ce59f74e418ed9ee95f283e509 ff43a2eefa8043f9acb8f3e64b073de8 - - default default] 10.0.0.124 "GET /v2.0/floatingips HTTP/1.1" status: 200 len: 193 time: 0.1280084
2026-05-29 23:16:35.445 9 INFO neutron.api.wsgi [None req-80a40af1-cc36-4327-a4eb-aa985c75ba27 666683ce59f74e418ed9ee95f283e509 ff43a2eefa8043f9acb8f3e64b073de8 - - default default] 10.0.0.124 "GET /v2.0/security-groups HTTP/1.1" status: 200 len: 20482 time: 0.0429780
2026-05-29 23:16:35.488 9 INFO neutron.api.wsgi [None req-99784cbb-c04f-4e18-969b-18baf6b2711c 666683ce59f74e418ed9ee95f283e509 ff43a2eefa8043f9acb8f3e64b073de8 - - default default] 10.0.0.124 "GET /v2.0/ports HTTP/1.1" status: 200 len: 5351 time: 0.0356824
2026-05-29 23:16:35.515 9 INFO neutron.api.wsgi [None req-39745724-34cd-4272-8b9a-7d895802592d 666683ce59f74e418ed9ee95f283e509 ff43a2eefa8043f9acb8f3e64b073de8 - - default default] 10.0.0.124 "GET /v2.0/network-ip-availabilities HTTP/1.1" status: 200 len: 1280 time: 0.0191774
2026-05-29 23:16:35.535 9 INFO neutron.api.wsgi [None req-34805c37-d744-4019-b1d9-f06b8e017614 666683ce59f74e418ed9ee95f283e509 ff43a2eefa8043f9acb8f3e64b073de8 - - default default] 10.0.0.124 "GET /v2.0/subnets HTTP/1.1" status: 200 len: 1484 time: 0.0184095
2026-05-29 23:16:35.574 9 INFO neutron.api.wsgi [None req-85073da5-dc0b-4b4e-ba0a-083de5166fcb 666683ce59f74e418ed9ee95f283e509 ff43a2eefa8043f9acb8f3e64b073de8 - - default default] 10.0.0.124 "GET /v2.0/subnets HTTP/1.1" status: 200 len: 1484 time: 0.0359824
2026-05-29 23:16:35.581 9 INFO neutron.api.wsgi [None req-1ac77ce6-f66d-4c23-9cd2-070588e1559c 666683ce59f74e418ed9ee95f283e509 ff43a2eefa8043f9acb8f3e64b073de8 - - default default] 10.0.0.124 "GET /v2.0/subnetpools HTTP/1.1" status: 200 len: 193 time: 0.0060303
2026-05-29 23:16:35.593 9 INFO neutron.api.wsgi [None req-69c4aa04-637a-4a5b-9a31-f603d596040c 666683ce59f74e418ed9ee95f283e509 ff43a2eefa8043f9acb8f3e64b073de8 - - default default] 10.0.0.124 "GET /v2.0/agents HTTP/1.1" status: 200 len: 1390 time: 0.0120068
2026-05-29 23:16:35.622 10 INFO neutron.api.wsgi [None req-36b65e7e-99ec-4b28-add8-4c1c3e9906f2 6c33cf2485d94ac8a7bd1f254047fc83 3fc4b1d6498f4aada63cc9b1028a0975 - - default default] 10.0.0.115 "DELETE /v2.0/routers/5eddce39-7912-413c-a0a3-453da3e31b47 HTTP/1.1" status: 204 len: 168 time: 0.6370311
2026-05-29 23:16:35.648 9 INFO neutron.api.wsgi [None req-5d4adcff-506f-4b98-8aeb-43dba07475c9 6c33cf2485d94ac8a7bd1f254047fc83 3fc4b1d6498f4aada63cc9b1028a0975 - - default default] 10.0.0.115 "GET /v2.0/ports?device_id=5eddce39-7912-413c-a0a3-453da3e31b47 HTTP/1.1" status: 200 len: 205 time: 0.0189698
2026-05-29 23:16:35.654 9 INFO neutron.api.wsgi [None req-da6a02e0-d35a-406b-97cb-d55f998fe63d 666683ce59f74e418ed9ee95f283e509 ff43a2eefa8043f9acb8f3e64b073de8 - - default default] 10.0.0.124 "GET /v2.0/networks HTTP/1.1" status: 200 len: 2350 time: 0.0577528
2026-05-29 23:16:35.668 10 INFO neutron.api.v2.resource [None req-4a47caa6-3192-4d93-b9aa-18fbed6e65af 6c33cf2485d94ac8a7bd1f254047fc83 3fc4b1d6498f4aada63cc9b1028a0975 - - default default] delete failed (client error): The resource could not be found.
2026-05-29 23:16:35.669 9 INFO neutron.api.wsgi [None req-f38aceaf-d0be-4f9d-95a3-97e85f4c0834 666683ce59f74e418ed9ee95f283e509 ff43a2eefa8043f9acb8f3e64b073de8 - - default default] 10.0.0.124 "GET /v2.0/routers HTTP/1.1" status: 200 len: 189 time: 0.0127966
2026-05-29 23:16:35.669 10 INFO neutron.api.wsgi [None req-4a47caa6-3192-4d93-b9aa-18fbed6e65af 6c33cf2485d94ac8a7bd1f254047fc83 3fc4b1d6498f4aada63cc9b1028a0975 - - default default] 10.0.0.115 "DELETE /v2.0/routers/5eddce39-7912-413c-a0a3-453da3e31b47 HTTP/1.1" status: 404 len: 336 time: 0.0167348
2026-05-29 23:16:35.681 9 INFO neutron.api.wsgi [None req-bbf1e118-a6b1-43e5-9dd6-dc5943796da0 666683ce59f74e418ed9ee95f283e509 ff43a2eefa8043f9acb8f3e64b073de8 - - default default] 10.0.0.124 "GET /v2.0/agents?binary=ovn-controller HTTP/1.1" status: 200 len: 591 time: 0.0123870
2026-05-29 23:16:35.686 9 INFO neutron.api.wsgi [None req-1c931631-7b94-4c48-9c0e-3d7114898d5c 6c33cf2485d94ac8a7bd1f254047fc83 3fc4b1d6498f4aada63cc9b1028a0975 - - default default] 10.0.0.115 "GET /v2.0/ports?device_id=1429a54b-ccfe-47f0-aad8-af0376e06b2a HTTP/1.1" status: 200 len: 205 time: 0.0133991
2026-05-29 23:16:35.700 9 INFO neutron.api.v2.resource [None req-93e24450-a4ee-4623-b9e6-1ed7035ed677 6c33cf2485d94ac8a7bd1f254047fc83 3fc4b1d6498f4aada63cc9b1028a0975 - - default default] delete failed (client error): The resource could not be found.
2026-05-29 23:16:35.700 9 INFO neutron.api.wsgi [None req-93e24450-a4ee-4623-b9e6-1ed7035ed677 6c33cf2485d94ac8a7bd1f254047fc83 3fc4b1d6498f4aada63cc9b1028a0975 - - default default] 10.0.0.115 "DELETE /v2.0/routers/1429a54b-ccfe-47f0-aad8-af0376e06b2a HTTP/1.1" status: 404 len: 336 time: 0.0107722
2026-05-29 23:16:35.711 9 INFO neutron.pecan_wsgi.hooks.translation [None req-75b7b715-0212-42cf-b9df-710d6856398d 6c33cf2485d94ac8a7bd1f254047fc83 3fc4b1d6498f4aada63cc9b1028a0975 - - default default] DELETE failed (client error): The resource could not be found.
2026-05-29 23:16:35.713 9 INFO neutron.api.wsgi [None req-75b7b715-0212-42cf-b9df-710d6856398d 6c33cf2485d94ac8a7bd1f254047fc83 3fc4b1d6498f4aada63cc9b1028a0975 - - default default] 10.0.0.115 "DELETE /v2.0/subnets/1d4a467d-1bd2-49f1-951c-deb7d09fe123 HTTP/1.1" status: 404 len: 337 time: 0.0097187
2026-05-29 23:16:35.728 9 INFO neutron.api.wsgi [None req-2e12f416-94e9-43c9-83f1-8afde1478fdc 6c33cf2485d94ac8a7bd1f254047fc83 3fc4b1d6498f4aada63cc9b1028a0975 - - default default] 10.0.0.115 "GET /v2.0/ports?device_id=2aa5f029-1bee-4ccf-992b-0903509a86a0 HTTP/1.1" status: 200 len: 205 time: 0.0111654
2026-05-29 23:16:35.749 9 INFO neutron.api.v2.resource [None req-3baf291a-8813-4a9e-a499-18484cb99ee7 6c33cf2485d94ac8a7bd1f254047fc83 3fc4b1d6498f4aada63cc9b1028a0975 - - default default] delete failed (client error): The resource could not be found.
2026-05-29 23:16:35.750 9 INFO neutron.api.wsgi [None req-3baf291a-8813-4a9e-a499-18484cb99ee7 6c33cf2485d94ac8a7bd1f254047fc83 3fc4b1d6498f4aada63cc9b1028a0975 - - default default] 10.0.0.115 "DELETE /v2.0/routers/2aa5f029-1bee-4ccf-992b-0903509a86a0 HTTP/1.1" status: 404 len: 336 time: 0.0190361
2026-05-29 23:16:35.772 9 INFO neutron.pecan_wsgi.hooks.translation [None req-c3d95556-e8a1-4c27-897c-fc88cecd3248 6c33cf2485d94ac8a7bd1f254047fc83 3fc4b1d6498f4aada63cc9b1028a0975 - - default default] DELETE failed (client error): The resource could not be found.
2026-05-29 23:16:35.775 9 INFO neutron.api.wsgi [None req-c3d95556-e8a1-4c27-897c-fc88cecd3248 6c33cf2485d94ac8a7bd1f254047fc83 3fc4b1d6498f4aada63cc9b1028a0975 - - default default] 10.0.0.115 "DELETE /v2.0/subnets/538aa226-88bf-4f62-94b0-18419c9e2f19 HTTP/1.1" status: 404 len: 337 time: 0.0213397
2026-05-29 23:16:35.793 10 INFO neutron.api.wsgi [None req-99647c7a-8959-4297-9d60-7aec321d4db2 6c33cf2485d94ac8a7bd1f254047fc83 3fc4b1d6498f4aada63cc9b1028a0975 - - default default] 10.0.0.115 "GET /v2.0/ports?device_id=163e99d7-71b1-435d-a376-9ccac67ae22a HTTP/1.1" status: 200 len: 205 time: 0.0139246
2026-05-29 23:16:35.816 10 INFO neutron.api.v2.resource [None req-9d5abd2e-dd8f-4a70-9816-0e02f6f1abb3 6c33cf2485d94ac8a7bd1f254047fc83 3fc4b1d6498f4aada63cc9b1028a0975 - - default default] delete failed (client error): The resource could not be found.
2026-05-29 23:16:35.817 10 INFO neutron.api.wsgi [None req-9d5abd2e-dd8f-4a70-9816-0e02f6f1abb3 6c33cf2485d94ac8a7bd1f254047fc83 3fc4b1d6498f4aada63cc9b1028a0975 - - default default] 10.0.0.115 "DELETE /v2.0/routers/163e99d7-71b1-435d-a376-9ccac67ae22a HTTP/1.1" status: 404 len: 336 time: 0.0165360
2026-05-29 23:16:35.832 10 INFO neutron.pecan_wsgi.hooks.translation [None req-c26a6a5a-4fc4-4c62-a945-80e133c41210 6c33cf2485d94ac8a7bd1f254047fc83 3fc4b1d6498f4aada63cc9b1028a0975 - - default default] DELETE failed (client error): The resource could not be found.
2026-05-29 23:16:35.835 10 INFO neutron.api.wsgi [None req-c26a6a5a-4fc4-4c62-a945-80e133c41210 6c33cf2485d94ac8a7bd1f254047fc83 3fc4b1d6498f4aada63cc9b1028a0975 - - default default] 10.0.0.115 "DELETE /v2.0/subnets/fd65da7a-75d5-44a9-97f8-d2fcc47c9f07 HTTP/1.1" status: 404 len: 337 time: 0.0135295
2026-05-29 23:16:35.856 10 INFO neutron.pecan_wsgi.hooks.translation [None req-2619e497-224b-410b-9550-b93362896450 6c33cf2485d94ac8a7bd1f254047fc83 3fc4b1d6498f4aada63cc9b1028a0975 - - default default] DELETE failed (client error): The resource could not be found.
2026-05-29 23:16:35.859 10 INFO neutron.api.wsgi [None req-2619e497-224b-410b-9550-b93362896450 6c33cf2485d94ac8a7bd1f254047fc83 3fc4b1d6498f4aada63cc9b1028a0975 - - default default] 10.0.0.115 "DELETE /v2.0/subnets/de5e66c4-2ed2-4e10-b382-06ff3273b0e8 HTTP/1.1" status: 404 len: 337 time: 0.0195541
2026-05-29 23:16:36.312 10 INFO neutron.db.ovn_revision_numbers_db [None req-0a25b34e-4174-49fb-a17a-bc78740ff32d 666683ce59f74e418ed9ee95f283e509 ff43a2eefa8043f9acb8f3e64b073de8 - - default default] Successfully bumped revision number for resource e659b52b-b682-431d-8a2d-5151c01c7af4 (type: security_groups) to 1
2026-05-29 23:16:36.328 10 INFO neutron.db.ovn_revision_numbers_db [None req-0a25b34e-4174-49fb-a17a-bc78740ff32d 666683ce59f74e418ed9ee95f283e509 ff43a2eefa8043f9acb8f3e64b073de8 - - default default] Successfully bumped revision number for resource 2a5c46ae-6379-48fa-b4e2-f4fe0d220411 (type: security_group_rules) to 0
2026-05-29 23:16:36.349 10 INFO neutron.db.ovn_revision_numbers_db [None req-0a25b34e-4174-49fb-a17a-bc78740ff32d 666683ce59f74e418ed9ee95f283e509 ff43a2eefa8043f9acb8f3e64b073de8 - - default default] Successfully bumped revision number for resource b06fe500-2228-46e1-a87a-7aba7d812445 (type: security_group_rules) to 0
2026-05-29 23:16:36.367 10 INFO neutron.db.ovn_revision_numbers_db [None req-0a25b34e-4174-49fb-a17a-bc78740ff32d 666683ce59f74e418ed9ee95f283e509 ff43a2eefa8043f9acb8f3e64b073de8 - - default default] Successfully bumped revision number for resource d0776e30-699d-48ad-9817-f58f5c86465d (type: security_group_rules) to 0
2026-05-29 23:16:36.378 10 INFO neutron.db.ovn_revision_numbers_db [None req-0a25b34e-4174-49fb-a17a-bc78740ff32d 666683ce59f74e418ed9ee95f283e509 ff43a2eefa8043f9acb8f3e64b073de8 - - default default] Successfully bumped revision number for resource eefd059a-eea3-47f2-b2e8-4d2ff67793c7 (type: security_group_rules) to 0
2026-05-29 23:16:36.407 9 WARNING neutron.plugins.ml2.drivers.ovn.mech_driver.ovsdb.ovn_client [None req-f9f3aa2c-4d40-4d1f-866a-02f7c3c9e039 - - - - - -] No port found with ID c721b1d5-4552-404e-aaef-1db4cf3f36cf: RuntimeError: No port found with ID c721b1d5-4552-404e-aaef-1db4cf3f36cf
2026-05-29 23:16:36.426 9 INFO neutron.plugins.ml2.drivers.ovn.mech_driver.mech_driver [None req-f9f3aa2c-4d40-4d1f-866a-02f7c3c9e039 - - - - - -] OVN reports status up for port: f9da8614-54b4-43ae-a209-bea2b70c7b20
2026-05-29 23:16:36.444 10 INFO neutron.db.segments_db [None req-0a25b34e-4174-49fb-a17a-bc78740ff32d 666683ce59f74e418ed9ee95f283e509 ff43a2eefa8043f9acb8f3e64b073de8 - - default default] Added segment 5b94c80c-2c85-4942-9358-b3b7a9c462a4 of type geneve for network 7fce99ee-4405-454f-b25b-34390772026c
2026-05-29 23:16:36.556 10 INFO neutron.db.ovn_revision_numbers_db [None req-0a25b34e-4174-49fb-a17a-bc78740ff32d 666683ce59f74e418ed9ee95f283e509 ff43a2eefa8043f9acb8f3e64b073de8 - - default default] Successfully bumped revision number for resource 7fce99ee-4405-454f-b25b-34390772026c (type: networks) to 1
2026-05-29 23:16:36.568 10 INFO neutron.api.wsgi [None req-7e01be50-2ec1-4b54-bb08-a6579c168a1b 666683ce59f74e418ed9ee95f283e509 ff43a2eefa8043f9acb8f3e64b073de8 - - default default] 10.0.0.115 "GET /v2.0/security-groups?tenant_id=3fc4b1d6498f4aada63cc9b1028a0975&name=default HTTP/1.1" status: 200 len: 3120 time: 0.1828196
2026-05-29 23:16:36.737 10 WARNING neutron.scheduler.dhcp_agent_scheduler [None req-0a25b34e-4174-49fb-a17a-bc78740ff32d 666683ce59f74e418ed9ee95f283e509 ff43a2eefa8043f9acb8f3e64b073de8 - - default default] No more DHCP agents
2026-05-29 23:16:36.738 10 WARNING neutron.api.rpc.agentnotifiers.dhcp_rpc_agent_api [None req-0a25b34e-4174-49fb-a17a-bc78740ff32d 666683ce59f74e418ed9ee95f283e509 ff43a2eefa8043f9acb8f3e64b073de8 - - default default] Unable to schedule network 7fce99ee-4405-454f-b25b-34390772026c: no agents available; will retry on subsequent port and subnet creation events.
2026-05-29 23:16:36.804 10 INFO neutron.api.wsgi [None req-03d37c76-6bf1-49b9-9048-c330d5ac8e54 666683ce59f74e418ed9ee95f283e509 ff43a2eefa8043f9acb8f3e64b073de8 - - default default] 10.0.0.115 "DELETE /v2.0/security-groups/a3da1599-cb01-4eee-a068-2acb65635830 HTTP/1.1" status: 204 len: 168 time: 0.2268631
2026-05-29 23:16:36.805 10 INFO neutron.db.ovn_revision_numbers_db [None req-0a25b34e-4174-49fb-a17a-bc78740ff32d 666683ce59f74e418ed9ee95f283e509 ff43a2eefa8043f9acb8f3e64b073de8 - - default default] Successfully bumped revision number for resource 3f199ccd-3464-4dcc-8d72-ec99213cf638 (type: ports) to 1
2026-05-29 23:16:36.824 10 INFO neutron.api.wsgi [None req-0a25b34e-4174-49fb-a17a-bc78740ff32d 666683ce59f74e418ed9ee95f283e509 ff43a2eefa8043f9acb8f3e64b073de8 - - default default] 10.0.0.115 "POST /v2.0/networks HTTP/1.1" status: 201 len: 943 time: 0.8289297
2026-05-29 23:16:36.954 10 WARNING neutron.scheduler.dhcp_agent_scheduler [None req-8a1d35c6-9dab-4a7d-b5d9-fc1362640909 666683ce59f74e418ed9ee95f283e509 ff43a2eefa8043f9acb8f3e64b073de8 - - default default] No more DHCP agents
2026-05-29 23:16:36.955 10 WARNING neutron.api.rpc.agentnotifiers.dhcp_rpc_agent_api [None req-8a1d35c6-9dab-4a7d-b5d9-fc1362640909 666683ce59f74e418ed9ee95f283e509 ff43a2eefa8043f9acb8f3e64b073de8 - - default default] Unable to schedule network 7fce99ee-4405-454f-b25b-34390772026c: no agents available; will retry on subsequent port and subnet creation events.
2026-05-29 23:16:37.370 10 INFO neutron.db.ovn_revision_numbers_db [None req-97cd95ea-2ca3-45c2-a96d-c1b82c0eaabd - - - - - -] Successfully bumped revision number for resource 3f199ccd-3464-4dcc-8d72-ec99213cf638 (type: ports) to 2
2026-05-29 23:16:37.396 10 INFO neutron.db.ovn_revision_numbers_db [None req-97cd95ea-2ca3-45c2-a96d-c1b82c0eaabd - - - - - -] Successfully bumped revision number for resource 7a641506-c8ef-4f90-b735-dccdf2220c09 (type: subnets) to 0
2026-05-29 23:16:37.409 10 INFO neutron.api.wsgi [None req-8a1d35c6-9dab-4a7d-b5d9-fc1362640909 666683ce59f74e418ed9ee95f283e509 ff43a2eefa8043f9acb8f3e64b073de8 - - default default] 10.0.0.115 "POST /v2.0/subnets HTTP/1.1" status: 201 len: 887 time: 0.5798326
2026-05-29 23:16:37.794 10 WARNING neutron.scheduler.dhcp_agent_scheduler [None req-0fa2c74c-9f43-401b-b311-d70dbcc036ea 666683ce59f74e418ed9ee95f283e509 ff43a2eefa8043f9acb8f3e64b073de8 - - default default] No more DHCP agents
2026-05-29 23:16:37.795 10 WARNING neutron.api.rpc.agentnotifiers.dhcp_rpc_agent_api [None req-0fa2c74c-9f43-401b-b311-d70dbcc036ea 666683ce59f74e418ed9ee95f283e509 ff43a2eefa8043f9acb8f3e64b073de8 - - default default] Unable to schedule network b8200611-667e-49a6-aeeb-7a7c3a7ee2a0: no agents available; will retry on subsequent port and subnet creation events.
2026-05-29 23:16:37.905 10 INFO neutron.db.ovn_revision_numbers_db [None req-0fa2c74c-9f43-401b-b311-d70dbcc036ea 666683ce59f74e418ed9ee95f283e509 ff43a2eefa8043f9acb8f3e64b073de8 - - default default] Successfully bumped revision number for resource aec396c4-8d89-45d7-8f54-948ce064fdc1 (type: ports) to 1
2026-05-29 23:16:38.398 10 INFO neutron.plugins.ml2.drivers.ovn.mech_driver.ovsdb.commands [None req-101301b3-0872-48e3-a5f2-c2f828974b08 - - - - - -] Schedule LRP lrp-aec396c4-8d89-45d7-8f54-948ce064fdc1 on gateway e8322966-2a75-4155-bf80-7bdca052e51e with priority 1
2026-05-29 23:16:38.403 10 INFO neutron.plugins.ml2.drivers.ovn.mech_driver.mech_driver [None req-0343cbd1-8045-4b63-918b-502d55e9592f - - - - - -] OVN reports status up for port: aec396c4-8d89-45d7-8f54-948ce064fdc1
2026-05-29 23:16:38.419 9 INFO neutron.plugins.ml2.drivers.ovn.mech_driver.ovsdb.ovsdb_monitor [None req-5199397a-ea0d-468c-933c-cf065c66793c - - - - - -] Router c80616c5-60a5-4400-a8ea-9952890417dd is bound to host instance
2026-05-29 23:16:38.419 10 INFO neutron.plugins.ml2.plugin [None req-0343cbd1-8045-4b63-918b-502d55e9592f - - - - - -] Attempt 1 to provision port aec396c4-8d89-45d7-8f54-948ce064fdc1
2026-05-29 23:16:38.475 10 INFO neutron.db.ovn_revision_numbers_db [None req-0fa2c74c-9f43-401b-b311-d70dbcc036ea 666683ce59f74e418ed9ee95f283e509 ff43a2eefa8043f9acb8f3e64b073de8 - - default default] Successfully bumped revision number for resource aec396c4-8d89-45d7-8f54-948ce064fdc1 (type: router_ports) to 1
2026-05-29 23:16:38.534 10 INFO neutron.db.ovn_revision_numbers_db [None req-0fa2c74c-9f43-401b-b311-d70dbcc036ea 666683ce59f74e418ed9ee95f283e509 ff43a2eefa8043f9acb8f3e64b073de8 - - default default] Successfully bumped revision number for resource c80616c5-60a5-4400-a8ea-9952890417dd (type: routers) to 2
2026-05-29 23:16:38.548 10 INFO neutron.api.wsgi [None req-0fa2c74c-9f43-401b-b311-d70dbcc036ea 666683ce59f74e418ed9ee95f283e509 ff43a2eefa8043f9acb8f3e64b073de8 - - default default] 10.0.0.115 "POST /v2.0/routers HTTP/1.1" status: 201 len: 1165 time: 1.1343877
2026-05-29 23:16:38.804 9 INFO neutron.db.ovn_revision_numbers_db [None req-627f5210-d245-4f99-9b2d-02ddf13b1a7d - - - - - -] Successfully bumped revision number for resource aec396c4-8d89-45d7-8f54-948ce064fdc1 (type: ports) to 1
2026-05-29 23:16:38.968 10 WARNING neutron.scheduler.dhcp_agent_scheduler [None req-3fb7791c-03dd-4153-97ed-a73828e96264 666683ce59f74e418ed9ee95f283e509 ff43a2eefa8043f9acb8f3e64b073de8 - - default default] No more DHCP agents
2026-05-29 23:16:38.970 10 WARNING neutron.api.rpc.agentnotifiers.dhcp_rpc_agent_api [None req-3fb7791c-03dd-4153-97ed-a73828e96264 666683ce59f74e418ed9ee95f283e509 ff43a2eefa8043f9acb8f3e64b073de8 - - default default] Unable to schedule network 7fce99ee-4405-454f-b25b-34390772026c: no agents available; will retry on subsequent port and subnet creation events.
2026-05-29 23:16:39.087 10 INFO neutron.db.ovn_revision_numbers_db [None req-3fb7791c-03dd-4153-97ed-a73828e96264 666683ce59f74e418ed9ee95f283e509 ff43a2eefa8043f9acb8f3e64b073de8 - - default default] Successfully bumped revision number for resource 9d552ccf-5ce1-4e54-96b7-f8c48eadfde5 (type: ports) to 1
2026-05-29 23:16:39.109 9 INFO neutron.db.ovn_revision_numbers_db [None req-627f5210-d245-4f99-9b2d-02ddf13b1a7d - - - - - -] Successfully bumped revision number for resource aec396c4-8d89-45d7-8f54-948ce064fdc1 (type: ports) to 4
