2026-05-29 23:12:46.582 10 INFO neutron.api.wsgi [None req-545342fb-b8a7-41f2-a298-74f0aaace95b 666683ce59f74e418ed9ee95f283e509 ff43a2eefa8043f9acb8f3e64b073de8 - - default default] 10.0.0.115 "PUT /v2.0/routers/0dc976c9-e087-4f32-b33b-248cc03dced6/add_router_interface HTTP/1.1" status: 200 len: 503 time: 2.3319728
2026-05-29 23:12:46.592 10 INFO neutron.db.ovn_revision_numbers_db [None req-7f84418b-421f-459f-8677-426a9a88e195 - - - - - -] Successfully bumped revision number for resource cbc2417d-557a-4c18-a270-dc07315df5b1 (type: ports) to 2
2026-05-29 23:12:46.627 10 INFO neutron.db.ovn_revision_numbers_db [None req-7f84418b-421f-459f-8677-426a9a88e195 - - - - - -] Successfully bumped revision number for resource 11824abd-7fda-42f4-a53e-3c898cde998a (type: subnets) to 0
2026-05-29 23:12:46.647 10 INFO neutron.api.wsgi [None req-2846ea63-b560-4c6d-b537-2b9d2384daf1 666683ce59f74e418ed9ee95f283e509 ff43a2eefa8043f9acb8f3e64b073de8 - - default default] 10.0.0.115 "POST /v2.0/subnets HTTP/1.1" status: 201 len: 895 time: 0.8729846
2026-05-29 23:12:46.781 9 INFO neutron.db.ovn_revision_numbers_db [None req-c768531d-d0db-4d88-8cf0-fc1eeef47ecb 666683ce59f74e418ed9ee95f283e509 ff43a2eefa8043f9acb8f3e64b073de8 - - default default] Successfully bumped revision number for resource d30ada5b-aaa0-4e5d-96f6-a5bc7a73d14d (type: router_ports) to 1
2026-05-29 23:12:46.785 9 INFO neutron.api.wsgi [None req-c768531d-d0db-4d88-8cf0-fc1eeef47ecb 666683ce59f74e418ed9ee95f283e509 ff43a2eefa8043f9acb8f3e64b073de8 - - default default] 10.0.0.115 "PUT /v2.0/routers/dbe4f1d3-9826-47e9-b9b8-671650ac8694/add_router_interface HTTP/1.1" status: 200 len: 503 time: 2.5594392
2026-05-29 23:12:46.922 9 INFO neutron.db.ovn_revision_numbers_db [None req-08458914-ffbe-4d84-b1a7-a2f4eb9c435a - - - - - -] Successfully bumped revision number for resource 869522f1-2b32-469a-91a8-694aa934f6e7 (type: ports) to 2
2026-05-29 23:12:47.091 10 WARNING neutron.scheduler.dhcp_agent_scheduler [None req-ce025bac-abda-426d-bb85-bce7d1a50c68 666683ce59f74e418ed9ee95f283e509 ff43a2eefa8043f9acb8f3e64b073de8 - - default default] No more DHCP agents
2026-05-29 23:12:47.093 10 WARNING neutron.api.rpc.agentnotifiers.dhcp_rpc_agent_api [None req-ce025bac-abda-426d-bb85-bce7d1a50c68 666683ce59f74e418ed9ee95f283e509 ff43a2eefa8043f9acb8f3e64b073de8 - - default default] Unable to schedule network b8200611-667e-49a6-aeeb-7a7c3a7ee2a0: no agents available; will retry on subsequent port and subnet creation events.
2026-05-29 23:12:47.115 9 WARNING neutron_lib.context [None req-1f21e20c-1b54-4167-a744-e5e8eb9ac96b dcbbf9dc29b7435ebbb6874d86552432 ee8a0deb119649c68705c43681641589 - - default default] Method 'is_advsvc' is deprecated since 2023.2 release (neutron-lib 3.8.0) and will be removed once support for the old RBAC API policies will be removed from Neutron. Please use method 'is_service_role' instead.
2026-05-29 23:12:47.182 10 INFO neutron.db.ovn_revision_numbers_db [None req-ce025bac-abda-426d-bb85-bce7d1a50c68 666683ce59f74e418ed9ee95f283e509 ff43a2eefa8043f9acb8f3e64b073de8 - - default default] Successfully bumped revision number for resource a043e0f8-eca5-439f-af47-df8627e1f851 (type: ports) to 1
2026-05-29 23:12:47.227 9 INFO neutron.db.ovn_revision_numbers_db [None req-1f21e20c-1b54-4167-a744-e5e8eb9ac96b dcbbf9dc29b7435ebbb6874d86552432 ee8a0deb119649c68705c43681641589 - - default default] Successfully bumped revision number for resource 97745720-6f31-40aa-9f56-97641f9fc611 (type: security_groups) to 1
2026-05-29 23:12:47.238 9 INFO neutron.db.ovn_revision_numbers_db [None req-1f21e20c-1b54-4167-a744-e5e8eb9ac96b dcbbf9dc29b7435ebbb6874d86552432 ee8a0deb119649c68705c43681641589 - - default default] Successfully bumped revision number for resource 4319b92b-ee99-4086-84fc-23ff285069c1 (type: security_group_rules) to 0
2026-05-29 23:12:47.249 9 INFO neutron.db.ovn_revision_numbers_db [None req-1f21e20c-1b54-4167-a744-e5e8eb9ac96b dcbbf9dc29b7435ebbb6874d86552432 ee8a0deb119649c68705c43681641589 - - default default] Successfully bumped revision number for resource 51586fb8-b224-41e0-848f-032b159afdee (type: security_group_rules) to 0
2026-05-29 23:12:47.281 9 INFO neutron.api.wsgi [None req-1f21e20c-1b54-4167-a744-e5e8eb9ac96b dcbbf9dc29b7435ebbb6874d86552432 ee8a0deb119649c68705c43681641589 - - default default] 10.0.0.115 "POST /v2.0/security-groups HTTP/1.1" status: 201 len: 1859 time: 0.1735992
2026-05-29 23:12:47.289 9 WARNING neutron_lib.context [None req-5041863b-4c92-44ef-9712-c8f734e689c7 dcbbf9dc29b7435ebbb6874d86552432 ee8a0deb119649c68705c43681641589 - - default default] Method 'is_advsvc' is deprecated since 2023.2 release (neutron-lib 3.8.0) and will be removed once support for the old RBAC API policies will be removed from Neutron. Please use method 'is_service_role' instead.
2026-05-29 23:12:47.392 9 INFO neutron.db.ovn_revision_numbers_db [None req-5041863b-4c92-44ef-9712-c8f734e689c7 dcbbf9dc29b7435ebbb6874d86552432 ee8a0deb119649c68705c43681641589 - - default default] Successfully bumped revision number for resource 5ec0880f-fe0f-44a8-b65f-0c499c9916aa (type: security_group_rules) to 0
2026-05-29 23:12:47.420 9 INFO neutron.api.wsgi [None req-5041863b-4c92-44ef-9712-c8f734e689c7 dcbbf9dc29b7435ebbb6874d86552432 ee8a0deb119649c68705c43681641589 - - default default] 10.0.0.115 "POST /v2.0/security-group-rules HTTP/1.1" status: 201 len: 796 time: 0.1351833
2026-05-29 23:12:47.429 9 WARNING neutron_lib.context [None req-96817877-8c92-4064-bc53-05bb8d2fa2ae dcbbf9dc29b7435ebbb6874d86552432 ee8a0deb119649c68705c43681641589 - - default default] Method 'is_advsvc' is deprecated since 2023.2 release (neutron-lib 3.8.0) and will be removed once support for the old RBAC API policies will be removed from Neutron. Please use method 'is_service_role' instead.
2026-05-29 23:12:47.528 9 INFO neutron.db.ovn_revision_numbers_db [None req-96817877-8c92-4064-bc53-05bb8d2fa2ae dcbbf9dc29b7435ebbb6874d86552432 ee8a0deb119649c68705c43681641589 - - default default] Successfully bumped revision number for resource bebccb33-cebe-47b8-8ebe-1df8e2da0fa0 (type: security_group_rules) to 0
2026-05-29 23:12:47.559 9 INFO neutron.api.wsgi [None req-96817877-8c92-4064-bc53-05bb8d2fa2ae dcbbf9dc29b7435ebbb6874d86552432 ee8a0deb119649c68705c43681641589 - - default default] 10.0.0.115 "POST /v2.0/security-group-rules HTTP/1.1" status: 201 len: 801 time: 0.1343732
2026-05-29 23:12:47.568 9 WARNING neutron_lib.context [None req-76a42689-fc87-4ee3-abf5-eecb926899d3 dcbbf9dc29b7435ebbb6874d86552432 ee8a0deb119649c68705c43681641589 - - default default] Method 'is_advsvc' is deprecated since 2023.2 release (neutron-lib 3.8.0) and will be removed once support for the old RBAC API policies will be removed from Neutron. Please use method 'is_service_role' instead.
2026-05-29 23:12:47.774 9 WARNING neutron.scheduler.dhcp_agent_scheduler [None req-76a42689-fc87-4ee3-abf5-eecb926899d3 dcbbf9dc29b7435ebbb6874d86552432 ee8a0deb119649c68705c43681641589 - - default default] No more DHCP agents
2026-05-29 23:12:47.775 9 WARNING neutron.api.rpc.agentnotifiers.dhcp_rpc_agent_api [None req-76a42689-fc87-4ee3-abf5-eecb926899d3 dcbbf9dc29b7435ebbb6874d86552432 ee8a0deb119649c68705c43681641589 - - default default] Unable to schedule network b8200611-667e-49a6-aeeb-7a7c3a7ee2a0: no agents available; will retry on subsequent port and subnet creation events.
2026-05-29 23:12:47.791 10 WARNING neutron_lib.context [req-5d1349bd-c913-41f0-9167-c8c52279e5e6 req-f7bd59f0-6dba-4edf-b2d7-2dcfe5629b95 cbc63932c5ef4c3f9a6d2da19ea9d1ae ff47304f09ab45538f8ec38c580ad796 - - default default] Method 'is_advsvc' is deprecated since 2023.2 release (neutron-lib 3.8.0) and will be removed once support for the old RBAC API policies will be removed from Neutron. Please use method 'is_service_role' instead.
2026-05-29 23:12:47.813 10 INFO neutron.plugins.ml2.drivers.ovn.mech_driver.ovsdb.commands [None req-101301b3-0872-48e3-a5f2-c2f828974b08 - - - - - -] Schedule LRP lrp-a043e0f8-eca5-439f-af47-df8627e1f851 on gateway e8322966-2a75-4155-bf80-7bdca052e51e with priority 1
2026-05-29 23:12:47.822 10 INFO neutron.plugins.ml2.drivers.ovn.mech_driver.mech_driver [None req-e9c0951c-6ea4-4c34-b4f8-8c6163722416 - - - - - -] OVN reports status up for port: a043e0f8-eca5-439f-af47-df8627e1f851
2026-05-29 23:12:47.835 9 INFO neutron.plugins.ml2.drivers.ovn.mech_driver.ovsdb.ovsdb_monitor [None req-418eace5-dc26-4da8-b0c6-6f9c2d035ab6 - - - - - -] Router af25f693-3881-42f9-bdde-1614f6b713bc is bound to host instance
2026-05-29 23:12:47.846 10 INFO neutron.plugins.ml2.plugin [None req-e9c0951c-6ea4-4c34-b4f8-8c6163722416 - - - - - -] Attempt 1 to provision port a043e0f8-eca5-439f-af47-df8627e1f851
2026-05-29 23:12:47.878 10 INFO neutron.db.ovn_revision_numbers_db [None req-ce025bac-abda-426d-bb85-bce7d1a50c68 666683ce59f74e418ed9ee95f283e509 ff43a2eefa8043f9acb8f3e64b073de8 - - default default] Successfully bumped revision number for resource a043e0f8-eca5-439f-af47-df8627e1f851 (type: router_ports) to 1
2026-05-29 23:12:47.956 10 INFO neutron.db.ovn_revision_numbers_db [req-5d1349bd-c913-41f0-9167-c8c52279e5e6 req-f7bd59f0-6dba-4edf-b2d7-2dcfe5629b95 cbc63932c5ef4c3f9a6d2da19ea9d1ae ff47304f09ab45538f8ec38c580ad796 - - default default] Successfully bumped revision number for resource b412eb9f-4f96-4736-98a2-c7ffa7b7b234 (type: security_groups) to 1
2026-05-29 23:12:47.959 10 INFO neutron.db.ovn_revision_numbers_db [None req-ce025bac-abda-426d-bb85-bce7d1a50c68 666683ce59f74e418ed9ee95f283e509 ff43a2eefa8043f9acb8f3e64b073de8 - - default default] Successfully bumped revision number for resource af25f693-3881-42f9-bdde-1614f6b713bc (type: routers) to 2
2026-05-29 23:12:47.968 10 INFO neutron.db.ovn_revision_numbers_db [req-5d1349bd-c913-41f0-9167-c8c52279e5e6 req-f7bd59f0-6dba-4edf-b2d7-2dcfe5629b95 cbc63932c5ef4c3f9a6d2da19ea9d1ae ff47304f09ab45538f8ec38c580ad796 - - default default] Successfully bumped revision number for resource a4ad2e0e-0b4d-443f-ab5e-4d9dd66172d9 (type: security_group_rules) to 0
2026-05-29 23:12:47.972 10 INFO neutron.api.wsgi [None req-ce025bac-abda-426d-bb85-bce7d1a50c68 666683ce59f74e418ed9ee95f283e509 ff43a2eefa8043f9acb8f3e64b073de8 - - default default] 10.0.0.115 "POST /v2.0/routers HTTP/1.1" status: 201 len: 1173 time: 1.3177757
2026-05-29 23:12:47.993 10 INFO neutron.db.ovn_revision_numbers_db [req-5d1349bd-c913-41f0-9167-c8c52279e5e6 req-f7bd59f0-6dba-4edf-b2d7-2dcfe5629b95 cbc63932c5ef4c3f9a6d2da19ea9d1ae ff47304f09ab45538f8ec38c580ad796 - - default default] Successfully bumped revision number for resource aeb750e1-3079-40a4-9035-e5e97c9e24c7 (type: security_group_rules) to 0
2026-05-29 23:12:48.036 10 INFO neutron.api.wsgi [req-5d1349bd-c913-41f0-9167-c8c52279e5e6 req-f7bd59f0-6dba-4edf-b2d7-2dcfe5629b95 cbc63932c5ef4c3f9a6d2da19ea9d1ae ff47304f09ab45538f8ec38c580ad796 - - default default] 10.0.0.10 "POST /v2.0/security-groups HTTP/1.1" status: 201 len: 1885 time: 0.4042904
2026-05-29 23:12:48.060 9 INFO neutron.api.wsgi [None req-76a42689-fc87-4ee3-abf5-eecb926899d3 dcbbf9dc29b7435ebbb6874d86552432 ee8a0deb119649c68705c43681641589 - - default default] 10.0.0.115 "POST /v2.0/floatingips HTTP/1.1" status: 201 len: 751 time: 0.4966371
2026-05-29 23:12:48.248 9 INFO neutron.db.ovn_revision_numbers_db [None req-96b68715-d541-4379-89ee-565ba52a5870 - - - - - -] Successfully bumped revision number for resource a043e0f8-eca5-439f-af47-df8627e1f851 (type: ports) to 1
2026-05-29 23:12:48.396 10 WARNING neutron.scheduler.dhcp_agent_scheduler [None req-ad1888b8-471f-46dc-80dc-2d475f12c9b5 666683ce59f74e418ed9ee95f283e509 ff43a2eefa8043f9acb8f3e64b073de8 - - default default] No more DHCP agents
2026-05-29 23:12:48.398 10 WARNING neutron.api.rpc.agentnotifiers.dhcp_rpc_agent_api [None req-ad1888b8-471f-46dc-80dc-2d475f12c9b5 666683ce59f74e418ed9ee95f283e509 ff43a2eefa8043f9acb8f3e64b073de8 - - default default] Unable to schedule network 05119778-4d48-4840-a4ac-20186fc403d7: no agents available; will retry on subsequent port and subnet creation events.
2026-05-29 23:12:48.508 10 INFO neutron.db.ovn_revision_numbers_db [None req-ad1888b8-471f-46dc-80dc-2d475f12c9b5 666683ce59f74e418ed9ee95f283e509 ff43a2eefa8043f9acb8f3e64b073de8 - - default default] Successfully bumped revision number for resource 37359928-4814-41ce-8e9f-8c58e3e4fc62 (type: ports) to 1
2026-05-29 23:12:48.549 9 WARNING neutron_lib.context [req-f0e39b27-ff1c-4678-bd47-d058fc71638f req-6373f777-5421-4277-bf86-1049946a7e2d cbc63932c5ef4c3f9a6d2da19ea9d1ae ff47304f09ab45538f8ec38c580ad796 - - default default] Method 'is_advsvc' is deprecated since 2023.2 release (neutron-lib 3.8.0) and will be removed once support for the old RBAC API policies will be removed from Neutron. Please use method 'is_service_role' instead.
2026-05-29 23:12:48.682 9 INFO neutron.db.ovn_revision_numbers_db [None req-96b68715-d541-4379-89ee-565ba52a5870 - - - - - -] Successfully bumped revision number for resource a043e0f8-eca5-439f-af47-df8627e1f851 (type: ports) to 4
2026-05-29 23:12:48.958 9 INFO neutron.db.ovn_revision_numbers_db [req-f0e39b27-ff1c-4678-bd47-d058fc71638f req-6373f777-5421-4277-bf86-1049946a7e2d cbc63932c5ef4c3f9a6d2da19ea9d1ae ff47304f09ab45538f8ec38c580ad796 - - default default] Successfully bumped revision number for resource 2facbb45-6da2-44f2-b401-a0be5cd2b3af (type: security_groups) to 1
2026-05-29 23:12:48.972 9 INFO neutron.db.ovn_revision_numbers_db [req-f0e39b27-ff1c-4678-bd47-d058fc71638f req-6373f777-5421-4277-bf86-1049946a7e2d cbc63932c5ef4c3f9a6d2da19ea9d1ae ff47304f09ab45538f8ec38c580ad796 - - default default] Successfully bumped revision number for resource a5cecfaf-4c01-43c8-994a-2e0b3448809a (type: security_group_rules) to 0
2026-05-29 23:12:48.989 9 INFO neutron.db.ovn_revision_numbers_db [req-f0e39b27-ff1c-4678-bd47-d058fc71638f req-6373f777-5421-4277-bf86-1049946a7e2d cbc63932c5ef4c3f9a6d2da19ea9d1ae ff47304f09ab45538f8ec38c580ad796 - - default default] Successfully bumped revision number for resource d56b0589-a1be-4d1d-86db-988b1a9325bb (type: security_group_rules) to 0
2026-05-29 23:12:49.024 9 INFO neutron.api.wsgi [req-f0e39b27-ff1c-4678-bd47-d058fc71638f req-6373f777-5421-4277-bf86-1049946a7e2d cbc63932c5ef4c3f9a6d2da19ea9d1ae ff47304f09ab45538f8ec38c580ad796 - - default default] 10.0.0.10 "POST /v2.0/security-groups HTTP/1.1" status: 201 len: 1887 time: 0.5782647
2026-05-29 23:12:49.039 9 INFO neutron.api.wsgi [-] 10.0.0.178 "GET / HTTP/1.1" status: 200 len: 247 time: 0.0014908
2026-05-29 23:12:49.039 10 INFO neutron.api.wsgi [-] 10.0.0.178 "GET / HTTP/1.1" status: 200 len: 247 time: 0.0016382
2026-05-29 23:12:49.054 10 WARNING neutron_lib.context [req-69b7a155-b538-46c1-a5b6-a5827c08a847 req-f852c8c4-debe-4c41-811c-e1541c426cbd cbc63932c5ef4c3f9a6d2da19ea9d1ae ff47304f09ab45538f8ec38c580ad796 - - default default] Method 'is_advsvc' is deprecated since 2023.2 release (neutron-lib 3.8.0) and will be removed once support for the old RBAC API policies will be removed from Neutron. Please use method 'is_service_role' instead.
2026-05-29 23:12:49.108 9 INFO neutron.db.ovn_revision_numbers_db [None req-96b68715-d541-4379-89ee-565ba52a5870 - - - - - -] Successfully bumped revision number for resource a043e0f8-eca5-439f-af47-df8627e1f851 (type: ports) to 5
2026-05-29 23:12:49.180 10 INFO neutron.db.ovn_revision_numbers_db [req-69b7a155-b538-46c1-a5b6-a5827c08a847 req-f852c8c4-debe-4c41-811c-e1541c426cbd cbc63932c5ef4c3f9a6d2da19ea9d1ae ff47304f09ab45538f8ec38c580ad796 - - default default] Successfully bumped revision number for resource ebdc31a8-f6f5-4b52-9d89-894df72d9c32 (type: security_groups) to 1
2026-05-29 23:12:49.204 10 INFO neutron.db.ovn_revision_numbers_db [req-69b7a155-b538-46c1-a5b6-a5827c08a847 req-f852c8c4-debe-4c41-811c-e1541c426cbd cbc63932c5ef4c3f9a6d2da19ea9d1ae ff47304f09ab45538f8ec38c580ad796 - - default default] Successfully bumped revision number for resource 28f0dc90-88d7-4b78-b3a0-d52718191bd3 (type: security_group_rules) to 0
2026-05-29 23:12:49.218 10 INFO neutron.db.ovn_revision_numbers_db [req-69b7a155-b538-46c1-a5b6-a5827c08a847 req-f852c8c4-debe-4c41-811c-e1541c426cbd cbc63932c5ef4c3f9a6d2da19ea9d1ae ff47304f09ab45538f8ec38c580ad796 - - default default] Successfully bumped revision number for resource fe610d08-4340-4a5a-83ce-d0f9d34ff0f9 (type: security_group_rules) to 0
2026-05-29 23:12:49.254 10 INFO neutron.api.wsgi [req-69b7a155-b538-46c1-a5b6-a5827c08a847 req-f852c8c4-debe-4c41-811c-e1541c426cbd cbc63932c5ef4c3f9a6d2da19ea9d1ae ff47304f09ab45538f8ec38c580ad796 - - default default] 10.0.0.10 "POST /v2.0/security-groups HTTP/1.1" status: 201 len: 1887 time: 0.2073724
2026-05-29 23:12:49.254 10 INFO neutron.db.ovn_revision_numbers_db [None req-ad1888b8-471f-46dc-80dc-2d475f12c9b5 666683ce59f74e418ed9ee95f283e509 ff43a2eefa8043f9acb8f3e64b073de8 - - default default] Successfully bumped revision number for resource 37359928-4814-41ce-8e9f-8c58e3e4fc62 (type: ports) to 1
2026-05-29 23:12:49.299 10 WARNING neutron.scheduler.dhcp_agent_scheduler [None req-ad1888b8-471f-46dc-80dc-2d475f12c9b5 666683ce59f74e418ed9ee95f283e509 ff43a2eefa8043f9acb8f3e64b073de8 - - default default] No more DHCP agents
2026-05-29 23:12:49.300 10 WARNING neutron.api.rpc.agentnotifiers.dhcp_rpc_agent_api [None req-ad1888b8-471f-46dc-80dc-2d475f12c9b5 666683ce59f74e418ed9ee95f283e509 ff43a2eefa8043f9acb8f3e64b073de8 - - default default] Unable to schedule network 05119778-4d48-4840-a4ac-20186fc403d7: no agents available; will retry on subsequent port and subnet creation events.
2026-05-29 23:12:49.317 9 INFO neutron.api.wsgi [req-2a430b21-523a-41ee-9a64-ecc87437e00d req-13c21969-39a7-44ea-9ce7-725b34a3aae6 cbc63932c5ef4c3f9a6d2da19ea9d1ae ff47304f09ab45538f8ec38c580ad796 - - default default] 10.0.0.10 "GET /v2.0/security-groups?tenant_id=ff47304f09ab45538f8ec38c580ad796 HTTP/1.1" status: 200 len: 8105 time: 0.0406804
2026-05-29 23:12:49.351 9 INFO neutron.api.wsgi [req-2a430b21-523a-41ee-9a64-ecc87437e00d req-cc97833e-8bca-4ff7-9e07-d7cdf3cfc35f cbc63932c5ef4c3f9a6d2da19ea9d1ae ff47304f09ab45538f8ec38c580ad796 - - default default] 10.0.0.10 "GET /v2.0/security-groups/16dea88c-14a4-492e-8164-7414c929fe48 HTTP/1.1" status: 200 len: 3118 time: 0.0277114
2026-05-29 23:12:49.384 9 INFO neutron.api.wsgi [req-2a430b21-523a-41ee-9a64-ecc87437e00d req-2fdc1ec0-5a69-441d-88f5-5027d04d1fcd cbc63932c5ef4c3f9a6d2da19ea9d1ae ff47304f09ab45538f8ec38c580ad796 - - default default] 10.0.0.10 "GET /v2.0/security-groups/16dea88c-14a4-492e-8164-7414c929fe48 HTTP/1.1" status: 200 len: 3118 time: 0.0265443
2026-05-29 23:12:49.433 10 INFO neutron.api.wsgi [req-88ab7a12-7e32-4efe-aeb1-b7ac95c3bb3c req-2d912e58-1888-48a0-8c68-9f44a027af3b cbc63932c5ef4c3f9a6d2da19ea9d1ae ff47304f09ab45538f8ec38c580ad796 - - default default] 10.0.0.10 "GET /v2.0/security-groups/b412eb9f-4f96-4736-98a2-c7ffa7b7b234 HTTP/1.1" status: 200 len: 1880 time: 0.0228884
2026-05-29 23:12:49.582 10 INFO neutron.api.wsgi [req-88ab7a12-7e32-4efe-aeb1-b7ac95c3bb3c req-42b85b5b-bb77-489f-9592-214c66f56e87 cbc63932c5ef4c3f9a6d2da19ea9d1ae ff47304f09ab45538f8ec38c580ad796 - - default default] 10.0.0.10 "DELETE /v2.0/security-groups/b412eb9f-4f96-4736-98a2-c7ffa7b7b234 HTTP/1.1" status: 204 len: 173 time: 0.1433651
2026-05-29 23:12:49.618 9 INFO neutron.api.v2.resource [req-fb23cc66-cb7f-4d84-a8e9-0a03561077f6 req-d01cf78c-d46f-4624-860d-9600c3de619c cbc63932c5ef4c3f9a6d2da19ea9d1ae ff47304f09ab45538f8ec38c580ad796 - - default default] show failed (client error): The resource could not be found.
2026-05-29 23:12:49.620 9 INFO neutron.api.wsgi [req-fb23cc66-cb7f-4d84-a8e9-0a03561077f6 req-d01cf78c-d46f-4624-860d-9600c3de619c cbc63932c5ef4c3f9a6d2da19ea9d1ae ff47304f09ab45538f8ec38c580ad796 - - default default] 10.0.0.10 "GET /v2.0/security-groups/b412eb9f-4f96-4736-98a2-c7ffa7b7b234 HTTP/1.1" status: 404 len: 352 time: 0.0132716
2026-05-29 23:12:49.664 10 INFO neutron.api.wsgi [req-62f65b2a-a9f5-4149-bb8c-936f13a7a500 req-c2f6ab42-2d4e-4a92-950f-3038b5e4177f cbc63932c5ef4c3f9a6d2da19ea9d1ae ff47304f09ab45538f8ec38c580ad796 - - default default] 10.0.0.10 "GET /v2.0/security-groups/2facbb45-6da2-44f2-b401-a0be5cd2b3af HTTP/1.1" status: 200 len: 1882 time: 0.0264809
2026-05-29 23:12:49.809 10 INFO neutron.api.wsgi [req-62f65b2a-a9f5-4149-bb8c-936f13a7a500 req-52474202-72d4-4fc1-a421-c5a2acd52e21 cbc63932c5ef4c3f9a6d2da19ea9d1ae ff47304f09ab45538f8ec38c580ad796 - - default default] 10.0.0.10 "DELETE /v2.0/security-groups/2facbb45-6da2-44f2-b401-a0be5cd2b3af HTTP/1.1" status: 204 len: 173 time: 0.1414611
2026-05-29 23:12:49.847 9 INFO neutron.api.v2.resource [req-b943fbc2-8f49-4ef9-8611-501c1a795539 req-84d92bc9-f3d5-48c2-958c-a892cd87a4a0 cbc63932c5ef4c3f9a6d2da19ea9d1ae ff47304f09ab45538f8ec38c580ad796 - - default default] show failed (client error): The resource could not be found.
2026-05-29 23:12:49.848 9 INFO neutron.api.wsgi [req-b943fbc2-8f49-4ef9-8611-501c1a795539 req-84d92bc9-f3d5-48c2-958c-a892cd87a4a0 cbc63932c5ef4c3f9a6d2da19ea9d1ae ff47304f09ab45538f8ec38c580ad796 - - default default] 10.0.0.10 "GET /v2.0/security-groups/2facbb45-6da2-44f2-b401-a0be5cd2b3af HTTP/1.1" status: 404 len: 352 time: 0.0126822
2026-05-29 23:12:49.896 10 INFO neutron.api.wsgi [req-7e014f75-bfca-4c0c-a0dc-557549edf11c req-35862348-3f08-4b06-a1ae-247b8b94cd0f cbc63932c5ef4c3f9a6d2da19ea9d1ae ff47304f09ab45538f8ec38c580ad796 - - default default] 10.0.0.10 "GET /v2.0/security-groups/ebdc31a8-f6f5-4b52-9d89-894df72d9c32 HTTP/1.1" status: 200 len: 1882 time: 0.0295541
2026-05-29 23:12:49.978 10 INFO neutron.db.ovn_revision_numbers_db [None req-ad1888b8-471f-46dc-80dc-2d475f12c9b5 666683ce59f74e418ed9ee95f283e509 ff43a2eefa8043f9acb8f3e64b073de8 - - default default] Successfully bumped revision number for resource 37359928-4814-41ce-8e9f-8c58e3e4fc62 (type: router_ports) to 1
2026-05-29 23:12:49.984 10 INFO neutron.api.wsgi [None req-ad1888b8-471f-46dc-80dc-2d475f12c9b5 666683ce59f74e418ed9ee95f283e509 ff43a2eefa8043f9acb8f3e64b073de8 - - default default] 10.0.0.115 "PUT /v2.0/routers/af25f693-3881-42f9-bdde-1614f6b713bc/add_router_interface HTTP/1.1" status: 200 len: 503 time: 2.0071213
2026-05-29 23:12:50.043 10 INFO neutron.api.wsgi [req-7e014f75-bfca-4c0c-a0dc-557549edf11c req-9e09a543-cc71-4618-8f56-0198b80b6244 cbc63932c5ef4c3f9a6d2da19ea9d1ae ff47304f09ab45538f8ec38c580ad796 - - default default] 10.0.0.10 "DELETE /v2.0/security-groups/ebdc31a8-f6f5-4b52-9d89-894df72d9c32 HTTP/1.1" status: 204 len: 173 time: 0.1421969
2026-05-29 23:12:50.080 9 INFO neutron.api.v2.resource [req-c7933bf2-4e07-491d-bf89-bb1094abe43a req-af1e843a-625d-427f-9d2c-7cadf754a6a5 cbc63932c5ef4c3f9a6d2da19ea9d1ae ff47304f09ab45538f8ec38c580ad796 - - default default] show failed (client error): The resource could not be found.
2026-05-29 23:12:50.081 9 INFO neutron.api.wsgi [req-c7933bf2-4e07-491d-bf89-bb1094abe43a req-af1e843a-625d-427f-9d2c-7cadf754a6a5 cbc63932c5ef4c3f9a6d2da19ea9d1ae ff47304f09ab45538f8ec38c580ad796 - - default default] 10.0.0.10 "GET /v2.0/security-groups/ebdc31a8-f6f5-4b52-9d89-894df72d9c32 HTTP/1.1" status: 404 len: 352 time: 0.0111675
2026-05-29 23:12:50.185 10 INFO neutron.api.wsgi [req-a39778f3-f30b-49b9-84e9-dc62bf317618 req-de3d6163-b923-4195-a430-c03ef26cd0c0 cbc63932c5ef4c3f9a6d2da19ea9d1ae ff47304f09ab45538f8ec38c580ad796 - - default default] 10.0.0.10 "GET /v2.0/security-groups?tenant_id=ff47304f09ab45538f8ec38c580ad796 HTTP/1.1" status: 200 len: 3121 time: 0.0369017
2026-05-29 23:12:50.231 10 INFO neutron.api.wsgi [req-a39778f3-f30b-49b9-84e9-dc62bf317618 req-dbb4ca50-022c-403f-99b9-e88f22fe6063 cbc63932c5ef4c3f9a6d2da19ea9d1ae ff47304f09ab45538f8ec38c580ad796 - - default default] 10.0.0.10 "GET /v2.0/security-groups/16dea88c-14a4-492e-8164-7414c929fe48 HTTP/1.1" status: 200 len: 3118 time: 0.0420554
2026-05-29 23:12:50.266 10 INFO neutron.api.wsgi [req-a39778f3-f30b-49b9-84e9-dc62bf317618 req-df999a6e-0dbf-4952-b5c5-847f8d08572b cbc63932c5ef4c3f9a6d2da19ea9d1ae ff47304f09ab45538f8ec38c580ad796 - - default default] 10.0.0.10 "GET /v2.0/security-groups/16dea88c-14a4-492e-8164-7414c929fe48 HTTP/1.1" status: 200 len: 3118 time: 0.0284219
2026-05-29 23:12:50.306 9 INFO neutron.api.v2.resource [req-ed47df02-6064-4b7e-8dd7-78900533b55d req-c90d0589-b278-4b8e-bebb-74f382be4ad3 cbc63932c5ef4c3f9a6d2da19ea9d1ae ff47304f09ab45538f8ec38c580ad796 - - default default] show failed (client error): The resource could not be found.
2026-05-29 23:12:50.307 9 INFO neutron.api.wsgi [req-ed47df02-6064-4b7e-8dd7-78900533b55d req-c90d0589-b278-4b8e-bebb-74f382be4ad3 cbc63932c5ef4c3f9a6d2da19ea9d1ae ff47304f09ab45538f8ec38c580ad796 - - default default] 10.0.0.10 "GET /v2.0/security-groups/ebdc31a8-f6f5-4b52-9d89-894df72d9c32 HTTP/1.1" status: 404 len: 352 time: 0.0144918
2026-05-29 23:12:50.335 10 INFO neutron.api.v2.resource [req-c3cc01ea-8498-4247-a418-fb8d908420f9 req-ccbf8d78-cd38-4f70-a957-ae021b7b1bc9 cbc63932c5ef4c3f9a6d2da19ea9d1ae ff47304f09ab45538f8ec38c580ad796 - - default default] show failed (client error): The resource could not be found.
2026-05-29 23:12:50.337 10 INFO neutron.api.wsgi [req-c3cc01ea-8498-4247-a418-fb8d908420f9 req-ccbf8d78-cd38-4f70-a957-ae021b7b1bc9 cbc63932c5ef4c3f9a6d2da19ea9d1ae ff47304f09ab45538f8ec38c580ad796 - - default default] 10.0.0.10 "GET /v2.0/security-groups/2facbb45-6da2-44f2-b401-a0be5cd2b3af HTTP/1.1" status: 404 len: 352 time: 0.0115795
2026-05-29 23:12:50.366 9 INFO neutron.api.v2.resource [req-429ea3b4-4665-49e5-b139-89fe09a635a7 req-c043b9fd-317e-471b-afb8-c5771d428bb0 cbc63932c5ef4c3f9a6d2da19ea9d1ae ff47304f09ab45538f8ec38c580ad796 - - default default] show failed (client error): The resource could not be found.
2026-05-29 23:12:50.367 9 INFO neutron.api.wsgi [req-429ea3b4-4665-49e5-b139-89fe09a635a7 req-c043b9fd-317e-471b-afb8-c5771d428bb0 cbc63932c5ef4c3f9a6d2da19ea9d1ae ff47304f09ab45538f8ec38c580ad796 - - default default] 10.0.0.10 "GET /v2.0/security-groups/b412eb9f-4f96-4736-98a2-c7ffa7b7b234 HTTP/1.1" status: 404 len: 352 time: 0.0129068
2026-05-29 23:12:50.417 10 WARNING neutron_lib.context [req-29f6e60e-619a-48ae-a1f9-406f245174e1 req-1f3c4b8c-f563-496a-97ab-d5ec12acd4c2 14d6a9733743482ab93857027626b016 a74f3422f21148efb204ce7931dd3b7c - - default default] Method 'is_advsvc' is deprecated since 2023.2 release (neutron-lib 3.8.0) and will be removed once support for the old RBAC API policies will be removed from Neutron. Please use method 'is_service_role' instead.
2026-05-29 23:12:50.522 10 INFO neutron.db.ovn_revision_numbers_db [req-29f6e60e-619a-48ae-a1f9-406f245174e1 req-1f3c4b8c-f563-496a-97ab-d5ec12acd4c2 14d6a9733743482ab93857027626b016 a74f3422f21148efb204ce7931dd3b7c - - default default] Successfully bumped revision number for resource 08e781c9-b0f1-44cd-be14-ea81539ff0d5 (type: security_groups) to 1
2026-05-29 23:12:50.533 10 INFO neutron.db.ovn_revision_numbers_db [req-29f6e60e-619a-48ae-a1f9-406f245174e1 req-1f3c4b8c-f563-496a-97ab-d5ec12acd4c2 14d6a9733743482ab93857027626b016 a74f3422f21148efb204ce7931dd3b7c - - default default] Successfully bumped revision number for resource 7b44dc9c-faa5-4b4c-8fc2-70c827ea183b (type: security_group_rules) to 0
2026-05-29 23:12:50.548 10 INFO neutron.db.ovn_revision_numbers_db [req-29f6e60e-619a-48ae-a1f9-406f245174e1 req-1f3c4b8c-f563-496a-97ab-d5ec12acd4c2 14d6a9733743482ab93857027626b016 a74f3422f21148efb204ce7931dd3b7c - - default default] Successfully bumped revision number for resource a6cc1c49-2745-4690-9ef9-48ed14c62ddf (type: security_group_rules) to 0
2026-05-29 23:12:50.578 10 INFO neutron.api.wsgi [req-29f6e60e-619a-48ae-a1f9-406f245174e1 req-1f3c4b8c-f563-496a-97ab-d5ec12acd4c2 14d6a9733743482ab93857027626b016 a74f3422f21148efb204ce7931dd3b7c - - default default] 10.0.0.10 "POST /v2.0/security-groups HTTP/1.1" status: 201 len: 1890 time: 0.1665676
2026-05-29 23:12:50.697 9 INFO neutron.api.wsgi [req-4f6b1424-fbc3-44fd-a1bd-d1a79a613974 req-22067de5-a8e7-44a1-ad59-775a1f2be8b6 14d6a9733743482ab93857027626b016 a74f3422f21148efb204ce7931dd3b7c - - default default] 10.0.0.10 "GET /v2.0/security-groups/08e781c9-b0f1-44cd-be14-ea81539ff0d5 HTTP/1.1" status: 200 len: 1885 time: 0.0540862
2026-05-29 23:12:50.708 9 WARNING neutron_lib.context [req-4f6b1424-fbc3-44fd-a1bd-d1a79a613974 req-71bc5973-5bba-48cb-be10-07053e307be6 14d6a9733743482ab93857027626b016 a74f3422f21148efb204ce7931dd3b7c - - default default] Method 'is_advsvc' is deprecated since 2023.2 release (neutron-lib 3.8.0) and will be removed once support for the old RBAC API policies will be removed from Neutron. Please use method 'is_service_role' instead.
2026-05-29 23:12:50.867 9 INFO neutron.db.ovn_revision_numbers_db [req-4f6b1424-fbc3-44fd-a1bd-d1a79a613974 req-71bc5973-5bba-48cb-be10-07053e307be6 14d6a9733743482ab93857027626b016 a74f3422f21148efb204ce7931dd3b7c - - default default] Successfully bumped revision number for resource f2ba1785-bf9a-4195-8005-c73c030279a0 (type: security_group_rules) to 0
2026-05-29 23:12:50.909 9 INFO neutron.api.wsgi [req-4f6b1424-fbc3-44fd-a1bd-d1a79a613974 req-71bc5973-5bba-48cb-be10-07053e307be6 14d6a9733743482ab93857027626b016 a74f3422f21148efb204ce7931dd3b7c - - default default] 10.0.0.10 "POST /v2.0/security-group-rules HTTP/1.1" status: 201 len: 818 time: 0.2058544
2026-05-29 23:12:50.941 10 WARNING neutron_lib.context [req-f9d3f90d-f051-42dd-9f38-0ecd0a89b9f1 req-494599fd-160a-45a5-bca6-93b12dc70bb7 14d6a9733743482ab93857027626b016 a74f3422f21148efb204ce7931dd3b7c - - default default] Method 'is_advsvc' is deprecated since 2023.2 release (neutron-lib 3.8.0) and will be removed once support for the old RBAC API policies will be removed from Neutron. Please use method 'is_service_role' instead.
2026-05-29 23:12:51.030 10 INFO neutron.db.ovn_revision_numbers_db [req-f9d3f90d-f051-42dd-9f38-0ecd0a89b9f1 req-494599fd-160a-45a5-bca6-93b12dc70bb7 14d6a9733743482ab93857027626b016 a74f3422f21148efb204ce7931dd3b7c - - default default] Successfully bumped revision number for resource af6dcef9-8396-4d18-a355-56ae6f9d2ee6 (type: security_groups) to 1
2026-05-29 23:12:51.041 10 INFO neutron.db.ovn_revision_numbers_db [req-f9d3f90d-f051-42dd-9f38-0ecd0a89b9f1 req-494599fd-160a-45a5-bca6-93b12dc70bb7 14d6a9733743482ab93857027626b016 a74f3422f21148efb204ce7931dd3b7c - - default default] Successfully bumped revision number for resource 65f51481-b897-4a14-ad5e-6552f61ab7c0 (type: security_group_rules) to 0
2026-05-29 23:12:51.052 10 INFO neutron.db.ovn_revision_numbers_db [req-f9d3f90d-f051-42dd-9f38-0ecd0a89b9f1 req-494599fd-160a-45a5-bca6-93b12dc70bb7 14d6a9733743482ab93857027626b016 a74f3422f21148efb204ce7931dd3b7c - - default default] Successfully bumped revision number for resource b237fc02-5138-48af-bb99-8ed48da03940 (type: security_group_rules) to 0
2026-05-29 23:12:51.081 10 INFO neutron.api.wsgi [req-f9d3f90d-f051-42dd-9f38-0ecd0a89b9f1 req-494599fd-160a-45a5-bca6-93b12dc70bb7 14d6a9733743482ab93857027626b016 a74f3422f21148efb204ce7931dd3b7c - - default default] 10.0.0.10 "POST /v2.0/security-groups HTTP/1.1" status: 201 len: 1889 time: 0.1461651
2026-05-29 23:12:51.130 9 INFO neutron.api.wsgi [req-9557039d-a734-4fdf-9fbc-4952f1af55e0 req-905631d0-0dd3-4fc7-9afc-b551065c0324 14d6a9733743482ab93857027626b016 a74f3422f21148efb204ce7931dd3b7c - - default default] 10.0.0.10 "GET /v2.0/security-groups/af6dcef9-8396-4d18-a355-56ae6f9d2ee6 HTTP/1.1" status: 200 len: 1884 time: 0.0239494
2026-05-29 23:12:51.140 9 WARNING neutron_lib.context [req-9557039d-a734-4fdf-9fbc-4952f1af55e0 req-e81f15f8-36db-4570-a58e-e0a9757ebc99 14d6a9733743482ab93857027626b016 a74f3422f21148efb204ce7931dd3b7c - - default default] Method 'is_advsvc' is deprecated since 2023.2 release (neutron-lib 3.8.0) and will be removed once support for the old RBAC API policies will be removed from Neutron. Please use method 'is_service_role' instead.
2026-05-29 23:12:51.282 9 INFO neutron.db.ovn_revision_numbers_db [req-9557039d-a734-4fdf-9fbc-4952f1af55e0 req-e81f15f8-36db-4570-a58e-e0a9757ebc99 14d6a9733743482ab93857027626b016 a74f3422f21148efb204ce7931dd3b7c - - default default] Successfully bumped revision number for resource 135924e5-8faa-4001-a8d9-09f24d8d137c (type: security_group_rules) to 0
2026-05-29 23:12:51.310 9 INFO neutron.api.wsgi [req-9557039d-a734-4fdf-9fbc-4952f1af55e0 req-e81f15f8-36db-4570-a58e-e0a9757ebc99 14d6a9733743482ab93857027626b016 a74f3422f21148efb204ce7931dd3b7c - - default default] 10.0.0.10 "POST /v2.0/security-group-rules HTTP/1.1" status: 201 len: 818 time: 0.1749403
2026-05-29 23:12:51.363 10 INFO neutron.api.wsgi [req-cf95cc74-9109-40fc-9832-93b6eb6730be req-14b5e0ef-6c5e-4b3a-8fb1-0df5e53159b0 14d6a9733743482ab93857027626b016 a74f3422f21148efb204ce7931dd3b7c - - default default] 10.0.0.10 "GET /v2.0/security-groups/af6dcef9-8396-4d18-a355-56ae6f9d2ee6 HTTP/1.1" status: 200 len: 2509 time: 0.0285716
2026-05-29 23:12:51.373 10 WARNING neutron_lib.context [req-cf95cc74-9109-40fc-9832-93b6eb6730be req-aee4e57b-4690-4f63-b7a1-eac440b50568 14d6a9733743482ab93857027626b016 a74f3422f21148efb204ce7931dd3b7c - - default default] Method 'is_advsvc' is deprecated since 2023.2 release (neutron-lib 3.8.0) and will be removed once support for the old RBAC API policies will be removed from Neutron. Please use method 'is_service_role' instead.
2026-05-29 23:12:51.614 10 INFO neutron.db.ovn_revision_numbers_db [req-cf95cc74-9109-40fc-9832-93b6eb6730be req-aee4e57b-4690-4f63-b7a1-eac440b50568 14d6a9733743482ab93857027626b016 a74f3422f21148efb204ce7931dd3b7c - - default default] Successfully bumped revision number for resource 11b77593-001b-46bb-84f2-e796da0158ae (type: security_group_rules) to 0
2026-05-29 23:12:51.648 10 INFO neutron.api.wsgi [req-cf95cc74-9109-40fc-9832-93b6eb6730be req-aee4e57b-4690-4f63-b7a1-eac440b50568 14d6a9733743482ab93857027626b016 a74f3422f21148efb204ce7931dd3b7c - - default default] 10.0.0.10 "POST /v2.0/security-group-rules HTTP/1.1" status: 201 len: 823 time: 0.2798202
2026-05-29 23:12:51.727 9 INFO neutron.api.wsgi [None req-84cb3665-a6ed-4865-ba71-0c3239250986 666683ce59f74e418ed9ee95f283e509 ff43a2eefa8043f9acb8f3e64b073de8 - - default default] 10.0.0.115 "PUT /v2.0/routers/dbe4f1d3-9826-47e9-b9b8-671650ac8694/remove_router_interface HTTP/1.1" status: 200 len: 503 time: 1.3510406
2026-05-29 23:12:51.733 9 INFO neutron.api.wsgi [req-1d45b66a-e1ff-49df-b743-66d7d0c74311 req-2c859061-5e15-4bf4-9e9f-cf54a1297cce 14d6a9733743482ab93857027626b016 a74f3422f21148efb204ce7931dd3b7c - - default default] 10.0.0.10 "GET /v2.0/security-groups/af6dcef9-8396-4d18-a355-56ae6f9d2ee6 HTTP/1.1" status: 200 len: 3139 time: 0.0624974
2026-05-29 23:12:51.744 9 INFO neutron.db.ovn_revision_numbers_db [None req-7a23dd8b-ccbf-49f3-bb48-1841654df546 666683ce59f74e418ed9ee95f283e509 ff43a2eefa8043f9acb8f3e64b073de8 - - default default] Successfully bumped revision number for resource e7221b58-bb13-4bb0-b19b-e2c15a9bcc71 (type: security_groups) to 1
2026-05-29 23:12:51.759 9 INFO neutron.db.ovn_revision_numbers_db [None req-7a23dd8b-ccbf-49f3-bb48-1841654df546 666683ce59f74e418ed9ee95f283e509 ff43a2eefa8043f9acb8f3e64b073de8 - - default default] Successfully bumped revision number for resource 5f705275-f4a0-403b-86bf-9599b6e7f98a (type: security_group_rules) to 0
2026-05-29 23:12:51.772 9 INFO neutron.db.ovn_revision_numbers_db [None req-7a23dd8b-ccbf-49f3-bb48-1841654df546 666683ce59f74e418ed9ee95f283e509 ff43a2eefa8043f9acb8f3e64b073de8 - - default default] Successfully bumped revision number for resource 6e793d02-1d2d-4774-8842-45e091cc8e49 (type: security_group_rules) to 0
2026-05-29 23:12:51.785 9 INFO neutron.db.ovn_revision_numbers_db [None req-7a23dd8b-ccbf-49f3-bb48-1841654df546 666683ce59f74e418ed9ee95f283e509 ff43a2eefa8043f9acb8f3e64b073de8 - - default default] Successfully bumped revision number for resource ab24ffc0-2e07-4ca9-9859-8f1344a3677d (type: security_group_rules) to 0
2026-05-29 23:12:51.787 10 INFO neutron.api.wsgi [req-c3d69c65-99dc-405d-b0fa-39c9ff3a0992 req-370970f0-b099-4064-9016-51411e40983a 14d6a9733743482ab93857027626b016 a74f3422f21148efb204ce7931dd3b7c - - default default] 10.0.0.10 "GET /v2.0/security-group-rules/11b77593-001b-46bb-84f2-e796da0158ae HTTP/1.1" status: 200 len: 815 time: 0.0259993
2026-05-29 23:12:51.798 9 INFO neutron.db.ovn_revision_numbers_db [None req-7a23dd8b-ccbf-49f3-bb48-1841654df546 666683ce59f74e418ed9ee95f283e509 ff43a2eefa8043f9acb8f3e64b073de8 - - default default] Successfully bumped revision number for resource c6adf893-90a6-4d77-bab8-571bbedf0790 (type: security_group_rules) to 0
2026-05-29 23:12:51.826 10 INFO neutron.api.wsgi [req-c3d69c65-99dc-405d-b0fa-39c9ff3a0992 req-11d1b9eb-3801-473f-aceb-51be56534982 14d6a9733743482ab93857027626b016 a74f3422f21148efb204ce7931dd3b7c - - default default] 10.0.0.10 "GET /v2.0/security-groups/af6dcef9-8396-4d18-a355-56ae6f9d2ee6 HTTP/1.1" status: 200 len: 3139 time: 0.0333378
2026-05-29 23:12:51.834 9 INFO neutron.api.wsgi [None req-7a23dd8b-ccbf-49f3-bb48-1841654df546 666683ce59f74e418ed9ee95f283e509 ff43a2eefa8043f9acb8f3e64b073de8 - - default default] 10.0.0.115 "GET /v2.0/security-groups?tenant_id=c8edd438982f495fb4b57cffa7d4e700&name=default HTTP/1.1" status: 200 len: 3120 time: 0.4868033 /var/lib/openstack/lib/python3.12/site-packages/pycadf/identifier.py:71: UserWarning: Invalid uuid: neutron. To ensure interoperability, identifiers should be a valid uuid. warnings.warn(('Invalid uuid: %s. To ensure interoperability, '
2026-05-29 23:12:51.984 10 INFO neutron.api.wsgi [req-c3d69c65-99dc-405d-b0fa-39c9ff3a0992 req-a74367c1-36b2-412f-bd01-9a2ee4d87a68 14d6a9733743482ab93857027626b016 a74f3422f21148efb204ce7931dd3b7c - - default default] 10.0.0.10 "DELETE /v2.0/security-group-rules/11b77593-001b-46bb-84f2-e796da0158ae HTTP/1.1" status: 204 len: 173 time: 0.1541119
2026-05-29 23:12:52.038 9 INFO neutron.api.wsgi [req-74e4fba1-f742-4081-8fb0-f468af40193f req-9b724ec7-db60-41e4-9789-7f2a4b648c48 14d6a9733743482ab93857027626b016 a74f3422f21148efb204ce7931dd3b7c - - default default] 10.0.0.10 "GET /v2.0/security-groups/af6dcef9-8396-4d18-a355-56ae6f9d2ee6 HTTP/1.1" status: 200 len: 2509 time: 0.0319195
2026-05-29 23:12:52.062 9 INFO neutron.api.wsgi [None req-d8d5bb56-8579-4fd3-a68f-32bf2ac1109d 666683ce59f74e418ed9ee95f283e509 ff43a2eefa8043f9acb8f3e64b073de8 - - default default] 10.0.0.115 "DELETE /v2.0/security-groups/e7221b58-bb13-4bb0-b19b-e2c15a9bcc71 HTTP/1.1" status: 204 len: 168 time: 0.2235351
2026-05-29 23:12:52.152 9 INFO neutron.api.wsgi [req-74e4fba1-f742-4081-8fb0-f468af40193f req-27a636e3-2d33-4830-9fab-1641a215b774 14d6a9733743482ab93857027626b016 a74f3422f21148efb204ce7931dd3b7c - - default default] 10.0.0.10 "DELETE /v2.0/security-groups/af6dcef9-8396-4d18-a355-56ae6f9d2ee6 HTTP/1.1" status: 204 len: 173 time: 0.1083801
2026-05-29 23:12:52.244 9 WARNING neutron.plugins.ml2.drivers.ovn.mech_driver.ovsdb.ovn_client [None req-010008c7-251d-4073-9b61-29233a90b250 - - - - - -] No hosting information found for port 869522f1-2b32-469a-91a8-694aa934f6e7: RuntimeError: No hosting information found for port 869522f1-2b32-469a-91a8-694aa934f6e7
2026-05-29 23:12:52.244 9 INFO neutron.plugins.ml2.drivers.ovn.mech_driver.mech_driver [None req-010008c7-251d-4073-9b61-29233a90b250 - - - - - -] OVN reports status up for port: d30ada5b-aaa0-4e5d-96f6-a5bc7a73d14d
2026-05-29 23:12:52.296 10 INFO neutron.api.wsgi [req-94440226-dfce-41b9-8ebc-240d701779e9 req-96d1f9fd-cec1-4f1e-8b16-f9e63b856ee1 14d6a9733743482ab93857027626b016 a74f3422f21148efb204ce7931dd3b7c - - default default] 10.0.0.10 "GET /v2.0/security-groups/08e781c9-b0f1-44cd-be14-ea81539ff0d5 HTTP/1.1" status: 200 len: 2510 time: 0.1271360
2026-05-29 23:12:52.325 9 INFO neutron.db.ovn_revision_numbers_db [None req-010008c7-251d-4073-9b61-29233a90b250 - - - - - -] Successfully bumped revision number for resource 869522f1-2b32-469a-91a8-694aa934f6e7 (type: router_ports) to 2
2026-05-29 23:12:52.364 9 INFO neutron.plugins.ml2.drivers.ovn.mech_driver.mech_driver [None req-010008c7-251d-4073-9b61-29233a90b250 - - - - - -] OVN reports status up for port: 37359928-4814-41ce-8e9f-8c58e3e4fc62
2026-05-29 23:12:52.370 9 INFO neutron.plugins.ml2.plugin [None req-010008c7-251d-4073-9b61-29233a90b250 - - - - - -] Attempt 1 to provision port 37359928-4814-41ce-8e9f-8c58e3e4fc62
2026-05-29 23:12:52.461 10 INFO neutron.api.wsgi [req-94440226-dfce-41b9-8ebc-240d701779e9 req-9f1c6d88-580c-4b0c-8099-5a3516a2d782 14d6a9733743482ab93857027626b016 a74f3422f21148efb204ce7931dd3b7c - - default default] 10.0.0.10 "DELETE /v2.0/security-groups/08e781c9-b0f1-44cd-be14-ea81539ff0d5 HTTP/1.1" status: 204 len: 173 time: 0.1548743
2026-05-29 23:12:52.512 10 INFO neutron.api.wsgi [None req-b98e85b3-012c-4259-91d5-a8eb4905ac6a 666683ce59f74e418ed9ee95f283e509 ff43a2eefa8043f9acb8f3e64b073de8 - - default default] 10.0.0.115 "DELETE /v2.0/routers/dbe4f1d3-9826-47e9-b9b8-671650ac8694 HTTP/1.1" status: 204 len: 168 time: 0.7791831
2026-05-29 23:12:52.749 9 INFO neutron.api.wsgi [req-ca5d9aa3-5323-43c2-a3dc-9306327d502e req-90dbe3b5-94dc-4028-a69a-538ea512cba3 dcbbf9dc29b7435ebbb6874d86552432 ee8a0deb119649c68705c43681641589 - - default default] 10.0.0.10 "GET /v2.0/security-groups?name=tempest-securitygroup--156597118&fields=id&tenant_id=ee8a0deb119649c68705c43681641589 HTTP/1.1" status: 200 len: 267 time: 0.0650437
2026-05-29 23:12:52.948 9 INFO neutron.api.wsgi [None req-fd64119b-6c22-469a-b8c5-f6148a8d2334 666683ce59f74e418ed9ee95f283e509 ff43a2eefa8043f9acb8f3e64b073de8 - - default default] 10.0.0.115 "DELETE /v2.0/subnets/128c8544-c26b-40b6-a43e-e199b39b0464 HTTP/1.1" status: 204 len: 168 time: 0.4301317
2026-05-29 23:12:52.961 9 INFO neutron.api.wsgi [req-ca5d9aa3-5323-43c2-a3dc-9306327d502e req-6c7e6f40-341a-413c-ac04-58a570d2ce17 dcbbf9dc29b7435ebbb6874d86552432 ee8a0deb119649c68705c43681641589 - - default default] 10.0.0.10 "GET /v2.0/networks?id=a51f8194-02f4-4cf2-972c-d34a51b35cea HTTP/1.1" status: 200 len: 879 time: 0.2035038
2026-05-29 23:12:52.973 9 INFO neutron.api.wsgi [req-ca5d9aa3-5323-43c2-a3dc-9306327d502e req-f241b2e0-1384-4da3-aeb6-a28a88c92ee5 dcbbf9dc29b7435ebbb6874d86552432 ee8a0deb119649c68705c43681641589 - - default default] 10.0.0.10 "GET /v2.0/quotas/ee8a0deb119649c68705c43681641589 HTTP/1.1" status: 200 len: 491 time: 0.0067809
2026-05-29 23:12:53.123 9 INFO neutron.api.wsgi [req-ca5d9aa3-5323-43c2-a3dc-9306327d502e req-8457587d-4b8d-4c37-a980-b6089a5c9587 dcbbf9dc29b7435ebbb6874d86552432 ee8a0deb119649c68705c43681641589 - - default default] 10.0.0.10 "GET /v2.0/ports?tenant_id=ee8a0deb119649c68705c43681641589&fields=id HTTP/1.1" status: 200 len: 302 time: 0.1463351
2026-05-29 23:12:53.163 9 INFO neutron.db.ovn_revision_numbers_db [None req-010008c7-251d-4073-9b61-29233a90b250 - - - - - -] Successfully bumped revision number for resource 37359928-4814-41ce-8e9f-8c58e3e4fc62 (type: ports) to 2
2026-05-29 23:12:53.554 10 INFO neutron.api.wsgi [None req-0a5a9bb2-222a-4112-9396-6e1c1c73a61d 666683ce59f74e418ed9ee95f283e509 ff43a2eefa8043f9acb8f3e64b073de8 - - default default] 10.0.0.115 "DELETE /v2.0/networks/a0a8dbb7-1e59-4033-9337-208f55e7a1c8 HTTP/1.1" status: 204 len: 168 time: 0.5978310
2026-05-29 23:12:53.602 9 INFO neutron.api.wsgi [req-ca5d9aa3-5323-43c2-a3dc-9306327d502e req-cc10c671-2f57-44a8-ab73-62ee4212bf6a 404a085e5dc04a73a07ed911e89adbb0 dbfd979046a24a26a3699b07287782c7 - - 45b280749b834deca4faf0a8d83b225b 45b280749b834deca4faf0a8d83b225b] 10.0.0.10 "GET /v2.0/extensions HTTP/1.1" status: 200 len: 19298 time: 0.1077671
2026-05-29 23:12:53.658 9 INFO neutron.api.wsgi [req-ca5d9aa3-5323-43c2-a3dc-9306327d502e req-21bb94d8-1463-4b36-92b0-38a38c084586 404a085e5dc04a73a07ed911e89adbb0 dbfd979046a24a26a3699b07287782c7 - - 45b280749b834deca4faf0a8d83b225b 45b280749b834deca4faf0a8d83b225b] 10.0.0.10 "GET /v2.0/networks/a51f8194-02f4-4cf2-972c-d34a51b35cea?fields=segments HTTP/1.1" status: 200 len: 212 time: 0.0480382
2026-05-29 23:12:53.711 9 INFO neutron.api.wsgi [req-ca5d9aa3-5323-43c2-a3dc-9306327d502e req-b3f2be70-9b65-400e-ad54-32a524abbb1b 404a085e5dc04a73a07ed911e89adbb0 dbfd979046a24a26a3699b07287782c7 - - 45b280749b834deca4faf0a8d83b225b 45b280749b834deca4faf0a8d83b225b] 10.0.0.10 "GET /v2.0/networks/a51f8194-02f4-4cf2-972c-d34a51b35cea?fields=provider%3Aphysical_network&fields=provider%3Anetwork_type HTTP/1.1" status: 200 len: 277 time: 0.0478930
2026-05-29 23:12:53.831 10 INFO neutron.api.wsgi [None req-e31bc673-5212-4da4-bc1e-107a6ef00e3d 666683ce59f74e418ed9ee95f283e509 ff43a2eefa8043f9acb8f3e64b073de8 - - default default] 10.0.0.115 "GET /v2.0/security-groups?tenant_id=ff47304f09ab45538f8ec38c580ad796&name=default HTTP/1.1" status: 200 len: 3116 time: 0.0326681
2026-05-29 23:12:53.953 9 INFO neutron.api.wsgi [None req-445f8be3-edd3-4f24-9479-9b34ac1b70fa 31d5ae74032b49ffbd4aeb86ff774651 88886a9334d74a4bad60532f6e3976a8 - - default default] 10.0.0.115 "GET /v2.0/extensions HTTP/1.1" status: 200 len: 19293 time: 0.0428910
2026-05-29 23:12:53.963 10 INFO neutron.services.segments.plugin [-] Segment b685e4e3-7568-4fef-bf2b-7655ea294823 resource provider aggregate not found
2026-05-29 23:12:53.971 9 INFO neutron.api.wsgi [None req-f83282df-9997-4cc0-ab1a-79cdefec9e53 31d5ae74032b49ffbd4aeb86ff774651 88886a9334d74a4bad60532f6e3976a8 - - default default] 10.0.0.115 "GET /v2.0/extensions/address-group HTTP/1.1" status: 200 len: 353 time: 0.0126684
2026-05-29 23:12:53.977 10 INFO neutron.services.segments.plugin [-] Segment b685e4e3-7568-4fef-bf2b-7655ea294823 resource provider aggregate not found
2026-05-29 23:12:53.982 9 INFO neutron.api.wsgi [None req-b8ca56b2-5044-4486-bd8e-cec23f65fb99 31d5ae74032b49ffbd4aeb86ff774651 88886a9334d74a4bad60532f6e3976a8 - - default default] 10.0.0.115 "GET /v2.0/extensions/address-scope HTTP/1.1" status: 200 len: 357 time: 0.0044446
2026-05-29 23:12:53.983 10 INFO neutron.services.segments.plugin [-] Segment b685e4e3-7568-4fef-bf2b-7655ea294823 resource provider not found; error: Placement Client Error (4xx): {"errors": [{"status": 404, "title": "Not Found", "detail": "The resource could not be found.\n\n No resource provider with uuid b685e4e3-7568-4fef-bf2b-7655ea294823 found for delete ", "request_id": "req-e337c1d9-86d3-4b61-8cca-80b23554ce64"}]}
2026-05-29 23:12:53.997 10 INFO neutron.api.wsgi [None req-a2971529-fb27-48f2-bc5f-b92b36821df0 31d5ae74032b49ffbd4aeb86ff774651 88886a9334d74a4bad60532f6e3976a8 - - default default] 10.0.0.115 "GET /v2.0/extensions/agent HTTP/1.1" status: 200 len: 347 time: 0.0093675
2026-05-29 23:12:54.003 10 INFO neutron.services.segments.plugin [-] Segment b685e4e3-7568-4fef-bf2b-7655ea294823 resource provider not found; error: Placement Client Error (4xx): {"errors": [{"status": 404, "title": "Not Found", "detail": "The resource could not be found.\n\n No resource provider with uuid b685e4e3-7568-4fef-bf2b-7655ea294823 found for delete ", "request_id": "req-8ed58327-cfea-4341-9ac3-dfdf3b6f83bb"}]}
2026-05-29 23:12:54.008 9 INFO neutron.api.wsgi [None req-4e7cd965-f17a-49b9-a39c-faa1f6f09277 31d5ae74032b49ffbd4aeb86ff774651 88886a9334d74a4bad60532f6e3976a8 - - default default] 10.0.0.115 "GET /v2.0/extensions/allowed-address-pairs HTTP/1.1" status: 200 len: 378 time: 0.0055909
2026-05-29 23:12:54.014 9 INFO neutron.api.wsgi [None req-4a335139-fdb5-4239-a336-6b83e4705761 31d5ae74032b49ffbd4aeb86ff774651 88886a9334d74a4bad60532f6e3976a8 - - default default] 10.0.0.115 "GET /v2.0/extensions/auto-allocated-topology HTTP/1.1" status: 200 len: 394 time: 0.0028651
2026-05-29 23:12:54.022 9 INFO neutron.api.wsgi [None req-2407a150-d20e-4dcc-97f0-4120d2e77470 31d5ae74032b49ffbd4aeb86ff774651 88886a9334d74a4bad60532f6e3976a8 - - default default] 10.0.0.115 "GET /v2.0/extensions/availability_zone HTTP/1.1" status: 200 len: 372 time: 0.0036738
2026-05-29 23:12:54.030 10 INFO neutron.api.wsgi [None req-30f3a7ab-f5bc-4c69-8213-0812cbc48954 31d5ae74032b49ffbd4aeb86ff774651 88886a9334d74a4bad60532f6e3976a8 - - default default] 10.0.0.115 "GET /v2.0/extensions/default-subnetpools HTTP/1.1" status: 200 len: 405 time: 0.0044265
2026-05-29 23:12:54.040 9 INFO neutron.api.wsgi [None req-b2d8cbb9-cff1-4bd7-9a9e-0b748b04f7a9 31d5ae74032b49ffbd4aeb86ff774651 88886a9334d74a4bad60532f6e3976a8 - - default default] 10.0.0.115 "GET /v2.0/extensions/dhcp_agent_scheduler HTTP/1.1" status: 200 len: 381 time: 0.0069284
2026-05-29 23:12:54.046 9 INFO neutron.api.wsgi [None req-68ba0027-0b46-4d21-b454-cff18048fd7c 31d5ae74032b49ffbd4aeb86ff774651 88886a9334d74a4bad60532f6e3976a8 - - default default] 10.0.0.115 "GET /v2.0/extensions/dns-integration HTTP/1.1" status: 200 len: 366 time: 0.0036445
2026-05-29 23:12:54.055 10 INFO neutron.api.wsgi [None req-513427ea-2786-4dba-9512-9cafc9642f61 31d5ae74032b49ffbd4aeb86ff774651 88886a9334d74a4bad60532f6e3976a8 - - default default] 10.0.0.115 "GET /v2.0/extensions/dns-domain-ports HTTP/1.1" status: 200 len: 399 time: 0.0047300
2026-05-29 23:12:54.063 10 INFO neutron.api.wsgi [None req-bc134bf4-b7d3-45ef-90bb-e9299ebcce9e 31d5ae74032b49ffbd4aeb86ff774651 88886a9334d74a4bad60532f6e3976a8 - - default default] 10.0.0.115 "GET /v2.0/extensions/dns-integration-domain-keywords HTTP/1.1" status: 200 len: 477 time: 0.0041146
2026-05-29 23:12:54.071 9 INFO neutron.api.wsgi [None req-17852f0d-0dbe-4145-9c57-1a1f0f2ddd36 31d5ae74032b49ffbd4aeb86ff774651 88886a9334d74a4bad60532f6e3976a8 - - default default] 10.0.0.115 "GET /v2.0/extensions/empty-string-filtering HTTP/1.1" status: 200 len: 413 time: 0.0047874
2026-05-29 23:12:54.084 10 INFO neutron.api.wsgi [None req-63038d2b-7fde-4a25-844f-1ece285cdc9c 31d5ae74032b49ffbd4aeb86ff774651 88886a9334d74a4bad60532f6e3976a8 - - default default] 10.0.0.115 "GET /v2.0/extensions/external-net HTTP/1.1" status: 200 len: 394 time: 0.0061731
