May 09 09:06:35.891875 np0000173064 devstack@neutron-api.service[103707]: DEBUG neutron.plugins.ml2.drivers.ovn.mech_driver.ovsdb.ovsdb_monitor [None req-e42ad403-46be-4153-b917-48da9edd6019 None None] Hash Ring: Node 1b3ea0cfd3af5863bc0e88139a8171d8 (host: np0000173064) handling event "create" for row 934926bf-0087-4151-a073-e9405cd31280 (table: NB_Global) {{(pid=103707) notify /opt/stack/neutron/neutron/plugins/ml2/drivers/ovn/mech_driver/ovsdb/ovsdb_monitor.py:942}}
May 09 09:06:35.892892 np0000173064 devstack@neutron-api.service[103707]: INFO neutron.plugins.ml2.drivers.ovn.mech_driver.ovsdb.impl_idl_ovn [None req-e42ad403-46be-4153-b917-48da9edd6019 None None] Getting OvsdbSbOvnIdl for WorkerService with retry
May 09 09:06:35.894000 np0000173064 devstack@neutron-api.service[103708]: DEBUG neutron.common.ovn.hash_ring_manager [None req-41259096-806e-4dda-a96f-ea82dac4bcd0 None None] Hash Ring loaded. 4 active nodes. 0 offline nodes {{(pid=103708) _load_hash_ring /opt/stack/neutron/neutron/common/ovn/hash_ring_manager.py:102}}
May 09 09:06:35.894397 np0000173064 devstack@neutron-api.service[103708]: DEBUG neutron.plugins.ml2.drivers.ovn.mech_driver.ovsdb.ovsdb_monitor [None req-41259096-806e-4dda-a96f-ea82dac4bcd0 None None] Hash Ring: Node 9acf3fd448725f06813bc78268dd5e85 (host: np0000173064) handling event "create" for row b519a2b8-73cb-49c4-91a0-bff5e0b20632 (table: Connection) {{(pid=103708) notify /opt/stack/neutron/neutron/plugins/ml2/drivers/ovn/mech_driver/ovsdb/ovsdb_monitor.py:942}}
May 09 09:06:35.895766 np0000173064 devstack@neutron-api.service[103708]: INFO neutron.plugins.ml2.drivers.ovn.mech_driver.ovsdb.impl_idl_ovn [None req-41259096-806e-4dda-a96f-ea82dac4bcd0 None None] Getting OvsdbSbOvnIdl for WorkerService with retry
May 09 09:06:35.896280 np0000173064 devstack@neutron-api.service[103709]: INFO ovsdbapp.backend.ovs_idl.vlog [None req-a35c4d02-6326-483c-a78b-dbf8d85004ea None None] ssl:199.19.213.205:6641: connected
May 09 09:06:35.930968 np0000173064 devstack@neutron-api.service[103707]: DEBUG ovsdbapp.backend.ovs_idl [None req-e42ad403-46be-4153-b917-48da9edd6019 None None] Created lookup_table index Chassis.name {{(pid=103707) autocreate_indices /opt/stack/data/venv/lib/python3.12/site-packages/ovsdbapp/backend/ovs_idl/__init__.py:87}}
May 09 09:06:35.931065 np0000173064 devstack@neutron-api.service[103707]: DEBUG ovsdbapp.backend.ovs_idl [None req-e42ad403-46be-4153-b917-48da9edd6019 None None] Created lookup_table index Port_Binding.logical_port {{(pid=103707) autocreate_indices /opt/stack/data/venv/lib/python3.12/site-packages/ovsdbapp/backend/ovs_idl/__init__.py:87}}
May 09 09:06:35.931176 np0000173064 devstack@neutron-api.service[103707]: DEBUG ovsdbapp.backend.ovs_idl [None req-e42ad403-46be-4153-b917-48da9edd6019 None None] Created schema index Chassis_Private.name {{(pid=103707) autocreate_indices /opt/stack/data/venv/lib/python3.12/site-packages/ovsdbapp/backend/ovs_idl/__init__.py:106}}
May 09 09:06:35.931277 np0000173064 devstack@neutron-api.service[103707]: DEBUG ovsdbapp.backend.ovs_idl [None req-e42ad403-46be-4153-b917-48da9edd6019 None None] Created schema index Datapath_Binding.tunnel_key {{(pid=103707) autocreate_indices /opt/stack/data/venv/lib/python3.12/site-packages/ovsdbapp/backend/ovs_idl/__init__.py:106}}
May 09 09:06:35.934882 np0000173064 devstack@neutron-api.service[103707]: INFO ovsdbapp.backend.ovs_idl.vlog [None req-e42ad403-46be-4153-b917-48da9edd6019 None None] ssl:199.19.213.205:6642: connecting...
May 09 09:06:35.935906 np0000173064 devstack@neutron-api.service[103709]: DEBUG neutron.common.ovn.hash_ring_manager [None req-a35c4d02-6326-483c-a78b-dbf8d85004ea None None] Allow caching, nodes 4>=4 {{(pid=103709) _wait_startup_before_caching /opt/stack/neutron/neutron/common/ovn/hash_ring_manager.py:65}}
May 09 09:06:35.937525 np0000173064 devstack@neutron-api.service[103707]: INFO ovsdbapp.backend.ovs_idl.vlog [None req-e42ad403-46be-4153-b917-48da9edd6019 None None] ssl:199.19.213.205:6642: connected
May 09 09:06:35.938172 np0000173064 devstack@neutron-api.service[103708]: DEBUG ovsdbapp.backend.ovs_idl [None req-41259096-806e-4dda-a96f-ea82dac4bcd0 None None] Created lookup_table index Chassis.name {{(pid=103708) autocreate_indices /opt/stack/data/venv/lib/python3.12/site-packages/ovsdbapp/backend/ovs_idl/__init__.py:87}}
May 09 09:06:35.938372 np0000173064 devstack@neutron-api.service[103708]: DEBUG ovsdbapp.backend.ovs_idl [None req-41259096-806e-4dda-a96f-ea82dac4bcd0 None None] Created lookup_table index Port_Binding.logical_port {{(pid=103708) autocreate_indices /opt/stack/data/venv/lib/python3.12/site-packages/ovsdbapp/backend/ovs_idl/__init__.py:87}}
May 09 09:06:35.938580 np0000173064 devstack@neutron-api.service[103708]: DEBUG ovsdbapp.backend.ovs_idl [None req-41259096-806e-4dda-a96f-ea82dac4bcd0 None None] Created schema index Chassis_Private.name {{(pid=103708) autocreate_indices /opt/stack/data/venv/lib/python3.12/site-packages/ovsdbapp/backend/ovs_idl/__init__.py:106}}
May 09 09:06:35.938716 np0000173064 devstack@neutron-api.service[103708]: DEBUG ovsdbapp.backend.ovs_idl [None req-41259096-806e-4dda-a96f-ea82dac4bcd0 None None] Created schema index Datapath_Binding.tunnel_key {{(pid=103708) autocreate_indices /opt/stack/data/venv/lib/python3.12/site-packages/ovsdbapp/backend/ovs_idl/__init__.py:106}}
May 09 09:06:35.941128 np0000173064 devstack@neutron-api.service[103709]: DEBUG neutron.common.ovn.hash_ring_manager [None req-a35c4d02-6326-483c-a78b-dbf8d85004ea None None] Hash Ring loaded. 4 active nodes. 0 offline nodes {{(pid=103709) _load_hash_ring /opt/stack/neutron/neutron/common/ovn/hash_ring_manager.py:102}}
May 09 09:06:35.941274 np0000173064 devstack@neutron-api.service[103709]: DEBUG neutron.plugins.ml2.drivers.ovn.mech_driver.ovsdb.ovsdb_monitor [None req-a35c4d02-6326-483c-a78b-dbf8d85004ea None None] Hash Ring: Node 76b218af1c7c5b8eb01613c7318f2efe (host: np0000173064) handling event "create" for row bdd8f22d-f831-44f6-8b46-ff45f748e62a (table: SSL) {{(pid=103709) notify /opt/stack/neutron/neutron/plugins/ml2/drivers/ovn/mech_driver/ovsdb/ovsdb_monitor.py:942}}
May 09 09:06:35.942059 np0000173064 devstack@neutron-api.service[103708]: INFO ovsdbapp.backend.ovs_idl.vlog [None req-41259096-806e-4dda-a96f-ea82dac4bcd0 None None] ssl:199.19.213.205:6642: connecting...
May 09 09:06:35.942463 np0000173064 devstack@neutron-api.service[103709]: INFO neutron.plugins.ml2.drivers.ovn.mech_driver.ovsdb.impl_idl_ovn [None req-a35c4d02-6326-483c-a78b-dbf8d85004ea None None] Getting OvsdbSbOvnIdl for WorkerService with retry
May 09 09:06:35.946594 np0000173064 devstack@neutron-api.service[103708]: INFO ovsdbapp.backend.ovs_idl.vlog [None req-41259096-806e-4dda-a96f-ea82dac4bcd0 None None] ssl:199.19.213.205:6642: connected
May 09 09:06:35.966909 np0000173064 devstack@neutron-api.service[103707]: DEBUG neutron.common.ovn.hash_ring_manager [None req-e42ad403-46be-4153-b917-48da9edd6019 None None] Allow caching, nodes 4>=4 {{(pid=103707) _wait_startup_before_caching /opt/stack/neutron/neutron/common/ovn/hash_ring_manager.py:65}}
May 09 09:06:35.971874 np0000173064 devstack@neutron-api.service[103707]: DEBUG neutron.common.ovn.hash_ring_manager [None req-e42ad403-46be-4153-b917-48da9edd6019 None None] Hash Ring loaded. 4 active nodes. 0 offline nodes {{(pid=103707) _load_hash_ring /opt/stack/neutron/neutron/common/ovn/hash_ring_manager.py:102}}
May 09 09:06:35.972039 np0000173064 devstack@neutron-api.service[103707]: DEBUG neutron.plugins.ml2.drivers.ovn.mech_driver.ovsdb.ovsdb_monitor [None req-e42ad403-46be-4153-b917-48da9edd6019 None None] ChassisOVNAgentWriteEvent : Matched Chassis_Private, create, None None {{(pid=103707) matches /opt/stack/neutron/neutron/plugins/ml2/drivers/ovn/mech_driver/ovsdb/ovsdb_monitor.py:64}}
May 09 09:06:35.972213 np0000173064 devstack@neutron-api.service[103707]: DEBUG neutron.plugins.ml2.drivers.ovn.mech_driver.ovsdb.ovsdb_monitor [None req-e42ad403-46be-4153-b917-48da9edd6019 None None] ChassisAgentWriteEvent : Matched Chassis_Private, create, None None {{(pid=103707) matches /opt/stack/neutron/neutron/plugins/ml2/drivers/ovn/mech_driver/ovsdb/ovsdb_monitor.py:64}}
May 09 09:06:35.972604 np0000173064 devstack@neutron-api.service[103707]: DEBUG neutron.plugins.ml2.drivers.ovn.mech_driver.ovsdb.ovsdb_monitor [None req-e42ad403-46be-4153-b917-48da9edd6019 None None] Hash Ring: Node 1b3ea0cfd3af5863bc0e88139a8171d8 (host: np0000173064) handling event "create" for row eb88175f-4e72-4116-9780-fd2ed18cd071 (table: Chassis_Private) {{(pid=103707) notify /opt/stack/neutron/neutron/plugins/ml2/drivers/ovn/mech_driver/ovsdb/ovsdb_monitor.py:942}}
May 09 09:06:35.972819 np0000173064 devstack@neutron-api.service[103707]: DEBUG neutron.plugins.ml2.drivers.ovn.mech_driver.ovsdb.ovsdb_monitor [None req-e42ad403-46be-4153-b917-48da9edd6019 None None] Hash Ring: Node 1b3ea0cfd3af5863bc0e88139a8171d8 (host: np0000173064) handling event "create" for row 1728d7c2-214a-45f9-a10b-d5c2533f556b (table: Encap) {{(pid=103707) notify /opt/stack/neutron/neutron/plugins/ml2/drivers/ovn/mech_driver/ovsdb/ovsdb_monitor.py:942}}
May 09 09:06:35.972927 np0000173064 devstack@neutron-api.service[103709]: DEBUG ovsdbapp.backend.ovs_idl [None req-a35c4d02-6326-483c-a78b-dbf8d85004ea None None] Created lookup_table index Chassis.name {{(pid=103709) autocreate_indices /opt/stack/data/venv/lib/python3.12/site-packages/ovsdbapp/backend/ovs_idl/__init__.py:87}}
May 09 09:06:35.973022 np0000173064 devstack@neutron-api.service[103709]: DEBUG ovsdbapp.backend.ovs_idl [None req-a35c4d02-6326-483c-a78b-dbf8d85004ea None None] Created lookup_table index Port_Binding.logical_port {{(pid=103709) autocreate_indices /opt/stack/data/venv/lib/python3.12/site-packages/ovsdbapp/backend/ovs_idl/__init__.py:87}}
May 09 09:06:35.973139 np0000173064 devstack@neutron-api.service[103709]: DEBUG ovsdbapp.backend.ovs_idl [None req-a35c4d02-6326-483c-a78b-dbf8d85004ea None None] Created schema index Chassis_Private.name {{(pid=103709) autocreate_indices /opt/stack/data/venv/lib/python3.12/site-packages/ovsdbapp/backend/ovs_idl/__init__.py:106}}
May 09 09:06:35.973231 np0000173064 devstack@neutron-api.service[103709]: DEBUG ovsdbapp.backend.ovs_idl [None req-a35c4d02-6326-483c-a78b-dbf8d85004ea None None] Created schema index Datapath_Binding.tunnel_key {{(pid=103709) autocreate_indices /opt/stack/data/venv/lib/python3.12/site-packages/ovsdbapp/backend/ovs_idl/__init__.py:106}}
May 09 09:06:35.974781 np0000173064 devstack@neutron-api.service[103707]: INFO neutron.plugins.ml2.drivers.ovn.mech_driver.mech_driver [None req-e42ad403-46be-4153-b917-48da9edd6019 None None] WorkerService process has finished the post initialization
May 09 09:06:35.975481 np0000173064 devstack@neutron-api.service[103709]: INFO ovsdbapp.backend.ovs_idl.vlog [None req-a35c4d02-6326-483c-a78b-dbf8d85004ea None None] ssl:199.19.213.205:6642: connecting...
May 09 09:06:35.976551 np0000173064 devstack@neutron-api.service[103707]: WSGI app 0 (mountpoint='') ready in 7 seconds on interpreter 0x7ccd996a3668 pid: 103707 (default app)
May 09 09:06:35.981219 np0000173064 devstack@neutron-api.service[103709]: INFO ovsdbapp.backend.ovs_idl.vlog [None req-a35c4d02-6326-483c-a78b-dbf8d85004ea None None] ssl:199.19.213.205:6642: connected
May 09 09:06:35.989841 np0000173064 devstack@neutron-api.service[103708]: DEBUG neutron.common.ovn.hash_ring_manager [None req-41259096-806e-4dda-a96f-ea82dac4bcd0 None None] Allow caching, nodes 4>=4 {{(pid=103708) _wait_startup_before_caching /opt/stack/neutron/neutron/common/ovn/hash_ring_manager.py:65}}
May 09 09:06:35.994047 np0000173064 devstack@neutron-api.service[103708]: DEBUG neutron.common.ovn.hash_ring_manager [None req-41259096-806e-4dda-a96f-ea82dac4bcd0 None None] Hash Ring loaded. 4 active nodes. 0 offline nodes {{(pid=103708) _load_hash_ring /opt/stack/neutron/neutron/common/ovn/hash_ring_manager.py:102}}
May 09 09:06:35.994237 np0000173064 devstack@neutron-api.service[103708]: DEBUG neutron.plugins.ml2.drivers.ovn.mech_driver.ovsdb.ovsdb_monitor [None req-41259096-806e-4dda-a96f-ea82dac4bcd0 None None] Hash Ring: Node 9acf3fd448725f06813bc78268dd5e85 (host: np0000173064) handling event "create" for row 2951c00c-00c8-442e-8fad-5cb697012195 (table: Chassis) {{(pid=103708) notify /opt/stack/neutron/neutron/plugins/ml2/drivers/ovn/mech_driver/ovsdb/ovsdb_monitor.py:942}}
May 09 09:06:35.994997 np0000173064 devstack@neutron-api.service[103708]: DEBUG ovsdbapp.backend.ovs_idl.event [None req-41259096-806e-4dda-a96f-ea82dac4bcd0 None None] Matched CREATE: ChassisBandwidthConfigEvent(events=('create', 'update'), table='Chassis', conditions=None, old_conditions=None), priority=20 to row=Chassis(uuid=2951c00c-00c8-442e-8fad-5cb697012195, encaps=[1728d7c2-214a-45f9-a10b-d5c2533f556b], external_ids={}, hostname='np0000173064', name='2b256e6f-9d1e-46f6-b004-745cbf20e3dd', nb_cfg=0, other_config={'ct-commit-nat-v2': 'true', 'ct-commit-to-zone': 'true', 'ct-next-zone': 'true', 'ct-no-masked-label': 'true', 'ct-state-save': 'true', 'datapath-type': 'system', 'fdb-timestamp': 'true', 'iface-types': 'afxdp,afxdp-nonpmd,bareudp,erspan,geneve,gre,gtpu,internal,ip6erspan,ip6gre,lisp,patch,srv6,stt,system,tap,vxlan', 'is-interconn': 'false', 'ls-dpg-column': 'true', 'mac-binding-timestamp': 'true', 'ovn-bridge-mappings': 'public:br-ex', 'ovn-chassis-mac-mappings': '', 'ovn-cms-options': 'enable-chassis-as-gw', 'ovn-ct-lb-related': 'true', 'ovn-enable-lflow-cache': 'true', 'ovn-limit-lflow-cache': '', 'ovn-memlimit-lflow-cache-kb': '', 'ovn-monitor-all': 'false', 'ovn-trim-limit-lflow-cache': '', 'ovn-trim-timeout-ms': '', 'ovn-trim-wmark-perc-lflow-cache': '', 'port-up-notif': 'true'}, transport_zones=[], vtep_logical_switches=[]) old= {{(pid=103708) matches /opt/stack/data/venv/lib/python3.12/site-packages/ovsdbapp/backend/ovs_idl/event.py:55}}
May 09 09:06:35.995496 np0000173064 devstack@neutron-api.service[103708]: DEBUG neutron.plugins.ml2.drivers.ovn.mech_driver.ovsdb.ovsdb_monitor [None req-41259096-806e-4dda-a96f-ea82dac4bcd0 None None] ChassisAgentWriteEvent : Matched Chassis_Private, create, None None {{(pid=103708) matches /opt/stack/neutron/neutron/plugins/ml2/drivers/ovn/mech_driver/ovsdb/ovsdb_monitor.py:64}}
May 09 09:06:35.995650 np0000173064 devstack@neutron-api.service[103708]: DEBUG neutron.plugins.ml2.drivers.ovn.mech_driver.ovsdb.ovsdb_monitor [None req-41259096-806e-4dda-a96f-ea82dac4bcd0 None None] ChassisOVNAgentWriteEvent : Matched Chassis_Private, create, None None {{(pid=103708) matches /opt/stack/neutron/neutron/plugins/ml2/drivers/ovn/mech_driver/ovsdb/ovsdb_monitor.py:64}}
May 09 09:06:35.997456 np0000173064 devstack@neutron-api.service[103708]: INFO neutron.plugins.ml2.drivers.ovn.mech_driver.mech_driver [None req-41259096-806e-4dda-a96f-ea82dac4bcd0 None None] WorkerService process has finished the post initialization
May 09 09:06:35.998526 np0000173064 devstack@neutron-api.service[103708]: INFO neutron.plugins.ml2.drivers.ovn.mech_driver.ovsdb.extensions.qos [-] Starting OVNClientQosExtension
May 09 09:06:35.998917 np0000173064 devstack@neutron-api.service[103708]: INFO neutron.plugins.ml2.drivers.ovn.mech_driver.ovsdb.extensions.placement [-] Starting OVNClientPlacementExtension
May 09 09:06:36.000815 np0000173064 devstack@neutron-api.service[103708]: WSGI app 0 (mountpoint='') ready in 7 seconds on interpreter 0x7ccd996a3668 pid: 103708 (default app)
May 09 09:06:36.013801 np0000173064 devstack@neutron-api.service[103709]: DEBUG neutron.common.ovn.hash_ring_manager [None req-a35c4d02-6326-483c-a78b-dbf8d85004ea None None] Allow caching, nodes 4>=4 {{(pid=103709) _wait_startup_before_caching /opt/stack/neutron/neutron/common/ovn/hash_ring_manager.py:65}}
May 09 09:06:36.018391 np0000173064 devstack@neutron-api.service[103709]: DEBUG neutron.common.ovn.hash_ring_manager [None req-a35c4d02-6326-483c-a78b-dbf8d85004ea None None] Hash Ring loaded. 4 active nodes. 0 offline nodes {{(pid=103709) _load_hash_ring /opt/stack/neutron/neutron/common/ovn/hash_ring_manager.py:102}}
May 09 09:06:36.018698 np0000173064 devstack@neutron-api.service[103709]: DEBUG neutron.plugins.ml2.drivers.ovn.mech_driver.ovsdb.ovsdb_monitor [None req-a35c4d02-6326-483c-a78b-dbf8d85004ea None None] ChassisOVNAgentWriteEvent : Matched Chassis_Private, create, None None {{(pid=103709) matches /opt/stack/neutron/neutron/plugins/ml2/drivers/ovn/mech_driver/ovsdb/ovsdb_monitor.py:64}}
May 09 09:06:36.018852 np0000173064 devstack@neutron-api.service[103709]: DEBUG neutron.plugins.ml2.drivers.ovn.mech_driver.ovsdb.ovsdb_monitor [None req-a35c4d02-6326-483c-a78b-dbf8d85004ea None None] ChassisAgentWriteEvent : Matched Chassis_Private, create, None None {{(pid=103709) matches /opt/stack/neutron/neutron/plugins/ml2/drivers/ovn/mech_driver/ovsdb/ovsdb_monitor.py:64}}
May 09 09:06:36.022223 np0000173064 devstack@neutron-api.service[103709]: INFO neutron.plugins.ml2.drivers.ovn.mech_driver.mech_driver [None req-a35c4d02-6326-483c-a78b-dbf8d85004ea None None] WorkerService process has finished the post initialization
May 09 09:06:36.023913 np0000173064 devstack@neutron-api.service[103709]: WSGI app 0 (mountpoint='') ready in 8 seconds on interpreter 0x7ccd996a3668 pid: 103709 (default app)
May 09 09:06:36.199450 np0000173064 devstack@neutron-api.service[103710]: [pid: 103710|app: 0|req: 1/1] 199.19.213.205 () {62 vars in 988 bytes} [Sat May 9 09:06:36 2026] GET /networking => generated 130 bytes in 5 msecs (HTTP/1.1 200) 3 headers in 91 bytes (1 switches on core 0)
May 09 09:06:37.136776 np0000173064 devstack@neutron-api.service[103708]: DEBUG neutron.plugins.ml2.drivers.ovn.mech_driver.ovsdb.ovsdb_monitor [-] Hash Ring: Node 9acf3fd448725f06813bc78268dd5e85 (host: np0000173064) handling event "update" for row b519a2b8-73cb-49c4-91a0-bff5e0b20632 (table: Connection) {{(pid=103708) notify /opt/stack/neutron/neutron/plugins/ml2/drivers/ovn/mech_driver/ovsdb/ovsdb_monitor.py:942}}
May 09 09:06:37.141550 np0000173064 devstack@neutron-api.service[103710]: DEBUG neutron.common.ovn.hash_ring_manager [-] Allow caching, nodes 4>=4 {{(pid=103710) _wait_startup_before_caching /opt/stack/neutron/neutron/common/ovn/hash_ring_manager.py:65}}
May 09 09:06:37.141738 np0000173064 devstack@neutron-api.service[103710]: DEBUG neutron.plugins.ml2.drivers.ovn.mech_driver.ovsdb.ovsdb_monitor [-] Hash Ring: Node 316542150fd557e08c4ff548fc09be06 (host: np0000173064) handling event "update" for row b519a2b8-73cb-49c4-91a0-bff5e0b20632 (table: Connection) {{(pid=103710) notify /opt/stack/neutron/neutron/plugins/ml2/drivers/ovn/mech_driver/ovsdb/ovsdb_monitor.py:942}}
May 09 09:06:39.636485 np0000173064 devstack@neutron-api.service[103708]: DEBUG neutron.plugins.ml2.drivers.ovn.mech_driver.ovsdb.ovsdb_monitor [-] Hash Ring: Node 9acf3fd448725f06813bc78268dd5e85 (host: np0000173064) handling event "update" for row b519a2b8-73cb-49c4-91a0-bff5e0b20632 (table: Connection) {{(pid=103708) notify /opt/stack/neutron/neutron/plugins/ml2/drivers/ovn/mech_driver/ovsdb/ovsdb_monitor.py:942}}
May 09 09:06:39.637138 np0000173064 devstack@neutron-api.service[103710]: DEBUG neutron.plugins.ml2.drivers.ovn.mech_driver.ovsdb.ovsdb_monitor [-] Hash Ring: Node 316542150fd557e08c4ff548fc09be06 (host: np0000173064) handling event "update" for row b519a2b8-73cb-49c4-91a0-bff5e0b20632 (table: Connection) {{(pid=103710) notify /opt/stack/neutron/neutron/plugins/ml2/drivers/ovn/mech_driver/ovsdb/ovsdb_monitor.py:942}}
May 09 09:06:42.886177 np0000173064 devstack@neutron-api.service[103707]: DEBUG neutron.api.wsgi [None req-f15ef92e-1672-4463-8242-edd9e9d95eb5 admin admin] Missing Content-Type {{(pid=103707) get_content_type /opt/stack/neutron/neutron/api/wsgi.py:80}}
May 09 09:06:42.886834 np0000173064 devstack@neutron-api.service[103707]: DEBUG neutron.api.wsgi [None req-f15ef92e-1672-4463-8242-edd9e9d95eb5 admin admin] https://199.19.213.205/networking/v2.0/extensions returned with HTTP 200 {{(pid=103707) __call__ /opt/stack/neutron/neutron/api/wsgi.py:540}}
May 09 09:06:42.886918 np0000173064 devstack@neutron-api.service[103707]: [pid: 103707|app: 0|req: 1/2] 199.19.213.205 () {64 vars in 1323 bytes} [Sat May 9 09:06:42 2026] GET /networking/v2.0/extensions => generated 15209 bytes in 271 msecs (HTTP/1.1 200) 4 headers in 159 bytes (1 switches on core 0)
May 09 09:06:43.289068 np0000173064 devstack@neutron-api.service[103708]: DEBUG neutron.api.v2.base [None req-9e68631a-0adc-4d4e-a71c-a4c2cb71af10 admin admin] Request body: {'subnetpool': {'default_prefixlen': 26, 'shared': True, 'is_default': True, 'prefixes': ['10.1.0.0/20'], 'name': 'shared-default-subnetpool-v4'}} {{(pid=103708) prepare_request_body /opt/stack/neutron/neutron/api/v2/base.py:727}}
May 09 09:06:43.488800 np0000173064 devstack@neutron-api.service[103708]: DEBUG neutron.policy [None req-9e68631a-0adc-4d4e-a71c-a4c2cb71af10 admin admin] Loaded default policies from ['neutron'] under neutron.policies entry points {{(pid=103708) register_rules /opt/stack/neutron/neutron/policy.py:65}}
May 09 09:06:43.636494 np0000173064 devstack@neutron-api.service[103708]: DEBUG neutron_lib.callbacks.manager [None req-9e68631a-0adc-4d4e-a71c-a4c2cb71af10 admin admin] Publish callbacks ['neutron.objects.securitygroup.RbacNeutronDbObjectMixin.validate_rbac_policy_change-1690805247519', 'neutron.objects.address_group.RbacNeutronDbObjectMixin.validate_rbac_policy_change-1690805287622', 'neutron.objects.network.RbacNeutronDbObjectMixin.validate_rbac_policy_change-1690805334521', 'neutron.objects.qos.policy.RbacNeutronDbObjectMixin.validate_rbac_policy_change-1690805331076', 'neutron.objects.subnetpool.RbacNeutronDbObjectMixin.validate_rbac_policy_change-1690805324280', 'neutron.objects.address_scope.RbacNeutronDbObjectMixin.validate_rbac_policy_change-1690805323829', 'neutron.plugins.ml2.plugin.External_net_db_mixin._process_ext_policy_create-84574', 'neutron.plugins.ml2.plugin.NeutronDbPluginV2.validate_network_rbac_policy_change-86602'] for rbac-policy (None), before_create {{(pid=103708) _notify_loop /opt/stack/data/venv/lib/python3.12/site-packages/neutron_lib/callbacks/manager.py:184}}
May 09 09:06:43.679626 np0000173064 devstack@neutron-api.service[103708]: DEBUG neutron_lib.callbacks.manager [None req-9e68631a-0adc-4d4e-a71c-a4c2cb71af10 admin admin] Publish callbacks [] for subnetpool (None), before_response {{(pid=103708) _notify_loop /opt/stack/data/venv/lib/python3.12/site-packages/neutron_lib/callbacks/manager.py:184}}
May 09 09:06:43.680442 np0000173064 devstack@neutron-api.service[103708]: [pid: 103708|app: 0|req: 1/3] 199.19.213.205 () {68 vars in 1367 bytes} [Sat May 9 09:06:43 2026] POST /networking/v2.0/subnetpools => generated 533 bytes in 503 msecs (HTTP/1.1 201) 4 headers in 162 bytes (1 switches on core 0)
May 09 09:06:44.008317 np0000173064 devstack@neutron-api.service[103709]: DEBUG neutron.api.v2.base [None req-efbbc376-5462-4121-b980-1088b4ff6a8f admin admin] Request body: {'subnetpool': {'default_prefixlen': 64, 'shared': True, 'is_default': True, 'prefixes': ['fd27:889e:eae0::/56'], 'name': 'shared-default-subnetpool-v6'}} {{(pid=103709) prepare_request_body /opt/stack/neutron/neutron/api/v2/base.py:727}}
May 09 09:06:44.177530 np0000173064 devstack@neutron-api.service[103709]: DEBUG neutron.policy [None req-efbbc376-5462-4121-b980-1088b4ff6a8f admin admin] Loaded default policies from ['neutron'] under neutron.policies entry points {{(pid=103709) register_rules /opt/stack/neutron/neutron/policy.py:65}}
May 09 09:06:44.327060 np0000173064 devstack@neutron-api.service[103709]: DEBUG neutron_lib.callbacks.manager [None req-efbbc376-5462-4121-b980-1088b4ff6a8f admin admin] Publish callbacks ['neutron.objects.securitygroup.RbacNeutronDbObjectMixin.validate_rbac_policy_change-1690805247519', 'neutron.objects.address_group.RbacNeutronDbObjectMixin.validate_rbac_policy_change-1690805287622', 'neutron.objects.network.RbacNeutronDbObjectMixin.validate_rbac_policy_change-1690805334521', 'neutron.objects.qos.policy.RbacNeutronDbObjectMixin.validate_rbac_policy_change-1690805331076', 'neutron.objects.subnetpool.RbacNeutronDbObjectMixin.validate_rbac_policy_change-1690805324280', 'neutron.objects.address_scope.RbacNeutronDbObjectMixin.validate_rbac_policy_change-1690805323829', 'neutron.plugins.ml2.plugin.External_net_db_mixin._process_ext_policy_create-130602', 'neutron.plugins.ml2.plugin.NeutronDbPluginV2.validate_network_rbac_policy_change-113424'] for rbac-policy (None), before_create {{(pid=103709) _notify_loop /opt/stack/data/venv/lib/python3.12/site-packages/neutron_lib/callbacks/manager.py:184}}
May 09 09:06:44.375125 np0000173064 devstack@neutron-api.service[103709]: DEBUG neutron_lib.callbacks.manager [None req-efbbc376-5462-4121-b980-1088b4ff6a8f admin admin] Publish callbacks [] for subnetpool (None), before_response {{(pid=103709) _notify_loop /opt/stack/data/venv/lib/python3.12/site-packages/neutron_lib/callbacks/manager.py:184}}
May 09 09:06:44.375728 np0000173064 devstack@neutron-api.service[103709]: [pid: 103709|app: 0|req: 1/4] 199.19.213.205 () {68 vars in 1367 bytes} [Sat May 9 09:06:43 2026] POST /networking/v2.0/subnetpools => generated 543 bytes in 471 msecs (HTTP/1.1 201) 4 headers in 162 bytes (1 switches on core 0)
May 09 09:06:44.801615 np0000173064 devstack@neutron-api.service[103710]: DEBUG neutron.api.v2.base [None req-162d3050-d94f-4896-b9ab-76c88d18a7e5 admin admin] Request body: {'network': {'admin_state_up': True, 'name': 'private'}} {{(pid=103710) prepare_request_body /opt/stack/neutron/neutron/api/v2/base.py:727}}
May 09 09:06:44.831932 np0000173064 devstack@neutron-api.service[103710]: DEBUG neutron.pecan_wsgi.hooks.quota_enforcement [None req-162d3050-d94f-4896-b9ab-76c88d18a7e5 admin admin] Made reservation on behalf of 40c176c43f424487a77ef7fcaaa7ce53 for: {'network': 1} {{(pid=103710) before /opt/stack/neutron/neutron/pecan_wsgi/hooks/quota_enforcement.py:66}}
May 09 09:06:45.201005 np0000173064 devstack@neutron-api.service[103710]: DEBUG neutron.policy [None req-162d3050-d94f-4896-b9ab-76c88d18a7e5 admin admin] Loaded default policies from ['neutron'] under neutron.policies entry points {{(pid=103710) register_rules /opt/stack/neutron/neutron/policy.py:65}}
May 09 09:06:45.312606 np0000173064 devstack@neutron-api.service[103710]: DEBUG neutron_lib.callbacks.manager [None req-162d3050-d94f-4896-b9ab-76c88d18a7e5 admin admin] Publish callbacks ['neutron.plugins.ml2.plugin.SecurityGroupDbMixin._ensure_default_security_group_handler-47192'] for network (None), before_create {{(pid=103710) _notify_loop /opt/stack/data/venv/lib/python3.12/site-packages/neutron_lib/callbacks/manager.py:184}}
May 09 09:06:45.334538 np0000173064 devstack@neutron-api.service[103710]: DEBUG neutron_lib.callbacks.manager [None req-162d3050-d94f-4896-b9ab-76c88d18a7e5 admin admin] Publish callbacks [] for security_group (None), before_create {{(pid=103710) _notify_loop /opt/stack/data/venv/lib/python3.12/site-packages/neutron_lib/callbacks/manager.py:184}}
May 09 09:06:45.427875 np0000173064 devstack@neutron-api.service[103710]: DEBUG neutron_lib.callbacks.manager [None req-162d3050-d94f-4896-b9ab-76c88d18a7e5 admin admin] Publish callbacks ['neutron.plugins.ml2.drivers.ovn.mech_driver.mech_driver.OVNMechanismDriver._create_security_group_precommit-837905'] for security_group (5eed674f-6585-4038-84af-1c62540d20c0), precommit_create {{(pid=103710) _notify_loop /opt/stack/data/venv/lib/python3.12/site-packages/neutron_lib/callbacks/manager.py:184}}
May 09 09:06:45.428036 np0000173064 devstack@neutron-api.service[103710]: DEBUG neutron.db.ovn_revision_numbers_db [None req-162d3050-d94f-4896-b9ab-76c88d18a7e5 admin admin] create_initial_revision uuid=5eed674f-6585-4038-84af-1c62540d20c0, type=security_groups, rev=-1 {{(pid=103710) create_initial_revision /opt/stack/neutron/neutron/db/ovn_revision_numbers_db.py:98}}
May 09 09:06:45.430584 np0000173064 devstack@neutron-api.service[103710]: DEBUG neutron.db.ovn_revision_numbers_db [None req-162d3050-d94f-4896-b9ab-76c88d18a7e5 admin admin] create_initial_revision uuid=1e3f304d-cebd-45ed-9e1f-bc88eccae575, type=security_group_rules, rev=-1 {{(pid=103710) create_initial_revision /opt/stack/neutron/neutron/db/ovn_revision_numbers_db.py:98}}
May 09 09:06:45.431679 np0000173064 devstack@neutron-api.service[103710]: DEBUG neutron.db.ovn_revision_numbers_db [None req-162d3050-d94f-4896-b9ab-76c88d18a7e5 admin admin] create_initial_revision uuid=3c57908a-5008-467d-91d7-3ea5cba1094d, type=security_group_rules, rev=-1 {{(pid=103710) create_initial_revision /opt/stack/neutron/neutron/db/ovn_revision_numbers_db.py:98}}
May 09 09:06:45.432870 np0000173064 devstack@neutron-api.service[103710]: DEBUG neutron.db.ovn_revision_numbers_db [None req-162d3050-d94f-4896-b9ab-76c88d18a7e5 admin admin] create_initial_revision uuid=3dae7422-e14e-4dbd-80ba-213fe32a7f04, type=security_group_rules, rev=-1 {{(pid=103710) create_initial_revision /opt/stack/neutron/neutron/db/ovn_revision_numbers_db.py:98}}
May 09 09:06:45.433944 np0000173064 devstack@neutron-api.service[103710]: DEBUG neutron.db.ovn_revision_numbers_db [None req-162d3050-d94f-4896-b9ab-76c88d18a7e5 admin admin] create_initial_revision uuid=ae83ec5b-d18b-4075-8790-1884176e06e1, type=security_group_rules, rev=-1 {{(pid=103710) create_initial_revision /opt/stack/neutron/neutron/db/ovn_revision_numbers_db.py:98}}
May 09 09:06:45.441976 np0000173064 devstack@neutron-api.service[103710]: DEBUG neutron_lib.callbacks.manager [None req-162d3050-d94f-4896-b9ab-76c88d18a7e5 admin admin] Publish callbacks ['neutron.plugins.ml2.drivers.ovn.mech_driver.mech_driver.OVNMechanismDriver._create_security_group-837927', 'neutron.plugins.ml2.ovo_rpc._ObjectChangeHandler.handle_event-3906775'] for security_group (5eed674f-6585-4038-84af-1c62540d20c0), after_create {{(pid=103710) _notify_loop /opt/stack/data/venv/lib/python3.12/site-packages/neutron_lib/callbacks/manager.py:184}}
May 09 09:06:45.444426 np0000173064 devstack@neutron-api.service[103710]: DEBUG ovsdbapp.backend.ovs_idl.transaction [-] Running txn n=1 command(idx=0): PgAddCommand(_result=None, name=pg_5eed674f_6585_4038_84af_1c62540d20c0, may_exist=False, columns={'acls': [], 'external_ids': {'neutron:security_group_id': '5eed674f-6585-4038-84af-1c62540d20c0'}}) {{(pid=103710) do_commit /opt/stack/data/venv/lib/python3.12/site-packages/ovsdbapp/backend/ovs_idl/transaction.py:89}}
May 09 09:06:45.450971 np0000173064 devstack@neutron-api.service[103710]: DEBUG ovsdbapp.backend.ovs_idl.transaction [-] Running txn n=1 command(idx=1): PgAclAddCommand(_result=None, entity=pg_5eed674f_6585_4038_84af_1c62540d20c0, direction=to-lport, priority=1002, match=outport == @pg_5eed674f_6585_4038_84af_1c62540d20c0 && ip4 && ip4.src == $pg_5eed674f_6585_4038_84af_1c62540d20c0_ip4, action=allow-related, log=False, may_exist=True, severity=[], name=[], meter=[], external_ids={'neutron:security_group_rule_id': '1e3f304d-cebd-45ed-9e1f-bc88eccae575'}) {{(pid=103710) do_commit /opt/stack/data/venv/lib/python3.12/site-packages/ovsdbapp/backend/ovs_idl/transaction.py:89}}
May 09 09:06:45.451427 np0000173064 devstack@neutron-api.service[103710]: DEBUG ovsdbapp.backend.ovs_idl.transaction [-] Running txn n=1 command(idx=2): PgAclAddCommand(_result=None, entity=pg_5eed674f_6585_4038_84af_1c62540d20c0, direction=to-lport, priority=1002, match=outport == @pg_5eed674f_6585_4038_84af_1c62540d20c0 && ip6 && ip6.src == $pg_5eed674f_6585_4038_84af_1c62540d20c0_ip6, action=allow-related, log=False, may_exist=True, severity=[], name=[], meter=[], external_ids={'neutron:security_group_rule_id': '3c57908a-5008-467d-91d7-3ea5cba1094d'}) {{(pid=103710) do_commit /opt/stack/data/venv/lib/python3.12/site-packages/ovsdbapp/backend/ovs_idl/transaction.py:89}}
May 09 09:06:45.451748 np0000173064 devstack@neutron-api.service[103710]: DEBUG ovsdbapp.backend.ovs_idl.transaction [-] Running txn n=1 command(idx=3): PgAclAddCommand(_result=None, entity=pg_5eed674f_6585_4038_84af_1c62540d20c0, direction=from-lport, priority=1002, match=inport == @pg_5eed674f_6585_4038_84af_1c62540d20c0 && ip6, action=allow-related, log=False, may_exist=True, severity=[], name=[], meter=[], external_ids={'neutron:security_group_rule_id': '3dae7422-e14e-4dbd-80ba-213fe32a7f04'}) {{(pid=103710) do_commit /opt/stack/data/venv/lib/python3.12/site-packages/ovsdbapp/backend/ovs_idl/transaction.py:89}}
May 09 09:06:45.452028 np0000173064 devstack@neutron-api.service[103710]: DEBUG ovsdbapp.backend.ovs_idl.transaction [-] Running txn n=1 command(idx=4): PgAclAddCommand(_result=None, entity=pg_5eed674f_6585_4038_84af_1c62540d20c0, direction=from-lport, priority=1002, match=inport == @pg_5eed674f_6585_4038_84af_1c62540d20c0 && ip4, action=allow-related, log=False, may_exist=True, severity=[], name=[], meter=[], external_ids={'neutron:security_group_rule_id': 'ae83ec5b-d18b-4075-8790-1884176e06e1'}) {{(pid=103710) do_commit /opt/stack/data/venv/lib/python3.12/site-packages/ovsdbapp/backend/ovs_idl/transaction.py:89}}
May 09 09:06:45.457207 np0000173064 devstack@neutron-api.service[103710]: DEBUG neutron.plugins.ml2.drivers.ovn.mech_driver.ovsdb.ovsdb_monitor [-] Hash Ring: Node 316542150fd557e08c4ff548fc09be06 (host: np0000173064) handling event "create" for row 55012f80-8b5a-42a2-bba9-de5bafd65f3e (table: ACL) {{(pid=103710) notify /opt/stack/neutron/neutron/plugins/ml2/drivers/ovn/mech_driver/ovsdb/ovsdb_monitor.py:942}}
May 09 09:06:45.457207 np0000173064 devstack@neutron-api.service[103710]: DEBUG neutron.plugins.ml2.drivers.ovn.mech_driver.ovsdb.ovsdb_monitor [-] Hash Ring: Node 316542150fd557e08c4ff548fc09be06 (host: np0000173064) handling event "create" for row d728eb03-8684-4a91-84c5-949b8b8d126c (table: ACL) {{(pid=103710) notify /opt/stack/neutron/neutron/plugins/ml2/drivers/ovn/mech_driver/ovsdb/ovsdb_monitor.py:942}}
May 09 09:06:45.457399 np0000173064 devstack@neutron-api.service[103710]: DEBUG neutron.plugins.ml2.drivers.ovn.mech_driver.ovsdb.ovsdb_monitor [-] Hash Ring: Node 316542150fd557e08c4ff548fc09be06 (host: np0000173064) handling event "create" for row d8074880-7fe7-44b3-8983-ae9ba7e6f8b3 (table: ACL) {{(pid=103710) notify /opt/stack/neutron/neutron/plugins/ml2/drivers/ovn/mech_driver/ovsdb/ovsdb_monitor.py:942}}
May 09 09:06:45.457399 np0000173064 devstack@neutron-api.service[103710]: DEBUG neutron.plugins.ml2.drivers.ovn.mech_driver.ovsdb.ovsdb_monitor [-] Hash Ring: Node 316542150fd557e08c4ff548fc09be06 (host: np0000173064) handling event "create" for row e3b063fc-c580-4ce0-a074-6a933c36f3ef (table: ACL) {{(pid=103710) notify /opt/stack/neutron/neutron/plugins/ml2/drivers/ovn/mech_driver/ovsdb/ovsdb_monitor.py:942}}
May 09 09:06:45.457600 np0000173064 devstack@neutron-api.service[103710]: DEBUG neutron.plugins.ml2.drivers.ovn.mech_driver.ovsdb.ovsdb_monitor [-] Hash Ring: Node 316542150fd557e08c4ff548fc09be06 (host: np0000173064) handling event "create" for row f472a0b3-80e8-453f-9def-c251be854d98 (table: Port_Group) {{(pid=103710) notify /opt/stack/neutron/neutron/plugins/ml2/drivers/ovn/mech_driver/ovsdb/ovsdb_monitor.py:942}}
May 09 09:06:45.463204 np0000173064 devstack@neutron-api.service[103707]: DEBUG neutron.plugins.ml2.drivers.ovn.mech_driver.ovsdb.ovsdb_monitor [-] Hash Ring: Node 1b3ea0cfd3af5863bc0e88139a8171d8 (host: np0000173064) handling event "create" for row 55012f80-8b5a-42a2-bba9-de5bafd65f3e (table: ACL) {{(pid=103707) notify /opt/stack/neutron/neutron/plugins/ml2/drivers/ovn/mech_driver/ovsdb/ovsdb_monitor.py:942}}
May 09 09:06:45.463588 np0000173064 devstack@neutron-api.service[103708]: DEBUG neutron.plugins.ml2.drivers.ovn.mech_driver.ovsdb.ovsdb_monitor [-] Hash Ring: Node 9acf3fd448725f06813bc78268dd5e85 (host: np0000173064) handling event "create" for row d728eb03-8684-4a91-84c5-949b8b8d126c (table: ACL) {{(pid=103708) notify /opt/stack/neutron/neutron/plugins/ml2/drivers/ovn/mech_driver/ovsdb/ovsdb_monitor.py:942}}
May 09 09:06:45.463824 np0000173064 devstack@neutron-api.service[103707]: DEBUG neutron.plugins.ml2.drivers.ovn.mech_driver.ovsdb.ovsdb_monitor [-] Hash Ring: Node 1b3ea0cfd3af5863bc0e88139a8171d8 (host: np0000173064) handling event "create" for row f472a0b3-80e8-453f-9def-c251be854d98 (table: Port_Group) {{(pid=103707) notify /opt/stack/neutron/neutron/plugins/ml2/drivers/ovn/mech_driver/ovsdb/ovsdb_monitor.py:942}}
May 09 09:06:45.463875 np0000173064 devstack@neutron-api.service[103708]: DEBUG neutron.plugins.ml2.drivers.ovn.mech_driver.ovsdb.ovsdb_monitor [-] Hash Ring: Node 9acf3fd448725f06813bc78268dd5e85 (host: np0000173064) handling event "create" for row d8074880-7fe7-44b3-8983-ae9ba7e6f8b3 (table: ACL) {{(pid=103708) notify /opt/stack/neutron/neutron/plugins/ml2/drivers/ovn/mech_driver/ovsdb/ovsdb_monitor.py:942}}
May 09 09:06:45.463984 np0000173064 devstack@neutron-api.service[103708]: DEBUG neutron.plugins.ml2.drivers.ovn.mech_driver.ovsdb.ovsdb_monitor [-] Hash Ring: Node 9acf3fd448725f06813bc78268dd5e85 (host: np0000173064) handling event "create" for row e3b063fc-c580-4ce0-a074-6a933c36f3ef (table: ACL) {{(pid=103708) notify /opt/stack/neutron/neutron/plugins/ml2/drivers/ovn/mech_driver/ovsdb/ovsdb_monitor.py:942}}
May 09 09:06:45.491888 np0000173064 devstack@neutron-api.service[103710]: INFO neutron.db.ovn_revision_numbers_db [None req-162d3050-d94f-4896-b9ab-76c88d18a7e5 admin admin] Successfully bumped revision number for resource 5eed674f-6585-4038-84af-1c62540d20c0 (type: security_groups) to 1
May 09 09:06:45.510995 np0000173064 devstack@neutron-api.service[103710]: INFO neutron.db.ovn_revision_numbers_db [None req-162d3050-d94f-4896-b9ab-76c88d18a7e5 admin admin] Successfully bumped revision number for resource 1e3f304d-cebd-45ed-9e1f-bc88eccae575 (type: security_group_rules) to 0
May 09 09:06:45.523652 np0000173064 devstack@neutron-api.service[103710]: INFO neutron.db.ovn_revision_numbers_db [None req-162d3050-d94f-4896-b9ab-76c88d18a7e5 admin admin] Successfully bumped revision number for resource 3c57908a-5008-467d-91d7-3ea5cba1094d (type: security_group_rules) to 0
May 09 09:06:45.536845 np0000173064 devstack@neutron-api.service[103710]: INFO neutron.db.ovn_revision_numbers_db [None req-162d3050-d94f-4896-b9ab-76c88d18a7e5 admin admin] Successfully bumped revision number for resource 3dae7422-e14e-4dbd-80ba-213fe32a7f04 (type: security_group_rules) to 0
May 09 09:06:45.550713 np0000173064 devstack@neutron-api.service[103710]: INFO neutron.db.ovn_revision_numbers_db [None req-162d3050-d94f-4896-b9ab-76c88d18a7e5 admin admin] Successfully bumped revision number for resource ae83ec5b-d18b-4075-8790-1884176e06e1 (type: security_group_rules) to 0
May 09 09:06:45.575551 np0000173064 devstack@neutron-api.service[103710]: DEBUG neutron.api.rpc.handlers.resources_rpc [None req-162d3050-d94f-4896-b9ab-76c88d18a7e5 admin admin] Pushing event updated for resources: {'SecurityGroup': ['ID=5eed674f-6585-4038-84af-1c62540d20c0,revision_number=1']} {{(pid=103710) push /opt/stack/neutron/neutron/api/rpc/handlers/resources_rpc.py:237}}
May 09 09:06:45.584434 np0000173064 devstack@neutron-api.service[103710]: DEBUG ovsdbapp.backend.ovs_idl.transaction [-] Running txn n=1 command(idx=0): CheckLivenessCommand(_result=None) {{(pid=103710) do_commit /opt/stack/data/venv/lib/python3.12/site-packages/ovsdbapp/backend/ovs_idl/transaction.py:89}}
May 09 09:06:45.588671 np0000173064 devstack@neutron-api.service[103707]: DEBUG neutron.plugins.ml2.drivers.ovn.mech_driver.ovsdb.ovsdb_monitor [-] Hash Ring: Node 1b3ea0cfd3af5863bc0e88139a8171d8 (host: np0000173064) handling event "update" for row 934926bf-0087-4151-a073-e9405cd31280 (table: NB_Global) {{(pid=103707) notify /opt/stack/neutron/neutron/plugins/ml2/drivers/ovn/mech_driver/ovsdb/ovsdb_monitor.py:942}}
May 09 09:06:45.590294 np0000173064 devstack@neutron-api.service[103707]: DEBUG neutron.plugins.ml2.drivers.ovn.mech_driver.ovsdb.ovsdb_monitor [-] Hash Ring: Node 1b3ea0cfd3af5863bc0e88139a8171d8 (host: np0000173064) handling event "update" for row 934926bf-0087-4151-a073-e9405cd31280 (table: NB_Global) {{(pid=103707) notify /opt/stack/neutron/neutron/plugins/ml2/drivers/ovn/mech_driver/ovsdb/ovsdb_monitor.py:942}}
May 09 09:06:45.592396 np0000173064 devstack@neutron-api.service[103710]: DEBUG neutron.plugins.ml2.drivers.ovn.mech_driver.ovsdb.ovsdb_monitor [-] Hash Ring: Node 316542150fd557e08c4ff548fc09be06 (host: np0000173064) handling event "update" for row 934926bf-0087-4151-a073-e9405cd31280 (table: NB_Global) {{(pid=103710) notify /opt/stack/neutron/neutron/plugins/ml2/drivers/ovn/mech_driver/ovsdb/ovsdb_monitor.py:942}}
May 09 09:06:45.594022 np0000173064 devstack@neutron-api.service[103708]: DEBUG neutron.plugins.ml2.drivers.ovn.mech_driver.ovsdb.ovsdb_monitor [-] ChassisAgentWriteEvent : Matched Chassis_Private, update, None None {{(pid=103708) matches /opt/stack/neutron/neutron/plugins/ml2/drivers/ovn/mech_driver/ovsdb/ovsdb_monitor.py:64}}
May 09 09:06:45.594627 np0000173064 devstack@neutron-api.service[103710]: DEBUG neutron.plugins.ml2.drivers.ovn.mech_driver.ovsdb.ovsdb_monitor [-] ChassisAgentWriteEvent : Matched Chassis_Private, update, None None {{(pid=103710) matches /opt/stack/neutron/neutron/plugins/ml2/drivers/ovn/mech_driver/ovsdb/ovsdb_monitor.py:64}}
May 09 09:06:45.597534 np0000173064 devstack@neutron-api.service[103709]: DEBUG neutron.plugins.ml2.drivers.ovn.mech_driver.ovsdb.ovsdb_monitor [-] ChassisAgentWriteEvent : Matched Chassis_Private, update, None None {{(pid=103709) matches /opt/stack/neutron/neutron/plugins/ml2/drivers/ovn/mech_driver/ovsdb/ovsdb_monitor.py:64}}
May 09 09:06:45.597939 np0000173064 devstack@neutron-api.service[103707]: DEBUG neutron.plugins.ml2.drivers.ovn.mech_driver.ovsdb.ovsdb_monitor [-] Hash Ring: Node 1b3ea0cfd3af5863bc0e88139a8171d8 (host: np0000173064) handling event "update" for row 934926bf-0087-4151-a073-e9405cd31280 (table: NB_Global) {{(pid=103707) notify /opt/stack/neutron/neutron/plugins/ml2/drivers/ovn/mech_driver/ovsdb/ovsdb_monitor.py:942}}
May 09 09:06:45.597939 np0000173064 devstack@neutron-api.service[103707]: DEBUG neutron.plugins.ml2.drivers.ovn.mech_driver.ovsdb.ovsdb_monitor [-] Hash Ring: Node 1b3ea0cfd3af5863bc0e88139a8171d8 (host: np0000173064) handling event "update" for row 934926bf-0087-4151-a073-e9405cd31280 (table: NB_Global) {{(pid=103707) notify /opt/stack/neutron/neutron/plugins/ml2/drivers/ovn/mech_driver/ovsdb/ovsdb_monitor.py:942}}
May 09 09:06:45.597939 np0000173064 devstack@neutron-api.service[103707]: DEBUG neutron.plugins.ml2.drivers.ovn.mech_driver.ovsdb.ovsdb_monitor [-] ChassisAgentWriteEvent : Matched Chassis_Private, update, None None {{(pid=103707) matches /opt/stack/neutron/neutron/plugins/ml2/drivers/ovn/mech_driver/ovsdb/ovsdb_monitor.py:64}}
May 09 09:06:45.597939 np0000173064 devstack@neutron-api.service[103707]: DEBUG neutron.plugins.ml2.drivers.ovn.mech_driver.ovsdb.ovsdb_monitor [-] Hash Ring: Node 1b3ea0cfd3af5863bc0e88139a8171d8 (host: np0000173064) handling event "update" for row eb88175f-4e72-4116-9780-fd2ed18cd071 (table: Chassis_Private) {{(pid=103707) notify /opt/stack/neutron/neutron/plugins/ml2/drivers/ovn/mech_driver/ovsdb/ovsdb_monitor.py:942}}
May 09 09:06:45.599279 np0000173064 devstack@neutron-api.service[103710]: DEBUG neutron.common.ovn.hash_ring_manager [-] Allow caching, nodes 4>=4 {{(pid=103710) _wait_startup_before_caching /opt/stack/neutron/neutron/common/ovn/hash_ring_manager.py:65}}
May 09 09:06:45.599508 np0000173064 devstack@neutron-api.service[103710]: DEBUG neutron.plugins.ml2.drivers.ovn.mech_driver.ovsdb.ovsdb_monitor [-] Hash Ring: Node 316542150fd557e08c4ff548fc09be06 (host: np0000173064) handling event "update" for row eb88175f-4e72-4116-9780-fd2ed18cd071 (table: Chassis_Private) {{(pid=103710) notify /opt/stack/neutron/neutron/plugins/ml2/drivers/ovn/mech_driver/ovsdb/ovsdb_monitor.py:942}}
May 09 09:06:45.599843 np0000173064 devstack@neutron-api.service[103708]: DEBUG neutron.plugins.ml2.drivers.ovn.mech_driver.ovsdb.ovsdb_monitor [-] ChassisOVNAgentWriteEvent : Matched Chassis_Private, update, None None {{(pid=103708) matches /opt/stack/neutron/neutron/plugins/ml2/drivers/ovn/mech_driver/ovsdb/ovsdb_monitor.py:64}}
May 09 09:06:45.599968 np0000173064 devstack@neutron-api.service[103709]: DEBUG neutron.plugins.ml2.drivers.ovn.mech_driver.ovsdb.ovsdb_monitor [-] ChassisOVNAgentWriteEvent : Matched Chassis_Private, update, None None {{(pid=103709) matches /opt/stack/neutron/neutron/plugins/ml2/drivers/ovn/mech_driver/ovsdb/ovsdb_monitor.py:64}}
May 09 09:06:45.601211 np0000173064 devstack@neutron-api.service[103710]: DEBUG neutron.plugins.ml2.drivers.ovn.mech_driver.ovsdb.ovsdb_monitor [-] ChassisOVNAgentWriteEvent : Matched Chassis_Private, update, None None {{(pid=103710) matches /opt/stack/neutron/neutron/plugins/ml2/drivers/ovn/mech_driver/ovsdb/ovsdb_monitor.py:64}}
May 09 09:06:45.601577 np0000173064 devstack@neutron-api.service[103710]: DEBUG neutron.plugins.ml2.drivers.ovn.mech_driver.ovsdb.ovsdb_monitor [-] Hash Ring: Node 316542150fd557e08c4ff548fc09be06 (host: np0000173064) handling event "update" for row eb88175f-4e72-4116-9780-fd2ed18cd071 (table: Chassis_Private) {{(pid=103710) notify /opt/stack/neutron/neutron/plugins/ml2/drivers/ovn/mech_driver/ovsdb/ovsdb_monitor.py:942}}
May 09 09:06:45.602700 np0000173064 devstack@neutron-api.service[103710]: DEBUG neutron.plugins.ml2.drivers.ovn.mech_driver.ovsdb.ovsdb_monitor [-] Hash Ring: Node 316542150fd557e08c4ff548fc09be06 (host: np0000173064) handling event "update" for row 934926bf-0087-4151-a073-e9405cd31280 (table: NB_Global) {{(pid=103710) notify /opt/stack/neutron/neutron/plugins/ml2/drivers/ovn/mech_driver/ovsdb/ovsdb_monitor.py:942}}
May 09 09:06:45.602879 np0000173064 devstack@neutron-api.service[103707]: DEBUG neutron.plugins.ml2.drivers.ovn.mech_driver.ovsdb.ovsdb_monitor [-] ChassisOVNAgentWriteEvent : Matched Chassis_Private, update, None None {{(pid=103707) matches /opt/stack/neutron/neutron/plugins/ml2/drivers/ovn/mech_driver/ovsdb/ovsdb_monitor.py:64}}
May 09 09:06:45.603249 np0000173064 devstack@neutron-api.service[103707]: DEBUG neutron.plugins.ml2.drivers.ovn.mech_driver.ovsdb.ovsdb_monitor [-] Hash Ring: Node 1b3ea0cfd3af5863bc0e88139a8171d8 (host: np0000173064) handling event "update" for row eb88175f-4e72-4116-9780-fd2ed18cd071 (table: Chassis_Private) {{(pid=103707) notify /opt/stack/neutron/neutron/plugins/ml2/drivers/ovn/mech_driver/ovsdb/ovsdb_monitor.py:942}}
May 09 09:06:45.603723 np0000173064 devstack@neutron-api.service[103710]: DEBUG neutron.plugins.ml2.drivers.ovn.mech_driver.ovsdb.ovsdb_monitor [-] Hash Ring: Node 316542150fd557e08c4ff548fc09be06 (host: np0000173064) handling event "update" for row 934926bf-0087-4151-a073-e9405cd31280 (table: NB_Global) {{(pid=103710) notify /opt/stack/neutron/neutron/plugins/ml2/drivers/ovn/mech_driver/ovsdb/ovsdb_monitor.py:942}}
May 09 09:06:45.604494 np0000173064 devstack@neutron-api.service[103710]: DEBUG neutron.plugins.ml2.drivers.ovn.mech_driver.ovsdb.ovsdb_monitor [-] Hash Ring: Node 316542150fd557e08c4ff548fc09be06 (host: np0000173064) handling event "update" for row 934926bf-0087-4151-a073-e9405cd31280 (table: NB_Global) {{(pid=103710) notify /opt/stack/neutron/neutron/plugins/ml2/drivers/ovn/mech_driver/ovsdb/ovsdb_monitor.py:942}}
May 09 09:06:45.608973 np0000173064 devstack@neutron-api.service[103710]: DEBUG neutron.api.rpc.callbacks.version_manager [None req-162d3050-d94f-4896-b9ab-76c88d18a7e5 admin admin] Tracked resource versions report:
May 09 09:06:45.608973 np0000173064 devstack@neutron-api.service[103710]: pushed versions:
May 09 09:06:45.608973 np0000173064 devstack@neutron-api.service[103710]: { 'AddressGroup': {'1.2'},
May 09 09:06:45.608973 np0000173064 devstack@neutron-api.service[103710]: 'Agent': {'1.1'},
May 09 09:06:45.608973 np0000173064 devstack@neutron-api.service[103710]: 'ConntrackHelper': {'1.0'},
May 09 09:06:45.608973 np0000173064 devstack@neutron-api.service[103710]: 'LocalIPAssociation': {'1.0'},
May 09 09:06:45.608973 np0000173064 devstack@neutron-api.service[103710]: 'Log': {'1.0'},
May 09 09:06:45.608973 np0000173064 devstack@neutron-api.service[103710]: 'NDPProxy': {'1.0'},
May 09 09:06:45.608973 np0000173064 devstack@neutron-api.service[103710]: 'Network': {'1.2'},
May 09 09:06:45.608973 np0000173064 devstack@neutron-api.service[103710]: 'Port': {'1.10'},
May 09 09:06:45.608973 np0000173064 devstack@neutron-api.service[103710]: 'PortForwarding': {'1.3'},
May 09 09:06:45.608973 np0000173064 devstack@neutron-api.service[103710]: 'QosPolicy': {'1.10'},
May 09 09:06:45.608973 np0000173064 devstack@neutron-api.service[103710]: 'SecurityGroup': {'1.6'},
May 09 09:06:45.608973 np0000173064 devstack@neutron-api.service[103710]: 'SecurityGroupRule': {'1.3'},
May 09 09:06:45.608973 np0000173064 devstack@neutron-api.service[103710]: 'SubPort': {'1.0'},
May 09 09:06:45.608973 np0000173064 devstack@neutron-api.service[103710]: 'Subnet': {'1.2'},
May 09 09:06:45.608973 np0000173064 devstack@neutron-api.service[103710]: 'Trunk': {'1.1'}}
May 09 09:06:45.608973 np0000173064 devstack@neutron-api.service[103710]: consumer versions:
May 09 09:06:45.608973 np0000173064 devstack@neutron-api.service[103710]: { OVN Neutron agent@np0000173064: {},
May 09 09:06:45.608973 np0000173064 devstack@neutron-api.service[103710]: OVN Controller Gateway agent@np0000173064: {}}
May 09 09:06:45.608973 np0000173064 devstack@neutron-api.service[103710]: {{(pid=103710) report /opt/stack/neutron/neutron/api/rpc/callbacks/version_manager.py:183}}
