2026-05-05 18:10:42.341 8 INFO placement.requestlog [None req-a27baed3-e63b-4297-bd5e-0c36ffb404f0 a1cbc82bef1447d7a391e46524c15510 3f544f36531947df9ac743fab23945e2 - - f4a3883b05ba4f7ba92ee4b671ce147b f4a3883b05ba4f7ba92ee4b671ce147b] 10.0.0.221 "GET /resource_providers/055c3526-e45a-4331-897d-03bd80722323/aggregates" status: 404 len: 235 microversion: 1.1 [pid: 8|app: 0|req: 588/1190] 10.0.0.221 () {32 vars in 816 bytes} [Tue May 5 18:10:42 2026] GET /resource_providers/055c3526-e45a-4331-897d-03bd80722323/aggregates => generated 235 bytes in 12 msecs (HTTP/1.1 404) 5 headers in 202 bytes (1 switches on core 0)
2026-05-05 18:10:42.369 7 INFO placement.requestlog [None req-9702513a-8adc-4ac9-90df-618caf9e3141 a1cbc82bef1447d7a391e46524c15510 3f544f36531947df9ac743fab23945e2 - - f4a3883b05ba4f7ba92ee4b671ce147b f4a3883b05ba4f7ba92ee4b671ce147b] 10.0.0.221 "DELETE /resource_providers/055c3526-e45a-4331-897d-03bd80722323" status: 404 len: 246 microversion: 1.1 [pid: 7|app: 0|req: 603/1191] 10.0.0.221 () {34 vars in 816 bytes} [Tue May 5 18:10:42 2026] DELETE /resource_providers/055c3526-e45a-4331-897d-03bd80722323 => generated 246 bytes in 8 msecs (HTTP/1.1 404) 6 headers in 231 bytes (1 switches on core 0)
2026-05-05 18:10:42.372 8 INFO placement.requestlog [None req-55c76353-92ad-48d3-916c-1442b004c9fc a1cbc82bef1447d7a391e46524c15510 3f544f36531947df9ac743fab23945e2 - - f4a3883b05ba4f7ba92ee4b671ce147b f4a3883b05ba4f7ba92ee4b671ce147b] 10.0.0.221 "DELETE /resource_providers/055c3526-e45a-4331-897d-03bd80722323" status: 404 len: 246 microversion: 1.1 [pid: 8|app: 0|req: 589/1192] 10.0.0.221 () {34 vars in 816 bytes} [Tue May 5 18:10:42 2026] DELETE /resource_providers/055c3526-e45a-4331-897d-03bd80722323 => generated 246 bytes in 9 msecs (HTTP/1.1 404) 6 headers in 231 bytes (1 switches on core 0)
2026-05-05 18:10:42.519 7 INFO placement.requestlog [None req-ae7d3ba4-30b3-4da2-b889-27778a51020b - - - - - -] 10.0.0.25 "GET /" status: 200 len: 136 microversion: 1.0
2026-05-05 18:10:42.520 8 INFO placement.requestlog [None req-e01b67c7-a478-4eb9-b1bc-a896629cd574 - - - - - -] 10.0.0.25 "GET /" status: 200 len: 136 microversion: 1.0
2026-05-05 18:10:52.519 7 INFO placement.requestlog [None req-32b69780-a814-44be-81f7-d3857b8c999a - - - - - -] 10.0.0.25 "GET /" status: 200 len: 136 microversion: 1.0
2026-05-05 18:10:52.523 8 INFO placement.requestlog [None req-6b16e14c-736e-42b6-9cd7-8d0f93387675 - - - - - -] 10.0.0.25 "GET /" status: 200 len: 136 microversion: 1.0
2026-05-05 18:11:02.518 7 INFO placement.requestlog [None req-0c2aa985-384c-4e34-a173-dfad3843c695 - - - - - -] 10.0.0.25 "GET /" status: 200 len: 136 microversion: 1.0
2026-05-05 18:11:02.521 8 INFO placement.requestlog [None req-1ebba941-b8ca-4d40-aab4-0e398de4615e - - - - - -] 10.0.0.25 "GET /" status: 200 len: 136 microversion: 1.0
2026-05-05 18:11:06.109 7 INFO placement.requestlog [req-50896d45-a467-4d24-8a80-2a91f0cb22c3 req-d10f07be-6e41-40c4-9b59-e5a47a198c86 0a63f11d661f4289b675da7117408337 3f544f36531947df9ac743fab23945e2 - - f4a3883b05ba4f7ba92ee4b671ce147b f4a3883b05ba4f7ba92ee4b671ce147b] 199.19.213.235 "GET /resource_providers/dc47f81d-5bc2-4023-b304-ba3be2ada551/allocations" status: 200 len: 253 microversion: 1.0 [pid: 7|app: 0|req: 607/1199] 199.19.213.235 () {32 vars in 857 bytes} [Tue May 5 18:11:06 2026] GET /resource_providers/dc47f81d-5bc2-4023-b304-ba3be2ada551/allocations => generated 253 bytes in 23 msecs (HTTP/1.1 200) 6 headers in 224 bytes (1 switches on core 0)
2026-05-05 18:11:06.141 8 INFO placement.requestlog [req-50896d45-a467-4d24-8a80-2a91f0cb22c3 req-aedacba6-9469-42fd-b6d1-3aa9b32188bc 0a63f11d661f4289b675da7117408337 3f544f36531947df9ac743fab23945e2 - - f4a3883b05ba4f7ba92ee4b671ce147b f4a3883b05ba4f7ba92ee4b671ce147b] 199.19.213.235 "GET /resource_providers/dc47f81d-5bc2-4023-b304-ba3be2ada551/allocations" status: 200 len: 253 microversion: 1.0 [pid: 8|app: 0|req: 593/1200] 199.19.213.235 () {32 vars in 857 bytes} [Tue May 5 18:11:06 2026] GET /resource_providers/dc47f81d-5bc2-4023-b304-ba3be2ada551/allocations => generated 253 bytes in 20 msecs (HTTP/1.1 200) 6 headers in 224 bytes (1 switches on core 0)
2026-05-05 18:11:06.162 7 INFO placement.requestlog [req-50896d45-a467-4d24-8a80-2a91f0cb22c3 req-d22529a2-427e-4673-8ffd-da1459135763 0a63f11d661f4289b675da7117408337 3f544f36531947df9ac743fab23945e2 - - f4a3883b05ba4f7ba92ee4b671ce147b f4a3883b05ba4f7ba92ee4b671ce147b] 199.19.213.235 "GET /allocations/b5e1c81d-0fe6-476a-9fcb-779ed8cf561c" status: 200 len: 258 microversion: 1.28 [pid: 7|app: 0|req: 608/1201] 199.19.213.235 () {34 vars in 863 bytes} [Tue May 5 18:11:06 2026] GET /allocations/b5e1c81d-0fe6-476a-9fcb-779ed8cf561c => generated 258 bytes in 13 msecs (HTTP/1.1 200) 8 headers in 296 bytes (1 switches on core 0)
2026-05-05 18:11:06.181 8 INFO placement.requestlog [req-50896d45-a467-4d24-8a80-2a91f0cb22c3 req-7f34ae04-b7fb-49b6-b5d0-35ecdddbecfb 0a63f11d661f4289b675da7117408337 3f544f36531947df9ac743fab23945e2 - - f4a3883b05ba4f7ba92ee4b671ce147b f4a3883b05ba4f7ba92ee4b671ce147b] 199.19.213.235 "GET /allocations/50b630c5-260a-41b1-979d-47faafb0e007" status: 200 len: 258 microversion: 1.28 [pid: 8|app: 0|req: 594/1202] 199.19.213.235 () {34 vars in 863 bytes} [Tue May 5 18:11:06 2026] GET /allocations/50b630c5-260a-41b1-979d-47faafb0e007 => generated 258 bytes in 12 msecs (HTTP/1.1 200) 8 headers in 296 bytes (1 switches on core 0)
2026-05-05 18:11:08.994 7 INFO placement.requestlog [req-1f81b088-ef55-4b36-b106-387e0a30f693 req-27f5667f-8453-4a34-9713-498237b84d2a 0a63f11d661f4289b675da7117408337 3f544f36531947df9ac743fab23945e2 - - f4a3883b05ba4f7ba92ee4b671ce147b f4a3883b05ba4f7ba92ee4b671ce147b] 10.0.0.56 "GET /allocation_candidates?limit=1000&resources=MEMORY_MB%3A2048%2CVCPU%3A2&root_required=%21COMPUTE_STATUS_DISABLED" status: 200 len: 2137 microversion: 1.36 [pid: 7|app: 0|req: 609/1203] 10.0.0.56 () {34 vars in 985 bytes} [Tue May 5 18:11:08 2026] GET /allocation_candidates?limit=1000&resources=MEMORY_MB%3A2048%2CVCPU%3A2&root_required=%21COMPUTE_STATUS_DISABLED => generated 2137 bytes in 125 msecs (HTTP/1.1 200) 8 headers in 297 bytes (1 switches on core 0)
2026-05-05 18:11:09.028 8 INFO placement.requestlog [req-1f81b088-ef55-4b36-b106-387e0a30f693 req-54e5229b-d48f-41a7-b988-eeac4feeb1cd 0a63f11d661f4289b675da7117408337 3f544f36531947df9ac743fab23945e2 - - f4a3883b05ba4f7ba92ee4b671ce147b f4a3883b05ba4f7ba92ee4b671ce147b] 10.0.0.56 "GET /allocations/7a427a2d-8d00-47d8-8647-33a9aae6c96e" status: 200 len: 19 microversion: 1.28 [pid: 8|app: 0|req: 595/1204] 10.0.0.56 () {34 vars in 860 bytes} [Tue May 5 18:11:09 2026] GET /allocations/7a427a2d-8d00-47d8-8647-33a9aae6c96e => generated 19 bytes in 13 msecs (HTTP/1.1 200) 8 headers in 295 bytes (1 switches on core 0)
2026-05-05 18:11:09.095 7 INFO placement.requestlog [req-1f81b088-ef55-4b36-b106-387e0a30f693 req-c8ce1460-131c-47d2-bcac-2a0386b0cc7a 0a63f11d661f4289b675da7117408337 3f544f36531947df9ac743fab23945e2 - - f4a3883b05ba4f7ba92ee4b671ce147b f4a3883b05ba4f7ba92ee4b671ce147b] 10.0.0.56 "PUT /allocations/7a427a2d-8d00-47d8-8647-33a9aae6c96e" status: 204 len: 0 microversion: 1.36 [pid: 7|app: 0|req: 610/1205] 10.0.0.56 () {38 vars in 913 bytes} [Tue May 5 18:11:09 2026] PUT /allocations/7a427a2d-8d00-47d8-8647-33a9aae6c96e => generated 0 bytes in 60 msecs (HTTP/1.1 204) 5 headers in 199 bytes (1 switches on core 0)
2026-05-05 18:11:09.349 8 INFO placement.requestlog [req-1f81b088-ef55-4b36-b106-387e0a30f693 req-f7d6fdef-cf26-45d3-b4b6-d0ba351de395 0a63f11d661f4289b675da7117408337 3f544f36531947df9ac743fab23945e2 - - f4a3883b05ba4f7ba92ee4b671ce147b f4a3883b05ba4f7ba92ee4b671ce147b] 199.19.213.235 "GET /allocations/7a427a2d-8d00-47d8-8647-33a9aae6c96e" status: 200 len: 245 microversion: 1.28 [pid: 8|app: 0|req: 596/1206] 199.19.213.235 () {34 vars in 863 bytes} [Tue May 5 18:11:09 2026] GET /allocations/7a427a2d-8d00-47d8-8647-33a9aae6c96e => generated 245 bytes in 14 msecs (HTTP/1.1 200) 8 headers in 296 bytes (1 switches on core 0)
2026-05-05 18:11:09.520 7 INFO placement.requestlog [req-1f81b088-ef55-4b36-b106-387e0a30f693 req-a88d55f2-770c-4f22-8a69-2b966b9d2651 0a63f11d661f4289b675da7117408337 3f544f36531947df9ac743fab23945e2 - - f4a3883b05ba4f7ba92ee4b671ce147b f4a3883b05ba4f7ba92ee4b671ce147b] 199.19.213.235 "GET /resource_providers/dc47f81d-5bc2-4023-b304-ba3be2ada551/allocations" status: 200 len: 340 microversion: 1.0 [pid: 7|app: 0|req: 611/1207] 199.19.213.235 () {32 vars in 857 bytes} [Tue May 5 18:11:09 2026] GET /resource_providers/dc47f81d-5bc2-4023-b304-ba3be2ada551/allocations => generated 340 bytes in 22 msecs (HTTP/1.1 200) 6 headers in 224 bytes (1 switches on core 0)
2026-05-05 18:11:09.539 8 INFO placement.requestlog [req-1f81b088-ef55-4b36-b106-387e0a30f693 req-0bebe5f7-6f0d-47fc-893c-0b5396a4bf1c 0a63f11d661f4289b675da7117408337 3f544f36531947df9ac743fab23945e2 - - f4a3883b05ba4f7ba92ee4b671ce147b f4a3883b05ba4f7ba92ee4b671ce147b] 199.19.213.235 "GET /allocations/b5e1c81d-0fe6-476a-9fcb-779ed8cf561c" status: 200 len: 258 microversion: 1.28 [pid: 8|app: 0|req: 597/1208] 199.19.213.235 () {34 vars in 863 bytes} [Tue May 5 18:11:09 2026] GET /allocations/b5e1c81d-0fe6-476a-9fcb-779ed8cf561c => generated 258 bytes in 10 msecs (HTTP/1.1 200) 8 headers in 296 bytes (1 switches on core 0)
2026-05-05 18:11:09.561 7 INFO placement.requestlog [req-1f81b088-ef55-4b36-b106-387e0a30f693 req-d11acc0f-0809-4fbb-8090-a50953ed6a60 0a63f11d661f4289b675da7117408337 3f544f36531947df9ac743fab23945e2 - - f4a3883b05ba4f7ba92ee4b671ce147b f4a3883b05ba4f7ba92ee4b671ce147b] 199.19.213.235 "GET /allocations/7a427a2d-8d00-47d8-8647-33a9aae6c96e" status: 200 len: 245 microversion: 1.28 [pid: 7|app: 0|req: 612/1209] 199.19.213.235 () {34 vars in 863 bytes} [Tue May 5 18:11:09 2026] GET /allocations/7a427a2d-8d00-47d8-8647-33a9aae6c96e => generated 245 bytes in 13 msecs (HTTP/1.1 200) 8 headers in 296 bytes (1 switches on core 0)
2026-05-05 18:11:09.589 8 INFO placement.requestlog [req-1f81b088-ef55-4b36-b106-387e0a30f693 req-19ec4d57-17c2-4df5-a225-2c16148d41e7 0a63f11d661f4289b675da7117408337 3f544f36531947df9ac743fab23945e2 - - f4a3883b05ba4f7ba92ee4b671ce147b f4a3883b05ba4f7ba92ee4b671ce147b] 199.19.213.235 "GET /allocations/50b630c5-260a-41b1-979d-47faafb0e007" status: 200 len: 258 microversion: 1.28 [pid: 8|app: 0|req: 598/1210] 199.19.213.235 () {34 vars in 863 bytes} [Tue May 5 18:11:09 2026] GET /allocations/50b630c5-260a-41b1-979d-47faafb0e007 => generated 258 bytes in 16 msecs (HTTP/1.1 200) 8 headers in 296 bytes (1 switches on core 0)
2026-05-05 18:11:12.519 7 INFO placement.requestlog [None req-30baf4ef-c6ac-4765-b1c2-277e0da32e16 - - - - - -] 10.0.0.25 "GET /" status: 200 len: 136 microversion: 1.0
2026-05-05 18:11:12.520 8 INFO placement.requestlog [None req-0967a204-ed38-4670-a47c-7920a630e1db - - - - - -] 10.0.0.25 "GET /" status: 200 len: 136 microversion: 1.0
2026-05-05 18:11:22.520 8 INFO placement.requestlog [None req-aee069bc-0764-4d7d-bce5-d88d050bf846 - - - - - -] 10.0.0.25 "GET /" status: 200 len: 136 microversion: 1.0
2026-05-05 18:11:22.520 7 INFO placement.requestlog [None req-e0e02bd1-bcaa-429d-bbed-9a73f4cce015 - - - - - -] 10.0.0.25 "GET /" status: 200 len: 136 microversion: 1.0
2026-05-05 18:11:32.519 7 INFO placement.requestlog [None req-1f436d76-ec3e-48af-8fff-4896f22e2c94 - - - - - -] 10.0.0.25 "GET /" status: 200 len: 136 microversion: 1.0
2026-05-05 18:11:32.519 8 INFO placement.requestlog [None req-6665abbd-3188-463a-b8a7-826e6c9cdc9c - - - - - -] 10.0.0.25 "GET /" status: 200 len: 136 microversion: 1.0
2026-05-05 18:11:42.519 7 INFO placement.requestlog [None req-d0659c5c-7c97-48ad-948b-6db10b3d3f05 - - - - - -] 10.0.0.25 "GET /" status: 200 len: 136 microversion: 1.0
2026-05-05 18:11:42.519 8 INFO placement.requestlog [None req-7f5a2a59-8cfd-4eda-bdc8-86e66d0c8e2d - - - - - -] 10.0.0.25 "GET /" status: 200 len: 136 microversion: 1.0
2026-05-05 18:11:52.520 8 INFO placement.requestlog [None req-7f44a22f-6231-4c5d-8fa9-446e5213bb50 - - - - - -] 10.0.0.25 "GET /" status: 200 len: 136 microversion: 1.0
2026-05-05 18:11:52.520 7 INFO placement.requestlog [None req-f2422fca-9f1e-4b7d-91a3-5c90ef038f99 - - - - - -] 10.0.0.25 "GET /" status: 200 len: 136 microversion: 1.0
2026-05-05 18:12:02.519 8 INFO placement.requestlog [None req-a70c15f0-5028-4352-a123-52ade813f263 - - - - - -] 10.0.0.25 "GET /" status: 200 len: 136 microversion: 1.0
2026-05-05 18:12:02.520 7 INFO placement.requestlog [None req-b73205eb-b39b-4a9f-b819-b9f3d80ac652 - - - - - -] 10.0.0.25 "GET /" status: 200 len: 136 microversion: 1.0
2026-05-05 18:12:06.159 8 INFO placement.requestlog [req-73d3cb3b-a1db-46bc-8716-79c01bd3bdb6 req-8e47f4a8-feef-4bc1-b402-d11f9f5b19e1 0a63f11d661f4289b675da7117408337 3f544f36531947df9ac743fab23945e2 - - f4a3883b05ba4f7ba92ee4b671ce147b f4a3883b05ba4f7ba92ee4b671ce147b] 199.19.213.235 "GET /resource_providers/dc47f81d-5bc2-4023-b304-ba3be2ada551/allocations" status: 200 len: 340 microversion: 1.0 [pid: 8|app: 0|req: 605/1223] 199.19.213.235 () {32 vars in 857 bytes} [Tue May 5 18:12:06 2026] GET /resource_providers/dc47f81d-5bc2-4023-b304-ba3be2ada551/allocations => generated 340 bytes in 20 msecs (HTTP/1.1 200) 6 headers in 224 bytes (1 switches on core 0)
2026-05-05 18:12:06.221 7 INFO placement.requestlog [req-73d3cb3b-a1db-46bc-8716-79c01bd3bdb6 req-3249ecce-6ad9-42be-afb2-0e0ae1a21c24 0a63f11d661f4289b675da7117408337 3f544f36531947df9ac743fab23945e2 - - f4a3883b05ba4f7ba92ee4b671ce147b f4a3883b05ba4f7ba92ee4b671ce147b] 199.19.213.235 "GET /resource_providers/dc47f81d-5bc2-4023-b304-ba3be2ada551/allocations" status: 200 len: 340 microversion: 1.0 [pid: 7|app: 0|req: 619/1224] 199.19.213.235 () {32 vars in 857 bytes} [Tue May 5 18:12:06 2026] GET /resource_providers/dc47f81d-5bc2-4023-b304-ba3be2ada551/allocations => generated 340 bytes in 23 msecs (HTTP/1.1 200) 6 headers in 224 bytes (1 switches on core 0)
2026-05-05 18:12:06.247 8 INFO placement.requestlog [req-73d3cb3b-a1db-46bc-8716-79c01bd3bdb6 req-df9d97be-6e5a-4cfe-8bc9-b0ac131f1b45 0a63f11d661f4289b675da7117408337 3f544f36531947df9ac743fab23945e2 - - f4a3883b05ba4f7ba92ee4b671ce147b f4a3883b05ba4f7ba92ee4b671ce147b] 199.19.213.235 "GET /allocations/b5e1c81d-0fe6-476a-9fcb-779ed8cf561c" status: 200 len: 258 microversion: 1.28 [pid: 8|app: 0|req: 606/1225] 199.19.213.235 () {34 vars in 863 bytes} [Tue May 5 18:12:06 2026] GET /allocations/b5e1c81d-0fe6-476a-9fcb-779ed8cf561c => generated 258 bytes in 14 msecs (HTTP/1.1 200) 8 headers in 296 bytes (1 switches on core 0)
2026-05-05 18:12:06.270 7 INFO placement.requestlog [req-73d3cb3b-a1db-46bc-8716-79c01bd3bdb6 req-f37f00a5-8a9b-4e4f-b44c-73e73bf4a2bf 0a63f11d661f4289b675da7117408337 3f544f36531947df9ac743fab23945e2 - - f4a3883b05ba4f7ba92ee4b671ce147b f4a3883b05ba4f7ba92ee4b671ce147b] 199.19.213.235 "GET /allocations/7a427a2d-8d00-47d8-8647-33a9aae6c96e" status: 200 len: 245 microversion: 1.28 [pid: 7|app: 0|req: 620/1226] 199.19.213.235 () {34 vars in 863 bytes} [Tue May 5 18:12:06 2026] GET /allocations/7a427a2d-8d00-47d8-8647-33a9aae6c96e => generated 245 bytes in 15 msecs (HTTP/1.1 200) 8 headers in 296 bytes (1 switches on core 0)
2026-05-05 18:12:06.292 8 INFO placement.requestlog [req-73d3cb3b-a1db-46bc-8716-79c01bd3bdb6 req-d156bd9d-1f2a-4e85-a1fa-c242b258652a 0a63f11d661f4289b675da7117408337 3f544f36531947df9ac743fab23945e2 - - f4a3883b05ba4f7ba92ee4b671ce147b f4a3883b05ba4f7ba92ee4b671ce147b] 199.19.213.235 "GET /allocations/50b630c5-260a-41b1-979d-47faafb0e007" status: 200 len: 258 microversion: 1.28 [pid: 8|app: 0|req: 607/1227] 199.19.213.235 () {34 vars in 863 bytes} [Tue May 5 18:12:06 2026] GET /allocations/50b630c5-260a-41b1-979d-47faafb0e007 => generated 258 bytes in 13 msecs (HTTP/1.1 200) 8 headers in 296 bytes (1 switches on core 0)
2026-05-05 18:12:12.519 8 INFO placement.requestlog [None req-e14039a4-71cc-4e7f-995e-df0bcd93f5fb - - - - - -] 10.0.0.25 "GET /" status: 200 len: 136 microversion: 1.0
2026-05-05 18:12:12.519 7 INFO placement.requestlog [None req-9ca1fbf5-7381-478f-b5a4-358a39090157 - - - - - -] 10.0.0.25 "GET /" status: 200 len: 136 microversion: 1.0
2026-05-05 18:12:22.518 8 INFO placement.requestlog [None req-d6f85630-d356-449d-9768-12b44a2b702c - - - - - -] 10.0.0.25 "GET /" status: 200 len: 136 microversion: 1.0
2026-05-05 18:12:22.520 7 INFO placement.requestlog [None req-433abe61-c73d-48a3-94ce-398f3b06ad53 - - - - - -] 10.0.0.25 "GET /" status: 200 len: 136 microversion: 1.0
2026-05-05 18:12:32.519 8 INFO placement.requestlog [None req-7f9c9394-3152-4935-a495-107cd8df8c54 - - - - - -] 10.0.0.25 "GET /" status: 200 len: 136 microversion: 1.0
2026-05-05 18:12:32.520 7 INFO placement.requestlog [None req-6ab1c3a6-f79d-4264-94b8-4b2b182e6deb - - - - - -] 10.0.0.25 "GET /" status: 200 len: 136 microversion: 1.0
2026-05-05 18:12:42.519 7 INFO placement.requestlog [None req-609245ec-56ef-40b3-a2f3-c77b06aef129 - - - - - -] 10.0.0.25 "GET /" status: 200 len: 136 microversion: 1.0
2026-05-05 18:12:42.519 8 INFO placement.requestlog [None req-8f66cb93-3bc6-419c-a867-a50dcc93ba82 - - - - - -] 10.0.0.25 "GET /" status: 200 len: 136 microversion: 1.0
2026-05-05 18:12:52.519 7 INFO placement.requestlog [None req-1e5ee8f8-9c93-4f59-9ace-4017221c48e4 - - - - - -] 10.0.0.25 "GET /" status: 200 len: 136 microversion: 1.0
2026-05-05 18:12:52.520 8 INFO placement.requestlog [None req-2178bd1d-4204-40d8-8313-e193b0c5e7d5 - - - - - -] 10.0.0.25 "GET /" status: 200 len: 136 microversion: 1.0
2026-05-05 18:13:02.519 8 INFO placement.requestlog [None req-949c54df-9692-41fd-9417-200c88b73f3c - - - - - -] 10.0.0.25 "GET /" status: 200 len: 136 microversion: 1.0
2026-05-05 18:13:02.519 7 INFO placement.requestlog [None req-024543b1-8d72-479f-a204-8fbe98b21902 - - - - - -] 10.0.0.25 "GET /" status: 200 len: 136 microversion: 1.0
2026-05-05 18:13:04.734 8 INFO placement.requestlog [req-c5114462-7169-4377-b2eb-bafd157af3c9 req-9ec1e850-fb2c-4490-994d-c1ffb8c97682 0a63f11d661f4289b675da7117408337 3f544f36531947df9ac743fab23945e2 - - f4a3883b05ba4f7ba92ee4b671ce147b f4a3883b05ba4f7ba92ee4b671ce147b] 199.19.213.235 "GET /resource_providers/dc47f81d-5bc2-4023-b304-ba3be2ada551/allocations" status: 200 len: 340 microversion: 1.0 [pid: 8|app: 0|req: 614/1240] 199.19.213.235 () {32 vars in 857 bytes} [Tue May 5 18:13:04 2026] GET /resource_providers/dc47f81d-5bc2-4023-b304-ba3be2ada551/allocations => generated 340 bytes in 17 msecs (HTTP/1.1 200) 6 headers in 224 bytes (1 switches on core 0)
2026-05-05 18:13:04.758 7 INFO placement.requestlog [req-c5114462-7169-4377-b2eb-bafd157af3c9 req-1219f9a6-1388-4308-bb06-6d397e620b49 0a63f11d661f4289b675da7117408337 3f544f36531947df9ac743fab23945e2 - - f4a3883b05ba4f7ba92ee4b671ce147b f4a3883b05ba4f7ba92ee4b671ce147b] 199.19.213.235 "GET /allocations/b5e1c81d-0fe6-476a-9fcb-779ed8cf561c" status: 200 len: 258 microversion: 1.28 [pid: 7|app: 0|req: 627/1241] 199.19.213.235 () {34 vars in 863 bytes} [Tue May 5 18:13:04 2026] GET /allocations/b5e1c81d-0fe6-476a-9fcb-779ed8cf561c => generated 258 bytes in 13 msecs (HTTP/1.1 200) 8 headers in 296 bytes (1 switches on core 0)
2026-05-05 18:13:04.779 8 INFO placement.requestlog [req-c5114462-7169-4377-b2eb-bafd157af3c9 req-607a2815-b9fc-418a-a673-cecdd77aee4d 0a63f11d661f4289b675da7117408337 3f544f36531947df9ac743fab23945e2 - - f4a3883b05ba4f7ba92ee4b671ce147b f4a3883b05ba4f7ba92ee4b671ce147b] 199.19.213.235 "GET /allocations/7a427a2d-8d00-47d8-8647-33a9aae6c96e" status: 200 len: 245 microversion: 1.28 [pid: 8|app: 0|req: 615/1242] 199.19.213.235 () {34 vars in 863 bytes} [Tue May 5 18:13:04 2026] GET /allocations/7a427a2d-8d00-47d8-8647-33a9aae6c96e => generated 245 bytes in 14 msecs (HTTP/1.1 200) 8 headers in 296 bytes (1 switches on core 0)
2026-05-05 18:13:04.804 7 INFO placement.requestlog [req-c5114462-7169-4377-b2eb-bafd157af3c9 req-d48677e2-e0c8-4a32-9d70-eae68151c447 0a63f11d661f4289b675da7117408337 3f544f36531947df9ac743fab23945e2 - - f4a3883b05ba4f7ba92ee4b671ce147b f4a3883b05ba4f7ba92ee4b671ce147b] 199.19.213.235 "GET /allocations/50b630c5-260a-41b1-979d-47faafb0e007" status: 200 len: 258 microversion: 1.28 [pid: 7|app: 0|req: 628/1243] 199.19.213.235 () {34 vars in 863 bytes} [Tue May 5 18:13:04 2026] GET /allocations/50b630c5-260a-41b1-979d-47faafb0e007 => generated 258 bytes in 15 msecs (HTTP/1.1 200) 8 headers in 296 bytes (1 switches on core 0)
2026-05-05 18:13:04.867 8 INFO placement.requestlog [req-c5114462-7169-4377-b2eb-bafd157af3c9 req-6a60c082-ecb5-4bf6-a1da-271f7d5e9927 0a63f11d661f4289b675da7117408337 3f544f36531947df9ac743fab23945e2 - - f4a3883b05ba4f7ba92ee4b671ce147b f4a3883b05ba4f7ba92ee4b671ce147b] 199.19.213.235 "DELETE /allocations/7a427a2d-8d00-47d8-8647-33a9aae6c96e" status: 204 len: 0 microversion: 1.0 [pid: 8|app: 0|req: 616/1244] 199.19.213.235 () {34 vars in 841 bytes} [Tue May 5 18:13:04 2026] DELETE /allocations/7a427a2d-8d00-47d8-8647-33a9aae6c96e => generated 0 bytes in 32 msecs (HTTP/1.1 204) 5 headers in 198 bytes (1 switches on core 0)
2026-05-05 18:13:06.068 7 INFO placement.requestlog [req-db34d76f-ee1b-4254-bbcf-e95000b92d80 req-d3db35f9-6bec-463e-aacf-c6719f5132fe 0a63f11d661f4289b675da7117408337 3f544f36531947df9ac743fab23945e2 - - f4a3883b05ba4f7ba92ee4b671ce147b f4a3883b05ba4f7ba92ee4b671ce147b] 199.19.213.235 "GET /resource_providers/dc47f81d-5bc2-4023-b304-ba3be2ada551/allocations" status: 200 len: 253 microversion: 1.0 [pid: 7|app: 0|req: 629/1245] 199.19.213.235 () {32 vars in 857 bytes} [Tue May 5 18:13:06 2026] GET /resource_providers/dc47f81d-5bc2-4023-b304-ba3be2ada551/allocations => generated 253 bytes in 25 msecs (HTTP/1.1 200) 6 headers in 224 bytes (1 switches on core 0)
2026-05-05 18:13:06.124 8 INFO placement.requestlog [req-db34d76f-ee1b-4254-bbcf-e95000b92d80 req-c3081ca7-50df-48c9-acd2-c2211f0a2fea 0a63f11d661f4289b675da7117408337 3f544f36531947df9ac743fab23945e2 - - f4a3883b05ba4f7ba92ee4b671ce147b f4a3883b05ba4f7ba92ee4b671ce147b] 199.19.213.235 "GET /resource_providers/dc47f81d-5bc2-4023-b304-ba3be2ada551/allocations" status: 200 len: 253 microversion: 1.0 [pid: 8|app: 0|req: 617/1246] 199.19.213.235 () {32 vars in 857 bytes} [Tue May 5 18:13:06 2026] GET /resource_providers/dc47f81d-5bc2-4023-b304-ba3be2ada551/allocations => generated 253 bytes in 18 msecs (HTTP/1.1 200) 6 headers in 224 bytes (1 switches on core 0)
2026-05-05 18:13:06.151 7 INFO placement.requestlog [req-db34d76f-ee1b-4254-bbcf-e95000b92d80 req-2c92f761-94d3-41e5-95c6-289ce8ff9e1c 0a63f11d661f4289b675da7117408337 3f544f36531947df9ac743fab23945e2 - - f4a3883b05ba4f7ba92ee4b671ce147b f4a3883b05ba4f7ba92ee4b671ce147b] 199.19.213.235 "GET /allocations/b5e1c81d-0fe6-476a-9fcb-779ed8cf561c" status: 200 len: 258 microversion: 1.28 [pid: 7|app: 0|req: 630/1247] 199.19.213.235 () {34 vars in 863 bytes} [Tue May 5 18:13:06 2026] GET /allocations/b5e1c81d-0fe6-476a-9fcb-779ed8cf561c => generated 258 bytes in 14 msecs (HTTP/1.1 200) 8 headers in 296 bytes (1 switches on core 0)
2026-05-05 18:13:06.174 8 INFO placement.requestlog [req-db34d76f-ee1b-4254-bbcf-e95000b92d80 req-69779083-6682-4c5a-b2b4-eb81016290df 0a63f11d661f4289b675da7117408337 3f544f36531947df9ac743fab23945e2 - - f4a3883b05ba4f7ba92ee4b671ce147b f4a3883b05ba4f7ba92ee4b671ce147b] 199.19.213.235 "GET /allocations/50b630c5-260a-41b1-979d-47faafb0e007" status: 200 len: 258 microversion: 1.28 [pid: 8|app: 0|req: 618/1248] 199.19.213.235 () {34 vars in 863 bytes} [Tue May 5 18:13:06 2026] GET /allocations/50b630c5-260a-41b1-979d-47faafb0e007 => generated 258 bytes in 14 msecs (HTTP/1.1 200) 8 headers in 296 bytes (1 switches on core 0)
2026-05-05 18:13:07.126 7 INFO placement.requestlog [req-f472ec34-b1b6-421a-9b11-6b025738d91f req-f7c7d9bc-c5fb-42a9-8d09-c3c71c1b6ba9 0a63f11d661f4289b675da7117408337 3f544f36531947df9ac743fab23945e2 - - f4a3883b05ba4f7ba92ee4b671ce147b f4a3883b05ba4f7ba92ee4b671ce147b] 199.19.213.235 "GET /resource_providers/dc47f81d-5bc2-4023-b304-ba3be2ada551/allocations" status: 200 len: 253 microversion: 1.0 [pid: 7|app: 0|req: 631/1249] 199.19.213.235 () {32 vars in 857 bytes} [Tue May 5 18:13:07 2026] GET /resource_providers/dc47f81d-5bc2-4023-b304-ba3be2ada551/allocations => generated 253 bytes in 23 msecs (HTTP/1.1 200) 6 headers in 224 bytes (1 switches on core 0)
2026-05-05 18:13:07.149 8 INFO placement.requestlog [req-f472ec34-b1b6-421a-9b11-6b025738d91f req-44e38f07-f81b-4652-8d91-5a31cb81b8fa 0a63f11d661f4289b675da7117408337 3f544f36531947df9ac743fab23945e2 - - f4a3883b05ba4f7ba92ee4b671ce147b f4a3883b05ba4f7ba92ee4b671ce147b] 199.19.213.235 "GET /allocations/b5e1c81d-0fe6-476a-9fcb-779ed8cf561c" status: 200 len: 258 microversion: 1.28 [pid: 8|app: 0|req: 619/1250] 199.19.213.235 () {34 vars in 863 bytes} [Tue May 5 18:13:07 2026] GET /allocations/b5e1c81d-0fe6-476a-9fcb-779ed8cf561c => generated 258 bytes in 11 msecs (HTTP/1.1 200) 8 headers in 296 bytes (1 switches on core 0)
2026-05-05 18:13:07.176 7 INFO placement.requestlog [req-f472ec34-b1b6-421a-9b11-6b025738d91f req-dc04d2f4-0a1c-4abc-9c3f-4de7a6e40854 0a63f11d661f4289b675da7117408337 3f544f36531947df9ac743fab23945e2 - - f4a3883b05ba4f7ba92ee4b671ce147b f4a3883b05ba4f7ba92ee4b671ce147b] 199.19.213.235 "GET /allocations/50b630c5-260a-41b1-979d-47faafb0e007" status: 200 len: 258 microversion: 1.28 [pid: 7|app: 0|req: 632/1251] 199.19.213.235 () {34 vars in 863 bytes} [Tue May 5 18:13:07 2026] GET /allocations/50b630c5-260a-41b1-979d-47faafb0e007 => generated 258 bytes in 14 msecs (HTTP/1.1 200) 8 headers in 296 bytes (1 switches on core 0)
2026-05-05 18:13:07.231 8 INFO placement.requestlog [req-f472ec34-b1b6-421a-9b11-6b025738d91f req-ff57ea3e-befc-4900-8066-158c1a80a0ee 0a63f11d661f4289b675da7117408337 3f544f36531947df9ac743fab23945e2 - - f4a3883b05ba4f7ba92ee4b671ce147b f4a3883b05ba4f7ba92ee4b671ce147b] 199.19.213.235 "DELETE /allocations/b5e1c81d-0fe6-476a-9fcb-779ed8cf561c" status: 204 len: 0 microversion: 1.0 [pid: 8|app: 0|req: 620/1252] 199.19.213.235 () {34 vars in 841 bytes} [Tue May 5 18:13:07 2026] DELETE /allocations/b5e1c81d-0fe6-476a-9fcb-779ed8cf561c => generated 0 bytes in 27 msecs (HTTP/1.1 204) 5 headers in 198 bytes (1 switches on core 0)
2026-05-05 18:13:12.520 7 INFO placement.requestlog [None req-ae993d38-7ba2-464c-b2eb-2390b1572871 - - - - - -] 10.0.0.25 "GET /" status: 200 len: 136 microversion: 1.0
2026-05-05 18:13:12.521 8 INFO placement.requestlog [None req-3a8f1590-d72a-4389-8e53-2c9af18e4038 - - - - - -] 10.0.0.25 "GET /" status: 200 len: 136 microversion: 1.0
2026-05-05 18:13:13.382 7 INFO placement.requestlog [req-37ba48eb-54a6-4d88-92d6-297084897fc1 req-6483d019-3b49-4fd6-80b4-79547e83f278 0a63f11d661f4289b675da7117408337 3f544f36531947df9ac743fab23945e2 - - f4a3883b05ba4f7ba92ee4b671ce147b f4a3883b05ba4f7ba92ee4b671ce147b] 199.19.213.235 "GET /resource_providers/dc47f81d-5bc2-4023-b304-ba3be2ada551/allocations" status: 200 len: 153 microversion: 1.0 [pid: 7|app: 0|req: 634/1255] 199.19.213.235 () {32 vars in 857 bytes} [Tue May 5 18:13:13 2026] GET /resource_providers/dc47f81d-5bc2-4023-b304-ba3be2ada551/allocations => generated 153 bytes in 15 msecs (HTTP/1.1 200) 6 headers in 224 bytes (1 switches on core 0)
2026-05-05 18:13:13.402 8 INFO placement.requestlog [req-37ba48eb-54a6-4d88-92d6-297084897fc1 req-b79cc449-efe9-49a9-a04d-9aa6af3ac195 0a63f11d661f4289b675da7117408337 3f544f36531947df9ac743fab23945e2 - - f4a3883b05ba4f7ba92ee4b671ce147b f4a3883b05ba4f7ba92ee4b671ce147b] 199.19.213.235 "GET /allocations/50b630c5-260a-41b1-979d-47faafb0e007" status: 200 len: 258 microversion: 1.28 [pid: 8|app: 0|req: 622/1256] 199.19.213.235 () {34 vars in 863 bytes} [Tue May 5 18:13:13 2026] GET /allocations/50b630c5-260a-41b1-979d-47faafb0e007 => generated 258 bytes in 12 msecs (HTTP/1.1 200) 8 headers in 296 bytes (1 switches on core 0)
2026-05-05 18:13:13.464 7 INFO placement.requestlog [req-37ba48eb-54a6-4d88-92d6-297084897fc1 req-524bfd7f-6c6a-4fe0-a563-cfdac972037a 0a63f11d661f4289b675da7117408337 3f544f36531947df9ac743fab23945e2 - - f4a3883b05ba4f7ba92ee4b671ce147b f4a3883b05ba4f7ba92ee4b671ce147b] 199.19.213.235 "DELETE /allocations/50b630c5-260a-41b1-979d-47faafb0e007" status: 204 len: 0 microversion: 1.0 [pid: 7|app: 0|req: 635/1257] 199.19.213.235 () {34 vars in 841 bytes} [Tue May 5 18:13:13 2026] DELETE /allocations/50b630c5-260a-41b1-979d-47faafb0e007 => generated 0 bytes in 29 msecs (HTTP/1.1 204) 5 headers in 198 bytes (1 switches on core 0)
2026-05-05 18:13:22.520 7 INFO placement.requestlog [None req-214dd701-12b1-430f-b943-f313531e930d - - - - - -] 10.0.0.25 "GET /" status: 200 len: 136 microversion: 1.0
2026-05-05 18:13:22.520 8 INFO placement.requestlog [None req-25012520-7e11-45dc-ba49-e8d05f9e7cd1 - - - - - -] 10.0.0.25 "GET /" status: 200 len: 136 microversion: 1.0
2026-05-05 18:13:25.112 7 INFO placement.requestlog [None req-91446835-696f-4a9c-bbb8-7f39a13fbf1f a1cbc82bef1447d7a391e46524c15510 3f544f36531947df9ac743fab23945e2 - - f4a3883b05ba4f7ba92ee4b671ce147b f4a3883b05ba4f7ba92ee4b671ce147b] 10.0.0.221 "GET /resource_providers/b6c437b5-5966-46c8-9aa8-9200df685a37/aggregates" status: 404 len: 235 microversion: 1.1 [pid: 7|app: 0|req: 637/1260] 10.0.0.221 () {32 vars in 816 bytes} [Tue May 5 18:13:25 2026] GET /resource_providers/b6c437b5-5966-46c8-9aa8-9200df685a37/aggregates => generated 235 bytes in 66 msecs (HTTP/1.1 404) 5 headers in 202 bytes (1 switches on core 0)
2026-05-05 18:13:25.116 8 INFO placement.requestlog [None req-3c4ec1c7-0508-4635-a570-fbed590ab2a8 a1cbc82bef1447d7a391e46524c15510 3f544f36531947df9ac743fab23945e2 - - f4a3883b05ba4f7ba92ee4b671ce147b f4a3883b05ba4f7ba92ee4b671ce147b] 10.0.0.221 "GET /resource_providers/b6c437b5-5966-46c8-9aa8-9200df685a37/aggregates" status: 404 len: 235 microversion: 1.1 [pid: 8|app: 0|req: 624/1261] 10.0.0.221 () {32 vars in 816 bytes} [Tue May 5 18:13:25 2026] GET /resource_providers/b6c437b5-5966-46c8-9aa8-9200df685a37/aggregates => generated 235 bytes in 65 msecs (HTTP/1.1 404) 5 headers in 202 bytes (1 switches on core 0)
2026-05-05 18:13:25.175 7 INFO placement.requestlog [None req-d4180999-8ad7-4ea6-a37b-1dcd0a80315f a1cbc82bef1447d7a391e46524c15510 3f544f36531947df9ac743fab23945e2 - - f4a3883b05ba4f7ba92ee4b671ce147b f4a3883b05ba4f7ba92ee4b671ce147b] 10.0.0.221 "DELETE /resource_providers/b6c437b5-5966-46c8-9aa8-9200df685a37" status: 404 len: 246 microversion: 1.1 [pid: 7|app: 0|req: 638/1262] 10.0.0.221 () {34 vars in 816 bytes} [Tue May 5 18:13:25 2026] DELETE /resource_providers/b6c437b5-5966-46c8-9aa8-9200df685a37 => generated 246 bytes in 11 msecs (HTTP/1.1 404) 6 headers in 231 bytes (1 switches on core 0)
2026-05-05 18:13:25.177 8 INFO placement.requestlog [None req-5c72ab70-f2d1-425a-a960-6e5fa8b45ffb a1cbc82bef1447d7a391e46524c15510 3f544f36531947df9ac743fab23945e2 - - f4a3883b05ba4f7ba92ee4b671ce147b f4a3883b05ba4f7ba92ee4b671ce147b] 10.0.0.221 "DELETE /resource_providers/b6c437b5-5966-46c8-9aa8-9200df685a37" status: 404 len: 246 microversion: 1.1 [pid: 8|app: 0|req: 625/1263] 10.0.0.221 () {34 vars in 816 bytes} [Tue May 5 18:13:25 2026] DELETE /resource_providers/b6c437b5-5966-46c8-9aa8-9200df685a37 => generated 246 bytes in 13 msecs (HTTP/1.1 404) 6 headers in 231 bytes (1 switches on core 0)
2026-05-05 18:13:27.208 8 INFO placement.requestlog [None req-d676799b-3965-4f8d-8324-e8865fd2a3a8 a1cbc82bef1447d7a391e46524c15510 3f544f36531947df9ac743fab23945e2 - - f4a3883b05ba4f7ba92ee4b671ce147b f4a3883b05ba4f7ba92ee4b671ce147b] 10.0.0.221 "GET /resource_providers/d44a5452-7ca3-4ce5-b601-2d0303a3e3d0/aggregates" status: 404 len: 235 microversion: 1.1 [pid: 8|app: 0|req: 626/1264] 10.0.0.221 () {32 vars in 816 bytes} [Tue May 5 18:13:27 2026] GET /resource_providers/d44a5452-7ca3-4ce5-b601-2d0303a3e3d0/aggregates => generated 235 bytes in 15 msecs (HTTP/1.1 404) 5 headers in 202 bytes (1 switches on core 0)
2026-05-05 18:13:27.209 7 INFO placement.requestlog [None req-1e8f4d0a-ea64-473b-afa7-8af78d46b5f0 a1cbc82bef1447d7a391e46524c15510 3f544f36531947df9ac743fab23945e2 - - f4a3883b05ba4f7ba92ee4b671ce147b f4a3883b05ba4f7ba92ee4b671ce147b] 10.0.0.221 "GET /resource_providers/d44a5452-7ca3-4ce5-b601-2d0303a3e3d0/aggregates" status: 404 len: 235 microversion: 1.1 [pid: 7|app: 0|req: 639/1265] 10.0.0.221 () {32 vars in 816 bytes} [Tue May 5 18:13:27 2026] GET /resource_providers/d44a5452-7ca3-4ce5-b601-2d0303a3e3d0/aggregates => generated 235 bytes in 17 msecs (HTTP/1.1 404) 5 headers in 202 bytes (1 switches on core 0)
2026-05-05 18:13:27.227 8 INFO placement.requestlog [None req-23c98134-7766-4ea8-862a-dc8404a9beaa a1cbc82bef1447d7a391e46524c15510 3f544f36531947df9ac743fab23945e2 - - f4a3883b05ba4f7ba92ee4b671ce147b f4a3883b05ba4f7ba92ee4b671ce147b] 10.0.0.221 "DELETE /resource_providers/d44a5452-7ca3-4ce5-b601-2d0303a3e3d0" status: 404 len: 246 microversion: 1.1 [pid: 8|app: 0|req: 627/1266] 10.0.0.221 () {34 vars in 816 bytes} [Tue May 5 18:13:27 2026] DELETE /resource_providers/d44a5452-7ca3-4ce5-b601-2d0303a3e3d0 => generated 246 bytes in 10 msecs (HTTP/1.1 404) 6 headers in 231 bytes (1 switches on core 0)
2026-05-05 18:13:27.245 7 INFO placement.requestlog [None req-20107b1e-8dfe-4e8c-a906-b447e01078cd a1cbc82bef1447d7a391e46524c15510 3f544f36531947df9ac743fab23945e2 - - f4a3883b05ba4f7ba92ee4b671ce147b f4a3883b05ba4f7ba92ee4b671ce147b] 10.0.0.221 "DELETE /resource_providers/d44a5452-7ca3-4ce5-b601-2d0303a3e3d0" status: 404 len: 246 microversion: 1.1 [pid: 7|app: 0|req: 640/1267] 10.0.0.221 () {34 vars in 816 bytes} [Tue May 5 18:13:27 2026] DELETE /resource_providers/d44a5452-7ca3-4ce5-b601-2d0303a3e3d0 => generated 246 bytes in 21 msecs (HTTP/1.1 404) 6 headers in 231 bytes (1 switches on core 0)
2026-05-05 18:13:30.511 8 INFO placement.requestlog [None req-a07e8504-76cd-419b-9e86-7c99384060ab a1cbc82bef1447d7a391e46524c15510 3f544f36531947df9ac743fab23945e2 - - f4a3883b05ba4f7ba92ee4b671ce147b f4a3883b05ba4f7ba92ee4b671ce147b] 10.0.0.221 "GET /resource_providers/b6cb033d-8365-4155-9e62-2ebbf515911a/aggregates" status: 404 len: 235 microversion: 1.1 [pid: 8|app: 0|req: 628/1268] 10.0.0.221 () {32 vars in 816 bytes} [Tue May 5 18:13:30 2026] GET /resource_providers/b6cb033d-8365-4155-9e62-2ebbf515911a/aggregates => generated 235 bytes in 13 msecs (HTTP/1.1 404) 5 headers in 202 bytes (1 switches on core 0)
2026-05-05 18:13:30.514 7 INFO placement.requestlog [None req-f7c1d486-00d6-483e-88a2-143bd54b9864 a1cbc82bef1447d7a391e46524c15510 3f544f36531947df9ac743fab23945e2 - - f4a3883b05ba4f7ba92ee4b671ce147b f4a3883b05ba4f7ba92ee4b671ce147b] 10.0.0.221 "GET /resource_providers/b6cb033d-8365-4155-9e62-2ebbf515911a/aggregates" status: 404 len: 235 microversion: 1.1 [pid: 7|app: 0|req: 641/1269] 10.0.0.221 () {32 vars in 816 bytes} [Tue May 5 18:13:30 2026] GET /resource_providers/b6cb033d-8365-4155-9e62-2ebbf515911a/aggregates => generated 235 bytes in 15 msecs (HTTP/1.1 404) 5 headers in 202 bytes (1 switches on core 0)
2026-05-05 18:13:30.534 8 INFO placement.requestlog [None req-4872952f-ece2-48cc-abef-50c719fe805e a1cbc82bef1447d7a391e46524c15510 3f544f36531947df9ac743fab23945e2 - - f4a3883b05ba4f7ba92ee4b671ce147b f4a3883b05ba4f7ba92ee4b671ce147b] 10.0.0.221 "DELETE /resource_providers/b6cb033d-8365-4155-9e62-2ebbf515911a" status: 404 len: 246 microversion: 1.1 [pid: 8|app: 0|req: 629/1270] 10.0.0.221 () {34 vars in 816 bytes} [Tue May 5 18:13:30 2026] DELETE /resource_providers/b6cb033d-8365-4155-9e62-2ebbf515911a => generated 246 bytes in 12 msecs (HTTP/1.1 404) 6 headers in 231 bytes (1 switches on core 0)
2026-05-05 18:13:30.536 7 INFO placement.requestlog [None req-c6606481-6956-4473-898c-adaa2d1d8eeb a1cbc82bef1447d7a391e46524c15510 3f544f36531947df9ac743fab23945e2 - - f4a3883b05ba4f7ba92ee4b671ce147b f4a3883b05ba4f7ba92ee4b671ce147b] 10.0.0.221 "DELETE /resource_providers/b6cb033d-8365-4155-9e62-2ebbf515911a" status: 404 len: 246 microversion: 1.1 [pid: 7|app: 0|req: 642/1271] 10.0.0.221 () {34 vars in 816 bytes} [Tue May 5 18:13:30 2026] DELETE /resource_providers/b6cb033d-8365-4155-9e62-2ebbf515911a => generated 246 bytes in 14 msecs (HTTP/1.1 404) 6 headers in 231 bytes (1 switches on core 0)
2026-05-05 18:13:30.552 8 INFO placement.requestlog [None req-8e36e8eb-98c6-4a8e-9275-0ef4176a0b21 a1cbc82bef1447d7a391e46524c15510 3f544f36531947df9ac743fab23945e2 - - f4a3883b05ba4f7ba92ee4b671ce147b f4a3883b05ba4f7ba92ee4b671ce147b] 10.0.0.221 "GET /resource_providers/dd2c274a-16e8-4391-9a34-e5e3fd7d7041/aggregates" status: 404 len: 235 microversion: 1.1 [pid: 8|app: 0|req: 630/1272] 10.0.0.221 () {32 vars in 816 bytes} [Tue May 5 18:13:30 2026] GET /resource_providers/dd2c274a-16e8-4391-9a34-e5e3fd7d7041/aggregates => generated 235 bytes in 10 msecs (HTTP/1.1 404) 5 headers in 202 bytes (1 switches on core 0)
2026-05-05 18:13:30.559 7 INFO placement.requestlog [None req-0db3fe36-f0f6-42c5-85df-91241700ab5f a1cbc82bef1447d7a391e46524c15510 3f544f36531947df9ac743fab23945e2 - - f4a3883b05ba4f7ba92ee4b671ce147b f4a3883b05ba4f7ba92ee4b671ce147b] 10.0.0.221 "GET /resource_providers/dd2c274a-16e8-4391-9a34-e5e3fd7d7041/aggregates" status: 404 len: 235 microversion: 1.1 [pid: 7|app: 0|req: 643/1273] 10.0.0.221 () {32 vars in 816 bytes} [Tue May 5 18:13:30 2026] GET /resource_providers/dd2c274a-16e8-4391-9a34-e5e3fd7d7041/aggregates => generated 235 bytes in 12 msecs (HTTP/1.1 404) 5 headers in 202 bytes (1 switches on core 0)
2026-05-05 18:13:30.566 8 INFO placement.requestlog [None req-4a66096c-fc07-46c9-b6c2-fc947537de23 a1cbc82bef1447d7a391e46524c15510 3f544f36531947df9ac743fab23945e2 - - f4a3883b05ba4f7ba92ee4b671ce147b f4a3883b05ba4f7ba92ee4b671ce147b] 10.0.0.221 "DELETE /resource_providers/dd2c274a-16e8-4391-9a34-e5e3fd7d7041" status: 404 len: 246 microversion: 1.1 [pid: 8|app: 0|req: 631/1274] 10.0.0.221 () {34 vars in 816 bytes} [Tue May 5 18:13:30 2026] DELETE /resource_providers/dd2c274a-16e8-4391-9a34-e5e3fd7d7041 => generated 246 bytes in 8 msecs (HTTP/1.1 404) 6 headers in 231 bytes (1 switches on core 0)
2026-05-05 18:13:30.573 7 INFO placement.requestlog [None req-0bb32e10-3df2-4454-8aab-c960496e903f a1cbc82bef1447d7a391e46524c15510 3f544f36531947df9ac743fab23945e2 - - f4a3883b05ba4f7ba92ee4b671ce147b f4a3883b05ba4f7ba92ee4b671ce147b] 10.0.0.221 "DELETE /resource_providers/dd2c274a-16e8-4391-9a34-e5e3fd7d7041" status: 404 len: 246 microversion: 1.1 [pid: 7|app: 0|req: 644/1275] 10.0.0.221 () {34 vars in 816 bytes} [Tue May 5 18:13:30 2026] DELETE /resource_providers/dd2c274a-16e8-4391-9a34-e5e3fd7d7041 => generated 246 bytes in 7 msecs (HTTP/1.1 404) 6 headers in 231 bytes (1 switches on core 0)
2026-05-05 18:13:32.520 8 INFO placement.requestlog [None req-6280439f-c0d7-4541-ad18-821c8d5ad252 - - - - - -] 10.0.0.25 "GET /" status: 200 len: 136 microversion: 1.0
2026-05-05 18:13:32.521 7 INFO placement.requestlog [None req-60ab49c4-a951-4764-ae2f-ce0d4448c736 - - - - - -] 10.0.0.25 "GET /" status: 200 len: 136 microversion: 1.0
2026-05-05 18:13:42.519 7 INFO placement.requestlog [None req-21bd6e5c-2392-44ff-aecc-8810aa6ce36e - - - - - -] 10.0.0.25 "GET /" status: 200 len: 136 microversion: 1.0
2026-05-05 18:13:42.520 8 INFO placement.requestlog [None req-7a062912-aff6-4078-b9f0-6f052358c91f - - - - - -] 10.0.0.25 "GET /" status: 200 len: 136 microversion: 1.0
2026-05-05 18:13:52.519 7 INFO placement.requestlog [None req-799c3613-6ff6-4435-8c08-a0fd0ebe7ef5 - - - - - -] 10.0.0.25 "GET /" status: 200 len: 136 microversion: 1.0
2026-05-05 18:13:52.520 8 INFO placement.requestlog [None req-cd19dc7d-76bf-4983-90ce-1c044624c768 - - - - - -] 10.0.0.25 "GET /" status: 200 len: 136 microversion: 1.0
2026-05-05 18:14:02.519 7 INFO placement.requestlog [None req-00ee296b-ff44-493f-9a63-b48d1ebf57a3 - - - - - -] 10.0.0.25 "GET /" status: 200 len: 136 microversion: 1.0
2026-05-05 18:14:02.521 8 INFO placement.requestlog [None req-4fb51683-267a-4ca1-810f-f40b0059eb83 - - - - - -] 10.0.0.25 "GET /" status: 200 len: 136 microversion: 1.0
2026-05-05 18:14:07.952 7 INFO placement.requestlog [req-e9f6e9f2-c282-48f8-b3b7-e8e629f26de6 req-5d9bb728-dccd-4527-a671-383bcc3805dc 0a63f11d661f4289b675da7117408337 3f544f36531947df9ac743fab23945e2 - - f4a3883b05ba4f7ba92ee4b671ce147b f4a3883b05ba4f7ba92ee4b671ce147b] 199.19.213.235 "GET /resource_providers/dc47f81d-5bc2-4023-b304-ba3be2ada551/allocations" status: 200 len: 55 microversion: 1.0 [pid: 7|app: 0|req: 649/1284] 199.19.213.235 () {32 vars in 857 bytes} [Tue May 5 18:14:07 2026] GET /resource_providers/dc47f81d-5bc2-4023-b304-ba3be2ada551/allocations => generated 55 bytes in 130 msecs (HTTP/1.1 200) 6 headers in 223 bytes (1 switches on core 0)
2026-05-05 18:14:08.004 8 INFO placement.requestlog [req-e9f6e9f2-c282-48f8-b3b7-e8e629f26de6 req-284871e4-0a7a-4e10-9e83-6370c9e76047 0a63f11d661f4289b675da7117408337 3f544f36531947df9ac743fab23945e2 - - f4a3883b05ba4f7ba92ee4b671ce147b f4a3883b05ba4f7ba92ee4b671ce147b] 199.19.213.235 "GET /resource_providers?in_tree=dc47f81d-5bc2-4023-b304-ba3be2ada551" status: 200 len: 798 microversion: 1.14 [pid: 8|app: 0|req: 636/1285] 199.19.213.235 () {34 vars in 892 bytes} [Tue May 5 18:14:07 2026] GET /resource_providers?in_tree=dc47f81d-5bc2-4023-b304-ba3be2ada551 => generated 798 bytes in 18 msecs (HTTP/1.1 200) 6 headers in 225 bytes (1 switches on core 0)
2026-05-05 18:14:08.028 7 INFO placement.requestlog [req-e9f6e9f2-c282-48f8-b3b7-e8e629f26de6 req-c9b40fce-1b78-4104-9fd9-9457c7287744 0a63f11d661f4289b675da7117408337 3f544f36531947df9ac743fab23945e2 - - f4a3883b05ba4f7ba92ee4b671ce147b f4a3883b05ba4f7ba92ee4b671ce147b] 199.19.213.235 "GET /resource_providers/dc47f81d-5bc2-4023-b304-ba3be2ada551/inventories" status: 200 len: 401 microversion: 1.0 [pid: 7|app: 0|req: 650/1286] 199.19.213.235 () {32 vars in 857 bytes} [Tue May 5 18:14:08 2026] GET /resource_providers/dc47f81d-5bc2-4023-b304-ba3be2ada551/inventories => generated 401 bytes in 17 msecs (HTTP/1.1 200) 6 headers in 224 bytes (1 switches on core 0)
2026-05-05 18:14:08.050 8 INFO placement.requestlog [req-e9f6e9f2-c282-48f8-b3b7-e8e629f26de6 req-639f256a-47dd-4373-bf69-900d384b1a6a 0a63f11d661f4289b675da7117408337 3f544f36531947df9ac743fab23945e2 - - f4a3883b05ba4f7ba92ee4b671ce147b f4a3883b05ba4f7ba92ee4b671ce147b] 199.19.213.235 "GET /resource_providers/dc47f81d-5bc2-4023-b304-ba3be2ada551/aggregates" status: 200 len: 54 microversion: 1.19 [pid: 8|app: 0|req: 637/1287] 199.19.213.235 () {34 vars in 899 bytes} [Tue May 5 18:14:08 2026] GET /resource_providers/dc47f81d-5bc2-4023-b304-ba3be2ada551/aggregates => generated 54 bytes in 14 msecs (HTTP/1.1 200) 8 headers in 295 bytes (1 switches on core 0)
2026-05-05 18:14:08.084 7 INFO placement.requestlog [req-e9f6e9f2-c282-48f8-b3b7-e8e629f26de6 req-149c0940-0c1f-446a-83bc-259cf3f425cc 0a63f11d661f4289b675da7117408337 3f544f36531947df9ac743fab23945e2 - - f4a3883b05ba4f7ba92ee4b671ce147b f4a3883b05ba4f7ba92ee4b671ce147b] 199.19.213.235 "GET /resource_providers/dc47f81d-5bc2-4023-b304-ba3be2ada551/traits" status: 200 len: 1683 microversion: 1.6 [pid: 7|app: 0|req: 651/1288] 199.19.213.235 () {34 vars in 890 bytes} [Tue May 5 18:14:08 2026] GET /resource_providers/dc47f81d-5bc2-4023-b304-ba3be2ada551/traits => generated 1683 bytes in 27 msecs (HTTP/1.1 200) 6 headers in 225 bytes (1 switches on core 0)
2026-05-05 18:14:08.111 8 INFO placement.requestlog [req-e9f6e9f2-c282-48f8-b3b7-e8e629f26de6 req-db7a84a2-1d35-432d-a0f6-39235522a35c 0a63f11d661f4289b675da7117408337 3f544f36531947df9ac743fab23945e2 - - f4a3883b05ba4f7ba92ee4b671ce147b f4a3883b05ba4f7ba92ee4b671ce147b] 199.19.213.235 "GET /resource_providers/dc47f81d-5bc2-4023-b304-ba3be2ada551/allocations" status: 200 len: 55 microversion: 1.0 [pid: 8|app: 0|req: 638/1289] 199.19.213.235 () {32 vars in 857 bytes} [Tue May 5 18:14:08 2026] GET /resource_providers/dc47f81d-5bc2-4023-b304-ba3be2ada551/allocations => generated 55 bytes in 17 msecs (HTTP/1.1 200) 6 headers in 223 bytes (1 switches on core 0)
2026-05-05 18:14:12.519 8 INFO placement.requestlog [None req-ae004269-fc6d-4667-9007-0c86f9665e66 - - - - - -] 10.0.0.25 "GET /" status: 200 len: 136 microversion: 1.0
2026-05-05 18:14:12.519 7 INFO placement.requestlog [None req-2263b7b4-7f01-4f4a-a036-c85571771476 - - - - - -] 10.0.0.25 "GET /" status: 200 len: 136 microversion: 1.0
2026-05-05 18:14:22.519 7 INFO placement.requestlog [None req-b4952e4a-7a65-42bf-ac8e-f4e248f4bd12 - - - - - -] 10.0.0.25 "GET /" status: 200 len: 136 microversion: 1.0
2026-05-05 18:14:22.520 8 INFO placement.requestlog [None req-2fdad039-93f9-4b1f-90e0-16c66cc69706 - - - - - -] 10.0.0.25 "GET /" status: 200 len: 136 microversion: 1.0
2026-05-05 18:14:32.519 7 INFO placement.requestlog [None req-10e808db-7e97-424e-be3b-bffba1a8b7c3 - - - - - -] 10.0.0.25 "GET /" status: 200 len: 136 microversion: 1.0
2026-05-05 18:14:32.520 8 INFO placement.requestlog [None req-a58096eb-d571-454b-8de5-7d74744f0156 - - - - - -] 10.0.0.25 "GET /" status: 200 len: 136 microversion: 1.0
2026-05-05 18:14:42.519 8 INFO placement.requestlog [None req-04fdc4ee-99dd-4529-a00b-7faf0fc2030b - - - - - -] 10.0.0.25 "GET /" status: 200 len: 136 microversion: 1.0
2026-05-05 18:14:42.519 7 INFO placement.requestlog [None req-3524f96e-267b-4d07-9912-84bb619cbbb1 - - - - - -] 10.0.0.25 "GET /" status: 200 len: 136 microversion: 1.0
2026-05-05 18:14:52.518 7 INFO placement.requestlog [None req-5aab8e22-079f-499e-8a50-eab8c23cb45c - - - - - -] 10.0.0.25 "GET /" status: 200 len: 136 microversion: 1.0
2026-05-05 18:14:52.520 8 INFO placement.requestlog [None req-6acd2e52-dccb-4143-842c-7bd24b09206f - - - - - -] 10.0.0.25 "GET /" status: 200 len: 136 microversion: 1.0
2026-05-05 18:15:02.519 7 INFO placement.requestlog [None req-b4155d37-a2f9-4926-9f41-3d84e3cae692 - - - - - -] 10.0.0.25 "GET /" status: 200 len: 136 microversion: 1.0
2026-05-05 18:15:02.520 8 INFO placement.requestlog [None req-ff25bb3c-5813-494e-84b2-bfc897f88b01 - - - - - -] 10.0.0.25 "GET /" status: 200 len: 136 microversion: 1.0
2026-05-05 18:15:09.899 7 INFO placement.requestlog [req-5ca2bfc7-1cf5-40bf-8dfe-b8549182dbdf req-3f369c37-47c3-451e-9d9d-2ce32e88e299 0a63f11d661f4289b675da7117408337 3f544f36531947df9ac743fab23945e2 - - f4a3883b05ba4f7ba92ee4b671ce147b f4a3883b05ba4f7ba92ee4b671ce147b] 199.19.213.235 "GET /resource_providers/dc47f81d-5bc2-4023-b304-ba3be2ada551/allocations" status: 200 len: 55 microversion: 1.0 [pid: 7|app: 0|req: 658/1302] 199.19.213.235 () {32 vars in 857 bytes} [Tue May 5 18:15:09 2026] GET /resource_providers/dc47f81d-5bc2-4023-b304-ba3be2ada551/allocations => generated 55 bytes in 18 msecs (HTTP/1.1 200) 6 headers in 223 bytes (1 switches on core 0)
2026-05-05 18:15:09.936 8 INFO placement.requestlog [req-5ca2bfc7-1cf5-40bf-8dfe-b8549182dbdf req-9e5cce11-9395-4368-998c-021d71a46621 0a63f11d661f4289b675da7117408337 3f544f36531947df9ac743fab23945e2 - - f4a3883b05ba4f7ba92ee4b671ce147b f4a3883b05ba4f7ba92ee4b671ce147b] 199.19.213.235 "GET /resource_providers/dc47f81d-5bc2-4023-b304-ba3be2ada551/allocations" status: 200 len: 55 microversion: 1.0 [pid: 8|app: 0|req: 645/1303] 199.19.213.235 () {32 vars in 857 bytes} [Tue May 5 18:15:09 2026] GET /resource_providers/dc47f81d-5bc2-4023-b304-ba3be2ada551/allocations => generated 55 bytes in 21 msecs (HTTP/1.1 200) 6 headers in 223 bytes (1 switches on core 0)
2026-05-05 18:15:12.519 7 INFO placement.requestlog [None req-f6e5eb12-0484-452b-b6c8-339af5ed0090 - - - - - -] 10.0.0.25 "GET /" status: 200 len: 136 microversion: 1.0
2026-05-05 18:15:12.520 8 INFO placement.requestlog [None req-3d1b9655-db58-4a41-a3dc-9c0cb70acc73 - - - - - -] 10.0.0.25 "GET /" status: 200 len: 136 microversion: 1.0
2026-05-05 18:15:22.519 7 INFO placement.requestlog [None req-ba8e2bc0-dccc-474c-b902-a993b4e42f13 - - - - - -] 10.0.0.25 "GET /" status: 200 len: 136 microversion: 1.0
2026-05-05 18:15:22.519 8 INFO placement.requestlog [None req-d39f2b46-745e-43bc-ae19-e1b35e577f74 - - - - - -] 10.0.0.25 "GET /" status: 200 len: 136 microversion: 1.0
2026-05-05 18:15:32.519 7 INFO placement.requestlog [None req-0234e5aa-38e2-458c-a487-9e5d22f82b2d - - - - - -] 10.0.0.25 "GET /" status: 200 len: 136 microversion: 1.0
2026-05-05 18:15:32.519 8 INFO placement.requestlog [None req-22e0ade3-24ef-4050-8773-0f46383ccc66 - - - - - -] 10.0.0.25 "GET /" status: 200 len: 136 microversion: 1.0
2026-05-05 18:15:42.519 7 INFO placement.requestlog [None req-f3193442-3845-4a34-bfb2-675df47d4088 - - - - - -] 10.0.0.25 "GET /" status: 200 len: 136 microversion: 1.0
2026-05-05 18:15:42.519 8 INFO placement.requestlog [None req-f292353c-84c1-4ea8-a896-507180896956 - - - - - -] 10.0.0.25 "GET /" status: 200 len: 136 microversion: 1.0
2026-05-05 18:15:52.519 7 INFO placement.requestlog [None req-562583e8-ff0a-4544-93dc-3a45eeb28024 - - - - - -] 10.0.0.25 "GET /" status: 200 len: 136 microversion: 1.0
2026-05-05 18:15:52.519 8 INFO placement.requestlog [None req-7642be8e-9f43-4c05-ac89-f2af2f4c33a0 - - - - - -] 10.0.0.25 "GET /" status: 200 len: 136 microversion: 1.0
2026-05-05 18:16:02.518 7 INFO placement.requestlog [None req-85080a5a-efa1-43ca-9805-3b1ffe1aa0a5 - - - - - -] 10.0.0.25 "GET /" status: 200 len: 136 microversion: 1.0
2026-05-05 18:16:02.519 8 INFO placement.requestlog [None req-b8a91d94-e018-4857-b667-215f59fb90c2 - - - - - -] 10.0.0.25 "GET /" status: 200 len: 136 microversion: 1.0
