2026-05-05 18:06:35.199 8 INFO placement.requestlog [None req-41415ea7-beb8-43b9-9e34-558383293bbe a1cbc82bef1447d7a391e46524c15510 3f544f36531947df9ac743fab23945e2 - - f4a3883b05ba4f7ba92ee4b671ce147b f4a3883b05ba4f7ba92ee4b671ce147b] 10.0.0.221 "DELETE /resource_providers/edfbeec4-e9d0-40b7-8daf-04d67ade5d0e" status: 404 len: 246 microversion: 1.1 [pid: 8|app: 0|req: 339/674] 10.0.0.221 () {34 vars in 816 bytes} [Tue May 5 18:06:35 2026] DELETE /resource_providers/edfbeec4-e9d0-40b7-8daf-04d67ade5d0e => generated 246 bytes in 12 msecs (HTTP/1.1 404) 6 headers in 231 bytes (1 switches on core 0)
2026-05-05 18:06:37.548 7 INFO placement.requestlog [None req-b6916a1b-f36a-4f55-bbfa-5674e6d173f1 a1cbc82bef1447d7a391e46524c15510 3f544f36531947df9ac743fab23945e2 - - f4a3883b05ba4f7ba92ee4b671ce147b f4a3883b05ba4f7ba92ee4b671ce147b] 10.0.0.221 "GET /resource_providers/497298c2-1956-4b64-abb7-9a5d98399e56/aggregates" status: 404 len: 235 microversion: 1.1 [pid: 7|app: 0|req: 336/675] 10.0.0.221 () {32 vars in 816 bytes} [Tue May 5 18:06:37 2026] GET /resource_providers/497298c2-1956-4b64-abb7-9a5d98399e56/aggregates => generated 235 bytes in 13 msecs (HTTP/1.1 404) 5 headers in 202 bytes (1 switches on core 0)
2026-05-05 18:06:37.551 8 INFO placement.requestlog [None req-01a6599c-c752-46a0-b11f-5d9c3ccff2a6 a1cbc82bef1447d7a391e46524c15510 3f544f36531947df9ac743fab23945e2 - - f4a3883b05ba4f7ba92ee4b671ce147b f4a3883b05ba4f7ba92ee4b671ce147b] 10.0.0.221 "GET /resource_providers/497298c2-1956-4b64-abb7-9a5d98399e56/aggregates" status: 404 len: 235 microversion: 1.1 [pid: 8|app: 0|req: 340/676] 10.0.0.221 () {32 vars in 816 bytes} [Tue May 5 18:06:37 2026] GET /resource_providers/497298c2-1956-4b64-abb7-9a5d98399e56/aggregates => generated 235 bytes in 9 msecs (HTTP/1.1 404) 5 headers in 202 bytes (1 switches on core 0)
2026-05-05 18:06:37.573 8 INFO placement.requestlog [None req-561fe48a-c378-4b42-8dad-9c5137f66a6d a1cbc82bef1447d7a391e46524c15510 3f544f36531947df9ac743fab23945e2 - - f4a3883b05ba4f7ba92ee4b671ce147b f4a3883b05ba4f7ba92ee4b671ce147b] 10.0.0.221 "DELETE /resource_providers/497298c2-1956-4b64-abb7-9a5d98399e56" status: 404 len: 246 microversion: 1.1 [pid: 8|app: 0|req: 341/677] 10.0.0.221 () {34 vars in 816 bytes} [Tue May 5 18:06:37 2026] DELETE /resource_providers/497298c2-1956-4b64-abb7-9a5d98399e56 => generated 246 bytes in 10 msecs (HTTP/1.1 404) 6 headers in 231 bytes (1 switches on core 0)
2026-05-05 18:06:37.578 7 INFO placement.requestlog [None req-28ddad86-39e8-420b-8898-502753296ba3 a1cbc82bef1447d7a391e46524c15510 3f544f36531947df9ac743fab23945e2 - - f4a3883b05ba4f7ba92ee4b671ce147b f4a3883b05ba4f7ba92ee4b671ce147b] 10.0.0.221 "DELETE /resource_providers/497298c2-1956-4b64-abb7-9a5d98399e56" status: 404 len: 246 microversion: 1.1 [pid: 7|app: 0|req: 337/678] 10.0.0.221 () {34 vars in 816 bytes} [Tue May 5 18:06:37 2026] DELETE /resource_providers/497298c2-1956-4b64-abb7-9a5d98399e56 => generated 246 bytes in 14 msecs (HTTP/1.1 404) 6 headers in 231 bytes (1 switches on core 0)
2026-05-05 18:06:38.675 8 INFO placement.requestlog [req-8365d7df-a906-41cb-85c5-3ccd8e322179 req-01dda565-8181-4ef0-b928-a3410ab268d4 0a63f11d661f4289b675da7117408337 3f544f36531947df9ac743fab23945e2 - - f4a3883b05ba4f7ba92ee4b671ce147b f4a3883b05ba4f7ba92ee4b671ce147b] 199.19.213.235 "GET /resource_providers/dc47f81d-5bc2-4023-b304-ba3be2ada551/allocations" status: 200 len: 238 microversion: 1.0 [pid: 8|app: 0|req: 342/679] 199.19.213.235 () {32 vars in 857 bytes} [Tue May 5 18:06:38 2026] GET /resource_providers/dc47f81d-5bc2-4023-b304-ba3be2ada551/allocations => generated 238 bytes in 20 msecs (HTTP/1.1 200) 6 headers in 224 bytes (1 switches on core 0)
2026-05-05 18:06:38.696 7 INFO placement.requestlog [req-8365d7df-a906-41cb-85c5-3ccd8e322179 req-baf52ed5-baef-40e6-a433-ae9ea1df0f7e 0a63f11d661f4289b675da7117408337 3f544f36531947df9ac743fab23945e2 - - f4a3883b05ba4f7ba92ee4b671ce147b f4a3883b05ba4f7ba92ee4b671ce147b] 199.19.213.235 "GET /allocations/59d8f9ec-e9a8-4841-b525-3142684dcfc5" status: 200 len: 243 microversion: 1.28 [pid: 7|app: 0|req: 338/680] 199.19.213.235 () {34 vars in 863 bytes} [Tue May 5 18:06:38 2026] GET /allocations/59d8f9ec-e9a8-4841-b525-3142684dcfc5 => generated 243 bytes in 14 msecs (HTTP/1.1 200) 8 headers in 296 bytes (1 switches on core 0)
2026-05-05 18:06:38.724 8 INFO placement.requestlog [req-8365d7df-a906-41cb-85c5-3ccd8e322179 req-0b3cb8ef-332a-4bc3-b228-923911df0a03 0a63f11d661f4289b675da7117408337 3f544f36531947df9ac743fab23945e2 - - f4a3883b05ba4f7ba92ee4b671ce147b f4a3883b05ba4f7ba92ee4b671ce147b] 199.19.213.235 "GET /allocations/20037c23-a8af-4451-842e-03c02290e652" status: 200 len: 257 microversion: 1.28 [pid: 8|app: 0|req: 343/681] 199.19.213.235 () {34 vars in 863 bytes} [Tue May 5 18:06:38 2026] GET /allocations/20037c23-a8af-4451-842e-03c02290e652 => generated 257 bytes in 21 msecs (HTTP/1.1 200) 8 headers in 296 bytes (1 switches on core 0)
2026-05-05 18:06:38.816 7 INFO placement.requestlog [req-8365d7df-a906-41cb-85c5-3ccd8e322179 req-32703afd-c5e5-4134-b2d9-594771fd88bc 0a63f11d661f4289b675da7117408337 3f544f36531947df9ac743fab23945e2 - - f4a3883b05ba4f7ba92ee4b671ce147b f4a3883b05ba4f7ba92ee4b671ce147b] 199.19.213.235 "DELETE /allocations/59d8f9ec-e9a8-4841-b525-3142684dcfc5" status: 204 len: 0 microversion: 1.0 [pid: 7|app: 0|req: 339/682] 199.19.213.235 () {34 vars in 841 bytes} [Tue May 5 18:06:38 2026] DELETE /allocations/59d8f9ec-e9a8-4841-b525-3142684dcfc5 => generated 0 bytes in 58 msecs (HTTP/1.1 204) 5 headers in 198 bytes (1 switches on core 0)
2026-05-05 18:06:42.536 7 INFO placement.requestlog [None req-47f3ce2b-6bd6-4c1b-af70-9089baf33ab2 a1cbc82bef1447d7a391e46524c15510 3f544f36531947df9ac743fab23945e2 - - f4a3883b05ba4f7ba92ee4b671ce147b f4a3883b05ba4f7ba92ee4b671ce147b] 10.0.0.221 "GET /resource_providers/4a1b98d3-4280-4910-8fd7-8059b6e23a29/aggregates" status: 404 len: 235 microversion: 1.1 [pid: 7|app: 0|req: 340/683] 10.0.0.221 () {32 vars in 816 bytes} [Tue May 5 18:06:42 2026] GET /resource_providers/4a1b98d3-4280-4910-8fd7-8059b6e23a29/aggregates => generated 235 bytes in 22 msecs (HTTP/1.1 404) 5 headers in 202 bytes (1 switches on core 0)
2026-05-05 18:06:42.539 7 INFO placement.requestlog [None req-375988af-d400-4b1a-a4ce-e3a57268ca62 - - - - - -] 10.0.0.25 "GET /" status: 200 len: 136 microversion: 1.0
2026-05-05 18:06:42.539 8 INFO placement.requestlog [None req-f3b1b3c1-0e7c-452c-bc3a-29fb33f8b153 a1cbc82bef1447d7a391e46524c15510 3f544f36531947df9ac743fab23945e2 - - f4a3883b05ba4f7ba92ee4b671ce147b f4a3883b05ba4f7ba92ee4b671ce147b] 10.0.0.221 "GET /resource_providers/4a1b98d3-4280-4910-8fd7-8059b6e23a29/aggregates" status: 404 len: 235 microversion: 1.1 [pid: 8|app: 0|req: 344/685] 10.0.0.221 () {32 vars in 816 bytes} [Tue May 5 18:06:42 2026] GET /resource_providers/4a1b98d3-4280-4910-8fd7-8059b6e23a29/aggregates => generated 235 bytes in 24 msecs (HTTP/1.1 404) 5 headers in 202 bytes (1 switches on core 0)
2026-05-05 18:06:42.540 7 INFO placement.requestlog [None req-4efa5863-7225-42b3-905c-4283e8871118 - - - - - -] 10.0.0.25 "GET /" status: 200 len: 136 microversion: 1.0
2026-05-05 18:06:42.584 8 INFO placement.requestlog [None req-c5e03c5c-3606-4442-9407-706c0c95f3f1 a1cbc82bef1447d7a391e46524c15510 3f544f36531947df9ac743fab23945e2 - - f4a3883b05ba4f7ba92ee4b671ce147b f4a3883b05ba4f7ba92ee4b671ce147b] 10.0.0.221 "DELETE /resource_providers/4a1b98d3-4280-4910-8fd7-8059b6e23a29" status: 404 len: 246 microversion: 1.1 [pid: 8|app: 0|req: 345/687] 10.0.0.221 () {34 vars in 816 bytes} [Tue May 5 18:06:42 2026] DELETE /resource_providers/4a1b98d3-4280-4910-8fd7-8059b6e23a29 => generated 246 bytes in 20 msecs (HTTP/1.1 404) 6 headers in 231 bytes (1 switches on core 0)
2026-05-05 18:06:42.585 7 INFO placement.requestlog [None req-c5f7e528-d7dd-4702-a5d4-facb9533686b a1cbc82bef1447d7a391e46524c15510 3f544f36531947df9ac743fab23945e2 - - f4a3883b05ba4f7ba92ee4b671ce147b f4a3883b05ba4f7ba92ee4b671ce147b] 10.0.0.221 "DELETE /resource_providers/4a1b98d3-4280-4910-8fd7-8059b6e23a29" status: 404 len: 246 microversion: 1.1 [pid: 7|app: 0|req: 343/688] 10.0.0.221 () {34 vars in 816 bytes} [Tue May 5 18:06:42 2026] DELETE /resource_providers/4a1b98d3-4280-4910-8fd7-8059b6e23a29 => generated 246 bytes in 20 msecs (HTTP/1.1 404) 6 headers in 231 bytes (1 switches on core 0)
2026-05-05 18:06:44.805 7 INFO placement.requestlog [None req-ba53a1a7-20f8-4786-89cd-a78bf0f2ad91 a1cbc82bef1447d7a391e46524c15510 3f544f36531947df9ac743fab23945e2 - - f4a3883b05ba4f7ba92ee4b671ce147b f4a3883b05ba4f7ba92ee4b671ce147b] 10.0.0.221 "GET /resource_providers/dbb4a2f1-c76c-4688-85c6-81144cc2f7ad/aggregates" status: 404 len: 235 microversion: 1.1 [pid: 7|app: 0|req: 344/689] 10.0.0.221 () {32 vars in 816 bytes} [Tue May 5 18:06:44 2026] GET /resource_providers/dbb4a2f1-c76c-4688-85c6-81144cc2f7ad/aggregates => generated 235 bytes in 20 msecs (HTTP/1.1 404) 5 headers in 202 bytes (1 switches on core 0)
2026-05-05 18:06:44.808 8 INFO placement.requestlog [None req-18a1aab1-1233-4e5f-80d5-96f46f8ca043 a1cbc82bef1447d7a391e46524c15510 3f544f36531947df9ac743fab23945e2 - - f4a3883b05ba4f7ba92ee4b671ce147b f4a3883b05ba4f7ba92ee4b671ce147b] 10.0.0.221 "GET /resource_providers/dbb4a2f1-c76c-4688-85c6-81144cc2f7ad/aggregates" status: 404 len: 235 microversion: 1.1 [pid: 8|app: 0|req: 346/690] 10.0.0.221 () {32 vars in 816 bytes} [Tue May 5 18:06:44 2026] GET /resource_providers/dbb4a2f1-c76c-4688-85c6-81144cc2f7ad/aggregates => generated 235 bytes in 25 msecs (HTTP/1.1 404) 5 headers in 202 bytes (1 switches on core 0)
2026-05-05 18:06:44.828 7 INFO placement.requestlog [None req-2fa7665b-ddf2-4094-94ab-55feea50b08b a1cbc82bef1447d7a391e46524c15510 3f544f36531947df9ac743fab23945e2 - - f4a3883b05ba4f7ba92ee4b671ce147b f4a3883b05ba4f7ba92ee4b671ce147b] 10.0.0.221 "DELETE /resource_providers/dbb4a2f1-c76c-4688-85c6-81144cc2f7ad" status: 404 len: 246 microversion: 1.1 [pid: 7|app: 0|req: 345/691] 10.0.0.221 () {34 vars in 816 bytes} [Tue May 5 18:06:44 2026] DELETE /resource_providers/dbb4a2f1-c76c-4688-85c6-81144cc2f7ad => generated 246 bytes in 14 msecs (HTTP/1.1 404) 6 headers in 231 bytes (1 switches on core 0)
2026-05-05 18:06:44.830 8 INFO placement.requestlog [None req-9874872f-b091-455b-adc3-f6fca091cef1 a1cbc82bef1447d7a391e46524c15510 3f544f36531947df9ac743fab23945e2 - - f4a3883b05ba4f7ba92ee4b671ce147b f4a3883b05ba4f7ba92ee4b671ce147b] 10.0.0.221 "DELETE /resource_providers/dbb4a2f1-c76c-4688-85c6-81144cc2f7ad" status: 404 len: 246 microversion: 1.1 [pid: 8|app: 0|req: 347/692] 10.0.0.221 () {34 vars in 816 bytes} [Tue May 5 18:06:44 2026] DELETE /resource_providers/dbb4a2f1-c76c-4688-85c6-81144cc2f7ad => generated 246 bytes in 11 msecs (HTTP/1.1 404) 6 headers in 231 bytes (1 switches on core 0)
2026-05-05 18:06:46.850 7 INFO placement.requestlog [None req-73e8b650-da06-43ec-842d-5cd35aad7438 a1cbc82bef1447d7a391e46524c15510 3f544f36531947df9ac743fab23945e2 - - f4a3883b05ba4f7ba92ee4b671ce147b f4a3883b05ba4f7ba92ee4b671ce147b] 10.0.0.221 "GET /resource_providers/d0bf4abc-a47f-449d-a222-ac9c00ec58da/aggregates" status: 404 len: 235 microversion: 1.1 [pid: 7|app: 0|req: 346/693] 10.0.0.221 () {32 vars in 816 bytes} [Tue May 5 18:06:46 2026] GET /resource_providers/d0bf4abc-a47f-449d-a222-ac9c00ec58da/aggregates => generated 235 bytes in 12 msecs (HTTP/1.1 404) 5 headers in 202 bytes (1 switches on core 0)
2026-05-05 18:06:46.857 8 INFO placement.requestlog [None req-79c7c9f2-4ead-457d-ac70-2bdebce1bb46 a1cbc82bef1447d7a391e46524c15510 3f544f36531947df9ac743fab23945e2 - - f4a3883b05ba4f7ba92ee4b671ce147b f4a3883b05ba4f7ba92ee4b671ce147b] 10.0.0.221 "GET /resource_providers/d0bf4abc-a47f-449d-a222-ac9c00ec58da/aggregates" status: 404 len: 235 microversion: 1.1 [pid: 8|app: 0|req: 348/694] 10.0.0.221 () {32 vars in 816 bytes} [Tue May 5 18:06:46 2026] GET /resource_providers/d0bf4abc-a47f-449d-a222-ac9c00ec58da/aggregates => generated 235 bytes in 16 msecs (HTTP/1.1 404) 5 headers in 202 bytes (1 switches on core 0)
2026-05-05 18:06:46.866 7 INFO placement.requestlog [None req-f4da2871-a542-438a-b2b2-346af244d3ae a1cbc82bef1447d7a391e46524c15510 3f544f36531947df9ac743fab23945e2 - - f4a3883b05ba4f7ba92ee4b671ce147b f4a3883b05ba4f7ba92ee4b671ce147b] 10.0.0.221 "DELETE /resource_providers/d0bf4abc-a47f-449d-a222-ac9c00ec58da" status: 404 len: 246 microversion: 1.1 [pid: 7|app: 0|req: 347/695] 10.0.0.221 () {34 vars in 816 bytes} [Tue May 5 18:06:46 2026] DELETE /resource_providers/d0bf4abc-a47f-449d-a222-ac9c00ec58da => generated 246 bytes in 8 msecs (HTTP/1.1 404) 6 headers in 231 bytes (1 switches on core 0)
2026-05-05 18:06:46.873 8 INFO placement.requestlog [None req-905e63bb-a2be-4646-a2c4-36b360ed2036 a1cbc82bef1447d7a391e46524c15510 3f544f36531947df9ac743fab23945e2 - - f4a3883b05ba4f7ba92ee4b671ce147b f4a3883b05ba4f7ba92ee4b671ce147b] 10.0.0.221 "DELETE /resource_providers/d0bf4abc-a47f-449d-a222-ac9c00ec58da" status: 404 len: 246 microversion: 1.1 [pid: 8|app: 0|req: 349/696] 10.0.0.221 () {34 vars in 816 bytes} [Tue May 5 18:06:46 2026] DELETE /resource_providers/d0bf4abc-a47f-449d-a222-ac9c00ec58da => generated 246 bytes in 10 msecs (HTTP/1.1 404) 6 headers in 231 bytes (1 switches on core 0)
2026-05-05 18:06:47.610 7 INFO placement.requestlog [req-315c0e1f-b959-4bff-b2b3-9a9ac8c7247a req-042fb78b-4393-4bfa-8866-460d015bdaa0 0a63f11d661f4289b675da7117408337 3f544f36531947df9ac743fab23945e2 - - f4a3883b05ba4f7ba92ee4b671ce147b f4a3883b05ba4f7ba92ee4b671ce147b] 10.0.0.56 "GET /allocation_candidates?limit=1000&resources=DISK_GB%3A1%2CMEMORY_MB%3A512%2CVCPU%3A1&root_required=%21COMPUTE_STATUS_DISABLED" status: 200 len: 2149 microversion: 1.36 [pid: 7|app: 0|req: 348/697] 10.0.0.56 () {34 vars in 1011 bytes} [Tue May 5 18:06:47 2026] GET /allocation_candidates?limit=1000&resources=DISK_GB%3A1%2CMEMORY_MB%3A512%2CVCPU%3A1&root_required=%21COMPUTE_STATUS_DISABLED => generated 2149 bytes in 62 msecs (HTTP/1.1 200) 8 headers in 297 bytes (1 switches on core 0)
2026-05-05 18:06:47.661 8 INFO placement.requestlog [req-315c0e1f-b959-4bff-b2b3-9a9ac8c7247a req-722acd70-342b-4c65-802e-66aee5205a8c 0a63f11d661f4289b675da7117408337 3f544f36531947df9ac743fab23945e2 - - f4a3883b05ba4f7ba92ee4b671ce147b f4a3883b05ba4f7ba92ee4b671ce147b] 10.0.0.56 "GET /allocations/00ad870b-193b-4cbd-9cc7-697447bb6a63" status: 200 len: 19 microversion: 1.28 [pid: 8|app: 0|req: 350/698] 10.0.0.56 () {34 vars in 860 bytes} [Tue May 5 18:06:47 2026] GET /allocations/00ad870b-193b-4cbd-9cc7-697447bb6a63 => generated 19 bytes in 13 msecs (HTTP/1.1 200) 8 headers in 295 bytes (1 switches on core 0)
2026-05-05 18:06:47.777 7 INFO placement.requestlog [req-315c0e1f-b959-4bff-b2b3-9a9ac8c7247a req-505ed370-3feb-47bc-8b26-4136db0d69d1 0a63f11d661f4289b675da7117408337 3f544f36531947df9ac743fab23945e2 - - f4a3883b05ba4f7ba92ee4b671ce147b f4a3883b05ba4f7ba92ee4b671ce147b] 10.0.0.56 "PUT /allocations/00ad870b-193b-4cbd-9cc7-697447bb6a63" status: 204 len: 0 microversion: 1.36 [pid: 7|app: 0|req: 349/699] 10.0.0.56 () {38 vars in 913 bytes} [Tue May 5 18:06:47 2026] PUT /allocations/00ad870b-193b-4cbd-9cc7-697447bb6a63 => generated 0 bytes in 110 msecs (HTTP/1.1 204) 5 headers in 199 bytes (1 switches on core 0)
2026-05-05 18:06:48.052 8 INFO placement.requestlog [req-315c0e1f-b959-4bff-b2b3-9a9ac8c7247a req-31c97847-b778-42ed-aa4a-1f41ab768d44 0a63f11d661f4289b675da7117408337 3f544f36531947df9ac743fab23945e2 - - f4a3883b05ba4f7ba92ee4b671ce147b f4a3883b05ba4f7ba92ee4b671ce147b] 199.19.213.235 "GET /allocations/00ad870b-193b-4cbd-9cc7-697447bb6a63" status: 200 len: 257 microversion: 1.28 [pid: 8|app: 0|req: 351/700] 199.19.213.235 () {34 vars in 863 bytes} [Tue May 5 18:06:48 2026] GET /allocations/00ad870b-193b-4cbd-9cc7-697447bb6a63 => generated 257 bytes in 11 msecs (HTTP/1.1 200) 8 headers in 296 bytes (1 switches on core 0)
2026-05-05 18:06:48.088 8 INFO placement.requestlog [None req-40568afe-4bda-4721-9ef8-6577caeb8e83 a1cbc82bef1447d7a391e46524c15510 3f544f36531947df9ac743fab23945e2 - - f4a3883b05ba4f7ba92ee4b671ce147b f4a3883b05ba4f7ba92ee4b671ce147b] 10.0.0.221 "GET /resource_providers/348b7cea-5243-417f-99d6-3415cdf03804/aggregates" status: 404 len: 235 microversion: 1.1 [pid: 8|app: 0|req: 352/701] 10.0.0.221 () {32 vars in 816 bytes} [Tue May 5 18:06:48 2026] GET /resource_providers/348b7cea-5243-417f-99d6-3415cdf03804/aggregates => generated 235 bytes in 7 msecs (HTTP/1.1 404) 5 headers in 202 bytes (1 switches on core 0)
2026-05-05 18:06:48.096 7 INFO placement.requestlog [None req-32e30a3a-8a56-4a3d-b052-89e7ea7eab2a a1cbc82bef1447d7a391e46524c15510 3f544f36531947df9ac743fab23945e2 - - f4a3883b05ba4f7ba92ee4b671ce147b f4a3883b05ba4f7ba92ee4b671ce147b] 10.0.0.221 "GET /resource_providers/348b7cea-5243-417f-99d6-3415cdf03804/aggregates" status: 404 len: 235 microversion: 1.1 [pid: 7|app: 0|req: 350/702] 10.0.0.221 () {32 vars in 816 bytes} [Tue May 5 18:06:48 2026] GET /resource_providers/348b7cea-5243-417f-99d6-3415cdf03804/aggregates => generated 235 bytes in 16 msecs (HTTP/1.1 404) 5 headers in 202 bytes (1 switches on core 0)
2026-05-05 18:06:48.116 8 INFO placement.requestlog [None req-2bf07b56-31d1-481b-9a17-9cccfa9b4ca9 a1cbc82bef1447d7a391e46524c15510 3f544f36531947df9ac743fab23945e2 - - f4a3883b05ba4f7ba92ee4b671ce147b f4a3883b05ba4f7ba92ee4b671ce147b] 10.0.0.221 "DELETE /resource_providers/348b7cea-5243-417f-99d6-3415cdf03804" status: 404 len: 246 microversion: 1.1 [pid: 8|app: 0|req: 353/703] 10.0.0.221 () {34 vars in 816 bytes} [Tue May 5 18:06:48 2026] DELETE /resource_providers/348b7cea-5243-417f-99d6-3415cdf03804 => generated 246 bytes in 13 msecs (HTTP/1.1 404) 6 headers in 231 bytes (1 switches on core 0)
2026-05-05 18:06:48.120 7 INFO placement.requestlog [None req-80c87af6-922b-49c1-943c-4a0b6bacf6ef a1cbc82bef1447d7a391e46524c15510 3f544f36531947df9ac743fab23945e2 - - f4a3883b05ba4f7ba92ee4b671ce147b f4a3883b05ba4f7ba92ee4b671ce147b] 10.0.0.221 "DELETE /resource_providers/348b7cea-5243-417f-99d6-3415cdf03804" status: 404 len: 246 microversion: 1.1 [pid: 7|app: 0|req: 351/704] 10.0.0.221 () {34 vars in 816 bytes} [Tue May 5 18:06:48 2026] DELETE /resource_providers/348b7cea-5243-417f-99d6-3415cdf03804 => generated 246 bytes in 13 msecs (HTTP/1.1 404) 6 headers in 231 bytes (1 switches on core 0)
2026-05-05 18:06:48.205 8 INFO placement.requestlog [req-315c0e1f-b959-4bff-b2b3-9a9ac8c7247a req-bf8b295a-a026-40d5-9c46-ce053c4a5886 0a63f11d661f4289b675da7117408337 3f544f36531947df9ac743fab23945e2 - - f4a3883b05ba4f7ba92ee4b671ce147b f4a3883b05ba4f7ba92ee4b671ce147b] 199.19.213.235 "GET /resource_providers/dc47f81d-5bc2-4023-b304-ba3be2ada551/allocations" status: 200 len: 252 microversion: 1.0 [pid: 8|app: 0|req: 354/705] 199.19.213.235 () {32 vars in 857 bytes} [Tue May 5 18:06:48 2026] GET /resource_providers/dc47f81d-5bc2-4023-b304-ba3be2ada551/allocations => generated 252 bytes in 15 msecs (HTTP/1.1 200) 6 headers in 224 bytes (1 switches on core 0)
2026-05-05 18:06:48.232 7 INFO placement.requestlog [req-315c0e1f-b959-4bff-b2b3-9a9ac8c7247a req-8bade2d7-baad-4f6a-b789-e896c9e523fd 0a63f11d661f4289b675da7117408337 3f544f36531947df9ac743fab23945e2 - - f4a3883b05ba4f7ba92ee4b671ce147b f4a3883b05ba4f7ba92ee4b671ce147b] 199.19.213.235 "GET /allocations/20037c23-a8af-4451-842e-03c02290e652" status: 200 len: 257 microversion: 1.28 [pid: 7|app: 0|req: 352/706] 199.19.213.235 () {34 vars in 863 bytes} [Tue May 5 18:06:48 2026] GET /allocations/20037c23-a8af-4451-842e-03c02290e652 => generated 257 bytes in 20 msecs (HTTP/1.1 200) 8 headers in 296 bytes (1 switches on core 0)
2026-05-05 18:06:48.253 8 INFO placement.requestlog [req-315c0e1f-b959-4bff-b2b3-9a9ac8c7247a req-cc62d03b-6719-4ce2-9049-bb0f2bd91d85 0a63f11d661f4289b675da7117408337 3f544f36531947df9ac743fab23945e2 - - f4a3883b05ba4f7ba92ee4b671ce147b f4a3883b05ba4f7ba92ee4b671ce147b] 199.19.213.235 "GET /allocations/00ad870b-193b-4cbd-9cc7-697447bb6a63" status: 200 len: 257 microversion: 1.28 [pid: 8|app: 0|req: 355/707] 199.19.213.235 () {34 vars in 863 bytes} [Tue May 5 18:06:48 2026] GET /allocations/00ad870b-193b-4cbd-9cc7-697447bb6a63 => generated 257 bytes in 12 msecs (HTTP/1.1 200) 8 headers in 296 bytes (1 switches on core 0)
2026-05-05 18:06:51.400 7 INFO placement.requestlog [None req-4a1231b2-75e0-4ed9-b03b-f3009ac71eb5 a1cbc82bef1447d7a391e46524c15510 3f544f36531947df9ac743fab23945e2 - - f4a3883b05ba4f7ba92ee4b671ce147b f4a3883b05ba4f7ba92ee4b671ce147b] 10.0.0.221 "GET /resource_providers/ff39c1e3-c34c-4bfd-9464-5f993a91e7c5/aggregates" status: 404 len: 235 microversion: 1.1 [pid: 7|app: 0|req: 353/708] 10.0.0.221 () {32 vars in 816 bytes} [Tue May 5 18:06:51 2026] GET /resource_providers/ff39c1e3-c34c-4bfd-9464-5f993a91e7c5/aggregates => generated 235 bytes in 14 msecs (HTTP/1.1 404) 5 headers in 202 bytes (1 switches on core 0)
2026-05-05 18:06:51.405 8 INFO placement.requestlog [None req-2b22a7cb-1f1a-4d75-82e5-4aa60c8b5407 a1cbc82bef1447d7a391e46524c15510 3f544f36531947df9ac743fab23945e2 - - f4a3883b05ba4f7ba92ee4b671ce147b f4a3883b05ba4f7ba92ee4b671ce147b] 10.0.0.221 "GET /resource_providers/ff39c1e3-c34c-4bfd-9464-5f993a91e7c5/aggregates" status: 404 len: 235 microversion: 1.1 [pid: 8|app: 0|req: 356/709] 10.0.0.221 () {32 vars in 816 bytes} [Tue May 5 18:06:51 2026] GET /resource_providers/ff39c1e3-c34c-4bfd-9464-5f993a91e7c5/aggregates => generated 235 bytes in 19 msecs (HTTP/1.1 404) 5 headers in 202 bytes (1 switches on core 0)
2026-05-05 18:06:51.432 8 INFO placement.requestlog [None req-982c2942-7b26-486a-aefd-a801a15d36ab a1cbc82bef1447d7a391e46524c15510 3f544f36531947df9ac743fab23945e2 - - f4a3883b05ba4f7ba92ee4b671ce147b f4a3883b05ba4f7ba92ee4b671ce147b] 10.0.0.221 "DELETE /resource_providers/ff39c1e3-c34c-4bfd-9464-5f993a91e7c5" status: 404 len: 246 microversion: 1.1 [pid: 8|app: 0|req: 357/710] 10.0.0.221 () {34 vars in 816 bytes} [Tue May 5 18:06:51 2026] DELETE /resource_providers/ff39c1e3-c34c-4bfd-9464-5f993a91e7c5 => generated 246 bytes in 12 msecs (HTTP/1.1 404) 6 headers in 231 bytes (1 switches on core 0)
2026-05-05 18:06:51.437 7 INFO placement.requestlog [None req-a3c33418-6471-4045-a3b3-fb64b8f13e87 a1cbc82bef1447d7a391e46524c15510 3f544f36531947df9ac743fab23945e2 - - f4a3883b05ba4f7ba92ee4b671ce147b f4a3883b05ba4f7ba92ee4b671ce147b] 10.0.0.221 "DELETE /resource_providers/ff39c1e3-c34c-4bfd-9464-5f993a91e7c5" status: 404 len: 246 microversion: 1.1 [pid: 7|app: 0|req: 354/711] 10.0.0.221 () {34 vars in 816 bytes} [Tue May 5 18:06:51 2026] DELETE /resource_providers/ff39c1e3-c34c-4bfd-9464-5f993a91e7c5 => generated 246 bytes in 19 msecs (HTTP/1.1 404) 6 headers in 231 bytes (1 switches on core 0)
2026-05-05 18:06:52.521 7 INFO placement.requestlog [None req-d1a36c95-5f21-4b9e-b478-1b9f50291383 - - - - - -] 10.0.0.25 "GET /" status: 200 len: 136 microversion: 1.0
2026-05-05 18:06:52.522 8 INFO placement.requestlog [None req-4ac5fc6c-de35-47d4-9fa4-3ab80a044f48 - - - - - -] 10.0.0.25 "GET /" status: 200 len: 136 microversion: 1.0
2026-05-05 18:06:52.670 7 INFO placement.requestlog [req-8d664048-41aa-4862-8f99-c8230f11bfb7 req-365bdbd7-c105-408d-85cf-5d73aed77caf 0a63f11d661f4289b675da7117408337 3f544f36531947df9ac743fab23945e2 - - f4a3883b05ba4f7ba92ee4b671ce147b f4a3883b05ba4f7ba92ee4b671ce147b] 199.19.213.235 "GET /resource_providers/dc47f81d-5bc2-4023-b304-ba3be2ada551/allocations" status: 200 len: 252 microversion: 1.0 [pid: 7|app: 0|req: 356/714] 199.19.213.235 () {32 vars in 857 bytes} [Tue May 5 18:06:52 2026] GET /resource_providers/dc47f81d-5bc2-4023-b304-ba3be2ada551/allocations => generated 252 bytes in 23 msecs (HTTP/1.1 200) 6 headers in 224 bytes (1 switches on core 0)
2026-05-05 18:06:52.693 8 INFO placement.requestlog [req-8d664048-41aa-4862-8f99-c8230f11bfb7 req-fa357209-0ffc-45ca-8ac8-750036788ee0 0a63f11d661f4289b675da7117408337 3f544f36531947df9ac743fab23945e2 - - f4a3883b05ba4f7ba92ee4b671ce147b f4a3883b05ba4f7ba92ee4b671ce147b] 199.19.213.235 "GET /allocations/20037c23-a8af-4451-842e-03c02290e652" status: 200 len: 257 microversion: 1.28 [pid: 8|app: 0|req: 359/715] 199.19.213.235 () {34 vars in 863 bytes} [Tue May 5 18:06:52 2026] GET /allocations/20037c23-a8af-4451-842e-03c02290e652 => generated 257 bytes in 13 msecs (HTTP/1.1 200) 8 headers in 296 bytes (1 switches on core 0)
2026-05-05 18:06:52.727 7 INFO placement.requestlog [req-8d664048-41aa-4862-8f99-c8230f11bfb7 req-4250d246-35fd-404e-bb8d-503d50c28ad4 0a63f11d661f4289b675da7117408337 3f544f36531947df9ac743fab23945e2 - - f4a3883b05ba4f7ba92ee4b671ce147b f4a3883b05ba4f7ba92ee4b671ce147b] 199.19.213.235 "GET /allocations/00ad870b-193b-4cbd-9cc7-697447bb6a63" status: 200 len: 257 microversion: 1.28 [pid: 7|app: 0|req: 357/716] 199.19.213.235 () {34 vars in 863 bytes} [Tue May 5 18:06:52 2026] GET /allocations/00ad870b-193b-4cbd-9cc7-697447bb6a63 => generated 257 bytes in 30 msecs (HTTP/1.1 200) 8 headers in 296 bytes (1 switches on core 0)
2026-05-05 18:06:52.799 8 INFO placement.requestlog [req-8d664048-41aa-4862-8f99-c8230f11bfb7 req-d4d4faa8-d713-4968-a341-d5949da03471 0a63f11d661f4289b675da7117408337 3f544f36531947df9ac743fab23945e2 - - f4a3883b05ba4f7ba92ee4b671ce147b f4a3883b05ba4f7ba92ee4b671ce147b] 199.19.213.235 "DELETE /allocations/20037c23-a8af-4451-842e-03c02290e652" status: 204 len: 0 microversion: 1.0 [pid: 8|app: 0|req: 360/717] 199.19.213.235 () {34 vars in 841 bytes} [Tue May 5 18:06:52 2026] DELETE /allocations/20037c23-a8af-4451-842e-03c02290e652 => generated 0 bytes in 25 msecs (HTTP/1.1 204) 5 headers in 198 bytes (1 switches on core 0)
2026-05-05 18:06:56.725 7 INFO placement.requestlog [None req-d6127168-e695-424e-bb37-652de324ff6b a1cbc82bef1447d7a391e46524c15510 3f544f36531947df9ac743fab23945e2 - - f4a3883b05ba4f7ba92ee4b671ce147b f4a3883b05ba4f7ba92ee4b671ce147b] 10.0.0.221 "GET /resource_providers/ecee4cfc-095a-446d-956e-600d92f60af5/aggregates" status: 404 len: 235 microversion: 1.1 [pid: 7|app: 0|req: 358/718] 10.0.0.221 () {32 vars in 816 bytes} [Tue May 5 18:06:56 2026] GET /resource_providers/ecee4cfc-095a-446d-956e-600d92f60af5/aggregates => generated 235 bytes in 18 msecs (HTTP/1.1 404) 5 headers in 202 bytes (1 switches on core 0)
2026-05-05 18:06:56.726 8 INFO placement.requestlog [None req-f1e4be86-38ed-4e7f-ab20-afba130a6fe3 a1cbc82bef1447d7a391e46524c15510 3f544f36531947df9ac743fab23945e2 - - f4a3883b05ba4f7ba92ee4b671ce147b f4a3883b05ba4f7ba92ee4b671ce147b] 10.0.0.221 "GET /resource_providers/ecee4cfc-095a-446d-956e-600d92f60af5/aggregates" status: 404 len: 235 microversion: 1.1 [pid: 8|app: 0|req: 361/719] 10.0.0.221 () {32 vars in 816 bytes} [Tue May 5 18:06:56 2026] GET /resource_providers/ecee4cfc-095a-446d-956e-600d92f60af5/aggregates => generated 235 bytes in 18 msecs (HTTP/1.1 404) 5 headers in 202 bytes (1 switches on core 0)
2026-05-05 18:06:56.749 8 INFO placement.requestlog [None req-5d3f116e-e8d5-4a38-9c00-942a3240b71f a1cbc82bef1447d7a391e46524c15510 3f544f36531947df9ac743fab23945e2 - - f4a3883b05ba4f7ba92ee4b671ce147b f4a3883b05ba4f7ba92ee4b671ce147b] 10.0.0.221 "DELETE /resource_providers/ecee4cfc-095a-446d-956e-600d92f60af5" status: 404 len: 246 microversion: 1.1 [pid: 8|app: 0|req: 362/720] 10.0.0.221 () {34 vars in 816 bytes} [Tue May 5 18:06:56 2026] DELETE /resource_providers/ecee4cfc-095a-446d-956e-600d92f60af5 => generated 246 bytes in 12 msecs (HTTP/1.1 404) 6 headers in 231 bytes (1 switches on core 0)
2026-05-05 18:06:56.751 7 INFO placement.requestlog [None req-da9ae8bc-d460-4115-b595-f984b78c3c56 a1cbc82bef1447d7a391e46524c15510 3f544f36531947df9ac743fab23945e2 - - f4a3883b05ba4f7ba92ee4b671ce147b f4a3883b05ba4f7ba92ee4b671ce147b] 10.0.0.221 "DELETE /resource_providers/ecee4cfc-095a-446d-956e-600d92f60af5" status: 404 len: 246 microversion: 1.1 [pid: 7|app: 0|req: 359/721] 10.0.0.221 () {34 vars in 816 bytes} [Tue May 5 18:06:56 2026] DELETE /resource_providers/ecee4cfc-095a-446d-956e-600d92f60af5 => generated 246 bytes in 15 msecs (HTTP/1.1 404) 6 headers in 231 bytes (1 switches on core 0)
2026-05-05 18:06:57.619 8 INFO placement.requestlog [req-9c675557-51c5-476d-a823-7774d33c0b7f req-c3a5c289-a72e-4a0b-b3a5-e4f74a8c94b7 0a63f11d661f4289b675da7117408337 3f544f36531947df9ac743fab23945e2 - - f4a3883b05ba4f7ba92ee4b671ce147b f4a3883b05ba4f7ba92ee4b671ce147b] 10.0.0.56 "GET /allocation_candidates?limit=1000&resources=DISK_GB%3A1%2CMEMORY_MB%3A512%2CVCPU%3A1&root_required=%21COMPUTE_STATUS_DISABLED" status: 200 len: 2149 microversion: 1.36 [pid: 8|app: 0|req: 363/722] 10.0.0.56 () {34 vars in 1011 bytes} [Tue May 5 18:06:57 2026] GET /allocation_candidates?limit=1000&resources=DISK_GB%3A1%2CMEMORY_MB%3A512%2CVCPU%3A1&root_required=%21COMPUTE_STATUS_DISABLED => generated 2149 bytes in 44 msecs (HTTP/1.1 200) 8 headers in 297 bytes (1 switches on core 0)
2026-05-05 18:06:57.653 7 INFO placement.requestlog [req-9c675557-51c5-476d-a823-7774d33c0b7f req-aff5dbf4-e9cd-4913-b9be-dcb367d3b015 0a63f11d661f4289b675da7117408337 3f544f36531947df9ac743fab23945e2 - - f4a3883b05ba4f7ba92ee4b671ce147b f4a3883b05ba4f7ba92ee4b671ce147b] 10.0.0.56 "GET /allocations/0d1637a0-616e-4c4a-9d0e-ee6a97caacef" status: 200 len: 19 microversion: 1.28 [pid: 7|app: 0|req: 360/723] 10.0.0.56 () {34 vars in 860 bytes} [Tue May 5 18:06:57 2026] GET /allocations/0d1637a0-616e-4c4a-9d0e-ee6a97caacef => generated 19 bytes in 12 msecs (HTTP/1.1 200) 8 headers in 295 bytes (1 switches on core 0)
2026-05-05 18:06:57.659 8 INFO placement.requestlog [None req-b9d903f8-d4ea-4528-b368-d7e0b45754fb a1cbc82bef1447d7a391e46524c15510 3f544f36531947df9ac743fab23945e2 - - f4a3883b05ba4f7ba92ee4b671ce147b f4a3883b05ba4f7ba92ee4b671ce147b] 10.0.0.221 "GET /resource_providers/8fe1e3f6-ff46-4549-9c21-47bc27a0e246/aggregates" status: 404 len: 235 microversion: 1.1 [pid: 8|app: 0|req: 364/724] 10.0.0.221 () {32 vars in 816 bytes} [Tue May 5 18:06:57 2026] GET /resource_providers/8fe1e3f6-ff46-4549-9c21-47bc27a0e246/aggregates => generated 235 bytes in 10 msecs (HTTP/1.1 404) 5 headers in 202 bytes (1 switches on core 0)
2026-05-05 18:06:57.669 7 INFO placement.requestlog [None req-9739461e-9037-48c2-ab15-db1fefce3f20 a1cbc82bef1447d7a391e46524c15510 3f544f36531947df9ac743fab23945e2 - - f4a3883b05ba4f7ba92ee4b671ce147b f4a3883b05ba4f7ba92ee4b671ce147b] 10.0.0.221 "GET /resource_providers/8fe1e3f6-ff46-4549-9c21-47bc27a0e246/aggregates" status: 404 len: 235 microversion: 1.1 [pid: 7|app: 0|req: 361/725] 10.0.0.221 () {32 vars in 816 bytes} [Tue May 5 18:06:57 2026] GET /resource_providers/8fe1e3f6-ff46-4549-9c21-47bc27a0e246/aggregates => generated 235 bytes in 15 msecs (HTTP/1.1 404) 5 headers in 202 bytes (1 switches on core 0)
2026-05-05 18:06:57.700 7 INFO placement.requestlog [None req-b06a6189-f41f-4b18-a2d9-cbb2a09a5a46 a1cbc82bef1447d7a391e46524c15510 3f544f36531947df9ac743fab23945e2 - - f4a3883b05ba4f7ba92ee4b671ce147b f4a3883b05ba4f7ba92ee4b671ce147b] 10.0.0.221 "DELETE /resource_providers/8fe1e3f6-ff46-4549-9c21-47bc27a0e246" status: 404 len: 246 microversion: 1.1 [pid: 7|app: 0|req: 362/726] 10.0.0.221 () {34 vars in 816 bytes} [Tue May 5 18:06:57 2026] DELETE /resource_providers/8fe1e3f6-ff46-4549-9c21-47bc27a0e246 => generated 246 bytes in 13 msecs (HTTP/1.1 404) 6 headers in 231 bytes (1 switches on core 0)
2026-05-05 18:06:57.712 7 INFO placement.requestlog [None req-385eb693-58f5-4047-9db2-178682b90c16 a1cbc82bef1447d7a391e46524c15510 3f544f36531947df9ac743fab23945e2 - - f4a3883b05ba4f7ba92ee4b671ce147b f4a3883b05ba4f7ba92ee4b671ce147b] 10.0.0.221 "DELETE /resource_providers/8fe1e3f6-ff46-4549-9c21-47bc27a0e246" status: 404 len: 246 microversion: 1.1 [pid: 7|app: 0|req: 363/727] 10.0.0.221 () {34 vars in 816 bytes} [Tue May 5 18:06:57 2026] DELETE /resource_providers/8fe1e3f6-ff46-4549-9c21-47bc27a0e246 => generated 246 bytes in 11 msecs (HTTP/1.1 404) 6 headers in 231 bytes (1 switches on core 0)
2026-05-05 18:06:57.730 8 INFO placement.requestlog [req-9c675557-51c5-476d-a823-7774d33c0b7f req-d988316b-2419-4748-a522-97d34374c4f1 0a63f11d661f4289b675da7117408337 3f544f36531947df9ac743fab23945e2 - - f4a3883b05ba4f7ba92ee4b671ce147b f4a3883b05ba4f7ba92ee4b671ce147b] 10.0.0.56 "PUT /allocations/0d1637a0-616e-4c4a-9d0e-ee6a97caacef" status: 204 len: 0 microversion: 1.36 [pid: 8|app: 0|req: 365/728] 10.0.0.56 () {38 vars in 913 bytes} [Tue May 5 18:06:57 2026] PUT /allocations/0d1637a0-616e-4c4a-9d0e-ee6a97caacef => generated 0 bytes in 65 msecs (HTTP/1.1 204) 5 headers in 199 bytes (1 switches on core 0)
2026-05-05 18:06:58.029 7 INFO placement.requestlog [req-9c675557-51c5-476d-a823-7774d33c0b7f req-c635ee63-13f9-4dea-adba-0e2c105f2931 0a63f11d661f4289b675da7117408337 3f544f36531947df9ac743fab23945e2 - - f4a3883b05ba4f7ba92ee4b671ce147b f4a3883b05ba4f7ba92ee4b671ce147b] 199.19.213.235 "GET /allocations/0d1637a0-616e-4c4a-9d0e-ee6a97caacef" status: 200 len: 257 microversion: 1.28 [pid: 7|app: 0|req: 364/729] 199.19.213.235 () {34 vars in 863 bytes} [Tue May 5 18:06:58 2026] GET /allocations/0d1637a0-616e-4c4a-9d0e-ee6a97caacef => generated 257 bytes in 14 msecs (HTTP/1.1 200) 8 headers in 296 bytes (1 switches on core 0)
2026-05-05 18:06:58.178 8 INFO placement.requestlog [req-9c675557-51c5-476d-a823-7774d33c0b7f req-715a1760-0304-4975-ae28-7b56b69ac3e8 0a63f11d661f4289b675da7117408337 3f544f36531947df9ac743fab23945e2 - - f4a3883b05ba4f7ba92ee4b671ce147b f4a3883b05ba4f7ba92ee4b671ce147b] 199.19.213.235 "GET /resource_providers/dc47f81d-5bc2-4023-b304-ba3be2ada551/allocations" status: 200 len: 252 microversion: 1.0 [pid: 8|app: 0|req: 366/730] 199.19.213.235 () {32 vars in 857 bytes} [Tue May 5 18:06:58 2026] GET /resource_providers/dc47f81d-5bc2-4023-b304-ba3be2ada551/allocations => generated 252 bytes in 22 msecs (HTTP/1.1 200) 6 headers in 224 bytes (1 switches on core 0)
2026-05-05 18:06:58.203 7 INFO placement.requestlog [req-9c675557-51c5-476d-a823-7774d33c0b7f req-b3fcb58d-7552-49c2-8491-21b79c6fb252 0a63f11d661f4289b675da7117408337 3f544f36531947df9ac743fab23945e2 - - f4a3883b05ba4f7ba92ee4b671ce147b f4a3883b05ba4f7ba92ee4b671ce147b] 199.19.213.235 "GET /allocations/0d1637a0-616e-4c4a-9d0e-ee6a97caacef" status: 200 len: 257 microversion: 1.28 [pid: 7|app: 0|req: 365/731] 199.19.213.235 () {34 vars in 863 bytes} [Tue May 5 18:06:58 2026] GET /allocations/0d1637a0-616e-4c4a-9d0e-ee6a97caacef => generated 257 bytes in 12 msecs (HTTP/1.1 200) 8 headers in 296 bytes (1 switches on core 0)
2026-05-05 18:06:58.231 8 INFO placement.requestlog [req-9c675557-51c5-476d-a823-7774d33c0b7f req-bb6168d9-a194-458e-8394-994941f4e404 0a63f11d661f4289b675da7117408337 3f544f36531947df9ac743fab23945e2 - - f4a3883b05ba4f7ba92ee4b671ce147b f4a3883b05ba4f7ba92ee4b671ce147b] 199.19.213.235 "GET /allocations/00ad870b-193b-4cbd-9cc7-697447bb6a63" status: 200 len: 257 microversion: 1.28 [pid: 8|app: 0|req: 367/732] 199.19.213.235 () {34 vars in 863 bytes} [Tue May 5 18:06:58 2026] GET /allocations/00ad870b-193b-4cbd-9cc7-697447bb6a63 => generated 257 bytes in 18 msecs (HTTP/1.1 200) 8 headers in 296 bytes (1 switches on core 0)
2026-05-05 18:06:58.876 7 INFO placement.requestlog [req-13b48c85-1c31-4960-b749-a46c555a07f5 req-07ee5efa-b390-4b7b-a527-3ee7bdedc100 0a63f11d661f4289b675da7117408337 3f544f36531947df9ac743fab23945e2 - - f4a3883b05ba4f7ba92ee4b671ce147b f4a3883b05ba4f7ba92ee4b671ce147b] 199.19.213.235 "GET /resource_providers/dc47f81d-5bc2-4023-b304-ba3be2ada551/allocations" status: 200 len: 252 microversion: 1.0 [pid: 7|app: 0|req: 366/733] 199.19.213.235 () {32 vars in 857 bytes} [Tue May 5 18:06:58 2026] GET /resource_providers/dc47f81d-5bc2-4023-b304-ba3be2ada551/allocations => generated 252 bytes in 24 msecs (HTTP/1.1 200) 6 headers in 224 bytes (1 switches on core 0)
2026-05-05 18:06:58.906 8 INFO placement.requestlog [req-13b48c85-1c31-4960-b749-a46c555a07f5 req-f62f4bc9-541f-482f-9aba-e21e6d598ece 0a63f11d661f4289b675da7117408337 3f544f36531947df9ac743fab23945e2 - - f4a3883b05ba4f7ba92ee4b671ce147b f4a3883b05ba4f7ba92ee4b671ce147b] 199.19.213.235 "GET /allocations/0d1637a0-616e-4c4a-9d0e-ee6a97caacef" status: 200 len: 257 microversion: 1.28 [pid: 8|app: 0|req: 368/734] 199.19.213.235 () {34 vars in 863 bytes} [Tue May 5 18:06:58 2026] GET /allocations/0d1637a0-616e-4c4a-9d0e-ee6a97caacef => generated 257 bytes in 20 msecs (HTTP/1.1 200) 8 headers in 296 bytes (1 switches on core 0)
2026-05-05 18:06:58.931 7 INFO placement.requestlog [req-13b48c85-1c31-4960-b749-a46c555a07f5 req-8d090673-c2f9-4a85-a441-cad2b4164691 0a63f11d661f4289b675da7117408337 3f544f36531947df9ac743fab23945e2 - - f4a3883b05ba4f7ba92ee4b671ce147b f4a3883b05ba4f7ba92ee4b671ce147b] 199.19.213.235 "GET /allocations/00ad870b-193b-4cbd-9cc7-697447bb6a63" status: 200 len: 257 microversion: 1.28 [pid: 7|app: 0|req: 367/735] 199.19.213.235 () {34 vars in 863 bytes} [Tue May 5 18:06:58 2026] GET /allocations/00ad870b-193b-4cbd-9cc7-697447bb6a63 => generated 257 bytes in 17 msecs (HTTP/1.1 200) 8 headers in 296 bytes (1 switches on core 0)
2026-05-05 18:06:58.986 8 INFO placement.requestlog [req-13b48c85-1c31-4960-b749-a46c555a07f5 req-bdadd013-9ea1-4d27-a6c6-83ef986e4617 0a63f11d661f4289b675da7117408337 3f544f36531947df9ac743fab23945e2 - - f4a3883b05ba4f7ba92ee4b671ce147b f4a3883b05ba4f7ba92ee4b671ce147b] 199.19.213.235 "DELETE /allocations/00ad870b-193b-4cbd-9cc7-697447bb6a63" status: 204 len: 0 microversion: 1.0 [pid: 8|app: 0|req: 369/736] 199.19.213.235 () {34 vars in 841 bytes} [Tue May 5 18:06:58 2026] DELETE /allocations/00ad870b-193b-4cbd-9cc7-697447bb6a63 => generated 0 bytes in 21 msecs (HTTP/1.1 204) 5 headers in 198 bytes (1 switches on core 0)
2026-05-05 18:06:59.720 7 INFO placement.requestlog [None req-54c03461-e7cf-4d0d-bf4a-9c5f7d4f738f a1cbc82bef1447d7a391e46524c15510 3f544f36531947df9ac743fab23945e2 - - f4a3883b05ba4f7ba92ee4b671ce147b f4a3883b05ba4f7ba92ee4b671ce147b] 10.0.0.221 "GET /resource_providers/7e9e99fb-008d-4f17-80a9-267c76b60fb0/aggregates" status: 404 len: 235 microversion: 1.1 [pid: 7|app: 0|req: 368/737] 10.0.0.221 () {32 vars in 816 bytes} [Tue May 5 18:06:59 2026] GET /resource_providers/7e9e99fb-008d-4f17-80a9-267c76b60fb0/aggregates => generated 235 bytes in 8 msecs (HTTP/1.1 404) 5 headers in 202 bytes (1 switches on core 0)
2026-05-05 18:06:59.739 8 INFO placement.requestlog [None req-8856a74a-eeaf-49e4-a226-7d2112747a38 a1cbc82bef1447d7a391e46524c15510 3f544f36531947df9ac743fab23945e2 - - f4a3883b05ba4f7ba92ee4b671ce147b f4a3883b05ba4f7ba92ee4b671ce147b] 10.0.0.221 "GET /resource_providers/7e9e99fb-008d-4f17-80a9-267c76b60fb0/aggregates" status: 404 len: 235 microversion: 1.1 [pid: 8|app: 0|req: 370/738] 10.0.0.221 () {32 vars in 816 bytes} [Tue May 5 18:06:59 2026] GET /resource_providers/7e9e99fb-008d-4f17-80a9-267c76b60fb0/aggregates => generated 235 bytes in 11 msecs (HTTP/1.1 404) 5 headers in 202 bytes (1 switches on core 0)
2026-05-05 18:06:59.757 8 INFO placement.requestlog [None req-c56a8cc6-2317-4fa4-9046-9f9b302249d0 a1cbc82bef1447d7a391e46524c15510 3f544f36531947df9ac743fab23945e2 - - f4a3883b05ba4f7ba92ee4b671ce147b f4a3883b05ba4f7ba92ee4b671ce147b] 10.0.0.221 "DELETE /resource_providers/7e9e99fb-008d-4f17-80a9-267c76b60fb0" status: 404 len: 246 microversion: 1.1 [pid: 8|app: 0|req: 371/739] 10.0.0.221 () {34 vars in 816 bytes} [Tue May 5 18:06:59 2026] DELETE /resource_providers/7e9e99fb-008d-4f17-80a9-267c76b60fb0 => generated 246 bytes in 11 msecs (HTTP/1.1 404) 6 headers in 231 bytes (1 switches on core 0)
2026-05-05 18:06:59.758 7 INFO placement.requestlog [None req-aface378-315c-4a52-a2a0-a0a7b39fe432 a1cbc82bef1447d7a391e46524c15510 3f544f36531947df9ac743fab23945e2 - - f4a3883b05ba4f7ba92ee4b671ce147b f4a3883b05ba4f7ba92ee4b671ce147b] 10.0.0.221 "DELETE /resource_providers/7e9e99fb-008d-4f17-80a9-267c76b60fb0" status: 404 len: 246 microversion: 1.1 [pid: 7|app: 0|req: 369/740] 10.0.0.221 () {34 vars in 816 bytes} [Tue May 5 18:06:59 2026] DELETE /resource_providers/7e9e99fb-008d-4f17-80a9-267c76b60fb0 => generated 246 bytes in 22 msecs (HTTP/1.1 404) 6 headers in 231 bytes (1 switches on core 0)
2026-05-05 18:07:02.110 8 INFO placement.requestlog [req-8f7933b4-0a76-42f9-beca-b6f3b3e0d243 req-14910e9b-94a3-4ef0-8c0a-f32ad58ff166 0a63f11d661f4289b675da7117408337 3f544f36531947df9ac743fab23945e2 - - f4a3883b05ba4f7ba92ee4b671ce147b f4a3883b05ba4f7ba92ee4b671ce147b] 199.19.213.235 "GET /resource_providers/dc47f81d-5bc2-4023-b304-ba3be2ada551/allocations" status: 200 len: 152 microversion: 1.0 [pid: 8|app: 0|req: 372/741] 199.19.213.235 () {32 vars in 857 bytes} [Tue May 5 18:07:02 2026] GET /resource_providers/dc47f81d-5bc2-4023-b304-ba3be2ada551/allocations => generated 152 bytes in 23 msecs (HTTP/1.1 200) 6 headers in 224 bytes (1 switches on core 0)
2026-05-05 18:07:02.174 7 INFO placement.requestlog [req-8f7933b4-0a76-42f9-beca-b6f3b3e0d243 req-c4435aa1-57ee-48ce-a220-7e5111c3c9d9 0a63f11d661f4289b675da7117408337 3f544f36531947df9ac743fab23945e2 - - f4a3883b05ba4f7ba92ee4b671ce147b f4a3883b05ba4f7ba92ee4b671ce147b] 199.19.213.235 "GET /resource_providers/dc47f81d-5bc2-4023-b304-ba3be2ada551/allocations" status: 200 len: 152 microversion: 1.0 [pid: 7|app: 0|req: 370/742] 199.19.213.235 () {32 vars in 857 bytes} [Tue May 5 18:07:02 2026] GET /resource_providers/dc47f81d-5bc2-4023-b304-ba3be2ada551/allocations => generated 152 bytes in 20 msecs (HTTP/1.1 200) 6 headers in 224 bytes (1 switches on core 0)
2026-05-05 18:07:02.195 8 INFO placement.requestlog [req-8f7933b4-0a76-42f9-beca-b6f3b3e0d243 req-a332ac2f-d4c4-4481-abd0-64d0ad18dd49 0a63f11d661f4289b675da7117408337 3f544f36531947df9ac743fab23945e2 - - f4a3883b05ba4f7ba92ee4b671ce147b f4a3883b05ba4f7ba92ee4b671ce147b] 199.19.213.235 "GET /allocations/0d1637a0-616e-4c4a-9d0e-ee6a97caacef" status: 200 len: 257 microversion: 1.28 [pid: 8|app: 0|req: 373/743] 199.19.213.235 () {34 vars in 863 bytes} [Tue May 5 18:07:02 2026] GET /allocations/0d1637a0-616e-4c4a-9d0e-ee6a97caacef => generated 257 bytes in 15 msecs (HTTP/1.1 200) 8 headers in 296 bytes (1 switches on core 0)
2026-05-05 18:07:02.271 8 INFO placement.requestlog [None req-1cbb4b02-5ca6-4707-8ac6-8f638439851c a1cbc82bef1447d7a391e46524c15510 3f544f36531947df9ac743fab23945e2 - - f4a3883b05ba4f7ba92ee4b671ce147b f4a3883b05ba4f7ba92ee4b671ce147b] 10.0.0.221 "GET /resource_providers/80c896d3-5989-4054-9d25-333f4dd83c0f/aggregates" status: 404 len: 235 microversion: 1.1
2026-05-05 18:07:02.271 7 INFO placement.requestlog [None req-cb673d40-33e6-4a46-9f91-31379b45f5f8 a1cbc82bef1447d7a391e46524c15510 3f544f36531947df9ac743fab23945e2 - - f4a3883b05ba4f7ba92ee4b671ce147b f4a3883b05ba4f7ba92ee4b671ce147b] 10.0.0.221 "GET /resource_providers/80c896d3-5989-4054-9d25-333f4dd83c0f/aggregates" status: 404 len: 235 microversion: 1.1 [pid: 8|app: 0|req: 374/744] 10.0.0.221 () {32 vars in 816 bytes} [Tue May 5 18:07:02 2026] GET /resource_providers/80c896d3-5989-4054-9d25-333f4dd83c0f/aggregates => generated 235 bytes in 9 msecs (HTTP/1.1 404) 5 headers in 202 bytes (1 switches on core 0) [pid: 7|app: 0|req: 371/745] 10.0.0.221 () {32 vars in 816 bytes} [Tue May 5 18:07:02 2026] GET /resource_providers/80c896d3-5989-4054-9d25-333f4dd83c0f/aggregates => generated 235 bytes in 10 msecs (HTTP/1.1 404) 5 headers in 202 bytes (1 switches on core 0)
2026-05-05 18:07:02.314 7 INFO placement.requestlog [None req-ec8ea11d-7fec-4bb9-b906-06a5a7f24628 a1cbc82bef1447d7a391e46524c15510 3f544f36531947df9ac743fab23945e2 - - f4a3883b05ba4f7ba92ee4b671ce147b f4a3883b05ba4f7ba92ee4b671ce147b] 10.0.0.221 "DELETE /resource_providers/80c896d3-5989-4054-9d25-333f4dd83c0f" status: 404 len: 246 microversion: 1.1 [pid: 7|app: 0|req: 372/746] 10.0.0.221 () {34 vars in 816 bytes} [Tue May 5 18:07:02 2026] DELETE /resource_providers/80c896d3-5989-4054-9d25-333f4dd83c0f => generated 246 bytes in 7 msecs (HTTP/1.1 404) 6 headers in 231 bytes (1 switches on core 0)
2026-05-05 18:07:02.316 8 INFO placement.requestlog [None req-c8bf93a8-32c9-4533-ad0c-5870f2a31e8e a1cbc82bef1447d7a391e46524c15510 3f544f36531947df9ac743fab23945e2 - - f4a3883b05ba4f7ba92ee4b671ce147b f4a3883b05ba4f7ba92ee4b671ce147b] 10.0.0.221 "DELETE /resource_providers/80c896d3-5989-4054-9d25-333f4dd83c0f" status: 404 len: 246 microversion: 1.1 [pid: 8|app: 0|req: 375/747] 10.0.0.221 () {34 vars in 816 bytes} [Tue May 5 18:07:02 2026] DELETE /resource_providers/80c896d3-5989-4054-9d25-333f4dd83c0f => generated 246 bytes in 10 msecs (HTTP/1.1 404) 6 headers in 231 bytes (1 switches on core 0)
2026-05-05 18:07:02.519 7 INFO placement.requestlog [None req-ed43227f-2ab9-432a-be57-3f5d399180d2 - - - - - -] 10.0.0.25 "GET /" status: 200 len: 136 microversion: 1.0
2026-05-05 18:07:02.520 8 INFO placement.requestlog [None req-4a81351c-f6ae-44c8-8bf8-3606d80456a9 - - - - - -] 10.0.0.25 "GET /" status: 200 len: 136 microversion: 1.0
2026-05-05 18:07:03.101 8 INFO placement.requestlog [None req-d72c07e6-0075-4e2d-beb0-c3312b5efd7e a1cbc82bef1447d7a391e46524c15510 3f544f36531947df9ac743fab23945e2 - - f4a3883b05ba4f7ba92ee4b671ce147b f4a3883b05ba4f7ba92ee4b671ce147b] 10.0.0.221 "GET /resource_providers/83e5b4ce-7f8b-406a-91b3-7b42b2e72c19/aggregates" status: 404 len: 235 microversion: 1.1 [pid: 8|app: 0|req: 377/750] 10.0.0.221 () {32 vars in 816 bytes} [Tue May 5 18:07:03 2026] GET /resource_providers/83e5b4ce-7f8b-406a-91b3-7b42b2e72c19/aggregates => generated 235 bytes in 10 msecs (HTTP/1.1 404) 5 headers in 202 bytes (1 switches on core 0)
2026-05-05 18:07:03.116 7 INFO placement.requestlog [None req-66f4dbe3-dc6a-481b-8fb4-38f37b8a9a39 a1cbc82bef1447d7a391e46524c15510 3f544f36531947df9ac743fab23945e2 - - f4a3883b05ba4f7ba92ee4b671ce147b f4a3883b05ba4f7ba92ee4b671ce147b] 10.0.0.221 "GET /resource_providers/83e5b4ce-7f8b-406a-91b3-7b42b2e72c19/aggregates" status: 404 len: 235 microversion: 1.1 [pid: 7|app: 0|req: 374/751] 10.0.0.221 () {32 vars in 816 bytes} [Tue May 5 18:07:03 2026] GET /resource_providers/83e5b4ce-7f8b-406a-91b3-7b42b2e72c19/aggregates => generated 235 bytes in 31 msecs (HTTP/1.1 404) 5 headers in 202 bytes (1 switches on core 0)
2026-05-05 18:07:03.121 8 INFO placement.requestlog [None req-5bc633b5-6ff0-4e4c-8cf0-224eb92d5710 a1cbc82bef1447d7a391e46524c15510 3f544f36531947df9ac743fab23945e2 - - f4a3883b05ba4f7ba92ee4b671ce147b f4a3883b05ba4f7ba92ee4b671ce147b] 10.0.0.221 "DELETE /resource_providers/83e5b4ce-7f8b-406a-91b3-7b42b2e72c19" status: 404 len: 246 microversion: 1.1 [pid: 8|app: 0|req: 378/752] 10.0.0.221 () {34 vars in 816 bytes} [Tue May 5 18:07:03 2026] DELETE /resource_providers/83e5b4ce-7f8b-406a-91b3-7b42b2e72c19 => generated 246 bytes in 11 msecs (HTTP/1.1 404) 6 headers in 231 bytes (1 switches on core 0)
2026-05-05 18:07:03.143 7 INFO placement.requestlog [None req-22013de7-f1e1-4236-a552-381939bb642a a1cbc82bef1447d7a391e46524c15510 3f544f36531947df9ac743fab23945e2 - - f4a3883b05ba4f7ba92ee4b671ce147b f4a3883b05ba4f7ba92ee4b671ce147b] 10.0.0.221 "DELETE /resource_providers/83e5b4ce-7f8b-406a-91b3-7b42b2e72c19" status: 404 len: 246 microversion: 1.1 [pid: 7|app: 0|req: 375/753] 10.0.0.221 () {34 vars in 816 bytes} [Tue May 5 18:07:03 2026] DELETE /resource_providers/83e5b4ce-7f8b-406a-91b3-7b42b2e72c19 => generated 246 bytes in 13 msecs (HTTP/1.1 404) 6 headers in 231 bytes (1 switches on core 0)
2026-05-05 18:07:05.314 8 INFO placement.requestlog [None req-412c0851-7dfa-4f59-8936-cf4d4e404ae1 a1cbc82bef1447d7a391e46524c15510 3f544f36531947df9ac743fab23945e2 - - f4a3883b05ba4f7ba92ee4b671ce147b f4a3883b05ba4f7ba92ee4b671ce147b] 10.0.0.221 "GET /resource_providers/8b229330-73b4-4c32-aa5d-8928f2347296/aggregates" status: 404 len: 235 microversion: 1.1 [pid: 8|app: 0|req: 379/754] 10.0.0.221 () {32 vars in 816 bytes} [Tue May 5 18:07:05 2026] GET /resource_providers/8b229330-73b4-4c32-aa5d-8928f2347296/aggregates => generated 235 bytes in 11 msecs (HTTP/1.1 404) 5 headers in 202 bytes (1 switches on core 0)
2026-05-05 18:07:05.327 7 INFO placement.requestlog [None req-d2543edd-6b58-43ef-9d34-53ba2c1d7b00 a1cbc82bef1447d7a391e46524c15510 3f544f36531947df9ac743fab23945e2 - - f4a3883b05ba4f7ba92ee4b671ce147b f4a3883b05ba4f7ba92ee4b671ce147b] 10.0.0.221 "GET /resource_providers/8b229330-73b4-4c32-aa5d-8928f2347296/aggregates" status: 404 len: 235 microversion: 1.1 [pid: 7|app: 0|req: 376/755] 10.0.0.221 () {32 vars in 816 bytes} [Tue May 5 18:07:05 2026] GET /resource_providers/8b229330-73b4-4c32-aa5d-8928f2347296/aggregates => generated 235 bytes in 25 msecs (HTTP/1.1 404) 5 headers in 202 bytes (1 switches on core 0)
2026-05-05 18:07:05.344 8 INFO placement.requestlog [None req-aa581bdd-e113-477f-b585-d9228ce5dc33 a1cbc82bef1447d7a391e46524c15510 3f544f36531947df9ac743fab23945e2 - - f4a3883b05ba4f7ba92ee4b671ce147b f4a3883b05ba4f7ba92ee4b671ce147b] 10.0.0.221 "DELETE /resource_providers/8b229330-73b4-4c32-aa5d-8928f2347296" status: 404 len: 246 microversion: 1.1 [pid: 8|app: 0|req: 380/756] 10.0.0.221 () {34 vars in 816 bytes} [Tue May 5 18:07:05 2026] DELETE /resource_providers/8b229330-73b4-4c32-aa5d-8928f2347296 => generated 246 bytes in 11 msecs (HTTP/1.1 404) 6 headers in 231 bytes (1 switches on core 0)
2026-05-05 18:07:05.393 7 INFO placement.requestlog [None req-7543a5d4-7d2c-4379-824c-853715a9ab6f a1cbc82bef1447d7a391e46524c15510 3f544f36531947df9ac743fab23945e2 - - f4a3883b05ba4f7ba92ee4b671ce147b f4a3883b05ba4f7ba92ee4b671ce147b] 10.0.0.221 "DELETE /resource_providers/8b229330-73b4-4c32-aa5d-8928f2347296" status: 404 len: 246 microversion: 1.1 [pid: 7|app: 0|req: 377/757] 10.0.0.221 () {34 vars in 816 bytes} [Tue May 5 18:07:05 2026] DELETE /resource_providers/8b229330-73b4-4c32-aa5d-8928f2347296 => generated 246 bytes in 59 msecs (HTTP/1.1 404) 6 headers in 231 bytes (1 switches on core 0)
