May 08 03:24:54.398942 np0000172636 nova-conductor[110839]: DEBUG cotyledon.oslo_config_glue [-] vmware.vnc_port = 5900 {{(pid=110839) log_opt_values /opt/stack/data/venv/lib/python3.12/site-packages/oslo_config/cfg.py:3006}}
May 08 03:24:54.398942 np0000172636 nova-conductor[110839]: DEBUG cotyledon.oslo_config_glue [-] vmware.vnc_port_total = 10000 {{(pid=110839) log_opt_values /opt/stack/data/venv/lib/python3.12/site-packages/oslo_config/cfg.py:3006}}
May 08 03:24:54.398942 np0000172636 nova-conductor[110839]: DEBUG cotyledon.oslo_config_glue [-] vnc.auth_schemes = ['none'] {{(pid=110839) log_opt_values /opt/stack/data/venv/lib/python3.12/site-packages/oslo_config/cfg.py:3006}}
May 08 03:24:54.398942 np0000172636 nova-conductor[110839]: DEBUG cotyledon.oslo_config_glue [-] vnc.enabled = True {{(pid=110839) log_opt_values /opt/stack/data/venv/lib/python3.12/site-packages/oslo_config/cfg.py:3006}}
May 08 03:24:54.398942 np0000172636 nova-conductor[110839]: DEBUG cotyledon.oslo_config_glue [-] vnc.novncproxy_base_url = http://127.0.0.1:6080/vnc_auto.html {{(pid=110839) log_opt_values /opt/stack/data/venv/lib/python3.12/site-packages/oslo_config/cfg.py:3006}}
May 08 03:24:54.398942 np0000172636 nova-conductor[110839]: DEBUG cotyledon.oslo_config_glue [-] vnc.novncproxy_host = 0.0.0.0 {{(pid=110839) log_opt_values /opt/stack/data/venv/lib/python3.12/site-packages/oslo_config/cfg.py:3006}}
May 08 03:24:54.398942 np0000172636 nova-conductor[110839]: DEBUG cotyledon.oslo_config_glue [-] vnc.novncproxy_port = 6080 {{(pid=110839) log_opt_values /opt/stack/data/venv/lib/python3.12/site-packages/oslo_config/cfg.py:3006}}
May 08 03:24:54.399195 np0000172636 nova-conductor[110839]: DEBUG cotyledon.oslo_config_glue [-] vnc.server_listen = 127.0.0.1 {{(pid=110839) log_opt_values /opt/stack/data/venv/lib/python3.12/site-packages/oslo_config/cfg.py:3006}}
May 08 03:24:54.399195 np0000172636 nova-conductor[110839]: DEBUG cotyledon.oslo_config_glue [-] vnc.server_proxyclient_address = 127.0.0.1 {{(pid=110839) log_opt_values /opt/stack/data/venv/lib/python3.12/site-packages/oslo_config/cfg.py:3006}}
May 08 03:24:54.399195 np0000172636 nova-conductor[110839]: DEBUG cotyledon.oslo_config_glue [-] vnc.vencrypt_ca_certs = None {{(pid=110839) log_opt_values /opt/stack/data/venv/lib/python3.12/site-packages/oslo_config/cfg.py:3006}}
May 08 03:24:54.399195 np0000172636 nova-conductor[110839]: DEBUG cotyledon.oslo_config_glue [-] vnc.vencrypt_client_cert = None {{(pid=110839) log_opt_values /opt/stack/data/venv/lib/python3.12/site-packages/oslo_config/cfg.py:3006}}
May 08 03:24:54.399195 np0000172636 nova-conductor[110839]: DEBUG cotyledon.oslo_config_glue [-] vnc.vencrypt_client_key = None {{(pid=110839) log_opt_values /opt/stack/data/venv/lib/python3.12/site-packages/oslo_config/cfg.py:3006}}
May 08 03:24:54.399195 np0000172636 nova-conductor[110839]: DEBUG cotyledon.oslo_config_glue [-] workarounds.disable_compute_service_check_for_ffu = False {{(pid=110839) log_opt_values /opt/stack/data/venv/lib/python3.12/site-packages/oslo_config/cfg.py:3006}}
May 08 03:24:54.399195 np0000172636 nova-conductor[110839]: DEBUG cotyledon.oslo_config_glue [-] workarounds.disable_deep_image_inspection = False {{(pid=110839) log_opt_values /opt/stack/data/venv/lib/python3.12/site-packages/oslo_config/cfg.py:3006}}
May 08 03:24:54.399195 np0000172636 nova-conductor[110839]: DEBUG cotyledon.oslo_config_glue [-] workarounds.disable_fallback_pcpu_query = False {{(pid=110839) log_opt_values /opt/stack/data/venv/lib/python3.12/site-packages/oslo_config/cfg.py:3006}}
May 08 03:24:54.399195 np0000172636 nova-conductor[110839]: DEBUG cotyledon.oslo_config_glue [-] workarounds.disable_group_policy_check_upcall = False {{(pid=110839) log_opt_values /opt/stack/data/venv/lib/python3.12/site-packages/oslo_config/cfg.py:3006}}
May 08 03:24:54.399489 np0000172636 nova-conductor[110839]: DEBUG cotyledon.oslo_config_glue [-] workarounds.disable_libvirt_livesnapshot = False {{(pid=110839) log_opt_values /opt/stack/data/venv/lib/python3.12/site-packages/oslo_config/cfg.py:3006}}
May 08 03:24:54.399489 np0000172636 nova-conductor[110839]: DEBUG cotyledon.oslo_config_glue [-] workarounds.disable_rootwrap = False {{(pid=110839) log_opt_values /opt/stack/data/venv/lib/python3.12/site-packages/oslo_config/cfg.py:3006}}
May 08 03:24:54.399489 np0000172636 nova-conductor[110839]: DEBUG cotyledon.oslo_config_glue [-] workarounds.enable_numa_live_migration = False {{(pid=110839) log_opt_values /opt/stack/data/venv/lib/python3.12/site-packages/oslo_config/cfg.py:3006}}
May 08 03:24:54.399489 np0000172636 nova-conductor[110839]: DEBUG cotyledon.oslo_config_glue [-] workarounds.enable_qemu_monitor_announce_self = False {{(pid=110839) log_opt_values /opt/stack/data/venv/lib/python3.12/site-packages/oslo_config/cfg.py:3006}}
May 08 03:24:54.399489 np0000172636 nova-conductor[110839]: DEBUG cotyledon.oslo_config_glue [-] workarounds.ensure_libvirt_rbd_instance_dir_cleanup = False {{(pid=110839) log_opt_values /opt/stack/data/venv/lib/python3.12/site-packages/oslo_config/cfg.py:3006}}
May 08 03:24:54.399489 np0000172636 nova-conductor[110839]: DEBUG cotyledon.oslo_config_glue [-] workarounds.handle_virt_lifecycle_events = True {{(pid=110839) log_opt_values /opt/stack/data/venv/lib/python3.12/site-packages/oslo_config/cfg.py:3006}}
May 08 03:24:54.399489 np0000172636 nova-conductor[110839]: DEBUG cotyledon.oslo_config_glue [-] workarounds.libvirt_disable_apic = False {{(pid=110839) log_opt_values /opt/stack/data/venv/lib/python3.12/site-packages/oslo_config/cfg.py:3006}}
May 08 03:24:54.399489 np0000172636 nova-conductor[110839]: DEBUG cotyledon.oslo_config_glue [-] workarounds.never_download_image_if_on_rbd = False {{(pid=110839) log_opt_values /opt/stack/data/venv/lib/python3.12/site-packages/oslo_config/cfg.py:3006}}
May 08 03:24:54.399489 np0000172636 nova-conductor[110839]: DEBUG cotyledon.oslo_config_glue [-] workarounds.qemu_monitor_announce_self_count = 3 {{(pid=110839) log_opt_values /opt/stack/data/venv/lib/python3.12/site-packages/oslo_config/cfg.py:3006}}
May 08 03:24:54.399721 np0000172636 nova-conductor[110839]: DEBUG cotyledon.oslo_config_glue [-] workarounds.qemu_monitor_announce_self_interval = 1 {{(pid=110839) log_opt_values /opt/stack/data/venv/lib/python3.12/site-packages/oslo_config/cfg.py:3006}}
May 08 03:24:54.399721 np0000172636 nova-conductor[110839]: DEBUG cotyledon.oslo_config_glue [-] workarounds.reserve_disk_resource_for_image_cache = False {{(pid=110839) log_opt_values /opt/stack/data/venv/lib/python3.12/site-packages/oslo_config/cfg.py:3006}}
May 08 03:24:54.399721 np0000172636 nova-conductor[110839]: DEBUG cotyledon.oslo_config_glue [-] workarounds.skip_cpu_compare_at_startup = False {{(pid=110839) log_opt_values /opt/stack/data/venv/lib/python3.12/site-packages/oslo_config/cfg.py:3006}}
May 08 03:24:54.399721 np0000172636 nova-conductor[110839]: DEBUG cotyledon.oslo_config_glue [-] workarounds.skip_cpu_compare_on_dest = False {{(pid=110839) log_opt_values /opt/stack/data/venv/lib/python3.12/site-packages/oslo_config/cfg.py:3006}}
May 08 03:24:54.399721 np0000172636 nova-conductor[110839]: DEBUG cotyledon.oslo_config_glue [-] workarounds.skip_hypervisor_version_check_on_lm = False {{(pid=110839) log_opt_values /opt/stack/data/venv/lib/python3.12/site-packages/oslo_config/cfg.py:3006}}
May 08 03:24:54.399721 np0000172636 nova-conductor[110839]: DEBUG cotyledon.oslo_config_glue [-] workarounds.skip_reserve_in_use_ironic_nodes = False {{(pid=110839) log_opt_values /opt/stack/data/venv/lib/python3.12/site-packages/oslo_config/cfg.py:3006}}
May 08 03:24:54.399721 np0000172636 nova-conductor[110839]: DEBUG cotyledon.oslo_config_glue [-] workarounds.unified_limits_count_pcpu_as_vcpu = False {{(pid=110839) log_opt_values /opt/stack/data/venv/lib/python3.12/site-packages/oslo_config/cfg.py:3006}}
May 08 03:24:54.399721 np0000172636 nova-conductor[110839]: DEBUG cotyledon.oslo_config_glue [-] workarounds.wait_for_vif_plugged_event_during_hard_reboot = [] {{(pid=110839) log_opt_values /opt/stack/data/venv/lib/python3.12/site-packages/oslo_config/cfg.py:3006}}
May 08 03:24:54.399933 np0000172636 nova-conductor[110839]: DEBUG cotyledon.oslo_config_glue [-] wsgi.api_paste_config = /etc/nova/api-paste.ini {{(pid=110839) log_opt_values /opt/stack/data/venv/lib/python3.12/site-packages/oslo_config/cfg.py:3006}}
May 08 03:24:54.399933 np0000172636 nova-conductor[110839]: DEBUG cotyledon.oslo_config_glue [-] wsgi.secure_proxy_ssl_header = None {{(pid=110839) log_opt_values /opt/stack/data/venv/lib/python3.12/site-packages/oslo_config/cfg.py:3006}}
May 08 03:24:54.399933 np0000172636 nova-conductor[110839]: DEBUG cotyledon.oslo_config_glue [-] zvm.ca_file = None {{(pid=110839) log_opt_values /opt/stack/data/venv/lib/python3.12/site-packages/oslo_config/cfg.py:3006}}
May 08 03:24:54.399933 np0000172636 nova-conductor[110839]: DEBUG cotyledon.oslo_config_glue [-] zvm.cloud_connector_url = None {{(pid=110839) log_opt_values /opt/stack/data/venv/lib/python3.12/site-packages/oslo_config/cfg.py:3006}}
May 08 03:24:54.399933 np0000172636 nova-conductor[110839]: DEBUG cotyledon.oslo_config_glue [-] zvm.image_tmp_path = /opt/stack/data/nova/images {{(pid=110839) log_opt_values /opt/stack/data/venv/lib/python3.12/site-packages/oslo_config/cfg.py:3006}}
May 08 03:24:54.399933 np0000172636 nova-conductor[110839]: DEBUG cotyledon.oslo_config_glue [-] zvm.reachable_timeout = 300 {{(pid=110839) log_opt_values /opt/stack/data/venv/lib/python3.12/site-packages/oslo_config/cfg.py:3006}}
May 08 03:24:54.399933 np0000172636 nova-conductor[110839]: DEBUG cotyledon.oslo_config_glue [-] oslo_versionedobjects.fatal_exception_format_errors = False {{(pid=110839) log_opt_values /opt/stack/data/venv/lib/python3.12/site-packages/oslo_config/cfg.py:3006}}
May 08 03:24:54.399933 np0000172636 nova-conductor[110839]: DEBUG cotyledon.oslo_config_glue [-] oslo_middleware.http_basic_auth_user_file = /etc/htpasswd {{(pid=110839) log_opt_values /opt/stack/data/venv/lib/python3.12/site-packages/oslo_config/cfg.py:3006}}
May 08 03:24:54.399933 np0000172636 nova-conductor[110839]: DEBUG cotyledon.oslo_config_glue [-] profiler.connection_string = messaging:// {{(pid=110839) log_opt_values /opt/stack/data/venv/lib/python3.12/site-packages/oslo_config/cfg.py:3006}}
May 08 03:24:54.400192 np0000172636 nova-conductor[110839]: DEBUG cotyledon.oslo_config_glue [-] profiler.enabled = False {{(pid=110839) log_opt_values /opt/stack/data/venv/lib/python3.12/site-packages/oslo_config/cfg.py:3006}}
May 08 03:24:54.400192 np0000172636 nova-conductor[110839]: DEBUG cotyledon.oslo_config_glue [-] profiler.es_doc_type = notification {{(pid=110839) log_opt_values /opt/stack/data/venv/lib/python3.12/site-packages/oslo_config/cfg.py:3006}}
May 08 03:24:54.400192 np0000172636 nova-conductor[110839]: DEBUG cotyledon.oslo_config_glue [-] profiler.es_scroll_size = 10000 {{(pid=110839) log_opt_values /opt/stack/data/venv/lib/python3.12/site-packages/oslo_config/cfg.py:3006}}
May 08 03:24:54.400192 np0000172636 nova-conductor[110839]: DEBUG cotyledon.oslo_config_glue [-] profiler.es_scroll_time = 2m {{(pid=110839) log_opt_values /opt/stack/data/venv/lib/python3.12/site-packages/oslo_config/cfg.py:3006}}
May 08 03:24:54.400192 np0000172636 nova-conductor[110839]: DEBUG cotyledon.oslo_config_glue [-] profiler.filter_error_trace = False {{(pid=110839) log_opt_values /opt/stack/data/venv/lib/python3.12/site-packages/oslo_config/cfg.py:3006}}
May 08 03:24:54.400192 np0000172636 nova-conductor[110839]: DEBUG cotyledon.oslo_config_glue [-] profiler.hmac_keys = **** {{(pid=110839) log_opt_values /opt/stack/data/venv/lib/python3.12/site-packages/oslo_config/cfg.py:3006}}
May 08 03:24:54.400192 np0000172636 nova-conductor[110839]: DEBUG cotyledon.oslo_config_glue [-] profiler.sentinel_service_name = mymaster {{(pid=110839) log_opt_values /opt/stack/data/venv/lib/python3.12/site-packages/oslo_config/cfg.py:3006}}
May 08 03:24:54.400192 np0000172636 nova-conductor[110839]: DEBUG cotyledon.oslo_config_glue [-] profiler.socket_timeout = 0.1 {{(pid=110839) log_opt_values /opt/stack/data/venv/lib/python3.12/site-packages/oslo_config/cfg.py:3006}}
May 08 03:24:54.400192 np0000172636 nova-conductor[110839]: DEBUG cotyledon.oslo_config_glue [-] profiler.trace_requests = False {{(pid=110839) log_opt_values /opt/stack/data/venv/lib/python3.12/site-packages/oslo_config/cfg.py:3006}}
May 08 03:24:54.400446 np0000172636 nova-conductor[110839]: DEBUG cotyledon.oslo_config_glue [-] profiler.trace_sqlalchemy = False {{(pid=110839) log_opt_values /opt/stack/data/venv/lib/python3.12/site-packages/oslo_config/cfg.py:3006}}
May 08 03:24:54.400446 np0000172636 nova-conductor[110839]: DEBUG cotyledon.oslo_config_glue [-] profiler_jaeger.process_tags = {} {{(pid=110839) log_opt_values /opt/stack/data/venv/lib/python3.12/site-packages/oslo_config/cfg.py:3006}}
May 08 03:24:54.400446 np0000172636 nova-conductor[110839]: DEBUG cotyledon.oslo_config_glue [-] profiler_jaeger.service_name_prefix = None {{(pid=110839) log_opt_values /opt/stack/data/venv/lib/python3.12/site-packages/oslo_config/cfg.py:3006}}
May 08 03:24:54.400446 np0000172636 nova-conductor[110839]: DEBUG cotyledon.oslo_config_glue [-] profiler_otlp.service_name_prefix = None {{(pid=110839) log_opt_values /opt/stack/data/venv/lib/python3.12/site-packages/oslo_config/cfg.py:3006}}
May 08 03:24:54.400446 np0000172636 nova-conductor[110839]: DEBUG cotyledon.oslo_config_glue [-] oslo_messaging_rabbit.amqp_auto_delete = False {{(pid=110839) log_opt_values /opt/stack/data/venv/lib/python3.12/site-packages/oslo_config/cfg.py:3006}}
May 08 03:24:54.400446 np0000172636 nova-conductor[110839]: DEBUG cotyledon.oslo_config_glue [-] oslo_messaging_rabbit.amqp_durable_queues = False {{(pid=110839) log_opt_values /opt/stack/data/venv/lib/python3.12/site-packages/oslo_config/cfg.py:3006}}
May 08 03:24:54.400446 np0000172636 nova-conductor[110839]: DEBUG cotyledon.oslo_config_glue [-] oslo_messaging_rabbit.conn_pool_min_size = 2 {{(pid=110839) log_opt_values /opt/stack/data/venv/lib/python3.12/site-packages/oslo_config/cfg.py:3006}}
May 08 03:24:54.400446 np0000172636 nova-conductor[110839]: DEBUG cotyledon.oslo_config_glue [-] oslo_messaging_rabbit.conn_pool_ttl = 1200 {{(pid=110839) log_opt_values /opt/stack/data/venv/lib/python3.12/site-packages/oslo_config/cfg.py:3006}}
May 08 03:24:54.400446 np0000172636 nova-conductor[110839]: DEBUG cotyledon.oslo_config_glue [-] oslo_messaging_rabbit.direct_mandatory_flag = True {{(pid=110839) log_opt_values /opt/stack/data/venv/lib/python3.12/site-packages/oslo_config/cfg.py:3006}}
May 08 03:24:54.400672 np0000172636 nova-conductor[110839]: DEBUG cotyledon.oslo_config_glue [-] oslo_messaging_rabbit.enable_cancel_on_failover = False {{(pid=110839) log_opt_values /opt/stack/data/venv/lib/python3.12/site-packages/oslo_config/cfg.py:3006}}
May 08 03:24:54.400672 np0000172636 nova-conductor[110839]: DEBUG cotyledon.oslo_config_glue [-] oslo_messaging_rabbit.heartbeat_in_pthread = False {{(pid=110839) log_opt_values /opt/stack/data/venv/lib/python3.12/site-packages/oslo_config/cfg.py:3006}}
May 08 03:24:54.400719 np0000172636 nova-conductor[110819]: DEBUG oslo_db.sqlalchemy.engines [None req-538a01e0-f1e0-476d-8656-fccf2cd81971 None None] MySQL server mode set to STRICT_TRANS_TABLES,STRICT_ALL_TABLES,NO_ZERO_IN_DATE,NO_ZERO_DATE,ERROR_FOR_DIVISION_BY_ZERO,TRADITIONAL,NO_ENGINE_SUBSTITUTION {{(pid=110819) _check_effective_sql_mode /opt/stack/data/venv/lib/python3.12/site-packages/oslo_db/sqlalchemy/engines.py:325}}
May 08 03:24:54.400759 np0000172636 nova-conductor[110839]: DEBUG cotyledon.oslo_config_glue [-] oslo_messaging_rabbit.heartbeat_rate = 3 {{(pid=110839) log_opt_values /opt/stack/data/venv/lib/python3.12/site-packages/oslo_config/cfg.py:3006}}
May 08 03:24:54.400759 np0000172636 nova-conductor[110839]: DEBUG cotyledon.oslo_config_glue [-] oslo_messaging_rabbit.heartbeat_timeout_threshold = 60 {{(pid=110839) log_opt_values /opt/stack/data/venv/lib/python3.12/site-packages/oslo_config/cfg.py:3006}}
May 08 03:24:54.400759 np0000172636 nova-conductor[110839]: DEBUG cotyledon.oslo_config_glue [-] oslo_messaging_rabbit.hostname = np0000172636 {{(pid=110839) log_opt_values /opt/stack/data/venv/lib/python3.12/site-packages/oslo_config/cfg.py:3006}}
May 08 03:24:54.400759 np0000172636 nova-conductor[110839]: DEBUG cotyledon.oslo_config_glue [-] oslo_messaging_rabbit.kombu_compression = None {{(pid=110839) log_opt_values /opt/stack/data/venv/lib/python3.12/site-packages/oslo_config/cfg.py:3006}}
May 08 03:24:54.400759 np0000172636 nova-conductor[110839]: DEBUG cotyledon.oslo_config_glue [-] oslo_messaging_rabbit.kombu_failover_strategy = round-robin {{(pid=110839) log_opt_values /opt/stack/data/venv/lib/python3.12/site-packages/oslo_config/cfg.py:3006}}
May 08 03:24:54.400759 np0000172636 nova-conductor[110839]: DEBUG cotyledon.oslo_config_glue [-] oslo_messaging_rabbit.kombu_missing_consumer_retry_timeout = 60 {{(pid=110839) log_opt_values /opt/stack/data/venv/lib/python3.12/site-packages/oslo_config/cfg.py:3006}}
May 08 03:24:54.400759 np0000172636 nova-conductor[110839]: DEBUG cotyledon.oslo_config_glue [-] oslo_messaging_rabbit.kombu_reconnect_delay = 1.0 {{(pid=110839) log_opt_values /opt/stack/data/venv/lib/python3.12/site-packages/oslo_config/cfg.py:3006}}
May 08 03:24:54.400759 np0000172636 nova-conductor[110839]: DEBUG cotyledon.oslo_config_glue [-] oslo_messaging_rabbit.kombu_reconnect_splay = 0.0 {{(pid=110839) log_opt_values /opt/stack/data/venv/lib/python3.12/site-packages/oslo_config/cfg.py:3006}}
May 08 03:24:54.401016 np0000172636 nova-conductor[110839]: DEBUG cotyledon.oslo_config_glue [-] oslo_messaging_rabbit.processname = nova-conductor {{(pid=110839) log_opt_values /opt/stack/data/venv/lib/python3.12/site-packages/oslo_config/cfg.py:3006}}
May 08 03:24:54.401016 np0000172636 nova-conductor[110839]: DEBUG cotyledon.oslo_config_glue [-] oslo_messaging_rabbit.rabbit_ha_queues = False {{(pid=110839) log_opt_values /opt/stack/data/venv/lib/python3.12/site-packages/oslo_config/cfg.py:3006}}
May 08 03:24:54.401016 np0000172636 nova-conductor[110839]: DEBUG cotyledon.oslo_config_glue [-] oslo_messaging_rabbit.rabbit_interval_max = 30 {{(pid=110839) log_opt_values /opt/stack/data/venv/lib/python3.12/site-packages/oslo_config/cfg.py:3006}}
May 08 03:24:54.401016 np0000172636 nova-conductor[110839]: DEBUG cotyledon.oslo_config_glue [-] oslo_messaging_rabbit.rabbit_login_method = AMQPLAIN {{(pid=110839) log_opt_values /opt/stack/data/venv/lib/python3.12/site-packages/oslo_config/cfg.py:3006}}
May 08 03:24:54.401016 np0000172636 nova-conductor[110839]: DEBUG cotyledon.oslo_config_glue [-] oslo_messaging_rabbit.rabbit_qos_prefetch_count = 0 {{(pid=110839) log_opt_values /opt/stack/data/venv/lib/python3.12/site-packages/oslo_config/cfg.py:3006}}
May 08 03:24:54.401016 np0000172636 nova-conductor[110839]: DEBUG cotyledon.oslo_config_glue [-] oslo_messaging_rabbit.rabbit_quorum_delivery_limit = 0 {{(pid=110839) log_opt_values /opt/stack/data/venv/lib/python3.12/site-packages/oslo_config/cfg.py:3006}}
May 08 03:24:54.401016 np0000172636 nova-conductor[110839]: DEBUG cotyledon.oslo_config_glue [-] oslo_messaging_rabbit.rabbit_quorum_max_memory_bytes = 0 {{(pid=110839) log_opt_values /opt/stack/data/venv/lib/python3.12/site-packages/oslo_config/cfg.py:3006}}
May 08 03:24:54.401016 np0000172636 nova-conductor[110839]: DEBUG cotyledon.oslo_config_glue [-] oslo_messaging_rabbit.rabbit_quorum_max_memory_length = 0 {{(pid=110839) log_opt_values /opt/stack/data/venv/lib/python3.12/site-packages/oslo_config/cfg.py:3006}}
May 08 03:24:54.401243 np0000172636 nova-conductor[110839]: DEBUG cotyledon.oslo_config_glue [-] oslo_messaging_rabbit.rabbit_quorum_queue = False {{(pid=110839) log_opt_values /opt/stack/data/venv/lib/python3.12/site-packages/oslo_config/cfg.py:3006}}
May 08 03:24:54.401243 np0000172636 nova-conductor[110839]: DEBUG cotyledon.oslo_config_glue [-] oslo_messaging_rabbit.rabbit_retry_backoff = 2 {{(pid=110839) log_opt_values /opt/stack/data/venv/lib/python3.12/site-packages/oslo_config/cfg.py:3006}}
May 08 03:24:54.401299 np0000172636 nova-conductor[110812]: DEBUG nova.service [None req-86cad9b3-5ad3-4912-acf9-33889d1a6d8e None None] Creating RPC server for service: nova-conductor on topic: conductor {{(pid=110812) start /opt/stack/nova/nova/service.py:195}}
May 08 03:24:54.401336 np0000172636 nova-conductor[110839]: DEBUG cotyledon.oslo_config_glue [-] oslo_messaging_rabbit.rabbit_retry_interval = 1 {{(pid=110839) log_opt_values /opt/stack/data/venv/lib/python3.12/site-packages/oslo_config/cfg.py:3006}}
May 08 03:24:54.401336 np0000172636 nova-conductor[110839]: DEBUG cotyledon.oslo_config_glue [-] oslo_messaging_rabbit.rabbit_stream_fanout = False {{(pid=110839) log_opt_values /opt/stack/data/venv/lib/python3.12/site-packages/oslo_config/cfg.py:3006}}
May 08 03:24:54.401336 np0000172636 nova-conductor[110839]: DEBUG cotyledon.oslo_config_glue [-] oslo_messaging_rabbit.rabbit_transient_queues_ttl = 1800 {{(pid=110839) log_opt_values /opt/stack/data/venv/lib/python3.12/site-packages/oslo_config/cfg.py:3006}}
May 08 03:24:54.401336 np0000172636 nova-conductor[110839]: DEBUG cotyledon.oslo_config_glue [-] oslo_messaging_rabbit.rabbit_transient_quorum_queue = False {{(pid=110839) log_opt_values /opt/stack/data/venv/lib/python3.12/site-packages/oslo_config/cfg.py:3006}}
May 08 03:24:54.401336 np0000172636 nova-conductor[110839]: DEBUG cotyledon.oslo_config_glue [-] oslo_messaging_rabbit.rpc_conn_pool_size = 30 {{(pid=110839) log_opt_values /opt/stack/data/venv/lib/python3.12/site-packages/oslo_config/cfg.py:3006}}
May 08 03:24:54.401336 np0000172636 nova-conductor[110839]: DEBUG cotyledon.oslo_config_glue [-] oslo_messaging_rabbit.ssl = False {{(pid=110839) log_opt_values /opt/stack/data/venv/lib/python3.12/site-packages/oslo_config/cfg.py:3006}}
May 08 03:24:54.401336 np0000172636 nova-conductor[110839]: DEBUG cotyledon.oslo_config_glue [-] oslo_messaging_rabbit.ssl_ca_file = {{(pid=110839) log_opt_values /opt/stack/data/venv/lib/python3.12/site-packages/oslo_config/cfg.py:3006}}
May 08 03:24:54.401336 np0000172636 nova-conductor[110839]: DEBUG cotyledon.oslo_config_glue [-] oslo_messaging_rabbit.ssl_cert_file = {{(pid=110839) log_opt_values /opt/stack/data/venv/lib/python3.12/site-packages/oslo_config/cfg.py:3006}}
May 08 03:24:54.401336 np0000172636 nova-conductor[110839]: DEBUG cotyledon.oslo_config_glue [-] oslo_messaging_rabbit.ssl_enforce_fips_mode = False {{(pid=110839) log_opt_values /opt/stack/data/venv/lib/python3.12/site-packages/oslo_config/cfg.py:3006}}
May 08 03:24:54.401584 np0000172636 nova-conductor[110839]: DEBUG cotyledon.oslo_config_glue [-] oslo_messaging_rabbit.ssl_key_file = {{(pid=110839) log_opt_values /opt/stack/data/venv/lib/python3.12/site-packages/oslo_config/cfg.py:3006}}
May 08 03:24:54.401584 np0000172636 nova-conductor[110839]: DEBUG cotyledon.oslo_config_glue [-] oslo_messaging_rabbit.ssl_version = {{(pid=110839) log_opt_values /opt/stack/data/venv/lib/python3.12/site-packages/oslo_config/cfg.py:3006}}
May 08 03:24:54.401584 np0000172636 nova-conductor[110839]: DEBUG cotyledon.oslo_config_glue [-] oslo_messaging_rabbit.use_queue_manager = False {{(pid=110839) log_opt_values /opt/stack/data/venv/lib/python3.12/site-packages/oslo_config/cfg.py:3006}}
May 08 03:24:54.401584 np0000172636 nova-conductor[110839]: DEBUG cotyledon.oslo_config_glue [-] oslo_messaging_notifications.driver = ['messagingv2'] {{(pid=110839) log_opt_values /opt/stack/data/venv/lib/python3.12/site-packages/oslo_config/cfg.py:3006}}
May 08 03:24:54.401584 np0000172636 nova-conductor[110839]: DEBUG cotyledon.oslo_config_glue [-] oslo_messaging_notifications.retry = -1 {{(pid=110839) log_opt_values /opt/stack/data/venv/lib/python3.12/site-packages/oslo_config/cfg.py:3006}}
May 08 03:24:54.401584 np0000172636 nova-conductor[110839]: DEBUG cotyledon.oslo_config_glue [-] oslo_messaging_notifications.topics = ['notifications'] {{(pid=110839) log_opt_values /opt/stack/data/venv/lib/python3.12/site-packages/oslo_config/cfg.py:3006}}
May 08 03:24:54.401584 np0000172636 nova-conductor[110839]: DEBUG cotyledon.oslo_config_glue [-] oslo_messaging_notifications.transport_url = **** {{(pid=110839) log_opt_values /opt/stack/data/venv/lib/python3.12/site-packages/oslo_config/cfg.py:3006}}
May 08 03:24:54.401584 np0000172636 nova-conductor[110839]: DEBUG cotyledon.oslo_config_glue [-] oslo_limit.auth_section = None {{(pid=110839) log_opt_values /opt/stack/data/venv/lib/python3.12/site-packages/oslo_config/cfg.py:3006}}
May 08 03:24:54.401584 np0000172636 nova-conductor[110839]: DEBUG cotyledon.oslo_config_glue [-] oslo_limit.auth_type = None {{(pid=110839) log_opt_values /opt/stack/data/venv/lib/python3.12/site-packages/oslo_config/cfg.py:3006}}
May 08 03:24:54.401804 np0000172636 nova-conductor[110839]: DEBUG cotyledon.oslo_config_glue [-] oslo_limit.cafile = None {{(pid=110839) log_opt_values /opt/stack/data/venv/lib/python3.12/site-packages/oslo_config/cfg.py:3006}}
May 08 03:24:54.401804 np0000172636 nova-conductor[110839]: DEBUG cotyledon.oslo_config_glue [-] oslo_limit.certfile = None {{(pid=110839) log_opt_values /opt/stack/data/venv/lib/python3.12/site-packages/oslo_config/cfg.py:3006}}
May 08 03:24:54.401804 np0000172636 nova-conductor[110839]: DEBUG cotyledon.oslo_config_glue [-] oslo_limit.collect_timing = False {{(pid=110839) log_opt_values /opt/stack/data/venv/lib/python3.12/site-packages/oslo_config/cfg.py:3006}}
May 08 03:24:54.401804 np0000172636 nova-conductor[110839]: DEBUG cotyledon.oslo_config_glue [-] oslo_limit.connect_retries = None {{(pid=110839) log_opt_values /opt/stack/data/venv/lib/python3.12/site-packages/oslo_config/cfg.py:3006}}
May 08 03:24:54.401804 np0000172636 nova-conductor[110839]: DEBUG cotyledon.oslo_config_glue [-] oslo_limit.connect_retry_delay = None {{(pid=110839) log_opt_values /opt/stack/data/venv/lib/python3.12/site-packages/oslo_config/cfg.py:3006}}
May 08 03:24:54.401804 np0000172636 nova-conductor[110839]: DEBUG cotyledon.oslo_config_glue [-] oslo_limit.endpoint_id = None {{(pid=110839) log_opt_values /opt/stack/data/venv/lib/python3.12/site-packages/oslo_config/cfg.py:3006}}
May 08 03:24:54.401804 np0000172636 nova-conductor[110839]: DEBUG cotyledon.oslo_config_glue [-] oslo_limit.endpoint_interface = public {{(pid=110839) log_opt_values /opt/stack/data/venv/lib/python3.12/site-packages/oslo_config/cfg.py:3006}}
May 08 03:24:54.401804 np0000172636 nova-conductor[110839]: DEBUG cotyledon.oslo_config_glue [-] oslo_limit.endpoint_override = None {{(pid=110839) log_opt_values /opt/stack/data/venv/lib/python3.12/site-packages/oslo_config/cfg.py:3006}}
May 08 03:24:54.401804 np0000172636 nova-conductor[110839]: DEBUG cotyledon.oslo_config_glue [-] oslo_limit.endpoint_region_name = None {{(pid=110839) log_opt_values /opt/stack/data/venv/lib/python3.12/site-packages/oslo_config/cfg.py:3006}}
May 08 03:24:54.402020 np0000172636 nova-conductor[110839]: DEBUG cotyledon.oslo_config_glue [-] oslo_limit.endpoint_service_name = None {{(pid=110839) log_opt_values /opt/stack/data/venv/lib/python3.12/site-packages/oslo_config/cfg.py:3006}}
May 08 03:24:54.402020 np0000172636 nova-conductor[110839]: DEBUG cotyledon.oslo_config_glue [-] oslo_limit.endpoint_service_type = None {{(pid=110839) log_opt_values /opt/stack/data/venv/lib/python3.12/site-packages/oslo_config/cfg.py:3006}}
May 08 03:24:54.402020 np0000172636 nova-conductor[110839]: DEBUG cotyledon.oslo_config_glue [-] oslo_limit.insecure = False {{(pid=110839) log_opt_values /opt/stack/data/venv/lib/python3.12/site-packages/oslo_config/cfg.py:3006}}
May 08 03:24:54.402020 np0000172636 nova-conductor[110839]: DEBUG cotyledon.oslo_config_glue [-] oslo_limit.keyfile = None {{(pid=110839) log_opt_values /opt/stack/data/venv/lib/python3.12/site-packages/oslo_config/cfg.py:3006}}
May 08 03:24:54.402020 np0000172636 nova-conductor[110839]: DEBUG cotyledon.oslo_config_glue [-] oslo_limit.max_version = None {{(pid=110839) log_opt_values /opt/stack/data/venv/lib/python3.12/site-packages/oslo_config/cfg.py:3006}}
May 08 03:24:54.402020 np0000172636 nova-conductor[110839]: DEBUG cotyledon.oslo_config_glue [-] oslo_limit.min_version = None {{(pid=110839) log_opt_values /opt/stack/data/venv/lib/python3.12/site-packages/oslo_config/cfg.py:3006}}
May 08 03:24:54.402020 np0000172636 nova-conductor[110839]: DEBUG cotyledon.oslo_config_glue [-] oslo_limit.region_name = None {{(pid=110839) log_opt_values /opt/stack/data/venv/lib/python3.12/site-packages/oslo_config/cfg.py:3006}}
May 08 03:24:54.402020 np0000172636 nova-conductor[110839]: DEBUG cotyledon.oslo_config_glue [-] oslo_limit.retriable_status_codes = None {{(pid=110839) log_opt_values /opt/stack/data/venv/lib/python3.12/site-packages/oslo_config/cfg.py:3006}}
May 08 03:24:54.402020 np0000172636 nova-conductor[110839]: DEBUG cotyledon.oslo_config_glue [-] oslo_limit.service_name = None {{(pid=110839) log_opt_values /opt/stack/data/venv/lib/python3.12/site-packages/oslo_config/cfg.py:3006}}
May 08 03:24:54.402248 np0000172636 nova-conductor[110839]: DEBUG cotyledon.oslo_config_glue [-] oslo_limit.service_type = None {{(pid=110839) log_opt_values /opt/stack/data/venv/lib/python3.12/site-packages/oslo_config/cfg.py:3006}}
May 08 03:24:54.402248 np0000172636 nova-conductor[110839]: DEBUG cotyledon.oslo_config_glue [-] oslo_limit.split_loggers = False {{(pid=110839) log_opt_values /opt/stack/data/venv/lib/python3.12/site-packages/oslo_config/cfg.py:3006}}
May 08 03:24:54.402248 np0000172636 nova-conductor[110839]: DEBUG cotyledon.oslo_config_glue [-] oslo_limit.status_code_retries = None {{(pid=110839) log_opt_values /opt/stack/data/venv/lib/python3.12/site-packages/oslo_config/cfg.py:3006}}
May 08 03:24:54.402248 np0000172636 nova-conductor[110839]: DEBUG cotyledon.oslo_config_glue [-] oslo_limit.status_code_retry_delay = None {{(pid=110839) log_opt_values /opt/stack/data/venv/lib/python3.12/site-packages/oslo_config/cfg.py:3006}}
May 08 03:24:54.402248 np0000172636 nova-conductor[110839]: DEBUG cotyledon.oslo_config_glue [-] oslo_limit.timeout = None {{(pid=110839) log_opt_values /opt/stack/data/venv/lib/python3.12/site-packages/oslo_config/cfg.py:3006}}
May 08 03:24:54.402248 np0000172636 nova-conductor[110839]: DEBUG cotyledon.oslo_config_glue [-] oslo_limit.valid_interfaces = None {{(pid=110839) log_opt_values /opt/stack/data/venv/lib/python3.12/site-packages/oslo_config/cfg.py:3006}}
May 08 03:24:54.402248 np0000172636 nova-conductor[110839]: DEBUG cotyledon.oslo_config_glue [-] oslo_limit.version = None {{(pid=110839) log_opt_values /opt/stack/data/venv/lib/python3.12/site-packages/oslo_config/cfg.py:3006}}
May 08 03:24:54.402248 np0000172636 nova-conductor[110839]: DEBUG cotyledon.oslo_config_glue [-] oslo_reports.file_event_handler = None {{(pid=110839) log_opt_values /opt/stack/data/venv/lib/python3.12/site-packages/oslo_config/cfg.py:3006}}
May 08 03:24:54.402248 np0000172636 nova-conductor[110839]: DEBUG cotyledon.oslo_config_glue [-] oslo_reports.file_event_handler_interval = 1 {{(pid=110839) log_opt_values /opt/stack/data/venv/lib/python3.12/site-packages/oslo_config/cfg.py:3006}}
May 08 03:24:54.402492 np0000172636 nova-conductor[110839]: DEBUG cotyledon.oslo_config_glue [-] oslo_reports.log_dir = None {{(pid=110839) log_opt_values /opt/stack/data/venv/lib/python3.12/site-packages/oslo_config/cfg.py:3006}}
May 08 03:24:54.402492 np0000172636 nova-conductor[110839]: DEBUG cotyledon.oslo_config_glue [-] ******************************************************************************** {{(pid=110839) log_opt_values /opt/stack/data/venv/lib/python3.12/site-packages/oslo_config/cfg.py:3013}}
May 08 03:24:54.402492 np0000172636 nova-conductor[110839]: DEBUG cotyledon._service_worker [-] Run service ServiceWrapper(3) [110839] {{(pid=110839) wait_forever /opt/stack/data/venv/lib/python3.12/site-packages/cotyledon/_service_worker.py:218}}
May 08 03:24:54.402492 np0000172636 nova-conductor[110839]: INFO nova.service [-] Starting conductor node (version 33.1.0)
May 08 03:24:54.402590 np0000172636 nova-conductor[110829]: DEBUG oslo_db.sqlalchemy.engines [None req-7ee4af4a-b5d7-438a-a0ef-a0757ec3c294 None None] MySQL server mode set to STRICT_TRANS_TABLES,STRICT_ALL_TABLES,NO_ZERO_IN_DATE,NO_ZERO_DATE,ERROR_FOR_DIVISION_BY_ZERO,TRADITIONAL,NO_ENGINE_SUBSTITUTION {{(pid=110829) _check_effective_sql_mode /opt/stack/data/venv/lib/python3.12/site-packages/oslo_db/sqlalchemy/engines.py:325}}
May 08 03:24:54.402630 np0000172636 nova-conductor[110839]: INFO dbcounter [None req-1e1aa58d-97ca-4c2c-8745-a09d0155d407 None None] Registered counter for database nova_cell0
May 08 03:24:54.402666 np0000172636 nova-conductor[110819]: DEBUG dbcounter [-] [110819] Writer thread running {{(pid=110819) stat_writer /opt/stack/data/venv/lib/python3.12/site-packages/dbcounter.py:102}}
May 08 03:24:54.402712 np0000172636 nova-conductor[110839]: DEBUG oslo_db.sqlalchemy.engines [None req-1e1aa58d-97ca-4c2c-8745-a09d0155d407 None None] MySQL server mode set to STRICT_TRANS_TABLES,STRICT_ALL_TABLES,NO_ZERO_IN_DATE,NO_ZERO_DATE,ERROR_FOR_DIVISION_BY_ZERO,TRADITIONAL,NO_ENGINE_SUBSTITUTION {{(pid=110839) _check_effective_sql_mode /opt/stack/data/venv/lib/python3.12/site-packages/oslo_db/sqlalchemy/engines.py:325}}
May 08 03:24:54.405929 np0000172636 nova-conductor[110819]: DEBUG nova.service [None req-538a01e0-f1e0-476d-8656-fccf2cd81971 None None] Creating RPC server for service: nova-conductor on topic: conductor {{(pid=110819) start /opt/stack/nova/nova/service.py:195}}
May 08 03:24:54.411843 np0000172636 nova-conductor[110829]: DEBUG dbcounter [-] [110829] Writer thread running {{(pid=110829) stat_writer /opt/stack/data/venv/lib/python3.12/site-packages/dbcounter.py:102}}
May 08 03:24:54.416167 np0000172636 nova-conductor[110839]: DEBUG dbcounter [-] [110839] Writer thread running {{(pid=110839) stat_writer /opt/stack/data/venv/lib/python3.12/site-packages/dbcounter.py:102}}
May 08 03:24:54.418280 np0000172636 nova-conductor[110829]: DEBUG nova.service [None req-7ee4af4a-b5d7-438a-a0ef-a0757ec3c294 None None] Creating RPC server for service: nova-conductor on topic: conductor {{(pid=110829) start /opt/stack/nova/nova/service.py:195}}
May 08 03:24:54.420573 np0000172636 nova-conductor[110839]: DEBUG nova.service [None req-1e1aa58d-97ca-4c2c-8745-a09d0155d407 None None] Creating RPC server for service: nova-conductor on topic: conductor {{(pid=110839) start /opt/stack/nova/nova/service.py:195}}
May 08 03:24:54.442575 np0000172636 nova-conductor[110819]: DEBUG nova.service [None req-538a01e0-f1e0-476d-8656-fccf2cd81971 None None] Join ServiceGroup membership for this service conductor {{(pid=110819) start /opt/stack/nova/nova/service.py:221}}
May 08 03:24:54.442740 np0000172636 nova-conductor[110819]: DEBUG nova.servicegroup.drivers.db [None req-538a01e0-f1e0-476d-8656-fccf2cd81971 None None] DB_Driver: join new ServiceGroup member np0000172636 to the conductor group, service = {{(pid=110819) join /opt/stack/nova/nova/servicegroup/drivers/db.py:44}}
May 08 03:24:54.449582 np0000172636 nova-conductor[110839]: DEBUG nova.service [None req-1e1aa58d-97ca-4c2c-8745-a09d0155d407 None None] Join ServiceGroup membership for this service conductor {{(pid=110839) start /opt/stack/nova/nova/service.py:221}}
May 08 03:24:54.449829 np0000172636 nova-conductor[110839]: DEBUG nova.servicegroup.drivers.db [None req-1e1aa58d-97ca-4c2c-8745-a09d0155d407 None None] DB_Driver: join new ServiceGroup member np0000172636 to the conductor group, service = {{(pid=110839) join /opt/stack/nova/nova/servicegroup/drivers/db.py:44}}
May 08 03:24:54.453652 np0000172636 nova-conductor[110812]: DEBUG nova.service [None req-86cad9b3-5ad3-4912-acf9-33889d1a6d8e None None] Join ServiceGroup membership for this service conductor {{(pid=110812) start /opt/stack/nova/nova/service.py:221}}
May 08 03:24:54.454247 np0000172636 nova-conductor[110812]: DEBUG nova.servicegroup.drivers.db [None req-86cad9b3-5ad3-4912-acf9-33889d1a6d8e None None] DB_Driver: join new ServiceGroup member np0000172636 to the conductor group, service = {{(pid=110812) join /opt/stack/nova/nova/servicegroup/drivers/db.py:44}}
May 08 03:24:54.457956 np0000172636 nova-conductor[110829]: DEBUG nova.service [None req-7ee4af4a-b5d7-438a-a0ef-a0757ec3c294 None None] Join ServiceGroup membership for this service conductor {{(pid=110829) start /opt/stack/nova/nova/service.py:221}}
May 08 03:24:54.458273 np0000172636 nova-conductor[110829]: DEBUG nova.servicegroup.drivers.db [None req-7ee4af4a-b5d7-438a-a0ef-a0757ec3c294 None None] DB_Driver: join new ServiceGroup member np0000172636 to the conductor group, service = {{(pid=110829) join /opt/stack/nova/nova/servicegroup/drivers/db.py:44}}
May 08 03:24:59.470418 np0000172636 nova-conductor[110819]: DEBUG oslo.service.backend._threading.loopingcall [-] Fixed interval looping call 'nova.servicegroup.drivers.db.DbDriver._report_state' sleeping for 119.97 seconds {{(pid=110819) _run_loop /opt/stack/data/venv/lib/python3.12/site-packages/oslo_service/backend/_threading/loopingcall.py:125}}
May 08 03:24:59.470930 np0000172636 nova-conductor[110839]: DEBUG oslo.service.backend._threading.loopingcall [-] Fixed interval looping call 'nova.servicegroup.drivers.db.DbDriver._report_state' sleeping for 119.98 seconds {{(pid=110839) _run_loop /opt/stack/data/venv/lib/python3.12/site-packages/oslo_service/backend/_threading/loopingcall.py:125}}
May 08 03:24:59.472969 np0000172636 nova-conductor[110812]: DEBUG oslo.service.backend._threading.loopingcall [-] Fixed interval looping call 'nova.servicegroup.drivers.db.DbDriver._report_state' sleeping for 119.99 seconds {{(pid=110812) _run_loop /opt/stack/data/venv/lib/python3.12/site-packages/oslo_service/backend/_threading/loopingcall.py:125}}
May 08 03:24:59.477731 np0000172636 nova-conductor[110829]: DEBUG oslo.service.backend._threading.loopingcall [-] Fixed interval looping call 'nova.servicegroup.drivers.db.DbDriver._report_state' sleeping for 119.98 seconds {{(pid=110829) _run_loop /opt/stack/data/venv/lib/python3.12/site-packages/oslo_service/backend/_threading/loopingcall.py:125}}
May 08 03:25:02.993536 np0000172636 nova-conductor[109934]: DEBUG dbcounter [-] [109934] Writing DB stats nova_api:SELECT=1 {{(pid=109934) stat_writer /opt/stack/data/venv/lib/python3.12/site-packages/dbcounter.py:115}}
May 08 03:25:03.119541 np0000172636 nova-conductor[109934]: DEBUG dbcounter [-] [109934] Writing DB stats nova_cell0:SELECT=1 {{(pid=109934) stat_writer /opt/stack/data/venv/lib/python3.12/site-packages/dbcounter.py:115}}
May 08 03:25:03.125392 np0000172636 nova-conductor[109934]: DEBUG dbcounter [-] [109934] Writing DB stats nova_cell1:SELECT=1 {{(pid=109934) stat_writer /opt/stack/data/venv/lib/python3.12/site-packages/dbcounter.py:115}}
May 08 03:25:09.464869 np0000172636 nova-conductor[110819]: DEBUG dbcounter [-] [110819] Writing DB stats nova_cell0:SELECT=3,nova_cell0:UPDATE=1 {{(pid=110819) stat_writer /opt/stack/data/venv/lib/python3.12/site-packages/dbcounter.py:115}}
May 08 03:25:09.467374 np0000172636 nova-conductor[110839]: DEBUG dbcounter [-] [110839] Writing DB stats nova_cell0:SELECT=3,nova_cell0:UPDATE=1 {{(pid=110839) stat_writer /opt/stack/data/venv/lib/python3.12/site-packages/dbcounter.py:115}}
May 08 03:25:09.471254 np0000172636 nova-conductor[110829]: DEBUG dbcounter [-] [110829] Writing DB stats nova_cell0:SELECT=3 {{(pid=110829) stat_writer /opt/stack/data/venv/lib/python3.12/site-packages/dbcounter.py:115}}
May 08 03:25:09.472265 np0000172636 nova-conductor[110812]: DEBUG dbcounter [-] [110812] Writing DB stats nova_cell0:SELECT=4,nova_cell0:INSERT=1,nova_cell0:UPDATE=1 {{(pid=110812) stat_writer /opt/stack/data/venv/lib/python3.12/site-packages/dbcounter.py:115}}
May 08 03:25:16.453370 np0000172636 nova-conductor[110839]: DEBUG oslo.service.backend._threading.loopingcall [None req-844d2fc8-7143-433e-8769-4993aba7682f None None] Dynamic interval looping call 'nova.service.Service.periodic_tasks' sleeping for 60.00 seconds {{(pid=110839) _run_loop /opt/stack/data/venv/lib/python3.12/site-packages/oslo_service/backend/_threading/loopingcall.py:125}}
May 08 03:25:23.463558 np0000172636 nova-conductor[110829]: DEBUG oslo.service.backend._threading.loopingcall [None req-be9e8b24-1770-4b76-b118-6cdb7a7c84e7 None None] Dynamic interval looping call 'nova.service.Service.periodic_tasks' sleeping for 60.00 seconds {{(pid=110829) _run_loop /opt/stack/data/venv/lib/python3.12/site-packages/oslo_service/backend/_threading/loopingcall.py:125}}
May 08 03:25:32.459287 np0000172636 nova-conductor[110812]: DEBUG oslo.service.backend._threading.loopingcall [None req-21daac9f-af92-4afe-9bec-59e1c42d2c50 None None] Dynamic interval looping call 'nova.service.Service.periodic_tasks' sleeping for 60.00 seconds {{(pid=110812) _run_loop /opt/stack/data/venv/lib/python3.12/site-packages/oslo_service/backend/_threading/loopingcall.py:125}}
May 08 03:25:50.448352 np0000172636 nova-conductor[110819]: DEBUG oslo.service.backend._threading.loopingcall [None req-b2d59eb3-2a48-4aa4-821f-584a1bf4e9df None None] Dynamic interval looping call 'nova.service.Service.periodic_tasks' sleeping for 60.00 seconds {{(pid=110819) _run_loop /opt/stack/data/venv/lib/python3.12/site-packages/oslo_service/backend/_threading/loopingcall.py:125}}
May 08 03:26:16.738822 np0000172636 nova-conductor[110839]: DEBUG oslo.service.backend._threading.loopingcall [None req-844d2fc8-7143-433e-8769-4993aba7682f None None] Dynamic interval looping call 'nova.service.Service.periodic_tasks' sleeping for 60.00 seconds {{(pid=110839) _run_loop /opt/stack/data/venv/lib/python3.12/site-packages/oslo_service/backend/_threading/loopingcall.py:125}}
May 08 03:26:23.464151 np0000172636 nova-conductor[110829]: DEBUG oslo.service.backend._threading.loopingcall [None req-be9e8b24-1770-4b76-b118-6cdb7a7c84e7 None None] Dynamic interval looping call 'nova.service.Service.periodic_tasks' sleeping for 60.00 seconds {{(pid=110829) _run_loop /opt/stack/data/venv/lib/python3.12/site-packages/oslo_service/backend/_threading/loopingcall.py:125}}
May 08 03:26:32.460136 np0000172636 nova-conductor[110812]: DEBUG oslo.service.backend._threading.loopingcall [None req-21daac9f-af92-4afe-9bec-59e1c42d2c50 None None] Dynamic interval looping call 'nova.service.Service.periodic_tasks' sleeping for 60.00 seconds {{(pid=110812) _run_loop /opt/stack/data/venv/lib/python3.12/site-packages/oslo_service/backend/_threading/loopingcall.py:125}}
May 08 03:26:50.449567 np0000172636 nova-conductor[110819]: DEBUG oslo.service.backend._threading.loopingcall [None req-b2d59eb3-2a48-4aa4-821f-584a1bf4e9df None None] Dynamic interval looping call 'nova.service.Service.periodic_tasks' sleeping for 60.00 seconds {{(pid=110819) _run_loop /opt/stack/data/venv/lib/python3.12/site-packages/oslo_service/backend/_threading/loopingcall.py:125}}
May 08 03:26:59.454537 np0000172636 nova-conductor[110819]: DEBUG oslo.service.backend._threading.loopingcall [-] Fixed interval looping call 'nova.servicegroup.drivers.db.DbDriver._report_state' sleeping for 119.99 seconds {{(pid=110819) _run_loop /opt/stack/data/venv/lib/python3.12/site-packages/oslo_service/backend/_threading/loopingcall.py:125}}
May 08 03:26:59.460751 np0000172636 nova-conductor[110839]: DEBUG oslo.service.backend._threading.loopingcall [-] Fixed interval looping call 'nova.servicegroup.drivers.db.DbDriver._report_state' sleeping for 119.99 seconds {{(pid=110839) _run_loop /opt/stack/data/venv/lib/python3.12/site-packages/oslo_service/backend/_threading/loopingcall.py:125}}
May 08 03:26:59.464170 np0000172636 nova-conductor[110829]: DEBUG oslo.service.backend._threading.loopingcall [-] Fixed interval looping call 'nova.servicegroup.drivers.db.DbDriver._report_state' sleeping for 119.99 seconds {{(pid=110829) _run_loop /opt/stack/data/venv/lib/python3.12/site-packages/oslo_service/backend/_threading/loopingcall.py:125}}
May 08 03:26:59.469746 np0000172636 nova-conductor[110812]: DEBUG oslo.service.backend._threading.loopingcall [-] Fixed interval looping call 'nova.servicegroup.drivers.db.DbDriver._report_state' sleeping for 119.99 seconds {{(pid=110812) _run_loop /opt/stack/data/venv/lib/python3.12/site-packages/oslo_service/backend/_threading/loopingcall.py:125}}
May 08 03:27:09.447533 np0000172636 nova-conductor[110819]: DEBUG dbcounter [-] [110819] Writing DB stats nova_cell0:SELECT=1,nova_cell0:UPDATE=1 {{(pid=110819) stat_writer /opt/stack/data/venv/lib/python3.12/site-packages/dbcounter.py:115}}
May 08 03:27:09.457416 np0000172636 nova-conductor[110839]: DEBUG dbcounter [-] [110839] Writing DB stats nova_cell0:SELECT=1 {{(pid=110839) stat_writer /opt/stack/data/venv/lib/python3.12/site-packages/dbcounter.py:115}}
May 08 03:27:09.461359 np0000172636 nova-conductor[110829]: DEBUG dbcounter [-] [110829] Writing DB stats nova_cell0:SELECT=1 {{(pid=110829) stat_writer /opt/stack/data/venv/lib/python3.12/site-packages/dbcounter.py:115}}
May 08 03:27:09.466466 np0000172636 nova-conductor[110812]: DEBUG dbcounter [-] [110812] Writing DB stats nova_cell0:SELECT=1 {{(pid=110812) stat_writer /opt/stack/data/venv/lib/python3.12/site-packages/dbcounter.py:115}}
May 08 03:27:16.455164 np0000172636 nova-conductor[110839]: DEBUG oslo.service.backend._threading.loopingcall [None req-844d2fc8-7143-433e-8769-4993aba7682f None None] Dynamic interval looping call 'nova.service.Service.periodic_tasks' sleeping for 60.00 seconds {{(pid=110839) _run_loop /opt/stack/data/venv/lib/python3.12/site-packages/oslo_service/backend/_threading/loopingcall.py:125}}
May 08 03:27:23.464976 np0000172636 nova-conductor[110829]: DEBUG oslo.service.backend._threading.loopingcall [None req-be9e8b24-1770-4b76-b118-6cdb7a7c84e7 None None] Dynamic interval looping call 'nova.service.Service.periodic_tasks' sleeping for 60.00 seconds {{(pid=110829) _run_loop /opt/stack/data/venv/lib/python3.12/site-packages/oslo_service/backend/_threading/loopingcall.py:125}}
May 08 03:27:32.461074 np0000172636 nova-conductor[110812]: DEBUG oslo.service.backend._threading.loopingcall [None req-21daac9f-af92-4afe-9bec-59e1c42d2c50 None None] Dynamic interval looping call 'nova.service.Service.periodic_tasks' sleeping for 60.00 seconds {{(pid=110812) _run_loop /opt/stack/data/venv/lib/python3.12/site-packages/oslo_service/backend/_threading/loopingcall.py:125}}
May 08 03:27:50.450147 np0000172636 nova-conductor[110819]: DEBUG oslo.service.backend._threading.loopingcall [None req-b2d59eb3-2a48-4aa4-821f-584a1bf4e9df None None] Dynamic interval looping call 'nova.service.Service.periodic_tasks' sleeping for 60.00 seconds {{(pid=110819) _run_loop /opt/stack/data/venv/lib/python3.12/site-packages/oslo_service/backend/_threading/loopingcall.py:125}}
May 08 03:28:16.455842 np0000172636 nova-conductor[110839]: DEBUG oslo.service.backend._threading.loopingcall [None req-844d2fc8-7143-433e-8769-4993aba7682f None None] Dynamic interval looping call 'nova.service.Service.periodic_tasks' sleeping for 60.00 seconds {{(pid=110839) _run_loop /opt/stack/data/venv/lib/python3.12/site-packages/oslo_service/backend/_threading/loopingcall.py:125}}
May 08 03:28:23.466039 np0000172636 nova-conductor[110829]: DEBUG oslo.service.backend._threading.loopingcall [None req-be9e8b24-1770-4b76-b118-6cdb7a7c84e7 None None] Dynamic interval looping call 'nova.service.Service.periodic_tasks' sleeping for 60.00 seconds {{(pid=110829) _run_loop /opt/stack/data/venv/lib/python3.12/site-packages/oslo_service/backend/_threading/loopingcall.py:125}}
May 08 03:28:32.462056 np0000172636 nova-conductor[110812]: DEBUG oslo.service.backend._threading.loopingcall [None req-21daac9f-af92-4afe-9bec-59e1c42d2c50 None None] Dynamic interval looping call 'nova.service.Service.periodic_tasks' sleeping for 60.00 seconds {{(pid=110812) _run_loop /opt/stack/data/venv/lib/python3.12/site-packages/oslo_service/backend/_threading/loopingcall.py:125}}
May 08 03:28:50.450850 np0000172636 nova-conductor[110819]: DEBUG oslo.service.backend._threading.loopingcall [None req-b2d59eb3-2a48-4aa4-821f-584a1bf4e9df None None] Dynamic interval looping call 'nova.service.Service.periodic_tasks' sleeping for 60.00 seconds {{(pid=110819) _run_loop /opt/stack/data/venv/lib/python3.12/site-packages/oslo_service/backend/_threading/loopingcall.py:125}}
May 08 03:28:59.460551 np0000172636 nova-conductor[110819]: DEBUG oslo.service.backend._threading.loopingcall [-] Fixed interval looping call 'nova.servicegroup.drivers.db.DbDriver._report_state' sleeping for 119.98 seconds {{(pid=110819) _run_loop /opt/stack/data/venv/lib/python3.12/site-packages/oslo_service/backend/_threading/loopingcall.py:125}}
May 08 03:28:59.461301 np0000172636 nova-conductor[110839]: DEBUG oslo.service.backend._threading.loopingcall [-] Fixed interval looping call 'nova.servicegroup.drivers.db.DbDriver._report_state' sleeping for 119.99 seconds {{(pid=110839) _run_loop /opt/stack/data/venv/lib/python3.12/site-packages/oslo_service/backend/_threading/loopingcall.py:125}}
May 08 03:28:59.464825 np0000172636 nova-conductor[110829]: DEBUG oslo.service.backend._threading.loopingcall [-] Fixed interval looping call 'nova.servicegroup.drivers.db.DbDriver._report_state' sleeping for 119.99 seconds {{(pid=110829) _run_loop /opt/stack/data/venv/lib/python3.12/site-packages/oslo_service/backend/_threading/loopingcall.py:125}}
May 08 03:28:59.467909 np0000172636 nova-conductor[110812]: DEBUG oslo.service.backend._threading.loopingcall [-] Fixed interval looping call 'nova.servicegroup.drivers.db.DbDriver._report_state' sleeping for 119.99 seconds {{(pid=110812) _run_loop /opt/stack/data/venv/lib/python3.12/site-packages/oslo_service/backend/_threading/loopingcall.py:125}}
