+ COMMAND=start + start + for KEYSTONE_WSGI_SCRIPT in keystone-wsgi-public ++ type -p keystone-wsgi-public + cp -a /var/lib/openstack/bin/keystone-wsgi-public /var/www/cgi-bin/keystone/ + '[' -f /etc/apache2/envvars ']' + source /etc/apache2/envvars ++ unset HOME ++ '[' '' '!=' '' ']' ++ SUFFIX= ++ export APACHE_RUN_USER=www-data ++ APACHE_RUN_USER=www-data ++ export APACHE_RUN_GROUP=www-data ++ APACHE_RUN_GROUP=www-data ++ export APACHE_PID_FILE=/var/run/apache2/apache2.pid ++ APACHE_PID_FILE=/var/run/apache2/apache2.pid ++ export APACHE_RUN_DIR=/var/run/apache2 ++ APACHE_RUN_DIR=/var/run/apache2 ++ export APACHE_LOCK_DIR=/var/lock/apache2 ++ APACHE_LOCK_DIR=/var/lock/apache2 ++ export APACHE_LOG_DIR=/var/log/apache2 ++ APACHE_LOG_DIR=/var/log/apache2 ++ export LANG=C ++ LANG=C ++ export LANG + '[' -f /var/run/apache2/apache2.pid ']' + exec apache2 -DFOREGROUND AH00558: apache2: Could not reliably determine the server's fully qualified domain name, using 10.0.0.73. Set the 'ServerName' directive globally to suppress this message AH00558: apache2: Could not reliably determine the server's fully qualified domain name, using 10.0.0.73. Set the 'ServerName' directive globally to suppress this message
[Sat Sep 12 04:17:30.806981 2026] [mpm_event:notice] [pid 1:tid 139845821040512] AH00489: Apache/2.4.58 (Ubuntu) mod_wsgi/5.0.0 Python/3.12 configured -- resuming normal operations
[Sat Sep 12 04:17:30.807130 2026] [core:notice] [pid 1:tid 139845821040512] AH00094: Command line: 'apache2 -D FOREGROUND'
[Sat Sep 12 04:18:27.898670 2026] [wsgi:error] [pid 8:tid 139845183219392] /var/lib/openstack/lib/python3.12/site-packages/oslo_utils/importutils.py:77: EventletDeprecationWarning:
[Sat Sep 12 04:18:27.898713 2026] [wsgi:error] [pid 8:tid 139845183219392] Eventlet is deprecated. It is currently being maintained in bugfix mode, and
[Sat Sep 12 04:18:27.898715 2026] [wsgi:error] [pid 8:tid 139845183219392] we strongly recommend against using it for new projects.
[Sat Sep 12 04:18:27.898717 2026] [wsgi:error] [pid 8:tid 139845183219392]
[Sat Sep 12 04:18:27.898718 2026] [wsgi:error] [pid 8:tid 139845183219392] If you are already using Eventlet, we recommend migrating to a different
[Sat Sep 12 04:18:27.898719 2026] [wsgi:error] [pid 8:tid 139845183219392] framework. For more detail see
[Sat Sep 12 04:18:27.898720 2026] [wsgi:error] [pid 8:tid 139845183219392] https://eventlet.readthedocs.io/en/latest/asyncio/migration.html
[Sat Sep 12 04:18:27.898721 2026] [wsgi:error] [pid 8:tid 139845183219392]
[Sat Sep 12 04:18:27.898722 2026] [wsgi:error] [pid 8:tid 139845183219392] __import__(import_str)
[Sat Sep 12 04:18:27.987418 2026] [wsgi:error] [pid 11:tid 139845183219392] /var/lib/openstack/lib/python3.12/site-packages/oslo_utils/importutils.py:77: EventletDeprecationWarning:
[Sat Sep 12 04:18:27.987455 2026] [wsgi:error] [pid 11:tid 139845183219392] Eventlet is deprecated. It is currently being maintained in bugfix mode, and
[Sat Sep 12 04:18:27.987457 2026] [wsgi:error] [pid 11:tid 139845183219392] we strongly recommend against using it for new projects.
[Sat Sep 12 04:18:27.987458 2026] [wsgi:error] [pid 11:tid 139845183219392]
[Sat Sep 12 04:18:27.987459 2026] [wsgi:error] [pid 11:tid 139845183219392] If you are already using Eventlet, we recommend migrating to a different
[Sat Sep 12 04:18:27.987460 2026] [wsgi:error] [pid 11:tid 139845183219392] framework. For more detail see
[Sat Sep 12 04:18:27.987461 2026] [wsgi:error] [pid 11:tid 139845183219392] https://eventlet.readthedocs.io/en/latest/asyncio/migration.html
[Sat Sep 12 04:18:27.987463 2026] [wsgi:error] [pid 11:tid 139845183219392]
[Sat Sep 12 04:18:27.987464 2026] [wsgi:error] [pid 11:tid 139845183219392] __import__(import_str) 10.0.0.85 - - [12/Sep/2026:04:18:27 +0000] "GET /v3/ HTTP/1.1" 200 249 10.0.0.85 - - [12/Sep/2026:04:18:27 +0000] "GET /v3/ HTTP/1.1" 200 249
[Sat Sep 12 04:18:33.153958 2026] [wsgi:error] [pid 9:tid 139845183219392] /var/lib/openstack/lib/python3.12/site-packages/oslo_utils/importutils.py:77: EventletDeprecationWarning:
[Sat Sep 12 04:18:33.154000 2026] [wsgi:error] [pid 9:tid 139845183219392] Eventlet is deprecated. It is currently being maintained in bugfix mode, and
[Sat Sep 12 04:18:33.154002 2026] [wsgi:error] [pid 9:tid 139845183219392] we strongly recommend against using it for new projects.
[Sat Sep 12 04:18:33.154003 2026] [wsgi:error] [pid 9:tid 139845183219392]
[Sat Sep 12 04:18:33.154004 2026] [wsgi:error] [pid 9:tid 139845183219392] If you are already using Eventlet, we recommend migrating to a different
[Sat Sep 12 04:18:33.154005 2026] [wsgi:error] [pid 9:tid 139845183219392] framework. For more detail see
[Sat Sep 12 04:18:33.154006 2026] [wsgi:error] [pid 9:tid 139845183219392] https://eventlet.readthedocs.io/en/latest/asyncio/migration.html
[Sat Sep 12 04:18:33.154007 2026] [wsgi:error] [pid 9:tid 139845183219392]
[Sat Sep 12 04:18:33.154008 2026] [wsgi:error] [pid 9:tid 139845183219392] __import__(import_str) 10.0.0.85 - - [12/Sep/2026:04:18:32 +0000] "GET /v3/ HTTP/1.1" 200 249
[Sat Sep 12 04:18:39.387361 2026] [wsgi:error] [pid 10:tid 139845183219392] /var/lib/openstack/lib/python3.12/site-packages/oslo_utils/importutils.py:77: EventletDeprecationWarning:
[Sat Sep 12 04:18:39.387412 2026] [wsgi:error] [pid 10:tid 139845183219392] Eventlet is deprecated. It is currently being maintained in bugfix mode, and
[Sat Sep 12 04:18:39.387414 2026] [wsgi:error] [pid 10:tid 139845183219392] we strongly recommend against using it for new projects.
[Sat Sep 12 04:18:39.387415 2026] [wsgi:error] [pid 10:tid 139845183219392]
[Sat Sep 12 04:18:39.387417 2026] [wsgi:error] [pid 10:tid 139845183219392] If you are already using Eventlet, we recommend migrating to a different
[Sat Sep 12 04:18:39.387418 2026] [wsgi:error] [pid 10:tid 139845183219392] framework. For more detail see
[Sat Sep 12 04:18:39.387419 2026] [wsgi:error] [pid 10:tid 139845183219392] https://eventlet.readthedocs.io/en/latest/asyncio/migration.html
[Sat Sep 12 04:18:39.387420 2026] [wsgi:error] [pid 10:tid 139845183219392]
[Sat Sep 12 04:18:39.387421 2026] [wsgi:error] [pid 10:tid 139845183219392] __import__(import_str) 10.0.0.170 - - [12/Sep/2026:04:18:38 +0000] "GET / HTTP/1.1" 300 295
[Sat Sep 12 04:18:43.986211 2026] [wsgi:error] [pid 8:tid 139845183219392] [remote 10.0.0.170:56640] 2026-09-12 04:18:43.982 8 WARNING keystone.identity.core [None req-7a2f479d-be2e-49f7-be29-826538c0ec79 - - - - - -] Invalid domain name (atmosphere) found in config file name: keystone.exception.DomainNotFound: Could not find domain: atmosphere.
[Sat Sep 12 04:18:44.037707 2026] [wsgi:error] [pid 8:tid 139845183219392] [remote 10.0.0.170:56640] 2026-09-12 04:18:44.037 8 WARNING keystone.common.password_hashing [None req-7a2f479d-be2e-49f7-be29-826538c0ec79 - - - - - -] Truncating password to algorithm specific maximum length 72 characters.
[Sat Sep 12 04:18:44.357911 2026] [wsgi:error] [pid 8:tid 139845183219392] [remote 10.0.0.170:56640] 2026-09-12 04:18:44.357 8 WARNING keystone.common.fernet_utils [None req-7a2f479d-be2e-49f7-be29-826538c0ec79 - - - - - -] key_repository is world readable: /etc/keystone/fernet-keys/ 10.0.0.170 - - [12/Sep/2026:04:18:43 +0000] "POST /v3/auth/tokens HTTP/1.1" 201 1360
[Sat Sep 12 04:18:44.803382 2026] [wsgi:error] [pid 11:tid 139845183219392] [remote 10.0.0.170:56640] 2026-09-12 04:18:44.800 11 WARNING keystone.identity.core [None req-ca318057-a494-4fe8-bb2b-7023e760b4c5 - - - - - -] Invalid domain name (atmosphere) found in config file name: keystone.exception.DomainNotFound: Could not find domain: atmosphere. 10.0.0.170 - - [12/Sep/2026:04:18:44 +0000] "POST /v3/domains HTTP/1.1" 201 261 10.0.0.79 - - [12/Sep/2026:04:18:55 +0000] "GET / HTTP/1.1" 300 295
[Sat Sep 12 04:18:56.095599 2026] [wsgi:error] [pid 10:tid 139845183219392] [remote 10.0.0.79:38592] 2026-09-12 04:18:56.094 10 WARNING keystone.common.password_hashing [None req-07ac2e7d-9ca9-4c85-9305-5d91a3c93d3f - - - - - -] Truncating password to algorithm specific maximum length 72 characters.
[Sat Sep 12 04:18:56.371690 2026] [wsgi:error] [pid 10:tid 139845183219392] [remote 10.0.0.79:38592] 2026-09-12 04:18:56.371 10 WARNING keystone.common.fernet_utils [None req-07ac2e7d-9ca9-4c85-9305-5d91a3c93d3f - - - - - -] key_repository is world readable: /etc/keystone/fernet-keys/ 10.0.0.79 - - [12/Sep/2026:04:18:55 +0000] "POST /v3/auth/tokens HTTP/1.1" 201 1360 10.0.0.79 - - [12/Sep/2026:04:18:56 +0000] "GET /v3/roles/admin HTTP/1.1" 404 83
[Sat Sep 12 04:18:56.637937 2026] [wsgi:error] [pid 11:tid 139845183219392] [remote 10.0.0.79:38592] 2026-09-12 04:18:56.637 11 WARNING keystone.common.rbac_enforcer.enforcer [None req-15dc2c76-d1c0-4121-a312-89dd23eddc80 e538f910181d452982b322bb6a1dcb30 a4f76882aadc4ec2a9c8a59c09fafb56 - - default default] Deprecated policy rules found. Use oslopolicy-policy-generator and oslopolicy-policy-upgrade to detect and resolve deprecated policies in your configuration. 10.0.0.79 - - [12/Sep/2026:04:18:56 +0000] "GET /v3/roles?name=admin HTTP/1.1" 200 389
[Sat Sep 12 04:18:57.088366 2026] [wsgi:error] [pid 9:tid 139845183219392] [remote 10.0.0.79:38592] 2026-09-12 04:18:57.088 9 WARNING keystone.common.rbac_enforcer.enforcer [None req-04416d5e-6849-4896-9bcb-a974d41c27c7 e538f910181d452982b322bb6a1dcb30 a4f76882aadc4ec2a9c8a59c09fafb56 - - default default] Deprecated policy rules found. Use oslopolicy-policy-generator and oslopolicy-policy-upgrade to detect and resolve deprecated policies in your configuration. 10.0.0.79 - - [12/Sep/2026:04:18:56 +0000] "GET /v3/users/admin-RegionOne HTTP/1.1" 404 93
[Sat Sep 12 04:18:57.245902 2026] [wsgi:error] [pid 10:tid 139845183219392] [remote 10.0.0.79:38592] 2026-09-12 04:18:57.245 10 WARNING keystone.common.rbac_enforcer.enforcer [None req-0a034f89-65c0-4b4f-b0be-af1961820b48 e538f910181d452982b322bb6a1dcb30 a4f76882aadc4ec2a9c8a59c09fafb56 - - default default] Deprecated policy rules found. Use oslopolicy-policy-generator and oslopolicy-policy-upgrade to detect and resolve deprecated policies in your configuration. 10.0.0.79 - - [12/Sep/2026:04:18:57 +0000] "GET /v3/users?name=admin-RegionOne HTTP/1.1" 200 422
[Sat Sep 12 04:18:57.414029 2026] [wsgi:error] [pid 8:tid 139845183219392] [remote 10.0.0.79:38592] 2026-09-12 04:18:57.413 8 WARNING keystone.common.rbac_enforcer.enforcer [None req-ea3cc6e9-153d-444c-808e-d3c15bb428c0 e538f910181d452982b322bb6a1dcb30 a4f76882aadc4ec2a9c8a59c09fafb56 - - default default] Deprecated policy rules found. Use oslopolicy-policy-generator and oslopolicy-policy-upgrade to detect and resolve deprecated policies in your configuration. 10.0.0.79 - - [12/Sep/2026:04:18:57 +0000] "GET /v3/domains/default HTTP/1.1" 200 224 10.0.0.79 - - [12/Sep/2026:04:18:57 +0000] "PUT /v3/domains/default/users/e538f910181d452982b322bb6a1dcb30/roles/a5a88b95c5cc4b2493ba467bfc5c6414 HTTP/1.1" 204 - 10.0.0.85 - - [12/Sep/2026:04:19:07 +0000] "GET / HTTP/1.1" 300 281 10.0.0.85 - - [12/Sep/2026:04:19:08 +0000] "GET /v3 HTTP/1.1" 200 266
[Sat Sep 12 04:19:08.901137 2026] [wsgi:error] [pid 8:tid 139845183219392] [remote 10.0.0.85:43046] 2026-09-12 04:19:08.900 8 WARNING keystone.common.password_hashing [None req-8533f501-ea35-4ab5-927b-4c075d049362 - - - - - -] Truncating password to algorithm specific maximum length 72 characters.
[Sat Sep 12 04:19:09.217590 2026] [wsgi:error] [pid 8:tid 139845183219392] [remote 10.0.0.85:43046] 2026-09-12 04:19:09.217 8 WARNING keystone.common.fernet_utils [None req-8533f501-ea35-4ab5-927b-4c075d049362 - - - - - -] key_repository is world readable: /etc/keystone/fernet-keys/ 10.0.0.85 - - [12/Sep/2026:04:19:08 +0000] "POST /v3/auth/tokens HTTP/1.1" 201 1360 10.0.0.85 - - [12/Sep/2026:04:19:09 +0000] "GET / HTTP/1.1" 300 281 10.0.0.85 - - [12/Sep/2026:04:19:09 +0000] "GET /v3/domains/atmosphere HTTP/1.1" 404 90 10.0.0.85 - - [12/Sep/2026:04:19:09 +0000] "GET /v3/domains?name=atmosphere HTTP/1.1" 200 370 10.0.0.85 - - [12/Sep/2026:04:19:09 +0000] "GET /v3/domains/9b7b9388f8bc4f15a7deb4bbbddfab08 HTTP/1.1" 200 247 10.0.0.85 - - [12/Sep/2026:04:19:10 +0000] "GET /v3 HTTP/1.1" 200 266
[Sat Sep 12 04:19:10.371619 2026] [wsgi:error] [pid 9:tid 139845183219392] [remote 10.0.0.85:43046] 2026-09-12 04:19:10.371 9 WARNING keystone.common.password_hashing [None req-16fe272c-5065-47c7-8969-179955285ae0 - - - - - -] Truncating password to algorithm specific maximum length 72 characters.
[Sat Sep 12 04:19:10.650424 2026] [wsgi:error] [pid 9:tid 139845183219392] [remote 10.0.0.85:43046] 2026-09-12 04:19:10.650 9 WARNING keystone.common.fernet_utils [None req-16fe272c-5065-47c7-8969-179955285ae0 - - - - - -] key_repository is world readable: /etc/keystone/fernet-keys/ 10.0.0.85 - - [12/Sep/2026:04:19:10 +0000] "POST /v3/auth/tokens HTTP/1.1" 201 1360 10.0.0.85 - - [12/Sep/2026:04:19:10 +0000] "GET / HTTP/1.1" 300 281 10.0.0.85 - - [12/Sep/2026:04:19:10 +0000] "GET /v3/OS-FEDERATION/identity_providers/atmosphere HTTP/1.1" 404 101 10.0.0.85 - - [12/Sep/2026:04:19:10 +0000] "GET /v3/OS-FEDERATION/identity_providers HTTP/1.1" 200 156 10.0.0.85 - - [12/Sep/2026:04:19:10 +0000] "PUT /v3/OS-FEDERATION/identity_providers/atmosphere HTTP/1.1" 201 342 10.0.0.85 - - [12/Sep/2026:04:19:11 +0000] "GET /v3 HTTP/1.1" 200 266
[Sat Sep 12 04:19:11.592673 2026] [wsgi:error] [pid 8:tid 139845183219392] [remote 10.0.0.85:43046] 2026-09-12 04:19:11.592 8 WARNING keystone.common.password_hashing [None req-4a134050-6fad-4b13-bc0e-7fc2a074095f - - - - - -] Truncating password to algorithm specific maximum length 72 characters.
[Sat Sep 12 04:19:11.919054 2026] [wsgi:error] [pid 8:tid 139845183219392] [remote 10.0.0.85:43046] 2026-09-12 04:19:11.918 8 WARNING keystone.common.fernet_utils [None req-4a134050-6fad-4b13-bc0e-7fc2a074095f - - - - - -] key_repository is world readable: /etc/keystone/fernet-keys/ 10.0.0.85 - - [12/Sep/2026:04:19:11 +0000] "POST /v3/auth/tokens HTTP/1.1" 201 1360 10.0.0.85 - - [12/Sep/2026:04:19:11 +0000] "GET / HTTP/1.1" 300 281 10.0.0.85 - - [12/Sep/2026:04:19:11 +0000] "GET /v3/OS-FEDERATION/mappings/atmosphere-openid HTTP/1.1" 404 98 10.0.0.85 - - [12/Sep/2026:04:19:11 +0000] "GET /v3/OS-FEDERATION/mappings HTTP/1.1" 200 136 10.0.0.85 - - [12/Sep/2026:04:19:12 +0000] "PUT /v3/OS-FEDERATION/mappings/atmosphere-openid HTTP/1.1" 201 357 10.0.0.85 - - [12/Sep/2026:04:19:12 +0000] "GET /v3 HTTP/1.1" 200 266
[Sat Sep 12 04:19:12.801648 2026] [wsgi:error] [pid 9:tid 139845183219392] [remote 10.0.0.85:43046] 2026-09-12 04:19:12.801 9 WARNING keystone.common.password_hashing [None req-b78d22e8-db73-4a93-9c4a-d58e713e2658 - - - - - -] Truncating password to algorithm specific maximum length 72 characters.
[Sat Sep 12 04:19:13.133683 2026] [wsgi:error] [pid 9:tid 139845183219392] [remote 10.0.0.85:43046] 2026-09-12 04:19:13.133 9 WARNING keystone.common.fernet_utils [None req-b78d22e8-db73-4a93-9c4a-d58e713e2658 - - - - - -] key_repository is world readable: /etc/keystone/fernet-keys/ 10.0.0.85 - - [12/Sep/2026:04:19:12 +0000] "POST /v3/auth/tokens HTTP/1.1" 201 1360 10.0.0.85 - - [12/Sep/2026:04:19:13 +0000] "GET / HTTP/1.1" 300 281 10.0.0.85 - - [12/Sep/2026:04:19:13 +0000] "GET /v3/OS-FEDERATION/identity_providers/atmosphere/protocols/openid?idp_id=atmosphere HTTP/1.1" 404 131 10.0.0.85 - - [12/Sep/2026:04:19:13 +0000] "GET /v3/OS-FEDERATION/identity_providers/atmosphere/protocols HTTP/1.1" 200 168 10.0.0.85 - - [12/Sep/2026:04:19:13 +0000] "PUT /v3/OS-FEDERATION/identity_providers/atmosphere/protocols/openid HTTP/1.1" 201 224 10.0.0.85 - - [12/Sep/2026:04:19:27 +0000] "GET /v3/ HTTP/1.1" 200 249 10.0.0.85 - - [12/Sep/2026:04:19:27 +0000] "GET /v3/ HTTP/1.1" 200 249 10.0.0.85 - - [12/Sep/2026:04:20:27 +0000] "GET /v3/ HTTP/1.1" 200 249 10.0.0.85 - - [12/Sep/2026:04:20:27 +0000] "GET /v3/ HTTP/1.1" 200 249 10.0.0.237 - - [12/Sep/2026:04:20:34 +0000] "GET / HTTP/1.1" 300 295
[Sat Sep 12 04:20:34.764206 2026] [wsgi:error] [pid 8:tid 139845183219392] [remote 10.0.0.237:41560] 2026-09-12 04:20:34.764 8 WARNING keystone.common.password_hashing [None req-a79f4a60-eb6f-4ff4-8aac-3af068583398 - - - - - -] Truncating password to algorithm specific maximum length 72 characters.
[Sat Sep 12 04:20:35.038833 2026] [wsgi:error] [pid 8:tid 139845183219392] [remote 10.0.0.237:41560] 2026-09-12 04:20:35.038 8 WARNING keystone.common.fernet_utils [None req-a79f4a60-eb6f-4ff4-8aac-3af068583398 - - - - - -] key_repository is world readable: /etc/keystone/fernet-keys/ 10.0.0.237 - - [12/Sep/2026:04:20:34 +0000] "POST /v3/auth/tokens HTTP/1.1" 201 1360 10.0.0.237 - - [12/Sep/2026:04:20:35 +0000] "GET /v3/services HTTP/1.1" 200 355 10.0.0.237 - - [12/Sep/2026:04:20:38 +0000] "GET / HTTP/1.1" 300 295
[Sat Sep 12 04:20:38.526662 2026] [wsgi:error] [pid 10:tid 139845183219392] [remote 10.0.0.237:41574] 2026-09-12 04:20:38.526 10 WARNING keystone.common.password_hashing [None req-554f719c-1034-494a-a1a8-45fa314149c9 - - - - - -] Truncating password to algorithm specific maximum length 72 characters.
[Sat Sep 12 04:20:38.824665 2026] [wsgi:error] [pid 10:tid 139845183219392] [remote 10.0.0.237:41574] 2026-09-12 04:20:38.824 10 WARNING keystone.common.fernet_utils [None req-554f719c-1034-494a-a1a8-45fa314149c9 - - - - - -] key_repository is world readable: /etc/keystone/fernet-keys/ 10.0.0.237 - - [12/Sep/2026:04:20:38 +0000] "POST /v3/auth/tokens HTTP/1.1" 201 1360 10.0.0.237 - - [12/Sep/2026:04:20:38 +0000] "GET /v3/services HTTP/1.1" 200 355 10.0.0.237 - - [12/Sep/2026:04:20:42 +0000] "GET / HTTP/1.1" 300 295
[Sat Sep 12 04:20:42.468658 2026] [wsgi:error] [pid 9:tid 139845183219392] [remote 10.0.0.237:55924] 2026-09-12 04:20:42.468 9 WARNING keystone.common.password_hashing [None req-f8ccb46d-0d0d-4a0a-87a3-a68fae6ef58f - - - - - -] Truncating password to algorithm specific maximum length 72 characters.
[Sat Sep 12 04:20:42.757430 2026] [wsgi:error] [pid 9:tid 139845183219392] [remote 10.0.0.237:55924] 2026-09-12 04:20:42.757 9 WARNING keystone.common.fernet_utils [None req-f8ccb46d-0d0d-4a0a-87a3-a68fae6ef58f - - - - - -] key_repository is world readable: /etc/keystone/fernet-keys/ 10.0.0.237 - - [12/Sep/2026:04:20:42 +0000] "POST /v3/auth/tokens HTTP/1.1" 201 1360 10.0.0.237 - - [12/Sep/2026:04:20:42 +0000] "GET /v3/services HTTP/1.1" 200 355 10.0.0.237 - - [12/Sep/2026:04:20:46 +0000] "GET / HTTP/1.1" 300 295
[Sat Sep 12 04:20:46.212875 2026] [wsgi:error] [pid 11:tid 139845183219392] [remote 10.0.0.237:55938] 2026-09-12 04:20:46.212 11 WARNING keystone.common.password_hashing [None req-9e3d4226-b4e5-4552-bfba-55704cf7402f - - - - - -] Truncating password to algorithm specific maximum length 72 characters.
[Sat Sep 12 04:20:46.537190 2026] [wsgi:error] [pid 11:tid 139845183219392] [remote 10.0.0.237:55938] 2026-09-12 04:20:46.537 11 WARNING keystone.common.fernet_utils [None req-9e3d4226-b4e5-4552-bfba-55704cf7402f - - - - - -] key_repository is world readable: /etc/keystone/fernet-keys/ 10.0.0.237 - - [12/Sep/2026:04:20:46 +0000] "POST /v3/auth/tokens HTTP/1.1" 201 1360 10.0.0.237 - - [12/Sep/2026:04:20:46 +0000] "POST /v3/services HTTP/1.1" 201 296 10.0.0.213 - - [12/Sep/2026:04:20:58 +0000] "GET / HTTP/1.1" 300 295 10.0.0.213 - - [12/Sep/2026:04:20:58 +0000] "GET / HTTP/1.1" 300 295
[Sat Sep 12 04:20:58.023568 2026] [wsgi:error] [pid 8:tid 139845183219392] [remote 10.0.0.213:60832] 2026-09-12 04:20:58.023 8 WARNING keystone.common.password_hashing [None req-a078aa40-74fc-49ce-bf35-79866dbb92dd - - - - - -] Truncating password to algorithm specific maximum length 72 characters.
[Sat Sep 12 04:20:58.066252 2026] [wsgi:error] [pid 9:tid 139845183219392] [remote 10.0.0.213:60844] 2026-09-12 04:20:58.065 9 WARNING keystone.common.password_hashing [None req-8665d983-3f89-4564-adb3-38a0832929ec - - - - - -] Truncating password to algorithm specific maximum length 72 characters. 10.0.0.213 - - [12/Sep/2026:04:20:58 +0000] "GET / HTTP/1.1" 300 295
[Sat Sep 12 04:20:58.096439 2026] [wsgi:error] [pid 11:tid 139845183219392] [remote 10.0.0.213:60858] 2026-09-12 04:20:58.096 11 WARNING keystone.common.password_hashing [None req-9a3e6260-bebf-4ea2-b0b9-222f53fe4ae6 - - - - - -] Truncating password to algorithm specific maximum length 72 characters.
[Sat Sep 12 04:20:58.300118 2026] [wsgi:error] [pid 8:tid 139845183219392] [remote 10.0.0.213:60832] 2026-09-12 04:20:58.299 8 WARNING keystone.common.fernet_utils [None req-a078aa40-74fc-49ce-bf35-79866dbb92dd - - - - - -] key_repository is world readable: /etc/keystone/fernet-keys/ 10.0.0.213 - - [12/Sep/2026:04:20:58 +0000] "POST /v3/auth/tokens HTTP/1.1" 201 1464
[Sat Sep 12 04:20:58.393266 2026] [wsgi:error] [pid 9:tid 139845183219392] [remote 10.0.0.213:60844] 2026-09-12 04:20:58.393 9 WARNING keystone.common.fernet_utils [None req-8665d983-3f89-4564-adb3-38a0832929ec - - - - - -] key_repository is world readable: /etc/keystone/fernet-keys/
[Sat Sep 12 04:20:58.395666 2026] [wsgi:error] [pid 11:tid 139845183219392] [remote 10.0.0.213:60858] 2026-09-12 04:20:58.395 11 WARNING keystone.common.fernet_utils [None req-9a3e6260-bebf-4ea2-b0b9-222f53fe4ae6 - - - - - -] key_repository is world readable: /etc/keystone/fernet-keys/ 10.0.0.213 - - [12/Sep/2026:04:20:58 +0000] "POST /v3/auth/tokens HTTP/1.1" 201 1464 10.0.0.213 - - [12/Sep/2026:04:20:58 +0000] "POST /v3/auth/tokens HTTP/1.1" 201 1464 10.0.0.213 - - [12/Sep/2026:04:20:58 +0000] "GET /v3/services HTTP/1.1" 200 639 10.0.0.213 - - [12/Sep/2026:04:20:58 +0000] "GET /v3/services HTTP/1.1" 200 639 10.0.0.213 - - [12/Sep/2026:04:20:58 +0000] "GET /v3/services HTTP/1.1" 200 639 10.0.0.213 - - [12/Sep/2026:04:20:59 +0000] "GET / HTTP/1.1" 300 295
[Sat Sep 12 04:20:59.939574 2026] [wsgi:error] [pid 10:tid 139845183219392] [remote 10.0.0.213:60868] 2026-09-12 04:20:59.939 10 WARNING keystone.common.password_hashing [None req-fe0a4238-6823-4228-aa81-a41e9ae7be83 - - - - - -] Truncating password to algorithm specific maximum length 72 characters. 10.0.0.213 - - [12/Sep/2026:04:21:00 +0000] "GET / HTTP/1.1" 300 295
[Sat Sep 12 04:21:00.118496 2026] [wsgi:error] [pid 9:tid 139845183219392] [remote 10.0.0.213:60872] 2026-09-12 04:21:00.118 9 WARNING keystone.common.password_hashing [None req-b20728b6-503b-49a3-9428-4dcbb31fd7b7 - - - - - -] Truncating password to algorithm specific maximum length 72 characters. 10.0.0.213 - - [12/Sep/2026:04:21:00 +0000] "GET / HTTP/1.1" 300 295
[Sat Sep 12 04:21:00.194198 2026] [wsgi:error] [pid 8:tid 139845183219392] [remote 10.0.0.213:60878] 2026-09-12 04:21:00.193 8 WARNING keystone.common.password_hashing [None req-9bae9923-8e00-4a2b-ae6f-ac15779acfe9 - - - - - -] Truncating password to algorithm specific maximum length 72 characters.
[Sat Sep 12 04:21:00.235653 2026] [wsgi:error] [pid 10:tid 139845183219392] [remote 10.0.0.213:60868] 2026-09-12 04:21:00.235 10 WARNING keystone.common.fernet_utils [None req-fe0a4238-6823-4228-aa81-a41e9ae7be83 - - - - - -] key_repository is world readable: /etc/keystone/fernet-keys/ 10.0.0.213 - - [12/Sep/2026:04:20:59 +0000] "POST /v3/auth/tokens HTTP/1.1" 201 1464 10.0.0.213 - - [12/Sep/2026:04:21:00 +0000] "GET /v3/endpoints HTTP/1.1" 200 1227 10.0.0.213 - - [12/Sep/2026:04:21:00 +0000] "GET /v3/services/c0ced67978da4b76b40ec40bf1b2241b HTTP/1.1" 200 233 10.0.0.213 - - [12/Sep/2026:04:21:00 +0000] "GET /v3/services/c0ced67978da4b76b40ec40bf1b2241b HTTP/1.1" 200 233
[Sat Sep 12 04:21:00.442966 2026] [wsgi:error] [pid 9:tid 139845183219392] [remote 10.0.0.213:60872] 2026-09-12 04:21:00.442 9 WARNING keystone.common.fernet_utils [None req-b20728b6-503b-49a3-9428-4dcbb31fd7b7 - - - - - -] key_repository is world readable: /etc/keystone/fernet-keys/ 10.0.0.213 - - [12/Sep/2026:04:21:00 +0000] "POST /v3/auth/tokens HTTP/1.1" 201 1464 10.0.0.213 - - [12/Sep/2026:04:21:00 +0000] "GET /v3/services/c0ced67978da4b76b40ec40bf1b2241b HTTP/1.1" 200 233
[Sat Sep 12 04:21:00.494153 2026] [wsgi:error] [pid 8:tid 139845183219392] [remote 10.0.0.213:60878] 2026-09-12 04:21:00.494 8 WARNING keystone.common.fernet_utils [None req-9bae9923-8e00-4a2b-ae6f-ac15779acfe9 - - - - - -] key_repository is world readable: /etc/keystone/fernet-keys/ 10.0.0.213 - - [12/Sep/2026:04:21:00 +0000] "POST /v3/auth/tokens HTTP/1.1" 201 1464 10.0.0.213 - - [12/Sep/2026:04:21:00 +0000] "GET /v3/endpoints HTTP/1.1" 200 1227 10.0.0.213 - - [12/Sep/2026:04:21:00 +0000] "GET /v3/services/c0ced67978da4b76b40ec40bf1b2241b HTTP/1.1" 200 233 10.0.0.213 - - [12/Sep/2026:04:21:00 +0000] "GET /v3/endpoints HTTP/1.1" 200 1227 10.0.0.213 - - [12/Sep/2026:04:21:00 +0000] "GET /v3/services/c0ced67978da4b76b40ec40bf1b2241b HTTP/1.1" 200 233 10.0.0.213 - - [12/Sep/2026:04:21:00 +0000] "GET /v3/services/c0ced67978da4b76b40ec40bf1b2241b HTTP/1.1" 200 233 10.0.0.213 - - [12/Sep/2026:04:21:00 +0000] "GET /v3/services/c0ced67978da4b76b40ec40bf1b2241b HTTP/1.1" 200 233 10.0.0.213 - - [12/Sep/2026:04:21:00 +0000] "GET /v3/services/c0ced67978da4b76b40ec40bf1b2241b HTTP/1.1" 200 233 10.0.0.213 - - [12/Sep/2026:04:21:00 +0000] "GET /v3/services/c0ced67978da4b76b40ec40bf1b2241b HTTP/1.1" 200 233 10.0.0.213 - - [12/Sep/2026:04:21:01 +0000] "GET / HTTP/1.1" 300 295
[Sat Sep 12 04:21:01.782030 2026] [wsgi:error] [pid 10:tid 139845183219392] [remote 10.0.0.213:58078] 2026-09-12 04:21:01.781 10 WARNING keystone.common.password_hashing [None req-7ddb806f-65e0-4e39-a3eb-ddeb61101a74 - - - - - -] Truncating password to algorithm specific maximum length 72 characters. 10.0.0.213 - - [12/Sep/2026:04:21:01 +0000] "GET / HTTP/1.1" 300 295
[Sat Sep 12 04:21:01.891012 2026] [wsgi:error] [pid 8:tid 139845183219392] [remote 10.0.0.213:58086] 2026-09-12 04:21:01.890 8 WARNING keystone.common.password_hashing [None req-f805cba5-a604-4c3c-a434-6eed736da8e3 - - - - - -] Truncating password to algorithm specific maximum length 72 characters. 10.0.0.213 - - [12/Sep/2026:04:21:01 +0000] "GET / HTTP/1.1" 300 295
[Sat Sep 12 04:21:01.987739 2026] [wsgi:error] [pid 9:tid 139845183219392] [remote 10.0.0.213:58100] 2026-09-12 04:21:01.987 9 WARNING keystone.common.password_hashing [None req-78872143-b6a0-41b4-bb91-69a807a391ae - - - - - -] Truncating password to algorithm specific maximum length 72 characters.
[Sat Sep 12 04:21:02.142783 2026] [wsgi:error] [pid 10:tid 139845183219392] [remote 10.0.0.213:58078] 2026-09-12 04:21:02.142 10 WARNING keystone.common.fernet_utils [None req-7ddb806f-65e0-4e39-a3eb-ddeb61101a74 - - - - - -] key_repository is world readable: /etc/keystone/fernet-keys/ 10.0.0.213 - - [12/Sep/2026:04:21:01 +0000] "POST /v3/auth/tokens HTTP/1.1" 201 1464
[Sat Sep 12 04:21:02.183185 2026] [wsgi:error] [pid 8:tid 139845183219392] [remote 10.0.0.213:58086] 2026-09-12 04:21:02.183 8 WARNING keystone.common.fernet_utils [None req-f805cba5-a604-4c3c-a434-6eed736da8e3 - - - - - -] key_repository is world readable: /etc/keystone/fernet-keys/ 10.0.0.213 - - [12/Sep/2026:04:21:01 +0000] "POST /v3/auth/tokens HTTP/1.1" 201 1464
[Sat Sep 12 04:21:02.313489 2026] [wsgi:error] [pid 9:tid 139845183219392] [remote 10.0.0.213:58100] 2026-09-12 04:21:02.313 9 WARNING keystone.common.fernet_utils [None req-78872143-b6a0-41b4-bb91-69a807a391ae - - - - - -] key_repository is world readable: /etc/keystone/fernet-keys/ 10.0.0.213 - - [12/Sep/2026:04:21:01 +0000] "POST /v3/auth/tokens HTTP/1.1" 201 1464 10.0.0.213 - - [12/Sep/2026:04:21:02 +0000] "GET /v3/services/9b62d03b4e924a59b33a89f49bbf3a74 HTTP/1.1" 200 296 10.0.0.213 - - [12/Sep/2026:04:21:02 +0000] "GET /v3/regions/RegionOne HTTP/1.1" 200 173 10.0.0.213 - - [12/Sep/2026:04:21:02 +0000] "GET /v3/services/9b62d03b4e924a59b33a89f49bbf3a74 HTTP/1.1" 200 296 10.0.0.213 - - [12/Sep/2026:04:21:02 +0000] "GET /v3/regions/RegionOne HTTP/1.1" 200 173 10.0.0.213 - - [12/Sep/2026:04:21:02 +0000] "POST /v3/endpoints HTTP/1.1" 201 380 10.0.0.213 - - [12/Sep/2026:04:21:02 +0000] "GET /v3/services/9b62d03b4e924a59b33a89f49bbf3a74 HTTP/1.1" 200 296 10.0.0.213 - - [12/Sep/2026:04:21:02 +0000] "GET /v3/regions/RegionOne HTTP/1.1" 200 173 10.0.0.213 - - [12/Sep/2026:04:21:02 +0000] "POST /v3/endpoints HTTP/1.1" 201 370 10.0.0.213 - - [12/Sep/2026:04:21:02 +0000] "POST /v3/endpoints HTTP/1.1" 201 383 10.0.0.213 - - [12/Sep/2026:04:21:03 +0000] "GET / HTTP/1.1" 300 295
[Sat Sep 12 04:21:03.699958 2026] [wsgi:error] [pid 11:tid 139845183219392] [remote 10.0.0.213:58116] 2026-09-12 04:21:03.699 11 WARNING keystone.common.password_hashing [None req-8084e7ad-a11c-478a-89c6-34efe32fd103 - - - - - -] Truncating password to algorithm specific maximum length 72 characters. 10.0.0.213 - - [12/Sep/2026:04:21:03 +0000] "GET / HTTP/1.1" 300 295
[Sat Sep 12 04:21:03.863121 2026] [wsgi:error] [pid 10:tid 139845183219392] [remote 10.0.0.213:58120] 2026-09-12 04:21:03.862 10 WARNING keystone.common.password_hashing [None req-ee299356-51d8-4969-bb07-a3710a2ce664 - - - - - -] Truncating password to algorithm specific maximum length 72 characters. 10.0.0.213 - - [12/Sep/2026:04:21:03 +0000] "GET / HTTP/1.1" 300 295
[Sat Sep 12 04:21:03.927266 2026] [wsgi:error] [pid 9:tid 139845183219392] [remote 10.0.0.213:58128] 2026-09-12 04:21:03.926 9 WARNING keystone.common.password_hashing [None req-20da928c-8e72-4e0a-a44b-760c968f8c5c - - - - - -] Truncating password to algorithm specific maximum length 72 characters.
[Sat Sep 12 04:21:03.992729 2026] [wsgi:error] [pid 11:tid 139845183219392] [remote 10.0.0.213:58116] 2026-09-12 04:21:03.992 11 WARNING keystone.common.fernet_utils [None req-8084e7ad-a11c-478a-89c6-34efe32fd103 - - - - - -] key_repository is world readable: /etc/keystone/fernet-keys/ 10.0.0.213 - - [12/Sep/2026:04:21:03 +0000] "POST /v3/auth/tokens HTTP/1.1" 201 1992
[Sat Sep 12 04:21:04.160124 2026] [wsgi:error] [pid 10:tid 139845183219392] [remote 10.0.0.213:58120] 2026-09-12 04:21:04.159 10 WARNING keystone.common.fernet_utils [None req-ee299356-51d8-4969-bb07-a3710a2ce664 - - - - - -] key_repository is world readable: /etc/keystone/fernet-keys/ 10.0.0.213 - - [12/Sep/2026:04:21:04 +0000] "GET /v3/endpoints/851cc5230fe3443b8b82e759b2471fff HTTP/1.1" 200 380 10.0.0.213 - - [12/Sep/2026:04:21:03 +0000] "POST /v3/auth/tokens HTTP/1.1" 201 1992 10.0.0.213 - - [12/Sep/2026:04:21:04 +0000] "GET /v3/services/9b62d03b4e924a59b33a89f49bbf3a74 HTTP/1.1" 200 296
[Sat Sep 12 04:21:04.220149 2026] [wsgi:error] [pid 9:tid 139845183219392] [remote 10.0.0.213:58128] 2026-09-12 04:21:04.220 9 WARNING keystone.common.fernet_utils [None req-20da928c-8e72-4e0a-a44b-760c968f8c5c - - - - - -] key_repository is world readable: /etc/keystone/fernet-keys/ 10.0.0.213 - - [12/Sep/2026:04:21:03 +0000] "POST /v3/auth/tokens HTTP/1.1" 201 1992 10.0.0.213 - - [12/Sep/2026:04:21:04 +0000] "GET /v3/endpoints/d9b2cbdcaff04f4fa9c3d6f7d6afb7fc HTTP/1.1" 200 383 10.0.0.213 - - [12/Sep/2026:04:21:04 +0000] "GET /v3/services/9b62d03b4e924a59b33a89f49bbf3a74 HTTP/1.1" 200 296 10.0.0.213 - - [12/Sep/2026:04:21:04 +0000] "GET /v3/endpoints/b237916efed04560975c4d679524fc38 HTTP/1.1" 200 370 10.0.0.213 - - [12/Sep/2026:04:21:04 +0000] "GET /v3/services/9b62d03b4e924a59b33a89f49bbf3a74 HTTP/1.1" 200 296 10.0.0.204 - - [12/Sep/2026:04:21:15 +0000] "GET / HTTP/1.1" 300 295
[Sat Sep 12 04:21:15.851053 2026] [wsgi:error] [pid 10:tid 139845183219392] [remote 10.0.0.204:36456] 2026-09-12 04:21:15.850 10 WARNING keystone.common.password_hashing [None req-2e76c4ea-c3fc-461d-9b43-0f3898c13afb - - - - - -] Truncating password to algorithm specific maximum length 72 characters.
[Sat Sep 12 04:21:16.185006 2026] [wsgi:error] [pid 10:tid 139845183219392] [remote 10.0.0.204:36456] 2026-09-12 04:21:16.184 10 WARNING keystone.common.fernet_utils [None req-2e76c4ea-c3fc-461d-9b43-0f3898c13afb - - - - - -] key_repository is world readable: /etc/keystone/fernet-keys/ 10.0.0.204 - - [12/Sep/2026:04:21:15 +0000] "POST /v3/auth/tokens HTTP/1.1" 201 1992 10.0.0.204 - - [12/Sep/2026:04:21:16 +0000] "POST /v3/domains HTTP/1.1" 201 284 10.0.0.204 - - [12/Sep/2026:04:21:17 +0000] "GET / HTTP/1.1" 300 295
[Sat Sep 12 04:21:17.656682 2026] [wsgi:error] [pid 8:tid 139845183219392] [remote 10.0.0.204:36464] 2026-09-12 04:21:17.656 8 WARNING keystone.common.password_hashing [None req-91890cb9-0067-4a61-92e9-c1aab358c187 - - - - - -] Truncating password to algorithm specific maximum length 72 characters.
[Sat Sep 12 04:21:18.025559 2026] [wsgi:error] [pid 8:tid 139845183219392] [remote 10.0.0.204:36464] 2026-09-12 04:21:18.025 8 WARNING keystone.common.fernet_utils [None req-91890cb9-0067-4a61-92e9-c1aab358c187 - - - - - -] key_repository is world readable: /etc/keystone/fernet-keys/ 10.0.0.204 - - [12/Sep/2026:04:21:17 +0000] "POST /v3/auth/tokens HTTP/1.1" 201 1992
[Sat Sep 12 04:21:18.200373 2026] [wsgi:error] [pid 10:tid 139845183219392] [remote 10.0.0.204:36464] 2026-09-12 04:21:18.174 10 ERROR keystone.server.flask.application [None req-987a7e5b-22c4-4488-b6d0-578735043921 e538f910181d452982b322bb6a1dcb30 a4f76882aadc4ec2a9c8a59c09fafb56 - - default default] Conflict occurred attempting to store project - it is not permitted to have two projects acting as domains with the same name: service.: keystone.exception.Conflict: Conflict occurred attempting to store project - it is not permitted to have two projects acting as domains with the same name: service.
[Sat Sep 12 04:21:18.200399 2026] [wsgi:error] [pid 10:tid 139845183219392] [remote 10.0.0.204:36464] 2026-09-12 04:21:18.174 10 ERROR keystone.server.flask.application
Traceback (most recent call last):
[Sat Sep 12 04:21:18.200402 2026] [wsgi:error] [pid 10:tid 139845183219392] [remote 10.0.0.204:36464] 2026-09-12 04:21:18.174 10 ERROR keystone.server.flask.application
File "/var/lib/openstack/lib/python3.12/site-packages/sqlalchemy/engine/base.py", line 1969, in _exec_single_context
[Sat Sep 12 04:21:18.200404 2026] [wsgi:error] [pid 10:tid 139845183219392] [remote 10.0.0.204:36464] 2026-09-12 04:21:18.174 10 ERROR keystone.server.flask.application self.dialect.do_execute(
[Sat Sep 12 04:21:18.200407 2026] [wsgi:error] [pid 10:tid 139845183219392] [remote 10.0.0.204:36464] 2026-09-12 04:21:18.174 10 ERROR keystone.server.flask.application
File "/var/lib/openstack/lib/python3.12/site-packages/sqlalchemy/engine/default.py", line 952, in do_execute
[Sat Sep 12 04:21:18.200409 2026] [wsgi:error] [pid 10:tid 139845183219392] [remote 10.0.0.204:36464] 2026-09-12 04:21:18.174 10 ERROR keystone.server.flask.application cursor.execute(statement, parameters)
[Sat Sep 12 04:21:18.200411 2026] [wsgi:error] [pid 10:tid 139845183219392] [remote 10.0.0.204:36464] 2026-09-12 04:21:18.174 10 ERROR keystone.server.flask.application
File "/var/lib/openstack/lib/python3.12/site-packages/pymysql/cursors.py", line 159, in execute
[Sat Sep 12 04:21:18.200413 2026] [wsgi:error] [pid 10:tid 139845183219392] [remote 10.0.0.204:36464] 2026-09-12 04:21:18.174 10 ERROR keystone.server.flask.application result = self._query(query)
[Sat Sep 12 04:21:18.200415 2026] [wsgi:error] [pid 10:tid 139845183219392] [remote 10.0.0.204:36464] 2026-09-12 04:21:18.174 10 ERROR keystone.server.flask.application ^^^^^^^^^^^^^^^^^^
[Sat Sep 12 04:21:18.200417 2026] [wsgi:error] [pid 10:tid 139845183219392] [remote 10.0.0.204:36464] 2026-09-12 04:21:18.174 10 ERROR keystone.server.flask.application
File "/var/lib/openstack/lib/python3.12/site-packages/pymysql/cursors.py", line 330, in _query
[Sat Sep 12 04:21:18.200419 2026] [wsgi:error] [pid 10:tid 139845183219392] [remote 10.0.0.204:36464] 2026-09-12 04:21:18.174 10 ERROR keystone.server.flask.application conn.query(q)
[Sat Sep 12 04:21:18.200421 2026] [wsgi:error] [pid 10:tid 139845183219392] [remote 10.0.0.204:36464] 2026-09-12 04:21:18.174 10 ERROR keystone.server.flask.application
File "/var/lib/openstack/lib/python3.12/site-packages/pymysql/connections.py", line 582, in query
[Sat Sep 12 04:21:18.200423 2026] [wsgi:error] [pid 10:tid 139845183219392] [remote 10.0.0.204:36464] 2026-09-12 04:21:18.174 10 ERROR keystone.server.flask.application self._affected_rows = self._read_query_result(unbuffered=unbuffered)
[Sat Sep 12 04:21:18.200425 2026] [wsgi:error] [pid 10:tid 139845183219392] [remote 10.0.0.204:36464] 2026-09-12 04:21:18.174 10 ERROR keystone.server.flask.application ^^^^^^^^^^^^^^^^^^^^^^^^^^^^^^^^^^^^^^^^^^^^^^
[Sat Sep 12 04:21:18.200428 2026] [wsgi:error] [pid 10:tid 139845183219392] [remote 10.0.0.204:36464] 2026-09-12 04:21:18.174 10 ERROR keystone.server.flask.application
File "/var/lib/openstack/lib/python3.12/site-packages/pymysql/connections.py", line 847, in _read_query_result
[Sat Sep 12 04:21:18.200430 2026] [wsgi:error] [pid 10:tid 139845183219392] [remote 10.0.0.204:36464] 2026-09-12 04:21:18.174 10 ERROR keystone.server.flask.application result.read()
[Sat Sep 12 04:21:18.200434 2026] [wsgi:error] [pid 10:tid 139845183219392] [remote 10.0.0.204:36464] 2026-09-12 04:21:18.174 10 ERROR keystone.server.flask.application
File "/var/lib/openstack/lib/python3.12/site-packages/pymysql/connections.py", line 1245, in read
[Sat Sep 12 04:21:18.200436 2026] [wsgi:error] [pid 10:tid 139845183219392] [remote 10.0.0.204:36464] 2026-09-12 04:21:18.174 10 ERROR keystone.server.flask.application first_packet = self.connection._read_packet()
[Sat Sep 12 04:21:18.200438 2026] [wsgi:error] [pid 10:tid 139845183219392] [remote 10.0.0.204:36464] 2026-09-12 04:21:18.174 10 ERROR keystone.server.flask.application ^^^^^^^^^^^^^^^^^^^^^^^^^^^^^^
[Sat Sep 12 04:21:18.200440 2026] [wsgi:error] [pid 10:tid 139845183219392] [remote 10.0.0.204:36464] 2026-09-12 04:21:18.174 10 ERROR keystone.server.flask.application
File "/var/lib/openstack/lib/python3.12/site-packages/pymysql/connections.py", line 803, in _read_packet
[Sat Sep 12 04:21:18.200442 2026] [wsgi:error] [pid 10:tid 139845183219392] [remote 10.0.0.204:36464] 2026-09-12 04:21:18.174 10 ERROR keystone.server.flask.application packet.raise_for_error()
[Sat Sep 12 04:21:18.200444 2026] [wsgi:error] [pid 10:tid 139845183219392] [remote 10.0.0.204:36464] 2026-09-12 04:21:18.174 10 ERROR keystone.server.flask.application
File "/var/lib/openstack/lib/python3.12/site-packages/pymysql/protocol.py", line 219, in raise_for_error
[Sat Sep 12 04:21:18.200446 2026] [wsgi:error] [pid 10:tid 139845183219392] [remote 10.0.0.204:36464] 2026-09-12 04:21:18.174 10 ERROR keystone.server.flask.application err.raise_mysql_exception(self._data)
[Sat Sep 12 04:21:18.200448 2026] [wsgi:error] [pid 10:tid 139845183219392] [remote 10.0.0.204:36464] 2026-09-12 04:21:18.174 10 ERROR keystone.server.flask.application
File "/var/lib/openstack/lib/python3.12/site-packages/pymysql/err.py", line 154, in raise_mysql_exception
[Sat Sep 12 04:21:18.200450 2026] [wsgi:error] [pid 10:tid 139845183219392] [remote 10.0.0.204:36464] 2026-09-12 04:21:18.174 10 ERROR keystone.server.flask.application raise errorclass(errno, errval, sqlstate=sqlstate)
[Sat Sep 12 04:21:18.200452 2026] [wsgi:error] [pid 10:tid 139845183219392] [remote 10.0.0.204:36464] 2026-09-12 04:21:18.174 10 ERROR keystone.server.flask.application pymysql.err.IntegrityError: (1062, "Duplicate entry '<>-service' for key 'project.ixu_project_name_domain_id'")
[Sat Sep 12 04:21:18.200479 2026] [wsgi:error] [pid 10:tid 139845183219392] [remote 10.0.0.204:36464] 2026-09-12 04:21:18.174 10 ERROR keystone.server.flask.application
[Sat Sep 12 04:21:18.200481 2026] [wsgi:error] [pid 10:tid 139845183219392] [remote 10.0.0.204:36464] 2026-09-12 04:21:18.174 10 ERROR keystone.server.flask.application The above exception was the direct cause of the following exception:
[Sat Sep 12 04:21:18.200483 2026] [wsgi:error] [pid 10:tid 139845183219392] [remote 10.0.0.204:36464] 2026-09-12 04:21:18.174 10 ERROR keystone.server.flask.application
[Sat Sep 12 04:21:18.200485 2026] [wsgi:error] [pid 10:tid 139845183219392] [remote 10.0.0.204:36464] 2026-09-12 04:21:18.174 10 ERROR keystone.server.flask.application
Traceback (most recent call last):
[Sat Sep 12 04:21:18.200487 2026] [wsgi:error] [pid 10:tid 139845183219392] [remote 10.0.0.204:36464] 2026-09-12 04:21:18.174 10 ERROR keystone.server.flask.application
File "/var/lib/openstack/lib/python3.12/site-packages/keystone/common/sql/core.py", line 575, in wrapper
[Sat Sep 12 04:21:18.200489 2026] [wsgi:error] [pid 10:tid 139845183219392] [remote 10.0.0.204:36464] 2026-09-12 04:21:18.174 10 ERROR keystone.server.flask.application return method(*args, **kwargs)
[Sat Sep 12 04:21:18.200491 2026] [wsgi:error] [pid 10:tid 139845183219392] [remote 10.0.0.204:36464] 2026-09-12 04:21:18.174 10 ERROR keystone.server.flask.application ^^^^^^^^^^^^^^^^^^^^^^^
[Sat Sep 12 04:21:18.200493 2026] [wsgi:error] [pid 10:tid 139845183219392] [remote 10.0.0.204:36464] 2026-09-12 04:21:18.174 10 ERROR keystone.server.flask.application
File "/var/lib/openstack/lib/python3.12/site-packages/keystone/resource/backends/sql.py", line 278, in create_project
[Sat Sep 12 04:21:18.200496 2026] [wsgi:error] [pid 10:tid 139845183219392] [remote 10.0.0.204:36464] 2026-09-12 04:21:18.174 10 ERROR keystone.server.flask.application with sql.session_for_write() as session:
[Sat Sep 12 04:21:18.200498 2026] [wsgi:error] [pid 10:tid 139845183219392] [remote 10.0.0.204:36464] 2026-09-12 04:21:18.174 10 ERROR keystone.server.flask.application
File "/usr/lib/python3.12/contextlib.py", line 144, in __exit__
[Sat Sep 12 04:21:18.200500 2026] [wsgi:error] [pid 10:tid 139845183219392] [remote 10.0.0.204:36464] 2026-09-12 04:21:18.174 10 ERROR keystone.server.flask.application next(self.gen)
[Sat Sep 12 04:21:18.200502 2026] [wsgi:error] [pid 10:tid 139845183219392] [remote 10.0.0.204:36464] 2026-09-12 04:21:18.174 10 ERROR keystone.server.flask.application
File "/var/lib/openstack/lib/python3.12/site-packages/oslo_db/sqlalchemy/enginefacade.py", line 1175, in _transaction_scope
[Sat Sep 12 04:21:18.200504 2026] [wsgi:error] [pid 10:tid 139845183219392] [remote 10.0.0.204:36464] 2026-09-12 04:21:18.174 10 ERROR keystone.server.flask.application with current._produce_block(
[Sat Sep 12 04:21:18.200507 2026] [wsgi:error] [pid 10:tid 139845183219392] [remote 10.0.0.204:36464] 2026-09-12 04:21:18.174 10 ERROR keystone.server.flask.application
File "/usr/lib/python3.12/contextlib.py", line 144, in __exit__
[Sat Sep 12 04:21:18.200509 2026] [wsgi:error] [pid 10:tid 139845183219392] [remote 10.0.0.204:36464] 2026-09-12 04:21:18.174 10 ERROR keystone.server.flask.application next(self.gen)
[Sat Sep 12 04:21:18.200511 2026] [wsgi:error] [pid 10:tid 139845183219392] [remote 10.0.0.204:36464] 2026-09-12 04:21:18.174 10 ERROR keystone.server.flask.application
File "/var/lib/openstack/lib/python3.12/site-packages/oslo_db/sqlalchemy/enginefacade.py", line 837, in _session
[Sat Sep 12 04:21:18.200514 2026] [wsgi:error] [pid 10:tid 139845183219392] [remote 10.0.0.204:36464] 2026-09-12 04:21:18.174 10 ERROR keystone.server.flask.application with excutils.save_and_reraise_exception():
[Sat Sep 12 04:21:18.200516 2026] [wsgi:error] [pid 10:tid 139845183219392] [remote 10.0.0.204:36464] 2026-09-12 04:21:18.174 10 ERROR keystone.server.flask.application
File "/var/lib/openstack/lib/python3.12/site-packages/oslo_utils/excutils.py", line 266, in __exit__
[Sat Sep 12 04:21:18.200519 2026] [wsgi:error] [pid 10:tid 139845183219392] [remote 10.0.0.204:36464] 2026-09-12 04:21:18.174 10 ERROR keystone.server.flask.application self.force_reraise()
[Sat Sep 12 04:21:18.200521 2026] [wsgi:error] [pid 10:tid 139845183219392] [remote 10.0.0.204:36464] 2026-09-12 04:21:18.174 10 ERROR keystone.server.flask.application
File "/var/lib/openstack/lib/python3.12/site-packages/oslo_utils/excutils.py", line 232, in force_reraise
[Sat Sep 12 04:21:18.200523 2026] [wsgi:error] [pid 10:tid 139845183219392] [remote 10.0.0.204:36464] 2026-09-12 04:21:18.174 10 ERROR keystone.server.flask.application raise self.value
[Sat Sep 12 04:21:18.200525 2026] [wsgi:error] [pid 10:tid 139845183219392] [remote 10.0.0.204:36464] 2026-09-12 04:21:18.174 10 ERROR keystone.server.flask.application
File "/var/lib/openstack/lib/python3.12/site-packages/oslo_db/sqlalchemy/enginefacade.py", line 835, in _session
[Sat Sep 12 04:21:18.200527 2026] [wsgi:error] [pid 10:tid 139845183219392] [remote 10.0.0.204:36464] 2026-09-12 04:21:18.174 10 ERROR keystone.server.flask.application self._end_session_transaction(self.session)
[Sat Sep 12 04:21:18.200529 2026] [wsgi:error] [pid 10:tid 139845183219392] [remote 10.0.0.204:36464] 2026-09-12 04:21:18.174 10 ERROR keystone.server.flask.application
File "/var/lib/openstack/lib/python3.12/site-packages/oslo_db/sqlalchemy/enginefacade.py", line 748, in _end_session_transaction
[Sat Sep 12 04:21:18.200532 2026] [wsgi:error] [pid 10:tid 139845183219392] [remote 10.0.0.204:36464] 2026-09-12 04:21:18.174 10 ERROR keystone.server.flask.application session.commit()
[Sat Sep 12 04:21:18.200534 2026] [wsgi:error] [pid 10:tid 139845183219392] [remote 10.0.0.204:36464] 2026-09-12 04:21:18.174 10 ERROR keystone.server.flask.application
File "/var/lib/openstack/lib/python3.12/site-packages/sqlalchemy/orm/session.py", line 2034, in commit
[Sat Sep 12 04:21:18.200537 2026] [wsgi:error] [pid 10:tid 139845183219392] [remote 10.0.0.204:36464] 2026-09-12 04:21:18.174 10 ERROR keystone.server.flask.application trans.commit(_to_root=True)
[Sat Sep 12 04:21:18.200539 2026] [wsgi:error] [pid 10:tid 139845183219392] [remote 10.0.0.204:36464] 2026-09-12 04:21:18.174 10 ERROR keystone.server.flask.application File "", line 2, in commit
[Sat Sep 12 04:21:18.200542 2026] [wsgi:error] [pid 10:tid 139845183219392] [remote 10.0.0.204:36464] 2026-09-12 04:21:18.174 10 ERROR keystone.server.flask.application
File "/var/lib/openstack/lib/python3.12/site-packages/sqlalchemy/orm/state_changes.py", line 137, in _go
[Sat Sep 12 04:21:18.200545 2026] [wsgi:error] [pid 10:tid 139845183219392] [remote 10.0.0.204:36464] 2026-09-12 04:21:18.174 10 ERROR keystone.server.flask.application ret_value = fn(self, *arg, **kw)
[Sat Sep 12 04:21:18.200548 2026] [wsgi:error] [pid 10:tid 139845183219392] [remote 10.0.0.204:36464] 2026-09-12 04:21:18.174 10 ERROR keystone.server.flask.application ^^^^^^^^^^^^^^^^^^^^
[Sat Sep 12 04:21:18.200551 2026] [wsgi:error] [pid 10:tid 139845183219392] [remote 10.0.0.204:36464] 2026-09-12 04:21:18.174 10 ERROR keystone.server.flask.application
File "/var/lib/openstack/lib/python3.12/site-packages/sqlalchemy/orm/session.py", line 1315, in commit
[Sat Sep 12 04:21:18.200554 2026] [wsgi:error] [pid 10:tid 139845183219392] [remote 10.0.0.204:36464] 2026-09-12 04:21:18.174 10 ERROR keystone.server.flask.application self._prepare_impl()
[Sat Sep 12 04:21:18.200556 2026] [wsgi:error] [pid 10:tid 139845183219392] [remote 10.0.0.204:36464] 2026-09-12 04:21:18.174 10 ERROR keystone.server.flask.application File "", line 2, in _prepare_impl
[Sat Sep 12 04:21:18.200559 2026] [wsgi:error] [pid 10:tid 139845183219392] [remote 10.0.0.204:36464] 2026-09-12 04:21:18.174 10 ERROR keystone.server.flask.application
File "/var/lib/openstack/lib/python3.12/site-packages/sqlalchemy/orm/state_changes.py", line 137, in _go
[Sat Sep 12 04:21:18.200562 2026] [wsgi:error] [pid 10:tid 139845183219392] [remote 10.0.0.204:36464] 2026-09-12 04:21:18.174 10 ERROR keystone.server.flask.application ret_value = fn(self, *arg, **kw)
[Sat Sep 12 04:21:18.200564 2026] [wsgi:error] [pid 10:tid 139845183219392] [remote 10.0.0.204:36464] 2026-09-12 04:21:18.174 10 ERROR keystone.server.flask.application ^^^^^^^^^^^^^^^^^^^^
[Sat Sep 12 04:21:18.200566 2026] [wsgi:error] [pid 10:tid 139845183219392] [remote 10.0.0.204:36464] 2026-09-12 04:21:18.174 10 ERROR keystone.server.flask.application
File "/var/lib/openstack/lib/python3.12/site-packages/sqlalchemy/orm/session.py", line 1290, in _prepare_impl
[Sat Sep 12 04:21:18.200568 2026] [wsgi:error] [pid 10:tid 139845183219392] [remote 10.0.0.204:36464] 2026-09-12 04:21:18.174 10 ERROR keystone.server.flask.application self.session.flush()
[Sat Sep 12 04:21:18.200570 2026] [wsgi:error] [pid 10:tid 139845183219392] [remote 10.0.0.204:36464] 2026-09-12 04:21:18.174 10 ERROR keystone.server.flask.application
File "/var/lib/openstack/lib/python3.12/site-packages/sqlalchemy/orm/session.py", line 4352, in flush
[Sat Sep 12 04:21:18.200573 2026] [wsgi:error] [pid 10:tid 139845183219392] [remote 10.0.0.204:36464] 2026-09-12 04:21:18.174 10 ERROR keystone.server.flask.application self._flush(objects)
[Sat Sep 12 04:21:18.200575 2026] [wsgi:error] [pid 10:tid 139845183219392] [remote 10.0.0.204:36464] 2026-09-12 04:21:18.174 10 ERROR keystone.server.flask.application
File "/var/lib/openstack/lib/python3.12/site-packages/sqlalchemy/orm/session.py", line 4487, in _flush
[Sat Sep 12 04:21:18.200577 2026] [wsgi:error] [pid 10:tid 139845183219392] [remote 10.0.0.204:36464] 2026-09-12 04:21:18.174 10 ERROR keystone.server.flask.application with util.safe_reraise():
[Sat Sep 12 04:21:18.200579 2026] [wsgi:error] [pid 10:tid 139845183219392] [remote 10.0.0.204:36464] 2026-09-12 04:21:18.174 10 ERROR keystone.server.flask.application
File "/var/lib/openstack/lib/python3.12/site-packages/sqlalchemy/util/langhelpers.py", line 122, in __exit__
[Sat Sep 12 04:21:18.200583 2026] [wsgi:error] [pid 10:tid 139845183219392] [remote 10.0.0.204:36464] 2026-09-12 04:21:18.174 10 ERROR keystone.server.flask.application raise exc_value.with_traceback(exc_tb)
[Sat Sep 12 04:21:18.200586 2026] [wsgi:error] [pid 10:tid 139845183219392] [remote 10.0.0.204:36464] 2026-09-12 04:21:18.174 10 ERROR keystone.server.flask.application
File "/var/lib/openstack/lib/python3.12/site-packages/sqlalchemy/orm/session.py", line 4448, in _flush
[Sat Sep 12 04:21:18.200589 2026] [wsgi:error] [pid 10:tid 139845183219392] [remote 10.0.0.204:36464] 2026-09-12 04:21:18.174 10 ERROR keystone.server.flask.application flush_context.execute()
[Sat Sep 12 04:21:18.200592 2026] [wsgi:error] [pid 10:tid 139845183219392] [remote 10.0.0.204:36464] 2026-09-12 04:21:18.174 10 ERROR keystone.server.flask.application
File "/var/lib/openstack/lib/python3.12/site-packages/sqlalchemy/orm/unitofwork.py", line 465, in execute
