2026-09-12 05:20:33.158 7 INFO neutron.db.ovn_revision_numbers_db [None req-69183655-7c41-4843-8c9c-5810105ffe67 42f87cc888e64ef6b182b43dbe66d60f 98bc66eb15224a1493465570fe2996a1 - - default default] Successfully bumped revision number for resource d3c952df-51fd-48d6-a60f-8ea2d2358e11 (type: ports) to 1 [pid: 7|app: 0|req: 430/881] 10.0.0.67 () {34 vars in 669 bytes} [Sat Sep 12 05:20:32 2026] POST /v2.0/networks => generated 672 bytes in 751 msecs (HTTP/1.1 201) 4 headers in 162 bytes (1 switches on core 0) /var/lib/openstack/lib/python3.12/site-packages/pycadf/identifier.py:70: UserWarning: Invalid uuid: neutron. To ensure interoperability, identifiers should be a valid uuid. warnings.warn(('Invalid uuid: %s. To ensure interoperability, ' [pid: 8|app: 0|req: 452/882] 10.0.0.21 () {34 vars in 989 bytes} [Sat Sep 12 05:20:33 2026] GET /v2.0/ports?device_id=5b7bebb8-57b8-4089-9717-33bf57d7c1f7 => generated 971 bytes in 102 msecs (HTTP/1.1 200) 4 headers in 157 bytes (1 switches on core 0) [pid: 8|app: 0|req: 453/883] 10.0.0.21 () {34 vars in 1039 bytes} [Sat Sep 12 05:20:33 2026] GET /v2.0/security-groups?id=8f3c282d-f4a8-4729-a765-8507395cb3c7&fields=id&fields=name => generated 114 bytes in 34 msecs (HTTP/1.1 200) 4 headers in 157 bytes (1 switches on core 0)
2026-09-12 05:20:33.435 7 WARNING neutron.scheduler.dhcp_agent_scheduler [None req-594624d3-5ad3-4be3-81c0-e508e2d8253d 42f87cc888e64ef6b182b43dbe66d60f 98bc66eb15224a1493465570fe2996a1 - - default default] No more DHCP agents
2026-09-12 05:20:33.436 7 WARNING neutron.api.rpc.agentnotifiers.dhcp_rpc_agent_api [None req-594624d3-5ad3-4be3-81c0-e508e2d8253d 42f87cc888e64ef6b182b43dbe66d60f 98bc66eb15224a1493465570fe2996a1 - - default default] Unable to schedule network 43480195-ab2a-41ef-9e3c-ad409947b5b9: no agents available; will retry on subsequent port and subnet creation events.
2026-09-12 05:20:33.468 7 INFO neutron.db.ovn_revision_numbers_db [None req-594624d3-5ad3-4be3-81c0-e508e2d8253d 42f87cc888e64ef6b182b43dbe66d60f 98bc66eb15224a1493465570fe2996a1 - - default default] Successfully bumped revision number for resource 24d0512c-4907-4315-9ad2-ef111f118181 (type: subnets) to 0 [pid: 7|app: 0|req: 431/884] 10.0.0.67 () {34 vars in 668 bytes} [Sat Sep 12 05:20:33 2026] POST /v2.0/subnets => generated 646 bytes in 278 msecs (HTTP/1.1 201) 4 headers in 162 bytes (1 switches on core 0)
2026-09-12 05:20:33.696 8 WARNING neutron.scheduler.dhcp_agent_scheduler [None req-7ce34d68-4a48-4924-b1f2-4249ddf1b410 42f87cc888e64ef6b182b43dbe66d60f 98bc66eb15224a1493465570fe2996a1 - - default default] No more DHCP agents
2026-09-12 05:20:33.697 8 WARNING neutron.api.rpc.agentnotifiers.dhcp_rpc_agent_api [None req-7ce34d68-4a48-4924-b1f2-4249ddf1b410 42f87cc888e64ef6b182b43dbe66d60f 98bc66eb15224a1493465570fe2996a1 - - default default] Unable to schedule network 95543cf6-4a9f-4bd3-a2ef-e671a8cdeb74: no agents available; will retry on subsequent port and subnet creation events.
2026-09-12 05:20:33.725 8 INFO neutron.db.ovn_revision_numbers_db [None req-7ce34d68-4a48-4924-b1f2-4249ddf1b410 42f87cc888e64ef6b182b43dbe66d60f 98bc66eb15224a1493465570fe2996a1 - - default default] Successfully bumped revision number for resource 8d3973b5-5531-44c1-8863-ffd6aa116c0b (type: subnets) to 0 [pid: 8|app: 0|req: 454/885] 10.0.0.67 () {34 vars in 668 bytes} [Sat Sep 12 05:20:33 2026] POST /v2.0/subnets => generated 655 bytes in 252 msecs (HTTP/1.1 201) 4 headers in 162 bytes (1 switches on core 0)
2026-09-12 05:20:33.963 7 INFO neutron.db.ovn_revision_numbers_db [None req-3eff28e0-b5df-48f2-86ed-00082a8b6a53 42f87cc888e64ef6b182b43dbe66d60f 98bc66eb15224a1493465570fe2996a1 - - default default] Successfully bumped revision number for resource fd1a425b-5709-46ae-8b61-4c8b452017c7 (type: routers) to 1 [pid: 7|app: 0|req: 432/886] 10.0.0.67 () {34 vars in 668 bytes} [Sat Sep 12 05:20:33 2026] POST /v2.0/routers => generated 628 bytes in 250 msecs (HTTP/1.1 201) 4 headers in 162 bytes (1 switches on core 0)
2026-09-12 05:20:34.459 8 WARNING neutron.scheduler.dhcp_agent_scheduler [None req-b6ec1753-d4a2-4094-bd70-ccf869dd0362 42f87cc888e64ef6b182b43dbe66d60f 98bc66eb15224a1493465570fe2996a1 - - default default] No more DHCP agents
2026-09-12 05:20:34.461 8 WARNING neutron.api.rpc.agentnotifiers.dhcp_rpc_agent_api [None req-b6ec1753-d4a2-4094-bd70-ccf869dd0362 42f87cc888e64ef6b182b43dbe66d60f 98bc66eb15224a1493465570fe2996a1 - - default default] Unable to schedule network 43480195-ab2a-41ef-9e3c-ad409947b5b9: no agents available; will retry on subsequent port and subnet creation events. [pid: 7|app: 0|req: 433/887] 10.0.0.21 () {34 vars in 989 bytes} [Sat Sep 12 05:20:34 2026] GET /v2.0/ports?device_id=5b7bebb8-57b8-4089-9717-33bf57d7c1f7 => generated 971 bytes in 64 msecs (HTTP/1.1 200) 4 headers in 157 bytes (1 switches on core 0)
2026-09-12 05:20:34.500 7 INFO neutron.notifiers.nova [-] Nova event matching ['req-560fc375-bf18-44a5-b730-e3cbc9c548b4'] response: {'server_uuid': '5b7bebb8-57b8-4089-9717-33bf57d7c1f7', 'name': 'network-vif-plugged', 'status': 'completed', 'tag': 'c2974bdf-de9f-4464-92b2-8f009b80e138', 'code': 200} [pid: 7|app: 0|req: 434/888] 10.0.0.21 () {34 vars in 1039 bytes} [Sat Sep 12 05:20:34 2026] GET /v2.0/security-groups?id=8f3c282d-f4a8-4729-a765-8507395cb3c7&fields=id&fields=name => generated 114 bytes in 47 msecs (HTTP/1.1 200) 4 headers in 157 bytes (1 switches on core 0)
2026-09-12 05:20:34.613 7 INFO neutron.plugins.ml2.drivers.ovn.mech_driver.mech_driver [None req-d87953d2-d2bc-4924-92fe-738fdee2b93e - - - - - -] OVN reports status down for port: 2ab36582-823c-44d7-980c-ea136733adf6
2026-09-12 05:20:34.623 8 INFO neutron.db.ovn_revision_numbers_db [None req-b6ec1753-d4a2-4094-bd70-ccf869dd0362 42f87cc888e64ef6b182b43dbe66d60f 98bc66eb15224a1493465570fe2996a1 - - default default] Successfully bumped revision number for resource 2ab36582-823c-44d7-980c-ea136733adf6 (type: ports) to 1 [pid: 7|app: 0|req: 435/889] 10.0.0.21 () {34 vars in 989 bytes} [Sat Sep 12 05:20:34 2026] GET /v2.0/ports?device_id=5b7bebb8-57b8-4089-9717-33bf57d7c1f7 => generated 971 bytes in 95 msecs (HTTP/1.1 200) 4 headers in 157 bytes (1 switches on core 0)
2026-09-12 05:20:34.984 7 WARNING neutron.db.securitygroups_db [None req-f2a27fd6-6025-4406-998e-1dc71c31fe4a e538f910181d452982b322bb6a1dcb30 a4f76882aadc4ec2a9c8a59c09fafb56 - - default default] project_id key not found in filters, using tenant_id instead. This support has been deprecated and will be removed in a future release.
2026-09-12 05:20:35.158 7 INFO neutron.plugins.ml2.drivers.ovn.mech_driver.mech_driver [None req-d87953d2-d2bc-4924-92fe-738fdee2b93e - - - - - -] OVN reports status up for port: 2ab36582-823c-44d7-980c-ea136733adf6
2026-09-12 05:20:35.184 7 INFO neutron.plugins.ml2.plugin [None req-d87953d2-d2bc-4924-92fe-738fdee2b93e - - - - - -] Attempt 1 to provision port 2ab36582-823c-44d7-980c-ea136733adf6
2026-09-12 05:20:35.210 8 WARNING neutron.scheduler.dhcp_agent_scheduler [None req-b6ec1753-d4a2-4094-bd70-ccf869dd0362 42f87cc888e64ef6b182b43dbe66d60f 98bc66eb15224a1493465570fe2996a1 - - default default] No more DHCP agents
2026-09-12 05:20:35.213 8 WARNING neutron.api.rpc.agentnotifiers.dhcp_rpc_agent_api [None req-b6ec1753-d4a2-4094-bd70-ccf869dd0362 42f87cc888e64ef6b182b43dbe66d60f 98bc66eb15224a1493465570fe2996a1 - - default default] Unable to schedule network 43480195-ab2a-41ef-9e3c-ad409947b5b9: no agents available; will retry on subsequent port and subnet creation events.
2026-09-12 05:20:35.289 7 INFO neutron.db.ovn_revision_numbers_db [None req-f2a27fd6-6025-4406-998e-1dc71c31fe4a e538f910181d452982b322bb6a1dcb30 a4f76882aadc4ec2a9c8a59c09fafb56 - - default default] Successfully bumped revision number for resource dd9f6497-b5c1-4d59-9f6b-e3eb27a4c04f (type: security_groups) to 1
2026-09-12 05:20:35.320 7 INFO neutron.db.ovn_revision_numbers_db [None req-f2a27fd6-6025-4406-998e-1dc71c31fe4a e538f910181d452982b322bb6a1dcb30 a4f76882aadc4ec2a9c8a59c09fafb56 - - default default] Successfully bumped revision number for resource 573c1637-ab95-45be-b8a1-307c0b29fd01 (type: security_group_rules) to 0
2026-09-12 05:20:35.374 7 INFO neutron.db.ovn_revision_numbers_db [None req-f2a27fd6-6025-4406-998e-1dc71c31fe4a e538f910181d452982b322bb6a1dcb30 a4f76882aadc4ec2a9c8a59c09fafb56 - - default default] Successfully bumped revision number for resource 7cf285a2-8d17-4727-82ba-64572e325735 (type: security_group_rules) to 0
2026-09-12 05:20:35.395 8 INFO neutron.db.ovn_revision_numbers_db [None req-b6ec1753-d4a2-4094-bd70-ccf869dd0362 42f87cc888e64ef6b182b43dbe66d60f 98bc66eb15224a1493465570fe2996a1 - - default default] Successfully bumped revision number for resource 2ab36582-823c-44d7-980c-ea136733adf6 (type: router_ports) to 1 [pid: 8|app: 0|req: 455/890] 10.0.0.67 () {34 vars in 782 bytes} [Sat Sep 12 05:20:34 2026] PUT /v2.0/routers/fd1a425b-5709-46ae-8b61-4c8b452017c7/add_router_interface => generated 310 bytes in 1396 msecs (HTTP/1.1 200) 4 headers in 157 bytes (1 switches on core 0)
2026-09-12 05:20:35.415 7 INFO neutron.db.ovn_revision_numbers_db [None req-f2a27fd6-6025-4406-998e-1dc71c31fe4a e538f910181d452982b322bb6a1dcb30 a4f76882aadc4ec2a9c8a59c09fafb56 - - default default] Successfully bumped revision number for resource 85ec5e04-6e23-4330-973c-205bcc8c1178 (type: security_group_rules) to 0
2026-09-12 05:20:35.467 7 INFO neutron.db.ovn_revision_numbers_db [None req-f2a27fd6-6025-4406-998e-1dc71c31fe4a e538f910181d452982b322bb6a1dcb30 a4f76882aadc4ec2a9c8a59c09fafb56 - - default default] Successfully bumped revision number for resource bc6441de-8aed-481e-899c-9513fbf670df (type: security_group_rules) to 0 [pid: 7|app: 0|req: 436/891] 10.0.0.67 () {32 vars in 773 bytes} [Sat Sep 12 05:20:34 2026] GET /v2.0/security-groups?tenant_id=afc45d9774d74905b23293d2ae4a591e&name=default => generated 2925 bytes in 876 msecs (HTTP/1.1 200) 4 headers in 158 bytes (1 switches on core 0) [pid: 7|app: 0|req: 437/892] 10.0.0.67 () {32 vars in 716 bytes} [Sat Sep 12 05:20:35 2026] GET /v2.0/ports/2ab36582-823c-44d7-980c-ea136733adf6 => generated 947 bytes in 107 msecs (HTTP/1.1 200) 4 headers in 157 bytes (1 switches on core 0)
2026-09-12 05:20:35.926 8 INFO neutron.db.ovn_revision_numbers_db [None req-f51192a8-a462-4986-8257-d98f7a166d2f 301ada959a6845278dbdbbd198d1fa2f cc466722a95b4c249ac022cbc982e872 - - default default] Successfully bumped revision number for resource 13a09e37-53e4-4767-97f4-af61e67f12df (type: floatingips) to 1
2026-09-12 05:20:36.061 8 INFO neutron.db.ovn_revision_numbers_db [None req-f51192a8-a462-4986-8257-d98f7a166d2f 301ada959a6845278dbdbbd198d1fa2f cc466722a95b4c249ac022cbc982e872 - - default default] Successfully bumped revision number for resource 13a09e37-53e4-4767-97f4-af61e67f12df (type: floatingips) to 2
2026-09-12 05:20:36.062 8 INFO neutron.db.l3_db [None req-f51192a8-a462-4986-8257-d98f7a166d2f 301ada959a6845278dbdbbd198d1fa2f cc466722a95b4c249ac022cbc982e872 - - default default] Floating IP 13a09e37-53e4-4767-97f4-af61e67f12df associated. External IP: 10.96.250.219, port: c2974bdf-de9f-4464-92b2-8f009b80e138. [pid: 8|app: 0|req: 456/893] 10.0.0.67 () {34 vars in 748 bytes} [Sat Sep 12 05:20:35 2026] PUT /v2.0/floatingips/13a09e37-53e4-4767-97f4-af61e67f12df => generated 855 bytes in 692 msecs (HTTP/1.1 200) 4 headers in 157 bytes (1 switches on core 0) /var/lib/openstack/lib/python3.12/site-packages/pycadf/identifier.py:70: UserWarning: Invalid uuid: neutron. To ensure interoperability, identifiers should be a valid uuid. warnings.warn(('Invalid uuid: %s. To ensure interoperability, '
2026-09-12 05:20:36.145 8 INFO neutron.notifiers.nova [-] Nova event matching ['req-e335789f-d771-4205-b73a-9e22307801df'] response: {'name': 'network-changed', 'server_uuid': '5b7bebb8-57b8-4089-9717-33bf57d7c1f7', 'tag': 'c2974bdf-de9f-4464-92b2-8f009b80e138', 'status': 'completed', 'code': 200}
2026-09-12 05:20:36.188 7 INFO neutron.db.ovn_revision_numbers_db [None req-d87953d2-d2bc-4924-92fe-738fdee2b93e - - - - - -] Successfully bumped revision number for resource 2ab36582-823c-44d7-980c-ea136733adf6 (type: ports) to 2 [pid: 7|app: 0|req: 438/894] 10.0.0.67 () {32 vars in 739 bytes} [Sat Sep 12 05:20:35 2026] DELETE /v2.0/security-groups/dd9f6497-b5c1-4d59-9f6b-e3eb27a4c04f => generated 0 bytes in 551 msecs (HTTP/1.1 204) 2 headers in 112 bytes (1 switches on core 0) [pid: 7|app: 0|req: 439/895] 10.0.0.21 () {34 vars in 989 bytes} [Sat Sep 12 05:20:36 2026] GET /v2.0/ports?device_id=5b7bebb8-57b8-4089-9717-33bf57d7c1f7 => generated 971 bytes in 46 msecs (HTTP/1.1 200) 4 headers in 157 bytes (1 switches on core 0) [pid: 7|app: 0|req: 440/896] 10.0.0.21 () {34 vars in 1039 bytes} [Sat Sep 12 05:20:36 2026] GET /v2.0/security-groups?id=8f3c282d-f4a8-4729-a765-8507395cb3c7&fields=id&fields=name => generated 114 bytes in 35 msecs (HTTP/1.1 200) 4 headers in 157 bytes (1 switches on core 0)
2026-09-12 05:20:36.536 8 WARNING neutron.scheduler.dhcp_agent_scheduler [None req-47e7e0d0-5fbe-44ec-a633-87be331a0851 42f87cc888e64ef6b182b43dbe66d60f 98bc66eb15224a1493465570fe2996a1 - - default default] No more DHCP agents
2026-09-12 05:20:36.537 8 WARNING neutron.api.rpc.agentnotifiers.dhcp_rpc_agent_api [None req-47e7e0d0-5fbe-44ec-a633-87be331a0851 42f87cc888e64ef6b182b43dbe66d60f 98bc66eb15224a1493465570fe2996a1 - - default default] Unable to schedule network 95543cf6-4a9f-4bd3-a2ef-e671a8cdeb74: no agents available; will retry on subsequent port and subnet creation events.
2026-09-12 05:20:36.636 8 INFO neutron.plugins.ml2.drivers.ovn.mech_driver.mech_driver [None req-f2a633c3-0de0-471c-aa68-33018db4bd65 - - - - - -] OVN reports status down for port: ff8db522-4b21-4cbf-bd19-3523cc4c9a3d
2026-09-12 05:20:36.695 8 INFO neutron.db.ovn_revision_numbers_db [None req-47e7e0d0-5fbe-44ec-a633-87be331a0851 42f87cc888e64ef6b182b43dbe66d60f 98bc66eb15224a1493465570fe2996a1 - - default default] Successfully bumped revision number for resource ff8db522-4b21-4cbf-bd19-3523cc4c9a3d (type: ports) to 1 [pid: 7|app: 0|req: 441/897] 162.253.55.136 () {34 vars in 1080 bytes} [Sat Sep 12 05:20:36 2026] GET /v2.0/ports?tenant_id=cc466722a95b4c249ac022cbc982e872&device_id=5b7bebb8-57b8-4089-9717-33bf57d7c1f7 => generated 1231 bytes in 62 msecs (HTTP/1.1 200) 4 headers in 158 bytes (1 switches on core 0) [pid: 7|app: 0|req: 442/898] 162.253.55.136 () {34 vars in 986 bytes} [Sat Sep 12 05:20:36 2026] GET /v2.0/networks?id=ed4b65d8-c746-4438-8a92-0ef8ab3bd686 => generated 805 bytes in 61 msecs (HTTP/1.1 200) 4 headers in 157 bytes (1 switches on core 0) [pid: 7|app: 0|req: 443/899] 10.0.0.21 () {34 vars in 989 bytes} [Sat Sep 12 05:20:36 2026] GET /v2.0/ports?device_id=5b7bebb8-57b8-4089-9717-33bf57d7c1f7 => generated 971 bytes in 103 msecs (HTTP/1.1 200) 4 headers in 157 bytes (1 switches on core 0) [pid: 7|app: 0|req: 444/900] 162.253.55.136 () {34 vars in 1058 bytes} [Sat Sep 12 05:20:36 2026] GET /v2.0/floatingips?fixed_ip_address=10.100.0.5&port_id=c2974bdf-de9f-4464-92b2-8f009b80e138 => generated 860 bytes in 32 msecs (HTTP/1.1 200) 4 headers in 157 bytes (1 switches on core 0) [pid: 7|app: 0|req: 445/901] 10.0.0.21 () {34 vars in 1039 bytes} [Sat Sep 12 05:20:36 2026] GET /v2.0/security-groups?id=8f3c282d-f4a8-4729-a765-8507395cb3c7&fields=id&fields=name => generated 114 bytes in 41 msecs (HTTP/1.1 200) 4 headers in 157 bytes (1 switches on core 0) [pid: 7|app: 0|req: 446/902] 162.253.55.136 () {34 vars in 984 bytes} [Sat Sep 12 05:20:36 2026] GET /v2.0/subnets?id=504838e8-9903-470c-ae19-244324d0f0a2 => generated 687 bytes in 24 msecs (HTTP/1.1 200) 4 headers in 157 bytes (1 switches on core 0) [pid: 7|app: 0|req: 447/903] 162.253.55.136 () {34 vars in 1052 bytes} [Sat Sep 12 05:20:36 2026] GET /v2.0/ports?network_id=ed4b65d8-c746-4438-8a92-0ef8ab3bd686&device_owner=network%3Adhcp => generated 12 bytes in 14 msecs (HTTP/1.1 200) 4 headers in 156 bytes (1 switches on core 0) [pid: 7|app: 0|req: 448/904] 162.253.55.136 () {34 vars in 1012 bytes} [Sat Sep 12 05:20:37 2026] GET /v2.0/networks/ed4b65d8-c746-4438-8a92-0ef8ab3bd686?fields=segments => generated 14 bytes in 30 msecs (HTTP/1.1 200) 4 headers in 156 bytes (1 switches on core 0) [pid: 7|app: 0|req: 449/905] 162.253.55.136 () {34 vars in 1112 bytes} [Sat Sep 12 05:20:37 2026] GET /v2.0/networks/ed4b65d8-c746-4438-8a92-0ef8ab3bd686?fields=provider%3Aphysical_network&fields=provider%3Anetwork_type => generated 79 bytes in 31 msecs (HTTP/1.1 200) 4 headers in 156 bytes (1 switches on core 0)
2026-09-12 05:20:37.340 8 INFO neutron.plugins.ml2.drivers.ovn.mech_driver.mech_driver [None req-f2a633c3-0de0-471c-aa68-33018db4bd65 - - - - - -] OVN reports status up for port: ff8db522-4b21-4cbf-bd19-3523cc4c9a3d
2026-09-12 05:20:37.369 8 INFO neutron.plugins.ml2.plugin [None req-f2a633c3-0de0-471c-aa68-33018db4bd65 - - - - - -] Attempt 1 to provision port ff8db522-4b21-4cbf-bd19-3523cc4c9a3d
2026-09-12 05:20:37.534 8 WARNING neutron.scheduler.dhcp_agent_scheduler [None req-47e7e0d0-5fbe-44ec-a633-87be331a0851 42f87cc888e64ef6b182b43dbe66d60f 98bc66eb15224a1493465570fe2996a1 - - default default] No more DHCP agents
2026-09-12 05:20:37.540 8 WARNING neutron.api.rpc.agentnotifiers.dhcp_rpc_agent_api [None req-47e7e0d0-5fbe-44ec-a633-87be331a0851 42f87cc888e64ef6b182b43dbe66d60f 98bc66eb15224a1493465570fe2996a1 - - default default] Unable to schedule network 95543cf6-4a9f-4bd3-a2ef-e671a8cdeb74: no agents available; will retry on subsequent port and subnet creation events.
2026-09-12 05:20:38.129 8 INFO neutron.db.ovn_revision_numbers_db [None req-47e7e0d0-5fbe-44ec-a633-87be331a0851 42f87cc888e64ef6b182b43dbe66d60f 98bc66eb15224a1493465570fe2996a1 - - default default] Successfully bumped revision number for resource ff8db522-4b21-4cbf-bd19-3523cc4c9a3d (type: router_ports) to 1 [pid: 8|app: 0|req: 457/906] 10.0.0.67 () {34 vars in 782 bytes} [Sat Sep 12 05:20:36 2026] PUT /v2.0/routers/fd1a425b-5709-46ae-8b61-4c8b452017c7/add_router_interface => generated 310 bytes in 2042 msecs (HTTP/1.1 200) 4 headers in 157 bytes (1 switches on core 0) [pid: 7|app: 0|req: 450/907] 10.0.0.136 () {34 vars in 990 bytes} [Sat Sep 12 05:20:37 2026] GET /v2.0/ports?device_id=2805af89-6ae6-4773-b51d-cb1c6ea956f4 => generated 1235 bytes in 331 msecs (HTTP/1.1 200) 4 headers in 158 bytes (1 switches on core 0) [pid: 8|app: 0|req: 458/908] 10.0.0.21 () {34 vars in 989 bytes} [Sat Sep 12 05:20:38 2026] GET /v2.0/ports?device_id=5b7bebb8-57b8-4089-9717-33bf57d7c1f7 => generated 971 bytes in 81 msecs (HTTP/1.1 200) 4 headers in 157 bytes (1 switches on core 0) [pid: 7|app: 0|req: 451/909] 10.0.0.67 () {32 vars in 716 bytes} [Sat Sep 12 05:20:38 2026] GET /v2.0/ports/ff8db522-4b21-4cbf-bd19-3523cc4c9a3d => generated 955 bytes in 97 msecs (HTTP/1.1 200) 4 headers in 157 bytes (1 switches on core 0) [pid: 7|app: 0|req: 452/910] 10.0.0.21 () {34 vars in 1039 bytes} [Sat Sep 12 05:20:38 2026] GET /v2.0/security-groups?id=8f3c282d-f4a8-4729-a765-8507395cb3c7&fields=id&fields=name => generated 114 bytes in 42 msecs (HTTP/1.1 200) 4 headers in 157 bytes (1 switches on core 0) [pid: 8|app: 0|req: 459/911] 10.0.0.136 () {34 vars in 1040 bytes} [Sat Sep 12 05:20:38 2026] GET /v2.0/security-groups?id=7b646af9-2e7b-4842-9a7d-aa7b8445d807&fields=id&fields=name => generated 113 bytes in 104 msecs (HTTP/1.1 200) 4 headers in 157 bytes (1 switches on core 0) [pid: 7|app: 0|req: 453/912] 10.0.0.67 () {32 vars in 716 bytes} [Sat Sep 12 05:20:38 2026] GET /v2.0/ports/ff8db522-4b21-4cbf-bd19-3523cc4c9a3d => generated 955 bytes in 49 msecs (HTTP/1.1 200) 4 headers in 157 bytes (1 switches on core 0)
2026-09-12 05:20:38.387 8 INFO neutron.db.ovn_revision_numbers_db [None req-f2a633c3-0de0-471c-aa68-33018db4bd65 - - - - - -] Successfully bumped revision number for resource ff8db522-4b21-4cbf-bd19-3523cc4c9a3d (type: ports) to 2
2026-09-12 05:20:38.678 8 INFO neutron.db.ovn_revision_numbers_db [None req-9a8e1480-8954-4f58-b442-6768031e93d4 56e398cb5513459292d1b687f6016266 6a9ef8fe94434e4a9e781deee66144ca - - default default] Successfully bumped revision number for resource 90be2747-762c-4a48-939a-97baac3ce04d (type: security_groups) to 1
2026-09-12 05:20:38.696 8 INFO neutron.db.ovn_revision_numbers_db [None req-9a8e1480-8954-4f58-b442-6768031e93d4 56e398cb5513459292d1b687f6016266 6a9ef8fe94434e4a9e781deee66144ca - - default default] Successfully bumped revision number for resource 0be42fac-127f-4712-ae51-492467f68019 (type: security_group_rules) to 0
2026-09-12 05:20:38.717 8 INFO neutron.db.ovn_revision_numbers_db [None req-9a8e1480-8954-4f58-b442-6768031e93d4 56e398cb5513459292d1b687f6016266 6a9ef8fe94434e4a9e781deee66144ca - - default default] Successfully bumped revision number for resource 33e81d78-ffb4-4445-93a8-a8ead2f14c85 (type: security_group_rules) to 0
2026-09-12 05:20:38.734 8 INFO neutron.db.ovn_revision_numbers_db [None req-9a8e1480-8954-4f58-b442-6768031e93d4 56e398cb5513459292d1b687f6016266 6a9ef8fe94434e4a9e781deee66144ca - - default default] Successfully bumped revision number for resource 4bae066a-9a25-4fc9-ac25-7e714905133c (type: security_group_rules) to 0
2026-09-12 05:20:38.745 8 INFO neutron.db.ovn_revision_numbers_db [None req-9a8e1480-8954-4f58-b442-6768031e93d4 56e398cb5513459292d1b687f6016266 6a9ef8fe94434e4a9e781deee66144ca - - default default] Successfully bumped revision number for resource 8e76a08f-f3e9-43d6-aa06-733f80a57657 (type: security_group_rules) to 0
2026-09-12 05:20:38.832 8 INFO neutron.db.segments_db [None req-9a8e1480-8954-4f58-b442-6768031e93d4 56e398cb5513459292d1b687f6016266 6a9ef8fe94434e4a9e781deee66144ca - - default default] Added segment d50d9f19-2cb2-4ba4-aaf7-e909e2714006 of type geneve for network a5d4637c-d7c7-4a04-93c3-e9f8d5df90a6
2026-09-12 05:20:38.957 8 INFO neutron.db.segments_db [None req-9a8e1480-8954-4f58-b442-6768031e93d4 56e398cb5513459292d1b687f6016266 6a9ef8fe94434e4a9e781deee66144ca - - default default] Added segment 1178ce6d-3fc7-4447-86dd-5f81f876ad8c of type geneve for network 69837120-ece3-45cb-9655-a6a417082525
2026-09-12 05:20:39.079 8 INFO neutron.db.ovn_revision_numbers_db [None req-9a8e1480-8954-4f58-b442-6768031e93d4 56e398cb5513459292d1b687f6016266 6a9ef8fe94434e4a9e781deee66144ca - - default default] Successfully bumped revision number for resource a5d4637c-d7c7-4a04-93c3-e9f8d5df90a6 (type: networks) to 1
2026-09-12 05:20:39.214 7 INFO neutron_taas.services.taas.taas_plugin [None req-818973d4-a38e-42bc-ad55-738c330deda4 42f87cc888e64ef6b182b43dbe66d60f 98bc66eb15224a1493465570fe2996a1 - - default default] TaaS: Handle Delete Port: ff8db522-4b21-4cbf-bd19-3523cc4c9a3d
2026-09-12 05:20:39.225 7 INFO neutron_taas.services.taas.tap_mirror_plugin [None req-818973d4-a38e-42bc-ad55-738c330deda4 42f87cc888e64ef6b182b43dbe66d60f 98bc66eb15224a1493465570fe2996a1 - - default default] Tap Mirror: Handle Delete Port: ff8db522-4b21-4cbf-bd19-3523cc4c9a3d
2026-09-12 05:20:39.241 8 WARNING neutron.scheduler.dhcp_agent_scheduler [None req-9a8e1480-8954-4f58-b442-6768031e93d4 56e398cb5513459292d1b687f6016266 6a9ef8fe94434e4a9e781deee66144ca - - default default] No more DHCP agents
2026-09-12 05:20:39.243 8 WARNING neutron.api.rpc.agentnotifiers.dhcp_rpc_agent_api [None req-9a8e1480-8954-4f58-b442-6768031e93d4 56e398cb5513459292d1b687f6016266 6a9ef8fe94434e4a9e781deee66144ca - - default default] Unable to schedule network a5d4637c-d7c7-4a04-93c3-e9f8d5df90a6: no agents available; will retry on subsequent port and subnet creation events.
2026-09-12 05:20:39.315 8 INFO neutron.db.ovn_revision_numbers_db [None req-9a8e1480-8954-4f58-b442-6768031e93d4 56e398cb5513459292d1b687f6016266 6a9ef8fe94434e4a9e781deee66144ca - - default default] Successfully bumped revision number for resource d2cd6651-aa8a-4fb7-9942-01f967e2adaa (type: ports) to 1
2026-09-12 05:20:39.418 8 INFO neutron.db.ovn_revision_numbers_db [None req-9a8e1480-8954-4f58-b442-6768031e93d4 56e398cb5513459292d1b687f6016266 6a9ef8fe94434e4a9e781deee66144ca - - default default] Successfully bumped revision number for resource 69837120-ece3-45cb-9655-a6a417082525 (type: networks) to 1 [pid: 7|app: 0|req: 454/913] 10.0.0.67 () {34 vars in 788 bytes} [Sat Sep 12 05:20:38 2026] PUT /v2.0/routers/fd1a425b-5709-46ae-8b61-4c8b452017c7/remove_router_interface => generated 310 bytes in 1292 msecs (HTTP/1.1 200) 4 headers in 157 bytes (1 switches on core 0) /var/lib/openstack/lib/python3.12/site-packages/pycadf/identifier.py:70: UserWarning: Invalid uuid: neutron. To ensure interoperability, identifiers should be a valid uuid. warnings.warn(('Invalid uuid: %s. To ensure interoperability, '
2026-09-12 05:20:39.678 8 WARNING neutron.scheduler.dhcp_agent_scheduler [None req-9a8e1480-8954-4f58-b442-6768031e93d4 56e398cb5513459292d1b687f6016266 6a9ef8fe94434e4a9e781deee66144ca - - default default] No more DHCP agents
2026-09-12 05:20:39.680 8 WARNING neutron.api.rpc.agentnotifiers.dhcp_rpc_agent_api [None req-9a8e1480-8954-4f58-b442-6768031e93d4 56e398cb5513459292d1b687f6016266 6a9ef8fe94434e4a9e781deee66144ca - - default default] Unable to schedule network 69837120-ece3-45cb-9655-a6a417082525: no agents available; will retry on subsequent port and subnet creation events. [pid: 7|app: 0|req: 455/914] 162.253.55.136 () {34 vars in 994 bytes} [Sat Sep 12 05:20:39 2026] GET /v2.0/ports?device_id=5b7bebb8-57b8-4089-9717-33bf57d7c1f7 => generated 971 bytes in 74 msecs (HTTP/1.1 200) 4 headers in 157 bytes (1 switches on core 0)
2026-09-12 05:20:39.760 8 INFO neutron.db.ovn_revision_numbers_db [None req-9a8e1480-8954-4f58-b442-6768031e93d4 56e398cb5513459292d1b687f6016266 6a9ef8fe94434e4a9e781deee66144ca - - default default] Successfully bumped revision number for resource 99a03682-6e16-4e23-8b9e-2c9d4537b78c (type: ports) to 1 [pid: 8|app: 0|req: 460/915] 10.0.0.67 () {34 vars in 669 bytes} [Sat Sep 12 05:20:38 2026] POST /v2.0/networks => generated 1320 bytes in 1458 msecs (HTTP/1.1 201) 4 headers in 163 bytes (1 switches on core 0) [pid: 7|app: 0|req: 456/916] 10.0.0.21 () {34 vars in 989 bytes} [Sat Sep 12 05:20:39 2026] GET /v2.0/ports?device_id=5b7bebb8-57b8-4089-9717-33bf57d7c1f7 => generated 971 bytes in 55 msecs (HTTP/1.1 200) 4 headers in 157 bytes (1 switches on core 0) [pid: 8|app: 0|req: 461/917] 10.0.0.67 () {32 vars in 716 bytes} [Sat Sep 12 05:20:39 2026] GET /v2.0/ports/2ab36582-823c-44d7-980c-ea136733adf6 => generated 947 bytes in 82 msecs (HTTP/1.1 200) 4 headers in 157 bytes (1 switches on core 0)
2026-09-12 05:20:39.903 7 INFO neutron_taas.services.taas.taas_plugin [req-cdd491ee-c898-4be3-a1a3-8fe33ee001b9 req-023eb8fc-710b-4e6c-9b9e-ee894bc46285 301ada959a6845278dbdbbd198d1fa2f cc466722a95b4c249ac022cbc982e872 - - default default] TaaS: Handle Delete Port: c2974bdf-de9f-4464-92b2-8f009b80e138
2026-09-12 05:20:39.907 7 INFO neutron_taas.services.taas.tap_mirror_plugin [req-cdd491ee-c898-4be3-a1a3-8fe33ee001b9 req-023eb8fc-710b-4e6c-9b9e-ee894bc46285 301ada959a6845278dbdbbd198d1fa2f cc466722a95b4c249ac022cbc982e872 - - default default] Tap Mirror: Handle Delete Port: c2974bdf-de9f-4464-92b2-8f009b80e138 [pid: 8|app: 0|req: 464/920] 10.0.0.67 () {32 vars in 648 bytes} [Sat Sep 12 05:20:39 2026] GET /v2.0/networks => generated 1969 bytes in 88 msecs (HTTP/1.1 200) 4 headers in 158 bytes (1 switches on core 0) [pid: 8|app: 0|req: 465/921] 10.0.0.21 () {34 vars in 1039 bytes} [Sat Sep 12 05:20:39 2026] GET /v2.0/security-groups?id=8f3c282d-f4a8-4729-a765-8507395cb3c7&fields=id&fields=name => generated 114 bytes in 51 msecs (HTTP/1.1 200) 4 headers in 157 bytes (1 switches on core 0)
2026-09-12 05:20:40.263 7 INFO neutron.db.l3_db [req-cdd491ee-c898-4be3-a1a3-8fe33ee001b9 req-023eb8fc-710b-4e6c-9b9e-ee894bc46285 301ada959a6845278dbdbbd198d1fa2f cc466722a95b4c249ac022cbc982e872 - - default default] Floating IP 13a09e37-53e4-4767-97f4-af61e67f12df disassociated. External IP: 10.96.250.219, port: c2974bdf-de9f-4464-92b2-8f009b80e138.
2026-09-12 05:20:40.303 8 INFO neutron_taas.services.taas.taas_plugin [None req-0308632e-368e-4343-8cc0-c7a46b161778 42f87cc888e64ef6b182b43dbe66d60f 98bc66eb15224a1493465570fe2996a1 - - default default] TaaS: Handle Delete Port: 2ab36582-823c-44d7-980c-ea136733adf6
2026-09-12 05:20:40.309 8 INFO neutron_taas.services.taas.tap_mirror_plugin [None req-0308632e-368e-4343-8cc0-c7a46b161778 42f87cc888e64ef6b182b43dbe66d60f 98bc66eb15224a1493465570fe2996a1 - - default default] Tap Mirror: Handle Delete Port: 2ab36582-823c-44d7-980c-ea136733adf6 [pid: 7|app: 0|req: 457/922] 162.253.55.136 () {36 vars in 997 bytes} [Sat Sep 12 05:20:39 2026] DELETE /v2.0/ports/c2974bdf-de9f-4464-92b2-8f009b80e138 => generated 0 bytes in 645 msecs (HTTP/1.1 204) 3 headers in 131 bytes (1 switches on core 0)
2026-09-12 05:20:40.476 7 INFO neutron.notifiers.nova [-] Nova event matching ['req-a21fa275-a74e-4c0c-84f6-a9c0e0be6c08'] response: {'server_uuid': '5b7bebb8-57b8-4089-9717-33bf57d7c1f7', 'name': 'network-vif-deleted', 'tag': 'c2974bdf-de9f-4464-92b2-8f009b80e138', 'status': 'completed', 'code': 200} [pid: 8|app: 0|req: 466/923] 10.0.0.67 () {34 vars in 788 bytes} [Sat Sep 12 05:20:40 2026] PUT /v2.0/routers/fd1a425b-5709-46ae-8b61-4c8b452017c7/remove_router_interface => generated 310 bytes in 596 msecs (HTTP/1.1 200) 4 headers in 157 bytes (1 switches on core 0) /var/lib/openstack/lib/python3.12/site-packages/pycadf/identifier.py:70: UserWarning: Invalid uuid: neutron. To ensure interoperability, identifiers should be a valid uuid. warnings.warn(('Invalid uuid: %s. To ensure interoperability, ' [pid: 8|app: 0|req: 467/924] 10.0.0.67 () {32 vars in 735 bytes} [Sat Sep 12 05:20:40 2026] GET /v2.0/ports?device_id=fd1a425b-5709-46ae-8b61-4c8b452017c7 => generated 12 bytes in 22 msecs (HTTP/1.1 200) 4 headers in 156 bytes (1 switches on core 0)
2026-09-12 05:20:40.633 7 INFO neutron_taas.services.taas.taas_plugin [None req-c9a6bd7e-9ff2-4930-909b-47cc8d098d04 56e398cb5513459292d1b687f6016266 6a9ef8fe94434e4a9e781deee66144ca - - default default] TaaS: Handle Delete Port: d2cd6651-aa8a-4fb7-9942-01f967e2adaa
2026-09-12 05:20:40.637 7 INFO neutron_taas.services.taas.tap_mirror_plugin [None req-c9a6bd7e-9ff2-4930-909b-47cc8d098d04 56e398cb5513459292d1b687f6016266 6a9ef8fe94434e4a9e781deee66144ca - - default default] Tap Mirror: Handle Delete Port: d2cd6651-aa8a-4fb7-9942-01f967e2adaa [pid: 8|app: 0|req: 468/925] 10.0.0.67 () {32 vars in 723 bytes} [Sat Sep 12 05:20:40 2026] DELETE /v2.0/routers/fd1a425b-5709-46ae-8b61-4c8b452017c7 => generated 0 bytes in 193 msecs (HTTP/1.1 204) 2 headers in 112 bytes (1 switches on core 0)
2026-09-12 05:20:40.854 7 INFO neutron.services.segments.plugin [-] Segment d50d9f19-2cb2-4ba4-aaf7-e909e2714006 resource provider aggregate not found
2026-09-12 05:20:40.862 7 INFO neutron.services.segments.plugin [-] Segment d50d9f19-2cb2-4ba4-aaf7-e909e2714006 resource provider aggregate not found
2026-09-12 05:20:40.898 7 INFO neutron.services.segments.plugin [-] Client error retrieving segment d50d9f19-2cb2-4ba4-aaf7-e909e2714006 resource provider; error: Placement Client Error (4xx): {"errors": [{"status": 404, "title": "Not Found", "detail": "The resource could not be found.\n\n No resource provider with uuid d50d9f19-2cb2-4ba4-aaf7-e909e2714006 found for delete ", "request_id": "req-4740fb6d-f6aa-4390-9054-4ad7bc012a6a"}]}
2026-09-12 05:20:40.899 7 INFO neutron.services.segments.plugin [-] Client error retrieving segment d50d9f19-2cb2-4ba4-aaf7-e909e2714006 resource provider; error: Placement Client Error (4xx): {"errors": [{"status": 404, "title": "Not Found", "detail": "The resource could not be found.\n\n No resource provider with uuid d50d9f19-2cb2-4ba4-aaf7-e909e2714006 found for delete ", "request_id": "req-c2e8415c-0e63-4d01-b6a8-2712beb4c7cc"}]} [pid: 7|app: 0|req: 458/926] 10.0.0.67 () {32 vars in 725 bytes} [Sat Sep 12 05:20:40 2026] DELETE /v2.0/networks/a5d4637c-d7c7-4a04-93c3-e9f8d5df90a6 => generated 0 bytes in 492 msecs (HTTP/1.1 204) 3 headers in 131 bytes (1 switches on core 0) [pid: 8|app: 0|req: 469/927] 10.0.0.67 () {32 vars in 723 bytes} [Sat Sep 12 05:20:40 2026] DELETE /v2.0/subnets/8d3973b5-5531-44c1-8863-ffd6aa116c0b => generated 0 bytes in 138 msecs (HTTP/1.1 204) 3 headers in 131 bytes (1 switches on core 0)
2026-09-12 05:20:41.073 7 INFO neutron_taas.services.taas.taas_plugin [None req-97c60191-d64d-489f-83d4-e502e4a91231 56e398cb5513459292d1b687f6016266 6a9ef8fe94434e4a9e781deee66144ca - - default default] TaaS: Handle Delete Port: 99a03682-6e16-4e23-8b9e-2c9d4537b78c
2026-09-12 05:20:41.076 7 INFO neutron_taas.services.taas.tap_mirror_plugin [None req-97c60191-d64d-489f-83d4-e502e4a91231 56e398cb5513459292d1b687f6016266 6a9ef8fe94434e4a9e781deee66144ca - - default default] Tap Mirror: Handle Delete Port: 99a03682-6e16-4e23-8b9e-2c9d4537b78c [pid: 8|app: 0|req: 470/928] 10.0.0.67 () {32 vars in 723 bytes} [Sat Sep 12 05:20:40 2026] DELETE /v2.0/subnets/24d0512c-4907-4315-9ad2-ef111f118181 => generated 0 bytes in 115 msecs (HTTP/1.1 204) 3 headers in 131 bytes (1 switches on core 0) [pid: 8|app: 0|req: 471/929] 10.0.0.21 () {34 vars in 989 bytes} [Sat Sep 12 05:20:41 2026] GET /v2.0/ports?device_id=5b7bebb8-57b8-4089-9717-33bf57d7c1f7 => generated 12 bytes in 15 msecs (HTTP/1.1 200) 4 headers in 156 bytes (1 switches on core 0)
2026-09-12 05:20:41.177 7 WARNING neutron.plugins.ml2.drivers.ovn.mech_driver.ovsdb.ovn_client [None req-fa87ae28-343d-4d9b-b1ef-60e19949c198 - - - - - -] No port found with ID 2ab36582-823c-44d7-980c-ea136733adf6: RuntimeError: No port found with ID 2ab36582-823c-44d7-980c-ea136733adf6
2026-09-12 05:20:41.218 7 INFO neutron.plugins.ml2.drivers.ovn.mech_driver.mech_driver [None req-fa87ae28-343d-4d9b-b1ef-60e19949c198 - - - - - -] OVN reports status down for port: c2974bdf-de9f-4464-92b2-8f009b80e138
2026-09-12 05:20:41.231 8 INFO neutron_taas.services.taas.taas_plugin [None req-785c3e09-8985-46f9-bbf5-065de237ef39 42f87cc888e64ef6b182b43dbe66d60f 98bc66eb15224a1493465570fe2996a1 - - default default] TaaS: Handle Delete Port: d3c952df-51fd-48d6-a60f-8ea2d2358e11
2026-09-12 05:20:41.234 8 INFO neutron_taas.services.taas.tap_mirror_plugin [None req-785c3e09-8985-46f9-bbf5-065de237ef39 42f87cc888e64ef6b182b43dbe66d60f 98bc66eb15224a1493465570fe2996a1 - - default default] Tap Mirror: Handle Delete Port: d3c952df-51fd-48d6-a60f-8ea2d2358e11
2026-09-12 05:20:41.235 7 INFO neutron.plugins.ml2.drivers.ovn.mech_driver.mech_driver [None req-fa87ae28-343d-4d9b-b1ef-60e19949c198 - - - - - -] OVN reports status down for port: d2cd6651-aa8a-4fb7-9942-01f967e2adaa
2026-09-12 05:20:41.258 7 INFO neutron.plugins.ml2.drivers.ovn.mech_driver.mech_driver [None req-fa87ae28-343d-4d9b-b1ef-60e19949c198 - - - - - -] OVN reports status down for port: 99a03682-6e16-4e23-8b9e-2c9d4537b78c [pid: 7|app: 0|req: 459/930] 10.0.0.67 () {32 vars in 725 bytes} [Sat Sep 12 05:20:40 2026] DELETE /v2.0/networks/69837120-ece3-45cb-9655-a6a417082525 => generated 0 bytes in 499 msecs (HTTP/1.1 204) 3 headers in 131 bytes (1 switches on core 0) [pid: 7|app: 0|req: 460/931] 10.0.0.67 () {32 vars in 648 bytes} [Sat Sep 12 05:20:41 2026] GET /v2.0/networks => generated 689 bytes in 60 msecs (HTTP/1.1 200) 4 headers in 157 bytes (1 switches on core 0)
2026-09-12 05:20:41.502 8 INFO neutron.services.segments.plugin [-] Segment 9c6aa8c6-a0e3-4294-9f5f-221fd6edc904 resource provider aggregate not found
2026-09-12 05:20:41.512 8 INFO neutron.services.segments.plugin [-] Segment 9c6aa8c6-a0e3-4294-9f5f-221fd6edc904 resource provider aggregate not found
2026-09-12 05:20:41.523 8 INFO neutron.services.segments.plugin [-] Client error retrieving segment 9c6aa8c6-a0e3-4294-9f5f-221fd6edc904 resource provider; error: Placement Client Error (4xx): {"errors": [{"status": 404, "title": "Not Found", "detail": "The resource could not be found.\n\n No resource provider with uuid 9c6aa8c6-a0e3-4294-9f5f-221fd6edc904 found for delete ", "request_id": "req-b13aabfd-bd1e-40c9-9496-52a66afb7a03"}]}
2026-09-12 05:20:41.536 8 INFO neutron.services.segments.plugin [-] Client error retrieving segment 9c6aa8c6-a0e3-4294-9f5f-221fd6edc904 resource provider; error: Placement Client Error (4xx): {"errors": [{"status": 404, "title": "Not Found", "detail": "The resource could not be found.\n\n No resource provider with uuid 9c6aa8c6-a0e3-4294-9f5f-221fd6edc904 found for delete ", "request_id": "req-0d7a6699-569f-4978-9e1e-745dcf308a30"}]} [pid: 8|app: 0|req: 472/932] 10.0.0.67 () {32 vars in 725 bytes} [Sat Sep 12 05:20:41 2026] DELETE /v2.0/networks/95543cf6-4a9f-4bd3-a2ef-e671a8cdeb74 => generated 0 bytes in 457 msecs (HTTP/1.1 204) 3 headers in 131 bytes (1 switches on core 0)
2026-09-12 05:20:41.592 7 INFO neutron.db.segments_db [None req-4b8d5a08-239a-41a8-88f9-ac3a4b4d4b27 56e398cb5513459292d1b687f6016266 6a9ef8fe94434e4a9e781deee66144ca - - default default] Added segment 8fd055db-22a2-4066-98bb-ecacb88e7b65 of type geneve for network 6fb0e204-82ee-40fb-958a-76c201c8b38f
2026-09-12 05:20:41.669 8 INFO neutron_taas.services.taas.taas_plugin [None req-71f299c5-f95f-4fa9-8e2a-4a18aa56a28d 42f87cc888e64ef6b182b43dbe66d60f 98bc66eb15224a1493465570fe2996a1 - - default default] TaaS: Handle Delete Port: d49b1363-907d-4888-af89-1f7b1b32a9ee
2026-09-12 05:20:41.672 8 INFO neutron_taas.services.taas.tap_mirror_plugin [None req-71f299c5-f95f-4fa9-8e2a-4a18aa56a28d 42f87cc888e64ef6b182b43dbe66d60f 98bc66eb15224a1493465570fe2996a1 - - default default] Tap Mirror: Handle Delete Port: d49b1363-907d-4888-af89-1f7b1b32a9ee
2026-09-12 05:20:41.708 7 INFO neutron.db.ovn_revision_numbers_db [None req-4b8d5a08-239a-41a8-88f9-ac3a4b4d4b27 56e398cb5513459292d1b687f6016266 6a9ef8fe94434e4a9e781deee66144ca - - default default] Successfully bumped revision number for resource 6fb0e204-82ee-40fb-958a-76c201c8b38f (type: networks) to 1 [pid: 8|app: 0|req: 473/933] 10.0.0.67 () {32 vars in 725 bytes} [Sat Sep 12 05:20:41 2026] DELETE /v2.0/networks/43480195-ab2a-41ef-9e3c-ad409947b5b9 => generated 0 bytes in 355 msecs (HTTP/1.1 204) 3 headers in 131 bytes (1 switches on core 0)
2026-09-12 05:20:42.000 7 WARNING neutron.scheduler.dhcp_agent_scheduler [None req-4b8d5a08-239a-41a8-88f9-ac3a4b4d4b27 56e398cb5513459292d1b687f6016266 6a9ef8fe94434e4a9e781deee66144ca - - default default] No more DHCP agents
2026-09-12 05:20:42.004 7 WARNING neutron.api.rpc.agentnotifiers.dhcp_rpc_agent_api [None req-4b8d5a08-239a-41a8-88f9-ac3a4b4d4b27 56e398cb5513459292d1b687f6016266 6a9ef8fe94434e4a9e781deee66144ca - - default default] Unable to schedule network 6fb0e204-82ee-40fb-958a-76c201c8b38f: no agents available; will retry on subsequent port and subnet creation events.
2026-09-12 05:20:42.023 8 INFO neutron.db.segments_db [None req-9ac701bb-0542-4d6e-b718-4bf76261884e 42f87cc888e64ef6b182b43dbe66d60f 98bc66eb15224a1493465570fe2996a1 - - default default] Added segment b423221e-4b9b-4101-8bd7-94d6379809b9 of type geneve for network d2c88ce5-e78c-400d-afcd-cc527f9838a7
2026-09-12 05:20:42.083 7 INFO neutron.db.ovn_revision_numbers_db [None req-4b8d5a08-239a-41a8-88f9-ac3a4b4d4b27 56e398cb5513459292d1b687f6016266 6a9ef8fe94434e4a9e781deee66144ca - - default default] Successfully bumped revision number for resource 6f4602c9-9efb-4c6b-83bf-c0f2c1fd3a97 (type: ports) to 1 [pid: 7|app: 0|req: 461/934] 10.0.0.67 () {34 vars in 669 bytes} [Sat Sep 12 05:20:41 2026] POST /v2.0/networks => generated 692 bytes in 602 msecs (HTTP/1.1 201) 4 headers in 162 bytes (1 switches on core 0)
2026-09-12 05:20:42.159 8 INFO neutron.db.ovn_revision_numbers_db [None req-9ac701bb-0542-4d6e-b718-4bf76261884e 42f87cc888e64ef6b182b43dbe66d60f 98bc66eb15224a1493465570fe2996a1 - - default default] Successfully bumped revision number for resource d2c88ce5-e78c-400d-afcd-cc527f9838a7 (type: networks) to 1
2026-09-12 05:20:42.218 7 INFO neutron.db.segments_db [None req-32869e61-2a7e-41e0-8ea1-21291bad47fe 56e398cb5513459292d1b687f6016266 6a9ef8fe94434e4a9e781deee66144ca - - default default] Added segment b2c09f1d-1848-458b-bfcd-fdd89bf2e040 of type geneve for network 59eaa4b7-0d1b-4372-b0dd-b5aa23231d7f
2026-09-12 05:20:42.295 8 WARNING neutron.scheduler.dhcp_agent_scheduler [None req-9ac701bb-0542-4d6e-b718-4bf76261884e 42f87cc888e64ef6b182b43dbe66d60f 98bc66eb15224a1493465570fe2996a1 - - default default] No more DHCP agents
2026-09-12 05:20:42.297 8 WARNING neutron.api.rpc.agentnotifiers.dhcp_rpc_agent_api [None req-9ac701bb-0542-4d6e-b718-4bf76261884e 42f87cc888e64ef6b182b43dbe66d60f 98bc66eb15224a1493465570fe2996a1 - - default default] Unable to schedule network d2c88ce5-e78c-400d-afcd-cc527f9838a7: no agents available; will retry on subsequent port and subnet creation events.
2026-09-12 05:20:42.366 7 INFO neutron.plugins.ml2.drivers.ovn.mech_driver.mech_driver [None req-fa87ae28-343d-4d9b-b1ef-60e19949c198 - - - - - -] OVN reports status down for port: 4c7b42b1-8bfa-448b-bac4-1b61a6fdb90b
2026-09-12 05:20:42.384 8 INFO neutron.db.ovn_revision_numbers_db [None req-9ac701bb-0542-4d6e-b718-4bf76261884e 42f87cc888e64ef6b182b43dbe66d60f 98bc66eb15224a1493465570fe2996a1 - - default default] Successfully bumped revision number for resource 4c7b42b1-8bfa-448b-bac4-1b61a6fdb90b (type: ports) to 1 [pid: 8|app: 0|req: 474/935] 10.0.0.67 () {34 vars in 669 bytes} [Sat Sep 12 05:20:41 2026] POST /v2.0/networks => generated 671 bytes in 494 msecs (HTTP/1.1 201) 4 headers in 162 bytes (1 switches on core 0)
2026-09-12 05:20:42.435 7 INFO neutron.db.ovn_revision_numbers_db [None req-32869e61-2a7e-41e0-8ea1-21291bad47fe 56e398cb5513459292d1b687f6016266 6a9ef8fe94434e4a9e781deee66144ca - - default default] Successfully bumped revision number for resource 59eaa4b7-0d1b-4372-b0dd-b5aa23231d7f (type: networks) to 1 [pid: 8|app: 0|req: 475/936] 10.0.0.21 () {34 vars in 989 bytes} [Sat Sep 12 05:20:42 2026] GET /v2.0/ports?device_id=5b7bebb8-57b8-4089-9717-33bf57d7c1f7 => generated 12 bytes in 29 msecs (HTTP/1.1 200) 4 headers in 156 bytes (1 switches on core 0)
2026-09-12 05:20:42.668 7 WARNING neutron.scheduler.dhcp_agent_scheduler [None req-32869e61-2a7e-41e0-8ea1-21291bad47fe 56e398cb5513459292d1b687f6016266 6a9ef8fe94434e4a9e781deee66144ca - - default default] No more DHCP agents
2026-09-12 05:20:42.669 7 WARNING neutron.api.rpc.agentnotifiers.dhcp_rpc_agent_api [None req-32869e61-2a7e-41e0-8ea1-21291bad47fe 56e398cb5513459292d1b687f6016266 6a9ef8fe94434e4a9e781deee66144ca - - default default] Unable to schedule network 59eaa4b7-0d1b-4372-b0dd-b5aa23231d7f: no agents available; will retry on subsequent port and subnet creation events.
2026-09-12 05:20:42.687 8 WARNING neutron.scheduler.dhcp_agent_scheduler [None req-1f3e6c87-e8ab-4b2e-993a-aa0a815b1801 42f87cc888e64ef6b182b43dbe66d60f 98bc66eb15224a1493465570fe2996a1 - - default default] No more DHCP agents
2026-09-12 05:20:42.688 8 WARNING neutron.api.rpc.agentnotifiers.dhcp_rpc_agent_api [None req-1f3e6c87-e8ab-4b2e-993a-aa0a815b1801 42f87cc888e64ef6b182b43dbe66d60f 98bc66eb15224a1493465570fe2996a1 - - default default] Unable to schedule network d2c88ce5-e78c-400d-afcd-cc527f9838a7: no agents available; will retry on subsequent port and subnet creation events.
2026-09-12 05:20:42.740 8 INFO neutron.db.ovn_revision_numbers_db [None req-1f3e6c87-e8ab-4b2e-993a-aa0a815b1801 42f87cc888e64ef6b182b43dbe66d60f 98bc66eb15224a1493465570fe2996a1 - - default default] Successfully bumped revision number for resource 157b9147-f5f8-4743-8ccd-0bcc80906635 (type: subnets) to 0
2026-09-12 05:20:42.758 7 INFO neutron.db.ovn_revision_numbers_db [None req-32869e61-2a7e-41e0-8ea1-21291bad47fe 56e398cb5513459292d1b687f6016266 6a9ef8fe94434e4a9e781deee66144ca - - default default] Successfully bumped revision number for resource b64d1369-c6e0-475c-9cea-850807d73046 (type: ports) to 1 [pid: 8|app: 0|req: 476/937] 10.0.0.67 () {34 vars in 668 bytes} [Sat Sep 12 05:20:42 2026] POST /v2.0/subnets => generated 646 bytes in 315 msecs (HTTP/1.1 201) 4 headers in 162 bytes (1 switches on core 0) [pid: 7|app: 0|req: 462/938] 10.0.0.67 () {34 vars in 669 bytes} [Sat Sep 12 05:20:42 2026] POST /v2.0/networks => generated 691 bytes in 668 msecs (HTTP/1.1 201) 4 headers in 162 bytes (1 switches on core 0)
2026-09-12 05:20:42.926 7 INFO neutron.services.segments.plugin [-] Segment 1178ce6d-3fc7-4447-86dd-5f81f876ad8c resource provider aggregate not found
2026-09-12 05:20:42.934 7 INFO neutron.services.segments.plugin [-] Segment 1178ce6d-3fc7-4447-86dd-5f81f876ad8c resource provider aggregate not found
2026-09-12 05:20:42.937 8 INFO neutron.db.ovn_revision_numbers_db [None req-50e1a000-6bc1-4e35-89b2-e53107a82870 42f87cc888e64ef6b182b43dbe66d60f 98bc66eb15224a1493465570fe2996a1 - - default default] Successfully bumped revision number for resource e887362b-0f2c-443e-8fd2-9c77d929064e (type: routers) to 1
2026-09-12 05:20:42.953 7 INFO neutron.services.segments.plugin [-] Client error retrieving segment 1178ce6d-3fc7-4447-86dd-5f81f876ad8c resource provider; error: Placement Client Error (4xx): {"errors": [{"status": 404, "title": "Not Found", "detail": "The resource could not be found.\n\n No resource provider with uuid 1178ce6d-3fc7-4447-86dd-5f81f876ad8c found for delete ", "request_id": "req-7efc6b67-a938-4081-9219-c975a0b10084"}]}
2026-09-12 05:20:42.959 7 INFO neutron.services.segments.plugin [-] Client error retrieving segment 1178ce6d-3fc7-4447-86dd-5f81f876ad8c resource provider; error: Placement Client Error (4xx): {"errors": [{"status": 404, "title": "Not Found", "detail": "The resource could not be found.\n\n No resource provider with uuid 1178ce6d-3fc7-4447-86dd-5f81f876ad8c found for delete ", "request_id": "req-3aa01cab-642a-47bc-bb22-24f74cd979be"}]} [pid: 8|app: 0|req: 477/939] 10.0.0.67 () {34 vars in 668 bytes} [Sat Sep 12 05:20:42 2026] POST /v2.0/routers => generated 627 bytes in 192 msecs (HTTP/1.1 201) 4 headers in 162 bytes (1 switches on core 0)
2026-09-12 05:20:43.230 8 WARNING neutron.scheduler.dhcp_agent_scheduler [None req-f045e9e5-ace2-413b-8bdd-dea5c0c0225e 42f87cc888e64ef6b182b43dbe66d60f 98bc66eb15224a1493465570fe2996a1 - - default default] No more DHCP agents
2026-09-12 05:20:43.231 8 WARNING neutron.api.rpc.agentnotifiers.dhcp_rpc_agent_api [None req-f045e9e5-ace2-413b-8bdd-dea5c0c0225e 42f87cc888e64ef6b182b43dbe66d60f 98bc66eb15224a1493465570fe2996a1 - - default default] Unable to schedule network d2c88ce5-e78c-400d-afcd-cc527f9838a7: no agents available; will retry on subsequent port and subnet creation events.
2026-09-12 05:20:43.318 7 INFO neutron.plugins.ml2.drivers.ovn.mech_driver.mech_driver [None req-fa87ae28-343d-4d9b-b1ef-60e19949c198 - - - - - -] OVN reports status down for port: b1bcedc6-deff-4b04-b237-64cf3fa9f8c8
2026-09-12 05:20:43.346 8 INFO neutron.db.ovn_revision_numbers_db [None req-f045e9e5-ace2-413b-8bdd-dea5c0c0225e 42f87cc888e64ef6b182b43dbe66d60f 98bc66eb15224a1493465570fe2996a1 - - default default] Successfully bumped revision number for resource b1bcedc6-deff-4b04-b237-64cf3fa9f8c8 (type: ports) to 1
2026-09-12 05:20:43.365 7 WARNING neutron.scheduler.dhcp_agent_scheduler [None req-0eb38678-174c-4672-a1ac-41d22455f869 56e398cb5513459292d1b687f6016266 6a9ef8fe94434e4a9e781deee66144ca - - default default] No more DHCP agents
2026-09-12 05:20:43.367 7 WARNING neutron.api.rpc.agentnotifiers.dhcp_rpc_agent_api [None req-0eb38678-174c-4672-a1ac-41d22455f869 56e398cb5513459292d1b687f6016266 6a9ef8fe94434e4a9e781deee66144ca - - default default] Unable to schedule network 6fb0e204-82ee-40fb-958a-76c201c8b38f: no agents available; will retry on subsequent port and subnet creation events. [pid: 8|app: 0|req: 478/940] 10.0.0.67 () {34 vars in 664 bytes} [Sat Sep 12 05:20:42 2026] POST /v2.0/ports => generated 964 bytes in 406 msecs (HTTP/1.1 201) 4 headers in 162 bytes (1 switches on core 0) /var/lib/openstack/lib/python3.12/site-packages/pycadf/identifier.py:70: UserWarning: Invalid uuid: neutron. To ensure interoperability, identifiers should be a valid uuid. warnings.warn(('Invalid uuid: %s. To ensure interoperability, '
2026-09-12 05:20:43.507 7 INFO neutron.db.ovn_revision_numbers_db [None req-0eb38678-174c-4672-a1ac-41d22455f869 56e398cb5513459292d1b687f6016266 6a9ef8fe94434e4a9e781deee66144ca - - default default] Successfully bumped revision number for resource a0192233-da8b-4537-bc48-7aaa9528c5f6 (type: ports) to 1
2026-09-12 05:20:43.544 8 INFO neutron.services.segments.plugin [-] Segment 41cb6d8e-1f29-437b-a049-3390df3f238a resource provider aggregate not found
2026-09-12 05:20:43.564 8 INFO neutron.services.segments.plugin [-] Client error retrieving segment 41cb6d8e-1f29-437b-a049-3390df3f238a resource provider; error: Placement Client Error (4xx): {"errors": [{"status": 404, "title": "Not Found", "detail": "The resource could not be found.\n\n No resource provider with uuid 41cb6d8e-1f29-437b-a049-3390df3f238a found for delete ", "request_id": "req-454afb12-f552-402d-8d02-d974ae5bf4d3"}]}
2026-09-12 05:20:43.566 8 INFO neutron.services.segments.plugin [-] Segment 41cb6d8e-1f29-437b-a049-3390df3f238a resource provider aggregate not found
2026-09-12 05:20:43.568 7 WARNING neutron.scheduler.dhcp_agent_scheduler [None req-0eb38678-174c-4672-a1ac-41d22455f869 56e398cb5513459292d1b687f6016266 6a9ef8fe94434e4a9e781deee66144ca - - default default] No more DHCP agents
2026-09-12 05:20:43.572 7 WARNING neutron.api.rpc.agentnotifiers.dhcp_rpc_agent_api [None req-0eb38678-174c-4672-a1ac-41d22455f869 56e398cb5513459292d1b687f6016266 6a9ef8fe94434e4a9e781deee66144ca - - default default] Unable to schedule network 59eaa4b7-0d1b-4372-b0dd-b5aa23231d7f: no agents available; will retry on subsequent port and subnet creation events.
