2026-09-12 05:25:02.936 7 INFO neutron.notifiers.nova [-] Nova event matching ['req-88fa990e-7066-469f-826e-512d12b2d9ae'] response: {'server_uuid': '948f703b-07d9-4477-9beb-3a92ade6df4f', 'name': 'network-vif-plugged', 'status': 'completed', 'tag': '83df08a1-70cf-4baa-88f2-1aa81156b4a6', 'code': 200} [pid: 8|app: 0|req: 1324/2691] 10.0.0.67 () {32 vars in 723 bytes} [Sat Sep 12 05:25:02 2026] DELETE /v2.0/subnets/1458408c-68cf-4418-b605-06e596935b4b => generated 0 bytes in 175 msecs (HTTP/1.1 204) 3 headers in 131 bytes (1 switches on core 0) [pid: 8|app: 0|req: 1325/2692] 10.0.0.67 () {32 vars in 723 bytes} [Sat Sep 12 05:25:03 2026] DELETE /v2.0/subnets/26cc3b69-f095-4523-b358-eb63a56e6091 => generated 0 bytes in 194 msecs (HTTP/1.1 204) 3 headers in 131 bytes (1 switches on core 0)
2026-09-12 05:25:03.446 8 INFO neutron_taas.services.taas.taas_plugin [None req-960e6269-3410-4fe1-9a01-a3904f02838a c885207dc184426fad60ef6227f2fffb 9acefddbe4404010b1f1bf79539a2e30 - - default default] TaaS: Handle Delete Port: 5747fd8a-0c69-453a-b422-fd2bba853df4
2026-09-12 05:25:03.448 8 INFO neutron_taas.services.taas.tap_mirror_plugin [None req-960e6269-3410-4fe1-9a01-a3904f02838a c885207dc184426fad60ef6227f2fffb 9acefddbe4404010b1f1bf79539a2e30 - - default default] Tap Mirror: Handle Delete Port: 5747fd8a-0c69-453a-b422-fd2bba853df4
2026-09-12 05:25:03.638 8 INFO neutron.services.segments.plugin [-] Segment 0a5030e8-7249-4af8-91d9-d2b37511d424 resource provider aggregate not found
2026-09-12 05:25:03.653 8 INFO neutron.services.segments.plugin [-] Segment 0a5030e8-7249-4af8-91d9-d2b37511d424 resource provider aggregate not found
2026-09-12 05:25:03.662 8 INFO neutron.services.segments.plugin [-] Client error retrieving segment 0a5030e8-7249-4af8-91d9-d2b37511d424 resource provider; error: Placement Client Error (4xx): {"errors": [{"status": 404, "title": "Not Found", "detail": "The resource could not be found.\n\n No resource provider with uuid 0a5030e8-7249-4af8-91d9-d2b37511d424 found for delete ", "request_id": "req-643fd2b5-64ba-48ae-8c03-163b719b44ac"}]}
2026-09-12 05:25:03.673 8 INFO neutron.services.segments.plugin [-] Client error retrieving segment 0a5030e8-7249-4af8-91d9-d2b37511d424 resource provider; error: Placement Client Error (4xx): {"errors": [{"status": 404, "title": "Not Found", "detail": "The resource could not be found.\n\n No resource provider with uuid 0a5030e8-7249-4af8-91d9-d2b37511d424 found for delete ", "request_id": "req-8c068107-994d-422b-99ea-6db34fa2462b"}]} [pid: 8|app: 0|req: 1326/2693] 10.0.0.67 () {32 vars in 725 bytes} [Sat Sep 12 05:25:03 2026] DELETE /v2.0/networks/3c12163f-cdfb-439c-bd38-26e107107cd3 => generated 0 bytes in 368 msecs (HTTP/1.1 204) 3 headers in 131 bytes (1 switches on core 0)
2026-09-12 05:25:03.823 8 INFO neutron_taas.services.taas.taas_plugin [None req-f4b0a6a6-b950-481f-a131-e491a3ae8be5 c885207dc184426fad60ef6227f2fffb 9acefddbe4404010b1f1bf79539a2e30 - - default default] TaaS: Handle Delete Port: dbcb84bb-cb3b-4a06-9720-f542aa622150
2026-09-12 05:25:03.827 8 INFO neutron_taas.services.taas.tap_mirror_plugin [None req-f4b0a6a6-b950-481f-a131-e491a3ae8be5 c885207dc184426fad60ef6227f2fffb 9acefddbe4404010b1f1bf79539a2e30 - - default default] Tap Mirror: Handle Delete Port: dbcb84bb-cb3b-4a06-9720-f542aa622150 [pid: 8|app: 0|req: 1327/2694] 10.0.0.67 () {32 vars in 725 bytes} [Sat Sep 12 05:25:03 2026] DELETE /v2.0/networks/db4474f5-0475-47ac-8d5a-c17c23a2f491 => generated 0 bytes in 419 msecs (HTTP/1.1 204) 3 headers in 131 bytes (1 switches on core 0)
2026-09-12 05:25:04.323 8 INFO neutron_taas.services.taas.taas_plugin [None req-01caefc0-144c-4192-a3b5-bd3c52014f8c c885207dc184426fad60ef6227f2fffb 9acefddbe4404010b1f1bf79539a2e30 - - default default] TaaS: Handle Delete Port: 8ccedcf2-e882-49fe-9aee-88974846c4b6
2026-09-12 05:25:04.326 8 INFO neutron_taas.services.taas.tap_mirror_plugin [None req-01caefc0-144c-4192-a3b5-bd3c52014f8c c885207dc184426fad60ef6227f2fffb 9acefddbe4404010b1f1bf79539a2e30 - - default default] Tap Mirror: Handle Delete Port: 8ccedcf2-e882-49fe-9aee-88974846c4b6
2026-09-12 05:25:04.537 7 INFO neutron.db.ovn_revision_numbers_db [None req-b932afee-ab71-43ba-8b53-eab99808886a - - - - - -] Successfully bumped revision number for resource 83df08a1-70cf-4baa-88f2-1aa81156b4a6 (type: ports) to 5 [pid: 8|app: 0|req: 1328/2695] 10.0.0.67 () {32 vars in 725 bytes} [Sat Sep 12 05:25:04 2026] DELETE /v2.0/networks/57362788-9637-4ec0-9cef-a532140b1413 => generated 0 bytes in 459 msecs (HTTP/1.1 204) 3 headers in 131 bytes (1 switches on core 0) [pid: 8|app: 0|req: 1329/2696] 10.0.0.21 () {34 vars in 989 bytes} [Sat Sep 12 05:25:04 2026] GET /v2.0/ports?device_id=948f703b-07d9-4477-9beb-3a92ade6df4f => generated 1235 bytes in 49 msecs (HTTP/1.1 200) 4 headers in 158 bytes (1 switches on core 0)
2026-09-12 05:25:04.750 8 INFO neutron_taas.services.taas.taas_plugin [None req-bd677bbc-a600-4867-b829-436c9e12fd5c c885207dc184426fad60ef6227f2fffb 9acefddbe4404010b1f1bf79539a2e30 - - default default] TaaS: Handle Delete Port: 82aa411f-a63e-4db1-9be5-b74b319d6dae
2026-09-12 05:25:04.752 8 INFO neutron_taas.services.taas.tap_mirror_plugin [None req-bd677bbc-a600-4867-b829-436c9e12fd5c c885207dc184426fad60ef6227f2fffb 9acefddbe4404010b1f1bf79539a2e30 - - default default] Tap Mirror: Handle Delete Port: 82aa411f-a63e-4db1-9be5-b74b319d6dae
2026-09-12 05:25:04.893 7 WARNING neutron.scheduler.dhcp_agent_scheduler [None req-6acaf723-9b55-4ce2-8243-1033ddcc4419 e538f910181d452982b322bb6a1dcb30 a4f76882aadc4ec2a9c8a59c09fafb56 - - default default] No more DHCP agents
2026-09-12 05:25:04.901 7 WARNING neutron.api.rpc.agentnotifiers.dhcp_rpc_agent_api [None req-6acaf723-9b55-4ce2-8243-1033ddcc4419 e538f910181d452982b322bb6a1dcb30 a4f76882aadc4ec2a9c8a59c09fafb56 - - default default] Unable to schedule network b6a9ba78-b9c3-4bd4-a1e5-0e3029f24c0b: no agents available; will retry on subsequent port and subnet creation events. [pid: 8|app: 0|req: 1330/2697] 10.0.0.67 () {32 vars in 725 bytes} [Sat Sep 12 05:25:04 2026] DELETE /v2.0/networks/0aa4e621-92f2-4699-b7a8-8f4f66853899 => generated 0 bytes in 314 msecs (HTTP/1.1 204) 3 headers in 131 bytes (1 switches on core 0) [pid: 8|app: 0|req: 1331/2698] 10.0.0.21 () {34 vars in 1039 bytes} [Sat Sep 12 05:25:04 2026] GET /v2.0/security-groups?id=3935323a-2ce6-4514-82b7-82b84955cdba&fields=id&fields=name => generated 96 bytes in 35 msecs (HTTP/1.1 200) 4 headers in 156 bytes (1 switches on core 0)
2026-09-12 05:25:05.000 7 INFO neutron.notifiers.nova [-] Nova event matching ['req-598d5b90-e7fc-4776-bdac-9bb8161d4d44'] response: {'server_uuid': '948f703b-07d9-4477-9beb-3a92ade6df4f', 'name': 'network-vif-plugged', 'status': 'completed', 'tag': '83df08a1-70cf-4baa-88f2-1aa81156b4a6', 'code': 200}
2026-09-12 05:25:05.178 7 INFO neutron.plugins.ml2.drivers.ovn.mech_driver.mech_driver [None req-3e7acf8c-6c49-4975-96a6-a108fa322cd1 - - - - - -] OVN reports status down for port: 84a4b1f8-a3c7-4954-b80a-876447d3aad9
2026-09-12 05:25:05.180 8 INFO neutron_taas.services.taas.taas_plugin [None req-3f767357-5f9a-4e9b-846c-461081648be2 c885207dc184426fad60ef6227f2fffb 9acefddbe4404010b1f1bf79539a2e30 - - default default] TaaS: Handle Delete Port: 8222f21d-517c-4df9-bd33-2b60510e09e0
2026-09-12 05:25:05.182 8 INFO neutron_taas.services.taas.tap_mirror_plugin [None req-3f767357-5f9a-4e9b-846c-461081648be2 c885207dc184426fad60ef6227f2fffb 9acefddbe4404010b1f1bf79539a2e30 - - default default] Tap Mirror: Handle Delete Port: 8222f21d-517c-4df9-bd33-2b60510e09e0
2026-09-12 05:25:05.303 7 INFO neutron.db.ovn_revision_numbers_db [None req-6acaf723-9b55-4ce2-8243-1033ddcc4419 e538f910181d452982b322bb6a1dcb30 a4f76882aadc4ec2a9c8a59c09fafb56 - - default default] Successfully bumped revision number for resource 84a4b1f8-a3c7-4954-b80a-876447d3aad9 (type: ports) to 1 [pid: 8|app: 0|req: 1332/2699] 10.0.0.67 () {32 vars in 725 bytes} [Sat Sep 12 05:25:04 2026] DELETE /v2.0/networks/6b4eeb21-583d-43f9-b984-a30b9187819b => generated 0 bytes in 458 msecs (HTTP/1.1 204) 3 headers in 131 bytes (1 switches on core 0) [pid: 8|app: 0|req: 1333/2700] 10.0.0.21 () {34 vars in 989 bytes} [Sat Sep 12 05:25:05 2026] GET /v2.0/ports?device_id=948f703b-07d9-4477-9beb-3a92ade6df4f => generated 1235 bytes in 40 msecs (HTTP/1.1 200) 4 headers in 158 bytes (1 switches on core 0)
2026-09-12 05:25:05.703 8 INFO neutron.services.segments.plugin [-] Segment 372d2f02-be20-4490-bbe3-8e79447ee9ef resource provider aggregate not found
2026-09-12 05:25:05.710 8 INFO neutron.services.segments.plugin [-] Segment 372d2f02-be20-4490-bbe3-8e79447ee9ef resource provider aggregate not found
2026-09-12 05:25:05.734 8 INFO neutron.services.segments.plugin [-] Client error retrieving segment 372d2f02-be20-4490-bbe3-8e79447ee9ef resource provider; error: Placement Client Error (4xx): {"errors": [{"status": 404, "title": "Not Found", "detail": "The resource could not be found.\n\n No resource provider with uuid 372d2f02-be20-4490-bbe3-8e79447ee9ef found for delete ", "request_id": "req-57b50d3b-bca4-4756-8ad4-38cbf20ce5af"}]}
2026-09-12 05:25:05.737 8 INFO neutron.services.segments.plugin [-] Client error retrieving segment 372d2f02-be20-4490-bbe3-8e79447ee9ef resource provider; error: Placement Client Error (4xx): {"errors": [{"status": 404, "title": "Not Found", "detail": "The resource could not be found.\n\n No resource provider with uuid 372d2f02-be20-4490-bbe3-8e79447ee9ef found for delete ", "request_id": "req-38890e95-7162-478e-934d-1a1daba07937"}]}
2026-09-12 05:25:05.749 8 INFO neutron.services.segments.plugin [-] Segment 4e03e8af-180a-47f6-9de3-927f681d0a75 resource provider aggregate not found
2026-09-12 05:25:05.755 8 INFO neutron.services.segments.plugin [-] Segment 4e03e8af-180a-47f6-9de3-927f681d0a75 resource provider aggregate not found
2026-09-12 05:25:05.759 7 INFO neutron.db.ovn_revision_numbers_db [None req-9c4906db-23eb-46fa-9cde-af30dc1dd43c - - - - - -] Successfully bumped revision number for resource 531cbb85-c243-485d-a427-28f3fad71c5c (type: ports) to 4
2026-09-12 05:25:05.766 8 INFO neutron.services.segments.plugin [-] Client error retrieving segment 4e03e8af-180a-47f6-9de3-927f681d0a75 resource provider; error: Placement Client Error (4xx): {"errors": [{"status": 404, "title": "Not Found", "detail": "The resource could not be found.\n\n No resource provider with uuid 4e03e8af-180a-47f6-9de3-927f681d0a75 found for delete ", "request_id": "req-da24531a-cb8d-4a71-ab66-fdfc2e1b73fe"}]}
2026-09-12 05:25:05.773 8 INFO neutron.services.segments.plugin [-] Client error retrieving segment 4e03e8af-180a-47f6-9de3-927f681d0a75 resource provider; error: Placement Client Error (4xx): {"errors": [{"status": 404, "title": "Not Found", "detail": "The resource could not be found.\n\n No resource provider with uuid 4e03e8af-180a-47f6-9de3-927f681d0a75 found for delete ", "request_id": "req-c2f04cdb-afee-4e8b-8faa-c05a5bd25e9a"}]}
2026-09-12 05:25:05.778 8 INFO neutron.services.segments.plugin [-] Segment 831a6c04-242d-44b4-afa6-987e21c7c4f4 resource provider aggregate not found
2026-09-12 05:25:05.793 8 INFO neutron.services.segments.plugin [-] Client error retrieving segment 831a6c04-242d-44b4-afa6-987e21c7c4f4 resource provider; error: Placement Client Error (4xx): {"errors": [{"status": 404, "title": "Not Found", "detail": "The resource could not be found.\n\n No resource provider with uuid 831a6c04-242d-44b4-afa6-987e21c7c4f4 found for delete ", "request_id": "req-82d368d4-c7a1-4933-b895-bdf5b10981ab"}]}
2026-09-12 05:25:05.796 8 INFO neutron.services.segments.plugin [-] Segment 831a6c04-242d-44b4-afa6-987e21c7c4f4 resource provider aggregate not found
2026-09-12 05:25:05.812 8 INFO neutron.services.segments.plugin [-] Segment dcf4df72-ec80-4777-aab9-bf60d339b116 resource provider aggregate not found
2026-09-12 05:25:05.817 8 INFO neutron.services.segments.plugin [-] Client error retrieving segment 831a6c04-242d-44b4-afa6-987e21c7c4f4 resource provider; error: Placement Client Error (4xx): {"errors": [{"status": 404, "title": "Not Found", "detail": "The resource could not be found.\n\n No resource provider with uuid 831a6c04-242d-44b4-afa6-987e21c7c4f4 found for delete ", "request_id": "req-52177502-354b-47c2-aa06-4889d15a9f90"}]}
2026-09-12 05:25:05.829 8 INFO neutron.services.segments.plugin [-] Client error retrieving segment dcf4df72-ec80-4777-aab9-bf60d339b116 resource provider; error: Placement Client Error (4xx): {"errors": [{"status": 404, "title": "Not Found", "detail": "The resource could not be found.\n\n No resource provider with uuid dcf4df72-ec80-4777-aab9-bf60d339b116 found for delete ", "request_id": "req-d5b4be4e-986c-4f2a-ab0e-2c6a706614ba"}]}
2026-09-12 05:25:05.831 8 INFO neutron.services.segments.plugin [-] Segment dcf4df72-ec80-4777-aab9-bf60d339b116 resource provider aggregate not found
2026-09-12 05:25:05.843 8 INFO neutron.services.segments.plugin [-] Client error retrieving segment dcf4df72-ec80-4777-aab9-bf60d339b116 resource provider; error: Placement Client Error (4xx): {"errors": [{"status": 404, "title": "Not Found", "detail": "The resource could not be found.\n\n No resource provider with uuid dcf4df72-ec80-4777-aab9-bf60d339b116 found for delete ", "request_id": "req-c78f9410-c023-4a48-9a65-839a80d3286c"}]}
2026-09-12 05:25:06.294 7 INFO neutron.db.ovn_revision_numbers_db [None req-9c4906db-23eb-46fa-9cde-af30dc1dd43c - - - - - -] Successfully bumped revision number for resource 531cbb85-c243-485d-a427-28f3fad71c5c (type: ports) to 5
2026-09-12 05:25:06.310 7 INFO neutron.plugins.ml2.drivers.ovn.mech_driver.mech_driver [None req-3e7acf8c-6c49-4975-96a6-a108fa322cd1 - - - - - -] OVN reports status up for port: 84a4b1f8-a3c7-4954-b80a-876447d3aad9
2026-09-12 05:25:06.366 7 INFO neutron.plugins.ml2.plugin [None req-3e7acf8c-6c49-4975-96a6-a108fa322cd1 - - - - - -] Attempt 1 to provision port 84a4b1f8-a3c7-4954-b80a-876447d3aad9
2026-09-12 05:25:06.531 7 WARNING neutron.scheduler.dhcp_agent_scheduler [None req-6acaf723-9b55-4ce2-8243-1033ddcc4419 e538f910181d452982b322bb6a1dcb30 a4f76882aadc4ec2a9c8a59c09fafb56 - - default default] No more DHCP agents
2026-09-12 05:25:06.536 7 WARNING neutron.api.rpc.agentnotifiers.dhcp_rpc_agent_api [None req-6acaf723-9b55-4ce2-8243-1033ddcc4419 e538f910181d452982b322bb6a1dcb30 a4f76882aadc4ec2a9c8a59c09fafb56 - - default default] Unable to schedule network b6a9ba78-b9c3-4bd4-a1e5-0e3029f24c0b: no agents available; will retry on subsequent port and subnet creation events.
2026-09-12 05:25:06.577 8 WARNING neutron.db.securitygroups_db [None req-022f6476-7164-42f4-a388-d5f2b8938f5f e538f910181d452982b322bb6a1dcb30 a4f76882aadc4ec2a9c8a59c09fafb56 - - default default] project_id key not found in filters, using tenant_id instead. This support has been deprecated and will be removed in a future release. [pid: 8|app: 0|req: 1334/2701] 10.0.0.67 () {32 vars in 773 bytes} [Sat Sep 12 05:25:06 2026] GET /v2.0/security-groups?tenant_id=9acefddbe4404010b1f1bf79539a2e30&name=default => generated 2925 bytes in 257 msecs (HTTP/1.1 200) 4 headers in 158 bytes (1 switches on core 0) [pid: 8|app: 0|req: 1335/2702] 10.0.0.67 () {32 vars in 739 bytes} [Sat Sep 12 05:25:06 2026] DELETE /v2.0/security-groups/94d50539-f6c7-4198-92ba-e269c73e82e4 => generated 0 bytes in 217 msecs (HTTP/1.1 204) 2 headers in 112 bytes (1 switches on core 0)
2026-09-12 05:25:07.006 8 WARNING neutron.db.securitygroups_db [None req-f8a4e77c-abb0-4c42-a1f5-560264bce159 e538f910181d452982b322bb6a1dcb30 a4f76882aadc4ec2a9c8a59c09fafb56 - - default default] project_id key not found in filters, using tenant_id instead. This support has been deprecated and will be removed in a future release.
2026-09-12 05:25:07.182 8 INFO neutron.db.ovn_revision_numbers_db [None req-f8a4e77c-abb0-4c42-a1f5-560264bce159 e538f910181d452982b322bb6a1dcb30 a4f76882aadc4ec2a9c8a59c09fafb56 - - default default] Successfully bumped revision number for resource b162097c-1344-4985-82d8-8c449d54d654 (type: security_groups) to 1
2026-09-12 05:25:07.203 8 INFO neutron.db.ovn_revision_numbers_db [None req-f8a4e77c-abb0-4c42-a1f5-560264bce159 e538f910181d452982b322bb6a1dcb30 a4f76882aadc4ec2a9c8a59c09fafb56 - - default default] Successfully bumped revision number for resource 826bf256-bb64-4c06-b621-5a6b342a01aa (type: security_group_rules) to 0
2026-09-12 05:25:07.218 8 INFO neutron.db.ovn_revision_numbers_db [None req-f8a4e77c-abb0-4c42-a1f5-560264bce159 e538f910181d452982b322bb6a1dcb30 a4f76882aadc4ec2a9c8a59c09fafb56 - - default default] Successfully bumped revision number for resource 91925803-0832-44d6-a286-add24df58e4d (type: security_group_rules) to 0
2026-09-12 05:25:07.232 8 INFO neutron.db.ovn_revision_numbers_db [None req-f8a4e77c-abb0-4c42-a1f5-560264bce159 e538f910181d452982b322bb6a1dcb30 a4f76882aadc4ec2a9c8a59c09fafb56 - - default default] Successfully bumped revision number for resource d1798b6f-34aa-4ff7-89e1-936aacb200dd (type: security_group_rules) to 0
2026-09-12 05:25:07.251 8 INFO neutron.db.ovn_revision_numbers_db [None req-f8a4e77c-abb0-4c42-a1f5-560264bce159 e538f910181d452982b322bb6a1dcb30 a4f76882aadc4ec2a9c8a59c09fafb56 - - default default] Successfully bumped revision number for resource ed410f2f-eecb-4dc8-9026-c2ebee88fcaf (type: security_group_rules) to 0 [pid: 8|app: 0|req: 1336/2703] 10.0.0.67 () {32 vars in 773 bytes} [Sat Sep 12 05:25:06 2026] GET /v2.0/security-groups?tenant_id=7acc87a700ac404fa7cf9c9ddca60604&name=default => generated 2929 bytes in 309 msecs (HTTP/1.1 200) 4 headers in 158 bytes (1 switches on core 0)
2026-09-12 05:25:07.446 7 INFO neutron.db.ovn_revision_numbers_db [None req-6acaf723-9b55-4ce2-8243-1033ddcc4419 e538f910181d452982b322bb6a1dcb30 a4f76882aadc4ec2a9c8a59c09fafb56 - - default default] Successfully bumped revision number for resource 84a4b1f8-a3c7-4954-b80a-876447d3aad9 (type: router_ports) to 1 [pid: 7|app: 0|req: 1368/2704] 10.0.0.67 () {34 vars in 782 bytes} [Sat Sep 12 05:25:02 2026] PUT /v2.0/routers/4260f9a8-e6e4-4726-b4a1-dc9cb47060a0/add_router_interface => generated 310 bytes in 4941 msecs (HTTP/1.1 200) 4 headers in 157 bytes (1 switches on core 0)
2026-09-12 05:25:07.533 7 INFO neutron.db.ovn_revision_numbers_db [None req-3e7acf8c-6c49-4975-96a6-a108fa322cd1 - - - - - -] Successfully bumped revision number for resource 84a4b1f8-a3c7-4954-b80a-876447d3aad9 (type: ports) to 2 [pid: 8|app: 0|req: 1337/2705] 10.0.0.67 () {32 vars in 739 bytes} [Sat Sep 12 05:25:07 2026] DELETE /v2.0/security-groups/b162097c-1344-4985-82d8-8c449d54d654 => generated 0 bytes in 232 msecs (HTTP/1.1 204) 2 headers in 112 bytes (1 switches on core 0) /var/lib/openstack/lib/python3.12/site-packages/pycadf/identifier.py:70: UserWarning: Invalid uuid: neutron. To ensure interoperability, identifiers should be a valid uuid. warnings.warn(('Invalid uuid: %s. To ensure interoperability, '
2026-09-12 05:25:07.804 7 WARNING neutron.db.securitygroups_db [None req-7a12f2fa-348b-4d4d-89fb-95e6673b8890 e538f910181d452982b322bb6a1dcb30 a4f76882aadc4ec2a9c8a59c09fafb56 - - default default] project_id key not found in filters, using tenant_id instead. This support has been deprecated and will be removed in a future release.
2026-09-12 05:25:07.948 7 INFO neutron.db.ovn_revision_numbers_db [None req-7a12f2fa-348b-4d4d-89fb-95e6673b8890 e538f910181d452982b322bb6a1dcb30 a4f76882aadc4ec2a9c8a59c09fafb56 - - default default] Successfully bumped revision number for resource fa1e87dc-dbe2-4bcf-a691-416719096ac6 (type: security_groups) to 1
2026-09-12 05:25:07.970 7 INFO neutron.db.ovn_revision_numbers_db [None req-7a12f2fa-348b-4d4d-89fb-95e6673b8890 e538f910181d452982b322bb6a1dcb30 a4f76882aadc4ec2a9c8a59c09fafb56 - - default default] Successfully bumped revision number for resource 0b5588a6-611d-4e62-89e3-dfc3606c79ae (type: security_group_rules) to 0
2026-09-12 05:25:07.989 7 INFO neutron.db.ovn_revision_numbers_db [None req-7a12f2fa-348b-4d4d-89fb-95e6673b8890 e538f910181d452982b322bb6a1dcb30 a4f76882aadc4ec2a9c8a59c09fafb56 - - default default] Successfully bumped revision number for resource 1051a051-96aa-4cd6-ab38-ecc07779758d (type: security_group_rules) to 0
2026-09-12 05:25:08.002 7 INFO neutron.db.ovn_revision_numbers_db [None req-7a12f2fa-348b-4d4d-89fb-95e6673b8890 e538f910181d452982b322bb6a1dcb30 a4f76882aadc4ec2a9c8a59c09fafb56 - - default default] Successfully bumped revision number for resource c33bcbd6-da24-49ec-8536-6acab5822a68 (type: security_group_rules) to 0
2026-09-12 05:25:08.017 7 INFO neutron.db.ovn_revision_numbers_db [None req-7a12f2fa-348b-4d4d-89fb-95e6673b8890 e538f910181d452982b322bb6a1dcb30 a4f76882aadc4ec2a9c8a59c09fafb56 - - default default] Successfully bumped revision number for resource d0d4999d-8f35-44f7-afb6-13c7bdeb29fb (type: security_group_rules) to 0 [pid: 7|app: 0|req: 1369/2706] 10.0.0.67 () {32 vars in 773 bytes} [Sat Sep 12 05:25:07 2026] GET /v2.0/security-groups?tenant_id=0ceff1e682ea498ea7cc347af07b0025&name=default => generated 2929 bytes in 269 msecs (HTTP/1.1 200) 4 headers in 158 bytes (1 switches on core 0) [pid: 7|app: 0|req: 1370/2707] 10.0.0.21 () {34 vars in 989 bytes} [Sat Sep 12 05:25:08 2026] GET /v2.0/ports?device_id=948f703b-07d9-4477-9beb-3a92ade6df4f => generated 1235 bytes in 39 msecs (HTTP/1.1 200) 4 headers in 158 bytes (1 switches on core 0) [pid: 8|app: 0|req: 1338/2708] 10.0.0.67 () {32 vars in 739 bytes} [Sat Sep 12 05:25:08 2026] DELETE /v2.0/security-groups/fa1e87dc-dbe2-4bcf-a691-416719096ac6 => generated 0 bytes in 273 msecs (HTTP/1.1 204) 2 headers in 112 bytes (1 switches on core 0) [pid: 7|app: 0|req: 1371/2709] 10.0.0.21 () {34 vars in 1039 bytes} [Sat Sep 12 05:25:08 2026] GET /v2.0/security-groups?id=3935323a-2ce6-4514-82b7-82b84955cdba&fields=id&fields=name => generated 96 bytes in 46 msecs (HTTP/1.1 200) 4 headers in 156 bytes (1 switches on core 0) [pid: 8|app: 0|req: 1339/2710] 10.0.0.21 () {34 vars in 989 bytes} [Sat Sep 12 05:25:08 2026] GET /v2.0/ports?device_id=948f703b-07d9-4477-9beb-3a92ade6df4f => generated 1235 bytes in 36 msecs (HTTP/1.1 200) 4 headers in 158 bytes (1 switches on core 0) [pid: 7|app: 0|req: 1372/2711] 10.0.0.177 () {28 vars in 583 bytes} [Sat Sep 12 05:25:08 2026] GET /v2.0/subnets => generated 6189 bytes in 153 msecs (HTTP/1.1 200) 4 headers in 158 bytes (1 switches on core 0) [pid: 8|app: 0|req: 1340/2712] 10.0.0.177 () {28 vars in 591 bytes} [Sat Sep 12 05:25:08 2026] GET /v2.0/subnetpools => generated 19 bytes in 10 msecs (HTTP/1.1 200) 4 headers in 156 bytes (1 switches on core 0) [pid: 7|app: 0|req: 1373/2713] 10.0.0.177 () {28 vars in 599 bytes} [Sat Sep 12 05:25:08 2026] GET /v2.0/security-groups => generated 33164 bytes in 55 msecs (HTTP/1.1 200) 4 headers in 159 bytes (1 switches on core 0) [pid: 8|app: 0|req: 1341/2714] 10.0.0.177 () {28 vars in 581 bytes} [Sat Sep 12 05:25:08 2026] GET /v2.0/agents => generated 1214 bytes in 14 msecs (HTTP/1.1 200) 4 headers in 158 bytes (1 switches on core 0) [pid: 7|app: 0|req: 1374/2715] 10.0.0.177 () {28 vars in 583 bytes} [Sat Sep 12 05:25:08 2026] GET /v2.0/subnets => generated 6189 bytes in 44 msecs (HTTP/1.1 200) 4 headers in 158 bytes (1 switches on core 0) [pid: 8|app: 0|req: 1342/2716] 10.0.0.177 () {28 vars in 579 bytes} [Sat Sep 12 05:25:08 2026] GET /v2.0/ports => generated 23115 bytes in 92 msecs (HTTP/1.1 200) 4 headers in 159 bytes (1 switches on core 0) [pid: 7|app: 0|req: 1375/2717] 10.0.0.177 () {28 vars in 619 bytes} [Sat Sep 12 05:25:08 2026] GET /v2.0/network-ip-availabilities => generated 6303 bytes in 35 msecs (HTTP/1.1 200) 4 headers in 158 bytes (1 switches on core 0) [pid: 8|app: 0|req: 1343/2718] 10.0.0.177 () {28 vars in 591 bytes} [Sat Sep 12 05:25:09 2026] GET /v2.0/floatingips => generated 1703 bytes in 46 msecs (HTTP/1.1 200) 4 headers in 158 bytes (1 switches on core 0) [pid: 7|app: 0|req: 1376/2719] 10.0.0.177 () {28 vars in 585 bytes} [Sat Sep 12 05:25:09 2026] GET /v2.0/networks => generated 5565 bytes in 54 msecs (HTTP/1.1 200) 4 headers in 158 bytes (1 switches on core 0) [pid: 8|app: 0|req: 1344/2720] 10.0.0.177 () {28 vars in 583 bytes} [Sat Sep 12 05:25:09 2026] GET /v2.0/routers => generated 1968 bytes in 77 msecs (HTTP/1.1 200) 4 headers in 158 bytes (1 switches on core 0) [pid: 7|app: 0|req: 1377/2721] 10.0.0.177 () {28 vars in 624 bytes} [Sat Sep 12 05:25:09 2026] GET /v2.0/agents?binary=ovn-controller => generated 416 bytes in 15 msecs (HTTP/1.1 200) 4 headers in 157 bytes (1 switches on core 0) [pid: 8|app: 0|req: 1346/2724] 10.0.0.21 () {34 vars in 981 bytes} [Sat Sep 12 05:25:09 2026] GET /v2.0/networks?id=b6a9ba78-b9c3-4bd4-a1e5-0e3029f24c0b => generated 710 bytes in 77 msecs (HTTP/1.1 200) 4 headers in 157 bytes (1 switches on core 0) [pid: 7|app: 0|req: 1379/2725] 10.0.0.21 () {34 vars in 964 bytes} [Sat Sep 12 05:25:10 2026] GET /v2.0/quotas/9f44c664c51c4330b4d8a5f4b39fe97b => generated 312 bytes in 25 msecs (HTTP/1.1 200) 4 headers in 157 bytes (1 switches on core 0) [pid: 8|app: 0|req: 1347/2726] 10.0.0.21 () {34 vars in 1001 bytes} [Sat Sep 12 05:25:10 2026] GET /v2.0/ports?tenant_id=9f44c664c51c4330b4d8a5f4b39fe97b&fields=id => generated 103 bytes in 114 msecs (HTTP/1.1 200) 4 headers in 157 bytes (1 switches on core 0) [pid: 7|app: 0|req: 1380/2727] 10.0.0.21 () {34 vars in 1007 bytes} [Sat Sep 12 05:25:10 2026] GET /v2.0/networks/b6a9ba78-b9c3-4bd4-a1e5-0e3029f24c0b?fields=segments => generated 14 bytes in 219 msecs (HTTP/1.1 200) 4 headers in 156 bytes (1 switches on core 0) [pid: 8|app: 0|req: 1348/2728] 10.0.0.21 () {34 vars in 1107 bytes} [Sat Sep 12 05:25:10 2026] GET /v2.0/networks/b6a9ba78-b9c3-4bd4-a1e5-0e3029f24c0b?fields=provider%3Aphysical_network&fields=provider%3Anetwork_type => generated 79 bytes in 46 msecs (HTTP/1.1 200) 4 headers in 156 bytes (1 switches on core 0) [pid: 7|app: 0|req: 1381/2729] 10.0.0.21 () {34 vars in 989 bytes} [Sat Sep 12 05:25:10 2026] GET /v2.0/ports?device_id=97c0abcd-4021-465b-97c0-3d2f76d836af => generated 12 bytes in 37 msecs (HTTP/1.1 200) 4 headers in 156 bytes (1 switches on core 0) [pid: 8|app: 0|req: 1349/2730] 10.0.0.21 () {34 vars in 989 bytes} [Sat Sep 12 05:25:11 2026] GET /v2.0/ports?device_id=97c0abcd-4021-465b-97c0-3d2f76d836af => generated 12 bytes in 32 msecs (HTTP/1.1 200) 4 headers in 156 bytes (1 switches on core 0)
2026-09-12 05:25:12.750 7 WARNING neutron.plugins.ml2.drivers.ovn.mech_driver.ovsdb.ovn_client [None req-f8a7e2cb-651f-47f4-8f59-9c35f110bcbc - - - - - -] No hosting information found for port 84a4b1f8-a3c7-4954-b80a-876447d3aad9: RuntimeError: No hosting information found for port 84a4b1f8-a3c7-4954-b80a-876447d3aad9
2026-09-12 05:25:12.811 7 INFO neutron.common.ovn.utils [None req-f8a7e2cb-651f-47f4-8f59-9c35f110bcbc - - - - - -] HA Chassis Group neutron-b6a9ba78-b9c3-4bd4-a1e5-0e3029f24c0b synchronized; highest priority chassis ae3a5ef1-102c-4159-a76d-c004f22359d9 [pid: 8|app: 0|req: 1350/2731] 10.0.0.21 () {34 vars in 989 bytes} [Sat Sep 12 05:25:12 2026] GET /v2.0/ports?device_id=97c0abcd-4021-465b-97c0-3d2f76d836af => generated 12 bytes in 57 msecs (HTTP/1.1 200) 4 headers in 156 bytes (1 switches on core 0)
2026-09-12 05:25:12.985 7 INFO neutron.db.ovn_revision_numbers_db [None req-f8a7e2cb-651f-47f4-8f59-9c35f110bcbc - - - - - -] Successfully bumped revision number for resource 84a4b1f8-a3c7-4954-b80a-876447d3aad9 (type: router_ports) to 2
2026-09-12 05:25:13.237 7 INFO neutron.db.ovn_revision_numbers_db [None req-4bd568d0-1826-4e6a-9864-f527af04744d 0147811d93354d84880d515790213f39 eaf6b4197d254891a61d51564aee1e41 - - default default] Successfully bumped revision number for resource e1cc0e9f-c416-48b1-a651-a774447a9c0f (type: security_groups) to 1
2026-09-12 05:25:13.252 7 INFO neutron.db.ovn_revision_numbers_db [None req-4bd568d0-1826-4e6a-9864-f527af04744d 0147811d93354d84880d515790213f39 eaf6b4197d254891a61d51564aee1e41 - - default default] Successfully bumped revision number for resource 2ddc94a7-01bb-4a84-ba5c-233bf01564b3 (type: security_group_rules) to 0
2026-09-12 05:25:13.280 7 INFO neutron.db.ovn_revision_numbers_db [None req-4bd568d0-1826-4e6a-9864-f527af04744d 0147811d93354d84880d515790213f39 eaf6b4197d254891a61d51564aee1e41 - - default default] Successfully bumped revision number for resource 70779d72-5f82-451e-bbeb-4e2d089c4a6c (type: security_group_rules) to 0
2026-09-12 05:25:13.297 7 INFO neutron.db.ovn_revision_numbers_db [None req-4bd568d0-1826-4e6a-9864-f527af04744d 0147811d93354d84880d515790213f39 eaf6b4197d254891a61d51564aee1e41 - - default default] Successfully bumped revision number for resource 8069a5fa-e4de-4b61-9ad7-53e556a156cc (type: security_group_rules) to 0
2026-09-12 05:25:13.311 7 INFO neutron.db.ovn_revision_numbers_db [None req-4bd568d0-1826-4e6a-9864-f527af04744d 0147811d93354d84880d515790213f39 eaf6b4197d254891a61d51564aee1e41 - - default default] Successfully bumped revision number for resource 99304d1d-d67d-4801-9a52-fea0bb33085d (type: security_group_rules) to 0
2026-09-12 05:25:13.405 7 INFO neutron.db.segments_db [None req-4bd568d0-1826-4e6a-9864-f527af04744d 0147811d93354d84880d515790213f39 eaf6b4197d254891a61d51564aee1e41 - - default default] Added segment 9749c191-d8bc-4956-ad6d-0096cbe1519a of type geneve for network fc9d9249-48c8-42be-a02c-0170a254a66e
2026-09-12 05:25:13.543 7 INFO neutron.db.ovn_revision_numbers_db [None req-4bd568d0-1826-4e6a-9864-f527af04744d 0147811d93354d84880d515790213f39 eaf6b4197d254891a61d51564aee1e41 - - default default] Successfully bumped revision number for resource fc9d9249-48c8-42be-a02c-0170a254a66e (type: networks) to 1
2026-09-12 05:25:13.696 7 WARNING neutron.scheduler.dhcp_agent_scheduler [None req-4bd568d0-1826-4e6a-9864-f527af04744d 0147811d93354d84880d515790213f39 eaf6b4197d254891a61d51564aee1e41 - - default default] No more DHCP agents
2026-09-12 05:25:13.697 7 WARNING neutron.api.rpc.agentnotifiers.dhcp_rpc_agent_api [None req-4bd568d0-1826-4e6a-9864-f527af04744d 0147811d93354d84880d515790213f39 eaf6b4197d254891a61d51564aee1e41 - - default default] Unable to schedule network fc9d9249-48c8-42be-a02c-0170a254a66e: no agents available; will retry on subsequent port and subnet creation events.
2026-09-12 05:25:13.738 8 INFO neutron.plugins.ml2.drivers.ovn.mech_driver.mech_driver [None req-148a86e0-84ad-4fd9-a760-ca3dbb136816 - - - - - -] OVN reports status down for port: 6ff67c47-4edc-47c5-aa0a-1cf0777acc07
2026-09-12 05:25:13.778 7 INFO neutron.db.ovn_revision_numbers_db [None req-4bd568d0-1826-4e6a-9864-f527af04744d 0147811d93354d84880d515790213f39 eaf6b4197d254891a61d51564aee1e41 - - default default] Successfully bumped revision number for resource 6ff67c47-4edc-47c5-aa0a-1cf0777acc07 (type: ports) to 1 [pid: 7|app: 0|req: 1382/2732] 10.0.0.67 () {34 vars in 669 bytes} [Sat Sep 12 05:25:12 2026] POST /v2.0/networks => generated 670 bytes in 923 msecs (HTTP/1.1 201) 4 headers in 162 bytes (1 switches on core 0) [pid: 7|app: 0|req: 1383/2733] 10.0.0.21 () {34 vars in 989 bytes} [Sat Sep 12 05:25:14 2026] GET /v2.0/ports?device_id=97c0abcd-4021-465b-97c0-3d2f76d836af => generated 12 bytes in 33 msecs (HTTP/1.1 200) 4 headers in 156 bytes (1 switches on core 0)
2026-09-12 05:25:14.131 8 WARNING neutron.scheduler.dhcp_agent_scheduler [None req-64171143-f783-4586-8533-ae2785d501da 0147811d93354d84880d515790213f39 eaf6b4197d254891a61d51564aee1e41 - - default default] No more DHCP agents
2026-09-12 05:25:14.133 8 WARNING neutron.api.rpc.agentnotifiers.dhcp_rpc_agent_api [None req-64171143-f783-4586-8533-ae2785d501da 0147811d93354d84880d515790213f39 eaf6b4197d254891a61d51564aee1e41 - - default default] Unable to schedule network fc9d9249-48c8-42be-a02c-0170a254a66e: no agents available; will retry on subsequent port and subnet creation events.
2026-09-12 05:25:14.195 8 INFO neutron.plugins.ml2.drivers.ovn.mech_driver.mech_driver [None req-148a86e0-84ad-4fd9-a760-ca3dbb136816 - - - - - -] OVN reports status down for port: 8b0e91a3-4562-4e68-a85f-7db037a57b96
2026-09-12 05:25:14.248 8 INFO neutron.db.ovn_revision_numbers_db [None req-64171143-f783-4586-8533-ae2785d501da 0147811d93354d84880d515790213f39 eaf6b4197d254891a61d51564aee1e41 - - default default] Successfully bumped revision number for resource 8b0e91a3-4562-4e68-a85f-7db037a57b96 (type: ports) to 1 [pid: 8|app: 0|req: 1351/2734] 10.0.0.67 () {34 vars in 663 bytes} [Sat Sep 12 05:25:13 2026] POST /v2.0/ports => generated 743 bytes in 489 msecs (HTTP/1.1 201) 4 headers in 162 bytes (1 switches on core 0) [pid: 7|app: 0|req: 1384/2735] 10.0.0.67 () {34 vars in 665 bytes} [Sat Sep 12 05:25:14 2026] POST /v2.0/trunks => generated 409 bytes in 279 msecs (HTTP/1.1 201) 4 headers in 162 bytes (1 switches on core 0) /var/lib/openstack/lib/python3.12/site-packages/pycadf/identifier.py:70: UserWarning: Invalid uuid: neutron. To ensure interoperability, identifiers should be a valid uuid. warnings.warn(('Invalid uuid: %s. To ensure interoperability, '
2026-09-12 05:25:14.716 8 INFO neutron.db.segments_db [None req-46897f24-d1c7-4f4e-8519-60f158031707 0147811d93354d84880d515790213f39 eaf6b4197d254891a61d51564aee1e41 - - default default] Added segment 56ca03c6-d525-4774-9510-c11dc53a0274 of type geneve for network e263cba8-36a1-4148-8323-68407ed595c8
2026-09-12 05:25:14.826 8 INFO neutron.db.ovn_revision_numbers_db [None req-46897f24-d1c7-4f4e-8519-60f158031707 0147811d93354d84880d515790213f39 eaf6b4197d254891a61d51564aee1e41 - - default default] Successfully bumped revision number for resource e263cba8-36a1-4148-8323-68407ed595c8 (type: networks) to 1
2026-09-12 05:25:15.045 8 WARNING neutron.scheduler.dhcp_agent_scheduler [None req-46897f24-d1c7-4f4e-8519-60f158031707 0147811d93354d84880d515790213f39 eaf6b4197d254891a61d51564aee1e41 - - default default] No more DHCP agents
2026-09-12 05:25:15.046 8 WARNING neutron.api.rpc.agentnotifiers.dhcp_rpc_agent_api [None req-46897f24-d1c7-4f4e-8519-60f158031707 0147811d93354d84880d515790213f39 eaf6b4197d254891a61d51564aee1e41 - - default default] Unable to schedule network e263cba8-36a1-4148-8323-68407ed595c8: no agents available; will retry on subsequent port and subnet creation events.
2026-09-12 05:25:15.123 7 INFO neutron.plugins.ml2.drivers.ovn.mech_driver.mech_driver [None req-f8a7e2cb-651f-47f4-8f59-9c35f110bcbc - - - - - -] OVN reports status down for port: 6187de52-1b77-42ee-a8e4-bc69224188ce
2026-09-12 05:25:15.152 8 INFO neutron.db.ovn_revision_numbers_db [None req-46897f24-d1c7-4f4e-8519-60f158031707 0147811d93354d84880d515790213f39 eaf6b4197d254891a61d51564aee1e41 - - default default] Successfully bumped revision number for resource 6187de52-1b77-42ee-a8e4-bc69224188ce (type: ports) to 1 [pid: 8|app: 0|req: 1352/2736] 10.0.0.67 () {34 vars in 669 bytes} [Sat Sep 12 05:25:14 2026] POST /v2.0/networks => generated 669 bytes in 594 msecs (HTTP/1.1 201) 4 headers in 162 bytes (1 switches on core 0) [pid: 7|app: 0|req: 1385/2737] 162.253.55.136 () {34 vars in 986 bytes} [Sat Sep 12 05:25:14 2026] GET /v2.0/networks?id=b6a9ba78-b9c3-4bd4-a1e5-0e3029f24c0b => generated 710 bytes in 274 msecs (HTTP/1.1 200) 4 headers in 157 bytes (1 switches on core 0) [pid: 8|app: 0|req: 1353/2738] 10.0.0.21 () {34 vars in 989 bytes} [Sat Sep 12 05:25:15 2026] GET /v2.0/ports?device_id=97c0abcd-4021-465b-97c0-3d2f76d836af => generated 12 bytes in 37 msecs (HTTP/1.1 200) 4 headers in 156 bytes (1 switches on core 0)
2026-09-12 05:25:15.467 7 WARNING neutron.scheduler.dhcp_agent_scheduler [None req-9332d2d7-8b1e-4b43-9256-827d9698fbc1 0147811d93354d84880d515790213f39 eaf6b4197d254891a61d51564aee1e41 - - default default] No more DHCP agents
2026-09-12 05:25:15.468 7 WARNING neutron.api.rpc.agentnotifiers.dhcp_rpc_agent_api [None req-9332d2d7-8b1e-4b43-9256-827d9698fbc1 0147811d93354d84880d515790213f39 eaf6b4197d254891a61d51564aee1e41 - - default default] Unable to schedule network e263cba8-36a1-4148-8323-68407ed595c8: no agents available; will retry on subsequent port and subnet creation events.
2026-09-12 05:25:15.491 8 WARNING neutron.scheduler.dhcp_agent_scheduler [req-1a647650-f7a1-4c77-97cb-18d125057a40 req-69117696-9ec2-4d8d-9bf5-284eff9e6d03 1b56f08136f3443084961d107354cbb5 9f44c664c51c4330b4d8a5f4b39fe97b - - default default] No more DHCP agents
2026-09-12 05:25:15.503 8 WARNING neutron.api.rpc.agentnotifiers.dhcp_rpc_agent_api [req-1a647650-f7a1-4c77-97cb-18d125057a40 req-69117696-9ec2-4d8d-9bf5-284eff9e6d03 1b56f08136f3443084961d107354cbb5 9f44c664c51c4330b4d8a5f4b39fe97b - - default default] Unable to schedule network b6a9ba78-b9c3-4bd4-a1e5-0e3029f24c0b: no agents available; will retry on subsequent port and subnet creation events.
2026-09-12 05:25:15.522 7 INFO neutron.plugins.ml2.drivers.ovn.mech_driver.mech_driver [None req-f8a7e2cb-651f-47f4-8f59-9c35f110bcbc - - - - - -] OVN reports status down for port: 21748a8d-3231-4d19-ab5a-30c8e7bf3588
2026-09-12 05:25:15.566 7 INFO neutron.db.ovn_revision_numbers_db [None req-9332d2d7-8b1e-4b43-9256-827d9698fbc1 0147811d93354d84880d515790213f39 eaf6b4197d254891a61d51564aee1e41 - - default default] Successfully bumped revision number for resource 21748a8d-3231-4d19-ab5a-30c8e7bf3588 (type: ports) to 1 [pid: 7|app: 0|req: 1386/2739] 10.0.0.67 () {34 vars in 663 bytes} [Sat Sep 12 05:25:15 2026] POST /v2.0/ports => generated 743 bytes in 415 msecs (HTTP/1.1 201) 4 headers in 162 bytes (1 switches on core 0) /var/lib/openstack/lib/python3.12/site-packages/pycadf/identifier.py:70: UserWarning: Invalid uuid: neutron. To ensure interoperability, identifiers should be a valid uuid. warnings.warn(('Invalid uuid: %s. To ensure interoperability, '
2026-09-12 05:25:15.645 8 INFO neutron.db.ovn_revision_numbers_db [req-1a647650-f7a1-4c77-97cb-18d125057a40 req-69117696-9ec2-4d8d-9bf5-284eff9e6d03 1b56f08136f3443084961d107354cbb5 9f44c664c51c4330b4d8a5f4b39fe97b - - default default] Successfully bumped revision number for resource 29191b3f-4f0b-4b48-917f-33aaa42b3c6b (type: ports) to 1
2026-09-12 05:25:15.656 7 INFO neutron.plugins.ml2.drivers.ovn.mech_driver.mech_driver [None req-f8a7e2cb-651f-47f4-8f59-9c35f110bcbc - - - - - -] OVN reports status down for port: 29191b3f-4f0b-4b48-917f-33aaa42b3c6b [pid: 8|app: 0|req: 1354/2740] 162.253.55.136 () {38 vars in 955 bytes} [Sat Sep 12 05:25:15 2026] POST /v2.0/ports => generated 958 bytes in 437 msecs (HTTP/1.1 201) 4 headers in 162 bytes (1 switches on core 0) /var/lib/openstack/lib/python3.12/site-packages/pycadf/identifier.py:70: UserWarning: Invalid uuid: neutron. To ensure interoperability, identifiers should be a valid uuid. warnings.warn(('Invalid uuid: %s. To ensure interoperability, ' [pid: 7|app: 0|req: 1387/2741] 10.0.0.67 () {34 vars in 665 bytes} [Sat Sep 12 05:25:15 2026] POST /v2.0/trunks => generated 409 bytes in 254 msecs (HTTP/1.1 201) 4 headers in 162 bytes (1 switches on core 0)
2026-09-12 05:25:16.012 7 INFO neutron.db.segments_db [None req-c5374186-465a-491c-99c8-d0aef78c0221 0147811d93354d84880d515790213f39 eaf6b4197d254891a61d51564aee1e41 - - default default] Added segment 5a5c1815-0646-427a-be6e-f5349e9f321e of type geneve for network 53ae217d-1b67-4a44-ab2f-252fa4f5c490
2026-09-12 05:25:16.043 8 INFO neutron.db.ovn_revision_numbers_db [req-1a647650-f7a1-4c77-97cb-18d125057a40 req-005f54ad-397a-4540-a63c-c070e0c700fb a48ebcff42d94474a487b243bab12fbc 9f3c052948494044a0e4780ed7d3a36a - - 8c4ac286869f4351828f2d8a09479271 8c4ac286869f4351828f2d8a09479271] Successfully bumped revision number for resource 29191b3f-4f0b-4b48-917f-33aaa42b3c6b (type: ports) to 2
2026-09-12 05:25:16.131 7 INFO neutron.db.ovn_revision_numbers_db [None req-c5374186-465a-491c-99c8-d0aef78c0221 0147811d93354d84880d515790213f39 eaf6b4197d254891a61d51564aee1e41 - - default default] Successfully bumped revision number for resource 53ae217d-1b67-4a44-ab2f-252fa4f5c490 (type: networks) to 1
2026-09-12 05:25:16.276 8 INFO neutron.db.ovn_revision_numbers_db [req-1a647650-f7a1-4c77-97cb-18d125057a40 req-005f54ad-397a-4540-a63c-c070e0c700fb a48ebcff42d94474a487b243bab12fbc 9f3c052948494044a0e4780ed7d3a36a - - 8c4ac286869f4351828f2d8a09479271 8c4ac286869f4351828f2d8a09479271] Successfully bumped revision number for resource 29191b3f-4f0b-4b48-917f-33aaa42b3c6b (type: ports) to 4
2026-09-12 05:25:16.297 7 WARNING neutron.scheduler.dhcp_agent_scheduler [None req-c5374186-465a-491c-99c8-d0aef78c0221 0147811d93354d84880d515790213f39 eaf6b4197d254891a61d51564aee1e41 - - default default] No more DHCP agents
2026-09-12 05:25:16.301 7 WARNING neutron.api.rpc.agentnotifiers.dhcp_rpc_agent_api [None req-c5374186-465a-491c-99c8-d0aef78c0221 0147811d93354d84880d515790213f39 eaf6b4197d254891a61d51564aee1e41 - - default default] Unable to schedule network 53ae217d-1b67-4a44-ab2f-252fa4f5c490: no agents available; will retry on subsequent port and subnet creation events. [pid: 8|app: 0|req: 1355/2742] 162.253.55.136 () {38 vars in 1028 bytes} [Sat Sep 12 05:25:15 2026] PUT /v2.0/ports/29191b3f-4f0b-4b48-917f-33aaa42b3c6b => generated 1230 bytes in 645 msecs (HTTP/1.1 200) 4 headers in 158 bytes (1 switches on core 0) /var/lib/openstack/lib/python3.12/site-packages/pycadf/identifier.py:70: UserWarning: Invalid uuid: neutron. To ensure interoperability, identifiers should be a valid uuid. warnings.warn(('Invalid uuid: %s. To ensure interoperability, '
2026-09-12 05:25:16.333 7 INFO neutron.plugins.ml2.drivers.ovn.mech_driver.mech_driver [None req-f8a7e2cb-651f-47f4-8f59-9c35f110bcbc - - - - - -] OVN reports status down for port: d3bc5a06-221b-4049-882b-2ea73e63a18a
2026-09-12 05:25:16.370 8 INFO neutron.notifiers.nova [-] Nova event matching ['req-5701377d-dfc2-45c3-b428-b102f466656c'] response: {'name': 'network-changed', 'server_uuid': '97c0abcd-4021-465b-97c0-3d2f76d836af', 'tag': '29191b3f-4f0b-4b48-917f-33aaa42b3c6b', 'status': 'completed', 'code': 200} [pid: 8|app: 0|req: 1356/2743] 10.0.0.21 () {34 vars in 989 bytes} [Sat Sep 12 05:25:16 2026] GET /v2.0/ports?device_id=97c0abcd-4021-465b-97c0-3d2f76d836af => generated 973 bytes in 71 msecs (HTTP/1.1 200) 4 headers in 157 bytes (1 switches on core 0)
2026-09-12 05:25:16.412 7 INFO neutron.db.ovn_revision_numbers_db [None req-c5374186-465a-491c-99c8-d0aef78c0221 0147811d93354d84880d515790213f39 eaf6b4197d254891a61d51564aee1e41 - - default default] Successfully bumped revision number for resource d3bc5a06-221b-4049-882b-2ea73e63a18a (type: ports) to 1 [pid: 7|app: 0|req: 1388/2744] 10.0.0.67 () {34 vars in 669 bytes} [Sat Sep 12 05:25:15 2026] POST /v2.0/networks => generated 670 bytes in 544 msecs (HTTP/1.1 201) 4 headers in 162 bytes (1 switches on core 0) [pid: 8|app: 0|req: 1357/2745] 10.0.0.21 () {34 vars in 1039 bytes} [Sat Sep 12 05:25:16 2026] GET /v2.0/security-groups?id=df593886-5560-411a-9178-4d8a15fab676&fields=id&fields=name => generated 88 bytes in 44 msecs (HTTP/1.1 200) 4 headers in 156 bytes (1 switches on core 0)
2026-09-12 05:25:16.679 7 WARNING neutron.scheduler.dhcp_agent_scheduler [None req-6b093d5f-c5eb-4abf-b640-0dfa781bb5a3 0147811d93354d84880d515790213f39 eaf6b4197d254891a61d51564aee1e41 - - default default] No more DHCP agents
2026-09-12 05:25:16.680 7 WARNING neutron.api.rpc.agentnotifiers.dhcp_rpc_agent_api [None req-6b093d5f-c5eb-4abf-b640-0dfa781bb5a3 0147811d93354d84880d515790213f39 eaf6b4197d254891a61d51564aee1e41 - - default default] Unable to schedule network 53ae217d-1b67-4a44-ab2f-252fa4f5c490: no agents available; will retry on subsequent port and subnet creation events.
2026-09-12 05:25:16.746 7 INFO neutron.plugins.ml2.drivers.ovn.mech_driver.mech_driver [None req-f8a7e2cb-651f-47f4-8f59-9c35f110bcbc - - - - - -] OVN reports status down for port: 762b11cf-3368-47d3-b40f-7fbaeb7f17cc
2026-09-12 05:25:16.810 7 INFO neutron.db.ovn_revision_numbers_db [None req-6b093d5f-c5eb-4abf-b640-0dfa781bb5a3 0147811d93354d84880d515790213f39 eaf6b4197d254891a61d51564aee1e41 - - default default] Successfully bumped revision number for resource 762b11cf-3368-47d3-b40f-7fbaeb7f17cc (type: ports) to 1 [pid: 7|app: 0|req: 1389/2746] 10.0.0.67 () {34 vars in 663 bytes} [Sat Sep 12 05:25:16 2026] POST /v2.0/ports => generated 743 bytes in 415 msecs (HTTP/1.1 201) 4 headers in 162 bytes (1 switches on core 0) /var/lib/openstack/lib/python3.12/site-packages/pycadf/identifier.py:70: UserWarning: Invalid uuid: neutron. To ensure interoperability, identifiers should be a valid uuid. warnings.warn(('Invalid uuid: %s. To ensure interoperability, ' [pid: 7|app: 0|req: 1390/2747] 162.253.55.136 () {34 vars in 1080 bytes} [Sat Sep 12 05:25:16 2026] GET /v2.0/ports?tenant_id=9f44c664c51c4330b4d8a5f4b39fe97b&device_id=97c0abcd-4021-465b-97c0-3d2f76d836af => generated 1233 bytes in 145 msecs (HTTP/1.1 200) 4 headers in 158 bytes (1 switches on core 0) [pid: 7|app: 0|req: 1391/2748] 162.253.55.136 () {34 vars in 1018 bytes} [Sat Sep 12 05:25:17 2026] GET /v2.0/networks?tenant_id=9f44c664c51c4330b4d8a5f4b39fe97b&shared=False => generated 808 bytes in 67 msecs (HTTP/1.1 200) 4 headers in 157 bytes (1 switches on core 0) [pid: 7|app: 0|req: 1392/2749] 162.253.55.136 () {34 vars in 930 bytes} [Sat Sep 12 05:25:17 2026] GET /v2.0/networks?shared=True => generated 791 bytes in 71 msecs (HTTP/1.1 200) 4 headers in 157 bytes (1 switches on core 0) [pid: 8|app: 0|req: 1358/2750] 10.0.0.67 () {34 vars in 665 bytes} [Sat Sep 12 05:25:16 2026] POST /v2.0/trunks => generated 409 bytes in 321 msecs (HTTP/1.1 201) 4 headers in 162 bytes (1 switches on core 0)
2026-09-12 05:25:17.323 7 INFO neutron.db.segments_db [None req-c7ec3745-6533-48c5-b2d3-be0c9dffde5e 0147811d93354d84880d515790213f39 eaf6b4197d254891a61d51564aee1e41 - - default default] Added segment 8de30883-4cad-40fa-b012-fef126ed167a of type geneve for network 518d79f2-6b93-47ed-a9f4-f43e496c5e0e
2026-09-12 05:25:17.472 7 INFO neutron.db.ovn_revision_numbers_db [None req-c7ec3745-6533-48c5-b2d3-be0c9dffde5e 0147811d93354d84880d515790213f39 eaf6b4197d254891a61d51564aee1e41 - - default default] Successfully bumped revision number for resource 518d79f2-6b93-47ed-a9f4-f43e496c5e0e (type: networks) to 1 [pid: 8|app: 0|req: 1359/2751] 10.0.0.21 () {34 vars in 989 bytes} [Sat Sep 12 05:25:17 2026] GET /v2.0/ports?device_id=97c0abcd-4021-465b-97c0-3d2f76d836af => generated 973 bytes in 37 msecs (HTTP/1.1 200) 4 headers in 157 bytes (1 switches on core 0) [pid: 8|app: 0|req: 1360/2752] 10.0.0.21 () {34 vars in 1039 bytes} [Sat Sep 12 05:25:17 2026] GET /v2.0/security-groups?id=df593886-5560-411a-9178-4d8a15fab676&fields=id&fields=name => generated 88 bytes in 55 msecs (HTTP/1.1 200) 4 headers in 156 bytes (1 switches on core 0)
2026-09-12 05:25:17.721 7 WARNING neutron.scheduler.dhcp_agent_scheduler [None req-c7ec3745-6533-48c5-b2d3-be0c9dffde5e 0147811d93354d84880d515790213f39 eaf6b4197d254891a61d51564aee1e41 - - default default] No more DHCP agents
2026-09-12 05:25:17.723 7 WARNING neutron.api.rpc.agentnotifiers.dhcp_rpc_agent_api [None req-c7ec3745-6533-48c5-b2d3-be0c9dffde5e 0147811d93354d84880d515790213f39 eaf6b4197d254891a61d51564aee1e41 - - default default] Unable to schedule network 518d79f2-6b93-47ed-a9f4-f43e496c5e0e: no agents available; will retry on subsequent port and subnet creation events.
2026-09-12 05:25:17.775 7 INFO neutron.plugins.ml2.drivers.ovn.mech_driver.mech_driver [None req-f8a7e2cb-651f-47f4-8f59-9c35f110bcbc - - - - - -] OVN reports status down for port: 3b9e912f-6fb2-4259-8797-19d48089f569
2026-09-12 05:25:17.827 7 INFO neutron.db.ovn_revision_numbers_db [None req-c7ec3745-6533-48c5-b2d3-be0c9dffde5e 0147811d93354d84880d515790213f39 eaf6b4197d254891a61d51564aee1e41 - - default default] Successfully bumped revision number for resource 3b9e912f-6fb2-4259-8797-19d48089f569 (type: ports) to 1 [pid: 7|app: 0|req: 1393/2753] 10.0.0.67 () {34 vars in 669 bytes} [Sat Sep 12 05:25:17 2026] POST /v2.0/networks => generated 669 bytes in 708 msecs (HTTP/1.1 201) 4 headers in 162 bytes (1 switches on core 0)
2026-09-12 05:25:18.175 8 WARNING neutron.scheduler.dhcp_agent_scheduler [None req-6c1ca13d-db1a-465c-8ed1-0c9a131cc5e9 0147811d93354d84880d515790213f39 eaf6b4197d254891a61d51564aee1e41 - - default default] No more DHCP agents
2026-09-12 05:25:18.176 8 WARNING neutron.api.rpc.agentnotifiers.dhcp_rpc_agent_api [None req-6c1ca13d-db1a-465c-8ed1-0c9a131cc5e9 0147811d93354d84880d515790213f39 eaf6b4197d254891a61d51564aee1e41 - - default default] Unable to schedule network 518d79f2-6b93-47ed-a9f4-f43e496c5e0e: no agents available; will retry on subsequent port and subnet creation events.
2026-09-12 05:25:18.234 7 INFO neutron.plugins.ml2.drivers.ovn.mech_driver.mech_driver [None req-f8a7e2cb-651f-47f4-8f59-9c35f110bcbc - - - - - -] OVN reports status down for port: 42a36e72-08f6-48f4-9a1e-195919bb73f9
