2026-09-12 05:24:27.243 7 INFO neutron.services.segments.plugin [-] Client error retrieving segment 058dfab5-a566-4594-b3a6-628b2d63f9cd resource provider; error: Placement Client Error (4xx): {"errors": [{"status": 404, "title": "Not Found", "detail": "The resource could not be found.\n\n No resource provider with uuid 058dfab5-a566-4594-b3a6-628b2d63f9cd found for delete ", "request_id": "req-0b4622f9-b235-4055-a929-070686f9bbb3"}]} [pid: 7|app: 0|req: 1272/2477] 10.0.0.67 () {32 vars in 725 bytes} [Sat Sep 12 05:24:26 2026] DELETE /v2.0/networks/4e3d959e-ea5e-40b4-bf5c-84844309797b => generated 0 bytes in 405 msecs (HTTP/1.1 204) 3 headers in 131 bytes (1 switches on core 0) /var/lib/openstack/lib/python3.12/site-packages/pycadf/identifier.py:70: UserWarning: Invalid uuid: neutron. To ensure interoperability, identifiers should be a valid uuid. warnings.warn(('Invalid uuid: %s. To ensure interoperability, '
2026-09-12 05:24:27.390 8 INFO neutron_taas.services.taas.taas_plugin [None req-4d6b2171-599e-47b5-a562-5d7ac434d68d c163f511205f42079c9392606bb0f967 8107e9b0e2314d368cfee89dd8462253 - - default default] TaaS: Handle Delete Port: a3f0065a-9145-4cd3-8082-df883c763077
2026-09-12 05:24:27.393 8 INFO neutron_taas.services.taas.tap_mirror_plugin [None req-4d6b2171-599e-47b5-a562-5d7ac434d68d c163f511205f42079c9392606bb0f967 8107e9b0e2314d368cfee89dd8462253 - - default default] Tap Mirror: Handle Delete Port: a3f0065a-9145-4cd3-8082-df883c763077 [pid: 7|app: 0|req: 1273/2478] 162.253.55.136 () {34 vars in 994 bytes} [Sat Sep 12 05:24:27 2026] GET /v2.0/ports?device_id=08defca0-f3ac-4390-8999-e1ecb8e6da4f => generated 1008 bytes in 113 msecs (HTTP/1.1 200) 4 headers in 158 bytes (1 switches on core 0)
2026-09-12 05:24:27.609 8 INFO neutron.services.segments.plugin [-] Segment b314e4a5-43e8-4637-b1d2-283d78542bdc resource provider aggregate not found
2026-09-12 05:24:27.614 8 INFO neutron.services.segments.plugin [-] Segment b314e4a5-43e8-4637-b1d2-283d78542bdc resource provider aggregate not found
2026-09-12 05:24:27.631 8 INFO neutron.services.segments.plugin [-] Client error retrieving segment b314e4a5-43e8-4637-b1d2-283d78542bdc resource provider; error: Placement Client Error (4xx): {"errors": [{"status": 404, "title": "Not Found", "detail": "The resource could not be found.\n\n No resource provider with uuid b314e4a5-43e8-4637-b1d2-283d78542bdc found for delete ", "request_id": "req-6fe99fae-1a75-4e67-936b-c2c1eb53d4bc"}]}
2026-09-12 05:24:27.632 8 INFO neutron.services.segments.plugin [-] Client error retrieving segment b314e4a5-43e8-4637-b1d2-283d78542bdc resource provider; error: Placement Client Error (4xx): {"errors": [{"status": 404, "title": "Not Found", "detail": "The resource could not be found.\n\n No resource provider with uuid b314e4a5-43e8-4637-b1d2-283d78542bdc found for delete ", "request_id": "req-21b0ae60-6226-41fe-baf6-7f74ea807f4b"}]}
2026-09-12 05:24:27.642 7 INFO neutron_taas.services.taas.taas_plugin [req-5cb24b75-e049-424a-a2d3-cf98fb35fbfb req-083af47e-a62a-4a1a-94ed-fedd52762040 a84a488ba2524ac49e43a0446a11623a 01f660092644426cafa53721e2a1b3ba - - default default] TaaS: Handle Delete Port: 8a5d5f70-89a0-4733-87a6-7abf53db1c30
2026-09-12 05:24:27.647 7 INFO neutron_taas.services.taas.tap_mirror_plugin [req-5cb24b75-e049-424a-a2d3-cf98fb35fbfb req-083af47e-a62a-4a1a-94ed-fedd52762040 a84a488ba2524ac49e43a0446a11623a 01f660092644426cafa53721e2a1b3ba - - default default] Tap Mirror: Handle Delete Port: 8a5d5f70-89a0-4733-87a6-7abf53db1c30 [pid: 8|app: 0|req: 1206/2479] 10.0.0.67 () {32 vars in 725 bytes} [Sat Sep 12 05:24:27 2026] DELETE /v2.0/networks/9aa50a74-1859-4ade-92f7-f2defcf8e298 => generated 0 bytes in 418 msecs (HTTP/1.1 204) 3 headers in 131 bytes (1 switches on core 0) [pid: 8|app: 0|req: 1207/2480] 10.0.0.21 () {34 vars in 989 bytes} [Sat Sep 12 05:24:27 2026] GET /v2.0/ports?device_id=08defca0-f3ac-4390-8999-e1ecb8e6da4f => generated 1008 bytes in 76 msecs (HTTP/1.1 200) 4 headers in 158 bytes (1 switches on core 0)
2026-09-12 05:24:27.842 7 INFO neutron.db.l3_db [req-5cb24b75-e049-424a-a2d3-cf98fb35fbfb req-083af47e-a62a-4a1a-94ed-fedd52762040 a84a488ba2524ac49e43a0446a11623a 01f660092644426cafa53721e2a1b3ba - - default default] Floating IP 82a6e16b-5cf5-4257-a5c6-389bca9a7786 disassociated. External IP: 10.96.250.204, port: 8a5d5f70-89a0-4733-87a6-7abf53db1c30. [pid: 8|app: 0|req: 1208/2481] 10.0.0.67 () {32 vars in 648 bytes} [Sat Sep 12 05:24:27 2026] GET /v2.0/networks => generated 689 bytes in 87 msecs (HTTP/1.1 200) 4 headers in 157 bytes (1 switches on core 0) /var/lib/openstack/lib/python3.12/site-packages/pycadf/identifier.py:70: UserWarning: Invalid uuid: neutron. To ensure interoperability, identifiers should be a valid uuid. warnings.warn(('Invalid uuid: %s. To ensure interoperability, ' [pid: 8|app: 0|req: 1209/2482] 10.0.0.21 () {34 vars in 1119 bytes} [Sat Sep 12 05:24:27 2026] GET /v2.0/security-groups?id=361d21dc-8af7-4729-97e8-dedaf1db9f49&id=962a3801-6c95-47af-9d36-4281a9d09b2a&fields=id&fields=name => generated 206 bytes in 58 msecs (HTTP/1.1 200) 4 headers in 157 bytes (1 switches on core 0)
2026-09-12 05:24:28.028 8 INFO neutron.db.segments_db [None req-6534e19d-6d48-4a35-8cb3-8929522e02ea c163f511205f42079c9392606bb0f967 8107e9b0e2314d368cfee89dd8462253 - - default default] Added segment de879f32-8d32-40c5-89ed-fff1ec4d930d of type geneve for network 48bf5cae-4f64-4ece-8a40-9241afa5cb53 [pid: 7|app: 0|req: 1274/2483] 162.253.55.136 () {36 vars in 997 bytes} [Sat Sep 12 05:24:27 2026] DELETE /v2.0/ports/8a5d5f70-89a0-4733-87a6-7abf53db1c30 => generated 0 bytes in 562 msecs (HTTP/1.1 204) 3 headers in 131 bytes (1 switches on core 0)
2026-09-12 05:24:28.059 7 INFO neutron.notifiers.nova [-] Nova event matching ['req-32e83a0e-a178-48a6-9d1c-d4cd94f22e76'] response: {'server_uuid': '08defca0-f3ac-4390-8999-e1ecb8e6da4f', 'name': 'network-vif-deleted', 'tag': '8a5d5f70-89a0-4733-87a6-7abf53db1c30', 'status': 'completed', 'code': 200}
2026-09-12 05:24:28.129 8 INFO neutron.db.ovn_revision_numbers_db [None req-6534e19d-6d48-4a35-8cb3-8929522e02ea c163f511205f42079c9392606bb0f967 8107e9b0e2314d368cfee89dd8462253 - - default default] Successfully bumped revision number for resource 48bf5cae-4f64-4ece-8a40-9241afa5cb53 (type: networks) to 1
2026-09-12 05:24:28.265 8 WARNING neutron.scheduler.dhcp_agent_scheduler [None req-6534e19d-6d48-4a35-8cb3-8929522e02ea c163f511205f42079c9392606bb0f967 8107e9b0e2314d368cfee89dd8462253 - - default default] No more DHCP agents
2026-09-12 05:24:28.266 8 WARNING neutron.api.rpc.agentnotifiers.dhcp_rpc_agent_api [None req-6534e19d-6d48-4a35-8cb3-8929522e02ea c163f511205f42079c9392606bb0f967 8107e9b0e2314d368cfee89dd8462253 - - default default] Unable to schedule network 48bf5cae-4f64-4ece-8a40-9241afa5cb53: no agents available; will retry on subsequent port and subnet creation events.
2026-09-12 05:24:28.312 8 INFO neutron.plugins.ml2.drivers.ovn.mech_driver.mech_driver [None req-148a86e0-84ad-4fd9-a760-ca3dbb136816 - - - - - -] OVN reports status down for port: 015cb54a-30f0-4f52-917d-1a3f3a060c63
2026-09-12 05:24:28.369 8 INFO neutron.db.ovn_revision_numbers_db [None req-6534e19d-6d48-4a35-8cb3-8929522e02ea c163f511205f42079c9392606bb0f967 8107e9b0e2314d368cfee89dd8462253 - - default default] Successfully bumped revision number for resource 015cb54a-30f0-4f52-917d-1a3f3a060c63 (type: ports) to 1 [pid: 8|app: 0|req: 1210/2484] 10.0.0.67 () {34 vars in 669 bytes} [Sat Sep 12 05:24:27 2026] POST /v2.0/networks => generated 688 bytes in 502 msecs (HTTP/1.1 201) 4 headers in 162 bytes (1 switches on core 0)
2026-09-12 05:24:28.532 8 INFO neutron.notifiers.nova [-] Nova event matching ['req-4a20571f-db29-4b3d-8b3b-2212e2f0319b'] response: {'server_uuid': '08defca0-f3ac-4390-8999-e1ecb8e6da4f', 'name': 'network-vif-unplugged', 'status': 'completed', 'tag': '8a5d5f70-89a0-4733-87a6-7abf53db1c30', 'code': 200}
2026-09-12 05:24:28.540 7 INFO neutron.db.segments_db [None req-02d948d0-f46f-4ba4-9cc8-6ca6eca9ccbd c163f511205f42079c9392606bb0f967 8107e9b0e2314d368cfee89dd8462253 - - default default] Added segment 7903b0d5-e9bc-4913-aec1-e90fdc104799 of type geneve for network 45f7f489-1d6c-47c9-bef9-2daa7b96aa54
2026-09-12 05:24:28.699 7 INFO neutron.db.ovn_revision_numbers_db [None req-02d948d0-f46f-4ba4-9cc8-6ca6eca9ccbd c163f511205f42079c9392606bb0f967 8107e9b0e2314d368cfee89dd8462253 - - default default] Successfully bumped revision number for resource 45f7f489-1d6c-47c9-bef9-2daa7b96aa54 (type: networks) to 1
2026-09-12 05:24:28.835 7 WARNING neutron.scheduler.dhcp_agent_scheduler [None req-02d948d0-f46f-4ba4-9cc8-6ca6eca9ccbd c163f511205f42079c9392606bb0f967 8107e9b0e2314d368cfee89dd8462253 - - default default] No more DHCP agents
2026-09-12 05:24:28.837 7 WARNING neutron.api.rpc.agentnotifiers.dhcp_rpc_agent_api [None req-02d948d0-f46f-4ba4-9cc8-6ca6eca9ccbd c163f511205f42079c9392606bb0f967 8107e9b0e2314d368cfee89dd8462253 - - default default] Unable to schedule network 45f7f489-1d6c-47c9-bef9-2daa7b96aa54: no agents available; will retry on subsequent port and subnet creation events.
2026-09-12 05:24:28.904 7 INFO neutron.plugins.ml2.drivers.ovn.mech_driver.mech_driver [None req-b932afee-ab71-43ba-8b53-eab99808886a - - - - - -] OVN reports status down for port: 5020ea2e-d75e-4b4b-b4a8-00bd6e199e5b
2026-09-12 05:24:28.982 7 INFO neutron.db.ovn_revision_numbers_db [None req-02d948d0-f46f-4ba4-9cc8-6ca6eca9ccbd c163f511205f42079c9392606bb0f967 8107e9b0e2314d368cfee89dd8462253 - - default default] Successfully bumped revision number for resource 5020ea2e-d75e-4b4b-b4a8-00bd6e199e5b (type: ports) to 1 [pid: 8|app: 0|req: 1211/2485] 10.0.0.21 () {34 vars in 989 bytes} [Sat Sep 12 05:24:28 2026] GET /v2.0/ports?device_id=08defca0-f3ac-4390-8999-e1ecb8e6da4f => generated 12 bytes in 33 msecs (HTTP/1.1 200) 4 headers in 156 bytes (1 switches on core 0) [pid: 7|app: 0|req: 1275/2486] 10.0.0.67 () {34 vars in 669 bytes} [Sat Sep 12 05:24:28 2026] POST /v2.0/networks => generated 688 bytes in 625 msecs (HTTP/1.1 201) 4 headers in 162 bytes (1 switches on core 0)
2026-09-12 05:24:29.642 8 WARNING neutron.scheduler.dhcp_agent_scheduler [None req-73d5b2c1-6580-459d-8fe7-360bbbf42543 c163f511205f42079c9392606bb0f967 8107e9b0e2314d368cfee89dd8462253 - - default default] No more DHCP agents
2026-09-12 05:24:29.644 8 WARNING neutron.api.rpc.agentnotifiers.dhcp_rpc_agent_api [None req-73d5b2c1-6580-459d-8fe7-360bbbf42543 c163f511205f42079c9392606bb0f967 8107e9b0e2314d368cfee89dd8462253 - - default default] Unable to schedule network 48bf5cae-4f64-4ece-8a40-9241afa5cb53: no agents available; will retry on subsequent port and subnet creation events.
2026-09-12 05:24:29.728 7 INFO neutron.plugins.ml2.drivers.ovn.mech_driver.mech_driver [None req-b932afee-ab71-43ba-8b53-eab99808886a - - - - - -] OVN reports status down for port: e1e5d671-3627-4b73-b8fa-08cf5126cafa
2026-09-12 05:24:29.762 8 INFO neutron.db.ovn_revision_numbers_db [None req-73d5b2c1-6580-459d-8fe7-360bbbf42543 c163f511205f42079c9392606bb0f967 8107e9b0e2314d368cfee89dd8462253 - - default default] Successfully bumped revision number for resource e1e5d671-3627-4b73-b8fa-08cf5126cafa (type: ports) to 1
2026-09-12 05:24:29.809 8 WARNING neutron.scheduler.dhcp_agent_scheduler [None req-73d5b2c1-6580-459d-8fe7-360bbbf42543 c163f511205f42079c9392606bb0f967 8107e9b0e2314d368cfee89dd8462253 - - default default] No more DHCP agents
2026-09-12 05:24:29.810 8 WARNING neutron.api.rpc.agentnotifiers.dhcp_rpc_agent_api [None req-73d5b2c1-6580-459d-8fe7-360bbbf42543 c163f511205f42079c9392606bb0f967 8107e9b0e2314d368cfee89dd8462253 - - default default] Unable to schedule network 45f7f489-1d6c-47c9-bef9-2daa7b96aa54: no agents available; will retry on subsequent port and subnet creation events.
2026-09-12 05:24:29.886 7 INFO neutron.plugins.ml2.drivers.ovn.mech_driver.mech_driver [None req-b932afee-ab71-43ba-8b53-eab99808886a - - - - - -] OVN reports status down for port: 1851b532-3db6-4d25-b3fb-08b4597ff542
2026-09-12 05:24:29.930 8 INFO neutron.db.ovn_revision_numbers_db [None req-73d5b2c1-6580-459d-8fe7-360bbbf42543 c163f511205f42079c9392606bb0f967 8107e9b0e2314d368cfee89dd8462253 - - default default] Successfully bumped revision number for resource 1851b532-3db6-4d25-b3fb-08b4597ff542 (type: ports) to 1 [pid: 8|app: 0|req: 1212/2487] 10.0.0.67 () {34 vars in 664 bytes} [Sat Sep 12 05:24:29 2026] POST /v2.0/ports => generated 1506 bytes in 931 msecs (HTTP/1.1 201) 4 headers in 163 bytes (1 switches on core 0) /var/lib/openstack/lib/python3.12/site-packages/pycadf/identifier.py:70: UserWarning: Invalid uuid: neutron. To ensure interoperability, identifiers should be a valid uuid. warnings.warn(('Invalid uuid: %s. To ensure interoperability, ' [pid: 7|app: 0|req: 1276/2488] 10.0.0.67 () {32 vars in 642 bytes} [Sat Sep 12 05:24:29 2026] GET /v2.0/ports => generated 3018 bytes in 164 msecs (HTTP/1.1 200) 4 headers in 158 bytes (1 switches on core 0) [pid: 8|app: 0|req: 1213/2489] 10.0.0.21 () {34 vars in 989 bytes} [Sat Sep 12 05:24:30 2026] GET /v2.0/ports?device_id=08defca0-f3ac-4390-8999-e1ecb8e6da4f => generated 12 bytes in 28 msecs (HTTP/1.1 200) 4 headers in 156 bytes (1 switches on core 0)
2026-09-12 05:24:30.275 7 INFO neutron_taas.services.taas.taas_plugin [None req-92e4b3d1-2daf-4b90-881e-f48634d65ded c163f511205f42079c9392606bb0f967 8107e9b0e2314d368cfee89dd8462253 - - default default] TaaS: Handle Delete Port: e1e5d671-3627-4b73-b8fa-08cf5126cafa
2026-09-12 05:24:30.278 7 INFO neutron_taas.services.taas.tap_mirror_plugin [None req-92e4b3d1-2daf-4b90-881e-f48634d65ded c163f511205f42079c9392606bb0f967 8107e9b0e2314d368cfee89dd8462253 - - default default] Tap Mirror: Handle Delete Port: e1e5d671-3627-4b73-b8fa-08cf5126cafa [pid: 7|app: 0|req: 1277/2490] 10.0.0.67 () {32 vars in 719 bytes} [Sat Sep 12 05:24:30 2026] DELETE /v2.0/ports/e1e5d671-3627-4b73-b8fa-08cf5126cafa => generated 0 bytes in 241 msecs (HTTP/1.1 204) 3 headers in 131 bytes (1 switches on core 0)
2026-09-12 05:24:30.501 8 INFO neutron_taas.services.taas.taas_plugin [None req-07c4403a-7261-41d1-b544-97a9a1555423 c163f511205f42079c9392606bb0f967 8107e9b0e2314d368cfee89dd8462253 - - default default] TaaS: Handle Delete Port: 1851b532-3db6-4d25-b3fb-08b4597ff542
2026-09-12 05:24:30.504 8 INFO neutron_taas.services.taas.tap_mirror_plugin [None req-07c4403a-7261-41d1-b544-97a9a1555423 c163f511205f42079c9392606bb0f967 8107e9b0e2314d368cfee89dd8462253 - - default default] Tap Mirror: Handle Delete Port: 1851b532-3db6-4d25-b3fb-08b4597ff542 [pid: 8|app: 0|req: 1214/2491] 10.0.0.67 () {32 vars in 719 bytes} [Sat Sep 12 05:24:30 2026] DELETE /v2.0/ports/1851b532-3db6-4d25-b3fb-08b4597ff542 => generated 0 bytes in 236 msecs (HTTP/1.1 204) 3 headers in 131 bytes (1 switches on core 0) [pid: 7|app: 0|req: 1278/2492] 10.0.0.67 () {32 vars in 642 bytes} [Sat Sep 12 05:24:30 2026] GET /v2.0/ports => generated 1523 bytes in 65 msecs (HTTP/1.1 200) 4 headers in 158 bytes (1 switches on core 0)
2026-09-12 05:24:30.844 8 INFO neutron.db.segments_db [None req-0a191070-471b-4e39-ad88-95893eebdcf0 c163f511205f42079c9392606bb0f967 8107e9b0e2314d368cfee89dd8462253 - - default default] Added segment 9cdc2637-16bf-4557-8bd0-0de2ae93729d of type geneve for network 556b5305-842d-484d-a31b-bf49748f90df
2026-09-12 05:24:31.053 8 INFO neutron.db.ovn_revision_numbers_db [None req-0a191070-471b-4e39-ad88-95893eebdcf0 c163f511205f42079c9392606bb0f967 8107e9b0e2314d368cfee89dd8462253 - - default default] Successfully bumped revision number for resource 556b5305-842d-484d-a31b-bf49748f90df (type: networks) to 1
2026-09-12 05:24:31.244 8 WARNING neutron.scheduler.dhcp_agent_scheduler [None req-0a191070-471b-4e39-ad88-95893eebdcf0 c163f511205f42079c9392606bb0f967 8107e9b0e2314d368cfee89dd8462253 - - default default] No more DHCP agents
2026-09-12 05:24:31.245 8 WARNING neutron.api.rpc.agentnotifiers.dhcp_rpc_agent_api [None req-0a191070-471b-4e39-ad88-95893eebdcf0 c163f511205f42079c9392606bb0f967 8107e9b0e2314d368cfee89dd8462253 - - default default] Unable to schedule network 556b5305-842d-484d-a31b-bf49748f90df: no agents available; will retry on subsequent port and subnet creation events. [pid: 7|app: 0|req: 1279/2493] 10.0.0.21 () {34 vars in 989 bytes} [Sat Sep 12 05:24:31 2026] GET /v2.0/ports?device_id=08defca0-f3ac-4390-8999-e1ecb8e6da4f => generated 12 bytes in 45 msecs (HTTP/1.1 200) 4 headers in 156 bytes (1 switches on core 0)
2026-09-12 05:24:31.318 8 INFO neutron.plugins.ml2.drivers.ovn.mech_driver.mech_driver [None req-148a86e0-84ad-4fd9-a760-ca3dbb136816 - - - - - -] OVN reports status down for port: 9c81784c-447a-4a5f-aefc-c1b8582b9dcf
2026-09-12 05:24:31.409 8 INFO neutron.db.ovn_revision_numbers_db [None req-0a191070-471b-4e39-ad88-95893eebdcf0 c163f511205f42079c9392606bb0f967 8107e9b0e2314d368cfee89dd8462253 - - default default] Successfully bumped revision number for resource 9c81784c-447a-4a5f-aefc-c1b8582b9dcf (type: ports) to 1 [pid: 8|app: 0|req: 1215/2494] 10.0.0.67 () {34 vars in 669 bytes} [Sat Sep 12 05:24:30 2026] POST /v2.0/networks => generated 687 bytes in 751 msecs (HTTP/1.1 201) 4 headers in 162 bytes (1 switches on core 0)
2026-09-12 05:24:31.605 7 INFO neutron.db.segments_db [None req-ee6363d3-8fd5-43e7-906a-b1a20c407089 c163f511205f42079c9392606bb0f967 8107e9b0e2314d368cfee89dd8462253 - - default default] Added segment 2d53ecb6-79a3-4394-9fa6-6730de811c19 of type geneve for network 4651a047-e7b0-4299-b4c2-6fb3623a9594 [pid: 8|app: 0|req: 1216/2495] 10.0.0.67 () {32 vars in 720 bytes} [Sat Sep 12 05:24:31 2026] GET /v2.0/subnets/8dc9ccea-0fc7-4042-a0be-5539167aec15 => generated 676 bytes in 41 msecs (HTTP/1.1 200) 4 headers in 157 bytes (1 switches on core 0)
2026-09-12 05:24:31.764 7 INFO neutron.db.ovn_revision_numbers_db [None req-ee6363d3-8fd5-43e7-906a-b1a20c407089 c163f511205f42079c9392606bb0f967 8107e9b0e2314d368cfee89dd8462253 - - default default] Successfully bumped revision number for resource 4651a047-e7b0-4299-b4c2-6fb3623a9594 (type: networks) to 1
2026-09-12 05:24:31.964 7 WARNING neutron.scheduler.dhcp_agent_scheduler [None req-ee6363d3-8fd5-43e7-906a-b1a20c407089 c163f511205f42079c9392606bb0f967 8107e9b0e2314d368cfee89dd8462253 - - default default] No more DHCP agents
2026-09-12 05:24:31.965 7 WARNING neutron.api.rpc.agentnotifiers.dhcp_rpc_agent_api [None req-ee6363d3-8fd5-43e7-906a-b1a20c407089 c163f511205f42079c9392606bb0f967 8107e9b0e2314d368cfee89dd8462253 - - default default] Unable to schedule network 4651a047-e7b0-4299-b4c2-6fb3623a9594: no agents available; will retry on subsequent port and subnet creation events.
2026-09-12 05:24:32.020 7 INFO neutron.plugins.ml2.drivers.ovn.mech_driver.mech_driver [None req-b932afee-ab71-43ba-8b53-eab99808886a - - - - - -] OVN reports status down for port: c4520231-d6c9-4666-9593-0dad1d0f662b
2026-09-12 05:24:32.069 7 INFO neutron.db.ovn_revision_numbers_db [None req-ee6363d3-8fd5-43e7-906a-b1a20c407089 c163f511205f42079c9392606bb0f967 8107e9b0e2314d368cfee89dd8462253 - - default default] Successfully bumped revision number for resource c4520231-d6c9-4666-9593-0dad1d0f662b (type: ports) to 1 [pid: 7|app: 0|req: 1280/2496] 10.0.0.67 () {34 vars in 669 bytes} [Sat Sep 12 05:24:31 2026] POST /v2.0/networks => generated 688 bytes in 628 msecs (HTTP/1.1 201) 4 headers in 162 bytes (1 switches on core 0)
2026-09-12 05:24:32.617 8 WARNING neutron.scheduler.dhcp_agent_scheduler [None req-86cd7cc8-253c-4e32-b2eb-e75693cc34cd c163f511205f42079c9392606bb0f967 8107e9b0e2314d368cfee89dd8462253 - - default default] No more DHCP agents
2026-09-12 05:24:32.619 8 WARNING neutron.api.rpc.agentnotifiers.dhcp_rpc_agent_api [None req-86cd7cc8-253c-4e32-b2eb-e75693cc34cd c163f511205f42079c9392606bb0f967 8107e9b0e2314d368cfee89dd8462253 - - default default] Unable to schedule network 556b5305-842d-484d-a31b-bf49748f90df: no agents available; will retry on subsequent port and subnet creation events. [pid: 7|app: 0|req: 1281/2497] 10.0.0.67 () {32 vars in 739 bytes} [Sat Sep 12 05:24:32 2026] DELETE /v2.0/security-groups/361d21dc-8af7-4729-97e8-dedaf1db9f49 => generated 0 bytes in 168 msecs (HTTP/1.1 204) 2 headers in 112 bytes (1 switches on core 0)
2026-09-12 05:24:32.736 7 INFO neutron.api.v2.resource [None req-834b32b4-4215-40b5-9bc2-d21f0e10a437 a84a488ba2524ac49e43a0446a11623a 01f660092644426cafa53721e2a1b3ba - - default default] show failed (client error): The resource could not be found. [pid: 7|app: 0|req: 1282/2498] 10.0.0.67 () {32 vars in 736 bytes} [Sat Sep 12 05:24:32 2026] GET /v2.0/security-groups/361d21dc-8af7-4729-97e8-dedaf1db9f49 => generated 146 bytes in 15 msecs (HTTP/1.1 404) 4 headers in 164 bytes (1 switches on core 0)
2026-09-12 05:24:32.906 7 INFO neutron_taas.services.taas.taas_plugin [None req-db62c446-0d2d-4529-81b5-4fc7ed2522ef a84a488ba2524ac49e43a0446a11623a 01f660092644426cafa53721e2a1b3ba - - default default] TaaS: Handle Delete Port: 4eebd6be-ecfc-4404-a93a-d81f47ff24cf
2026-09-12 05:24:32.911 7 INFO neutron_taas.services.taas.tap_mirror_plugin [None req-db62c446-0d2d-4529-81b5-4fc7ed2522ef a84a488ba2524ac49e43a0446a11623a 01f660092644426cafa53721e2a1b3ba - - default default] Tap Mirror: Handle Delete Port: 4eebd6be-ecfc-4404-a93a-d81f47ff24cf
2026-09-12 05:24:33.077 8 INFO neutron.db.ovn_revision_numbers_db [None req-86cd7cc8-253c-4e32-b2eb-e75693cc34cd c163f511205f42079c9392606bb0f967 8107e9b0e2314d368cfee89dd8462253 - - default default] Successfully bumped revision number for resource 9c81784c-447a-4a5f-aefc-c1b8582b9dcf (type: ports) to 2
2026-09-12 05:24:33.115 8 INFO neutron.db.ovn_revision_numbers_db [None req-86cd7cc8-253c-4e32-b2eb-e75693cc34cd c163f511205f42079c9392606bb0f967 8107e9b0e2314d368cfee89dd8462253 - - default default] Successfully bumped revision number for resource 2fb17bde-a248-4efb-96c6-38b7737c3981 (type: subnets) to 0
2026-09-12 05:24:33.150 8 WARNING neutron.scheduler.dhcp_agent_scheduler [None req-86cd7cc8-253c-4e32-b2eb-e75693cc34cd c163f511205f42079c9392606bb0f967 8107e9b0e2314d368cfee89dd8462253 - - default default] No more DHCP agents
2026-09-12 05:24:33.151 8 WARNING neutron.api.rpc.agentnotifiers.dhcp_rpc_agent_api [None req-86cd7cc8-253c-4e32-b2eb-e75693cc34cd c163f511205f42079c9392606bb0f967 8107e9b0e2314d368cfee89dd8462253 - - default default] Unable to schedule network 4651a047-e7b0-4299-b4c2-6fb3623a9594: no agents available; will retry on subsequent port and subnet creation events. [pid: 7|app: 0|req: 1283/2499] 10.0.0.67 () {32 vars in 731 bytes} [Sat Sep 12 05:24:32 2026] DELETE /v2.0/floatingips/82a6e16b-5cf5-4257-a5c6-389bca9a7786 => generated 0 bytes in 420 msecs (HTTP/1.1 204) 2 headers in 112 bytes (1 switches on core 0) [pid: 7|app: 0|req: 1284/2500] 10.0.0.169 () {30 vars in 690 bytes} [Sat Sep 12 05:24:33 2026] GET /v2.0/extensions/security-group => generated 170 bytes in 65 msecs (HTTP/1.1 200) 4 headers in 157 bytes (1 switches on core 0) [pid: 7|app: 0|req: 1285/2501] 10.0.0.67 () {32 vars in 739 bytes} [Sat Sep 12 05:24:33 2026] DELETE /v2.0/security-groups/962a3801-6c95-47af-9d36-4281a9d09b2a => generated 0 bytes in 194 msecs (HTTP/1.1 204) 2 headers in 112 bytes (1 switches on core 0) [pid: 7|app: 0|req: 1286/2502] 10.0.0.169 () {30 vars in 692 bytes} [Sat Sep 12 05:24:33 2026] GET /v2.0/extensions/dns-integration => generated 172 bytes in 3 msecs (HTTP/1.1 200) 4 headers in 157 bytes (1 switches on core 0) [pid: 7|app: 0|req: 1287/2503] 10.0.0.169 () {30 vars in 668 bytes} [Sat Sep 12 05:24:33 2026] GET /v2.0/extensions/qos => generated 166 bytes in 3 msecs (HTTP/1.1 200) 4 headers in 157 bytes (1 switches on core 0) [pid: 7|app: 0|req: 1288/2504] 10.0.0.169 () {30 vars in 704 bytes} [Sat Sep 12 05:24:33 2026] GET /v2.0/extensions/allowed-address-pairs => generated 184 bytes in 3 msecs (HTTP/1.1 200) 4 headers in 157 bytes (1 switches on core 0)
2026-09-12 05:24:33.609 8 INFO neutron.db.ovn_revision_numbers_db [None req-86cd7cc8-253c-4e32-b2eb-e75693cc34cd c163f511205f42079c9392606bb0f967 8107e9b0e2314d368cfee89dd8462253 - - default default] Successfully bumped revision number for resource c4520231-d6c9-4666-9593-0dad1d0f662b (type: ports) to 2
2026-09-12 05:24:33.646 8 INFO neutron.db.ovn_revision_numbers_db [None req-86cd7cc8-253c-4e32-b2eb-e75693cc34cd c163f511205f42079c9392606bb0f967 8107e9b0e2314d368cfee89dd8462253 - - default default] Successfully bumped revision number for resource 3337edd9-6274-4808-8b69-f9f5250f6544 (type: subnets) to 0 [pid: 8|app: 0|req: 1217/2505] 10.0.0.67 () {34 vars in 668 bytes} [Sat Sep 12 05:24:32 2026] POST /v2.0/subnets => generated 1274 bytes in 1541 msecs (HTTP/1.1 201) 4 headers in 163 bytes (1 switches on core 0) [pid: 8|app: 0|req: 1218/2506] 10.0.0.67 () {32 vars in 646 bytes} [Sat Sep 12 05:24:33 2026] GET /v2.0/subnets => generated 1910 bytes in 29 msecs (HTTP/1.1 200) 4 headers in 158 bytes (1 switches on core 0)
2026-09-12 05:24:33.761 7 INFO neutron_taas.services.taas.taas_plugin [None req-b880f4be-9824-416f-92d9-3dd39c400eff e538f910181d452982b322bb6a1dcb30 a4f76882aadc4ec2a9c8a59c09fafb56 - - default default] TaaS: Handle Delete Port: 519401cb-56de-4018-bdbf-30865af1e9ac
2026-09-12 05:24:33.765 7 INFO neutron_taas.services.taas.tap_mirror_plugin [None req-b880f4be-9824-416f-92d9-3dd39c400eff e538f910181d452982b322bb6a1dcb30 a4f76882aadc4ec2a9c8a59c09fafb56 - - default default] Tap Mirror: Handle Delete Port: 519401cb-56de-4018-bdbf-30865af1e9ac [pid: 8|app: 0|req: 1219/2507] 10.0.0.67 () {32 vars in 723 bytes} [Sat Sep 12 05:24:33 2026] DELETE /v2.0/subnets/2fb17bde-a248-4efb-96c6-38b7737c3981 => generated 0 bytes in 185 msecs (HTTP/1.1 204) 3 headers in 131 bytes (1 switches on core 0) [pid: 8|app: 0|req: 1220/2508] 10.0.0.67 () {32 vars in 723 bytes} [Sat Sep 12 05:24:33 2026] DELETE /v2.0/subnets/3337edd9-6274-4808-8b69-f9f5250f6544 => generated 0 bytes in 200 msecs (HTTP/1.1 204) 3 headers in 131 bytes (1 switches on core 0) [pid: 8|app: 0|req: 1221/2509] 10.0.0.169 () {28 vars in 439 bytes} [Sat Sep 12 05:24:34 2026] GET / => generated 151 bytes in 1 msecs (HTTP/1.1 200) 3 headers in 91 bytes (1 switches on core 0) [pid: 8|app: 0|req: 1222/2510] 10.0.0.67 () {32 vars in 646 bytes} [Sat Sep 12 05:24:34 2026] GET /v2.0/subnets => generated 649 bytes in 31 msecs (HTTP/1.1 200) 4 headers in 157 bytes (1 switches on core 0) [pid: 8|app: 0|req: 1223/2511] 10.0.0.169 () {30 vars in 728 bytes} [Sat Sep 12 05:24:34 2026] GET /v2.0/subnets/8dc9ccea-0fc7-4042-a0be-5539167aec15 => generated 658 bytes in 24 msecs (HTTP/1.1 200) 4 headers in 157 bytes (1 switches on core 0)
2026-09-12 05:24:34.248 8 INFO neutron_taas.services.taas.taas_plugin [None req-cb96532b-e021-4dc2-abb7-173be6cc59b8 c163f511205f42079c9392606bb0f967 8107e9b0e2314d368cfee89dd8462253 - - default default] TaaS: Handle Delete Port: c4520231-d6c9-4666-9593-0dad1d0f662b
2026-09-12 05:24:34.251 8 INFO neutron_taas.services.taas.tap_mirror_plugin [None req-cb96532b-e021-4dc2-abb7-173be6cc59b8 c163f511205f42079c9392606bb0f967 8107e9b0e2314d368cfee89dd8462253 - - default default] Tap Mirror: Handle Delete Port: c4520231-d6c9-4666-9593-0dad1d0f662b
2026-09-12 05:24:34.420 8 INFO neutron.services.segments.plugin [-] Segment 2d53ecb6-79a3-4394-9fa6-6730de811c19 resource provider aggregate not found
2026-09-12 05:24:34.430 8 INFO neutron.services.segments.plugin [-] Segment 2d53ecb6-79a3-4394-9fa6-6730de811c19 resource provider aggregate not found [pid: 7|app: 0|req: 1289/2512] 10.0.0.67 () {34 vars in 788 bytes} [Sat Sep 12 05:24:33 2026] PUT /v2.0/routers/755de362-bd4a-4d67-9c86-47faa95d11dd/remove_router_interface => generated 310 bytes in 991 msecs (HTTP/1.1 200) 4 headers in 157 bytes (1 switches on core 0)
2026-09-12 05:24:34.453 8 INFO neutron.services.segments.plugin [-] Client error retrieving segment 2d53ecb6-79a3-4394-9fa6-6730de811c19 resource provider; error: Placement Client Error (4xx): {"errors": [{"status": 404, "title": "Not Found", "detail": "The resource could not be found.\n\n No resource provider with uuid 2d53ecb6-79a3-4394-9fa6-6730de811c19 found for delete ", "request_id": "req-0235f071-d0e8-4b28-aedc-b96a7b4309b9"}]} /var/lib/openstack/lib/python3.12/site-packages/pycadf/identifier.py:70: UserWarning: Invalid uuid: neutron. To ensure interoperability, identifiers should be a valid uuid. warnings.warn(('Invalid uuid: %s. To ensure interoperability, ' [pid: 7|app: 0|req: 1290/2513] 10.0.0.169 () {30 vars in 690 bytes} [Sat Sep 12 05:24:34 2026] GET /v2.0/extensions/security-group => generated 170 bytes in 12 msecs (HTTP/1.1 200) 4 headers in 157 bytes (1 switches on core 0)
2026-09-12 05:24:34.465 8 INFO neutron.services.segments.plugin [-] Client error retrieving segment 2d53ecb6-79a3-4394-9fa6-6730de811c19 resource provider; error: Placement Client Error (4xx): {"errors": [{"status": 404, "title": "Not Found", "detail": "The resource could not be found.\n\n No resource provider with uuid 2d53ecb6-79a3-4394-9fa6-6730de811c19 found for delete ", "request_id": "req-622f0855-75c9-4e74-b3dc-37d3d3d7b90f"}]} [pid: 8|app: 0|req: 1224/2514] 10.0.0.67 () {32 vars in 725 bytes} [Sat Sep 12 05:24:34 2026] DELETE /v2.0/networks/4651a047-e7b0-4299-b4c2-6fb3623a9594 => generated 0 bytes in 347 msecs (HTTP/1.1 204) 3 headers in 131 bytes (1 switches on core 0) [pid: 8|app: 0|req: 1225/2515] 10.0.0.169 () {30 vars in 692 bytes} [Sat Sep 12 05:24:34 2026] GET /v2.0/extensions/dns-integration => generated 172 bytes in 5 msecs (HTTP/1.1 200) 4 headers in 157 bytes (1 switches on core 0)
2026-09-12 05:24:34.675 8 INFO neutron_taas.services.taas.taas_plugin [None req-e432d703-1074-4c40-b150-d85ed8340d59 c163f511205f42079c9392606bb0f967 8107e9b0e2314d368cfee89dd8462253 - - default default] TaaS: Handle Delete Port: 9c81784c-447a-4a5f-aefc-c1b8582b9dcf
2026-09-12 05:24:34.680 8 INFO neutron_taas.services.taas.tap_mirror_plugin [None req-e432d703-1074-4c40-b150-d85ed8340d59 c163f511205f42079c9392606bb0f967 8107e9b0e2314d368cfee89dd8462253 - - default default] Tap Mirror: Handle Delete Port: 9c81784c-447a-4a5f-aefc-c1b8582b9dcf
2026-09-12 05:24:34.874 7 INFO neutron_taas.services.taas.taas_plugin [None req-5dfddb49-d37c-4525-9ed4-9dfd0b29b1a5 e538f910181d452982b322bb6a1dcb30 a4f76882aadc4ec2a9c8a59c09fafb56 - - default default] TaaS: Handle Delete Port: 9323d742-b324-48e8-93e1-102ed52c978d
2026-09-12 05:24:34.880 7 INFO neutron_taas.services.taas.tap_mirror_plugin [None req-5dfddb49-d37c-4525-9ed4-9dfd0b29b1a5 e538f910181d452982b322bb6a1dcb30 a4f76882aadc4ec2a9c8a59c09fafb56 - - default default] Tap Mirror: Handle Delete Port: 9323d742-b324-48e8-93e1-102ed52c978d [pid: 8|app: 0|req: 1226/2516] 10.0.0.67 () {32 vars in 725 bytes} [Sat Sep 12 05:24:34 2026] DELETE /v2.0/networks/556b5305-842d-484d-a31b-bf49748f90df => generated 0 bytes in 466 msecs (HTTP/1.1 204) 3 headers in 131 bytes (1 switches on core 0) [pid: 8|app: 0|req: 1227/2517] 10.0.0.169 () {30 vars in 668 bytes} [Sat Sep 12 05:24:34 2026] GET /v2.0/extensions/qos => generated 166 bytes in 10 msecs (HTTP/1.1 200) 4 headers in 157 bytes (1 switches on core 0)
2026-09-12 05:24:35.160 8 INFO neutron_taas.services.taas.taas_plugin [None req-a986dbca-3e6a-41f4-a132-eb60eaa98e7e c163f511205f42079c9392606bb0f967 8107e9b0e2314d368cfee89dd8462253 - - default default] TaaS: Handle Delete Port: 5020ea2e-d75e-4b4b-b4a8-00bd6e199e5b
2026-09-12 05:24:35.163 8 INFO neutron_taas.services.taas.tap_mirror_plugin [None req-a986dbca-3e6a-41f4-a132-eb60eaa98e7e c163f511205f42079c9392606bb0f967 8107e9b0e2314d368cfee89dd8462253 - - default default] Tap Mirror: Handle Delete Port: 5020ea2e-d75e-4b4b-b4a8-00bd6e199e5b [pid: 8|app: 0|req: 1228/2518] 10.0.0.67 () {32 vars in 725 bytes} [Sat Sep 12 05:24:34 2026] DELETE /v2.0/networks/45f7f489-1d6c-47c9-bef9-2daa7b96aa54 => generated 0 bytes in 421 msecs (HTTP/1.1 204) 3 headers in 131 bytes (1 switches on core 0) [pid: 8|app: 0|req: 1229/2519] 10.0.0.169 () {30 vars in 704 bytes} [Sat Sep 12 05:24:35 2026] GET /v2.0/extensions/allowed-address-pairs => generated 184 bytes in 4 msecs (HTTP/1.1 200) 4 headers in 157 bytes (1 switches on core 0) [pid: 7|app: 0|req: 1291/2520] 10.0.0.67 () {32 vars in 723 bytes} [Sat Sep 12 05:24:34 2026] DELETE /v2.0/routers/755de362-bd4a-4d67-9c86-47faa95d11dd => generated 0 bytes in 1046 msecs (HTTP/1.1 204) 2 headers in 112 bytes (1 switches on core 0)
2026-09-12 05:24:35.542 8 INFO neutron_taas.services.taas.taas_plugin [None req-f21b730a-c46e-4824-b136-647e99411c0d c163f511205f42079c9392606bb0f967 8107e9b0e2314d368cfee89dd8462253 - - default default] TaaS: Handle Delete Port: 015cb54a-30f0-4f52-917d-1a3f3a060c63
2026-09-12 05:24:35.545 8 INFO neutron_taas.services.taas.tap_mirror_plugin [None req-f21b730a-c46e-4824-b136-647e99411c0d c163f511205f42079c9392606bb0f967 8107e9b0e2314d368cfee89dd8462253 - - default default] Tap Mirror: Handle Delete Port: 015cb54a-30f0-4f52-917d-1a3f3a060c63 [pid: 7|app: 0|req: 1292/2521] 10.0.0.169 () {30 vars in 728 bytes} [Sat Sep 12 05:24:35 2026] GET /v2.0/subnets/8dc9ccea-0fc7-4042-a0be-5539167aec15 => generated 676 bytes in 41 msecs (HTTP/1.1 200) 4 headers in 157 bytes (1 switches on core 0) [pid: 7|app: 0|req: 1293/2522] 10.0.0.67 () {32 vars in 723 bytes} [Sat Sep 12 05:24:35 2026] DELETE /v2.0/subnets/da3a3891-3870-4f6c-9c9a-3f3393b8034e => generated 0 bytes in 185 msecs (HTTP/1.1 204) 3 headers in 131 bytes (1 switches on core 0) [pid: 8|app: 0|req: 1230/2523] 10.0.0.67 () {32 vars in 725 bytes} [Sat Sep 12 05:24:35 2026] DELETE /v2.0/networks/48bf5cae-4f64-4ece-8a40-9241afa5cb53 => generated 0 bytes in 347 msecs (HTTP/1.1 204) 3 headers in 131 bytes (1 switches on core 0) [pid: 8|app: 0|req: 1231/2524] 10.0.0.169 () {30 vars in 690 bytes} [Sat Sep 12 05:24:35 2026] GET /v2.0/extensions/security-group => generated 170 bytes in 4 msecs (HTTP/1.1 200) 4 headers in 157 bytes (1 switches on core 0) [pid: 8|app: 0|req: 1232/2525] 10.0.0.169 () {30 vars in 692 bytes} [Sat Sep 12 05:24:35 2026] GET /v2.0/extensions/dns-integration => generated 172 bytes in 4 msecs (HTTP/1.1 200) 4 headers in 157 bytes (1 switches on core 0) [pid: 8|app: 0|req: 1233/2526] 10.0.0.169 () {30 vars in 668 bytes} [Sat Sep 12 05:24:35 2026] GET /v2.0/extensions/qos => generated 166 bytes in 4 msecs (HTTP/1.1 200) 4 headers in 157 bytes (1 switches on core 0) [pid: 8|app: 0|req: 1234/2527] 10.0.0.169 () {30 vars in 704 bytes} [Sat Sep 12 05:24:35 2026] GET /v2.0/extensions/allowed-address-pairs => generated 184 bytes in 4 msecs (HTTP/1.1 200) 4 headers in 157 bytes (1 switches on core 0)
2026-09-12 05:24:35.855 7 INFO neutron_taas.services.taas.taas_plugin [None req-ba59cacd-5193-4373-a318-328b9bfd3fd9 e538f910181d452982b322bb6a1dcb30 a4f76882aadc4ec2a9c8a59c09fafb56 - - default default] TaaS: Handle Delete Port: cf2e4cfd-06f5-4afa-a630-d1a824c967b4
2026-09-12 05:24:35.860 7 INFO neutron_taas.services.taas.tap_mirror_plugin [None req-ba59cacd-5193-4373-a318-328b9bfd3fd9 e538f910181d452982b322bb6a1dcb30 a4f76882aadc4ec2a9c8a59c09fafb56 - - default default] Tap Mirror: Handle Delete Port: cf2e4cfd-06f5-4afa-a630-d1a824c967b4 [pid: 8|app: 0|req: 1235/2528] 10.0.0.169 () {30 vars in 730 bytes} [Sat Sep 12 05:24:35 2026] GET /v2.0/networks/a5ae4278-cbec-4a77-8adf-ea72cd3ed60a => generated 840 bytes in 45 msecs (HTTP/1.1 200) 4 headers in 157 bytes (1 switches on core 0) [pid: 8|app: 0|req: 1236/2529] 10.0.0.169 () {30 vars in 682 bytes} [Sat Sep 12 05:24:35 2026] GET /v2.0/extensions/project-id => generated 204 bytes in 4 msecs (HTTP/1.1 200) 4 headers in 157 bytes (1 switches on core 0)
2026-09-12 05:24:36.139 7 INFO neutron.services.segments.plugin [-] Segment 9ddcd446-a952-45ee-bc46-25d805eb4033 resource provider aggregate not found
2026-09-12 05:24:36.160 7 INFO neutron.services.segments.plugin [-] Segment 9ddcd446-a952-45ee-bc46-25d805eb4033 resource provider aggregate not found
2026-09-12 05:24:36.176 7 INFO neutron.services.segments.plugin [-] Client error retrieving segment 9ddcd446-a952-45ee-bc46-25d805eb4033 resource provider; error: Placement Client Error (4xx): {"errors": [{"status": 404, "title": "Not Found", "detail": "The resource could not be found.\n\n No resource provider with uuid 9ddcd446-a952-45ee-bc46-25d805eb4033 found for delete ", "request_id": "req-230ca619-dd16-4bab-99d7-2e91fabcbb80"}]}
2026-09-12 05:24:36.186 8 WARNING neutron.scheduler.dhcp_agent_scheduler [None req-33fad917-8dcf-48dd-a7d3-a23092354a63 e538f910181d452982b322bb6a1dcb30 a4f76882aadc4ec2a9c8a59c09fafb56 - - default default] No more DHCP agents
2026-09-12 05:24:36.187 8 WARNING neutron.api.rpc.agentnotifiers.dhcp_rpc_agent_api [None req-33fad917-8dcf-48dd-a7d3-a23092354a63 e538f910181d452982b322bb6a1dcb30 a4f76882aadc4ec2a9c8a59c09fafb56 - - default default] Unable to schedule network a5ae4278-cbec-4a77-8adf-ea72cd3ed60a: no agents available; will retry on subsequent port and subnet creation events.
2026-09-12 05:24:36.196 7 INFO neutron.services.segments.plugin [-] Client error retrieving segment 9ddcd446-a952-45ee-bc46-25d805eb4033 resource provider; error: Placement Client Error (4xx): {"errors": [{"status": 404, "title": "Not Found", "detail": "The resource could not be found.\n\n No resource provider with uuid 9ddcd446-a952-45ee-bc46-25d805eb4033 found for delete ", "request_id": "req-4bf72f97-4bd5-41e2-9d3d-b3377f47cf6a"}]} [pid: 7|app: 0|req: 1294/2530] 10.0.0.67 () {32 vars in 725 bytes} [Sat Sep 12 05:24:35 2026] DELETE /v2.0/networks/b1971b02-22d3-4f0c-91d2-6f02345719ae => generated 0 bytes in 470 msecs (HTTP/1.1 204) 3 headers in 131 bytes (1 switches on core 0)
2026-09-12 05:24:36.302 8 INFO neutron.plugins.ml2.drivers.ovn.mech_driver.mech_driver [None req-148a86e0-84ad-4fd9-a760-ca3dbb136816 - - - - - -] OVN reports status down for port: ad73e598-ab6b-40db-912d-b36bfbb92596
2026-09-12 05:24:36.367 8 INFO neutron.db.ovn_revision_numbers_db [None req-33fad917-8dcf-48dd-a7d3-a23092354a63 e538f910181d452982b322bb6a1dcb30 a4f76882aadc4ec2a9c8a59c09fafb56 - - default default] Successfully bumped revision number for resource ad73e598-ab6b-40db-912d-b36bfbb92596 (type: ports) to 1 [pid: 8|app: 0|req: 1237/2531] 10.0.0.169 () {34 vars in 704 bytes} [Sat Sep 12 05:24:35 2026] POST /v2.0/ports => generated 1132 bytes in 496 msecs (HTTP/1.1 201) 4 headers in 163 bytes (1 switches on core 0)
2026-09-12 05:24:36.479 8 INFO neutron.services.segments.plugin [-] Segment 9cdc2637-16bf-4557-8bd0-0de2ae93729d resource provider aggregate not found
2026-09-12 05:24:36.491 8 INFO neutron.services.segments.plugin [-] Segment 9cdc2637-16bf-4557-8bd0-0de2ae93729d resource provider aggregate not found
2026-09-12 05:24:36.497 8 INFO neutron.services.segments.plugin [-] Client error retrieving segment 9cdc2637-16bf-4557-8bd0-0de2ae93729d resource provider; error: Placement Client Error (4xx): {"errors": [{"status": 404, "title": "Not Found", "detail": "The resource could not be found.\n\n No resource provider with uuid 9cdc2637-16bf-4557-8bd0-0de2ae93729d found for delete ", "request_id": "req-0ec7bd32-e0ee-43a3-a7d1-d94833444d99"}]}
2026-09-12 05:24:36.514 8 INFO neutron.services.segments.plugin [-] Segment 7903b0d5-e9bc-4913-aec1-e90fdc104799 resource provider aggregate not found
2026-09-12 05:24:36.522 8 INFO neutron.services.segments.plugin [-] Client error retrieving segment 9cdc2637-16bf-4557-8bd0-0de2ae93729d resource provider; error: Placement Client Error (4xx): {"errors": [{"status": 404, "title": "Not Found", "detail": "The resource could not be found.\n\n No resource provider with uuid 9cdc2637-16bf-4557-8bd0-0de2ae93729d found for delete ", "request_id": "req-9423b5f3-0226-4b46-b304-5eac4f8032a1"}]}
2026-09-12 05:24:36.533 8 INFO neutron.services.segments.plugin [-] Client error retrieving segment 7903b0d5-e9bc-4913-aec1-e90fdc104799 resource provider; error: Placement Client Error (4xx): {"errors": [{"status": 404, "title": "Not Found", "detail": "The resource could not be found.\n\n No resource provider with uuid 7903b0d5-e9bc-4913-aec1-e90fdc104799 found for delete ", "request_id": "req-61606923-110d-4148-9b28-882064b416f5"}]} /var/lib/openstack/lib/python3.12/site-packages/pycadf/identifier.py:70: UserWarning: Invalid uuid: neutron. To ensure interoperability, identifiers should be a valid uuid. warnings.warn(('Invalid uuid: %s. To ensure interoperability, '
2026-09-12 05:24:36.543 8 WARNING neutron.db.securitygroups_db [None req-1134bfdc-f6f6-4c2d-bf53-73ac52bad6d4 e538f910181d452982b322bb6a1dcb30 a4f76882aadc4ec2a9c8a59c09fafb56 - - default default] project_id key not found in filters, using tenant_id instead. This support has been deprecated and will be removed in a future release.
2026-09-12 05:24:36.546 8 INFO neutron.services.segments.plugin [-] Segment 7903b0d5-e9bc-4913-aec1-e90fdc104799 resource provider aggregate not found
2026-09-12 05:24:36.560 8 INFO neutron.services.segments.plugin [-] Client error retrieving segment 7903b0d5-e9bc-4913-aec1-e90fdc104799 resource provider; error: Placement Client Error (4xx): {"errors": [{"status": 404, "title": "Not Found", "detail": "The resource could not be found.\n\n No resource provider with uuid 7903b0d5-e9bc-4913-aec1-e90fdc104799 found for delete ", "request_id": "req-55879b33-186c-4f16-aace-1c5a2ca82ce6"}]}
2026-09-12 05:24:36.567 8 INFO neutron.services.segments.plugin [-] Segment de879f32-8d32-40c5-89ed-fff1ec4d930d resource provider aggregate not found
2026-09-12 05:24:36.580 8 INFO neutron.services.segments.plugin [-] Segment de879f32-8d32-40c5-89ed-fff1ec4d930d resource provider aggregate not found
2026-09-12 05:24:36.586 8 INFO neutron.services.segments.plugin [-] Client error retrieving segment de879f32-8d32-40c5-89ed-fff1ec4d930d resource provider; error: Placement Client Error (4xx): {"errors": [{"status": 404, "title": "Not Found", "detail": "The resource could not be found.\n\n No resource provider with uuid de879f32-8d32-40c5-89ed-fff1ec4d930d found for delete ", "request_id": "req-2025bfd2-dc8a-481a-9f23-e9e23f12183e"}]} [pid: 8|app: 0|req: 1238/2532] 10.0.0.67 () {32 vars in 773 bytes} [Sat Sep 12 05:24:36 2026] GET /v2.0/security-groups?tenant_id=8107e9b0e2314d368cfee89dd8462253&name=default => generated 2925 bytes in 180 msecs (HTTP/1.1 200) 4 headers in 158 bytes (1 switches on core 0)
2026-09-12 05:24:36.598 8 INFO neutron.services.segments.plugin [-] Client error retrieving segment de879f32-8d32-40c5-89ed-fff1ec4d930d resource provider; error: Placement Client Error (4xx): {"errors": [{"status": 404, "title": "Not Found", "detail": "The resource could not be found.\n\n No resource provider with uuid de879f32-8d32-40c5-89ed-fff1ec4d930d found for delete ", "request_id": "req-4d77c621-f73a-47e9-a59f-a0b0a273120b"}]}
2026-09-12 05:24:36.628 7 INFO neutron_taas.services.taas.taas_plugin [None req-5f810b57-4e17-4a89-a341-c04fd0470f0d e538f910181d452982b322bb6a1dcb30 a4f76882aadc4ec2a9c8a59c09fafb56 - - default default] TaaS: Handle Delete Port: f2a384d3-ec0f-4886-a66b-28f1458be0e9
2026-09-12 05:24:36.632 7 INFO neutron_taas.services.taas.tap_mirror_plugin [None req-5f810b57-4e17-4a89-a341-c04fd0470f0d e538f910181d452982b322bb6a1dcb30 a4f76882aadc4ec2a9c8a59c09fafb56 - - default default] Tap Mirror: Handle Delete Port: f2a384d3-ec0f-4886-a66b-28f1458be0e9 [pid: 8|app: 0|req: 1239/2533] 10.0.0.67 () {32 vars in 739 bytes} [Sat Sep 12 05:24:36 2026] DELETE /v2.0/security-groups/198be4cf-a5ad-4506-91e3-cd265c1256b9 => generated 0 bytes in 180 msecs (HTTP/1.1 204) 2 headers in 112 bytes (1 switches on core 0) [pid: 7|app: 0|req: 1295/2534] 10.0.0.67 () {34 vars in 788 bytes} [Sat Sep 12 05:24:36 2026] PUT /v2.0/routers/56af63c4-8b44-4bd9-8285-2752fdcbf091/remove_router_interface => generated 310 bytes in 1012 msecs (HTTP/1.1 200) 4 headers in 157 bytes (1 switches on core 0)
2026-09-12 05:24:37.550 8 INFO neutron_taas.services.taas.taas_plugin [None req-88dbd568-e392-4e77-a435-f4250d28a25e e538f910181d452982b322bb6a1dcb30 a4f76882aadc4ec2a9c8a59c09fafb56 - - default default] TaaS: Handle Delete Port: 91d3ef93-d2cb-405c-b6f1-6fa2cc2ffc16
2026-09-12 05:24:37.553 8 INFO neutron_taas.services.taas.tap_mirror_plugin [None req-88dbd568-e392-4e77-a435-f4250d28a25e e538f910181d452982b322bb6a1dcb30 a4f76882aadc4ec2a9c8a59c09fafb56 - - default default] Tap Mirror: Handle Delete Port: 91d3ef93-d2cb-405c-b6f1-6fa2cc2ffc16 [pid: 8|app: 0|req: 1240/2535] 10.0.0.67 () {32 vars in 723 bytes} [Sat Sep 12 05:24:37 2026] DELETE /v2.0/routers/56af63c4-8b44-4bd9-8285-2752fdcbf091 => generated 0 bytes in 735 msecs (HTTP/1.1 204) 2 headers in 112 bytes (1 switches on core 0) /var/lib/openstack/lib/python3.12/site-packages/pycadf/identifier.py:70: UserWarning: Invalid uuid: neutron. To ensure interoperability, identifiers should be a valid uuid. warnings.warn(('Invalid uuid: %s. To ensure interoperability, ' [pid: 7|app: 0|req: 1296/2536] 10.0.0.67 () {32 vars in 723 bytes} [Sat Sep 12 05:24:37 2026] DELETE /v2.0/subnets/d6cbd9ce-6346-4079-a0a7-781cf6d226f1 => generated 0 bytes in 228 msecs (HTTP/1.1 204) 3 headers in 131 bytes (1 switches on core 0)
2026-09-12 05:24:38.339 8 INFO neutron_taas.services.taas.taas_plugin [None req-18613ff4-0247-4417-a0d1-a2a7907638bf e538f910181d452982b322bb6a1dcb30 a4f76882aadc4ec2a9c8a59c09fafb56 - - default default] TaaS: Handle Delete Port: 2d479e36-efde-45f4-80b4-fd90f3430e71
2026-09-12 05:24:38.341 8 INFO neutron_taas.services.taas.tap_mirror_plugin [None req-18613ff4-0247-4417-a0d1-a2a7907638bf e538f910181d452982b322bb6a1dcb30 a4f76882aadc4ec2a9c8a59c09fafb56 - - default default] Tap Mirror: Handle Delete Port: 2d479e36-efde-45f4-80b4-fd90f3430e71 [pid: 8|app: 0|req: 1241/2537] 10.0.0.67 () {32 vars in 725 bytes} [Sat Sep 12 05:24:38 2026] DELETE /v2.0/networks/4ce819ac-4f17-45b9-871e-5d818b8c2c2d => generated 0 bytes in 323 msecs (HTTP/1.1 204) 3 headers in 131 bytes (1 switches on core 0)
2026-09-12 05:24:38.601 8 INFO neutron.services.segments.plugin [-] Segment 12aba635-65d6-4970-a4df-31198333902b resource provider aggregate not found
2026-09-12 05:24:38.617 8 INFO neutron.services.segments.plugin [-] Client error retrieving segment 12aba635-65d6-4970-a4df-31198333902b resource provider; error: Placement Client Error (4xx): {"errors": [{"status": 404, "title": "Not Found", "detail": "The resource could not be found.\n\n No resource provider with uuid 12aba635-65d6-4970-a4df-31198333902b found for delete ", "request_id": "req-58c74759-3dc6-4173-b2f4-ba6b02f8f65e"}]}
2026-09-12 05:24:38.625 8 INFO neutron.services.segments.plugin [-] Segment 12aba635-65d6-4970-a4df-31198333902b resource provider aggregate not found
2026-09-12 05:24:38.636 8 INFO neutron.services.segments.plugin [-] Client error retrieving segment 12aba635-65d6-4970-a4df-31198333902b resource provider; error: Placement Client Error (4xx): {"errors": [{"status": 404, "title": "Not Found", "detail": "The resource could not be found.\n\n No resource provider with uuid 12aba635-65d6-4970-a4df-31198333902b found for delete ", "request_id": "req-c21ae62e-6c64-4cbd-8209-693c353eacfa"}]}
2026-09-12 05:24:38.831 8 WARNING neutron.db.securitygroups_db [None req-d5a407b9-1445-4062-b59f-fcbd71447ae0 e538f910181d452982b322bb6a1dcb30 a4f76882aadc4ec2a9c8a59c09fafb56 - - default default] project_id key not found in filters, using tenant_id instead. This support has been deprecated and will be removed in a future release. [pid: 8|app: 0|req: 1242/2538] 10.0.0.67 () {32 vars in 773 bytes} [Sat Sep 12 05:24:38 2026] GET /v2.0/security-groups?tenant_id=501c957caef54b40b42a151d7e15c4d0&name=default => generated 2925 bytes in 24 msecs (HTTP/1.1 200) 4 headers in 158 bytes (1 switches on core 0)
2026-09-12 05:24:39.010 7 INFO neutron.db.ovn_revision_numbers_db [None req-3f9fa4ac-fd1d-4950-940a-7c9a691087d4 003c4217d43149b7ae62bc8b622a4055 93ef3b111a3d402a826a9a6ad47cb443 - - default default] Successfully bumped revision number for resource 05037156-ba8c-4647-8d01-f673644997c3 (type: security_groups) to 1
2026-09-12 05:24:39.023 7 INFO neutron.db.ovn_revision_numbers_db [None req-3f9fa4ac-fd1d-4950-940a-7c9a691087d4 003c4217d43149b7ae62bc8b622a4055 93ef3b111a3d402a826a9a6ad47cb443 - - default default] Successfully bumped revision number for resource 01c521e0-eff4-4dc1-9a78-cf101c17c2fa (type: security_group_rules) to 0
2026-09-12 05:24:39.033 7 INFO neutron.db.ovn_revision_numbers_db [None req-3f9fa4ac-fd1d-4950-940a-7c9a691087d4 003c4217d43149b7ae62bc8b622a4055 93ef3b111a3d402a826a9a6ad47cb443 - - default default] Successfully bumped revision number for resource d03df35c-007c-42af-b54b-66f358296beb (type: security_group_rules) to 0
2026-09-12 05:24:39.048 7 INFO neutron.db.ovn_revision_numbers_db [None req-3f9fa4ac-fd1d-4950-940a-7c9a691087d4 003c4217d43149b7ae62bc8b622a4055 93ef3b111a3d402a826a9a6ad47cb443 - - default default] Successfully bumped revision number for resource e7dd03eb-1ec0-47cd-9880-962356c962d2 (type: security_group_rules) to 0
2026-09-12 05:24:39.060 7 INFO neutron.db.ovn_revision_numbers_db [None req-3f9fa4ac-fd1d-4950-940a-7c9a691087d4 003c4217d43149b7ae62bc8b622a4055 93ef3b111a3d402a826a9a6ad47cb443 - - default default] Successfully bumped revision number for resource fec65ba8-e888-456d-811d-96f47d48694b (type: security_group_rules) to 0 [pid: 8|app: 0|req: 1243/2539] 10.0.0.67 () {32 vars in 739 bytes} [Sat Sep 12 05:24:38 2026] DELETE /v2.0/security-groups/1a9d63d3-2767-46aa-b6df-a615a11c8d59 => generated 0 bytes in 232 msecs (HTTP/1.1 204) 2 headers in 112 bytes (1 switches on core 0)
2026-09-12 05:24:39.153 7 INFO neutron.db.segments_db [None req-3f9fa4ac-fd1d-4950-940a-7c9a691087d4 003c4217d43149b7ae62bc8b622a4055 93ef3b111a3d402a826a9a6ad47cb443 - - default default] Added segment 766e34dd-7425-49c3-bb67-64790c5c0eea of type geneve for network de9425d5-a13a-4674-8b03-149a3cfcad3c
