2026-09-12 05:21:52.455 7 INFO neutron.db.ovn_revision_numbers_db [None req-296a72a5-3b74-49a8-80db-b1ca458bec3e e538f910181d452982b322bb6a1dcb30 a4f76882aadc4ec2a9c8a59c09fafb56 - - default default] Successfully bumped revision number for resource 3241e3b6-0dfc-4011-900b-79fae4645aa1 (type: security_group_rules) to 0
2026-09-12 05:21:52.471 7 INFO neutron.db.ovn_revision_numbers_db [None req-296a72a5-3b74-49a8-80db-b1ca458bec3e e538f910181d452982b322bb6a1dcb30 a4f76882aadc4ec2a9c8a59c09fafb56 - - default default] Successfully bumped revision number for resource 49d9baf4-8fe3-4994-877a-406137b63177 (type: security_group_rules) to 0
2026-09-12 05:21:52.487 7 INFO neutron.db.ovn_revision_numbers_db [None req-296a72a5-3b74-49a8-80db-b1ca458bec3e e538f910181d452982b322bb6a1dcb30 a4f76882aadc4ec2a9c8a59c09fafb56 - - default default] Successfully bumped revision number for resource 53c0202f-acef-426c-9c55-0aa8bf29f842 (type: security_group_rules) to 0
2026-09-12 05:21:52.503 7 INFO neutron.db.ovn_revision_numbers_db [None req-296a72a5-3b74-49a8-80db-b1ca458bec3e e538f910181d452982b322bb6a1dcb30 a4f76882aadc4ec2a9c8a59c09fafb56 - - default default] Successfully bumped revision number for resource d9ac0402-beba-4e5f-96d6-d644b3c28ce4 (type: security_group_rules) to 0 [pid: 7|app: 0|req: 674/1390] 10.0.0.67 () {32 vars in 773 bytes} [Sat Sep 12 05:21:52 2026] GET /v2.0/security-groups?tenant_id=8eceb158aa9c4be78b2f34d2865054bd&name=default => generated 2925 bytes in 407 msecs (HTTP/1.1 200) 4 headers in 158 bytes (1 switches on core 0)
2026-09-12 05:21:52.577 8 INFO neutron.db.ovn_revision_numbers_db [None req-2d2afc3d-d7e9-4a2e-9812-3f3400e1e31e 45f946fe1dca4ec0a6aee9adab1d1bfe 8d90f49cce88449aaacf3fd131f8808e - - default default] Successfully bumped revision number for resource 99541416-0d5c-4327-a7c5-ee25eb3c4614 (type: networks) to 1 [pid: 7|app: 0|req: 675/1391] 10.0.0.21 () {34 vars in 989 bytes} [Sat Sep 12 05:21:52 2026] GET /v2.0/ports?device_id=fa4f113f-6ad9-494b-a013-d1fdb771d6fa => generated 12 bytes in 24 msecs (HTTP/1.1 200) 4 headers in 156 bytes (1 switches on core 0)
2026-09-12 05:21:52.758 8 WARNING neutron.scheduler.dhcp_agent_scheduler [None req-2d2afc3d-d7e9-4a2e-9812-3f3400e1e31e 45f946fe1dca4ec0a6aee9adab1d1bfe 8d90f49cce88449aaacf3fd131f8808e - - default default] No more DHCP agents
2026-09-12 05:21:52.759 8 WARNING neutron.api.rpc.agentnotifiers.dhcp_rpc_agent_api [None req-2d2afc3d-d7e9-4a2e-9812-3f3400e1e31e 45f946fe1dca4ec0a6aee9adab1d1bfe 8d90f49cce88449aaacf3fd131f8808e - - default default] Unable to schedule network 99541416-0d5c-4327-a7c5-ee25eb3c4614: no agents available; will retry on subsequent port and subnet creation events. [pid: 7|app: 0|req: 676/1392] 10.0.0.67 () {32 vars in 739 bytes} [Sat Sep 12 05:21:52 2026] DELETE /v2.0/security-groups/c0cfb164-86de-47a2-bab6-a5ab3c68f231 => generated 0 bytes in 235 msecs (HTTP/1.1 204) 2 headers in 112 bytes (1 switches on core 0)
2026-09-12 05:21:52.838 8 INFO neutron.plugins.ml2.drivers.ovn.mech_driver.mech_driver [None req-53e1450f-6568-4273-a66a-31d7d270af67 - - - - - -] OVN reports status down for port: a3998549-d43b-40e7-874d-0604aa9ef18c
2026-09-12 05:21:52.951 8 INFO neutron.db.ovn_revision_numbers_db [None req-2d2afc3d-d7e9-4a2e-9812-3f3400e1e31e 45f946fe1dca4ec0a6aee9adab1d1bfe 8d90f49cce88449aaacf3fd131f8808e - - default default] Successfully bumped revision number for resource a3998549-d43b-40e7-874d-0604aa9ef18c (type: ports) to 1 [pid: 8|app: 0|req: 717/1393] 10.0.0.67 () {34 vars in 670 bytes} [Sat Sep 12 05:21:51 2026] POST /v2.0/networks => generated 671 bytes in 1210 msecs (HTTP/1.1 201) 4 headers in 162 bytes (1 switches on core 0)
2026-09-12 05:21:53.466 7 WARNING neutron.scheduler.dhcp_agent_scheduler [None req-299f0b03-1392-45b1-ab5d-91b990c98177 45f946fe1dca4ec0a6aee9adab1d1bfe 8d90f49cce88449aaacf3fd131f8808e - - default default] No more DHCP agents
2026-09-12 05:21:53.468 7 WARNING neutron.api.rpc.agentnotifiers.dhcp_rpc_agent_api [None req-299f0b03-1392-45b1-ab5d-91b990c98177 45f946fe1dca4ec0a6aee9adab1d1bfe 8d90f49cce88449aaacf3fd131f8808e - - default default] Unable to schedule network 6256638f-cbbc-4f49-9130-ccf40bdf245a: no agents available; will retry on subsequent port and subnet creation events.
2026-09-12 05:21:53.573 8 INFO neutron.plugins.ml2.drivers.ovn.mech_driver.mech_driver [None req-53e1450f-6568-4273-a66a-31d7d270af67 - - - - - -] OVN reports status down for port: 117bfe84-6340-4021-97c7-1e4a005eefcb
2026-09-12 05:21:53.612 7 INFO neutron.db.ovn_revision_numbers_db [None req-299f0b03-1392-45b1-ab5d-91b990c98177 45f946fe1dca4ec0a6aee9adab1d1bfe 8d90f49cce88449aaacf3fd131f8808e - - default default] Successfully bumped revision number for resource 117bfe84-6340-4021-97c7-1e4a005eefcb (type: ports) to 1 [pid: 8|app: 0|req: 718/1394] 10.0.0.21 () {34 vars in 989 bytes} [Sat Sep 12 05:21:53 2026] GET /v2.0/ports?device_id=fa4f113f-6ad9-494b-a013-d1fdb771d6fa => generated 12 bytes in 25 msecs (HTTP/1.1 200) 4 headers in 156 bytes (1 switches on core 0)
2026-09-12 05:21:54.358 8 INFO neutron.plugins.ml2.drivers.ovn.mech_driver.mech_driver [None req-53e1450f-6568-4273-a66a-31d7d270af67 - - - - - -] OVN reports status up for port: 117bfe84-6340-4021-97c7-1e4a005eefcb
2026-09-12 05:21:54.362 8 INFO neutron.plugins.ml2.drivers.ovn.mech_driver.ovsdb.ovsdb_monitor [None req-12c5375e-8878-46e1-b3da-eec7101f8a83 - - - - - -] Router 8ea3ae97-58dc-44ba-8cc3-c9d7531e2108 is bound to host instance
2026-09-12 05:21:54.386 8 INFO neutron.plugins.ml2.plugin [None req-53e1450f-6568-4273-a66a-31d7d270af67 - - - - - -] Attempt 1 to provision port 117bfe84-6340-4021-97c7-1e4a005eefcb
2026-09-12 05:21:54.386 7 INFO neutron.db.ovn_revision_numbers_db [None req-299f0b03-1392-45b1-ab5d-91b990c98177 45f946fe1dca4ec0a6aee9adab1d1bfe 8d90f49cce88449aaacf3fd131f8808e - - default default] Successfully bumped revision number for resource 117bfe84-6340-4021-97c7-1e4a005eefcb (type: router_ports) to 1
2026-09-12 05:21:54.453 7 INFO neutron.db.ovn_revision_numbers_db [None req-299f0b03-1392-45b1-ab5d-91b990c98177 45f946fe1dca4ec0a6aee9adab1d1bfe 8d90f49cce88449aaacf3fd131f8808e - - default default] Successfully bumped revision number for resource 8ea3ae97-58dc-44ba-8cc3-c9d7531e2108 (type: routers) to 2 [pid: 7|app: 0|req: 677/1395] 10.0.0.67 () {34 vars in 668 bytes} [Sat Sep 12 05:21:53 2026] POST /v2.0/routers => generated 975 bytes in 1428 msecs (HTTP/1.1 201) 4 headers in 162 bytes (1 switches on core 0)
2026-09-12 05:21:54.712 7 WARNING neutron.db.securitygroups_db [None req-0aaaeb2f-dafb-4420-91ed-698d2c3e1aba e538f910181d452982b322bb6a1dcb30 a4f76882aadc4ec2a9c8a59c09fafb56 - - default default] project_id key not found in filters, using tenant_id instead. This support has been deprecated and will be removed in a future release. [pid: 8|app: 0|req: 719/1396] 10.0.0.67 () {32 vars in 775 bytes} [Sat Sep 12 05:21:54 2026] GET /v2.0/subnets?project_id=8d90f49cce88449aaacf3fd131f8808e&cidr=10.100.0.0%2F28 => generated 14 bytes in 294 msecs (HTTP/1.1 200) 4 headers in 156 bytes (1 switches on core 0)
2026-09-12 05:21:54.889 7 INFO neutron.db.ovn_revision_numbers_db [None req-0aaaeb2f-dafb-4420-91ed-698d2c3e1aba e538f910181d452982b322bb6a1dcb30 a4f76882aadc4ec2a9c8a59c09fafb56 - - default default] Successfully bumped revision number for resource 02676c47-cac3-4c2b-9161-1ed83c99a465 (type: security_groups) to 1
2026-09-12 05:21:54.913 7 INFO neutron.db.ovn_revision_numbers_db [None req-0aaaeb2f-dafb-4420-91ed-698d2c3e1aba e538f910181d452982b322bb6a1dcb30 a4f76882aadc4ec2a9c8a59c09fafb56 - - default default] Successfully bumped revision number for resource 3c9a2dda-47f4-41aa-b8cf-2e23fa140e2e (type: security_group_rules) to 0
2026-09-12 05:21:54.944 7 INFO neutron.db.ovn_revision_numbers_db [None req-0aaaeb2f-dafb-4420-91ed-698d2c3e1aba e538f910181d452982b322bb6a1dcb30 a4f76882aadc4ec2a9c8a59c09fafb56 - - default default] Successfully bumped revision number for resource 5f9284b0-e07f-4770-90b8-10788eb8c02a (type: security_group_rules) to 0
2026-09-12 05:21:54.970 7 INFO neutron.db.ovn_revision_numbers_db [None req-0aaaeb2f-dafb-4420-91ed-698d2c3e1aba e538f910181d452982b322bb6a1dcb30 a4f76882aadc4ec2a9c8a59c09fafb56 - - default default] Successfully bumped revision number for resource 77ff2171-f2eb-42b7-8e8c-e8cdc9943cb6 (type: security_group_rules) to 0 [pid: 8|app: 0|req: 722/1399] 10.0.0.67 () {32 vars in 693 bytes} [Sat Sep 12 05:21:54 2026] GET /v2.0/networks?router%3Aexternal=True => generated 791 bytes in 194 msecs (HTTP/1.1 200) 4 headers in 157 bytes (1 switches on core 0)
2026-09-12 05:21:55.000 7 INFO neutron.db.ovn_revision_numbers_db [None req-0aaaeb2f-dafb-4420-91ed-698d2c3e1aba e538f910181d452982b322bb6a1dcb30 a4f76882aadc4ec2a9c8a59c09fafb56 - - default default] Successfully bumped revision number for resource 8a6d312b-48e4-40fd-a074-2238ab96275d (type: security_group_rules) to 0 [pid: 8|app: 0|req: 723/1400] 10.0.0.21 () {34 vars in 989 bytes} [Sat Sep 12 05:21:54 2026] GET /v2.0/ports?device_id=fa4f113f-6ad9-494b-a013-d1fdb771d6fa => generated 12 bytes in 43 msecs (HTTP/1.1 200) 4 headers in 156 bytes (1 switches on core 0) [pid: 8|app: 0|req: 724/1401] 10.0.0.67 () {32 vars in 783 bytes} [Sat Sep 12 05:21:55 2026] GET /v2.0/subnets?network_id=6256638f-cbbc-4f49-9130-ccf40bdf245a&cidr=10.100.0.0%2F28 => generated 14 bytes in 30 msecs (HTTP/1.1 200) 4 headers in 156 bytes (1 switches on core 0) [pid: 7|app: 0|req: 678/1402] 10.0.0.67 () {32 vars in 773 bytes} [Sat Sep 12 05:21:54 2026] GET /v2.0/security-groups?tenant_id=a7c2d7bc12064faca32324c1f4f7d1cc&name=default => generated 2925 bytes in 557 msecs (HTTP/1.1 200) 4 headers in 158 bytes (1 switches on core 0) [pid: 7|app: 0|req: 679/1403] 10.0.0.67 () {32 vars in 739 bytes} [Sat Sep 12 05:21:55 2026] DELETE /v2.0/security-groups/02676c47-cac3-4c2b-9161-1ed83c99a465 => generated 0 bytes in 171 msecs (HTTP/1.1 204) 2 headers in 112 bytes (1 switches on core 0)
2026-09-12 05:21:55.369 7 WARNING neutron.db.securitygroups_db [None req-bfe60bc1-cbb1-4fdd-b299-44e07f7e300c e538f910181d452982b322bb6a1dcb30 a4f76882aadc4ec2a9c8a59c09fafb56 - - default default] project_id key not found in filters, using tenant_id instead. This support has been deprecated and will be removed in a future release.
2026-09-12 05:21:55.369 8 WARNING neutron.scheduler.dhcp_agent_scheduler [None req-f5ce393c-4bf5-406b-93c4-a469a770b0fe 45f946fe1dca4ec0a6aee9adab1d1bfe 8d90f49cce88449aaacf3fd131f8808e - - default default] No more DHCP agents
2026-09-12 05:21:55.378 8 WARNING neutron.api.rpc.agentnotifiers.dhcp_rpc_agent_api [None req-f5ce393c-4bf5-406b-93c4-a469a770b0fe 45f946fe1dca4ec0a6aee9adab1d1bfe 8d90f49cce88449aaacf3fd131f8808e - - default default] Unable to schedule network 99541416-0d5c-4327-a7c5-ee25eb3c4614: no agents available; will retry on subsequent port and subnet creation events.
2026-09-12 05:21:55.508 7 INFO neutron.db.ovn_revision_numbers_db [None req-bfe60bc1-cbb1-4fdd-b299-44e07f7e300c e538f910181d452982b322bb6a1dcb30 a4f76882aadc4ec2a9c8a59c09fafb56 - - default default] Successfully bumped revision number for resource 0609eddb-d0a8-4021-ab91-3f6163b3ff60 (type: security_groups) to 1
2026-09-12 05:21:55.531 7 INFO neutron.db.ovn_revision_numbers_db [None req-bfe60bc1-cbb1-4fdd-b299-44e07f7e300c e538f910181d452982b322bb6a1dcb30 a4f76882aadc4ec2a9c8a59c09fafb56 - - default default] Successfully bumped revision number for resource 01de6b02-5487-4bcf-909a-94face2058c2 (type: security_group_rules) to 0
2026-09-12 05:21:55.547 7 INFO neutron.db.ovn_revision_numbers_db [None req-bfe60bc1-cbb1-4fdd-b299-44e07f7e300c e538f910181d452982b322bb6a1dcb30 a4f76882aadc4ec2a9c8a59c09fafb56 - - default default] Successfully bumped revision number for resource 1499d3df-8e53-47fd-87a5-0d2037c92ccf (type: security_group_rules) to 0
2026-09-12 05:21:55.563 7 INFO neutron.db.ovn_revision_numbers_db [None req-bfe60bc1-cbb1-4fdd-b299-44e07f7e300c e538f910181d452982b322bb6a1dcb30 a4f76882aadc4ec2a9c8a59c09fafb56 - - default default] Successfully bumped revision number for resource 3147f0ab-c1f0-498e-911e-3b8f8392c219 (type: security_group_rules) to 0
2026-09-12 05:21:55.577 7 INFO neutron.db.ovn_revision_numbers_db [None req-bfe60bc1-cbb1-4fdd-b299-44e07f7e300c e538f910181d452982b322bb6a1dcb30 a4f76882aadc4ec2a9c8a59c09fafb56 - - default default] Successfully bumped revision number for resource 66af0643-373a-44e8-8f8d-11848e92c158 (type: security_group_rules) to 0 [pid: 7|app: 0|req: 680/1404] 10.0.0.67 () {32 vars in 773 bytes} [Sat Sep 12 05:21:55 2026] GET /v2.0/security-groups?tenant_id=0ae7e16fbf604b2b8c04ef15b36c7c1c&name=default => generated 2925 bytes in 253 msecs (HTTP/1.1 200) 4 headers in 158 bytes (1 switches on core 0)
2026-09-12 05:21:55.623 8 INFO neutron.db.ovn_revision_numbers_db [None req-d169d977-a87f-4ea4-b3c2-728555c3f494 - - - - - -] Successfully bumped revision number for resource 117bfe84-6340-4021-97c7-1e4a005eefcb (type: ports) to 4 [pid: 7|app: 0|req: 681/1405] 10.0.0.67 () {32 vars in 739 bytes} [Sat Sep 12 05:21:55 2026] DELETE /v2.0/security-groups/0609eddb-d0a8-4021-ab91-3f6163b3ff60 => generated 0 bytes in 274 msecs (HTTP/1.1 204) 2 headers in 112 bytes (1 switches on core 0) [pid: 7|app: 0|req: 682/1406] 10.0.0.67 () {32 vars in 739 bytes} [Sat Sep 12 05:21:56 2026] DELETE /v2.0/security-groups/13b37690-1df8-47d9-86c4-a0639f1f2287 => generated 0 bytes in 207 msecs (HTTP/1.1 204) 2 headers in 112 bytes (1 switches on core 0)
2026-09-12 05:21:56.321 7 INFO neutron.api.v2.resource [None req-7929d9c7-e982-4309-ba08-d9bef4a872ae 626781a3c3314cd7bbbd5e2451fdfe54 a632142d342444cca735823f49697636 - - default default] show failed (client error): The resource could not be found. [pid: 7|app: 0|req: 683/1407] 10.0.0.67 () {32 vars in 736 bytes} [Sat Sep 12 05:21:56 2026] GET /v2.0/security-groups/13b37690-1df8-47d9-86c4-a0639f1f2287 => generated 146 bytes in 27 msecs (HTTP/1.1 404) 4 headers in 164 bytes (1 switches on core 0)
2026-09-12 05:21:56.415 8 INFO neutron.db.ovn_revision_numbers_db [None req-f5ce393c-4bf5-406b-93c4-a469a770b0fe 45f946fe1dca4ec0a6aee9adab1d1bfe 8d90f49cce88449aaacf3fd131f8808e - - default default] Successfully bumped revision number for resource a3998549-d43b-40e7-874d-0604aa9ef18c (type: ports) to 2
2026-09-12 05:21:56.421 8 INFO neutron.db.ovn_revision_numbers_db [None req-d169d977-a87f-4ea4-b3c2-728555c3f494 - - - - - -] Successfully bumped revision number for resource 117bfe84-6340-4021-97c7-1e4a005eefcb (type: ports) to 5
2026-09-12 05:21:56.466 7 INFO neutron_taas.services.taas.taas_plugin [None req-b4edc629-edb0-4e2b-ac8c-181f96a1edb1 626781a3c3314cd7bbbd5e2451fdfe54 a632142d342444cca735823f49697636 - - default default] TaaS: Handle Delete Port: 0c608fbe-5564-45c8-8f39-2f423540d8a9
2026-09-12 05:21:56.469 7 INFO neutron_taas.services.taas.tap_mirror_plugin [None req-b4edc629-edb0-4e2b-ac8c-181f96a1edb1 626781a3c3314cd7bbbd5e2451fdfe54 a632142d342444cca735823f49697636 - - default default] Tap Mirror: Handle Delete Port: 0c608fbe-5564-45c8-8f39-2f423540d8a9
2026-09-12 05:21:56.487 8 INFO neutron.db.ovn_revision_numbers_db [None req-f5ce393c-4bf5-406b-93c4-a469a770b0fe 45f946fe1dca4ec0a6aee9adab1d1bfe 8d90f49cce88449aaacf3fd131f8808e - - default default] Successfully bumped revision number for resource 86529ef8-71ee-4041-897e-0e814b89fc79 (type: subnets) to 0 [pid: 8|app: 0|req: 725/1408] 10.0.0.67 () {34 vars in 668 bytes} [Sat Sep 12 05:21:55 2026] POST /v2.0/subnets => generated 657 bytes in 1480 msecs (HTTP/1.1 201) 4 headers in 162 bytes (1 switches on core 0) [pid: 7|app: 0|req: 684/1409] 10.0.0.67 () {32 vars in 731 bytes} [Sat Sep 12 05:21:56 2026] DELETE /v2.0/floatingips/1d1ad97d-910b-4dcc-b932-b6ff8a86e3fa => generated 0 bytes in 345 msecs (HTTP/1.1 204) 2 headers in 112 bytes (1 switches on core 0)
2026-09-12 05:21:56.999 7 INFO neutron_taas.services.taas.taas_plugin [None req-411c4abd-6830-484e-8821-4a8fc5cea29d e538f910181d452982b322bb6a1dcb30 a4f76882aadc4ec2a9c8a59c09fafb56 - - default default] TaaS: Handle Delete Port: d014819b-461a-400e-ac90-9cd25de765ad
2026-09-12 05:21:57.002 7 INFO neutron_taas.services.taas.tap_mirror_plugin [None req-411c4abd-6830-484e-8821-4a8fc5cea29d e538f910181d452982b322bb6a1dcb30 a4f76882aadc4ec2a9c8a59c09fafb56 - - default default] Tap Mirror: Handle Delete Port: d014819b-461a-400e-ac90-9cd25de765ad
2026-09-12 05:21:57.185 8 WARNING neutron.scheduler.dhcp_agent_scheduler [None req-55bd66ea-63ca-472c-82b8-2560d574a669 45f946fe1dca4ec0a6aee9adab1d1bfe 8d90f49cce88449aaacf3fd131f8808e - - default default] No more DHCP agents
2026-09-12 05:21:57.187 8 WARNING neutron.api.rpc.agentnotifiers.dhcp_rpc_agent_api [None req-55bd66ea-63ca-472c-82b8-2560d574a669 45f946fe1dca4ec0a6aee9adab1d1bfe 8d90f49cce88449aaacf3fd131f8808e - - default default] Unable to schedule network 99541416-0d5c-4327-a7c5-ee25eb3c4614: no agents available; will retry on subsequent port and subnet creation events.
2026-09-12 05:21:57.363 8 INFO neutron.plugins.ml2.drivers.ovn.mech_driver.mech_driver [None req-53e1450f-6568-4273-a66a-31d7d270af67 - - - - - -] OVN reports status down for port: 16987a1e-cdb6-4afc-bce7-37d0062d56a0
2026-09-12 05:21:57.438 8 INFO neutron.db.ovn_revision_numbers_db [None req-55bd66ea-63ca-472c-82b8-2560d574a669 45f946fe1dca4ec0a6aee9adab1d1bfe 8d90f49cce88449aaacf3fd131f8808e - - default default] Successfully bumped revision number for resource 16987a1e-cdb6-4afc-bce7-37d0062d56a0 (type: ports) to 1 [pid: 7|app: 0|req: 685/1410] 10.0.0.67 () {34 vars in 788 bytes} [Sat Sep 12 05:21:56 2026] PUT /v2.0/routers/abbd27ea-4343-4395-94c9-ac208dd646b9/remove_router_interface => generated 310 bytes in 1317 msecs (HTTP/1.1 200) 4 headers in 157 bytes (1 switches on core 0)
2026-09-12 05:21:58.164 8 INFO neutron.plugins.ml2.drivers.ovn.mech_driver.mech_driver [None req-53e1450f-6568-4273-a66a-31d7d270af67 - - - - - -] OVN reports status up for port: 16987a1e-cdb6-4afc-bce7-37d0062d56a0
2026-09-12 05:21:58.194 8 INFO neutron.plugins.ml2.plugin [None req-53e1450f-6568-4273-a66a-31d7d270af67 - - - - - -] Attempt 1 to provision port 16987a1e-cdb6-4afc-bce7-37d0062d56a0 /var/lib/openstack/lib/python3.12/site-packages/pycadf/identifier.py:70: UserWarning: Invalid uuid: neutron. To ensure interoperability, identifiers should be a valid uuid. warnings.warn(('Invalid uuid: %s. To ensure interoperability, '
2026-09-12 05:21:58.316 8 WARNING neutron.scheduler.dhcp_agent_scheduler [None req-55bd66ea-63ca-472c-82b8-2560d574a669 45f946fe1dca4ec0a6aee9adab1d1bfe 8d90f49cce88449aaacf3fd131f8808e - - default default] No more DHCP agents
2026-09-12 05:21:58.319 8 WARNING neutron.api.rpc.agentnotifiers.dhcp_rpc_agent_api [None req-55bd66ea-63ca-472c-82b8-2560d574a669 45f946fe1dca4ec0a6aee9adab1d1bfe 8d90f49cce88449aaacf3fd131f8808e - - default default] Unable to schedule network 99541416-0d5c-4327-a7c5-ee25eb3c4614: no agents available; will retry on subsequent port and subnet creation events.
2026-09-12 05:21:58.508 7 WARNING neutron.scheduler.dhcp_agent_scheduler [None req-3ea7d564-a445-4eaf-b1f0-c041ac0031e0 4200af5140c74c4ca2c1d99a042d0f17 710c170f8074423db98d277d8ed04f27 - - default default] No more DHCP agents
2026-09-12 05:21:58.509 7 WARNING neutron.api.rpc.agentnotifiers.dhcp_rpc_agent_api [None req-3ea7d564-a445-4eaf-b1f0-c041ac0031e0 4200af5140c74c4ca2c1d99a042d0f17 710c170f8074423db98d277d8ed04f27 - - default default] Unable to schedule network 6256638f-cbbc-4f49-9130-ccf40bdf245a: no agents available; will retry on subsequent port and subnet creation events.
2026-09-12 05:21:58.858 7 INFO neutron.common.ovn.utils [None req-a340f4ce-7811-41d5-8e92-7ca9108138b4 - - - - - -] HA Chassis Group neutron-99541416-0d5c-4327-a7c5-ee25eb3c4614 synchronized; highest priority chassis ae3a5ef1-102c-4159-a76d-c004f22359d9 [pid: 7|app: 0|req: 686/1411] 10.0.0.67 () {34 vars in 675 bytes} [Sat Sep 12 05:21:57 2026] POST /v2.0/floatingips => generated 552 bytes in 925 msecs (HTTP/1.1 201) 4 headers in 162 bytes (1 switches on core 0)
2026-09-12 05:21:59.004 8 INFO neutron.db.ovn_revision_numbers_db [None req-55bd66ea-63ca-472c-82b8-2560d574a669 45f946fe1dca4ec0a6aee9adab1d1bfe 8d90f49cce88449aaacf3fd131f8808e - - default default] Successfully bumped revision number for resource 16987a1e-cdb6-4afc-bce7-37d0062d56a0 (type: router_ports) to 1 [pid: 8|app: 0|req: 726/1412] 10.0.0.67 () {34 vars in 782 bytes} [Sat Sep 12 05:21:56 2026] PUT /v2.0/routers/8ea3ae97-58dc-44ba-8cc3-c9d7531e2108/add_router_interface => generated 310 bytes in 2471 msecs (HTTP/1.1 200) 4 headers in 157 bytes (1 switches on core 0)
2026-09-12 05:21:59.096 8 INFO neutron.db.ovn_revision_numbers_db [None req-53e1450f-6568-4273-a66a-31d7d270af67 - - - - - -] Successfully bumped revision number for resource 16987a1e-cdb6-4afc-bce7-37d0062d56a0 (type: ports) to 2
2026-09-12 05:21:59.324 7 INFO neutron_taas.services.taas.taas_plugin [None req-15640e7c-ec93-4c18-b673-5ce10284e1e8 e538f910181d452982b322bb6a1dcb30 a4f76882aadc4ec2a9c8a59c09fafb56 - - default default] TaaS: Handle Delete Port: ce189cc7-1f11-444f-bb59-48f5adcac500
2026-09-12 05:21:59.327 7 INFO neutron_taas.services.taas.tap_mirror_plugin [None req-15640e7c-ec93-4c18-b673-5ce10284e1e8 e538f910181d452982b322bb6a1dcb30 a4f76882aadc4ec2a9c8a59c09fafb56 - - default default] Tap Mirror: Handle Delete Port: ce189cc7-1f11-444f-bb59-48f5adcac500
2026-09-12 05:21:59.431 8 WARNING neutron.scheduler.dhcp_agent_scheduler [None req-d189b8d8-a5e5-45b2-a2e3-ec61981328c3 4200af5140c74c4ca2c1d99a042d0f17 710c170f8074423db98d277d8ed04f27 - - default default] No more DHCP agents
2026-09-12 05:21:59.433 8 WARNING neutron.api.rpc.agentnotifiers.dhcp_rpc_agent_api [None req-d189b8d8-a5e5-45b2-a2e3-ec61981328c3 4200af5140c74c4ca2c1d99a042d0f17 710c170f8074423db98d277d8ed04f27 - - default default] Unable to schedule network 6256638f-cbbc-4f49-9130-ccf40bdf245a: no agents available; will retry on subsequent port and subnet creation events. [pid: 8|app: 0|req: 727/1413] 10.0.0.67 () {34 vars in 675 bytes} [Sat Sep 12 05:21:59 2026] POST /v2.0/floatingips => generated 552 bytes in 749 msecs (HTTP/1.1 201) 4 headers in 162 bytes (1 switches on core 0) [pid: 7|app: 0|req: 687/1414] 10.0.0.67 () {32 vars in 723 bytes} [Sat Sep 12 05:21:58 2026] DELETE /v2.0/routers/abbd27ea-4343-4395-94c9-ac208dd646b9 => generated 0 bytes in 906 msecs (HTTP/1.1 204) 2 headers in 112 bytes (1 switches on core 0) [pid: 8|app: 0|req: 728/1415] 10.0.0.67 () {32 vars in 648 bytes} [Sat Sep 12 05:21:59 2026] GET /v2.0/networks => generated 3874 bytes in 130 msecs (HTTP/1.1 200) 4 headers in 158 bytes (1 switches on core 0) [pid: 8|app: 0|req: 729/1416] 10.0.0.67 () {32 vars in 723 bytes} [Sat Sep 12 05:21:59 2026] DELETE /v2.0/subnets/f14fd8cb-2d5d-4524-9730-6d59597d1a86 => generated 0 bytes in 193 msecs (HTTP/1.1 204) 3 headers in 131 bytes (1 switches on core 0) [pid: 8|app: 0|req: 730/1417] 10.0.0.67 () {32 vars in 646 bytes} [Sat Sep 12 05:22:00 2026] GET /v2.0/subnets => generated 1973 bytes in 38 msecs (HTTP/1.1 200) 4 headers in 158 bytes (1 switches on core 0)
2026-09-12 05:22:00.141 7 WARNING neutron.scheduler.dhcp_agent_scheduler [None req-9fd66159-47e1-4668-9580-5b15b6b3e8ef 4200af5140c74c4ca2c1d99a042d0f17 710c170f8074423db98d277d8ed04f27 - - default default] No more DHCP agents
2026-09-12 05:22:00.143 7 WARNING neutron.api.rpc.agentnotifiers.dhcp_rpc_agent_api [None req-9fd66159-47e1-4668-9580-5b15b6b3e8ef 4200af5140c74c4ca2c1d99a042d0f17 710c170f8074423db98d277d8ed04f27 - - default default] Unable to schedule network 6256638f-cbbc-4f49-9130-ccf40bdf245a: no agents available; will retry on subsequent port and subnet creation events.
2026-09-12 05:22:00.254 8 INFO neutron_taas.services.taas.taas_plugin [None req-fcf1147f-0428-4340-af4c-cc633e51a5ad e538f910181d452982b322bb6a1dcb30 a4f76882aadc4ec2a9c8a59c09fafb56 - - default default] TaaS: Handle Delete Port: 36de03e7-3191-4340-a9bc-555cdeb173be
2026-09-12 05:22:00.257 8 INFO neutron_taas.services.taas.tap_mirror_plugin [None req-fcf1147f-0428-4340-af4c-cc633e51a5ad e538f910181d452982b322bb6a1dcb30 a4f76882aadc4ec2a9c8a59c09fafb56 - - default default] Tap Mirror: Handle Delete Port: 36de03e7-3191-4340-a9bc-555cdeb173be
2026-09-12 05:22:00.477 8 INFO neutron.services.segments.plugin [-] Segment cfb4494c-a35e-4046-897d-b26c83ee89c1 resource provider aggregate not found
2026-09-12 05:22:00.481 8 INFO neutron.services.segments.plugin [-] Segment cfb4494c-a35e-4046-897d-b26c83ee89c1 resource provider aggregate not found
2026-09-12 05:22:00.502 8 INFO neutron.services.segments.plugin [-] Client error retrieving segment cfb4494c-a35e-4046-897d-b26c83ee89c1 resource provider; error: Placement Client Error (4xx): {"errors": [{"status": 404, "title": "Not Found", "detail": "The resource could not be found.\n\n No resource provider with uuid cfb4494c-a35e-4046-897d-b26c83ee89c1 found for delete ", "request_id": "req-357211e4-df12-41a0-a585-dcfcfa8695c4"}]}
2026-09-12 05:22:00.524 8 INFO neutron.services.segments.plugin [-] Client error retrieving segment cfb4494c-a35e-4046-897d-b26c83ee89c1 resource provider; error: Placement Client Error (4xx): {"errors": [{"status": 404, "title": "Not Found", "detail": "The resource could not be found.\n\n No resource provider with uuid cfb4494c-a35e-4046-897d-b26c83ee89c1 found for delete ", "request_id": "req-128109d4-7051-45cf-887e-57cae39a557b"}]} [pid: 8|app: 0|req: 731/1418] 10.0.0.67 () {32 vars in 725 bytes} [Sat Sep 12 05:22:00 2026] DELETE /v2.0/networks/dd767aad-49a5-40f1-91a2-d6c384ed8f58 => generated 0 bytes in 431 msecs (HTTP/1.1 204) 3 headers in 131 bytes (1 switches on core 0) [pid: 7|app: 0|req: 688/1419] 10.0.0.67 () {34 vars in 675 bytes} [Sat Sep 12 05:21:59 2026] POST /v2.0/floatingips => generated 552 bytes in 748 msecs (HTTP/1.1 201) 4 headers in 162 bytes (1 switches on core 0) [pid: 8|app: 0|req: 732/1420] 10.0.0.67 () {32 vars in 646 bytes} [Sat Sep 12 05:22:00 2026] GET /v2.0/routers => generated 996 bytes in 77 msecs (HTTP/1.1 200) 4 headers in 157 bytes (1 switches on core 0)
2026-09-12 05:22:00.860 8 INFO neutron.db.ovn_revision_numbers_db [None req-f2a79c13-6cc1-421a-8ece-96d899b8809e 45f946fe1dca4ec0a6aee9adab1d1bfe 8d90f49cce88449aaacf3fd131f8808e - - default default] Successfully bumped revision number for resource efc48a1d-21ec-449c-be64-e88742633ed5 (type: security_groups) to 1
2026-09-12 05:22:00.874 8 INFO neutron.db.ovn_revision_numbers_db [None req-f2a79c13-6cc1-421a-8ece-96d899b8809e 45f946fe1dca4ec0a6aee9adab1d1bfe 8d90f49cce88449aaacf3fd131f8808e - - default default] Successfully bumped revision number for resource 3320ce93-dae8-43c4-8bbf-75ac2d058601 (type: security_group_rules) to 0
2026-09-12 05:22:00.877 7 WARNING neutron.scheduler.dhcp_agent_scheduler [None req-f1a584e6-e514-4ab8-82ee-78f98c096cd7 4200af5140c74c4ca2c1d99a042d0f17 710c170f8074423db98d277d8ed04f27 - - default default] No more DHCP agents
2026-09-12 05:22:00.879 7 WARNING neutron.api.rpc.agentnotifiers.dhcp_rpc_agent_api [None req-f1a584e6-e514-4ab8-82ee-78f98c096cd7 4200af5140c74c4ca2c1d99a042d0f17 710c170f8074423db98d277d8ed04f27 - - default default] Unable to schedule network 6256638f-cbbc-4f49-9130-ccf40bdf245a: no agents available; will retry on subsequent port and subnet creation events.
2026-09-12 05:22:00.887 8 INFO neutron.db.ovn_revision_numbers_db [None req-f2a79c13-6cc1-421a-8ece-96d899b8809e 45f946fe1dca4ec0a6aee9adab1d1bfe 8d90f49cce88449aaacf3fd131f8808e - - default default] Successfully bumped revision number for resource c1480916-e873-4845-a971-9f425bbb5fbc (type: security_group_rules) to 0 [pid: 8|app: 0|req: 733/1421] 10.0.0.67 () {34 vars in 684 bytes} [Sat Sep 12 05:22:00 2026] POST /v2.0/security-groups => generated 1673 bytes in 200 msecs (HTTP/1.1 201) 4 headers in 163 bytes (1 switches on core 0)
2026-09-12 05:22:00.937 8 WARNING neutron.db.securitygroups_db [None req-ce9f3d60-fa29-47ca-a9d6-ce65b628b671 e538f910181d452982b322bb6a1dcb30 a4f76882aadc4ec2a9c8a59c09fafb56 - - default default] project_id key not found in filters, using tenant_id instead. This support has been deprecated and will be removed in a future release. [pid: 8|app: 0|req: 734/1422] 10.0.0.67 () {32 vars in 773 bytes} [Sat Sep 12 05:22:00 2026] GET /v2.0/security-groups?tenant_id=a632142d342444cca735823f49697636&name=default => generated 2925 bytes in 33 msecs (HTTP/1.1 200) 4 headers in 158 bytes (1 switches on core 0)
2026-09-12 05:22:01.053 8 INFO neutron.db.ovn_revision_numbers_db [None req-fd3c5b31-593f-4c5b-b424-e6f5d22db616 45f946fe1dca4ec0a6aee9adab1d1bfe 8d90f49cce88449aaacf3fd131f8808e - - default default] Successfully bumped revision number for resource 493988e8-ec8c-47bd-b927-ed0968c4a68b (type: security_group_rules) to 0 [pid: 8|app: 0|req: 735/1423] 10.0.0.67 () {34 vars in 694 bytes} [Sat Sep 12 05:22:00 2026] POST /v2.0/security-group-rules => generated 597 bytes in 112 msecs (HTTP/1.1 201) 4 headers in 162 bytes (1 switches on core 0) [pid: 7|app: 0|req: 689/1424] 10.0.0.67 () {34 vars in 675 bytes} [Sat Sep 12 05:22:00 2026] POST /v2.0/floatingips => generated 552 bytes in 550 msecs (HTTP/1.1 201) 4 headers in 162 bytes (1 switches on core 0)
2026-09-12 05:22:01.245 8 WARNING neutron.db.securitygroups_db [None req-dca190c9-8965-4f04-8740-51ecf2a0ad4e e538f910181d452982b322bb6a1dcb30 a4f76882aadc4ec2a9c8a59c09fafb56 - - default default] project_id key not found in filters, using tenant_id instead. This support has been deprecated and will be removed in a future release. [pid: 7|app: 0|req: 690/1425] 10.0.0.67 () {32 vars in 739 bytes} [Sat Sep 12 05:22:01 2026] DELETE /v2.0/security-groups/5b160a39-ea43-49ab-bb17-dbfe64d10b6f => generated 0 bytes in 148 msecs (HTTP/1.1 204) 2 headers in 112 bytes (1 switches on core 0)
2026-09-12 05:22:01.427 7 INFO neutron.db.ovn_revision_numbers_db [None req-f07b05ea-75b5-45dd-baa1-ad8725315174 45f946fe1dca4ec0a6aee9adab1d1bfe 8d90f49cce88449aaacf3fd131f8808e - - default default] Successfully bumped revision number for resource 4ca520b4-05a8-47e1-b9c3-c833980fa108 (type: security_group_rules) to 0
2026-09-12 05:22:01.428 8 INFO neutron.db.ovn_revision_numbers_db [None req-dca190c9-8965-4f04-8740-51ecf2a0ad4e e538f910181d452982b322bb6a1dcb30 a4f76882aadc4ec2a9c8a59c09fafb56 - - default default] Successfully bumped revision number for resource a48a2dbe-f145-4f9e-a336-2492152e511f (type: security_groups) to 1
2026-09-12 05:22:01.446 8 INFO neutron.db.ovn_revision_numbers_db [None req-dca190c9-8965-4f04-8740-51ecf2a0ad4e e538f910181d452982b322bb6a1dcb30 a4f76882aadc4ec2a9c8a59c09fafb56 - - default default] Successfully bumped revision number for resource 293761a7-6d40-4eeb-8861-77de35033eca (type: security_group_rules) to 0 [pid: 7|app: 0|req: 691/1426] 10.0.0.67 () {34 vars in 694 bytes} [Sat Sep 12 05:22:01 2026] POST /v2.0/security-group-rules => generated 596 bytes in 172 msecs (HTTP/1.1 201) 4 headers in 162 bytes (1 switches on core 0)
2026-09-12 05:22:01.461 8 INFO neutron.db.ovn_revision_numbers_db [None req-dca190c9-8965-4f04-8740-51ecf2a0ad4e e538f910181d452982b322bb6a1dcb30 a4f76882aadc4ec2a9c8a59c09fafb56 - - default default] Successfully bumped revision number for resource 593c87ff-df5a-49b8-99d6-11037c9e05d5 (type: security_group_rules) to 0
2026-09-12 05:22:01.475 8 INFO neutron.db.ovn_revision_numbers_db [None req-dca190c9-8965-4f04-8740-51ecf2a0ad4e e538f910181d452982b322bb6a1dcb30 a4f76882aadc4ec2a9c8a59c09fafb56 - - default default] Successfully bumped revision number for resource f3593115-3a76-4550-9b0c-d47390ca0bb4 (type: security_group_rules) to 0
2026-09-12 05:22:01.489 8 INFO neutron.db.ovn_revision_numbers_db [None req-dca190c9-8965-4f04-8740-51ecf2a0ad4e e538f910181d452982b322bb6a1dcb30 a4f76882aadc4ec2a9c8a59c09fafb56 - - default default] Successfully bumped revision number for resource f844d4a2-c6c7-45c8-ac34-b4d15a943989 (type: security_group_rules) to 0 [pid: 8|app: 0|req: 736/1427] 10.0.0.67 () {32 vars in 773 bytes} [Sat Sep 12 05:22:01 2026] GET /v2.0/security-groups?tenant_id=feec8d60d45e4bfe97b99b772c613ac1&name=default => generated 2925 bytes in 468 msecs (HTTP/1.1 200) 4 headers in 158 bytes (1 switches on core 0)
2026-09-12 05:22:01.654 8 INFO neutron.db.ovn_revision_numbers_db [None req-3ef25e3c-17e6-4857-b94f-cd419a979d01 45f946fe1dca4ec0a6aee9adab1d1bfe 8d90f49cce88449aaacf3fd131f8808e - - default default] Successfully bumped revision number for resource aa8c5c06-bc24-44ef-a1e7-2ff977b1290a (type: security_group_rules) to 0 [pid: 8|app: 0|req: 737/1428] 10.0.0.67 () {34 vars in 694 bytes} [Sat Sep 12 05:22:01 2026] POST /v2.0/security-group-rules => generated 602 bytes in 137 msecs (HTTP/1.1 201) 4 headers in 162 bytes (1 switches on core 0)
2026-09-12 05:22:01.694 7 WARNING neutron.scheduler.dhcp_agent_scheduler [None req-2f2c6265-f6a7-4798-a18f-8aedd19865fc 4200af5140c74c4ca2c1d99a042d0f17 710c170f8074423db98d277d8ed04f27 - - default default] No more DHCP agents
2026-09-12 05:22:01.695 7 WARNING neutron.api.rpc.agentnotifiers.dhcp_rpc_agent_api [None req-2f2c6265-f6a7-4798-a18f-8aedd19865fc 4200af5140c74c4ca2c1d99a042d0f17 710c170f8074423db98d277d8ed04f27 - - default default] Unable to schedule network 6256638f-cbbc-4f49-9130-ccf40bdf245a: no agents available; will retry on subsequent port and subnet creation events. [pid: 8|app: 0|req: 738/1429] 10.0.0.67 () {32 vars in 739 bytes} [Sat Sep 12 05:22:01 2026] DELETE /v2.0/security-groups/a48a2dbe-f145-4f9e-a336-2492152e511f => generated 0 bytes in 152 msecs (HTTP/1.1 204) 2 headers in 112 bytes (1 switches on core 0)
2026-09-12 05:22:01.979 8 INFO neutron.db.ovn_revision_numbers_db [None req-736e2caf-6c68-4329-9526-2148ca6e799c 45f946fe1dca4ec0a6aee9adab1d1bfe 8d90f49cce88449aaacf3fd131f8808e - - default default] Successfully bumped revision number for resource 8c7a863c-23a6-44a1-8847-714b5cd9089e (type: security_group_rules) to 0 [pid: 7|app: 0|req: 692/1430] 10.0.0.67 () {34 vars in 675 bytes} [Sat Sep 12 05:22:01 2026] POST /v2.0/floatingips => generated 552 bytes in 558 msecs (HTTP/1.1 201) 4 headers in 162 bytes (1 switches on core 0)
2026-09-12 05:22:02.019 7 WARNING neutron.db.securitygroups_db [None req-94bb4874-c3b6-41a3-9557-3425c8681c54 e538f910181d452982b322bb6a1dcb30 a4f76882aadc4ec2a9c8a59c09fafb56 - - default default] project_id key not found in filters, using tenant_id instead. This support has been deprecated and will be removed in a future release. [pid: 8|app: 0|req: 739/1431] 10.0.0.67 () {34 vars in 694 bytes} [Sat Sep 12 05:22:01 2026] POST /v2.0/security-group-rules => generated 601 bytes in 183 msecs (HTTP/1.1 201) 4 headers in 162 bytes (1 switches on core 0)
2026-09-12 05:22:02.044 8 WARNING tagging [None req-06b09f1e-c391-4349-a141-eac029cde16c 4200af5140c74c4ca2c1d99a042d0f17 710c170f8074423db98d277d8ed04f27 - - default default] project_id key not found in request, using tenant_id instead. This support has been deprecated and will be removed in a future release.
2026-09-12 05:22:02.142 7 INFO neutron.db.ovn_revision_numbers_db [None req-94bb4874-c3b6-41a3-9557-3425c8681c54 e538f910181d452982b322bb6a1dcb30 a4f76882aadc4ec2a9c8a59c09fafb56 - - default default] Successfully bumped revision number for resource 451f3099-dd8d-47dc-b00e-be698f537774 (type: security_groups) to 1 [pid: 8|app: 0|req: 740/1432] 10.0.0.67 () {34 vars in 758 bytes} [Sat Sep 12 05:22:02 2026] PUT /v2.0/floatingips/5a05349e-a2e3-4e9b-9dca-746db232b5df/tags => generated 17 bytes in 127 msecs (HTTP/1.1 200) 4 headers in 156 bytes (1 switches on core 0)
2026-09-12 05:22:02.153 7 INFO neutron.db.ovn_revision_numbers_db [None req-94bb4874-c3b6-41a3-9557-3425c8681c54 e538f910181d452982b322bb6a1dcb30 a4f76882aadc4ec2a9c8a59c09fafb56 - - default default] Successfully bumped revision number for resource 31b2b60d-7a7b-4be0-b379-1d9961aaf4a6 (type: security_group_rules) to 0
2026-09-12 05:22:02.164 7 INFO neutron.db.ovn_revision_numbers_db [None req-94bb4874-c3b6-41a3-9557-3425c8681c54 e538f910181d452982b322bb6a1dcb30 a4f76882aadc4ec2a9c8a59c09fafb56 - - default default] Successfully bumped revision number for resource 33d1f366-9268-4e3b-a0e9-40b1ba790930 (type: security_group_rules) to 0
2026-09-12 05:22:02.175 7 INFO neutron.db.ovn_revision_numbers_db [None req-94bb4874-c3b6-41a3-9557-3425c8681c54 e538f910181d452982b322bb6a1dcb30 a4f76882aadc4ec2a9c8a59c09fafb56 - - default default] Successfully bumped revision number for resource 8d74f43b-f94b-4bfc-af8b-70a7833ea323 (type: security_group_rules) to 0
2026-09-12 05:22:02.187 7 INFO neutron.db.ovn_revision_numbers_db [None req-94bb4874-c3b6-41a3-9557-3425c8681c54 e538f910181d452982b322bb6a1dcb30 a4f76882aadc4ec2a9c8a59c09fafb56 - - default default] Successfully bumped revision number for resource fdf6d5c2-bb9c-4fea-8813-7d2d4ef2b83d (type: security_group_rules) to 0
2026-09-12 05:22:02.189 8 INFO neutron.db.securitygroups_db [None req-3045defb-ffef-427c-a16e-5d3808615d12 45f946fe1dca4ec0a6aee9adab1d1bfe 8d90f49cce88449aaacf3fd131f8808e - - default default] Project 8d90f49cce88449aaacf3fd131f8808e added a security group rule with legacy IPv6 ICMP protocol name icmp, ipv6-icmp should be used instead. It was automatically converted. [pid: 7|app: 0|req: 693/1433] 10.0.0.67 () {32 vars in 773 bytes} [Sat Sep 12 05:22:02 2026] GET /v2.0/security-groups?tenant_id=f98761a494a94b08aa85bd8a13c440c7&name=default => generated 2925 bytes in 203 msecs (HTTP/1.1 200) 4 headers in 158 bytes (1 switches on core 0)
2026-09-12 05:22:02.236 7 WARNING tagging [None req-11335adc-a266-4a4c-8edc-19090aa05fda 4200af5140c74c4ca2c1d99a042d0f17 710c170f8074423db98d277d8ed04f27 - - default default] project_id key not found in request, using tenant_id instead. This support has been deprecated and will be removed in a future release. [pid: 7|app: 0|req: 694/1434] 10.0.0.67 () {34 vars in 758 bytes} [Sat Sep 12 05:22:02 2026] PUT /v2.0/floatingips/f5616513-42d6-4578-9db5-9523f93ed397/tags => generated 25 bytes in 68 msecs (HTTP/1.1 200) 4 headers in 156 bytes (1 switches on core 0)
2026-09-12 05:22:02.289 8 INFO neutron.db.ovn_revision_numbers_db [None req-3045defb-ffef-427c-a16e-5d3808615d12 45f946fe1dca4ec0a6aee9adab1d1bfe 8d90f49cce88449aaacf3fd131f8808e - - default default] Successfully bumped revision number for resource c3b59894-2b36-4e4b-bafb-dc60ff3ab768 (type: security_group_rules) to 0 [pid: 8|app: 0|req: 741/1435] 10.0.0.67 () {34 vars in 694 bytes} [Sat Sep 12 05:22:02 2026] POST /v2.0/security-group-rules => generated 607 bytes in 190 msecs (HTTP/1.1 201) 4 headers in 162 bytes (1 switches on core 0)
2026-09-12 05:22:02.368 8 WARNING tagging [None req-beab534a-652e-45c8-9665-90587bfa7501 4200af5140c74c4ca2c1d99a042d0f17 710c170f8074423db98d277d8ed04f27 - - default default] project_id key not found in request, using tenant_id instead. This support has been deprecated and will be removed in a future release. [pid: 8|app: 0|req: 742/1436] 10.0.0.67 () {34 vars in 758 bytes} [Sat Sep 12 05:22:02 2026] PUT /v2.0/floatingips/c7bb497c-226b-4459-a92f-887824948ad4/tags => generated 34 bytes in 70 msecs (HTTP/1.1 200) 4 headers in 156 bytes (1 switches on core 0)
2026-09-12 05:22:02.468 8 INFO neutron.db.securitygroups_db [None req-2c61e80d-8dda-4284-8807-7d0e27469bbb 45f946fe1dca4ec0a6aee9adab1d1bfe 8d90f49cce88449aaacf3fd131f8808e - - default default] Project 8d90f49cce88449aaacf3fd131f8808e added a security group rule with legacy IPv6 ICMP protocol name icmp, ipv6-icmp should be used instead. It was automatically converted. [pid: 7|app: 0|req: 695/1437] 10.0.0.67 () {32 vars in 739 bytes} [Sat Sep 12 05:22:02 2026] DELETE /v2.0/security-groups/451f3099-dd8d-47dc-b00e-be698f537774 => generated 0 bytes in 202 msecs (HTTP/1.1 204) 2 headers in 112 bytes (1 switches on core 0)
2026-09-12 05:22:02.507 7 WARNING tagging [None req-b585b56e-52a9-46a7-885e-81065ff0c60f 4200af5140c74c4ca2c1d99a042d0f17 710c170f8074423db98d277d8ed04f27 - - default default] project_id key not found in request, using tenant_id instead. This support has been deprecated and will be removed in a future release. [pid: 7|app: 0|req: 696/1438] 10.0.0.67 () {34 vars in 758 bytes} [Sat Sep 12 05:22:02 2026] PUT /v2.0/floatingips/0d399eb9-70c8-457e-917d-15b5a0522ed7/tags => generated 19 bytes in 41 msecs (HTTP/1.1 200) 4 headers in 156 bytes (1 switches on core 0)
2026-09-12 05:22:02.575 8 INFO neutron.db.ovn_revision_numbers_db [None req-2c61e80d-8dda-4284-8807-7d0e27469bbb 45f946fe1dca4ec0a6aee9adab1d1bfe 8d90f49cce88449aaacf3fd131f8808e - - default default] Successfully bumped revision number for resource 79ed8fc5-bb42-4639-9f71-1494a1b11f41 (type: security_group_rules) to 0 [pid: 7|app: 0|req: 697/1439] 10.0.0.67 () {32 vars in 671 bytes} [Sat Sep 12 05:22:02 2026] GET /v2.0/floatingips?tags=red => generated 1671 bytes in 49 msecs (HTTP/1.1 200) 4 headers in 158 bytes (1 switches on core 0) [pid: 8|app: 0|req: 743/1440] 10.0.0.67 () {34 vars in 694 bytes} [Sat Sep 12 05:22:02 2026] POST /v2.0/security-group-rules => generated 606 bytes in 216 msecs (HTTP/1.1 201) 4 headers in 162 bytes (1 switches on core 0) [pid: 7|app: 0|req: 698/1441] 10.0.0.67 () {32 vars in 685 bytes} [Sat Sep 12 05:22:02 2026] GET /v2.0/floatingips?tags=red%2Cblue => generated 1128 bytes in 47 msecs (HTTP/1.1 200) 4 headers in 158 bytes (1 switches on core 0) [pid: 8|app: 0|req: 744/1442] 10.0.0.67 () {32 vars in 681 bytes} [Sat Sep 12 05:22:02 2026] GET /v2.0/floatingips?tags-any=blue => generated 1128 bytes in 40 msecs (HTTP/1.1 200) 4 headers in 158 bytes (1 switches on core 0) [pid: 7|app: 0|req: 699/1443] 10.0.0.67 () {32 vars in 693 bytes} [Sat Sep 12 05:22:02 2026] GET /v2.0/floatingips?tags-any=red%2Cblue => generated 1671 bytes in 59 msecs (HTTP/1.1 200) 4 headers in 158 bytes (1 switches on core 0) [pid: 8|app: 0|req: 745/1444] 10.0.0.67 () {32 vars in 679 bytes} [Sat Sep 12 05:22:02 2026] GET /v2.0/floatingips?not-tags=red => generated 1100 bytes in 49 msecs (HTTP/1.1 200) 4 headers in 158 bytes (1 switches on core 0) [pid: 7|app: 0|req: 700/1445] 10.0.0.67 () {32 vars in 693 bytes} [Sat Sep 12 05:22:02 2026] GET /v2.0/floatingips?not-tags=red%2Cblue => generated 1643 bytes in 47 msecs (HTTP/1.1 200) 4 headers in 158 bytes (1 switches on core 0) [pid: 8|app: 0|req: 746/1446] 10.0.0.67 () {32 vars in 689 bytes} [Sat Sep 12 05:22:02 2026] GET /v2.0/floatingips?not-tags-any=blue => generated 1643 bytes in 65 msecs (HTTP/1.1 200) 4 headers in 158 bytes (1 switches on core 0) [pid: 7|app: 0|req: 701/1447] 10.0.0.67 () {32 vars in 701 bytes} [Sat Sep 12 05:22:02 2026] GET /v2.0/floatingips?not-tags-any=red%2Cblue => generated 1100 bytes in 52 msecs (HTTP/1.1 200) 4 headers in 158 bytes (1 switches on core 0)
2026-09-12 05:22:03.087 8 INFO neutron_taas.services.taas.taas_plugin [None req-38f7092e-852e-4e59-851f-28778e692630 4200af5140c74c4ca2c1d99a042d0f17 710c170f8074423db98d277d8ed04f27 - - default default] TaaS: Handle Delete Port: 1f8ad6c4-7162-4a3f-bd51-bbe6484e31e4
2026-09-12 05:22:03.090 8 INFO neutron_taas.services.taas.tap_mirror_plugin [None req-38f7092e-852e-4e59-851f-28778e692630 4200af5140c74c4ca2c1d99a042d0f17 710c170f8074423db98d277d8ed04f27 - - default default] Tap Mirror: Handle Delete Port: 1f8ad6c4-7162-4a3f-bd51-bbe6484e31e4 [pid: 7|app: 0|req: 702/1448] 10.0.0.67 () {32 vars in 648 bytes} [Sat Sep 12 05:22:03 2026] GET /v2.0/networks => generated 1374 bytes in 131 msecs (HTTP/1.1 200) 4 headers in 158 bytes (1 switches on core 0) [pid: 8|app: 0|req: 747/1449] 10.0.0.67 () {32 vars in 731 bytes} [Sat Sep 12 05:22:02 2026] DELETE /v2.0/floatingips/5a05349e-a2e3-4e9b-9dca-746db232b5df => generated 0 bytes in 250 msecs (HTTP/1.1 204) 2 headers in 112 bytes (1 switches on core 0)
2026-09-12 05:22:03.347 7 INFO neutron_taas.services.taas.taas_plugin [None req-88ccd403-cdc1-4891-a0aa-46912c95b891 4200af5140c74c4ca2c1d99a042d0f17 710c170f8074423db98d277d8ed04f27 - - default default] TaaS: Handle Delete Port: e550ac2b-8a29-4d00-be0e-ad081f27bacf
2026-09-12 05:22:03.350 7 INFO neutron_taas.services.taas.tap_mirror_plugin [None req-88ccd403-cdc1-4891-a0aa-46912c95b891 4200af5140c74c4ca2c1d99a042d0f17 710c170f8074423db98d277d8ed04f27 - - default default] Tap Mirror: Handle Delete Port: e550ac2b-8a29-4d00-be0e-ad081f27bacf
2026-09-12 05:22:03.480 8 INFO neutron.db.ovn_revision_numbers_db [None req-97a6950a-4277-469c-b97f-1e80ab95ecbf e538f910181d452982b322bb6a1dcb30 a4f76882aadc4ec2a9c8a59c09fafb56 - - default default] Successfully bumped revision number for resource b89fdfa8-9b0d-445e-bc7e-e1cf73ec915c (type: security_groups) to 1 [pid: 7|app: 0|req: 703/1450] 10.0.0.67 () {32 vars in 731 bytes} [Sat Sep 12 05:22:03 2026] DELETE /v2.0/floatingips/f5616513-42d6-4578-9db5-9523f93ed397 => generated 0 bytes in 250 msecs (HTTP/1.1 204) 2 headers in 112 bytes (1 switches on core 0)
2026-09-12 05:22:03.491 7 WARNING neutron.db.securitygroups_db [req-08283a7a-cfe2-4952-83df-bf11e89073e1 req-1ced7502-3920-411b-928f-109e4e560362 45f946fe1dca4ec0a6aee9adab1d1bfe 8d90f49cce88449aaacf3fd131f8808e - - default default] project_id key not found in filters, using tenant_id instead. This support has been deprecated and will be removed in a future release.
2026-09-12 05:22:03.496 8 INFO neutron.db.ovn_revision_numbers_db [None req-97a6950a-4277-469c-b97f-1e80ab95ecbf e538f910181d452982b322bb6a1dcb30 a4f76882aadc4ec2a9c8a59c09fafb56 - - default default] Successfully bumped revision number for resource 443fa121-8bcf-4ee2-9849-efac186c0e79 (type: security_group_rules) to 0 [pid: 7|app: 0|req: 704/1451] 10.0.0.21 () {34 vars in 1097 bytes} [Sat Sep 12 05:22:03 2026] GET /v2.0/security-groups?name=tempest-secgroup-smoke-525417286&fields=id&tenant_id=8d90f49cce88449aaacf3fd131f8808e => generated 69 bytes in 22 msecs (HTTP/1.1 200) 4 headers in 156 bytes (1 switches on core 0)
2026-09-12 05:22:03.514 8 INFO neutron.db.ovn_revision_numbers_db [None req-97a6950a-4277-469c-b97f-1e80ab95ecbf e538f910181d452982b322bb6a1dcb30 a4f76882aadc4ec2a9c8a59c09fafb56 - - default default] Successfully bumped revision number for resource 4946c5a6-c8a5-4e8c-aa2a-989ee9e2173d (type: security_group_rules) to 0
2026-09-12 05:22:03.532 8 INFO neutron.db.ovn_revision_numbers_db [None req-97a6950a-4277-469c-b97f-1e80ab95ecbf e538f910181d452982b322bb6a1dcb30 a4f76882aadc4ec2a9c8a59c09fafb56 - - default default] Successfully bumped revision number for resource 5d814cd5-37fe-4efd-9d1a-4c7afa1c5ac1 (type: security_group_rules) to 0
2026-09-12 05:22:03.551 8 INFO neutron.db.ovn_revision_numbers_db [None req-97a6950a-4277-469c-b97f-1e80ab95ecbf e538f910181d452982b322bb6a1dcb30 a4f76882aadc4ec2a9c8a59c09fafb56 - - default default] Successfully bumped revision number for resource ed87feea-23a7-423f-b94c-5d2e5d7ef8f3 (type: security_group_rules) to 0
2026-09-12 05:22:03.604 7 INFO neutron_taas.services.taas.taas_plugin [None req-0deed143-a26a-4d39-8134-accb0f55e536 4200af5140c74c4ca2c1d99a042d0f17 710c170f8074423db98d277d8ed04f27 - - default default] TaaS: Handle Delete Port: 4f4e06db-d97b-448e-b6e7-f307543e98d0
2026-09-12 05:22:03.606 7 INFO neutron_taas.services.taas.tap_mirror_plugin [None req-0deed143-a26a-4d39-8134-accb0f55e536 4200af5140c74c4ca2c1d99a042d0f17 710c170f8074423db98d277d8ed04f27 - - default default] Tap Mirror: Handle Delete Port: 4f4e06db-d97b-448e-b6e7-f307543e98d0
2026-09-12 05:22:03.682 8 INFO neutron.db.segments_db [None req-97a6950a-4277-469c-b97f-1e80ab95ecbf e538f910181d452982b322bb6a1dcb30 a4f76882aadc4ec2a9c8a59c09fafb56 - - default default] Added segment 3ebaa234-7b63-4fcf-940c-afc525e12c70 of type geneve for network 6580d62e-c528-45ac-8035-5f54b97bac2a [pid: 7|app: 0|req: 705/1452] 10.0.0.67 () {32 vars in 731 bytes} [Sat Sep 12 05:22:03 2026] DELETE /v2.0/floatingips/c7bb497c-226b-4459-a92f-887824948ad4 => generated 0 bytes in 222 msecs (HTTP/1.1 204) 2 headers in 112 bytes (1 switches on core 0) [pid: 7|app: 0|req: 706/1453] 10.0.0.21 () {34 vars in 981 bytes} [Sat Sep 12 05:22:03 2026] GET /v2.0/networks?id=99541416-0d5c-4327-a7c5-ee25eb3c4614 => generated 699 bytes in 32 msecs (HTTP/1.1 200) 4 headers in 157 bytes (1 switches on core 0)
2026-09-12 05:22:03.837 8 INFO neutron.db.ovn_revision_numbers_db [None req-97a6950a-4277-469c-b97f-1e80ab95ecbf e538f910181d452982b322bb6a1dcb30 a4f76882aadc4ec2a9c8a59c09fafb56 - - default default] Successfully bumped revision number for resource 6580d62e-c528-45ac-8035-5f54b97bac2a (type: networks) to 1
2026-09-12 05:22:03.908 7 INFO neutron_taas.services.taas.taas_plugin [None req-e74f41b0-caf8-4f81-ace4-c8412e076002 4200af5140c74c4ca2c1d99a042d0f17 710c170f8074423db98d277d8ed04f27 - - default default] TaaS: Handle Delete Port: 3a54f4fe-2879-4a6d-b865-98f6faeb7e95
2026-09-12 05:22:03.915 7 INFO neutron_taas.services.taas.tap_mirror_plugin [None req-e74f41b0-caf8-4f81-ace4-c8412e076002 4200af5140c74c4ca2c1d99a042d0f17 710c170f8074423db98d277d8ed04f27 - - default default] Tap Mirror: Handle Delete Port: 3a54f4fe-2879-4a6d-b865-98f6faeb7e95
2026-09-12 05:22:04.064 8 WARNING neutron.scheduler.dhcp_agent_scheduler [None req-97a6950a-4277-469c-b97f-1e80ab95ecbf e538f910181d452982b322bb6a1dcb30 a4f76882aadc4ec2a9c8a59c09fafb56 - - default default] No more DHCP agents
2026-09-12 05:22:04.065 8 WARNING neutron.api.rpc.agentnotifiers.dhcp_rpc_agent_api [None req-97a6950a-4277-469c-b97f-1e80ab95ecbf e538f910181d452982b322bb6a1dcb30 a4f76882aadc4ec2a9c8a59c09fafb56 - - default default] Unable to schedule network 6580d62e-c528-45ac-8035-5f54b97bac2a: no agents available; will retry on subsequent port and subnet creation events.
2026-09-12 05:22:04.125 7 INFO neutron.plugins.ml2.drivers.ovn.mech_driver.mech_driver [None req-a340f4ce-7811-41d5-8e92-7ca9108138b4 - - - - - -] OVN reports status down for port: fcff13cb-f592-4cc3-9dd1-fd8a39d99d37
