Jul 13 15:07:38.053535 np0000185010 devstack@neutron-api.service[102026]: DEBUG neutron.api.v2.resource_helper [None req-02b992dc-7d06-4653-b95a-5c25c2b2d4be None None] Service L3_ROUTER_NAT assigned prefix: {{(pid=102026) build_resource_info /opt/stack/neutron/neutron/api/v2/resource_helper.py:77}}
Jul 13 15:07:38.053988 np0000185010 devstack@neutron-api.service[102026]: DEBUG neutron.api.v2.resource_helper [None req-02b992dc-7d06-4653-b95a-5c25c2b2d4be None None] Service FLAVORS assigned prefix: {{(pid=102026) build_resource_info /opt/stack/neutron/neutron/api/v2/resource_helper.py:77}}
Jul 13 15:07:38.055141 np0000185010 devstack@neutron-api.service[102026]: DEBUG neutron.api.v2.resource_helper [None req-02b992dc-7d06-4653-b95a-5c25c2b2d4be None None] Service L3_ROUTER_NAT assigned prefix: {{(pid=102026) build_resource_info /opt/stack/neutron/neutron/api/v2/resource_helper.py:77}}
Jul 13 15:07:38.055537 np0000185010 devstack@neutron-api.service[102026]: DEBUG neutron.api.v2.resource_helper [None req-02b992dc-7d06-4653-b95a-5c25c2b2d4be None None] Service L3_ROUTER_NAT assigned prefix: {{(pid=102026) build_resource_info /opt/stack/neutron/neutron/api/v2/resource_helper.py:77}}
Jul 13 15:07:38.055669 np0000185010 devstack@neutron-api.service[102026]: INFO neutron.quota.resource_registry [None req-02b992dc-7d06-4653-b95a-5c25c2b2d4be None None] Creating instance of TrackedResource for resource:router
Jul 13 15:07:38.056178 np0000185010 devstack@neutron-api.service[102026]: INFO neutron.quota.resource_registry [None req-02b992dc-7d06-4653-b95a-5c25c2b2d4be None None] Creating instance of TrackedResource for resource:floatingip
Jul 13 15:07:38.057498 np0000185010 devstack@neutron-api.service[102026]: INFO neutron.quota.resource_registry [None req-02b992dc-7d06-4653-b95a-5c25c2b2d4be None None] Creating instance of CountableResource for resource:rbac_policy
Jul 13 15:07:38.058273 np0000185010 devstack@neutron-api.service[102026]: INFO neutron.quota.resource_registry [None req-02b992dc-7d06-4653-b95a-5c25c2b2d4be None None] Creating instance of TrackedResource for resource:security_group
Jul 13 15:07:38.058632 np0000185010 devstack@neutron-api.service[102026]: INFO neutron.quota.resource_registry [None req-02b992dc-7d06-4653-b95a-5c25c2b2d4be None None] Creating instance of TrackedResource for resource:security_group_rule
Jul 13 15:07:38.059251 np0000185010 devstack@neutron-api.service[102026]: DEBUG neutron.api.v2.resource_helper [None req-02b992dc-7d06-4653-b95a-5c25c2b2d4be None None] Service CORE assigned prefix: {{(pid=102026) build_resource_info /opt/stack/neutron/neutron/api/v2/resource_helper.py:77}}
Jul 13 15:07:38.059393 np0000185010 devstack@neutron-api.service[102026]: INFO neutron.quota.resource_registry [None req-02b992dc-7d06-4653-b95a-5c25c2b2d4be None None] Creating instance of TrackedResource for resource:subnetpool
Jul 13 15:07:38.059549 np0000185010 devstack@neutron-api.service[102026]: WARNING neutron.quota.resource_registry [None req-02b992dc-7d06-4653-b95a-5c25c2b2d4be None None] subnetpool is already registered
Jul 13 15:07:38.059878 np0000185010 devstack@neutron-api.service[102026]: DEBUG neutron.api.v2.resource_helper [None req-02b992dc-7d06-4653-b95a-5c25c2b2d4be None None] Service CORE assigned prefix: {{(pid=102026) build_resource_info /opt/stack/neutron/neutron/api/v2/resource_helper.py:77}}
Jul 13 15:07:38.060087 np0000185010 devstack@neutron-api.service[102026]: INFO neutron.quota.resource_registry [None req-02b992dc-7d06-4653-b95a-5c25c2b2d4be None None] Creating instance of TrackedResource for resource:subnetpool
Jul 13 15:07:38.060087 np0000185010 devstack@neutron-api.service[102026]: WARNING neutron.quota.resource_registry [None req-02b992dc-7d06-4653-b95a-5c25c2b2d4be None None] subnetpool is already registered
Jul 13 15:07:38.062908 np0000185010 devstack@neutron-api.service[102026]: INFO neutron.quota.resource_registry [None req-02b992dc-7d06-4653-b95a-5c25c2b2d4be None None] Creating instance of CountableResource for resource:router_route
Jul 13 15:07:38.062908 np0000185010 devstack@neutron-api.service[102026]: WARNING neutron.quota.resource_registry [None req-02b992dc-7d06-4653-b95a-5c25c2b2d4be None None] router_route is already registered
Jul 13 15:07:38.062908 np0000185010 devstack@neutron-api.service[102026]: DEBUG neutron.api.v2.resource_helper [None req-02b992dc-7d06-4653-b95a-5c25c2b2d4be None None] Service L3_ROUTER_NAT assigned prefix: {{(pid=102026) build_resource_info /opt/stack/neutron/neutron/api/v2/resource_helper.py:77}}
Jul 13 15:07:38.063453 np0000185010 devstack@neutron-api.service[102026]: DEBUG neutron.api.v2.resource_helper [None req-02b992dc-7d06-4653-b95a-5c25c2b2d4be None None] Service FLAVORS assigned prefix: {{(pid=102026) build_resource_info /opt/stack/neutron/neutron/api/v2/resource_helper.py:77}}
Jul 13 15:07:38.064449 np0000185010 devstack@neutron-api.service[102026]: DEBUG neutron.api.v2.resource_helper [None req-02b992dc-7d06-4653-b95a-5c25c2b2d4be None None] Service L3_ROUTER_NAT assigned prefix: {{(pid=102026) build_resource_info /opt/stack/neutron/neutron/api/v2/resource_helper.py:77}}
Jul 13 15:07:38.064449 np0000185010 devstack@neutron-api.service[102026]: DEBUG neutron.api.v2.resource_helper [None req-02b992dc-7d06-4653-b95a-5c25c2b2d4be None None] Service L3_ROUTER_NAT assigned prefix: {{(pid=102026) build_resource_info /opt/stack/neutron/neutron/api/v2/resource_helper.py:77}}
Jul 13 15:07:38.064983 np0000185010 devstack@neutron-api.service[102026]: INFO neutron.quota.resource_registry [None req-02b992dc-7d06-4653-b95a-5c25c2b2d4be None None] Creating instance of TrackedResource for resource:router
Jul 13 15:07:38.064983 np0000185010 devstack@neutron-api.service[102026]: WARNING neutron.quota.resource_registry [None req-02b992dc-7d06-4653-b95a-5c25c2b2d4be None None] router is already registered
Jul 13 15:07:38.065509 np0000185010 devstack@neutron-api.service[102026]: INFO neutron.quota.resource_registry [None req-02b992dc-7d06-4653-b95a-5c25c2b2d4be None None] Creating instance of TrackedResource for resource:floatingip
Jul 13 15:07:38.065509 np0000185010 devstack@neutron-api.service[102026]: WARNING neutron.quota.resource_registry [None req-02b992dc-7d06-4653-b95a-5c25c2b2d4be None None] floatingip is already registered
Jul 13 15:07:38.066959 np0000185010 devstack@neutron-api.service[102026]: INFO neutron.quota.resource_registry [None req-02b992dc-7d06-4653-b95a-5c25c2b2d4be None None] Creating instance of CountableResource for resource:rbac_policy
Jul 13 15:07:38.066959 np0000185010 devstack@neutron-api.service[102026]: WARNING neutron.quota.resource_registry [None req-02b992dc-7d06-4653-b95a-5c25c2b2d4be None None] rbac_policy is already registered
Jul 13 15:07:38.067807 np0000185010 devstack@neutron-api.service[102026]: INFO neutron.quota.resource_registry [None req-02b992dc-7d06-4653-b95a-5c25c2b2d4be None None] Creating instance of TrackedResource for resource:security_group
Jul 13 15:07:38.067807 np0000185010 devstack@neutron-api.service[102026]: WARNING neutron.quota.resource_registry [None req-02b992dc-7d06-4653-b95a-5c25c2b2d4be None None] security_group is already registered
Jul 13 15:07:38.067807 np0000185010 devstack@neutron-api.service[102026]: INFO neutron.quota.resource_registry [None req-02b992dc-7d06-4653-b95a-5c25c2b2d4be None None] Creating instance of TrackedResource for resource:security_group_rule
Jul 13 15:07:38.068293 np0000185010 devstack@neutron-api.service[102026]: WARNING neutron.quota.resource_registry [None req-02b992dc-7d06-4653-b95a-5c25c2b2d4be None None] security_group_rule is already registered
Jul 13 15:07:38.069083 np0000185010 devstack@neutron-api.service[102026]: DEBUG neutron.api.v2.resource_helper [None req-02b992dc-7d06-4653-b95a-5c25c2b2d4be None None] Service CORE assigned prefix: {{(pid=102026) build_resource_info /opt/stack/neutron/neutron/api/v2/resource_helper.py:77}}
Jul 13 15:07:38.069083 np0000185010 devstack@neutron-api.service[102026]: INFO neutron.quota.resource_registry [None req-02b992dc-7d06-4653-b95a-5c25c2b2d4be None None] Creating instance of TrackedResource for resource:subnetpool
Jul 13 15:07:38.069083 np0000185010 devstack@neutron-api.service[102026]: WARNING neutron.quota.resource_registry [None req-02b992dc-7d06-4653-b95a-5c25c2b2d4be None None] subnetpool is already registered
Jul 13 15:07:38.069829 np0000185010 devstack@neutron-api.service[102026]: DEBUG neutron.api.v2.resource_helper [None req-02b992dc-7d06-4653-b95a-5c25c2b2d4be None None] Service CORE assigned prefix: {{(pid=102026) build_resource_info /opt/stack/neutron/neutron/api/v2/resource_helper.py:77}}
Jul 13 15:07:38.069829 np0000185010 devstack@neutron-api.service[102026]: INFO neutron.quota.resource_registry [None req-02b992dc-7d06-4653-b95a-5c25c2b2d4be None None] Creating instance of TrackedResource for resource:subnetpool
Jul 13 15:07:38.069829 np0000185010 devstack@neutron-api.service[102026]: WARNING neutron.quota.resource_registry [None req-02b992dc-7d06-4653-b95a-5c25c2b2d4be None None] subnetpool is already registered
Jul 13 15:07:38.071082 np0000185010 devstack@neutron-api.service[102026]: DEBUG neutron.api.extensions [None req-02b992dc-7d06-4653-b95a-5c25c2b2d4be None None] Extended resource: extensions {{(pid=102026) __init__ /opt/stack/neutron/neutron/api/extensions.py:156}}
Jul 13 15:07:38.071504 np0000185010 devstack@neutron-api.service[102026]: DEBUG neutron.api.extensions [None req-02b992dc-7d06-4653-b95a-5c25c2b2d4be None None] Extended resource: address-groups {{(pid=102026) __init__ /opt/stack/neutron/neutron/api/extensions.py:156}}
Jul 13 15:07:38.072204 np0000185010 devstack@neutron-api.service[102026]: DEBUG neutron.api.extensions [None req-02b992dc-7d06-4653-b95a-5c25c2b2d4be None None] Extended resource: address-scopes {{(pid=102026) __init__ /opt/stack/neutron/neutron/api/extensions.py:156}}
Jul 13 15:07:38.072399 np0000185010 devstack@neutron-api.service[102026]: DEBUG neutron.api.extensions [None req-02b992dc-7d06-4653-b95a-5c25c2b2d4be None None] Extended resource: agents {{(pid=102026) __init__ /opt/stack/neutron/neutron/api/extensions.py:156}}
Jul 13 15:07:38.072923 np0000185010 devstack@neutron-api.service[102026]: DEBUG neutron.api.extensions [None req-02b992dc-7d06-4653-b95a-5c25c2b2d4be None None] Extended resource: auto-allocated-topology {{(pid=102026) __init__ /opt/stack/neutron/neutron/api/extensions.py:156}}
Jul 13 15:07:38.073507 np0000185010 devstack@neutron-api.service[102026]: DEBUG neutron.api.extensions [None req-02b992dc-7d06-4653-b95a-5c25c2b2d4be None None] Extended resource: availability_zones {{(pid=102026) __init__ /opt/stack/neutron/neutron/api/extensions.py:156}}
Jul 13 15:07:38.074137 np0000185010 devstack@neutron-api.service[102026]: DEBUG neutron.api.extensions [None req-02b992dc-7d06-4653-b95a-5c25c2b2d4be None None] Extended resource: dhcp-networks {{(pid=102026) __init__ /opt/stack/neutron/neutron/api/extensions.py:156}}
Jul 13 15:07:38.074730 np0000185010 devstack@neutron-api.service[102026]: DEBUG neutron.api.extensions [None req-02b992dc-7d06-4653-b95a-5c25c2b2d4be None None] Extended resource: dhcp-agents {{(pid=102026) __init__ /opt/stack/neutron/neutron/api/extensions.py:156}}
Jul 13 15:07:38.075330 np0000185010 devstack@neutron-api.service[102026]: DEBUG neutron.api.extensions [None req-02b992dc-7d06-4653-b95a-5c25c2b2d4be None None] Extended resource: routers {{(pid=102026) __init__ /opt/stack/neutron/neutron/api/extensions.py:156}}
Jul 13 15:07:38.076359 np0000185010 devstack@neutron-api.service[102026]: DEBUG neutron.api.extensions [None req-02b992dc-7d06-4653-b95a-5c25c2b2d4be None None] Extended resource: flavors {{(pid=102026) __init__ /opt/stack/neutron/neutron/api/extensions.py:156}}
Jul 13 15:07:38.077011 np0000185010 devstack@neutron-api.service[102026]: DEBUG neutron.api.extensions [None req-02b992dc-7d06-4653-b95a-5c25c2b2d4be None None] Extended resource: service_profiles {{(pid=102026) __init__ /opt/stack/neutron/neutron/api/extensions.py:156}}
Jul 13 15:07:38.077366 np0000185010 devstack@neutron-api.service[102026]: DEBUG neutron.api.extensions [None req-02b992dc-7d06-4653-b95a-5c25c2b2d4be None None] Extended resource: next_providers {{(pid=102026) __init__ /opt/stack/neutron/neutron/api/extensions.py:156}}
Jul 13 15:07:38.078212 np0000185010 devstack@neutron-api.service[102026]: DEBUG neutron.api.extensions [None req-02b992dc-7d06-4653-b95a-5c25c2b2d4be None None] Extended resource: service_profiles {{(pid=102026) __init__ /opt/stack/neutron/neutron/api/extensions.py:156}}
Jul 13 15:07:38.078766 np0000185010 devstack@neutron-api.service[102026]: DEBUG neutron.api.extensions [None req-02b992dc-7d06-4653-b95a-5c25c2b2d4be None None] Extended resource: floatingip-pools {{(pid=102026) __init__ /opt/stack/neutron/neutron/api/extensions.py:156}}
Jul 13 15:07:38.079733 np0000185010 devstack@neutron-api.service[102026]: DEBUG neutron.api.extensions [None req-02b992dc-7d06-4653-b95a-5c25c2b2d4be None None] Extended resource: routers {{(pid=102026) __init__ /opt/stack/neutron/neutron/api/extensions.py:156}}
Jul 13 15:07:38.080697 np0000185010 devstack@neutron-api.service[102026]: DEBUG neutron.api.extensions [None req-02b992dc-7d06-4653-b95a-5c25c2b2d4be None None] Extended resource: floatingips {{(pid=102026) __init__ /opt/stack/neutron/neutron/api/extensions.py:156}}
Jul 13 15:07:38.082067 np0000185010 devstack@neutron-api.service[102026]: DEBUG neutron.api.extensions [None req-02b992dc-7d06-4653-b95a-5c25c2b2d4be None None] Extended resource: l3-routers {{(pid=102026) __init__ /opt/stack/neutron/neutron/api/extensions.py:156}}
Jul 13 15:07:38.082731 np0000185010 devstack@neutron-api.service[102026]: DEBUG neutron.api.extensions [None req-02b992dc-7d06-4653-b95a-5c25c2b2d4be None None] Extended resource: l3-agents {{(pid=102026) __init__ /opt/stack/neutron/neutron/api/extensions.py:156}}
Jul 13 15:07:38.083119 np0000185010 devstack@neutron-api.service[102025]: INFO neutron.plugins.ml2.drivers.type_vlan [None req-1c3ff059-98ff-4f25-a470-042492dfee0b None None] VlanTypeDriver initialization complete
Jul 13 15:07:38.083119 np0000185010 devstack@neutron-api.service[102025]: INFO neutron.plugins.ml2.managers [None req-1c3ff059-98ff-4f25-a470-042492dfee0b None None] Initializing extension driver 'port_security'
Jul 13 15:07:38.083969 np0000185010 devstack@neutron-api.service[102026]: DEBUG neutron.api.extensions [None req-02b992dc-7d06-4653-b95a-5c25c2b2d4be None None] Extended resource: network-ip-availabilities {{(pid=102026) __init__ /opt/stack/neutron/neutron/api/extensions.py:156}}
Jul 13 15:07:38.084535 np0000185010 devstack@neutron-api.service[102025]: INFO neutron.plugins.ml2.extensions.port_security [None req-1c3ff059-98ff-4f25-a470-042492dfee0b None None] PortSecurityExtensionDriver initialization complete
Jul 13 15:07:38.084535 np0000185010 devstack@neutron-api.service[102025]: INFO neutron.plugins.ml2.managers [None req-1c3ff059-98ff-4f25-a470-042492dfee0b None None] Initializing extension driver 'qos'
Jul 13 15:07:38.084535 np0000185010 devstack@neutron-api.service[102025]: DEBUG neutron.plugins.ml2.extensions.qos [None req-1c3ff059-98ff-4f25-a470-042492dfee0b None None] QosExtensionDriver initialization complete {{(pid=102025) initialize /opt/stack/neutron/neutron/plugins/ml2/extensions/qos.py:31}}
Jul 13 15:07:38.084535 np0000185010 devstack@neutron-api.service[102025]: INFO neutron.plugins.ml2.managers [None req-1c3ff059-98ff-4f25-a470-042492dfee0b None None] Initializing mechanism driver 'ovn'
Jul 13 15:07:38.084535 np0000185010 devstack@neutron-api.service[102025]: INFO neutron.plugins.ml2.drivers.ovn.mech_driver.mech_driver [None req-1c3ff059-98ff-4f25-a470-042492dfee0b None None] Starting OVNMechanismDriver
Jul 13 15:07:38.085144 np0000185010 devstack@neutron-api.service[102026]: DEBUG neutron.api.extensions [None req-02b992dc-7d06-4653-b95a-5c25c2b2d4be None None] Extended resource: network-ip-availabilities {{(pid=102026) __init__ /opt/stack/neutron/neutron/api/extensions.py:156}}
Jul 13 15:07:38.085144 np0000185010 devstack@neutron-api.service[102026]: DEBUG neutron.api.extensions [None req-02b992dc-7d06-4653-b95a-5c25c2b2d4be None None] Extended resource: bindings {{(pid=102026) __init__ /opt/stack/neutron/neutron/api/extensions.py:156}}
Jul 13 15:07:38.085144 np0000185010 devstack@neutron-api.service[102026]: DEBUG neutron.api.extensions [None req-02b992dc-7d06-4653-b95a-5c25c2b2d4be None None] Extended resource: quotas {{(pid=102026) __init__ /opt/stack/neutron/neutron/api/extensions.py:156}}
Jul 13 15:07:38.085691 np0000185010 devstack@neutron-api.service[102025]: DEBUG neutron_lib.callbacks.manager [None req-1c3ff059-98ff-4f25-a470-042492dfee0b None None] Subscribe: > process before_spawn 55550000, False {{(pid=102025) subscribe /opt/stack/data/venv/lib/python3.12/site-packages/neutron_lib/callbacks/manager.py:52}}
Jul 13 15:07:38.086145 np0000185010 devstack@neutron-api.service[102026]: DEBUG neutron.api.extensions [None req-02b992dc-7d06-4653-b95a-5c25c2b2d4be None None] Extended resource: quotas {{(pid=102026) __init__ /opt/stack/neutron/neutron/api/extensions.py:156}}
Jul 13 15:07:38.086562 np0000185010 devstack@neutron-api.service[102025]: DEBUG neutron_lib.callbacks.manager [None req-1c3ff059-98ff-4f25-a470-042492dfee0b None None] Subscribe: > process after_init 55550000, True {{(pid=102025) subscribe /opt/stack/data/venv/lib/python3.12/site-packages/neutron_lib/callbacks/manager.py:52}}
Jul 13 15:07:38.086562 np0000185010 devstack@neutron-api.service[102025]: DEBUG neutron_lib.callbacks.manager [None req-1c3ff059-98ff-4f25-a470-042492dfee0b None None] Subscribe: > segment after_create 55550000, False {{(pid=102025) subscribe /opt/stack/data/venv/lib/python3.12/site-packages/neutron_lib/callbacks/manager.py:52}}
Jul 13 15:07:38.086562 np0000185010 devstack@neutron-api.service[102025]: DEBUG neutron_lib.callbacks.manager [None req-1c3ff059-98ff-4f25-a470-042492dfee0b None None] Subscribe: > segment after_create 55550000, False {{(pid=102025) subscribe /opt/stack/data/venv/lib/python3.12/site-packages/neutron_lib/callbacks/manager.py:52}}
Jul 13 15:07:38.086562 np0000185010 devstack@neutron-api.service[102025]: DEBUG neutron_lib.callbacks.manager [None req-1c3ff059-98ff-4f25-a470-042492dfee0b None None] Subscribe: > segment after_delete 55550000, False {{(pid=102025) subscribe /opt/stack/data/venv/lib/python3.12/site-packages/neutron_lib/callbacks/manager.py:52}}
Jul 13 15:07:38.087098 np0000185010 devstack@neutron-api.service[102025]: DEBUG neutron_lib.callbacks.manager [None req-1c3ff059-98ff-4f25-a470-042492dfee0b None None] Subscribe: > allowed_address_pair before_create 55550000, False {{(pid=102025) subscribe /opt/stack/data/venv/lib/python3.12/site-packages/neutron_lib/callbacks/manager.py:52}}
Jul 13 15:07:38.087497 np0000185010 devstack@neutron-api.service[102026]: DEBUG neutron.api.extensions [None req-02b992dc-7d06-4653-b95a-5c25c2b2d4be None None] Extended resource: rbac-policies {{(pid=102026) __init__ /opt/stack/neutron/neutron/api/extensions.py:156}}
Jul 13 15:07:38.087916 np0000185010 devstack@neutron-api.service[102025]: DEBUG neutron_lib.callbacks.manager [None req-1c3ff059-98ff-4f25-a470-042492dfee0b None None] Subscribe: > security_group precommit_create 55550000, False {{(pid=102025) subscribe /opt/stack/data/venv/lib/python3.12/site-packages/neutron_lib/callbacks/manager.py:52}}
Jul 13 15:07:38.087916 np0000185010 devstack@neutron-api.service[102025]: DEBUG neutron_lib.callbacks.manager [None req-1c3ff059-98ff-4f25-a470-042492dfee0b None None] Subscribe: > security_group after_update 55550000, False {{(pid=102025) subscribe /opt/stack/data/venv/lib/python3.12/site-packages/neutron_lib/callbacks/manager.py:52}}
Jul 13 15:07:38.087916 np0000185010 devstack@neutron-api.service[102025]: DEBUG neutron_lib.callbacks.manager [None req-1c3ff059-98ff-4f25-a470-042492dfee0b None None] Subscribe: > security_group after_create 55550000, False {{(pid=102025) subscribe /opt/stack/data/venv/lib/python3.12/site-packages/neutron_lib/callbacks/manager.py:52}}
Jul 13 15:07:38.087916 np0000185010 devstack@neutron-api.service[102025]: DEBUG neutron_lib.callbacks.manager [None req-1c3ff059-98ff-4f25-a470-042492dfee0b None None] Subscribe: > security_group precommit_delete 55550000, False {{(pid=102025) subscribe /opt/stack/data/venv/lib/python3.12/site-packages/neutron_lib/callbacks/manager.py:52}}
Jul 13 15:07:38.088477 np0000185010 devstack@neutron-api.service[102026]: DEBUG neutron.api.extensions [None req-02b992dc-7d06-4653-b95a-5c25c2b2d4be None None] Extended resource: default-security-group-rules {{(pid=102026) __init__ /opt/stack/neutron/neutron/api/extensions.py:156}}
Jul 13 15:07:38.088936 np0000185010 devstack@neutron-api.service[102025]: DEBUG neutron_lib.callbacks.manager [None req-1c3ff059-98ff-4f25-a470-042492dfee0b None None] Subscribe: > security_group after_delete 55550000, False {{(pid=102025) subscribe /opt/stack/data/venv/lib/python3.12/site-packages/neutron_lib/callbacks/manager.py:52}}
Jul 13 15:07:38.088936 np0000185010 devstack@neutron-api.service[102025]: DEBUG neutron_lib.callbacks.manager [None req-1c3ff059-98ff-4f25-a470-042492dfee0b None None] Subscribe: > security_group_rule precommit_create 55550000, False {{(pid=102025) subscribe /opt/stack/data/venv/lib/python3.12/site-packages/neutron_lib/callbacks/manager.py:52}}
Jul 13 15:07:38.088936 np0000185010 devstack@neutron-api.service[102025]: DEBUG neutron_lib.callbacks.manager [None req-1c3ff059-98ff-4f25-a470-042492dfee0b None None] Subscribe: > security_group_rule after_create 55550000, False {{(pid=102025) subscribe /opt/stack/data/venv/lib/python3.12/site-packages/neutron_lib/callbacks/manager.py:52}}
Jul 13 15:07:38.088936 np0000185010 devstack@neutron-api.service[102025]: DEBUG neutron_lib.callbacks.manager [None req-1c3ff059-98ff-4f25-a470-042492dfee0b None None] Subscribe: > security_group_rule before_delete 55550000, False {{(pid=102025) subscribe /opt/stack/data/venv/lib/python3.12/site-packages/neutron_lib/callbacks/manager.py:52}}
Jul 13 15:07:38.089509 np0000185010 devstack@neutron-api.service[102026]: DEBUG neutron.api.extensions [None req-02b992dc-7d06-4653-b95a-5c25c2b2d4be None None] Extended resource: security-groups-default-statefulness {{(pid=102026) __init__ /opt/stack/neutron/neutron/api/extensions.py:156}}
Jul 13 15:07:38.089945 np0000185010 devstack@neutron-api.service[102025]: DEBUG neutron_lib.callbacks.manager [None req-1c3ff059-98ff-4f25-a470-042492dfee0b None None] Subscribe: > address_group after_create 55550000, False {{(pid=102025) subscribe /opt/stack/data/venv/lib/python3.12/site-packages/neutron_lib/callbacks/manager.py:52}}
Jul 13 15:07:38.089945 np0000185010 devstack@neutron-api.service[102025]: DEBUG neutron_lib.callbacks.manager [None req-1c3ff059-98ff-4f25-a470-042492dfee0b None None] Subscribe: > address_group after_update 55550000, False {{(pid=102025) subscribe /opt/stack/data/venv/lib/python3.12/site-packages/neutron_lib/callbacks/manager.py:52}}
Jul 13 15:07:38.089945 np0000185010 devstack@neutron-api.service[102025]: DEBUG neutron_lib.callbacks.manager [None req-1c3ff059-98ff-4f25-a470-042492dfee0b None None] Subscribe: > address_group after_delete 55550000, False {{(pid=102025) subscribe /opt/stack/data/venv/lib/python3.12/site-packages/neutron_lib/callbacks/manager.py:52}}
Jul 13 15:07:38.089945 np0000185010 devstack@neutron-api.service[102025]: DEBUG neutron_lib.callbacks.manager [None req-1c3ff059-98ff-4f25-a470-042492dfee0b None None] Subscribe: > qos_plugin after_init 55550000, False {{(pid=102025) subscribe /opt/stack/data/venv/lib/python3.12/site-packages/neutron_lib/callbacks/manager.py:52}}
Jul 13 15:07:38.090481 np0000185010 devstack@neutron-api.service[102026]: DEBUG neutron.api.extensions [None req-02b992dc-7d06-4653-b95a-5c25c2b2d4be None None] Extended resource: security-groups {{(pid=102026) __init__ /opt/stack/neutron/neutron/api/extensions.py:156}}
Jul 13 15:07:38.090959 np0000185010 devstack@neutron-api.service[102025]: DEBUG neutron_lib.callbacks.manager [None req-1c3ff059-98ff-4f25-a470-042492dfee0b None None] Subscribe: > trunk_plugin after_init 55550000, False {{(pid=102025) subscribe /opt/stack/data/venv/lib/python3.12/site-packages/neutron_lib/callbacks/manager.py:52}}
Jul 13 15:07:38.090959 np0000185010 devstack@neutron-api.service[102025]: DEBUG neutron_lib.callbacks.manager [None req-1c3ff059-98ff-4f25-a470-042492dfee0b None None] Subscribe: > logging-plugin after_init 55550000, False {{(pid=102025) subscribe /opt/stack/data/venv/lib/python3.12/site-packages/neutron_lib/callbacks/manager.py:52}}
Jul 13 15:07:38.091220 np0000185010 devstack@neutron-api.service[102026]: DEBUG neutron.api.extensions [None req-02b992dc-7d06-4653-b95a-5c25c2b2d4be None None] Extended resource: security-group-rules {{(pid=102026) __init__ /opt/stack/neutron/neutron/api/extensions.py:156}}
Jul 13 15:07:38.091364 np0000185010 devstack@neutron-api.service[102025]: INFO neutron.services.logapi.drivers.ovn.driver [None req-1c3ff059-98ff-4f25-a470-042492dfee0b None None] OVN logging driver registered
Jul 13 15:07:38.091506 np0000185010 devstack@neutron-api.service[102026]: DEBUG neutron.api.extensions [None req-02b992dc-7d06-4653-b95a-5c25c2b2d4be None None] Extended resource: service-providers {{(pid=102026) __init__ /opt/stack/neutron/neutron/api/extensions.py:156}}
Jul 13 15:07:38.091653 np0000185010 devstack@neutron-api.service[102025]: DEBUG neutron_lib.callbacks.manager [None req-1c3ff059-98ff-4f25-a470-042492dfee0b None None] Subscribe: ._register_pvlan_driver at 0x7c3757e6da80> pvlan_plugin before_spawn 55550000, False {{(pid=102025) subscribe /opt/stack/data/venv/lib/python3.12/site-packages/neutron_lib/callbacks/manager.py:52}}
Jul 13 15:07:38.091653 np0000185010 devstack@neutron-api.service[102025]: DEBUG neutron_lib.callbacks.manager [None req-1c3ff059-98ff-4f25-a470-042492dfee0b None None] Subscribe: process after_init 55550000, False {{(pid=102025) subscribe /opt/stack/data/venv/lib/python3.12/site-packages/neutron_lib/callbacks/manager.py:52}}
Jul 13 15:07:38.091838 np0000185010 devstack@neutron-api.service[102026]: DEBUG neutron.api.extensions [None req-02b992dc-7d06-4653-b95a-5c25c2b2d4be None None] Extended resource: subnetpools {{(pid=102026) __init__ /opt/stack/neutron/neutron/api/extensions.py:156}}
Jul 13 15:07:38.091838 np0000185010 devstack@neutron-api.service[102026]: DEBUG neutron.api.extensions [None req-02b992dc-7d06-4653-b95a-5c25c2b2d4be None None] Extended resource: subnetpools {{(pid=102026) __init__ /opt/stack/neutron/neutron/api/extensions.py:156}}
Jul 13 15:07:38.091838 np0000185010 devstack@neutron-api.service[102026]: DEBUG neutron.api.extensions [None req-02b992dc-7d06-4653-b95a-5c25c2b2d4be None None] Extended resource: tags {{(pid=102026) __init__ /opt/stack/neutron/neutron/api/extensions.py:156}}
Jul 13 15:07:38.092068 np0000185010 devstack@neutron-api.service[102025]: DEBUG neutron.plugins.ml2.plugin [None req-1c3ff059-98ff-4f25-a470-042492dfee0b None None] neutron.plugins.ml2.plugin.Ml2Plugin method _start_rpc_notifiers called with arguments () {} {{(pid=102025) wrapper /opt/stack/data/venv/lib/python3.12/site-packages/oslo_log/helpers.py:77}}
Jul 13 15:07:38.092224 np0000185010 devstack@neutron-api.service[102026]: DEBUG neutron.api.extensions [None req-02b992dc-7d06-4653-b95a-5c25c2b2d4be None None] Extended resource: tags {{(pid=102026) __init__ /opt/stack/neutron/neutron/api/extensions.py:156}}
Jul 13 15:07:38.092382 np0000185010 devstack@neutron-api.service[102025]: DEBUG neutron_lib.callbacks.manager [None req-1c3ff059-98ff-4f25-a470-042492dfee0b None None] Subscribe: > port after_create 55550000, False {{(pid=102025) subscribe /opt/stack/data/venv/lib/python3.12/site-packages/neutron_lib/callbacks/manager.py:52}}
Jul 13 15:07:38.092382 np0000185010 devstack@neutron-api.service[102025]: DEBUG neutron_lib.callbacks.manager [None req-1c3ff059-98ff-4f25-a470-042492dfee0b None None] Subscribe: > port after_update 55550000, False {{(pid=102025) subscribe /opt/stack/data/venv/lib/python3.12/site-packages/neutron_lib/callbacks/manager.py:52}}
Jul 13 15:07:38.092382 np0000185010 devstack@neutron-api.service[102025]: DEBUG neutron_lib.callbacks.manager [None req-1c3ff059-98ff-4f25-a470-042492dfee0b None None] Subscribe: > port after_delete 55550000, False {{(pid=102025) subscribe /opt/stack/data/venv/lib/python3.12/site-packages/neutron_lib/callbacks/manager.py:52}}
Jul 13 15:07:38.092382 np0000185010 devstack@neutron-api.service[102025]: DEBUG neutron_lib.callbacks.manager [None req-1c3ff059-98ff-4f25-a470-042492dfee0b None None] Subscribe: > subnet after_create 55550000, False {{(pid=102025) subscribe /opt/stack/data/venv/lib/python3.12/site-packages/neutron_lib/callbacks/manager.py:52}}
Jul 13 15:07:38.092683 np0000185010 devstack@neutron-api.service[102025]: DEBUG neutron_lib.callbacks.manager [None req-1c3ff059-98ff-4f25-a470-042492dfee0b None None] Subscribe: > subnet after_update 55550000, False {{(pid=102025) subscribe /opt/stack/data/venv/lib/python3.12/site-packages/neutron_lib/callbacks/manager.py:52}}
Jul 13 15:07:38.092879 np0000185010 devstack@neutron-api.service[102026]: DEBUG neutron.api.extensions [None req-02b992dc-7d06-4653-b95a-5c25c2b2d4be None None] Extended resource: tags {{(pid=102026) __init__ /opt/stack/neutron/neutron/api/extensions.py:156}}
Jul 13 15:07:38.093049 np0000185010 devstack@neutron-api.service[102025]: DEBUG neutron_lib.callbacks.manager [None req-1c3ff059-98ff-4f25-a470-042492dfee0b None None] Subscribe: > subnet after_delete 55550000, False {{(pid=102025) subscribe /opt/stack/data/venv/lib/python3.12/site-packages/neutron_lib/callbacks/manager.py:52}}
Jul 13 15:07:38.093049 np0000185010 devstack@neutron-api.service[102025]: DEBUG neutron_lib.callbacks.manager [None req-1c3ff059-98ff-4f25-a470-042492dfee0b None None] Subscribe: > network after_create 55550000, False {{(pid=102025) subscribe /opt/stack/data/venv/lib/python3.12/site-packages/neutron_lib/callbacks/manager.py:52}}
Jul 13 15:07:38.093049 np0000185010 devstack@neutron-api.service[102025]: DEBUG neutron_lib.callbacks.manager [None req-1c3ff059-98ff-4f25-a470-042492dfee0b None None] Subscribe: > network after_update 55550000, False {{(pid=102025) subscribe /opt/stack/data/venv/lib/python3.12/site-packages/neutron_lib/callbacks/manager.py:52}}
Jul 13 15:07:38.093049 np0000185010 devstack@neutron-api.service[102025]: DEBUG neutron_lib.callbacks.manager [None req-1c3ff059-98ff-4f25-a470-042492dfee0b None None] Subscribe: > network after_delete 55550000, False {{(pid=102025) subscribe /opt/stack/data/venv/lib/python3.12/site-packages/neutron_lib/callbacks/manager.py:52}}
Jul 13 15:07:38.093317 np0000185010 devstack@neutron-api.service[102025]: DEBUG neutron_lib.callbacks.manager [None req-1c3ff059-98ff-4f25-a470-042492dfee0b None None] Subscribe: > security_group after_create 55550000, False {{(pid=102025) subscribe /opt/stack/data/venv/lib/python3.12/site-packages/neutron_lib/callbacks/manager.py:52}}
Jul 13 15:07:38.093317 np0000185010 devstack@neutron-api.service[102025]: DEBUG neutron_lib.callbacks.manager [None req-1c3ff059-98ff-4f25-a470-042492dfee0b None None] Subscribe: > security_group after_update 55550000, False {{(pid=102025) subscribe /opt/stack/data/venv/lib/python3.12/site-packages/neutron_lib/callbacks/manager.py:52}}
Jul 13 15:07:38.093317 np0000185010 devstack@neutron-api.service[102025]: DEBUG neutron_lib.callbacks.manager [None req-1c3ff059-98ff-4f25-a470-042492dfee0b None None] Subscribe: > security_group after_delete 55550000, False {{(pid=102025) subscribe /opt/stack/data/venv/lib/python3.12/site-packages/neutron_lib/callbacks/manager.py:52}}
Jul 13 15:07:38.093317 np0000185010 devstack@neutron-api.service[102025]: DEBUG neutron_lib.callbacks.manager [None req-1c3ff059-98ff-4f25-a470-042492dfee0b None None] Subscribe: > security_group_rule after_create 55550000, False {{(pid=102025) subscribe /opt/stack/data/venv/lib/python3.12/site-packages/neutron_lib/callbacks/manager.py:52}}
Jul 13 15:07:38.093553 np0000185010 devstack@neutron-api.service[102025]: DEBUG neutron_lib.callbacks.manager [None req-1c3ff059-98ff-4f25-a470-042492dfee0b None None] Subscribe: > security_group_rule after_update 55550000, False {{(pid=102025) subscribe /opt/stack/data/venv/lib/python3.12/site-packages/neutron_lib/callbacks/manager.py:52}}
Jul 13 15:07:38.093553 np0000185010 devstack@neutron-api.service[102025]: DEBUG neutron_lib.callbacks.manager [None req-1c3ff059-98ff-4f25-a470-042492dfee0b None None] Subscribe: > security_group_rule after_delete 55550000, False {{(pid=102025) subscribe /opt/stack/data/venv/lib/python3.12/site-packages/neutron_lib/callbacks/manager.py:52}}
Jul 13 15:07:38.093727 np0000185010 devstack@neutron-api.service[102026]: DEBUG neutron.api.extensions [None req-02b992dc-7d06-4653-b95a-5c25c2b2d4be None None] Extended resource: tags {{(pid=102026) __init__ /opt/stack/neutron/neutron/api/extensions.py:156}}
Jul 13 15:07:38.094164 np0000185010 devstack@neutron-api.service[102025]: DEBUG neutron_lib.callbacks.manager [None req-1c3ff059-98ff-4f25-a470-042492dfee0b None None] Subscribe: > address_group after_create 55550000, False {{(pid=102025) subscribe /opt/stack/data/venv/lib/python3.12/site-packages/neutron_lib/callbacks/manager.py:52}}
Jul 13 15:07:38.094164 np0000185010 devstack@neutron-api.service[102025]: DEBUG neutron_lib.callbacks.manager [None req-1c3ff059-98ff-4f25-a470-042492dfee0b None None] Subscribe: > address_group after_update 55550000, False {{(pid=102025) subscribe /opt/stack/data/venv/lib/python3.12/site-packages/neutron_lib/callbacks/manager.py:52}}
Jul 13 15:07:38.094164 np0000185010 devstack@neutron-api.service[102025]: DEBUG neutron_lib.callbacks.manager [None req-1c3ff059-98ff-4f25-a470-042492dfee0b None None] Subscribe: > address_group after_delete 55550000, False {{(pid=102025) subscribe /opt/stack/data/venv/lib/python3.12/site-packages/neutron_lib/callbacks/manager.py:52}}
Jul 13 15:07:38.094164 np0000185010 devstack@neutron-api.service[102025]: DEBUG neutron.plugins.ml2.ovo_rpc [None req-1c3ff059-98ff-4f25-a470-042492dfee0b None None] ML2 OVO RPC backend initialized. {{(pid=102025) __init__ /opt/stack/neutron/neutron/plugins/ml2/ovo_rpc.py:117}}
Jul 13 15:07:38.094785 np0000185010 devstack@neutron-api.service[102026]: DEBUG neutron.api.extensions [None req-02b992dc-7d06-4653-b95a-5c25c2b2d4be None None] Extended resource: tags {{(pid=102026) __init__ /opt/stack/neutron/neutron/api/extensions.py:156}}
Jul 13 15:07:38.095644 np0000185010 devstack@neutron-api.service[102025]: INFO neutron.quota [None req-1c3ff059-98ff-4f25-a470-042492dfee0b None None] Loaded quota_driver: .
Jul 13 15:07:38.095970 np0000185010 devstack@neutron-api.service[102025]: INFO neutron.plugins.ml2.plugin [None req-1c3ff059-98ff-4f25-a470-042492dfee0b None None] Modular L2 Plugin initialization complete
Jul 13 15:07:38.096113 np0000185010 devstack@neutron-api.service[102026]: DEBUG neutron.api.extensions [None req-02b992dc-7d06-4653-b95a-5c25c2b2d4be None None] Extended resource: tags {{(pid=102026) __init__ /opt/stack/neutron/neutron/api/extensions.py:156}}
Jul 13 15:07:38.096226 np0000185010 devstack@neutron-api.service[102025]: DEBUG neutron.manager [None req-1c3ff059-98ff-4f25-a470-042492dfee0b None None] Loading services supported by the core plugin {{(pid=102025) _load_services_from_core_plugin /opt/stack/neutron/neutron/manager.py:167}}
Jul 13 15:07:38.096350 np0000185010 devstack@neutron-api.service[102025]: INFO neutron.plugins.ml2.managers [None req-1c3ff059-98ff-4f25-a470-042492dfee0b None None] Got port-security extension from driver 'port_security'
Jul 13 15:07:38.096651 np0000185010 devstack@neutron-api.service[102025]: DEBUG neutron.manager [None req-1c3ff059-98ff-4f25-a470-042492dfee0b None None] Loading service plugins: ['ovn-router', 'auto_allocate', 'tag', 'timestamp', 'network_ip_availability', 'flavors', 'revisions'] {{(pid=102025) _load_service_plugins /opt/stack/neutron/neutron/manager.py:192}}
Jul 13 15:07:38.097123 np0000185010 devstack@neutron-api.service[102025]: INFO neutron.manager [None req-1c3ff059-98ff-4f25-a470-042492dfee0b None None] Loading Plugin: ovn-router
Jul 13 15:07:38.097528 np0000185010 devstack@neutron-api.service[102026]: DEBUG neutron.api.extensions [None req-02b992dc-7d06-4653-b95a-5c25c2b2d4be None None] Extended resource: tags {{(pid=102026) __init__ /opt/stack/neutron/neutron/api/extensions.py:156}}
Jul 13 15:07:38.098646 np0000185010 devstack@neutron-api.service[102026]: DEBUG neutron.api.extensions [None req-02b992dc-7d06-4653-b95a-5c25c2b2d4be None None] Extended resource: tags {{(pid=102026) __init__ /opt/stack/neutron/neutron/api/extensions.py:156}}
Jul 13 15:07:38.099842 np0000185010 devstack@neutron-api.service[102026]: DEBUG neutron.api.extensions [None req-02b992dc-7d06-4653-b95a-5c25c2b2d4be None None] Extended resource: tags {{(pid=102026) __init__ /opt/stack/neutron/neutron/api/extensions.py:156}}
Jul 13 15:07:38.101098 np0000185010 devstack@neutron-api.service[102026]: DEBUG neutron.api.extensions [None req-02b992dc-7d06-4653-b95a-5c25c2b2d4be None None] Extended resource: tags {{(pid=102026) __init__ /opt/stack/neutron/neutron/api/extensions.py:156}}
Jul 13 15:07:38.111885 np0000185010 devstack@neutron-api.service[102026]: DEBUG neutron_lib.callbacks.manager [None req-02b992dc-7d06-4653-b95a-5c25c2b2d4be None None] Publish callbacks ['neutron.plugins.ml2.drivers.ovn.mech_driver.mech_driver.OVNMechanismDriver.pre_fork_initialize-4012242'] for process (None), before_spawn {{(pid=102026) _notify_loop /opt/stack/data/venv/lib/python3.12/site-packages/neutron_lib/callbacks/manager.py:184}}
Jul 13 15:07:38.112238 np0000185010 devstack@neutron-api.service[102026]: DEBUG oslo_concurrency.processutils [None req-02b992dc-7d06-4653-b95a-5c25c2b2d4be None None] Running cmd (subprocess): ovsdb-client transact ssl:199.204.45.169:6641 --timeout 180 -p /opt/stack/data/CA/int-ca/private/devstack-cert.key -c /opt/stack/data/CA/int-ca/devstack-cert.crt -C /opt/stack/data/CA/int-ca/ca-chain.pem ["OVN_Northbound", {"op": "wait", "timeout": 0, "table": "Port_Group", "where": [["name", "==", "neutron_pg_drop"]], "until": "==", "rows": []}, {"op": "insert", "table": "ACL", "row": {"action": "drop", "direction": "to-lport", "match": "outport == @neutron_pg_drop && ip", "priority": 1001}, "uuid-name": "droptoport"}, {"op": "insert", "table": "ACL", "row": {"action": "drop", "direction": "from-lport", "match": "inport == @neutron_pg_drop && ip", "priority": 1001}, "uuid-name": "dropfromport"}, {"op": "insert", "table": "Port_Group", "row": {"name": "neutron_pg_drop", "acls": ["set", [["named-uuid", "droptoport"], ["named-uuid", "dropfromport"]]]}}] {{(pid=102026) execute /opt/stack/data/venv/lib/python3.12/site-packages/oslo_concurrency/processutils.py:440}}
Jul 13 15:07:38.118237 np0000185010 devstack@neutron-api.service[102025]: DEBUG neutron_lib.callbacks.manager [None req-1c3ff059-98ff-4f25-a470-042492dfee0b None None] Subscribe: > router before_delete 55550000, False {{(pid=102025) subscribe /opt/stack/data/venv/lib/python3.12/site-packages/neutron_lib/callbacks/manager.py:52}}
Jul 13 15:07:38.118397 np0000185010 devstack@neutron-api.service[102025]: DEBUG neutron_lib.callbacks.manager [None req-1c3ff059-98ff-4f25-a470-042492dfee0b None None] Subscribe: port before_update 55550000, False {{(pid=102025) subscribe /opt/stack/data/venv/lib/python3.12/site-packages/neutron_lib/callbacks/manager.py:52}}
Jul 13 15:07:38.118589 np0000185010 devstack@neutron-api.service[102025]: DEBUG neutron_lib.callbacks.manager [None req-1c3ff059-98ff-4f25-a470-042492dfee0b None None] Subscribe: port after_update 55550000, False {{(pid=102025) subscribe /opt/stack/data/venv/lib/python3.12/site-packages/neutron_lib/callbacks/manager.py:52}}
Jul 13 15:07:38.118812 np0000185010 devstack@neutron-api.service[102025]: DEBUG neutron_lib.callbacks.manager [None req-1c3ff059-98ff-4f25-a470-042492dfee0b None None] Subscribe: > port precommit_delete 55550000, False {{(pid=102025) subscribe /opt/stack/data/venv/lib/python3.12/site-packages/neutron_lib/callbacks/manager.py:52}}
Jul 13 15:07:38.118812 np0000185010 devstack@neutron-api.service[102025]: DEBUG neutron_lib.callbacks.manager [None req-1c3ff059-98ff-4f25-a470-042492dfee0b None None] Subscribe: port before_update 55550000, False {{(pid=102025) subscribe /opt/stack/data/venv/lib/python3.12/site-packages/neutron_lib/callbacks/manager.py:52}}
Jul 13 15:07:38.119530 np0000185010 devstack@neutron-api.service[102025]: DEBUG neutron_lib.callbacks.manager [None req-1c3ff059-98ff-4f25-a470-042492dfee0b None None] Subscribe: port before_delete 55550000, False {{(pid=102025) subscribe /opt/stack/data/venv/lib/python3.12/site-packages/neutron_lib/callbacks/manager.py:52}}
Jul 13 15:07:38.119530 np0000185010 devstack@neutron-api.service[102025]: DEBUG neutron_lib.callbacks.manager [None req-1c3ff059-98ff-4f25-a470-042492dfee0b None None] Subscribe: > router precommit_create 55550000, False {{(pid=102025) subscribe /opt/stack/data/venv/lib/python3.12/site-packages/neutron_lib/callbacks/manager.py:52}}
Jul 13 15:07:38.119530 np0000185010 devstack@neutron-api.service[102025]: DEBUG neutron_lib.callbacks.manager [None req-1c3ff059-98ff-4f25-a470-042492dfee0b None None] Subscribe: > router precommit_create 55550000, False {{(pid=102025) subscribe /opt/stack/data/venv/lib/python3.12/site-packages/neutron_lib/callbacks/manager.py:52}}
Jul 13 15:07:38.119530 np0000185010 devstack@neutron-api.service[102025]: DEBUG neutron_lib.callbacks.manager [None req-1c3ff059-98ff-4f25-a470-042492dfee0b None None] Subscribe: > router precommit_update 55550000, False {{(pid=102025) subscribe /opt/stack/data/venv/lib/python3.12/site-packages/neutron_lib/callbacks/manager.py:52}}
Jul 13 15:07:38.119808 np0000185010 devstack@neutron-api.service[102025]: DEBUG neutron_lib.callbacks.manager [None req-1c3ff059-98ff-4f25-a470-042492dfee0b None None] Subscribe: subnet after_update 55550000, False {{(pid=102025) subscribe /opt/stack/data/venv/lib/python3.12/site-packages/neutron_lib/callbacks/manager.py:52}}
Jul 13 15:07:38.119979 np0000185010 devstack@neutron-api.service[102025]: DEBUG neutron.quota.resource_registry [None req-1c3ff059-98ff-4f25-a470-042492dfee0b None None] Tracking information for resource: router configured {{(pid=102025) set_tracked_resource /opt/stack/neutron/neutron/quota/resource_registry.py:203}}
Jul 13 15:07:38.120133 np0000185010 devstack@neutron-api.service[102025]: DEBUG neutron.quota.resource_registry [None req-1c3ff059-98ff-4f25-a470-042492dfee0b None None] Tracking information for resource: floatingip configured {{(pid=102025) set_tracked_resource /opt/stack/neutron/neutron/quota/resource_registry.py:203}}
Jul 13 15:07:38.120264 np0000185010 devstack@neutron-api.service[102025]: INFO neutron.services.ovn_l3.plugin [None req-1c3ff059-98ff-4f25-a470-042492dfee0b None None] Starting OVNL3RouterPlugin
Jul 13 15:07:38.120576 np0000185010 devstack@neutron-api.service[102025]: DEBUG neutron_lib.callbacks.manager [None req-1c3ff059-98ff-4f25-a470-042492dfee0b None None] Subscribe: > port_forwarding_plugin after_init 55550000, False {{(pid=102025) subscribe /opt/stack/data/venv/lib/python3.12/site-packages/neutron_lib/callbacks/manager.py:52}}
Jul 13 15:07:38.120902 np0000185010 devstack@neutron-api.service[102025]: DEBUG neutron_lib.callbacks.manager [None req-1c3ff059-98ff-4f25-a470-042492dfee0b None None] Subscribe: > router before_create 55550100, False {{(pid=102025) subscribe /opt/stack/data/venv/lib/python3.12/site-packages/neutron_lib/callbacks/manager.py:52}}
Jul 13 15:07:38.121326 np0000185010 devstack@neutron-api.service[102025]: DEBUG neutron_lib.callbacks.manager [None req-1c3ff059-98ff-4f25-a470-042492dfee0b None None] Subscribe: > router precommit_delete 55550100, False {{(pid=102025) subscribe /opt/stack/data/venv/lib/python3.12/site-packages/neutron_lib/callbacks/manager.py:52}}
Jul 13 15:07:38.121326 np0000185010 devstack@neutron-api.service[102025]: DEBUG neutron_lib.callbacks.manager [None req-1c3ff059-98ff-4f25-a470-042492dfee0b None None] Subscribe: > router precommit_create 55550100, False {{(pid=102025) subscribe /opt/stack/data/venv/lib/python3.12/site-packages/neutron_lib/callbacks/manager.py:52}}
Jul 13 15:07:38.121567 np0000185010 devstack@neutron-api.service[102025]: DEBUG neutron_lib.callbacks.manager [None req-1c3ff059-98ff-4f25-a470-042492dfee0b None None] Subscribe: > router precommit_update 55550100, False {{(pid=102025) subscribe /opt/stack/data/venv/lib/python3.12/site-packages/neutron_lib/callbacks/manager.py:52}}
Jul 13 15:07:38.128138 np0000185010 devstack@neutron-api.service[102025]: DEBUG neutron.services.provider_configuration [None req-1c3ff059-98ff-4f25-a470-042492dfee0b None None] Service providers = [] {{(pid=102025) parse_service_provider_opt /opt/stack/neutron/neutron/services/provider_configuration.py:170}}
Jul 13 15:07:38.128138 np0000185010 devstack@neutron-api.service[102025]: DEBUG neutron.db.servicetype_db [None req-1c3ff059-98ff-4f25-a470-042492dfee0b None None] Adding provider configuration for service L3_ROUTER_NAT {{(pid=102025) add_provider_configuration /opt/stack/neutron/neutron/db/servicetype_db.py:45}}
Jul 13 15:07:38.129697 np0000185010 devstack@neutron-api.service[102025]: DEBUG neutron_lib.callbacks.manager [None req-1c3ff059-98ff-4f25-a470-042492dfee0b None None] Subscribe: > router precommit_create 55549900, False {{(pid=102025) subscribe /opt/stack/data/venv/lib/python3.12/site-packages/neutron_lib/callbacks/manager.py:52}}
Jul 13 15:07:38.129872 np0000185010 devstack@neutron-api.service[102025]: DEBUG neutron_lib.callbacks.manager [None req-1c3ff059-98ff-4f25-a470-042492dfee0b None None] Subscribe: > router_interface after_create 55550000, False {{(pid=102025) subscribe /opt/stack/data/venv/lib/python3.12/site-packages/neutron_lib/callbacks/manager.py:52}}
Jul 13 15:07:38.130016 np0000185010 devstack@neutron-api.service[102025]: DEBUG neutron_lib.callbacks.manager [None req-1c3ff059-98ff-4f25-a470-042492dfee0b None None] Subscribe: > floatingip after_create 55550000, False {{(pid=102025) subscribe /opt/stack/data/venv/lib/python3.12/site-packages/neutron_lib/callbacks/manager.py:52}}
Jul 13 15:07:38.130198 np0000185010 devstack@neutron-api.service[102025]: DEBUG neutron_lib.callbacks.manager [None req-1c3ff059-98ff-4f25-a470-042492dfee0b None None] Subscribe: > floatingip precommit_create 55550000, False {{(pid=102025) subscribe /opt/stack/data/venv/lib/python3.12/site-packages/neutron_lib/callbacks/manager.py:52}}
Jul 13 15:07:38.130198 np0000185010 devstack@neutron-api.service[102025]: DEBUG neutron_lib.callbacks.manager [None req-1c3ff059-98ff-4f25-a470-042492dfee0b None None] Subscribe: > floatingip precommit_update 55550000, False {{(pid=102025) subscribe /opt/stack/data/venv/lib/python3.12/site-packages/neutron_lib/callbacks/manager.py:52}}
Jul 13 15:07:38.130403 np0000185010 devstack@neutron-api.service[102025]: DEBUG neutron_lib.callbacks.manager [None req-1c3ff059-98ff-4f25-a470-042492dfee0b None None] Subscribe: > floatingip after_delete 55550000, False {{(pid=102025) subscribe /opt/stack/data/venv/lib/python3.12/site-packages/neutron_lib/callbacks/manager.py:52}}
Jul 13 15:07:38.130621 np0000185010 devstack@neutron-api.service[102025]: DEBUG neutron_lib.callbacks.manager [None req-1c3ff059-98ff-4f25-a470-042492dfee0b None None] Subscribe: > floatingip after_status_update 55550000, False {{(pid=102025) subscribe /opt/stack/data/venv/lib/python3.12/site-packages/neutron_lib/callbacks/manager.py:52}}
Jul 13 15:07:38.130621 np0000185010 devstack@neutron-api.service[102025]: DEBUG neutron_lib.callbacks.manager [None req-1c3ff059-98ff-4f25-a470-042492dfee0b None None] Subscribe: > floatingip after_update 55550000, False {{(pid=102025) subscribe /opt/stack/data/venv/lib/python3.12/site-packages/neutron_lib/callbacks/manager.py:52}}
Jul 13 15:07:38.130874 np0000185010 devstack@neutron-api.service[102025]: DEBUG neutron_lib.callbacks.manager [None req-1c3ff059-98ff-4f25-a470-042492dfee0b None None] Subscribe: > port_forwarding after_create 55550000, False {{(pid=102025) subscribe /opt/stack/data/venv/lib/python3.12/site-packages/neutron_lib/callbacks/manager.py:52}}
Jul 13 15:07:38.130874 np0000185010 devstack@neutron-api.service[102025]: DEBUG neutron_lib.callbacks.manager [None req-1c3ff059-98ff-4f25-a470-042492dfee0b None None] Subscribe: > router_interface after_delete 55550000, False {{(pid=102025) subscribe /opt/stack/data/venv/lib/python3.12/site-packages/neutron_lib/callbacks/manager.py:52}}
Jul 13 15:07:38.131110 np0000185010 devstack@neutron-api.service[102025]: DEBUG neutron_lib.callbacks.manager [None req-1c3ff059-98ff-4f25-a470-042492dfee0b None None] Subscribe: > router after_create 55550000, False {{(pid=102025) subscribe /opt/stack/data/venv/lib/python3.12/site-packages/neutron_lib/callbacks/manager.py:52}}
Jul 13 15:07:38.131110 np0000185010 devstack@neutron-api.service[102025]: DEBUG neutron_lib.callbacks.manager [None req-1c3ff059-98ff-4f25-a470-042492dfee0b None None] Subscribe: > router precommit_create 55550000, False {{(pid=102025) subscribe /opt/stack/data/venv/lib/python3.12/site-packages/neutron_lib/callbacks/manager.py:52}}
Jul 13 15:07:38.131345 np0000185010 devstack@neutron-api.service[102025]: DEBUG neutron_lib.callbacks.manager [None req-1c3ff059-98ff-4f25-a470-042492dfee0b None None] Subscribe: > router after_delete 55550000, False {{(pid=102025) subscribe /opt/stack/data/venv/lib/python3.12/site-packages/neutron_lib/callbacks/manager.py:52}}
