2026-02-26 22:50:46.267 8 INFO neutron.pecan_wsgi.hooks.translation [None req-16d09fbf-33b2-4a28-b943-0ac86c41ae0d 7a9b1aad42a9497d8d6d0b1c2b27f102 9857a88077b44c57b3d87b3c6124bb36 - - default default] DELETE failed (client error): The resource could not be found. [pid: 8|app: 0|req: 1304/2292] 10.0.0.121 () {32 vars in 725 bytes} [Thu Feb 26 22:50:46 2026] DELETE /v2.0/networks/984a75b7-4cb8-41ac-b54f-f1e7ddf1d1cf => generated 138 bytes in 13 msecs (HTTP/1.1 404) 4 headers in 164 bytes (1 switches on core 0) [pid: 8|app: 0|req: 1305/2293] 10.0.0.121 () {32 vars in 693 bytes} [Thu Feb 26 22:50:46 2026] GET /v2.0/networks?router%3Aexternal=True => generated 689 bytes in 63 msecs (HTTP/1.1 200) 4 headers in 157 bytes (1 switches on core 0) [pid: 8|app: 0|req: 1306/2294] 10.0.0.121 () {32 vars in 741 bytes} [Thu Feb 26 22:50:46 2026] GET /v2.0/subnets?network_id=e2fefe9d-30fa-45f2-b17d-71dea055cdc1 => generated 649 bytes in 31 msecs (HTTP/1.1 200) 4 headers in 157 bytes (1 switches on core 0) [pid: 8|app: 0|req: 1307/2295] 10.0.0.121 () {32 vars in 652 bytes} [Thu Feb 26 22:50:46 2026] GET /v2.0/extensions => generated 20541 bytes in 5 msecs (HTTP/1.1 200) 4 headers in 159 bytes (1 switches on core 0) [pid: 8|app: 0|req: 1308/2296] 10.0.0.121 () {32 vars in 648 bytes} [Thu Feb 26 22:50:46 2026] GET /v2.0/networks => generated 1385 bytes in 43 msecs (HTTP/1.1 200) 4 headers in 158 bytes (1 switches on core 0) [pid: 8|app: 0|req: 1309/2297] 10.0.0.121 () {32 vars in 646 bytes} [Thu Feb 26 22:50:46 2026] GET /v2.0/subnets => generated 1280 bytes in 23 msecs (HTTP/1.1 200) 4 headers in 158 bytes (1 switches on core 0) [pid: 8|app: 0|req: 1310/2298] 10.0.0.121 () {32 vars in 722 bytes} [Thu Feb 26 22:50:46 2026] GET /v2.0/networks/75d4f9a5-0ddd-492b-ab51-7a5355120ea7 => generated 707 bytes in 37 msecs (HTTP/1.1 200) 4 headers in 157 bytes (1 switches on core 0) [pid: 8|app: 0|req: 1311/2299] 10.0.0.121 () {32 vars in 720 bytes} [Thu Feb 26 22:50:46 2026] GET /v2.0/subnets/e8aa9703-b70d-4b8c-8351-54ae1b1ce665 => generated 641 bytes in 24 msecs (HTTP/1.1 200) 4 headers in 157 bytes (1 switches on core 0)
2026-02-26 22:50:46.550 8 INFO neutron.pecan_wsgi.hooks.translation [None req-609372e2-676e-4129-8aac-11833824d28e 7a9b1aad42a9497d8d6d0b1c2b27f102 9857a88077b44c57b3d87b3c6124bb36 - - default default] DELETE failed (client error): The resource could not be found. [pid: 8|app: 0|req: 1312/2300] 10.0.0.121 () {32 vars in 723 bytes} [Thu Feb 26 22:50:46 2026] DELETE /v2.0/subnets/d86782c2-6a30-4239-8322-95c9d1b74541 => generated 136 bytes in 14 msecs (HTTP/1.1 404) 4 headers in 164 bytes (1 switches on core 0)
2026-02-26 22:50:46.566 8 INFO neutron.pecan_wsgi.hooks.translation [None req-40c48cdf-37c2-4601-98a9-0f4352f02a69 7a9b1aad42a9497d8d6d0b1c2b27f102 9857a88077b44c57b3d87b3c6124bb36 - - default default] DELETE failed (client error): The resource could not be found. [pid: 8|app: 0|req: 1313/2301] 10.0.0.121 () {32 vars in 725 bytes} [Thu Feb 26 22:50:46 2026] DELETE /v2.0/networks/984a75b7-4cb8-41ac-b54f-f1e7ddf1d1cf => generated 138 bytes in 11 msecs (HTTP/1.1 404) 4 headers in 164 bytes (1 switches on core 0) [pid: 7|app: 0|req: 989/2302] 10.0.0.121 () {34 vars in 788 bytes} [Thu Feb 26 22:50:45 2026] PUT /v2.0/routers/db726ce9-9770-4ef5-9b9f-17e41a0b0dae/remove_router_interface => generated 309 bytes in 904 msecs (HTTP/1.1 200) 4 headers in 157 bytes (1 switches on core 0) /var/lib/openstack/lib/python3.12/site-packages/pycadf/identifier.py:70: UserWarning: Invalid uuid: neutron. To ensure interoperability, identifiers should be a valid uuid. warnings.warn(('Invalid uuid: %s. To ensure interoperability, ' [pid: 8|app: 0|req: 1314/2303] 10.0.0.121 () {32 vars in 723 bytes} [Thu Feb 26 22:50:46 2026] DELETE /v2.0/subnets/e8aa9703-b70d-4b8c-8351-54ae1b1ce665 => generated 0 bytes in 172 msecs (HTTP/1.1 204) 3 headers in 131 bytes (1 switches on core 0)
2026-02-26 22:50:46.848 8 INFO neutron_taas.services.taas.taas_plugin [None req-083e6c00-2a80-43dc-a704-ac2788911c43 7a9b1aad42a9497d8d6d0b1c2b27f102 9857a88077b44c57b3d87b3c6124bb36 - - default default] TaaS: Handle Delete Port: 24515cf3-59e6-4642-92d1-5f347ef4ee93
2026-02-26 22:50:46.851 8 INFO neutron_taas.services.taas.tap_mirror_plugin [None req-083e6c00-2a80-43dc-a704-ac2788911c43 7a9b1aad42a9497d8d6d0b1c2b27f102 9857a88077b44c57b3d87b3c6124bb36 - - default default] Tap Mirror: Handle Delete Port: 24515cf3-59e6-4642-92d1-5f347ef4ee93
2026-02-26 22:50:47.013 7 INFO neutron_taas.services.taas.taas_plugin [None req-b53b3b81-e1a3-4324-b2d3-8cd6ef78f25b a35f77338c034507ada069984086c8c2 934fdc21ddae478c9e35f970d3c0c386 - - default default] TaaS: Handle Delete Port: 1147a450-3376-4eb6-835a-b15acfd149d7
2026-02-26 22:50:47.016 7 INFO neutron_taas.services.taas.tap_mirror_plugin [None req-b53b3b81-e1a3-4324-b2d3-8cd6ef78f25b a35f77338c034507ada069984086c8c2 934fdc21ddae478c9e35f970d3c0c386 - - default default] Tap Mirror: Handle Delete Port: 1147a450-3376-4eb6-835a-b15acfd149d7 [pid: 8|app: 0|req: 1315/2304] 10.0.0.121 () {32 vars in 725 bytes} [Thu Feb 26 22:50:46 2026] DELETE /v2.0/networks/75d4f9a5-0ddd-492b-ab51-7a5355120ea7 => generated 0 bytes in 335 msecs (HTTP/1.1 204) 3 headers in 131 bytes (1 switches on core 0)
2026-02-26 22:50:47.391 8 INFO neutron.db.ovn_revision_numbers_db [None req-e9927f0a-7e4f-424a-99a3-f49050156c20 1bb18b4aa26e4830a6a978c11da797cd c2e922f2390942f3b0c7929d329e51f7 - - default default] Successfully bumped revision number for resource e23a1fcb-08c1-42e0-a7e4-6475dc1f91ec (type: security_groups) to 1
2026-02-26 22:50:47.403 8 INFO neutron.db.ovn_revision_numbers_db [None req-e9927f0a-7e4f-424a-99a3-f49050156c20 1bb18b4aa26e4830a6a978c11da797cd c2e922f2390942f3b0c7929d329e51f7 - - default default] Successfully bumped revision number for resource 61d454ca-0d85-4d66-ac2b-c5f933d724d6 (type: security_group_rules) to 0
2026-02-26 22:50:47.416 8 INFO neutron.db.ovn_revision_numbers_db [None req-e9927f0a-7e4f-424a-99a3-f49050156c20 1bb18b4aa26e4830a6a978c11da797cd c2e922f2390942f3b0c7929d329e51f7 - - default default] Successfully bumped revision number for resource 6ab6c31d-e5ed-45cf-a14d-c4dd6bcd69ed (type: security_group_rules) to 0
2026-02-26 22:50:47.429 8 INFO neutron.db.ovn_revision_numbers_db [None req-e9927f0a-7e4f-424a-99a3-f49050156c20 1bb18b4aa26e4830a6a978c11da797cd c2e922f2390942f3b0c7929d329e51f7 - - default default] Successfully bumped revision number for resource a3b5d2c0-1945-4590-90b1-3b5d9b15f8ab (type: security_group_rules) to 0
2026-02-26 22:50:47.441 8 INFO neutron.db.ovn_revision_numbers_db [None req-e9927f0a-7e4f-424a-99a3-f49050156c20 1bb18b4aa26e4830a6a978c11da797cd c2e922f2390942f3b0c7929d329e51f7 - - default default] Successfully bumped revision number for resource a579f2c7-d60d-4feb-b4c9-39349e94a910 (type: security_group_rules) to 0 [pid: 7|app: 0|req: 990/2305] 10.0.0.121 () {32 vars in 723 bytes} [Thu Feb 26 22:50:46 2026] DELETE /v2.0/routers/db726ce9-9770-4ef5-9b9f-17e41a0b0dae => generated 0 bytes in 778 msecs (HTTP/1.1 204) 2 headers in 112 bytes (1 switches on core 0) [pid: 7|app: 0|req: 991/2306] 10.0.0.121 () {32 vars in 720 bytes} [Thu Feb 26 22:50:47 2026] GET /v2.0/routers/cade7713-b5c7-41c5-bbad-7051fcd680e9 => generated 942 bytes in 51 msecs (HTTP/1.1 200) 4 headers in 157 bytes (1 switches on core 0)
2026-02-26 22:50:47.530 8 INFO neutron.db.segments_db [None req-e9927f0a-7e4f-424a-99a3-f49050156c20 1bb18b4aa26e4830a6a978c11da797cd c2e922f2390942f3b0c7929d329e51f7 - - default default] Added segment e0e5f6b5-906a-4f60-85ae-8823aff02925 of type geneve for network ebff1f6f-b744-442f-8adc-29c8b14f0b80
2026-02-26 22:50:47.660 8 INFO neutron.db.ovn_revision_numbers_db [None req-e9927f0a-7e4f-424a-99a3-f49050156c20 1bb18b4aa26e4830a6a978c11da797cd c2e922f2390942f3b0c7929d329e51f7 - - default default] Successfully bumped revision number for resource ebff1f6f-b744-442f-8adc-29c8b14f0b80 (type: networks) to 1 [pid: 7|app: 0|req: 992/2307] 10.0.0.121 () {32 vars in 773 bytes} [Thu Feb 26 22:50:47 2026] GET /v2.0/security-groups?tenant_id=9857a88077b44c57b3d87b3c6124bb36&name=default => generated 2925 bytes in 171 msecs (HTTP/1.1 200) 4 headers in 158 bytes (1 switches on core 0)
2026-02-26 22:50:47.798 8 WARNING neutron.scheduler.dhcp_agent_scheduler [None req-e9927f0a-7e4f-424a-99a3-f49050156c20 1bb18b4aa26e4830a6a978c11da797cd c2e922f2390942f3b0c7929d329e51f7 - - default default] No more DHCP agents
2026-02-26 22:50:47.799 8 WARNING neutron.api.rpc.agentnotifiers.dhcp_rpc_agent_api [None req-e9927f0a-7e4f-424a-99a3-f49050156c20 1bb18b4aa26e4830a6a978c11da797cd c2e922f2390942f3b0c7929d329e51f7 - - default default] Unable to schedule network ebff1f6f-b744-442f-8adc-29c8b14f0b80: no agents available; will retry on subsequent port and subnet creation events.
2026-02-26 22:50:47.888 7 INFO neutron.plugins.ml2.drivers.ovn.mech_driver.mech_driver [None req-091403ef-1733-43dd-9d9d-dad4f9911114 - - - - - -] OVN reports status down for port: bb499074-13f4-449e-a6ff-69ad4b30c1d0
2026-02-26 22:50:47.926 8 INFO neutron.db.ovn_revision_numbers_db [None req-e9927f0a-7e4f-424a-99a3-f49050156c20 1bb18b4aa26e4830a6a978c11da797cd c2e922f2390942f3b0c7929d329e51f7 - - default default] Successfully bumped revision number for resource bb499074-13f4-449e-a6ff-69ad4b30c1d0 (type: ports) to 1 [pid: 8|app: 0|req: 1316/2308] 10.0.0.121 () {34 vars in 669 bytes} [Thu Feb 26 22:50:47 2026] POST /v2.0/networks => generated 651 bytes in 862 msecs (HTTP/1.1 201) 4 headers in 162 bytes (1 switches on core 0)
2026-02-26 22:50:48.238 8 INFO neutron.services.segments.plugin [-] Segment 67a4e97d-80ae-460b-a2a2-df29c687bcc7 resource provider aggregate not found
2026-02-26 22:50:48.252 8 INFO neutron.services.segments.plugin [-] Segment 67a4e97d-80ae-460b-a2a2-df29c687bcc7 resource provider aggregate not found
2026-02-26 22:50:48.256 8 INFO neutron.services.segments.plugin [-] Segment 67a4e97d-80ae-460b-a2a2-df29c687bcc7 resource provider not found; error: Placement Client Error (4xx): {"errors": [{"status": 404, "title": "Not Found", "detail": "The resource could not be found.\n\n No resource provider with uuid 67a4e97d-80ae-460b-a2a2-df29c687bcc7 found for delete ", "request_id": "req-99c7e901-b523-4cfe-9e93-8b361b265d19"}]}
2026-02-26 22:50:48.271 8 INFO neutron.services.segments.plugin [-] Segment 67a4e97d-80ae-460b-a2a2-df29c687bcc7 resource provider not found; error: Placement Client Error (4xx): {"errors": [{"status": 404, "title": "Not Found", "detail": "The resource could not be found.\n\n No resource provider with uuid 67a4e97d-80ae-460b-a2a2-df29c687bcc7 found for delete ", "request_id": "req-e4199249-13c3-4271-a746-a5ee564132e3"}]} [pid: 8|app: 0|req: 1317/2309] 10.0.0.121 () {32 vars in 739 bytes} [Thu Feb 26 22:50:47 2026] DELETE /v2.0/security-groups/453c2e3e-5061-46a6-b01a-f93b19a73aa2 => generated 0 bytes in 325 msecs (HTTP/1.1 204) 2 headers in 112 bytes (1 switches on core 0)
2026-02-26 22:50:48.376 7 INFO neutron.db.ovn_revision_numbers_db [None req-1d8e222c-1e14-454e-9c11-a8dd23a2007c a35f77338c034507ada069984086c8c2 934fdc21ddae478c9e35f970d3c0c386 - - default default] Successfully bumped revision number for resource cade7713-b5c7-41c5-bbad-7051fcd680e9 (type: routers) to 5 [pid: 7|app: 0|req: 993/2310] 10.0.0.121 () {34 vars in 741 bytes} [Thu Feb 26 22:50:47 2026] PUT /v2.0/routers/cade7713-b5c7-41c5-bbad-7051fcd680e9 => generated 942 bytes in 689 msecs (HTTP/1.1 200) 4 headers in 157 bytes (1 switches on core 0) [pid: 7|app: 0|req: 994/2311] 10.0.0.121 () {32 vars in 735 bytes} [Thu Feb 26 22:50:48 2026] GET /v2.0/ports?device_id=cade7713-b5c7-41c5-bbad-7051fcd680e9 => generated 950 bytes in 75 msecs (HTTP/1.1 200) 4 headers in 157 bytes (1 switches on core 0)
2026-02-26 22:50:48.495 8 WARNING neutron.scheduler.dhcp_agent_scheduler [None req-cf794ed6-0577-48a0-933b-3773ca221a8b 1bb18b4aa26e4830a6a978c11da797cd c2e922f2390942f3b0c7929d329e51f7 - - default default] No more DHCP agents
2026-02-26 22:50:48.496 8 WARNING neutron.api.rpc.agentnotifiers.dhcp_rpc_agent_api [None req-cf794ed6-0577-48a0-933b-3773ca221a8b 1bb18b4aa26e4830a6a978c11da797cd c2e922f2390942f3b0c7929d329e51f7 - - default default] Unable to schedule network ebff1f6f-b744-442f-8adc-29c8b14f0b80: no agents available; will retry on subsequent port and subnet creation events.
2026-02-26 22:50:48.575 7 INFO neutron.plugins.ml2.drivers.ovn.mech_driver.mech_driver [None req-091403ef-1733-43dd-9d9d-dad4f9911114 - - - - - -] OVN reports status down for port: 2031505e-e14d-4db0-9d70-7839e4082ece
2026-02-26 22:50:48.653 8 INFO neutron.db.ovn_revision_numbers_db [None req-cf794ed6-0577-48a0-933b-3773ca221a8b 1bb18b4aa26e4830a6a978c11da797cd c2e922f2390942f3b0c7929d329e51f7 - - default default] Successfully bumped revision number for resource 2031505e-e14d-4db0-9d70-7839e4082ece (type: ports) to 1 [pid: 8|app: 0|req: 1318/2312] 10.0.0.121 () {34 vars in 663 bytes} [Thu Feb 26 22:50:48 2026] POST /v2.0/ports => generated 743 bytes in 455 msecs (HTTP/1.1 201) 4 headers in 162 bytes (1 switches on core 0) /var/lib/openstack/lib/python3.12/site-packages/pycadf/identifier.py:70: UserWarning: Invalid uuid: neutron. To ensure interoperability, identifiers should be a valid uuid. warnings.warn(('Invalid uuid: %s. To ensure interoperability, ' [pid: 7|app: 0|req: 995/2313] 10.0.0.244 () {28 vars in 580 bytes} [Thu Feb 26 22:50:48 2026] GET /v2.0/agents => generated 1214 bytes in 331 msecs (HTTP/1.1 200) 4 headers in 158 bytes (1 switches on core 0)
2026-02-26 22:50:48.897 7 INFO neutron.db.segments_db [None req-db23dfa4-5332-4694-96ef-e895092bb7a9 1bb18b4aa26e4830a6a978c11da797cd c2e922f2390942f3b0c7929d329e51f7 - - default default] Added segment 510bbd9b-9b37-4d03-b5e3-1451295734f7 of type geneve for network 9dcc428f-aa75-43a6-a14d-fb1a3a97cfc8
2026-02-26 22:50:49.016 7 INFO neutron.db.ovn_revision_numbers_db [None req-db23dfa4-5332-4694-96ef-e895092bb7a9 1bb18b4aa26e4830a6a978c11da797cd c2e922f2390942f3b0c7929d329e51f7 - - default default] Successfully bumped revision number for resource 9dcc428f-aa75-43a6-a14d-fb1a3a97cfc8 (type: networks) to 1
2026-02-26 22:50:49.071 8 INFO neutron_taas.services.taas.taas_plugin [None req-9a1135a6-2b07-4202-b299-70c022045660 a35f77338c034507ada069984086c8c2 934fdc21ddae478c9e35f970d3c0c386 - - default default] TaaS: Handle Delete Port: 7ff0ff2d-da13-444e-a80d-e69dce0793a2
2026-02-26 22:50:49.073 8 INFO neutron_taas.services.taas.tap_mirror_plugin [None req-9a1135a6-2b07-4202-b299-70c022045660 a35f77338c034507ada069984086c8c2 934fdc21ddae478c9e35f970d3c0c386 - - default default] Tap Mirror: Handle Delete Port: 7ff0ff2d-da13-444e-a80d-e69dce0793a2
2026-02-26 22:50:49.162 7 WARNING neutron.scheduler.dhcp_agent_scheduler [None req-db23dfa4-5332-4694-96ef-e895092bb7a9 1bb18b4aa26e4830a6a978c11da797cd c2e922f2390942f3b0c7929d329e51f7 - - default default] No more DHCP agents
2026-02-26 22:50:49.164 7 WARNING neutron.api.rpc.agentnotifiers.dhcp_rpc_agent_api [None req-db23dfa4-5332-4694-96ef-e895092bb7a9 1bb18b4aa26e4830a6a978c11da797cd c2e922f2390942f3b0c7929d329e51f7 - - default default] Unable to schedule network 9dcc428f-aa75-43a6-a14d-fb1a3a97cfc8: no agents available; will retry on subsequent port and subnet creation events.
2026-02-26 22:50:49.249 7 INFO neutron.plugins.ml2.drivers.ovn.mech_driver.mech_driver [None req-091403ef-1733-43dd-9d9d-dad4f9911114 - - - - - -] OVN reports status down for port: 20e0b362-0636-4ef7-950a-70c6bfb45f7a
2026-02-26 22:50:49.368 7 INFO neutron.db.ovn_revision_numbers_db [None req-db23dfa4-5332-4694-96ef-e895092bb7a9 1bb18b4aa26e4830a6a978c11da797cd c2e922f2390942f3b0c7929d329e51f7 - - default default] Successfully bumped revision number for resource 20e0b362-0636-4ef7-950a-70c6bfb45f7a (type: ports) to 1 [pid: 7|app: 0|req: 996/2314] 10.0.0.121 () {34 vars in 669 bytes} [Thu Feb 26 22:50:48 2026] POST /v2.0/networks => generated 651 bytes in 611 msecs (HTTP/1.1 201) 4 headers in 162 bytes (1 switches on core 0) [pid: 7|app: 0|req: 997/2315] 10.0.0.244 () {28 vars in 618 bytes} [Thu Feb 26 22:50:49 2026] GET /v2.0/network-ip-availabilities => generated 2881 bytes in 34 msecs (HTTP/1.1 200) 4 headers in 158 bytes (1 switches on core 0)
2026-02-26 22:50:49.647 7 WARNING neutron.scheduler.dhcp_agent_scheduler [None req-2a1a8bf5-8916-4743-8489-b59e91b9d029 1bb18b4aa26e4830a6a978c11da797cd c2e922f2390942f3b0c7929d329e51f7 - - default default] No more DHCP agents
2026-02-26 22:50:49.648 7 WARNING neutron.api.rpc.agentnotifiers.dhcp_rpc_agent_api [None req-2a1a8bf5-8916-4743-8489-b59e91b9d029 1bb18b4aa26e4830a6a978c11da797cd c2e922f2390942f3b0c7929d329e51f7 - - default default] Unable to schedule network 9dcc428f-aa75-43a6-a14d-fb1a3a97cfc8: no agents available; will retry on subsequent port and subnet creation events. [pid: 8|app: 0|req: 1319/2316] 10.0.0.121 () {34 vars in 788 bytes} [Thu Feb 26 22:50:48 2026] PUT /v2.0/routers/cade7713-b5c7-41c5-bbad-7051fcd680e9/remove_router_interface => generated 309 bytes in 967 msecs (HTTP/1.1 200) 4 headers in 157 bytes (1 switches on core 0) /var/lib/openstack/lib/python3.12/site-packages/pycadf/identifier.py:70: UserWarning: Invalid uuid: neutron. To ensure interoperability, identifiers should be a valid uuid. warnings.warn(('Invalid uuid: %s. To ensure interoperability, '
2026-02-26 22:50:49.742 7 INFO neutron.plugins.ml2.drivers.ovn.mech_driver.mech_driver [None req-091403ef-1733-43dd-9d9d-dad4f9911114 - - - - - -] OVN reports status down for port: 2968c055-b6fe-40fd-a561-12a6b41f9f73
2026-02-26 22:50:49.822 7 INFO neutron.db.ovn_revision_numbers_db [None req-2a1a8bf5-8916-4743-8489-b59e91b9d029 1bb18b4aa26e4830a6a978c11da797cd c2e922f2390942f3b0c7929d329e51f7 - - default default] Successfully bumped revision number for resource 2968c055-b6fe-40fd-a561-12a6b41f9f73 (type: ports) to 1 [pid: 8|app: 0|req: 1320/2317] 10.0.0.244 () {28 vars in 584 bytes} [Thu Feb 26 22:50:49 2026] GET /v2.0/networks => generated 6120 bytes in 131 msecs (HTTP/1.1 200) 4 headers in 158 bytes (1 switches on core 0) [pid: 7|app: 0|req: 998/2318] 10.0.0.121 () {34 vars in 663 bytes} [Thu Feb 26 22:50:49 2026] POST /v2.0/ports => generated 743 bytes in 458 msecs (HTTP/1.1 201) 4 headers in 162 bytes (1 switches on core 0) /var/lib/openstack/lib/python3.12/site-packages/pycadf/identifier.py:70: UserWarning: Invalid uuid: neutron. To ensure interoperability, identifiers should be a valid uuid. warnings.warn(('Invalid uuid: %s. To ensure interoperability, ' [pid: 7|app: 0|req: 999/2319] 10.0.0.244 () {28 vars in 578 bytes} [Thu Feb 26 22:50:49 2026] GET /v2.0/ports => generated 12789 bytes in 92 msecs (HTTP/1.1 200) 4 headers in 159 bytes (1 switches on core 0)
2026-02-26 22:50:50.145 8 INFO neutron_taas.services.taas.taas_plugin [None req-0d46d0d2-dfd2-4924-b2aa-f7258a627e8f a35f77338c034507ada069984086c8c2 934fdc21ddae478c9e35f970d3c0c386 - - default default] TaaS: Handle Delete Port: 68d62524-f1cf-4fc7-ab93-7a187efc9e6b
2026-02-26 22:50:50.148 8 INFO neutron_taas.services.taas.tap_mirror_plugin [None req-0d46d0d2-dfd2-4924-b2aa-f7258a627e8f a35f77338c034507ada069984086c8c2 934fdc21ddae478c9e35f970d3c0c386 - - default default] Tap Mirror: Handle Delete Port: 68d62524-f1cf-4fc7-ab93-7a187efc9e6b
2026-02-26 22:50:50.288 7 INFO neutron.db.ovn_revision_numbers_db [None req-0f1a3e57-adec-44d4-8c02-df1baed33d74 8f3153cff8cf451798234084dc8feb30 34bfbf77b3b249cfa889c428c7369c78 - - default default] Successfully bumped revision number for resource accd9110-9f6c-440b-951c-4cf11bf4bf9b (type: security_groups) to 1
2026-02-26 22:50:50.299 7 INFO neutron.db.ovn_revision_numbers_db [None req-0f1a3e57-adec-44d4-8c02-df1baed33d74 8f3153cff8cf451798234084dc8feb30 34bfbf77b3b249cfa889c428c7369c78 - - default default] Successfully bumped revision number for resource 83447a29-aaa9-4929-a897-3947a9eef276 (type: security_group_rules) to 0
2026-02-26 22:50:50.311 7 INFO neutron.db.ovn_revision_numbers_db [None req-0f1a3e57-adec-44d4-8c02-df1baed33d74 8f3153cff8cf451798234084dc8feb30 34bfbf77b3b249cfa889c428c7369c78 - - default default] Successfully bumped revision number for resource 84b1b0bd-d937-48cf-8e51-17248f0b50f3 (type: security_group_rules) to 0
2026-02-26 22:50:50.330 7 INFO neutron.db.ovn_revision_numbers_db [None req-0f1a3e57-adec-44d4-8c02-df1baed33d74 8f3153cff8cf451798234084dc8feb30 34bfbf77b3b249cfa889c428c7369c78 - - default default] Successfully bumped revision number for resource 86a11369-a006-470d-8fe4-6559f974237d (type: security_group_rules) to 0
2026-02-26 22:50:50.348 7 INFO neutron.db.ovn_revision_numbers_db [None req-0f1a3e57-adec-44d4-8c02-df1baed33d74 8f3153cff8cf451798234084dc8feb30 34bfbf77b3b249cfa889c428c7369c78 - - default default] Successfully bumped revision number for resource ce8a6142-8864-47f5-be8f-dcdd0f3401fc (type: security_group_rules) to 0
2026-02-26 22:50:50.425 7 INFO neutron.db.segments_db [None req-0f1a3e57-adec-44d4-8c02-df1baed33d74 8f3153cff8cf451798234084dc8feb30 34bfbf77b3b249cfa889c428c7369c78 - - default default] Added segment 9a9a56c5-b792-48dd-8637-d4bdb8b142b0 of type geneve for network cc59e728-c6e9-4a59-8dae-b87d268ed4a1
2026-02-26 22:50:50.544 7 INFO neutron.db.ovn_revision_numbers_db [None req-0f1a3e57-adec-44d4-8c02-df1baed33d74 8f3153cff8cf451798234084dc8feb30 34bfbf77b3b249cfa889c428c7369c78 - - default default] Successfully bumped revision number for resource cc59e728-c6e9-4a59-8dae-b87d268ed4a1 (type: networks) to 1 [pid: 8|app: 0|req: 1321/2320] 10.0.0.121 () {32 vars in 723 bytes} [Thu Feb 26 22:50:49 2026] DELETE /v2.0/routers/cade7713-b5c7-41c5-bbad-7051fcd680e9 => generated 0 bytes in 745 msecs (HTTP/1.1 204) 2 headers in 112 bytes (1 switches on core 0)
2026-02-26 22:50:50.657 8 INFO neutron.db.segments_db [None req-5af98f88-4d79-45bc-a6b8-261bf574562d 1bb18b4aa26e4830a6a978c11da797cd c2e922f2390942f3b0c7929d329e51f7 - - default default] Added segment 25f3788b-014d-4221-a842-1dc02740f140 of type geneve for network 01405206-feb8-48e6-96c0-7ae9c8d14ed4
2026-02-26 22:50:50.731 7 WARNING neutron.scheduler.dhcp_agent_scheduler [None req-0f1a3e57-adec-44d4-8c02-df1baed33d74 8f3153cff8cf451798234084dc8feb30 34bfbf77b3b249cfa889c428c7369c78 - - default default] No more DHCP agents
2026-02-26 22:50:50.732 7 WARNING neutron.api.rpc.agentnotifiers.dhcp_rpc_agent_api [None req-0f1a3e57-adec-44d4-8c02-df1baed33d74 8f3153cff8cf451798234084dc8feb30 34bfbf77b3b249cfa889c428c7369c78 - - default default] Unable to schedule network cc59e728-c6e9-4a59-8dae-b87d268ed4a1: no agents available; will retry on subsequent port and subnet creation events.
2026-02-26 22:50:50.774 8 INFO neutron.db.ovn_revision_numbers_db [None req-5af98f88-4d79-45bc-a6b8-261bf574562d 1bb18b4aa26e4830a6a978c11da797cd c2e922f2390942f3b0c7929d329e51f7 - - default default] Successfully bumped revision number for resource 01405206-feb8-48e6-96c0-7ae9c8d14ed4 (type: networks) to 1
2026-02-26 22:50:50.820 7 INFO neutron.plugins.ml2.drivers.ovn.mech_driver.mech_driver [None req-091403ef-1733-43dd-9d9d-dad4f9911114 - - - - - -] OVN reports status down for port: ef7f9766-25fa-4005-9984-c365c1e035a3
2026-02-26 22:50:50.880 7 INFO neutron.db.ovn_revision_numbers_db [None req-0f1a3e57-adec-44d4-8c02-df1baed33d74 8f3153cff8cf451798234084dc8feb30 34bfbf77b3b249cfa889c428c7369c78 - - default default] Successfully bumped revision number for resource ef7f9766-25fa-4005-9984-c365c1e035a3 (type: ports) to 1 [pid: 7|app: 0|req: 1000/2321] 10.0.0.121 () {34 vars in 669 bytes} [Thu Feb 26 22:50:49 2026] POST /v2.0/networks => generated 651 bytes in 918 msecs (HTTP/1.1 201) 4 headers in 162 bytes (1 switches on core 0)
2026-02-26 22:50:50.963 8 WARNING neutron.scheduler.dhcp_agent_scheduler [None req-5af98f88-4d79-45bc-a6b8-261bf574562d 1bb18b4aa26e4830a6a978c11da797cd c2e922f2390942f3b0c7929d329e51f7 - - default default] No more DHCP agents
2026-02-26 22:50:50.964 8 WARNING neutron.api.rpc.agentnotifiers.dhcp_rpc_agent_api [None req-5af98f88-4d79-45bc-a6b8-261bf574562d 1bb18b4aa26e4830a6a978c11da797cd c2e922f2390942f3b0c7929d329e51f7 - - default default] Unable to schedule network 01405206-feb8-48e6-96c0-7ae9c8d14ed4: no agents available; will retry on subsequent port and subnet creation events.
2026-02-26 22:50:51.065 8 INFO neutron.db.ovn_revision_numbers_db [None req-5af98f88-4d79-45bc-a6b8-261bf574562d 1bb18b4aa26e4830a6a978c11da797cd c2e922f2390942f3b0c7929d329e51f7 - - default default] Successfully bumped revision number for resource 81476f7d-b37c-4b63-ab10-09a519c57bcf (type: ports) to 1
2026-02-26 22:50:51.068 7 INFO neutron.plugins.ml2.drivers.ovn.mech_driver.mech_driver [None req-091403ef-1733-43dd-9d9d-dad4f9911114 - - - - - -] OVN reports status down for port: 81476f7d-b37c-4b63-ab10-09a519c57bcf [pid: 8|app: 0|req: 1322/2322] 10.0.0.121 () {34 vars in 669 bytes} [Thu Feb 26 22:50:50 2026] POST /v2.0/networks => generated 650 bytes in 513 msecs (HTTP/1.1 201) 4 headers in 162 bytes (1 switches on core 0) [pid: 8|app: 0|req: 1323/2323] 10.0.0.244 () {28 vars in 590 bytes} [Thu Feb 26 22:50:51 2026] GET /v2.0/floatingips => generated 19 bytes in 19 msecs (HTTP/1.1 200) 4 headers in 156 bytes (1 switches on core 0)
2026-02-26 22:50:51.119 8 INFO neutron.api.v2.resource [None req-e09e17ca-3b8a-412e-b4d1-4c4c5370ab59 a35f77338c034507ada069984086c8c2 934fdc21ddae478c9e35f970d3c0c386 - - default default] show failed (client error): The resource could not be found. [pid: 8|app: 0|req: 1324/2324] 10.0.0.121 () {32 vars in 720 bytes} [Thu Feb 26 22:50:51 2026] GET /v2.0/routers/14021938-867a-4a36-a0f6-241a6ef1e061 => generated 135 bytes in 16 msecs (HTTP/1.1 404) 4 headers in 164 bytes (1 switches on core 0)
2026-02-26 22:50:51.183 7 INFO neutron.db.ovn_revision_numbers_db [None req-4b6851ae-e765-4a01-ab01-9c2e197d71c8 7ba1617fcd724fd7b10d329cbd3634af 400f684956f34f4b87dc039557cfbb75 - - default default] Successfully bumped revision number for resource 8ca0ee36-f4a9-4fef-8fed-068d07c06761 (type: security_groups) to 1
2026-02-26 22:50:51.193 7 INFO neutron.db.ovn_revision_numbers_db [None req-4b6851ae-e765-4a01-ab01-9c2e197d71c8 7ba1617fcd724fd7b10d329cbd3634af 400f684956f34f4b87dc039557cfbb75 - - default default] Successfully bumped revision number for resource 1a6d2b92-fafe-445c-8d7f-3202e052f0ea (type: security_group_rules) to 0
2026-02-26 22:50:51.205 7 INFO neutron.db.ovn_revision_numbers_db [None req-4b6851ae-e765-4a01-ab01-9c2e197d71c8 7ba1617fcd724fd7b10d329cbd3634af 400f684956f34f4b87dc039557cfbb75 - - default default] Successfully bumped revision number for resource 2b0bcd6f-ff13-48d7-95ee-92b8fb813942 (type: security_group_rules) to 0
2026-02-26 22:50:51.216 7 INFO neutron.db.ovn_revision_numbers_db [None req-4b6851ae-e765-4a01-ab01-9c2e197d71c8 7ba1617fcd724fd7b10d329cbd3634af 400f684956f34f4b87dc039557cfbb75 - - default default] Successfully bumped revision number for resource 56a2d8b3-0cde-4aee-bbae-eb1188821b69 (type: security_group_rules) to 0
2026-02-26 22:50:51.227 7 INFO neutron.db.ovn_revision_numbers_db [None req-4b6851ae-e765-4a01-ab01-9c2e197d71c8 7ba1617fcd724fd7b10d329cbd3634af 400f684956f34f4b87dc039557cfbb75 - - default default] Successfully bumped revision number for resource e5fc8656-989a-4463-9716-dd20d86b88ab (type: security_group_rules) to 0
2026-02-26 22:50:51.298 7 INFO neutron.db.segments_db [None req-4b6851ae-e765-4a01-ab01-9c2e197d71c8 7ba1617fcd724fd7b10d329cbd3634af 400f684956f34f4b87dc039557cfbb75 - - default default] Added segment 33fc66e9-ade7-49c6-9f86-4cc49813b7ac of type geneve for network 45f03d92-21b8-413e-b51e-d1cbc6e22d22
2026-02-26 22:50:51.328 8 WARNING neutron.scheduler.dhcp_agent_scheduler [None req-dd839c02-b614-4a04-8fa3-38aafc773970 8f3153cff8cf451798234084dc8feb30 34bfbf77b3b249cfa889c428c7369c78 - - default default] No more DHCP agents
2026-02-26 22:50:51.329 8 WARNING neutron.api.rpc.agentnotifiers.dhcp_rpc_agent_api [None req-dd839c02-b614-4a04-8fa3-38aafc773970 8f3153cff8cf451798234084dc8feb30 34bfbf77b3b249cfa889c428c7369c78 - - default default] Unable to schedule network cc59e728-c6e9-4a59-8dae-b87d268ed4a1: no agents available; will retry on subsequent port and subnet creation events.
2026-02-26 22:50:51.413 7 INFO neutron.db.ovn_revision_numbers_db [None req-4b6851ae-e765-4a01-ab01-9c2e197d71c8 7ba1617fcd724fd7b10d329cbd3634af 400f684956f34f4b87dc039557cfbb75 - - default default] Successfully bumped revision number for resource 45f03d92-21b8-413e-b51e-d1cbc6e22d22 (type: networks) to 1
2026-02-26 22:50:51.588 7 WARNING neutron.scheduler.dhcp_agent_scheduler [None req-4b6851ae-e765-4a01-ab01-9c2e197d71c8 7ba1617fcd724fd7b10d329cbd3634af 400f684956f34f4b87dc039557cfbb75 - - default default] No more DHCP agents
2026-02-26 22:50:51.590 7 WARNING neutron.api.rpc.agentnotifiers.dhcp_rpc_agent_api [None req-4b6851ae-e765-4a01-ab01-9c2e197d71c8 7ba1617fcd724fd7b10d329cbd3634af 400f684956f34f4b87dc039557cfbb75 - - default default] Unable to schedule network 45f03d92-21b8-413e-b51e-d1cbc6e22d22: no agents available; will retry on subsequent port and subnet creation events.
2026-02-26 22:50:51.656 7 INFO neutron.plugins.ml2.drivers.ovn.mech_driver.mech_driver [None req-091403ef-1733-43dd-9d9d-dad4f9911114 - - - - - -] OVN reports status down for port: 99074ba9-0913-4379-ab21-3d9656ea17df
2026-02-26 22:50:51.718 7 INFO neutron.db.ovn_revision_numbers_db [None req-4b6851ae-e765-4a01-ab01-9c2e197d71c8 7ba1617fcd724fd7b10d329cbd3634af 400f684956f34f4b87dc039557cfbb75 - - default default] Successfully bumped revision number for resource 99074ba9-0913-4379-ab21-3d9656ea17df (type: ports) to 1 [pid: 7|app: 0|req: 1001/2327] 10.0.0.121 () {34 vars in 669 bytes} [Thu Feb 26 22:50:50 2026] POST /v2.0/networks => generated 664 bytes in 850 msecs (HTTP/1.1 201) 4 headers in 162 bytes (1 switches on core 0)
2026-02-26 22:50:51.852 8 INFO neutron.db.ovn_revision_numbers_db [None req-a45ea000-bf15-49d8-9aad-dcca58bef929 - - - - - -] Successfully bumped revision number for resource ef7f9766-25fa-4005-9984-c365c1e035a3 (type: ports) to 2
2026-02-26 22:50:51.883 8 INFO neutron.db.ovn_revision_numbers_db [None req-a45ea000-bf15-49d8-9aad-dcca58bef929 - - - - - -] Successfully bumped revision number for resource b3960be1-639c-450e-8c86-40e7b7d6ddcc (type: subnets) to 0 [pid: 8|app: 0|req: 1327/2328] 10.0.0.121 () {34 vars in 668 bytes} [Thu Feb 26 22:50:51 2026] POST /v2.0/subnets => generated 626 bytes in 776 msecs (HTTP/1.1 201) 4 headers in 162 bytes (1 switches on core 0) [pid: 8|app: 0|req: 1328/2329] 10.0.0.244 () {28 vars in 582 bytes} [Thu Feb 26 22:50:51 2026] GET /v2.0/routers => generated 15 bytes in 16 msecs (HTTP/1.1 200) 4 headers in 156 bytes (1 switches on core 0)
2026-02-26 22:50:51.994 7 WARNING neutron.scheduler.dhcp_agent_scheduler [None req-403a93f0-62dd-467a-8f53-81f69a4aeffc 1bb18b4aa26e4830a6a978c11da797cd c2e922f2390942f3b0c7929d329e51f7 - - default default] No more DHCP agents
2026-02-26 22:50:51.995 7 WARNING neutron.api.rpc.agentnotifiers.dhcp_rpc_agent_api [None req-403a93f0-62dd-467a-8f53-81f69a4aeffc 1bb18b4aa26e4830a6a978c11da797cd c2e922f2390942f3b0c7929d329e51f7 - - default default] Unable to schedule network 01405206-feb8-48e6-96c0-7ae9c8d14ed4: no agents available; will retry on subsequent port and subnet creation events.
2026-02-26 22:50:52.055 7 INFO neutron.plugins.ml2.drivers.ovn.mech_driver.mech_driver [None req-091403ef-1733-43dd-9d9d-dad4f9911114 - - - - - -] OVN reports status down for port: f13b0034-54e2-4678-8aa2-87fe43a61075 [pid: 8|app: 0|req: 1329/2330] 10.0.0.121 () {32 vars in 723 bytes} [Thu Feb 26 22:50:51 2026] DELETE /v2.0/subnets/e169a3ff-3d72-4605-8407-c2c1816f97dc => generated 0 bytes in 205 msecs (HTTP/1.1 204) 3 headers in 131 bytes (1 switches on core 0)
2026-02-26 22:50:52.132 7 INFO neutron.db.ovn_revision_numbers_db [None req-403a93f0-62dd-467a-8f53-81f69a4aeffc 1bb18b4aa26e4830a6a978c11da797cd c2e922f2390942f3b0c7929d329e51f7 - - default default] Successfully bumped revision number for resource f13b0034-54e2-4678-8aa2-87fe43a61075 (type: ports) to 1 [pid: 7|app: 0|req: 1002/2331] 10.0.0.121 () {34 vars in 663 bytes} [Thu Feb 26 22:50:51 2026] POST /v2.0/ports => generated 743 bytes in 437 msecs (HTTP/1.1 201) 4 headers in 162 bytes (1 switches on core 0) /var/lib/openstack/lib/python3.12/site-packages/pycadf/identifier.py:70: UserWarning: Invalid uuid: neutron. To ensure interoperability, identifiers should be a valid uuid. warnings.warn(('Invalid uuid: %s. To ensure interoperability, '
2026-02-26 22:50:52.273 7 INFO neutron.db.segments_db [None req-e441d4ee-588a-49fb-8df1-4f8998e77184 8f3153cff8cf451798234084dc8feb30 34bfbf77b3b249cfa889c428c7369c78 - - default default] Added segment d0975f08-a364-494b-b2ce-17f682ae8262 of type geneve for network e24d4fee-5076-482b-9a3b-44036f79b7f6
2026-02-26 22:50:52.306 8 WARNING neutron.scheduler.dhcp_agent_scheduler [None req-8af63d9f-3db9-4ca8-8d05-792a5889cc87 7ba1617fcd724fd7b10d329cbd3634af 400f684956f34f4b87dc039557cfbb75 - - default default] No more DHCP agents
2026-02-26 22:50:52.308 8 WARNING neutron.api.rpc.agentnotifiers.dhcp_rpc_agent_api [None req-8af63d9f-3db9-4ca8-8d05-792a5889cc87 7ba1617fcd724fd7b10d329cbd3634af 400f684956f34f4b87dc039557cfbb75 - - default default] Unable to schedule network 45f03d92-21b8-413e-b51e-d1cbc6e22d22: no agents available; will retry on subsequent port and subnet creation events.
2026-02-26 22:50:52.378 7 INFO neutron.plugins.ml2.drivers.ovn.mech_driver.mech_driver [None req-091403ef-1733-43dd-9d9d-dad4f9911114 - - - - - -] OVN reports status down for port: 657b7505-0a3a-4abf-96b0-e9a862cd272b
2026-02-26 22:50:52.428 8 INFO neutron.db.ovn_revision_numbers_db [None req-8af63d9f-3db9-4ca8-8d05-792a5889cc87 7ba1617fcd724fd7b10d329cbd3634af 400f684956f34f4b87dc039557cfbb75 - - default default] Successfully bumped revision number for resource 657b7505-0a3a-4abf-96b0-e9a862cd272b (type: ports) to 1
2026-02-26 22:50:52.448 7 INFO neutron.db.ovn_revision_numbers_db [None req-e441d4ee-588a-49fb-8df1-4f8998e77184 8f3153cff8cf451798234084dc8feb30 34bfbf77b3b249cfa889c428c7369c78 - - default default] Successfully bumped revision number for resource e24d4fee-5076-482b-9a3b-44036f79b7f6 (type: networks) to 1 [pid: 8|app: 0|req: 1330/2332] 10.0.0.121 () {34 vars in 664 bytes} [Thu Feb 26 22:50:52 2026] POST /v2.0/ports => generated 774 bytes in 358 msecs (HTTP/1.1 201) 4 headers in 162 bytes (1 switches on core 0) /var/lib/openstack/lib/python3.12/site-packages/pycadf/identifier.py:70: UserWarning: Invalid uuid: neutron. To ensure interoperability, identifiers should be a valid uuid. warnings.warn(('Invalid uuid: %s. To ensure interoperability, ' [pid: 8|app: 0|req: 1331/2333] 10.0.0.244 () {28 vars in 623 bytes} [Thu Feb 26 22:50:52 2026] GET /v2.0/agents?binary=ovn-controller => generated 416 bytes in 13 msecs (HTTP/1.1 200) 4 headers in 157 bytes (1 switches on core 0)
2026-02-26 22:50:52.634 7 WARNING neutron.scheduler.dhcp_agent_scheduler [None req-e441d4ee-588a-49fb-8df1-4f8998e77184 8f3153cff8cf451798234084dc8feb30 34bfbf77b3b249cfa889c428c7369c78 - - default default] No more DHCP agents
2026-02-26 22:50:52.636 7 WARNING neutron.api.rpc.agentnotifiers.dhcp_rpc_agent_api [None req-e441d4ee-588a-49fb-8df1-4f8998e77184 8f3153cff8cf451798234084dc8feb30 34bfbf77b3b249cfa889c428c7369c78 - - default default] Unable to schedule network e24d4fee-5076-482b-9a3b-44036f79b7f6: no agents available; will retry on subsequent port and subnet creation events. [pid: 8|app: 0|req: 1332/2334] 10.0.0.121 () {32 vars in 723 bytes} [Thu Feb 26 22:50:52 2026] DELETE /v2.0/subnets/53ac7f8f-ba89-4e08-9df2-49b2966be16c => generated 0 bytes in 181 msecs (HTTP/1.1 204) 3 headers in 131 bytes (1 switches on core 0)
2026-02-26 22:50:52.717 7 INFO neutron.plugins.ml2.drivers.ovn.mech_driver.mech_driver [None req-091403ef-1733-43dd-9d9d-dad4f9911114 - - - - - -] OVN reports status down for port: 8944240e-e561-4450-8343-459e4456c603
2026-02-26 22:50:52.779 7 INFO neutron.db.ovn_revision_numbers_db [None req-e441d4ee-588a-49fb-8df1-4f8998e77184 8f3153cff8cf451798234084dc8feb30 34bfbf77b3b249cfa889c428c7369c78 - - default default] Successfully bumped revision number for resource 8944240e-e561-4450-8343-459e4456c603 (type: ports) to 1
2026-02-26 22:50:52.790 8 INFO neutron.db.segments_db [None req-91a241d8-dd00-4bcb-87ec-f0ada5cc0750 1bb18b4aa26e4830a6a978c11da797cd c2e922f2390942f3b0c7929d329e51f7 - - default default] Added segment 1713998e-2553-40c1-8db5-1c6ab89804a3 of type geneve for network 18eb0269-21a9-407d-8168-d38997355b9e [pid: 7|app: 0|req: 1003/2335] 10.0.0.121 () {34 vars in 669 bytes} [Thu Feb 26 22:50:52 2026] POST /v2.0/networks => generated 649 bytes in 627 msecs (HTTP/1.1 201) 4 headers in 162 bytes (1 switches on core 0)
2026-02-26 22:50:52.906 8 INFO neutron.db.ovn_revision_numbers_db [None req-91a241d8-dd00-4bcb-87ec-f0ada5cc0750 1bb18b4aa26e4830a6a978c11da797cd c2e922f2390942f3b0c7929d329e51f7 - - default default] Successfully bumped revision number for resource 18eb0269-21a9-407d-8168-d38997355b9e (type: networks) to 1
2026-02-26 22:50:52.932 7 INFO neutron.db.segments_db [None req-5c14884a-09cb-499a-b1ad-0f03aacbcf68 7ba1617fcd724fd7b10d329cbd3634af 400f684956f34f4b87dc039557cfbb75 - - default default] Added segment 30f9a136-8a43-48f5-a751-be87a90c8f03 of type geneve for network 90d7e9dc-02ff-468d-96a4-179a40a0a735
2026-02-26 22:50:53.043 7 INFO neutron.db.ovn_revision_numbers_db [None req-5c14884a-09cb-499a-b1ad-0f03aacbcf68 7ba1617fcd724fd7b10d329cbd3634af 400f684956f34f4b87dc039557cfbb75 - - default default] Successfully bumped revision number for resource 90d7e9dc-02ff-468d-96a4-179a40a0a735 (type: networks) to 1
2026-02-26 22:50:53.084 8 WARNING neutron.scheduler.dhcp_agent_scheduler [None req-91a241d8-dd00-4bcb-87ec-f0ada5cc0750 1bb18b4aa26e4830a6a978c11da797cd c2e922f2390942f3b0c7929d329e51f7 - - default default] No more DHCP agents
2026-02-26 22:50:53.085 8 WARNING neutron.api.rpc.agentnotifiers.dhcp_rpc_agent_api [None req-91a241d8-dd00-4bcb-87ec-f0ada5cc0750 1bb18b4aa26e4830a6a978c11da797cd c2e922f2390942f3b0c7929d329e51f7 - - default default] Unable to schedule network 18eb0269-21a9-407d-8168-d38997355b9e: no agents available; will retry on subsequent port and subnet creation events.
2026-02-26 22:50:53.205 8 INFO neutron.db.ovn_revision_numbers_db [None req-91a241d8-dd00-4bcb-87ec-f0ada5cc0750 1bb18b4aa26e4830a6a978c11da797cd c2e922f2390942f3b0c7929d329e51f7 - - default default] Successfully bumped revision number for resource db3e3e23-9059-4a0f-8a9e-d21f3fbe4289 (type: ports) to 1
2026-02-26 22:50:53.209 7 INFO neutron.plugins.ml2.drivers.ovn.mech_driver.mech_driver [None req-091403ef-1733-43dd-9d9d-dad4f9911114 - - - - - -] OVN reports status down for port: db3e3e23-9059-4a0f-8a9e-d21f3fbe4289 [pid: 8|app: 0|req: 1333/2336] 10.0.0.121 () {34 vars in 669 bytes} [Thu Feb 26 22:50:52 2026] POST /v2.0/networks => generated 651 bytes in 553 msecs (HTTP/1.1 201) 4 headers in 162 bytes (1 switches on core 0)
2026-02-26 22:50:53.250 7 WARNING neutron.scheduler.dhcp_agent_scheduler [None req-5c14884a-09cb-499a-b1ad-0f03aacbcf68 7ba1617fcd724fd7b10d329cbd3634af 400f684956f34f4b87dc039557cfbb75 - - default default] No more DHCP agents
2026-02-26 22:50:53.253 7 WARNING neutron.api.rpc.agentnotifiers.dhcp_rpc_agent_api [None req-5c14884a-09cb-499a-b1ad-0f03aacbcf68 7ba1617fcd724fd7b10d329cbd3634af 400f684956f34f4b87dc039557cfbb75 - - default default] Unable to schedule network 90d7e9dc-02ff-468d-96a4-179a40a0a735: no agents available; will retry on subsequent port and subnet creation events. [pid: 8|app: 0|req: 1334/2337] 10.0.0.244 () {28 vars in 598 bytes} [Thu Feb 26 22:50:53 2026] GET /v2.0/security-groups => generated 29009 bytes in 41 msecs (HTTP/1.1 200) 4 headers in 159 bytes (1 switches on core 0)
2026-02-26 22:50:53.353 7 INFO neutron.plugins.ml2.drivers.ovn.mech_driver.mech_driver [None req-091403ef-1733-43dd-9d9d-dad4f9911114 - - - - - -] OVN reports status down for port: 5284dfb2-c107-4fec-ab03-0c11aad6c735
2026-02-26 22:50:53.396 7 INFO neutron.db.ovn_revision_numbers_db [None req-5c14884a-09cb-499a-b1ad-0f03aacbcf68 7ba1617fcd724fd7b10d329cbd3634af 400f684956f34f4b87dc039557cfbb75 - - default default] Successfully bumped revision number for resource 5284dfb2-c107-4fec-ab03-0c11aad6c735 (type: ports) to 1 [pid: 7|app: 0|req: 1004/2338] 10.0.0.121 () {34 vars in 669 bytes} [Thu Feb 26 22:50:52 2026] POST /v2.0/networks => generated 650 bytes in 603 msecs (HTTP/1.1 201) 4 headers in 162 bytes (1 switches on core 0) [pid: 8|app: 0|req: 1335/2339] 10.0.0.121 () {32 vars in 723 bytes} [Thu Feb 26 22:50:53 2026] DELETE /v2.0/subnets/ad08306e-a815-4310-957a-6897a2e9cc97 => generated 0 bytes in 197 msecs (HTTP/1.1 204) 3 headers in 131 bytes (1 switches on core 0)
2026-02-26 22:50:53.637 7 WARNING neutron.scheduler.dhcp_agent_scheduler [None req-6a9bdbec-0901-4827-9091-b6501353da31 8f3153cff8cf451798234084dc8feb30 34bfbf77b3b249cfa889c428c7369c78 - - default default] No more DHCP agents
2026-02-26 22:50:53.639 7 WARNING neutron.api.rpc.agentnotifiers.dhcp_rpc_agent_api [None req-6a9bdbec-0901-4827-9091-b6501353da31 8f3153cff8cf451798234084dc8feb30 34bfbf77b3b249cfa889c428c7369c78 - - default default] Unable to schedule network e24d4fee-5076-482b-9a3b-44036f79b7f6: no agents available; will retry on subsequent port and subnet creation events.
2026-02-26 22:50:53.673 8 WARNING neutron.scheduler.dhcp_agent_scheduler [None req-f5312a84-3039-49f2-9214-83f2c3e8114d 1bb18b4aa26e4830a6a978c11da797cd c2e922f2390942f3b0c7929d329e51f7 - - default default] No more DHCP agents
2026-02-26 22:50:53.674 8 WARNING neutron.api.rpc.agentnotifiers.dhcp_rpc_agent_api [None req-f5312a84-3039-49f2-9214-83f2c3e8114d 1bb18b4aa26e4830a6a978c11da797cd c2e922f2390942f3b0c7929d329e51f7 - - default default] Unable to schedule network 18eb0269-21a9-407d-8168-d38997355b9e: no agents available; will retry on subsequent port and subnet creation events.
2026-02-26 22:50:53.785 7 INFO neutron.plugins.ml2.drivers.ovn.mech_driver.mech_driver [None req-091403ef-1733-43dd-9d9d-dad4f9911114 - - - - - -] OVN reports status down for port: 0ce3bc95-0cae-40af-b0d0-fa57f4d1b994
2026-02-26 22:50:53.786 8 INFO neutron.db.ovn_revision_numbers_db [None req-f5312a84-3039-49f2-9214-83f2c3e8114d 1bb18b4aa26e4830a6a978c11da797cd c2e922f2390942f3b0c7929d329e51f7 - - default default] Successfully bumped revision number for resource 0ce3bc95-0cae-40af-b0d0-fa57f4d1b994 (type: ports) to 1 [pid: 8|app: 0|req: 1336/2340] 10.0.0.121 () {34 vars in 663 bytes} [Thu Feb 26 22:50:53 2026] POST /v2.0/ports => generated 743 bytes in 356 msecs (HTTP/1.1 201) 4 headers in 162 bytes (1 switches on core 0) /var/lib/openstack/lib/python3.12/site-packages/pycadf/identifier.py:70: UserWarning: Invalid uuid: neutron. To ensure interoperability, identifiers should be a valid uuid. warnings.warn(('Invalid uuid: %s. To ensure interoperability, ' [pid: 8|app: 0|req: 1337/2341] 10.0.0.244 () {28 vars in 582 bytes} [Thu Feb 26 22:50:53 2026] GET /v2.0/subnets => generated 2579 bytes in 28 msecs (HTTP/1.1 200) 4 headers in 158 bytes (1 switches on core 0)
2026-02-26 22:50:54.005 8 WARNING neutron.scheduler.dhcp_agent_scheduler [None req-857e3b00-c81a-4e7b-bdc4-323a20f62701 7ba1617fcd724fd7b10d329cbd3634af 400f684956f34f4b87dc039557cfbb75 - - default default] No more DHCP agents
2026-02-26 22:50:54.006 8 WARNING neutron.api.rpc.agentnotifiers.dhcp_rpc_agent_api [None req-857e3b00-c81a-4e7b-bdc4-323a20f62701 7ba1617fcd724fd7b10d329cbd3634af 400f684956f34f4b87dc039557cfbb75 - - default default] Unable to schedule network 90d7e9dc-02ff-468d-96a4-179a40a0a735: no agents available; will retry on subsequent port and subnet creation events.
2026-02-26 22:50:54.175 7 INFO neutron.db.ovn_revision_numbers_db [None req-8d34b1b2-9e86-4bae-a0fe-f02c5e3edd6f - - - - - -] Successfully bumped revision number for resource 8944240e-e561-4450-8343-459e4456c603 (type: ports) to 2
2026-02-26 22:50:54.208 7 INFO neutron.db.ovn_revision_numbers_db [None req-8d34b1b2-9e86-4bae-a0fe-f02c5e3edd6f - - - - - -] Successfully bumped revision number for resource 15ca4038-b424-4d22-ae0f-45a968935289 (type: subnets) to 0 [pid: 7|app: 0|req: 1005/2342] 10.0.0.121 () {34 vars in 668 bytes} [Thu Feb 26 22:50:53 2026] POST /v2.0/subnets => generated 629 bytes in 790 msecs (HTTP/1.1 201) 4 headers in 162 bytes (1 switches on core 0)
2026-02-26 22:50:54.236 7 INFO neutron.pecan_wsgi.hooks.translation [None req-b3c45ef5-59fc-41ab-bb57-e8a821cd2317 a35f77338c034507ada069984086c8c2 934fdc21ddae478c9e35f970d3c0c386 - - default default] DELETE failed (client error): The resource could not be found. [pid: 7|app: 0|req: 1006/2343] 10.0.0.121 () {32 vars in 723 bytes} [Thu Feb 26 22:50:54 2026] DELETE /v2.0/subnets/fa9a3962-2fb7-4507-9b42-7149d286603b => generated 136 bytes in 16 msecs (HTTP/1.1 404) 4 headers in 164 bytes (1 switches on core 0)
2026-02-26 22:50:54.311 7 INFO neutron.db.segments_db [None req-5e315bb3-804a-40c9-9c12-1ae42e80b9f5 1bb18b4aa26e4830a6a978c11da797cd c2e922f2390942f3b0c7929d329e51f7 - - default default] Added segment d1f6a665-a37f-4e04-979d-15454c6bf441 of type geneve for network 5cc1124c-da0b-4a57-823d-710b0d871060
2026-02-26 22:50:54.415 7 INFO neutron.db.ovn_revision_numbers_db [None req-5e315bb3-804a-40c9-9c12-1ae42e80b9f5 1bb18b4aa26e4830a6a978c11da797cd c2e922f2390942f3b0c7929d329e51f7 - - default default] Successfully bumped revision number for resource 5cc1124c-da0b-4a57-823d-710b0d871060 (type: networks) to 1
2026-02-26 22:50:54.497 8 INFO neutron.db.ovn_revision_numbers_db [None req-2ae3fcf2-fc01-47c0-ac13-8ea7604d9500 - - - - - -] Successfully bumped revision number for resource 5284dfb2-c107-4fec-ab03-0c11aad6c735 (type: ports) to 2
2026-02-26 22:50:54.526 8 INFO neutron.db.ovn_revision_numbers_db [None req-2ae3fcf2-fc01-47c0-ac13-8ea7604d9500 - - - - - -] Successfully bumped revision number for resource 21e3faa8-275f-4570-8c1e-ce88cb45a99a (type: subnets) to 0 [pid: 8|app: 0|req: 1338/2344] 10.0.0.121 () {34 vars in 668 bytes} [Thu Feb 26 22:50:53 2026] POST /v2.0/subnets => generated 626 bytes in 685 msecs (HTTP/1.1 201) 4 headers in 162 bytes (1 switches on core 0) [pid: 8|app: 0|req: 1339/2345] 10.0.0.244 () {28 vars in 582 bytes} [Thu Feb 26 22:50:54 2026] GET /v2.0/subnets => generated 3213 bytes in 39 msecs (HTTP/1.1 200) 4 headers in 158 bytes (1 switches on core 0)
2026-02-26 22:50:54.610 7 WARNING neutron.scheduler.dhcp_agent_scheduler [None req-5e315bb3-804a-40c9-9c12-1ae42e80b9f5 1bb18b4aa26e4830a6a978c11da797cd c2e922f2390942f3b0c7929d329e51f7 - - default default] No more DHCP agents
2026-02-26 22:50:54.612 7 WARNING neutron.api.rpc.agentnotifiers.dhcp_rpc_agent_api [None req-5e315bb3-804a-40c9-9c12-1ae42e80b9f5 1bb18b4aa26e4830a6a978c11da797cd c2e922f2390942f3b0c7929d329e51f7 - - default default] Unable to schedule network 5cc1124c-da0b-4a57-823d-710b0d871060: no agents available; will retry on subsequent port and subnet creation events.
2026-02-26 22:50:54.675 8 INFO neutron.db.segments_db [None req-a094724f-2605-4ff8-bf7b-aa12ccad804e 8f3153cff8cf451798234084dc8feb30 34bfbf77b3b249cfa889c428c7369c78 - - default default] Added segment f1232532-6d64-44f8-87ca-78e5901b4bb9 of type geneve for network 209c94c5-b1cf-43c3-a00d-927131b90f9b
2026-02-26 22:50:54.686 7 INFO neutron.plugins.ml2.drivers.ovn.mech_driver.mech_driver [None req-091403ef-1733-43dd-9d9d-dad4f9911114 - - - - - -] OVN reports status down for port: 6e5c9ac8-8118-4316-8f64-6bb23c1f9fda
2026-02-26 22:50:54.748 7 INFO neutron.db.ovn_revision_numbers_db [None req-5e315bb3-804a-40c9-9c12-1ae42e80b9f5 1bb18b4aa26e4830a6a978c11da797cd c2e922f2390942f3b0c7929d329e51f7 - - default default] Successfully bumped revision number for resource 6e5c9ac8-8118-4316-8f64-6bb23c1f9fda (type: ports) to 1 [pid: 7|app: 0|req: 1007/2346] 10.0.0.121 () {34 vars in 669 bytes} [Thu Feb 26 22:50:54 2026] POST /v2.0/networks => generated 651 bytes in 571 msecs (HTTP/1.1 201) 4 headers in 162 bytes (1 switches on core 0)
2026-02-26 22:50:54.819 8 INFO neutron.db.ovn_revision_numbers_db [None req-a094724f-2605-4ff8-bf7b-aa12ccad804e 8f3153cff8cf451798234084dc8feb30 34bfbf77b3b249cfa889c428c7369c78 - - default default] Successfully bumped revision number for resource 209c94c5-b1cf-43c3-a00d-927131b90f9b (type: networks) to 1
2026-02-26 22:50:54.927 7 INFO neutron_taas.services.taas.taas_plugin [None req-6b61e007-9de6-4edc-bb21-e650cbcc2b80 a35f77338c034507ada069984086c8c2 934fdc21ddae478c9e35f970d3c0c386 - - default default] TaaS: Handle Delete Port: 475fdb9c-6289-485c-8f0b-c4d1a6c2829c
2026-02-26 22:50:54.930 7 INFO neutron_taas.services.taas.tap_mirror_plugin [None req-6b61e007-9de6-4edc-bb21-e650cbcc2b80 a35f77338c034507ada069984086c8c2 934fdc21ddae478c9e35f970d3c0c386 - - default default] Tap Mirror: Handle Delete Port: 475fdb9c-6289-485c-8f0b-c4d1a6c2829c
2026-02-26 22:50:54.971 8 WARNING neutron.scheduler.dhcp_agent_scheduler [None req-a094724f-2605-4ff8-bf7b-aa12ccad804e 8f3153cff8cf451798234084dc8feb30 34bfbf77b3b249cfa889c428c7369c78 - - default default] No more DHCP agents
2026-02-26 22:50:54.972 8 WARNING neutron.api.rpc.agentnotifiers.dhcp_rpc_agent_api [None req-a094724f-2605-4ff8-bf7b-aa12ccad804e 8f3153cff8cf451798234084dc8feb30 34bfbf77b3b249cfa889c428c7369c78 - - default default] Unable to schedule network 209c94c5-b1cf-43c3-a00d-927131b90f9b: no agents available; will retry on subsequent port and subnet creation events.
2026-02-26 22:50:55.042 7 INFO neutron.plugins.ml2.drivers.ovn.mech_driver.mech_driver [None req-091403ef-1733-43dd-9d9d-dad4f9911114 - - - - - -] OVN reports status down for port: 39119dcd-74ae-4700-986a-5b65344087f7
