2026-02-26 22:50:55.088 8 INFO neutron.db.ovn_revision_numbers_db [None req-a094724f-2605-4ff8-bf7b-aa12ccad804e 8f3153cff8cf451798234084dc8feb30 34bfbf77b3b249cfa889c428c7369c78 - - default default] Successfully bumped revision number for resource 39119dcd-74ae-4700-986a-5b65344087f7 (type: ports) to 1 [pid: 8|app: 0|req: 1340/2347] 10.0.0.121 () {34 vars in 669 bytes} [Thu Feb 26 22:50:54 2026] POST /v2.0/networks => generated 651 bytes in 537 msecs (HTTP/1.1 201) 4 headers in 162 bytes (1 switches on core 0)
2026-02-26 22:50:55.197 7 INFO neutron.services.segments.plugin [-] Segment b3304820-ea93-44a5-95e8-d82acf647ed9 resource provider aggregate not found
2026-02-26 22:50:55.201 7 INFO neutron.services.segments.plugin [-] Segment b3304820-ea93-44a5-95e8-d82acf647ed9 resource provider aggregate not found
2026-02-26 22:50:55.214 7 INFO neutron.services.segments.plugin [-] Segment b3304820-ea93-44a5-95e8-d82acf647ed9 resource provider not found; error: Placement Client Error (4xx): {"errors": [{"status": 404, "title": "Not Found", "detail": "The resource could not be found.\n\n No resource provider with uuid b3304820-ea93-44a5-95e8-d82acf647ed9 found for delete ", "request_id": "req-4a5ce882-13c4-43f9-ae8d-2031cf073944"}]}
2026-02-26 22:50:55.215 7 INFO neutron.services.segments.plugin [-] Segment b3304820-ea93-44a5-95e8-d82acf647ed9 resource provider not found; error: Placement Client Error (4xx): {"errors": [{"status": 404, "title": "Not Found", "detail": "The resource could not be found.\n\n No resource provider with uuid b3304820-ea93-44a5-95e8-d82acf647ed9 found for delete ", "request_id": "req-08bbb77e-ffeb-4209-95fd-4174fd04c535"}]} [pid: 7|app: 0|req: 1008/2348] 10.0.0.121 () {32 vars in 725 bytes} [Thu Feb 26 22:50:54 2026] DELETE /v2.0/networks/8826284c-739e-45f4-8631-788389813425 => generated 0 bytes in 450 msecs (HTTP/1.1 204) 3 headers in 131 bytes (1 switches on core 0) [pid: 7|app: 0|req: 1009/2349] 10.0.0.244 () {28 vars in 590 bytes} [Thu Feb 26 22:50:55 2026] GET /v2.0/subnetpools => generated 19 bytes in 7 msecs (HTTP/1.1 200) 4 headers in 156 bytes (1 switches on core 0)
2026-02-26 22:50:55.387 8 WARNING neutron.scheduler.dhcp_agent_scheduler [None req-8cad0292-041e-4c9c-a60c-1b8a0aa0623e 7ba1617fcd724fd7b10d329cbd3634af 400f684956f34f4b87dc039557cfbb75 - - default default] No more DHCP agents
2026-02-26 22:50:55.388 8 WARNING neutron.api.rpc.agentnotifiers.dhcp_rpc_agent_api [None req-8cad0292-041e-4c9c-a60c-1b8a0aa0623e 7ba1617fcd724fd7b10d329cbd3634af 400f684956f34f4b87dc039557cfbb75 - - default default] Unable to schedule network 90d7e9dc-02ff-468d-96a4-179a40a0a735: no agents available; will retry on subsequent port and subnet creation events.
2026-02-26 22:50:55.475 7 WARNING neutron.scheduler.dhcp_agent_scheduler [None req-eebd0d5c-9bc0-464d-8dc7-d99ae723597b 1bb18b4aa26e4830a6a978c11da797cd c2e922f2390942f3b0c7929d329e51f7 - - default default] No more DHCP agents
2026-02-26 22:50:55.476 7 WARNING neutron.api.rpc.agentnotifiers.dhcp_rpc_agent_api [None req-eebd0d5c-9bc0-464d-8dc7-d99ae723597b 1bb18b4aa26e4830a6a978c11da797cd c2e922f2390942f3b0c7929d329e51f7 - - default default] Unable to schedule network 5cc1124c-da0b-4a57-823d-710b0d871060: no agents available; will retry on subsequent port and subnet creation events.
2026-02-26 22:50:55.550 7 INFO neutron.plugins.ml2.drivers.ovn.mech_driver.mech_driver [None req-091403ef-1733-43dd-9d9d-dad4f9911114 - - - - - -] OVN reports status down for port: 933727b7-ff19-42dc-b5f9-381e8345f658
2026-02-26 22:50:55.579 8 INFO neutron.db.ovn_revision_numbers_db [None req-8cad0292-041e-4c9c-a60c-1b8a0aa0623e 7ba1617fcd724fd7b10d329cbd3634af 400f684956f34f4b87dc039557cfbb75 - - default default] Successfully bumped revision number for resource 933727b7-ff19-42dc-b5f9-381e8345f658 (type: ports) to 1 [pid: 8|app: 0|req: 1341/2350] 10.0.0.121 () {34 vars in 664 bytes} [Thu Feb 26 22:50:55 2026] POST /v2.0/ports => generated 953 bytes in 511 msecs (HTTP/1.1 201) 4 headers in 162 bytes (1 switches on core 0) /var/lib/openstack/lib/python3.12/site-packages/pycadf/identifier.py:70: UserWarning: Invalid uuid: neutron. To ensure interoperability, identifiers should be a valid uuid. warnings.warn(('Invalid uuid: %s. To ensure interoperability, '
2026-02-26 22:50:55.698 7 INFO neutron.plugins.ml2.drivers.ovn.mech_driver.mech_driver [None req-091403ef-1733-43dd-9d9d-dad4f9911114 - - - - - -] OVN reports status down for port: 09529720-d7fc-4be3-b802-2c2b74d2218f
2026-02-26 22:50:55.750 7 INFO neutron.db.ovn_revision_numbers_db [None req-eebd0d5c-9bc0-464d-8dc7-d99ae723597b 1bb18b4aa26e4830a6a978c11da797cd c2e922f2390942f3b0c7929d329e51f7 - - default default] Successfully bumped revision number for resource 09529720-d7fc-4be3-b802-2c2b74d2218f (type: ports) to 1 [pid: 7|app: 0|req: 1010/2351] 10.0.0.121 () {34 vars in 663 bytes} [Thu Feb 26 22:50:55 2026] POST /v2.0/ports => generated 743 bytes in 557 msecs (HTTP/1.1 201) 4 headers in 162 bytes (1 switches on core 0) /var/lib/openstack/lib/python3.12/site-packages/pycadf/identifier.py:70: UserWarning: Invalid uuid: neutron. To ensure interoperability, identifiers should be a valid uuid. warnings.warn(('Invalid uuid: %s. To ensure interoperability, '
2026-02-26 22:50:55.859 8 WARNING neutron.scheduler.dhcp_agent_scheduler [None req-f837b8fa-24b6-45dc-83cf-eab9e51ba023 8f3153cff8cf451798234084dc8feb30 34bfbf77b3b249cfa889c428c7369c78 - - default default] No more DHCP agents
2026-02-26 22:50:55.861 8 WARNING neutron.api.rpc.agentnotifiers.dhcp_rpc_agent_api [None req-f837b8fa-24b6-45dc-83cf-eab9e51ba023 8f3153cff8cf451798234084dc8feb30 34bfbf77b3b249cfa889c428c7369c78 - - default default] Unable to schedule network 209c94c5-b1cf-43c3-a00d-927131b90f9b: no agents available; will retry on subsequent port and subnet creation events.
2026-02-26 22:50:55.947 7 INFO neutron_taas.services.taas.taas_plugin [None req-b25efcdb-4999-4f9f-9ff2-172236215e86 a35f77338c034507ada069984086c8c2 934fdc21ddae478c9e35f970d3c0c386 - - default default] TaaS: Handle Delete Port: 55bbc5af-d05a-45dd-9297-217094426770
2026-02-26 22:50:55.950 7 INFO neutron_taas.services.taas.tap_mirror_plugin [None req-b25efcdb-4999-4f9f-9ff2-172236215e86 a35f77338c034507ada069984086c8c2 934fdc21ddae478c9e35f970d3c0c386 - - default default] Tap Mirror: Handle Delete Port: 55bbc5af-d05a-45dd-9297-217094426770 [pid: 7|app: 0|req: 1011/2352] 10.0.0.121 () {32 vars in 725 bytes} [Thu Feb 26 22:50:55 2026] DELETE /v2.0/networks/885cd13d-99c6-4740-8165-cf7401f3851c => generated 0 bytes in 375 msecs (HTTP/1.1 204) 3 headers in 131 bytes (1 switches on core 0)
2026-02-26 22:50:56.323 8 INFO neutron.db.ovn_revision_numbers_db [None req-0b59ea2f-ac14-413f-8842-df3291a0edc8 - - - - - -] Successfully bumped revision number for resource 39119dcd-74ae-4700-986a-5b65344087f7 (type: ports) to 2
2026-02-26 22:50:56.357 8 INFO neutron.db.ovn_revision_numbers_db [None req-0b59ea2f-ac14-413f-8842-df3291a0edc8 - - - - - -] Successfully bumped revision number for resource ef3e7921-55e4-45bb-9e6b-cc4200f830b5 (type: subnets) to 0 [pid: 8|app: 0|req: 1342/2353] 10.0.0.121 () {34 vars in 668 bytes} [Thu Feb 26 22:50:55 2026] POST /v2.0/subnets => generated 629 bytes in 746 msecs (HTTP/1.1 201) 4 headers in 162 bytes (1 switches on core 0)
2026-02-26 22:50:56.380 7 INFO neutron_taas.services.taas.taas_plugin [None req-def983f3-4613-4420-a736-d269f6018bcb 7ba1617fcd724fd7b10d329cbd3634af 400f684956f34f4b87dc039557cfbb75 - - default default] TaaS: Handle Delete Port: 933727b7-ff19-42dc-b5f9-381e8345f658
2026-02-26 22:50:56.384 7 INFO neutron_taas.services.taas.tap_mirror_plugin [None req-def983f3-4613-4420-a736-d269f6018bcb 7ba1617fcd724fd7b10d329cbd3634af 400f684956f34f4b87dc039557cfbb75 - - default default] Tap Mirror: Handle Delete Port: 933727b7-ff19-42dc-b5f9-381e8345f658 [pid: 8|app: 0|req: 1343/2354] 10.0.0.121 () {34 vars in 746 bytes} [Thu Feb 26 22:50:56 2026] PUT /v2.0/ports/2031505e-e14d-4db0-9d70-7839e4082ece/tags => generated 17 bytes in 57 msecs (HTTP/1.1 200) 4 headers in 156 bytes (1 switches on core 0) /var/lib/openstack/lib/python3.12/site-packages/pycadf/identifier.py:70: UserWarning: Invalid uuid: neutron. To ensure interoperability, identifiers should be a valid uuid. warnings.warn(('Invalid uuid: %s. To ensure interoperability, ' [pid: 7|app: 0|req: 1012/2355] 10.0.0.121 () {32 vars in 719 bytes} [Thu Feb 26 22:50:56 2026] DELETE /v2.0/ports/933727b7-ff19-42dc-b5f9-381e8345f658 => generated 0 bytes in 369 msecs (HTTP/1.1 204) 3 headers in 131 bytes (1 switches on core 0)
2026-02-26 22:50:56.604 8 INFO neutron_taas.services.taas.taas_plugin [None req-40ff5267-e6c8-4778-b18c-85de5986f711 a35f77338c034507ada069984086c8c2 934fdc21ddae478c9e35f970d3c0c386 - - default default] TaaS: Handle Delete Port: 880df03b-7231-464b-8b73-db8b40c887f4
2026-02-26 22:50:56.607 8 INFO neutron_taas.services.taas.tap_mirror_plugin [None req-40ff5267-e6c8-4778-b18c-85de5986f711 a35f77338c034507ada069984086c8c2 934fdc21ddae478c9e35f970d3c0c386 - - default default] Tap Mirror: Handle Delete Port: 880df03b-7231-464b-8b73-db8b40c887f4
2026-02-26 22:50:56.650 7 INFO neutron.db.segments_db [None req-f6e54270-7e0a-431b-a963-71e5fe0c0025 8f3153cff8cf451798234084dc8feb30 34bfbf77b3b249cfa889c428c7369c78 - - default default] Added segment eea5560e-bd57-41c0-bedd-d98f1e0c8648 of type geneve for network 3b34c269-5d15-4acf-a826-744b77d77a93
2026-02-26 22:50:56.784 7 INFO neutron.db.ovn_revision_numbers_db [None req-f6e54270-7e0a-431b-a963-71e5fe0c0025 8f3153cff8cf451798234084dc8feb30 34bfbf77b3b249cfa889c428c7369c78 - - default default] Successfully bumped revision number for resource 3b34c269-5d15-4acf-a826-744b77d77a93 (type: networks) to 1
2026-02-26 22:50:56.826 8 INFO neutron.services.segments.plugin [-] Segment a15ed7ba-dcaf-418f-ad6e-68af24a1778b resource provider aggregate not found
2026-02-26 22:50:56.834 8 INFO neutron.services.segments.plugin [-] Segment a15ed7ba-dcaf-418f-ad6e-68af24a1778b resource provider aggregate not found
2026-02-26 22:50:56.849 8 INFO neutron.services.segments.plugin [-] Segment a15ed7ba-dcaf-418f-ad6e-68af24a1778b resource provider not found; error: Placement Client Error (4xx): {"errors": [{"status": 404, "title": "Not Found", "detail": "The resource could not be found.\n\n No resource provider with uuid a15ed7ba-dcaf-418f-ad6e-68af24a1778b found for delete ", "request_id": "req-6ecf20da-3fc5-4b99-bc69-29b19d223331"}]}
2026-02-26 22:50:56.853 8 INFO neutron.services.segments.plugin [-] Segment a15ed7ba-dcaf-418f-ad6e-68af24a1778b resource provider not found; error: Placement Client Error (4xx): {"errors": [{"status": 404, "title": "Not Found", "detail": "The resource could not be found.\n\n No resource provider with uuid a15ed7ba-dcaf-418f-ad6e-68af24a1778b found for delete ", "request_id": "req-6a736261-f0ef-4b71-805c-f0b1d30ed769"}]} [pid: 8|app: 0|req: 1344/2356] 10.0.0.121 () {32 vars in 725 bytes} [Thu Feb 26 22:50:56 2026] DELETE /v2.0/networks/414c04fa-aa84-4005-9c4b-eb1dfdee3cb4 => generated 0 bytes in 454 msecs (HTTP/1.1 204) 3 headers in 131 bytes (1 switches on core 0) [pid: 8|app: 0|req: 1345/2357] 10.0.0.121 () {34 vars in 746 bytes} [Thu Feb 26 22:50:56 2026] PUT /v2.0/ports/2968c055-b6fe-40fd-a561-12a6b41f9f73/tags => generated 25 bytes in 54 msecs (HTTP/1.1 200) 4 headers in 156 bytes (1 switches on core 0) /var/lib/openstack/lib/python3.12/site-packages/pycadf/identifier.py:70: UserWarning: Invalid uuid: neutron. To ensure interoperability, identifiers should be a valid uuid. warnings.warn(('Invalid uuid: %s. To ensure interoperability, '
2026-02-26 22:50:56.954 7 WARNING neutron.scheduler.dhcp_agent_scheduler [None req-f6e54270-7e0a-431b-a963-71e5fe0c0025 8f3153cff8cf451798234084dc8feb30 34bfbf77b3b249cfa889c428c7369c78 - - default default] No more DHCP agents
2026-02-26 22:50:56.954 8 INFO neutron.pecan_wsgi.hooks.translation [None req-d43a6682-f4d4-455f-95b5-c0b05710f3dc 7ba1617fcd724fd7b10d329cbd3634af 400f684956f34f4b87dc039557cfbb75 - - default default] DELETE failed (client error): The resource could not be found.
2026-02-26 22:50:56.956 7 WARNING neutron.api.rpc.agentnotifiers.dhcp_rpc_agent_api [None req-f6e54270-7e0a-431b-a963-71e5fe0c0025 8f3153cff8cf451798234084dc8feb30 34bfbf77b3b249cfa889c428c7369c78 - - default default] Unable to schedule network 3b34c269-5d15-4acf-a826-744b77d77a93: no agents available; will retry on subsequent port and subnet creation events. [pid: 8|app: 0|req: 1346/2358] 10.0.0.121 () {32 vars in 719 bytes} [Thu Feb 26 22:50:56 2026] DELETE /v2.0/ports/933727b7-ff19-42dc-b5f9-381e8345f658 => generated 132 bytes in 17 msecs (HTTP/1.1 404) 4 headers in 164 bytes (1 switches on core 0)
2026-02-26 22:50:56.967 8 INFO neutron.pecan_wsgi.hooks.translation [None req-ed8c1e5d-799b-4a4d-ac4e-3dec11bd42c7 a35f77338c034507ada069984086c8c2 934fdc21ddae478c9e35f970d3c0c386 - - default default] DELETE failed (client error): The resource could not be found. [pid: 8|app: 0|req: 1347/2359] 10.0.0.121 () {32 vars in 725 bytes} [Thu Feb 26 22:50:56 2026] DELETE /v2.0/networks/f26a4511-2654-4c25-9cd8-a4069b329460 => generated 138 bytes in 11 msecs (HTTP/1.1 404) 4 headers in 164 bytes (1 switches on core 0)
2026-02-26 22:50:57.028 7 INFO neutron.plugins.ml2.drivers.ovn.mech_driver.mech_driver [None req-091403ef-1733-43dd-9d9d-dad4f9911114 - - - - - -] OVN reports status down for port: 3ff3f1dc-d318-4500-a286-a4203c0f6331 [pid: 8|app: 0|req: 1348/2360] 10.0.0.121 () {34 vars in 746 bytes} [Thu Feb 26 22:50:56 2026] PUT /v2.0/ports/f13b0034-54e2-4678-8aa2-87fe43a61075/tags => generated 34 bytes in 107 msecs (HTTP/1.1 200) 4 headers in 156 bytes (1 switches on core 0) /var/lib/openstack/lib/python3.12/site-packages/pycadf/identifier.py:70: UserWarning: Invalid uuid: neutron. To ensure interoperability, identifiers should be a valid uuid. warnings.warn(('Invalid uuid: %s. To ensure interoperability, '
2026-02-26 22:50:57.082 7 INFO neutron.db.ovn_revision_numbers_db [None req-f6e54270-7e0a-431b-a963-71e5fe0c0025 8f3153cff8cf451798234084dc8feb30 34bfbf77b3b249cfa889c428c7369c78 - - default default] Successfully bumped revision number for resource 3ff3f1dc-d318-4500-a286-a4203c0f6331 (type: ports) to 1
2026-02-26 22:50:57.089 8 INFO neutron.pecan_wsgi.hooks.translation [None req-3a83ee61-8881-4013-93e4-101ad58f3bed 7ba1617fcd724fd7b10d329cbd3634af 400f684956f34f4b87dc039557cfbb75 - - default default] GET failed (client error): The resource could not be found. [pid: 8|app: 0|req: 1349/2361] 10.0.0.121 () {32 vars in 716 bytes} [Thu Feb 26 22:50:57 2026] GET /v2.0/ports/933727b7-ff19-42dc-b5f9-381e8345f658 => generated 132 bytes in 14 msecs (HTTP/1.1 404) 4 headers in 164 bytes (1 switches on core 0) [pid: 7|app: 0|req: 1013/2362] 10.0.0.121 () {34 vars in 669 bytes} [Thu Feb 26 22:50:56 2026] POST /v2.0/networks => generated 651 bytes in 560 msecs (HTTP/1.1 201) 4 headers in 162 bytes (1 switches on core 0) [pid: 8|app: 0|req: 1350/2363] 10.0.0.121 () {34 vars in 746 bytes} [Thu Feb 26 22:50:57 2026] PUT /v2.0/ports/0ce3bc95-0cae-40af-b0d0-fa57f4d1b994/tags => generated 19 bytes in 51 msecs (HTTP/1.1 200) 4 headers in 156 bytes (1 switches on core 0) /var/lib/openstack/lib/python3.12/site-packages/pycadf/identifier.py:70: UserWarning: Invalid uuid: neutron. To ensure interoperability, identifiers should be a valid uuid. warnings.warn(('Invalid uuid: %s. To ensure interoperability, '
2026-02-26 22:50:57.237 7 INFO neutron.services.segments.plugin [-] Segment c1ea9d53-24a7-46b9-b779-efa47466efb6 resource provider aggregate not found
2026-02-26 22:50:57.241 7 INFO neutron.services.segments.plugin [-] Segment c1ea9d53-24a7-46b9-b779-efa47466efb6 resource provider aggregate not found
2026-02-26 22:50:57.255 7 INFO neutron.services.segments.plugin [-] Segment c1ea9d53-24a7-46b9-b779-efa47466efb6 resource provider not found; error: Placement Client Error (4xx): {"errors": [{"status": 404, "title": "Not Found", "detail": "The resource could not be found.\n\n No resource provider with uuid c1ea9d53-24a7-46b9-b779-efa47466efb6 found for delete ", "request_id": "req-780a960c-db99-4c8a-98e4-2c6aff994976"}]}
2026-02-26 22:50:57.261 7 INFO neutron.services.segments.plugin [-] Segment c1ea9d53-24a7-46b9-b779-efa47466efb6 resource provider not found; error: Placement Client Error (4xx): {"errors": [{"status": 404, "title": "Not Found", "detail": "The resource could not be found.\n\n No resource provider with uuid c1ea9d53-24a7-46b9-b779-efa47466efb6 found for delete ", "request_id": "req-73d06b4e-99ea-4614-8431-3c908f0536b3"}]} [pid: 7|app: 0|req: 1014/2364] 10.0.0.121 () {32 vars in 723 bytes} [Thu Feb 26 22:50:57 2026] DELETE /v2.0/subnets/21e3faa8-275f-4570-8c1e-ce88cb45a99a => generated 0 bytes in 184 msecs (HTTP/1.1 204) 3 headers in 131 bytes (1 switches on core 0)
2026-02-26 22:50:57.328 8 WARNING neutron.scheduler.dhcp_agent_scheduler [None req-cb02b3a6-04b1-4f73-9d85-599f72283b1b 8f3153cff8cf451798234084dc8feb30 34bfbf77b3b249cfa889c428c7369c78 - - default default] No more DHCP agents
2026-02-26 22:50:57.330 8 WARNING neutron.api.rpc.agentnotifiers.dhcp_rpc_agent_api [None req-cb02b3a6-04b1-4f73-9d85-599f72283b1b 8f3153cff8cf451798234084dc8feb30 34bfbf77b3b249cfa889c428c7369c78 - - default default] Unable to schedule network 3b34c269-5d15-4acf-a826-744b77d77a93: no agents available; will retry on subsequent port and subnet creation events. [pid: 7|app: 0|req: 1015/2365] 10.0.0.121 () {32 vars in 659 bytes} [Thu Feb 26 22:50:57 2026] GET /v2.0/ports?tags=red => generated 2253 bytes in 115 msecs (HTTP/1.1 200) 4 headers in 158 bytes (1 switches on core 0)
2026-02-26 22:50:57.525 7 INFO neutron_taas.services.taas.taas_plugin [None req-4d2aeae7-025c-4d26-ae09-6f055ac09acc 7ba1617fcd724fd7b10d329cbd3634af 400f684956f34f4b87dc039557cfbb75 - - default default] TaaS: Handle Delete Port: 5284dfb2-c107-4fec-ab03-0c11aad6c735
2026-02-26 22:50:57.527 7 INFO neutron_taas.services.taas.tap_mirror_plugin [None req-4d2aeae7-025c-4d26-ae09-6f055ac09acc 7ba1617fcd724fd7b10d329cbd3634af 400f684956f34f4b87dc039557cfbb75 - - default default] Tap Mirror: Handle Delete Port: 5284dfb2-c107-4fec-ab03-0c11aad6c735 [pid: 7|app: 0|req: 1016/2366] 10.0.0.121 () {32 vars in 725 bytes} [Thu Feb 26 22:50:57 2026] DELETE /v2.0/networks/90d7e9dc-02ff-468d-96a4-179a40a0a735 => generated 0 bytes in 348 msecs (HTTP/1.1 204) 3 headers in 131 bytes (1 switches on core 0)
2026-02-26 22:50:57.794 8 INFO neutron.db.ovn_revision_numbers_db [None req-dcb144e7-767f-496e-adad-bb308be372be - - - - - -] Successfully bumped revision number for resource 3ff3f1dc-d318-4500-a286-a4203c0f6331 (type: ports) to 2
2026-02-26 22:50:57.832 8 INFO neutron.db.ovn_revision_numbers_db [None req-dcb144e7-767f-496e-adad-bb308be372be - - - - - -] Successfully bumped revision number for resource c9f965e2-d44b-4c27-963f-fb7c259fc62e (type: subnets) to 0 [pid: 8|app: 0|req: 1351/2367] 10.0.0.121 () {34 vars in 668 bytes} [Thu Feb 26 22:50:57 2026] POST /v2.0/subnets => generated 629 bytes in 705 msecs (HTTP/1.1 201) 4 headers in 162 bytes (1 switches on core 0) [pid: 7|app: 0|req: 1017/2368] 10.0.0.121 () {32 vars in 673 bytes} [Thu Feb 26 22:50:57 2026] GET /v2.0/ports?tags=red%2Cblue => generated 1513 bytes in 72 msecs (HTTP/1.1 200) 4 headers in 158 bytes (1 switches on core 0)
2026-02-26 22:50:57.940 7 INFO neutron.db.segments_db [None req-b18f4e3d-b4c3-45a4-ae76-ddd2fa538402 7ba1617fcd724fd7b10d329cbd3634af 400f684956f34f4b87dc039557cfbb75 - - default default] Added segment b3101343-87d8-4ac3-9d46-c7671ecad21e of type geneve for network 622310a6-931e-465b-8ab6-ce75bff60db2 [pid: 8|app: 0|req: 1352/2369] 10.0.0.121 () {32 vars in 773 bytes} [Thu Feb 26 22:50:57 2026] GET /v2.0/security-groups?tenant_id=934fdc21ddae478c9e35f970d3c0c386&name=default => generated 2925 bytes in 110 msecs (HTTP/1.1 200) 4 headers in 158 bytes (1 switches on core 0)
2026-02-26 22:50:58.048 8 INFO neutron.db.segments_db [None req-6b18787e-f38b-486f-9c16-118e60afef83 8f3153cff8cf451798234084dc8feb30 34bfbf77b3b249cfa889c428c7369c78 - - default default] Added segment c3554d9c-9acd-4de9-bca2-d6bb18fd3ca2 of type geneve for network 5cbc11eb-9bcc-4c76-aa9f-32b0783f3b26
2026-02-26 22:50:58.059 7 INFO neutron.db.ovn_revision_numbers_db [None req-b18f4e3d-b4c3-45a4-ae76-ddd2fa538402 7ba1617fcd724fd7b10d329cbd3634af 400f684956f34f4b87dc039557cfbb75 - - default default] Successfully bumped revision number for resource 622310a6-931e-465b-8ab6-ce75bff60db2 (type: networks) to 1
2026-02-26 22:50:58.161 8 INFO neutron.db.ovn_revision_numbers_db [None req-6b18787e-f38b-486f-9c16-118e60afef83 8f3153cff8cf451798234084dc8feb30 34bfbf77b3b249cfa889c428c7369c78 - - default default] Successfully bumped revision number for resource 5cbc11eb-9bcc-4c76-aa9f-32b0783f3b26 (type: networks) to 1
2026-02-26 22:50:58.255 7 WARNING neutron.scheduler.dhcp_agent_scheduler [None req-b18f4e3d-b4c3-45a4-ae76-ddd2fa538402 7ba1617fcd724fd7b10d329cbd3634af 400f684956f34f4b87dc039557cfbb75 - - default default] No more DHCP agents
2026-02-26 22:50:58.256 7 WARNING neutron.api.rpc.agentnotifiers.dhcp_rpc_agent_api [None req-b18f4e3d-b4c3-45a4-ae76-ddd2fa538402 7ba1617fcd724fd7b10d329cbd3634af 400f684956f34f4b87dc039557cfbb75 - - default default] Unable to schedule network 622310a6-931e-465b-8ab6-ce75bff60db2: no agents available; will retry on subsequent port and subnet creation events.
2026-02-26 22:50:58.319 7 INFO neutron.plugins.ml2.drivers.ovn.mech_driver.mech_driver [None req-091403ef-1733-43dd-9d9d-dad4f9911114 - - - - - -] OVN reports status down for port: afe55ffb-6242-46b3-a01a-accfbb28bf1e
2026-02-26 22:50:58.365 8 WARNING neutron.scheduler.dhcp_agent_scheduler [None req-6b18787e-f38b-486f-9c16-118e60afef83 8f3153cff8cf451798234084dc8feb30 34bfbf77b3b249cfa889c428c7369c78 - - default default] No more DHCP agents
2026-02-26 22:50:58.367 8 WARNING neutron.api.rpc.agentnotifiers.dhcp_rpc_agent_api [None req-6b18787e-f38b-486f-9c16-118e60afef83 8f3153cff8cf451798234084dc8feb30 34bfbf77b3b249cfa889c428c7369c78 - - default default] Unable to schedule network 5cbc11eb-9bcc-4c76-aa9f-32b0783f3b26: no agents available; will retry on subsequent port and subnet creation events.
2026-02-26 22:50:58.372 7 INFO neutron.db.ovn_revision_numbers_db [None req-b18f4e3d-b4c3-45a4-ae76-ddd2fa538402 7ba1617fcd724fd7b10d329cbd3634af 400f684956f34f4b87dc039557cfbb75 - - default default] Successfully bumped revision number for resource afe55ffb-6242-46b3-a01a-accfbb28bf1e (type: ports) to 1 [pid: 7|app: 0|req: 1018/2370] 10.0.0.121 () {34 vars in 669 bytes} [Thu Feb 26 22:50:57 2026] POST /v2.0/networks => generated 651 bytes in 580 msecs (HTTP/1.1 201) 4 headers in 162 bytes (1 switches on core 0)
2026-02-26 22:50:58.470 8 INFO neutron.db.ovn_revision_numbers_db [None req-6b18787e-f38b-486f-9c16-118e60afef83 8f3153cff8cf451798234084dc8feb30 34bfbf77b3b249cfa889c428c7369c78 - - default default] Successfully bumped revision number for resource 9cb362bb-47e0-4acc-a6f1-d1c6bccdefe4 (type: ports) to 1 [pid: 8|app: 0|req: 1353/2371] 10.0.0.121 () {34 vars in 669 bytes} [Thu Feb 26 22:50:57 2026] POST /v2.0/networks => generated 651 bytes in 533 msecs (HTTP/1.1 201) 4 headers in 162 bytes (1 switches on core 0) [pid: 7|app: 0|req: 1019/2372] 10.0.0.121 () {32 vars in 669 bytes} [Thu Feb 26 22:50:58 2026] GET /v2.0/ports?tags-any=blue => generated 1513 bytes in 126 msecs (HTTP/1.1 200) 4 headers in 158 bytes (1 switches on core 0)
2026-02-26 22:50:58.565 7 INFO neutron.plugins.ml2.drivers.ovn.mech_driver.mech_driver [None req-091403ef-1733-43dd-9d9d-dad4f9911114 - - - - - -] OVN reports status down for port: 9cb362bb-47e0-4acc-a6f1-d1c6bccdefe4 [pid: 8|app: 0|req: 1354/2373] 10.0.0.121 () {32 vars in 739 bytes} [Thu Feb 26 22:50:58 2026] DELETE /v2.0/security-groups/a9181ac6-c87a-4365-b2db-cb3d139fc95f => generated 0 bytes in 254 msecs (HTTP/1.1 204) 2 headers in 112 bytes (1 switches on core 0)
2026-02-26 22:50:58.873 7 WARNING neutron.scheduler.dhcp_agent_scheduler [None req-e32cfee3-3bad-4c77-8edc-3a511536ae36 7ba1617fcd724fd7b10d329cbd3634af 400f684956f34f4b87dc039557cfbb75 - - default default] No more DHCP agents
2026-02-26 22:50:58.875 7 WARNING neutron.api.rpc.agentnotifiers.dhcp_rpc_agent_api [None req-e32cfee3-3bad-4c77-8edc-3a511536ae36 7ba1617fcd724fd7b10d329cbd3634af 400f684956f34f4b87dc039557cfbb75 - - default default] Unable to schedule network 622310a6-931e-465b-8ab6-ce75bff60db2: no agents available; will retry on subsequent port and subnet creation events.
2026-02-26 22:50:58.941 8 WARNING neutron.scheduler.dhcp_agent_scheduler [None req-b3b56a44-8083-4543-b346-e9a8aea9dfd9 8f3153cff8cf451798234084dc8feb30 34bfbf77b3b249cfa889c428c7369c78 - - default default] No more DHCP agents
2026-02-26 22:50:58.943 8 WARNING neutron.api.rpc.agentnotifiers.dhcp_rpc_agent_api [None req-b3b56a44-8083-4543-b346-e9a8aea9dfd9 8f3153cff8cf451798234084dc8feb30 34bfbf77b3b249cfa889c428c7369c78 - - default default] Unable to schedule network 5cbc11eb-9bcc-4c76-aa9f-32b0783f3b26: no agents available; will retry on subsequent port and subnet creation events.
2026-02-26 22:50:59.283 7 INFO neutron.services.segments.plugin [-] Segment 30f9a136-8a43-48f5-a751-be87a90c8f03 resource provider aggregate not found
2026-02-26 22:50:59.286 7 INFO neutron.services.segments.plugin [-] Segment 30f9a136-8a43-48f5-a751-be87a90c8f03 resource provider aggregate not found
2026-02-26 22:50:59.303 7 INFO neutron.services.segments.plugin [-] Segment 30f9a136-8a43-48f5-a751-be87a90c8f03 resource provider not found; error: Placement Client Error (4xx): {"errors": [{"status": 404, "title": "Not Found", "detail": "The resource could not be found.\n\n No resource provider with uuid 30f9a136-8a43-48f5-a751-be87a90c8f03 found for delete ", "request_id": "req-3de908c8-ee53-44d2-9e9f-b897ae6e127c"}]}
2026-02-26 22:50:59.303 7 INFO neutron.services.segments.plugin [-] Segment 30f9a136-8a43-48f5-a751-be87a90c8f03 resource provider not found; error: Placement Client Error (4xx): {"errors": [{"status": 404, "title": "Not Found", "detail": "The resource could not be found.\n\n No resource provider with uuid 30f9a136-8a43-48f5-a751-be87a90c8f03 found for delete ", "request_id": "req-af73078e-49b0-4db5-9bb8-810f3e406e8f"}]}
2026-02-26 22:50:59.359 7 INFO neutron.db.ovn_revision_numbers_db [None req-c38b27b3-6d4c-443f-8419-a5183e04e2b5 - - - - - -] Successfully bumped revision number for resource afe55ffb-6242-46b3-a01a-accfbb28bf1e (type: ports) to 2
2026-02-26 22:50:59.386 8 INFO neutron.db.ovn_revision_numbers_db [None req-a2259679-925f-473c-9f5a-8c9384a947e6 - - - - - -] Successfully bumped revision number for resource 9cb362bb-47e0-4acc-a6f1-d1c6bccdefe4 (type: ports) to 2
2026-02-26 22:50:59.397 7 INFO neutron.db.ovn_revision_numbers_db [None req-c38b27b3-6d4c-443f-8419-a5183e04e2b5 - - - - - -] Successfully bumped revision number for resource fa7b2427-92e2-4870-ae9b-899663920801 (type: subnets) to 0 [pid: 7|app: 0|req: 1020/2374] 10.0.0.121 () {34 vars in 668 bytes} [Thu Feb 26 22:50:58 2026] POST /v2.0/subnets => generated 626 bytes in 848 msecs (HTTP/1.1 201) 4 headers in 162 bytes (1 switches on core 0)
2026-02-26 22:50:59.418 8 INFO neutron.db.ovn_revision_numbers_db [None req-a2259679-925f-473c-9f5a-8c9384a947e6 - - - - - -] Successfully bumped revision number for resource f9808f16-1879-45d6-ae1e-e5790d8e03ef (type: subnets) to 0 [pid: 8|app: 0|req: 1355/2375] 10.0.0.121 () {34 vars in 668 bytes} [Thu Feb 26 22:50:58 2026] POST /v2.0/subnets => generated 629 bytes in 687 msecs (HTTP/1.1 201) 4 headers in 162 bytes (1 switches on core 0) [pid: 7|app: 0|req: 1021/2376] 10.0.0.121 () {32 vars in 681 bytes} [Thu Feb 26 22:50:59 2026] GET /v2.0/ports?tags-any=red%2Cblue => generated 2253 bytes in 46 msecs (HTTP/1.1 200) 4 headers in 158 bytes (1 switches on core 0)
2026-02-26 22:50:59.645 8 INFO neutron.db.ovn_revision_numbers_db [None req-bf130cbc-8026-41c5-9393-6abc416880ee 8c2d432601a9449482aac2dc013994d3 43e5ea7304d8485e96084c57acf52bfa - - default default] Successfully bumped revision number for resource d6a054a6-87bc-4598-9329-351fb19b1fee (type: security_groups) to 1
2026-02-26 22:50:59.656 8 INFO neutron.db.ovn_revision_numbers_db [None req-bf130cbc-8026-41c5-9393-6abc416880ee 8c2d432601a9449482aac2dc013994d3 43e5ea7304d8485e96084c57acf52bfa - - default default] Successfully bumped revision number for resource 0b9f63d4-01d8-431f-a2bf-86d8db2cff50 (type: security_group_rules) to 0
2026-02-26 22:50:59.667 8 INFO neutron.db.ovn_revision_numbers_db [None req-bf130cbc-8026-41c5-9393-6abc416880ee 8c2d432601a9449482aac2dc013994d3 43e5ea7304d8485e96084c57acf52bfa - - default default] Successfully bumped revision number for resource 304f10e1-d18c-4424-a941-7cdeae5612f9 (type: security_group_rules) to 0
2026-02-26 22:50:59.678 8 INFO neutron.db.ovn_revision_numbers_db [None req-bf130cbc-8026-41c5-9393-6abc416880ee 8c2d432601a9449482aac2dc013994d3 43e5ea7304d8485e96084c57acf52bfa - - default default] Successfully bumped revision number for resource 32084b5b-fa73-4039-8322-0f7bf571d913 (type: security_group_rules) to 0
2026-02-26 22:50:59.689 8 INFO neutron.db.ovn_revision_numbers_db [None req-bf130cbc-8026-41c5-9393-6abc416880ee 8c2d432601a9449482aac2dc013994d3 43e5ea7304d8485e96084c57acf52bfa - - default default] Successfully bumped revision number for resource 87b349ba-1a50-4797-9258-02a0d16fe577 (type: security_group_rules) to 0 [pid: 8|app: 0|req: 1356/2377] 10.0.0.121 () {32 vars in 773 bytes} [Thu Feb 26 22:50:59 2026] GET /v2.0/security-groups?tenant_id=dd29b072d08e4eccaed0d7d171cb6bd6&name=default => generated 2925 bytes in 289 msecs (HTTP/1.1 200) 4 headers in 158 bytes (1 switches on core 0) [pid: 8|app: 0|req: 1357/2378] 10.0.0.121 () {34 vars in 750 bytes} [Thu Feb 26 22:50:59 2026] PUT /v2.0/subnets/b3960be1-639c-450e-8c86-40e7b7d6ddcc/tags => generated 17 bytes in 53 msecs (HTTP/1.1 200) 4 headers in 156 bytes (1 switches on core 0)
2026-02-26 22:50:59.786 7 WARNING neutron.scheduler.dhcp_agent_scheduler [None req-602abcff-9810-4085-b0a2-f87e41c0035b 7ba1617fcd724fd7b10d329cbd3634af 400f684956f34f4b87dc039557cfbb75 - - default default] No more DHCP agents
2026-02-26 22:50:59.789 7 WARNING neutron.api.rpc.agentnotifiers.dhcp_rpc_agent_api [None req-602abcff-9810-4085-b0a2-f87e41c0035b 7ba1617fcd724fd7b10d329cbd3634af 400f684956f34f4b87dc039557cfbb75 - - default default] Unable to schedule network 622310a6-931e-465b-8ab6-ce75bff60db2: no agents available; will retry on subsequent port and subnet creation events.
2026-02-26 22:50:59.935 7 INFO neutron.plugins.ml2.drivers.ovn.mech_driver.mech_driver [None req-091403ef-1733-43dd-9d9d-dad4f9911114 - - - - - -] OVN reports status down for port: ef0d6da1-65d6-42d0-846c-efb8364c160f
2026-02-26 22:51:00.027 7 INFO neutron.db.ovn_revision_numbers_db [None req-602abcff-9810-4085-b0a2-f87e41c0035b 7ba1617fcd724fd7b10d329cbd3634af 400f684956f34f4b87dc039557cfbb75 - - default default] Successfully bumped revision number for resource ef0d6da1-65d6-42d0-846c-efb8364c160f (type: ports) to 1 [pid: 7|app: 0|req: 1022/2379] 10.0.0.121 () {34 vars in 664 bytes} [Thu Feb 26 22:50:59 2026] POST /v2.0/ports => generated 916 bytes in 611 msecs (HTTP/1.1 201) 4 headers in 162 bytes (1 switches on core 0) [pid: 8|app: 0|req: 1358/2380] 10.0.0.121 () {32 vars in 667 bytes} [Thu Feb 26 22:50:59 2026] GET /v2.0/ports?not-tags=red => generated 5268 bytes in 309 msecs (HTTP/1.1 200) 4 headers in 158 bytes (1 switches on core 0) [pid: 8|app: 0|req: 1359/2381] 10.0.0.121 () {34 vars in 750 bytes} [Thu Feb 26 22:51:00 2026] PUT /v2.0/subnets/15ca4038-b424-4d22-ae0f-45a968935289/tags => generated 25 bytes in 50 msecs (HTTP/1.1 200) 4 headers in 156 bytes (1 switches on core 0)
2026-02-26 22:51:00.426 8 INFO neutron_taas.services.taas.taas_plugin [None req-538752a9-9b1a-4d3e-a1e8-5897da34e631 7ba1617fcd724fd7b10d329cbd3634af 400f684956f34f4b87dc039557cfbb75 - - default default] TaaS: Handle Delete Port: ef0d6da1-65d6-42d0-846c-efb8364c160f
2026-02-26 22:51:00.430 8 INFO neutron_taas.services.taas.tap_mirror_plugin [None req-538752a9-9b1a-4d3e-a1e8-5897da34e631 7ba1617fcd724fd7b10d329cbd3634af 400f684956f34f4b87dc039557cfbb75 - - default default] Tap Mirror: Handle Delete Port: ef0d6da1-65d6-42d0-846c-efb8364c160f [pid: 7|app: 0|req: 1023/2382] 10.0.0.121 () {32 vars in 739 bytes} [Thu Feb 26 22:51:00 2026] DELETE /v2.0/security-groups/d6a054a6-87bc-4598-9329-351fb19b1fee => generated 0 bytes in 377 msecs (HTTP/1.1 204) 2 headers in 112 bytes (1 switches on core 0) [pid: 8|app: 0|req: 1360/2383] 10.0.0.121 () {32 vars in 719 bytes} [Thu Feb 26 22:51:00 2026] DELETE /v2.0/ports/ef0d6da1-65d6-42d0-846c-efb8364c160f => generated 0 bytes in 481 msecs (HTTP/1.1 204) 3 headers in 131 bytes (1 switches on core 0) [pid: 7|app: 0|req: 1024/2384] 10.0.0.121 () {32 vars in 681 bytes} [Thu Feb 26 22:51:00 2026] GET /v2.0/ports?not-tags=red%2Cblue => generated 6008 bytes in 200 msecs (HTTP/1.1 200) 4 headers in 158 bytes (1 switches on core 0) [pid: 8|app: 0|req: 1361/2385] 10.0.0.121 () {34 vars in 750 bytes} [Thu Feb 26 22:51:00 2026] PUT /v2.0/subnets/ef3e7921-55e4-45bb-9e6b-cc4200f830b5/tags => generated 34 bytes in 43 msecs (HTTP/1.1 200) 4 headers in 156 bytes (1 switches on core 0)
2026-02-26 22:51:00.674 7 INFO neutron.pecan_wsgi.hooks.translation [None req-898040f4-1c90-403e-9088-169e96960b1a 7ba1617fcd724fd7b10d329cbd3634af 400f684956f34f4b87dc039557cfbb75 - - default default] GET failed (client error): The resource could not be found. [pid: 7|app: 0|req: 1025/2386] 10.0.0.121 () {32 vars in 716 bytes} [Thu Feb 26 22:51:00 2026] GET /v2.0/ports/ef0d6da1-65d6-42d0-846c-efb8364c160f => generated 132 bytes in 28 msecs (HTTP/1.1 404) 4 headers in 164 bytes (1 switches on core 0) [pid: 8|app: 0|req: 1362/2387] 10.0.0.121 () {32 vars in 677 bytes} [Thu Feb 26 22:51:00 2026] GET /v2.0/ports?not-tags-any=blue => generated 6008 bytes in 85 msecs (HTTP/1.1 200) 4 headers in 158 bytes (1 switches on core 0) [pid: 7|app: 0|req: 1026/2388] 10.0.0.121 () {34 vars in 750 bytes} [Thu Feb 26 22:51:00 2026] PUT /v2.0/subnets/c9f965e2-d44b-4c27-963f-fb7c259fc62e/tags => generated 19 bytes in 93 msecs (HTTP/1.1 200) 4 headers in 156 bytes (1 switches on core 0) [pid: 7|app: 0|req: 1027/2389] 10.0.0.121 () {32 vars in 689 bytes} [Thu Feb 26 22:51:00 2026] GET /v2.0/ports?not-tags-any=red%2Cblue => generated 5268 bytes in 151 msecs (HTTP/1.1 200) 4 headers in 158 bytes (1 switches on core 0) [pid: 8|app: 0|req: 1363/2390] 10.0.0.121 () {32 vars in 723 bytes} [Thu Feb 26 22:51:00 2026] DELETE /v2.0/subnets/fa7b2427-92e2-4870-ae9b-899663920801 => generated 0 bytes in 177 msecs (HTTP/1.1 204) 3 headers in 131 bytes (1 switches on core 0) [pid: 7|app: 0|req: 1028/2391] 10.0.0.121 () {32 vars in 663 bytes} [Thu Feb 26 22:51:00 2026] GET /v2.0/subnets?tags=red => generated 1904 bytes in 62 msecs (HTTP/1.1 200) 4 headers in 158 bytes (1 switches on core 0)
2026-02-26 22:51:01.047 8 INFO neutron_taas.services.taas.taas_plugin [None req-f2f5da85-ddd6-4b50-8e4c-74dafea559f4 7ba1617fcd724fd7b10d329cbd3634af 400f684956f34f4b87dc039557cfbb75 - - default default] TaaS: Handle Delete Port: afe55ffb-6242-46b3-a01a-accfbb28bf1e
2026-02-26 22:51:01.050 8 INFO neutron_taas.services.taas.tap_mirror_plugin [None req-f2f5da85-ddd6-4b50-8e4c-74dafea559f4 7ba1617fcd724fd7b10d329cbd3634af 400f684956f34f4b87dc039557cfbb75 - - default default] Tap Mirror: Handle Delete Port: afe55ffb-6242-46b3-a01a-accfbb28bf1e
2026-02-26 22:51:01.244 8 INFO neutron.services.segments.plugin [-] Segment b3101343-87d8-4ac3-9d46-c7671ecad21e resource provider aggregate not found
2026-02-26 22:51:01.249 8 INFO neutron.services.segments.plugin [-] Segment b3101343-87d8-4ac3-9d46-c7671ecad21e resource provider aggregate not found
2026-02-26 22:51:01.267 8 INFO neutron.services.segments.plugin [-] Segment b3101343-87d8-4ac3-9d46-c7671ecad21e resource provider not found; error: Placement Client Error (4xx): {"errors": [{"status": 404, "title": "Not Found", "detail": "The resource could not be found.\n\n No resource provider with uuid b3101343-87d8-4ac3-9d46-c7671ecad21e found for delete ", "request_id": "req-905950ff-d8ff-428e-a8b0-5675d14a4451"}]}
2026-02-26 22:51:01.272 8 INFO neutron.services.segments.plugin [-] Segment b3101343-87d8-4ac3-9d46-c7671ecad21e resource provider not found; error: Placement Client Error (4xx): {"errors": [{"status": 404, "title": "Not Found", "detail": "The resource could not be found.\n\n No resource provider with uuid b3101343-87d8-4ac3-9d46-c7671ecad21e found for delete ", "request_id": "req-b052ab94-dcf7-45c6-9633-6a24cd3f2dac"}]} [pid: 8|app: 0|req: 1364/2392] 10.0.0.121 () {32 vars in 725 bytes} [Thu Feb 26 22:51:00 2026] DELETE /v2.0/networks/622310a6-931e-465b-8ab6-ce75bff60db2 => generated 0 bytes in 371 msecs (HTTP/1.1 204) 3 headers in 131 bytes (1 switches on core 0) [pid: 8|app: 0|req: 1365/2393] 10.0.0.121 () {32 vars in 677 bytes} [Thu Feb 26 22:51:01 2026] GET /v2.0/subnets?tags=red%2Cblue => generated 1283 bytes in 42 msecs (HTTP/1.1 200) 4 headers in 158 bytes (1 switches on core 0)
2026-02-26 22:51:01.544 8 WARNING neutron.scheduler.dhcp_agent_scheduler [None req-1dafebe8-c3ca-41d5-97bc-e1adc11d101f 7ba1617fcd724fd7b10d329cbd3634af 400f684956f34f4b87dc039557cfbb75 - - default default] No more DHCP agents
2026-02-26 22:51:01.546 8 WARNING neutron.api.rpc.agentnotifiers.dhcp_rpc_agent_api [None req-1dafebe8-c3ca-41d5-97bc-e1adc11d101f 7ba1617fcd724fd7b10d329cbd3634af 400f684956f34f4b87dc039557cfbb75 - - default default] Unable to schedule network 45f03d92-21b8-413e-b51e-d1cbc6e22d22: no agents available; will retry on subsequent port and subnet creation events.
2026-02-26 22:51:01.677 8 INFO neutron.db.ovn_revision_numbers_db [None req-1dafebe8-c3ca-41d5-97bc-e1adc11d101f 7ba1617fcd724fd7b10d329cbd3634af 400f684956f34f4b87dc039557cfbb75 - - default default] Successfully bumped revision number for resource f998df2e-b79b-4b82-9ac3-ecb2e1eb76e4 (type: ports) to 1 [pid: 8|app: 0|req: 1366/2394] 10.0.0.121 () {34 vars in 664 bytes} [Thu Feb 26 22:51:01 2026] POST /v2.0/ports => generated 774 bytes in 374 msecs (HTTP/1.1 201) 4 headers in 162 bytes (1 switches on core 0) /var/lib/openstack/lib/python3.12/site-packages/pycadf/identifier.py:70: UserWarning: Invalid uuid: neutron. To ensure interoperability, identifiers should be a valid uuid. warnings.warn(('Invalid uuid: %s. To ensure interoperability, ' [pid: 8|app: 0|req: 1367/2395] 10.0.0.121 () {32 vars in 673 bytes} [Thu Feb 26 22:51:01 2026] GET /v2.0/subnets?tags-any=blue => generated 1283 bytes in 42 msecs (HTTP/1.1 200) 4 headers in 158 bytes (1 switches on core 0)
2026-02-26 22:51:01.935 7 INFO neutron.plugins.ml2.drivers.ovn.mech_driver.mech_driver [None req-091403ef-1733-43dd-9d9d-dad4f9911114 - - - - - -] OVN reports status down for port: f998df2e-b79b-4b82-9ac3-ecb2e1eb76e4
2026-02-26 22:51:01.989 7 INFO neutron_taas.services.taas.taas_plugin [None req-bb26d544-56ad-4368-b37f-cf8a0018bdf2 1bb18b4aa26e4830a6a978c11da797cd c2e922f2390942f3b0c7929d329e51f7 - - default default] TaaS: Handle Delete Port: 2031505e-e14d-4db0-9d70-7839e4082ece
2026-02-26 22:51:02.000 7 INFO neutron_taas.services.taas.tap_mirror_plugin [None req-bb26d544-56ad-4368-b37f-cf8a0018bdf2 1bb18b4aa26e4830a6a978c11da797cd c2e922f2390942f3b0c7929d329e51f7 - - default default] Tap Mirror: Handle Delete Port: 2031505e-e14d-4db0-9d70-7839e4082ece
2026-02-26 22:51:02.046 8 INFO neutron.db.ovn_revision_numbers_db [None req-47404149-384f-425d-bd68-4f7ee1a00f8a 7ba1617fcd724fd7b10d329cbd3634af 400f684956f34f4b87dc039557cfbb75 - - default default] Successfully bumped revision number for resource f998df2e-b79b-4b82-9ac3-ecb2e1eb76e4 (type: ports) to 2 [pid: 8|app: 0|req: 1368/2396] 10.0.0.121 () {34 vars in 736 bytes} [Thu Feb 26 22:51:01 2026] PUT /v2.0/ports/f998df2e-b79b-4b82-9ac3-ecb2e1eb76e4 => generated 752 bytes in 302 msecs (HTTP/1.1 200) 4 headers in 157 bytes (1 switches on core 0) /var/lib/openstack/lib/python3.12/site-packages/pycadf/identifier.py:70: UserWarning: Invalid uuid: neutron. To ensure interoperability, identifiers should be a valid uuid. warnings.warn(('Invalid uuid: %s. To ensure interoperability, '
2026-02-26 22:51:02.100 7 INFO neutron.plugins.ml2.drivers.ovn.mech_driver.mech_driver [None req-091403ef-1733-43dd-9d9d-dad4f9911114 - - - - - -] OVN reports status down for port: f998df2e-b79b-4b82-9ac3-ecb2e1eb76e4 [pid: 8|app: 0|req: 1369/2397] 10.0.0.121 () {32 vars in 685 bytes} [Thu Feb 26 22:51:02 2026] GET /v2.0/subnets?tags-any=red%2Cblue => generated 1904 bytes in 40 msecs (HTTP/1.1 200) 4 headers in 158 bytes (1 switches on core 0) [pid: 7|app: 0|req: 1029/2398] 10.0.0.121 () {32 vars in 719 bytes} [Thu Feb 26 22:51:00 2026] DELETE /v2.0/ports/2031505e-e14d-4db0-9d70-7839e4082ece => generated 0 bytes in 1244 msecs (HTTP/1.1 204) 3 headers in 131 bytes (1 switches on core 0)
2026-02-26 22:51:02.268 8 INFO neutron_taas.services.taas.taas_plugin [None req-4490776e-a560-4788-bb45-732b6551cd9b 7ba1617fcd724fd7b10d329cbd3634af 400f684956f34f4b87dc039557cfbb75 - - default default] TaaS: Handle Delete Port: f998df2e-b79b-4b82-9ac3-ecb2e1eb76e4
2026-02-26 22:51:02.271 8 INFO neutron_taas.services.taas.tap_mirror_plugin [None req-4490776e-a560-4788-bb45-732b6551cd9b 7ba1617fcd724fd7b10d329cbd3634af 400f684956f34f4b87dc039557cfbb75 - - default default] Tap Mirror: Handle Delete Port: f998df2e-b79b-4b82-9ac3-ecb2e1eb76e4 [pid: 7|app: 0|req: 1030/2399] 10.0.0.121 () {32 vars in 671 bytes} [Thu Feb 26 22:51:02 2026] GET /v2.0/subnets?not-tags=red => generated 1894 bytes in 41 msecs (HTTP/1.1 200) 4 headers in 158 bytes (1 switches on core 0) [pid: 8|app: 0|req: 1370/2400] 10.0.0.121 () {32 vars in 719 bytes} [Thu Feb 26 22:51:02 2026] DELETE /v2.0/ports/f998df2e-b79b-4b82-9ac3-ecb2e1eb76e4 => generated 0 bytes in 308 msecs (HTTP/1.1 204) 3 headers in 131 bytes (1 switches on core 0)
2026-02-26 22:51:02.421 7 INFO neutron_taas.services.taas.taas_plugin [None req-29fa8b39-87ec-4ffd-8e5c-08909276413b 1bb18b4aa26e4830a6a978c11da797cd c2e922f2390942f3b0c7929d329e51f7 - - default default] TaaS: Handle Delete Port: 2968c055-b6fe-40fd-a561-12a6b41f9f73
2026-02-26 22:51:02.424 7 INFO neutron_taas.services.taas.tap_mirror_plugin [None req-29fa8b39-87ec-4ffd-8e5c-08909276413b 1bb18b4aa26e4830a6a978c11da797cd c2e922f2390942f3b0c7929d329e51f7 - - default default] Tap Mirror: Handle Delete Port: 2968c055-b6fe-40fd-a561-12a6b41f9f73 [pid: 8|app: 0|req: 1371/2401] 10.0.0.121 () {32 vars in 685 bytes} [Thu Feb 26 22:51:02 2026] GET /v2.0/subnets?not-tags=red%2Cblue => generated 2515 bytes in 47 msecs (HTTP/1.1 200) 4 headers in 158 bytes (1 switches on core 0) [pid: 8|app: 0|req: 1372/2402] 10.0.0.121 () {32 vars in 642 bytes} [Thu Feb 26 22:51:02 2026] GET /v2.0/ports => generated 1533 bytes in 87 msecs (HTTP/1.1 200) 4 headers in 158 bytes (1 switches on core 0) [pid: 7|app: 0|req: 1031/2403] 10.0.0.121 () {32 vars in 719 bytes} [Thu Feb 26 22:51:02 2026] DELETE /v2.0/ports/2968c055-b6fe-40fd-a561-12a6b41f9f73 => generated 0 bytes in 279 msecs (HTTP/1.1 204) 3 headers in 131 bytes (1 switches on core 0)
2026-02-26 22:51:02.570 7 INFO neutron.pecan_wsgi.hooks.translation [None req-c3585fde-4e63-4b67-af2a-6597fd39425b 7ba1617fcd724fd7b10d329cbd3634af 400f684956f34f4b87dc039557cfbb75 - - default default] GET failed (client error): The resource could not be found. [pid: 7|app: 0|req: 1032/2404] 10.0.0.121 () {32 vars in 716 bytes} [Thu Feb 26 22:51:02 2026] GET /v2.0/ports/f998df2e-b79b-4b82-9ac3-ecb2e1eb76e4 => generated 132 bytes in 15 msecs (HTTP/1.1 404) 4 headers in 164 bytes (1 switches on core 0) [pid: 8|app: 0|req: 1373/2405] 10.0.0.121 () {32 vars in 681 bytes} [Thu Feb 26 22:51:02 2026] GET /v2.0/subnets?not-tags-any=blue => generated 2515 bytes in 63 msecs (HTTP/1.1 200) 4 headers in 158 bytes (1 switches on core 0) [pid: 8|app: 0|req: 1374/2406] 10.0.0.121 () {32 vars in 642 bytes} [Thu Feb 26 22:51:02 2026] GET /v2.0/ports => generated 1533 bytes in 52 msecs (HTTP/1.1 200) 4 headers in 158 bytes (1 switches on core 0)
2026-02-26 22:51:02.709 7 INFO neutron_taas.services.taas.taas_plugin [None req-c8831ace-6ae3-40cb-8484-3edaf4c8c0d1 1bb18b4aa26e4830a6a978c11da797cd c2e922f2390942f3b0c7929d329e51f7 - - default default] TaaS: Handle Delete Port: f13b0034-54e2-4678-8aa2-87fe43a61075
2026-02-26 22:51:02.713 7 INFO neutron_taas.services.taas.tap_mirror_plugin [None req-c8831ace-6ae3-40cb-8484-3edaf4c8c0d1 1bb18b4aa26e4830a6a978c11da797cd c2e922f2390942f3b0c7929d329e51f7 - - default default] Tap Mirror: Handle Delete Port: f13b0034-54e2-4678-8aa2-87fe43a61075 [pid: 8|app: 0|req: 1375/2407] 10.0.0.121 () {32 vars in 693 bytes} [Thu Feb 26 22:51:02 2026] GET /v2.0/subnets?not-tags-any=red%2Cblue => generated 1894 bytes in 44 msecs (HTTP/1.1 200) 4 headers in 158 bytes (1 switches on core 0) [pid: 8|app: 0|req: 1376/2408] 10.0.0.121 () {32 vars in 716 bytes} [Thu Feb 26 22:51:02 2026] GET /v2.0/ports/657b7505-0a3a-4abf-96b0-e9a862cd272b => generated 774 bytes in 34 msecs (HTTP/1.1 200) 4 headers in 157 bytes (1 switches on core 0) [pid: 7|app: 0|req: 1033/2409] 10.0.0.121 () {32 vars in 719 bytes} [Thu Feb 26 22:51:02 2026] DELETE /v2.0/ports/f13b0034-54e2-4678-8aa2-87fe43a61075 => generated 0 bytes in 275 msecs (HTTP/1.1 204) 3 headers in 131 bytes (1 switches on core 0)
2026-02-26 22:51:02.861 7 INFO neutron.pecan_wsgi.hooks.translation [None req-15708436-0855-441b-a3f5-d886fd8ec370 7ba1617fcd724fd7b10d329cbd3634af 400f684956f34f4b87dc039557cfbb75 - - default default] DELETE failed (client error): The resource could not be found. [pid: 7|app: 0|req: 1034/2410] 10.0.0.121 () {32 vars in 719 bytes} [Thu Feb 26 22:51:02 2026] DELETE /v2.0/ports/ef0d6da1-65d6-42d0-846c-efb8364c160f => generated 132 bytes in 16 msecs (HTTP/1.1 404) 4 headers in 164 bytes (1 switches on core 0) [pid: 8|app: 0|req: 1377/2411] 10.0.0.121 () {32 vars in 723 bytes} [Thu Feb 26 22:51:02 2026] DELETE /v2.0/subnets/b3960be1-639c-450e-8c86-40e7b7d6ddcc => generated 0 bytes in 211 msecs (HTTP/1.1 204) 3 headers in 131 bytes (1 switches on core 0)
2026-02-26 22:51:02.968 8 INFO neutron.pecan_wsgi.hooks.translation [None req-9cf2b4c0-a1df-4372-8592-212facf43c0e 7ba1617fcd724fd7b10d329cbd3634af 400f684956f34f4b87dc039557cfbb75 - - default default] DELETE failed (client error): The resource could not be found. [pid: 8|app: 0|req: 1378/2412] 10.0.0.121 () {32 vars in 723 bytes} [Thu Feb 26 22:51:02 2026] DELETE /v2.0/subnets/fa7b2427-92e2-4870-ae9b-899663920801 => generated 136 bytes in 10 msecs (HTTP/1.1 404) 4 headers in 164 bytes (1 switches on core 0)
2026-02-26 22:51:02.971 7 INFO neutron_taas.services.taas.taas_plugin [None req-384b6e7b-5e47-4505-aa91-015d6eacc12e 1bb18b4aa26e4830a6a978c11da797cd c2e922f2390942f3b0c7929d329e51f7 - - default default] TaaS: Handle Delete Port: 0ce3bc95-0cae-40af-b0d0-fa57f4d1b994
2026-02-26 22:51:02.974 7 INFO neutron_taas.services.taas.tap_mirror_plugin [None req-384b6e7b-5e47-4505-aa91-015d6eacc12e 1bb18b4aa26e4830a6a978c11da797cd c2e922f2390942f3b0c7929d329e51f7 - - default default] Tap Mirror: Handle Delete Port: 0ce3bc95-0cae-40af-b0d0-fa57f4d1b994 [pid: 7|app: 0|req: 1035/2413] 10.0.0.121 () {32 vars in 719 bytes} [Thu Feb 26 22:51:02 2026] DELETE /v2.0/ports/0ce3bc95-0cae-40af-b0d0-fa57f4d1b994 => generated 0 bytes in 234 msecs (HTTP/1.1 204) 3 headers in 131 bytes (1 switches on core 0)
2026-02-26 22:51:03.109 7 INFO neutron.pecan_wsgi.hooks.translation [None req-5945bbf0-51e9-4040-b5a7-24bcf588e644 7ba1617fcd724fd7b10d329cbd3634af 400f684956f34f4b87dc039557cfbb75 - - default default] DELETE failed (client error): The resource could not be found. [pid: 7|app: 0|req: 1036/2414] 10.0.0.121 () {32 vars in 723 bytes} [Thu Feb 26 22:51:03 2026] DELETE /v2.0/subnets/21e3faa8-275f-4570-8c1e-ce88cb45a99a => generated 136 bytes in 13 msecs (HTTP/1.1 404) 4 headers in 164 bytes (1 switches on core 0) [pid: 8|app: 0|req: 1379/2415] 10.0.0.121 () {32 vars in 723 bytes} [Thu Feb 26 22:51:02 2026] DELETE /v2.0/subnets/15ca4038-b424-4d22-ae0f-45a968935289 => generated 0 bytes in 197 msecs (HTTP/1.1 204) 3 headers in 131 bytes (1 switches on core 0)
2026-02-26 22:51:03.225 7 INFO neutron_taas.services.taas.taas_plugin [None req-31438c7c-f5e0-41aa-8ee4-c84da51234ac 1bb18b4aa26e4830a6a978c11da797cd c2e922f2390942f3b0c7929d329e51f7 - - default default] TaaS: Handle Delete Port: 09529720-d7fc-4be3-b802-2c2b74d2218f
2026-02-26 22:51:03.228 7 INFO neutron_taas.services.taas.tap_mirror_plugin [None req-31438c7c-f5e0-41aa-8ee4-c84da51234ac 1bb18b4aa26e4830a6a978c11da797cd c2e922f2390942f3b0c7929d329e51f7 - - default default] Tap Mirror: Handle Delete Port: 09529720-d7fc-4be3-b802-2c2b74d2218f
2026-02-26 22:51:03.266 8 INFO neutron_taas.services.taas.taas_plugin [None req-b5780899-fdf5-480a-a743-b77acf7bbf3f 7ba1617fcd724fd7b10d329cbd3634af 400f684956f34f4b87dc039557cfbb75 - - default default] TaaS: Handle Delete Port: 657b7505-0a3a-4abf-96b0-e9a862cd272b
2026-02-26 22:51:03.269 8 INFO neutron_taas.services.taas.tap_mirror_plugin [None req-b5780899-fdf5-480a-a743-b77acf7bbf3f 7ba1617fcd724fd7b10d329cbd3634af 400f684956f34f4b87dc039557cfbb75 - - default default] Tap Mirror: Handle Delete Port: 657b7505-0a3a-4abf-96b0-e9a862cd272b [pid: 7|app: 0|req: 1037/2416] 10.0.0.121 () {32 vars in 719 bytes} [Thu Feb 26 22:51:03 2026] DELETE /v2.0/ports/09529720-d7fc-4be3-b802-2c2b74d2218f => generated 0 bytes in 253 msecs (HTTP/1.1 204) 3 headers in 131 bytes (1 switches on core 0) [pid: 8|app: 0|req: 1380/2417] 10.0.0.121 () {32 vars in 719 bytes} [Thu Feb 26 22:51:03 2026] DELETE /v2.0/ports/657b7505-0a3a-4abf-96b0-e9a862cd272b => generated 0 bytes in 262 msecs (HTTP/1.1 204) 3 headers in 131 bytes (1 switches on core 0)
