2026-02-26 22:56:14.788 7 INFO placement.requestlog [None req-2759ab7a-0e10-4d44-a7bd-64b3a17aa9b2 - - - - - -] 10.0.0.178 "GET /" status: 200 len: 136 microversion: 1.0
2026-02-26 22:56:24.788 7 INFO placement.requestlog [None req-1c23b04a-d6e3-4e4c-9564-ed35d8d918ac - - - - - -] 10.0.0.178 "GET /" status: 200 len: 136 microversion: 1.0
2026-02-26 22:56:24.788 8 INFO placement.requestlog [None req-54487d17-c0cf-4f2f-a0e3-44d6cfa4598f - - - - - -] 10.0.0.178 "GET /" status: 200 len: 136 microversion: 1.0
2026-02-26 22:56:34.787 7 INFO placement.requestlog [None req-18898d71-a5ef-4011-9ab7-ae11aede2350 - - - - - -] 10.0.0.178 "GET /" status: 200 len: 136 microversion: 1.0
2026-02-26 22:56:34.788 8 INFO placement.requestlog [None req-3d693de0-6c25-4544-8b6a-4044a1668fa9 - - - - - -] 10.0.0.178 "GET /" status: 200 len: 136 microversion: 1.0
2026-02-26 22:56:44.793 7 INFO placement.requestlog [None req-002aee39-9164-422d-a209-03a641d6c634 - - - - - -] 10.0.0.178 "GET /" status: 200 len: 136 microversion: 1.0
2026-02-26 22:56:44.793 8 INFO placement.requestlog [None req-8a9dc9dd-2b7e-4a29-a484-83b8e77ab4d3 - - - - - -] 10.0.0.178 "GET /" status: 200 len: 136 microversion: 1.0
2026-02-26 22:56:45.586 8 INFO placement.requestlog [req-8aeb5361-59b2-446d-b066-ce42a4f02ec0 req-bdf787c9-0112-4837-acf7-97262f5bc700 a3756eb4faf745468356b600dcd2b670 8d7807dab3e0407e9c69e50a3c433986 - - 9e8e74a1df9642a78b0fe1a4a7afad5a 9e8e74a1df9642a78b0fe1a4a7afad5a] 162.253.55.74 "GET /resource_providers/79b83b1e-e1f9-4f68-9e5d-6c47f77eb5d8/allocations" status: 200 len: 340 microversion: 1.0 [pid: 8|app: 0|req: 606/1210] 162.253.55.74 () {32 vars in 856 bytes} [Thu Feb 26 22:56:45 2026] GET /resource_providers/79b83b1e-e1f9-4f68-9e5d-6c47f77eb5d8/allocations => generated 340 bytes in 23 msecs (HTTP/1.1 200) 6 headers in 224 bytes (1 switches on core 0)
2026-02-26 22:56:45.612 7 INFO placement.requestlog [req-8aeb5361-59b2-446d-b066-ce42a4f02ec0 req-d771bb5a-08c7-4cda-a375-a35766df4f0d a3756eb4faf745468356b600dcd2b670 8d7807dab3e0407e9c69e50a3c433986 - - 9e8e74a1df9642a78b0fe1a4a7afad5a 9e8e74a1df9642a78b0fe1a4a7afad5a] 162.253.55.74 "GET /resource_providers/79b83b1e-e1f9-4f68-9e5d-6c47f77eb5d8/allocations" status: 200 len: 340 microversion: 1.0 [pid: 7|app: 0|req: 605/1211] 162.253.55.74 () {32 vars in 856 bytes} [Thu Feb 26 22:56:45 2026] GET /resource_providers/79b83b1e-e1f9-4f68-9e5d-6c47f77eb5d8/allocations => generated 340 bytes in 18 msecs (HTTP/1.1 200) 6 headers in 224 bytes (1 switches on core 0)
2026-02-26 22:56:45.633 8 INFO placement.requestlog [req-8aeb5361-59b2-446d-b066-ce42a4f02ec0 req-fa74d998-9fab-4cb7-a4b9-eeffe0946b80 a3756eb4faf745468356b600dcd2b670 8d7807dab3e0407e9c69e50a3c433986 - - 9e8e74a1df9642a78b0fe1a4a7afad5a 9e8e74a1df9642a78b0fe1a4a7afad5a] 162.253.55.74 "GET /allocations/39ec569c-2d72-4e86-afbd-25e1cfc80b88" status: 200 len: 258 microversion: 1.28 [pid: 8|app: 0|req: 607/1212] 162.253.55.74 () {34 vars in 862 bytes} [Thu Feb 26 22:56:45 2026] GET /allocations/39ec569c-2d72-4e86-afbd-25e1cfc80b88 => generated 258 bytes in 14 msecs (HTTP/1.1 200) 8 headers in 296 bytes (1 switches on core 0)
2026-02-26 22:56:45.655 7 INFO placement.requestlog [req-8aeb5361-59b2-446d-b066-ce42a4f02ec0 req-9cb655c3-66ed-46d2-bf01-bc6364942b4a a3756eb4faf745468356b600dcd2b670 8d7807dab3e0407e9c69e50a3c433986 - - 9e8e74a1df9642a78b0fe1a4a7afad5a 9e8e74a1df9642a78b0fe1a4a7afad5a] 162.253.55.74 "GET /allocations/5349b098-06ec-472d-8f2d-ec4cc765a7d1" status: 200 len: 258 microversion: 1.28 [pid: 7|app: 0|req: 606/1213] 162.253.55.74 () {34 vars in 862 bytes} [Thu Feb 26 22:56:45 2026] GET /allocations/5349b098-06ec-472d-8f2d-ec4cc765a7d1 => generated 258 bytes in 16 msecs (HTTP/1.1 200) 8 headers in 296 bytes (1 switches on core 0)
2026-02-26 22:56:45.673 8 INFO placement.requestlog [req-8aeb5361-59b2-446d-b066-ce42a4f02ec0 req-b11c5045-e9b9-4d98-9624-953506af3479 a3756eb4faf745468356b600dcd2b670 8d7807dab3e0407e9c69e50a3c433986 - - 9e8e74a1df9642a78b0fe1a4a7afad5a 9e8e74a1df9642a78b0fe1a4a7afad5a] 162.253.55.74 "GET /allocations/1959e09c-9aae-4e72-8522-ea27845140b4" status: 200 len: 245 microversion: 1.28 [pid: 8|app: 0|req: 608/1214] 162.253.55.74 () {34 vars in 862 bytes} [Thu Feb 26 22:56:45 2026] GET /allocations/1959e09c-9aae-4e72-8522-ea27845140b4 => generated 245 bytes in 12 msecs (HTTP/1.1 200) 8 headers in 296 bytes (1 switches on core 0)
2026-02-26 22:56:48.086 7 INFO placement.requestlog [None req-d9efbec3-4a6e-4f0e-a51b-41d0acdcf056 8c2d432601a9449482aac2dc013994d3 43e5ea7304d8485e96084c57acf52bfa - - default default] 10.0.0.244 "GET /resource_providers" status: 200 len: 406 microversion: 1.0 [pid: 7|app: 0|req: 607/1215] 10.0.0.244 () {28 vars in 593 bytes} [Thu Feb 26 22:56:48 2026] GET /resource_providers => generated 406 bytes in 61 msecs (HTTP/1.1 200) 6 headers in 224 bytes (1 switches on core 0)
2026-02-26 22:56:48.106 8 INFO placement.requestlog [None req-9f5d033c-3d5e-4438-9cab-ed7c5dcf8e6a 8c2d432601a9449482aac2dc013994d3 43e5ea7304d8485e96084c57acf52bfa - - default default] 10.0.0.244 "GET /resource_providers/79b83b1e-e1f9-4f68-9e5d-6c47f77eb5d8/inventories" status: 200 len: 401 microversion: 1.0 [pid: 8|app: 0|req: 609/1216] 10.0.0.244 () {28 vars in 691 bytes} [Thu Feb 26 22:56:48 2026] GET /resource_providers/79b83b1e-e1f9-4f68-9e5d-6c47f77eb5d8/inventories => generated 401 bytes in 16 msecs (HTTP/1.1 200) 6 headers in 224 bytes (1 switches on core 0)
2026-02-26 22:56:48.126 7 INFO placement.requestlog [None req-45401a76-3d22-4e70-80ee-acbdc8b3a4ee 8c2d432601a9449482aac2dc013994d3 43e5ea7304d8485e96084c57acf52bfa - - default default] 10.0.0.244 "GET /resource_providers/79b83b1e-e1f9-4f68-9e5d-6c47f77eb5d8/usages" status: 200 len: 92 microversion: 1.0 [pid: 7|app: 0|req: 608/1217] 10.0.0.244 () {28 vars in 681 bytes} [Thu Feb 26 22:56:48 2026] GET /resource_providers/79b83b1e-e1f9-4f68-9e5d-6c47f77eb5d8/usages => generated 92 bytes in 17 msecs (HTTP/1.1 200) 6 headers in 223 bytes (1 switches on core 0)
2026-02-26 22:56:54.788 8 INFO placement.requestlog [None req-97b4e432-7cea-4f17-9cb5-90712a20327f - - - - - -] 10.0.0.178 "GET /" status: 200 len: 136 microversion: 1.0
2026-02-26 22:56:54.788 7 INFO placement.requestlog [None req-ecb2e92b-f926-4c57-a136-9a14e23df7b4 - - - - - -] 10.0.0.178 "GET /" status: 200 len: 136 microversion: 1.0
2026-02-26 22:57:04.788 7 INFO placement.requestlog [None req-154f0491-3383-415e-872e-2b60a29ea820 - - - - - -] 10.0.0.178 "GET /" status: 200 len: 136 microversion: 1.0
2026-02-26 22:57:04.788 8 INFO placement.requestlog [None req-7bab2361-683b-4ffb-885e-cac97cfd1b6f - - - - - -] 10.0.0.178 "GET /" status: 200 len: 136 microversion: 1.0
2026-02-26 22:57:14.788 8 INFO placement.requestlog [None req-51021674-f618-422b-9c4b-538972823a67 - - - - - -] 10.0.0.178 "GET /" status: 200 len: 136 microversion: 1.0
2026-02-26 22:57:14.788 7 INFO placement.requestlog [None req-6822298c-b5c7-4924-add7-47cdf3f42c13 - - - - - -] 10.0.0.178 "GET /" status: 200 len: 136 microversion: 1.0
2026-02-26 22:57:24.787 8 INFO placement.requestlog [None req-ff2dd128-e411-49de-9a7d-73616ed48f74 - - - - - -] 10.0.0.178 "GET /" status: 200 len: 136 microversion: 1.0
2026-02-26 22:57:24.787 7 INFO placement.requestlog [None req-3a999b5e-7dc7-412d-ab26-9b68e23f82d7 - - - - - -] 10.0.0.178 "GET /" status: 200 len: 136 microversion: 1.0
2026-02-26 22:57:34.788 7 INFO placement.requestlog [None req-43ae4705-fee3-4b6c-a921-90064d2cc4ce - - - - - -] 10.0.0.178 "GET /" status: 200 len: 136 microversion: 1.0
2026-02-26 22:57:34.788 8 INFO placement.requestlog [None req-deeed9de-6a97-4c43-b5ef-cae9a2534174 - - - - - -] 10.0.0.178 "GET /" status: 200 len: 136 microversion: 1.0
2026-02-26 22:57:44.787 7 INFO placement.requestlog [None req-4c7bd7e7-37e8-4f44-937d-6cba1bda26aa - - - - - -] 10.0.0.178 "GET /" status: 200 len: 136 microversion: 1.0
2026-02-26 22:57:44.787 8 INFO placement.requestlog [None req-ac04711e-869a-4dec-99ce-9b740efc65d3 - - - - - -] 10.0.0.178 "GET /" status: 200 len: 136 microversion: 1.0
2026-02-26 22:57:45.416 7 INFO placement.requestlog [req-3b2bbda8-4992-4854-b15f-cad3a94e1634 req-ddcadbae-2a9b-4391-895b-fe98afa4bd3d a3756eb4faf745468356b600dcd2b670 8d7807dab3e0407e9c69e50a3c433986 - - 9e8e74a1df9642a78b0fe1a4a7afad5a 9e8e74a1df9642a78b0fe1a4a7afad5a] 162.253.55.74 "GET /resource_providers/79b83b1e-e1f9-4f68-9e5d-6c47f77eb5d8/allocations" status: 200 len: 340 microversion: 1.0 [pid: 7|app: 0|req: 615/1230] 162.253.55.74 () {32 vars in 856 bytes} [Thu Feb 26 22:57:45 2026] GET /resource_providers/79b83b1e-e1f9-4f68-9e5d-6c47f77eb5d8/allocations => generated 340 bytes in 15 msecs (HTTP/1.1 200) 6 headers in 224 bytes (1 switches on core 0)
2026-02-26 22:57:45.435 8 INFO placement.requestlog [req-3b2bbda8-4992-4854-b15f-cad3a94e1634 req-7ef49f7a-ee46-40d6-bd7e-32a1fbdee93c a3756eb4faf745468356b600dcd2b670 8d7807dab3e0407e9c69e50a3c433986 - - 9e8e74a1df9642a78b0fe1a4a7afad5a 9e8e74a1df9642a78b0fe1a4a7afad5a] 162.253.55.74 "GET /resource_providers/79b83b1e-e1f9-4f68-9e5d-6c47f77eb5d8/allocations" status: 200 len: 340 microversion: 1.0 [pid: 8|app: 0|req: 616/1231] 162.253.55.74 () {32 vars in 856 bytes} [Thu Feb 26 22:57:45 2026] GET /resource_providers/79b83b1e-e1f9-4f68-9e5d-6c47f77eb5d8/allocations => generated 340 bytes in 14 msecs (HTTP/1.1 200) 6 headers in 224 bytes (1 switches on core 0)
2026-02-26 22:57:45.480 7 INFO placement.requestlog [req-3b2bbda8-4992-4854-b15f-cad3a94e1634 req-eeb0ee05-2331-4e8a-a6a3-15ddef82f81b a3756eb4faf745468356b600dcd2b670 8d7807dab3e0407e9c69e50a3c433986 - - 9e8e74a1df9642a78b0fe1a4a7afad5a 9e8e74a1df9642a78b0fe1a4a7afad5a] 162.253.55.74 "GET /allocations/39ec569c-2d72-4e86-afbd-25e1cfc80b88" status: 200 len: 258 microversion: 1.28 [pid: 7|app: 0|req: 616/1232] 162.253.55.74 () {34 vars in 862 bytes} [Thu Feb 26 22:57:45 2026] GET /allocations/39ec569c-2d72-4e86-afbd-25e1cfc80b88 => generated 258 bytes in 40 msecs (HTTP/1.1 200) 8 headers in 296 bytes (1 switches on core 0)
2026-02-26 22:57:45.498 8 INFO placement.requestlog [req-3b2bbda8-4992-4854-b15f-cad3a94e1634 req-63db6486-af5c-46a4-ad51-f5cc1abb32b5 a3756eb4faf745468356b600dcd2b670 8d7807dab3e0407e9c69e50a3c433986 - - 9e8e74a1df9642a78b0fe1a4a7afad5a 9e8e74a1df9642a78b0fe1a4a7afad5a] 162.253.55.74 "GET /allocations/5349b098-06ec-472d-8f2d-ec4cc765a7d1" status: 200 len: 258 microversion: 1.28 [pid: 8|app: 0|req: 617/1233] 162.253.55.74 () {34 vars in 862 bytes} [Thu Feb 26 22:57:45 2026] GET /allocations/5349b098-06ec-472d-8f2d-ec4cc765a7d1 => generated 258 bytes in 12 msecs (HTTP/1.1 200) 8 headers in 296 bytes (1 switches on core 0)
2026-02-26 22:57:45.533 7 INFO placement.requestlog [req-3b2bbda8-4992-4854-b15f-cad3a94e1634 req-3389a0e3-706f-4df4-ab1e-5aa8eeb29072 a3756eb4faf745468356b600dcd2b670 8d7807dab3e0407e9c69e50a3c433986 - - 9e8e74a1df9642a78b0fe1a4a7afad5a 9e8e74a1df9642a78b0fe1a4a7afad5a] 162.253.55.74 "GET /allocations/1959e09c-9aae-4e72-8522-ea27845140b4" status: 200 len: 245 microversion: 1.28 [pid: 7|app: 0|req: 617/1234] 162.253.55.74 () {34 vars in 862 bytes} [Thu Feb 26 22:57:45 2026] GET /allocations/1959e09c-9aae-4e72-8522-ea27845140b4 => generated 245 bytes in 29 msecs (HTTP/1.1 200) 8 headers in 296 bytes (1 switches on core 0)
2026-02-26 22:57:47.971 8 INFO placement.requestlog [None req-e9f92d2d-147d-4119-92d2-baa9da63924d 8c2d432601a9449482aac2dc013994d3 43e5ea7304d8485e96084c57acf52bfa - - default default] 10.0.0.244 "GET /resource_providers" status: 200 len: 406 microversion: 1.0 [pid: 8|app: 0|req: 618/1235] 10.0.0.244 () {28 vars in 593 bytes} [Thu Feb 26 22:57:47 2026] GET /resource_providers => generated 406 bytes in 42 msecs (HTTP/1.1 200) 6 headers in 224 bytes (1 switches on core 0)
2026-02-26 22:57:47.993 7 INFO placement.requestlog [None req-68a58551-deaf-49d1-a2f2-75431f39c5ad 8c2d432601a9449482aac2dc013994d3 43e5ea7304d8485e96084c57acf52bfa - - default default] 10.0.0.244 "GET /resource_providers/79b83b1e-e1f9-4f68-9e5d-6c47f77eb5d8/inventories" status: 200 len: 401 microversion: 1.0 [pid: 7|app: 0|req: 618/1236] 10.0.0.244 () {28 vars in 691 bytes} [Thu Feb 26 22:57:47 2026] GET /resource_providers/79b83b1e-e1f9-4f68-9e5d-6c47f77eb5d8/inventories => generated 401 bytes in 17 msecs (HTTP/1.1 200) 6 headers in 224 bytes (1 switches on core 0)
2026-02-26 22:57:48.018 8 INFO placement.requestlog [None req-bf0ae138-a5c9-4ace-8fe1-ea96894d500f 8c2d432601a9449482aac2dc013994d3 43e5ea7304d8485e96084c57acf52bfa - - default default] 10.0.0.244 "GET /resource_providers/79b83b1e-e1f9-4f68-9e5d-6c47f77eb5d8/usages" status: 200 len: 92 microversion: 1.0 [pid: 8|app: 0|req: 619/1237] 10.0.0.244 () {28 vars in 681 bytes} [Thu Feb 26 22:57:47 2026] GET /resource_providers/79b83b1e-e1f9-4f68-9e5d-6c47f77eb5d8/usages => generated 92 bytes in 21 msecs (HTTP/1.1 200) 6 headers in 223 bytes (1 switches on core 0)
2026-02-26 22:57:54.788 7 INFO placement.requestlog [None req-a9c0556b-4a70-44fb-a257-019cf7890621 - - - - - -] 10.0.0.178 "GET /" status: 200 len: 136 microversion: 1.0
2026-02-26 22:57:54.788 8 INFO placement.requestlog [None req-6a23688d-6154-4157-9f1a-03bd0dc97e59 - - - - - -] 10.0.0.178 "GET /" status: 200 len: 136 microversion: 1.0
2026-02-26 22:57:57.042 8 INFO placement.requestlog [req-035a7ebe-2148-4d1f-8d4a-ffd2b4e011bf req-50074a74-639f-4271-bb60-ac86b2d09db6 a3756eb4faf745468356b600dcd2b670 8d7807dab3e0407e9c69e50a3c433986 - - 9e8e74a1df9642a78b0fe1a4a7afad5a 9e8e74a1df9642a78b0fe1a4a7afad5a] 162.253.55.74 "GET /resource_providers/79b83b1e-e1f9-4f68-9e5d-6c47f77eb5d8/allocations" status: 200 len: 340 microversion: 1.0 [pid: 8|app: 0|req: 621/1240] 162.253.55.74 () {32 vars in 856 bytes} [Thu Feb 26 22:57:57 2026] GET /resource_providers/79b83b1e-e1f9-4f68-9e5d-6c47f77eb5d8/allocations => generated 340 bytes in 16 msecs (HTTP/1.1 200) 6 headers in 224 bytes (1 switches on core 0)
2026-02-26 22:57:57.065 7 INFO placement.requestlog [req-035a7ebe-2148-4d1f-8d4a-ffd2b4e011bf req-84a2e52c-3f72-4b74-af8f-a409ef3f4831 a3756eb4faf745468356b600dcd2b670 8d7807dab3e0407e9c69e50a3c433986 - - 9e8e74a1df9642a78b0fe1a4a7afad5a 9e8e74a1df9642a78b0fe1a4a7afad5a] 162.253.55.74 "GET /allocations/39ec569c-2d72-4e86-afbd-25e1cfc80b88" status: 200 len: 258 microversion: 1.28 [pid: 7|app: 0|req: 620/1241] 162.253.55.74 () {34 vars in 862 bytes} [Thu Feb 26 22:57:57 2026] GET /allocations/39ec569c-2d72-4e86-afbd-25e1cfc80b88 => generated 258 bytes in 14 msecs (HTTP/1.1 200) 8 headers in 296 bytes (1 switches on core 0)
2026-02-26 22:57:57.086 8 INFO placement.requestlog [req-035a7ebe-2148-4d1f-8d4a-ffd2b4e011bf req-9ccf6a50-a147-4bd5-9b40-6abd215c6eef a3756eb4faf745468356b600dcd2b670 8d7807dab3e0407e9c69e50a3c433986 - - 9e8e74a1df9642a78b0fe1a4a7afad5a 9e8e74a1df9642a78b0fe1a4a7afad5a] 162.253.55.74 "GET /allocations/5349b098-06ec-472d-8f2d-ec4cc765a7d1" status: 200 len: 258 microversion: 1.28 [pid: 8|app: 0|req: 622/1242] 162.253.55.74 () {34 vars in 862 bytes} [Thu Feb 26 22:57:57 2026] GET /allocations/5349b098-06ec-472d-8f2d-ec4cc765a7d1 => generated 258 bytes in 16 msecs (HTTP/1.1 200) 8 headers in 296 bytes (1 switches on core 0)
2026-02-26 22:57:57.108 7 INFO placement.requestlog [req-035a7ebe-2148-4d1f-8d4a-ffd2b4e011bf req-e6a47b02-0bff-4690-a51e-e88afeb3c617 a3756eb4faf745468356b600dcd2b670 8d7807dab3e0407e9c69e50a3c433986 - - 9e8e74a1df9642a78b0fe1a4a7afad5a 9e8e74a1df9642a78b0fe1a4a7afad5a] 162.253.55.74 "GET /allocations/1959e09c-9aae-4e72-8522-ea27845140b4" status: 200 len: 245 microversion: 1.28 [pid: 7|app: 0|req: 621/1243] 162.253.55.74 () {34 vars in 862 bytes} [Thu Feb 26 22:57:57 2026] GET /allocations/1959e09c-9aae-4e72-8522-ea27845140b4 => generated 245 bytes in 15 msecs (HTTP/1.1 200) 8 headers in 296 bytes (1 switches on core 0)
2026-02-26 22:57:58.165 8 INFO placement.requestlog [req-035a7ebe-2148-4d1f-8d4a-ffd2b4e011bf req-3f163bc8-a90b-48b1-8e69-0f429b38a69b a3756eb4faf745468356b600dcd2b670 8d7807dab3e0407e9c69e50a3c433986 - - 9e8e74a1df9642a78b0fe1a4a7afad5a 9e8e74a1df9642a78b0fe1a4a7afad5a] 162.253.55.74 "DELETE /allocations/1959e09c-9aae-4e72-8522-ea27845140b4" status: 204 len: 0 microversion: 1.0 [pid: 8|app: 0|req: 623/1244] 162.253.55.74 () {34 vars in 840 bytes} [Thu Feb 26 22:57:58 2026] DELETE /allocations/1959e09c-9aae-4e72-8522-ea27845140b4 => generated 0 bytes in 27 msecs (HTTP/1.1 204) 5 headers in 198 bytes (1 switches on core 0)
2026-02-26 22:58:00.453 7 INFO placement.requestlog [req-70f1c831-ad9d-411d-9b76-dc58116503a9 req-88c7a309-8ee5-41d9-be23-e5359cffc13b a3756eb4faf745468356b600dcd2b670 8d7807dab3e0407e9c69e50a3c433986 - - 9e8e74a1df9642a78b0fe1a4a7afad5a 9e8e74a1df9642a78b0fe1a4a7afad5a] 162.253.55.74 "GET /resource_providers/79b83b1e-e1f9-4f68-9e5d-6c47f77eb5d8/allocations" status: 200 len: 253 microversion: 1.0 [pid: 7|app: 0|req: 622/1245] 162.253.55.74 () {32 vars in 856 bytes} [Thu Feb 26 22:58:00 2026] GET /resource_providers/79b83b1e-e1f9-4f68-9e5d-6c47f77eb5d8/allocations => generated 253 bytes in 18 msecs (HTTP/1.1 200) 6 headers in 224 bytes (1 switches on core 0)
2026-02-26 22:58:00.473 8 INFO placement.requestlog [req-70f1c831-ad9d-411d-9b76-dc58116503a9 req-03a6ae02-58da-43f2-9d81-28eb854183ed a3756eb4faf745468356b600dcd2b670 8d7807dab3e0407e9c69e50a3c433986 - - 9e8e74a1df9642a78b0fe1a4a7afad5a 9e8e74a1df9642a78b0fe1a4a7afad5a] 162.253.55.74 "GET /allocations/39ec569c-2d72-4e86-afbd-25e1cfc80b88" status: 200 len: 258 microversion: 1.28 [pid: 8|app: 0|req: 624/1246] 162.253.55.74 () {34 vars in 862 bytes} [Thu Feb 26 22:58:00 2026] GET /allocations/39ec569c-2d72-4e86-afbd-25e1cfc80b88 => generated 258 bytes in 13 msecs (HTTP/1.1 200) 8 headers in 296 bytes (1 switches on core 0)
2026-02-26 22:58:00.491 7 INFO placement.requestlog [req-70f1c831-ad9d-411d-9b76-dc58116503a9 req-4b082fa0-75c7-4777-8231-4115822876c8 a3756eb4faf745468356b600dcd2b670 8d7807dab3e0407e9c69e50a3c433986 - - 9e8e74a1df9642a78b0fe1a4a7afad5a 9e8e74a1df9642a78b0fe1a4a7afad5a] 162.253.55.74 "GET /allocations/5349b098-06ec-472d-8f2d-ec4cc765a7d1" status: 200 len: 258 microversion: 1.28 [pid: 7|app: 0|req: 623/1247] 162.253.55.74 () {34 vars in 862 bytes} [Thu Feb 26 22:58:00 2026] GET /allocations/5349b098-06ec-472d-8f2d-ec4cc765a7d1 => generated 258 bytes in 12 msecs (HTTP/1.1 200) 8 headers in 296 bytes (1 switches on core 0)
2026-02-26 22:58:01.542 8 INFO placement.requestlog [req-70f1c831-ad9d-411d-9b76-dc58116503a9 req-8a559bff-720b-470f-a7d5-d2a0b5331ce0 a3756eb4faf745468356b600dcd2b670 8d7807dab3e0407e9c69e50a3c433986 - - 9e8e74a1df9642a78b0fe1a4a7afad5a 9e8e74a1df9642a78b0fe1a4a7afad5a] 162.253.55.74 "DELETE /allocations/39ec569c-2d72-4e86-afbd-25e1cfc80b88" status: 204 len: 0 microversion: 1.0 [pid: 8|app: 0|req: 625/1248] 162.253.55.74 () {34 vars in 840 bytes} [Thu Feb 26 22:58:01 2026] DELETE /allocations/39ec569c-2d72-4e86-afbd-25e1cfc80b88 => generated 0 bytes in 25 msecs (HTTP/1.1 204) 5 headers in 198 bytes (1 switches on core 0)
2026-02-26 22:58:04.788 7 INFO placement.requestlog [None req-1baf08c4-d313-4d74-8421-dc979abd3f41 - - - - - -] 10.0.0.178 "GET /" status: 200 len: 136 microversion: 1.0
2026-02-26 22:58:04.788 8 INFO placement.requestlog [None req-7792e11b-8a06-47f5-bb13-ecc450f0037f - - - - - -] 10.0.0.178 "GET /" status: 200 len: 136 microversion: 1.0
2026-02-26 22:58:11.319 7 INFO placement.requestlog [req-6f8bdd24-886b-4464-b56d-268203bab6f1 req-f191b034-0118-4332-8145-e309278d870d a3756eb4faf745468356b600dcd2b670 8d7807dab3e0407e9c69e50a3c433986 - - 9e8e74a1df9642a78b0fe1a4a7afad5a 9e8e74a1df9642a78b0fe1a4a7afad5a] 162.253.55.74 "GET /resource_providers/79b83b1e-e1f9-4f68-9e5d-6c47f77eb5d8/allocations" status: 200 len: 153 microversion: 1.0 [pid: 7|app: 0|req: 625/1251] 162.253.55.74 () {32 vars in 856 bytes} [Thu Feb 26 22:58:11 2026] GET /resource_providers/79b83b1e-e1f9-4f68-9e5d-6c47f77eb5d8/allocations => generated 153 bytes in 15 msecs (HTTP/1.1 200) 6 headers in 224 bytes (1 switches on core 0)
2026-02-26 22:58:11.334 8 INFO placement.requestlog [req-6f8bdd24-886b-4464-b56d-268203bab6f1 req-74de339d-1297-4d10-8ab9-6beda75d8cc1 a3756eb4faf745468356b600dcd2b670 8d7807dab3e0407e9c69e50a3c433986 - - 9e8e74a1df9642a78b0fe1a4a7afad5a 9e8e74a1df9642a78b0fe1a4a7afad5a] 162.253.55.74 "GET /allocations/5349b098-06ec-472d-8f2d-ec4cc765a7d1" status: 200 len: 258 microversion: 1.28 [pid: 8|app: 0|req: 627/1252] 162.253.55.74 () {34 vars in 862 bytes} [Thu Feb 26 22:58:11 2026] GET /allocations/5349b098-06ec-472d-8f2d-ec4cc765a7d1 => generated 258 bytes in 11 msecs (HTTP/1.1 200) 8 headers in 296 bytes (1 switches on core 0)
2026-02-26 22:58:12.376 7 INFO placement.requestlog [req-6f8bdd24-886b-4464-b56d-268203bab6f1 req-2c95b022-2ccb-44c8-aeaa-7611dae80338 a3756eb4faf745468356b600dcd2b670 8d7807dab3e0407e9c69e50a3c433986 - - 9e8e74a1df9642a78b0fe1a4a7afad5a 9e8e74a1df9642a78b0fe1a4a7afad5a] 162.253.55.74 "DELETE /allocations/5349b098-06ec-472d-8f2d-ec4cc765a7d1" status: 204 len: 0 microversion: 1.0 [pid: 7|app: 0|req: 626/1253] 162.253.55.74 () {34 vars in 840 bytes} [Thu Feb 26 22:58:12 2026] DELETE /allocations/5349b098-06ec-472d-8f2d-ec4cc765a7d1 => generated 0 bytes in 21 msecs (HTTP/1.1 204) 5 headers in 198 bytes (1 switches on core 0)
2026-02-26 22:58:14.787 8 INFO placement.requestlog [None req-15b93d3e-1103-4e98-80b4-411305f5a682 - - - - - -] 10.0.0.178 "GET /" status: 200 len: 136 microversion: 1.0
2026-02-26 22:58:14.788 7 INFO placement.requestlog [None req-5e0272bd-4583-4b5c-b882-95601cf80f62 - - - - - -] 10.0.0.178 "GET /" status: 200 len: 136 microversion: 1.0
2026-02-26 22:58:23.972 7 INFO placement.requestlog [None req-36ea65c7-746e-4f5c-9ce2-1247dfc71882 202ef97b23154a37aebefdad152f9aec 8d7807dab3e0407e9c69e50a3c433986 - - 9e8e74a1df9642a78b0fe1a4a7afad5a 9e8e74a1df9642a78b0fe1a4a7afad5a] 10.0.0.206 "GET /resource_providers/b4512d55-14e9-42c6-a2cb-c65aa49427c5/aggregates" status: 404 len: 235 microversion: 1.1 [pid: 7|app: 0|req: 628/1256] 10.0.0.206 () {32 vars in 816 bytes} [Thu Feb 26 22:58:23 2026] GET /resource_providers/b4512d55-14e9-42c6-a2cb-c65aa49427c5/aggregates => generated 235 bytes in 42 msecs (HTTP/1.1 404) 5 headers in 202 bytes (1 switches on core 0)
2026-02-26 22:58:23.974 8 INFO placement.requestlog [None req-0e8d6b1f-dad0-419a-bfea-97a455b78f13 202ef97b23154a37aebefdad152f9aec 8d7807dab3e0407e9c69e50a3c433986 - - 9e8e74a1df9642a78b0fe1a4a7afad5a 9e8e74a1df9642a78b0fe1a4a7afad5a] 10.0.0.206 "GET /resource_providers/b4512d55-14e9-42c6-a2cb-c65aa49427c5/aggregates" status: 404 len: 235 microversion: 1.1 [pid: 8|app: 0|req: 629/1257] 10.0.0.206 () {32 vars in 816 bytes} [Thu Feb 26 22:58:23 2026] GET /resource_providers/b4512d55-14e9-42c6-a2cb-c65aa49427c5/aggregates => generated 235 bytes in 44 msecs (HTTP/1.1 404) 5 headers in 202 bytes (1 switches on core 0)
2026-02-26 22:58:23.992 8 INFO placement.requestlog [None req-20a428d4-dcdd-4bca-93cd-54af61e79778 202ef97b23154a37aebefdad152f9aec 8d7807dab3e0407e9c69e50a3c433986 - - 9e8e74a1df9642a78b0fe1a4a7afad5a 9e8e74a1df9642a78b0fe1a4a7afad5a] 10.0.0.206 "DELETE /resource_providers/b4512d55-14e9-42c6-a2cb-c65aa49427c5" status: 404 len: 246 microversion: 1.1
2026-02-26 22:58:23.992 7 INFO placement.requestlog [None req-34edada0-9a36-413c-9fae-4be8a344997a 202ef97b23154a37aebefdad152f9aec 8d7807dab3e0407e9c69e50a3c433986 - - 9e8e74a1df9642a78b0fe1a4a7afad5a 9e8e74a1df9642a78b0fe1a4a7afad5a] 10.0.0.206 "DELETE /resource_providers/b4512d55-14e9-42c6-a2cb-c65aa49427c5" status: 404 len: 246 microversion: 1.1 [pid: 8|app: 0|req: 630/1258] 10.0.0.206 () {34 vars in 816 bytes} [Thu Feb 26 22:58:23 2026] DELETE /resource_providers/b4512d55-14e9-42c6-a2cb-c65aa49427c5 => generated 246 bytes in 6 msecs (HTTP/1.1 404) 6 headers in 231 bytes (1 switches on core 0) [pid: 7|app: 0|req: 629/1259] 10.0.0.206 () {34 vars in 816 bytes} [Thu Feb 26 22:58:23 2026] DELETE /resource_providers/b4512d55-14e9-42c6-a2cb-c65aa49427c5 => generated 246 bytes in 7 msecs (HTTP/1.1 404) 6 headers in 231 bytes (1 switches on core 0)
2026-02-26 22:58:24.788 8 INFO placement.requestlog [None req-1d54c2ab-99ca-4434-8460-5d1261c7a5eb - - - - - -] 10.0.0.178 "GET /" status: 200 len: 136 microversion: 1.0
2026-02-26 22:58:24.789 7 INFO placement.requestlog [None req-aa536887-ccf4-4028-b93e-1bf461f22015 - - - - - -] 10.0.0.178 "GET /" status: 200 len: 136 microversion: 1.0
2026-02-26 22:58:26.014 8 INFO placement.requestlog [None req-78cf8ae5-fa8c-4f45-bc84-382abf10e578 202ef97b23154a37aebefdad152f9aec 8d7807dab3e0407e9c69e50a3c433986 - - 9e8e74a1df9642a78b0fe1a4a7afad5a 9e8e74a1df9642a78b0fe1a4a7afad5a] 10.0.0.206 "GET /resource_providers/9058aafb-1482-420b-bb23-9052d2ffe77e/aggregates" status: 404 len: 235 microversion: 1.1 [pid: 8|app: 0|req: 632/1262] 10.0.0.206 () {32 vars in 816 bytes} [Thu Feb 26 22:58:26 2026] GET /resource_providers/9058aafb-1482-420b-bb23-9052d2ffe77e/aggregates => generated 235 bytes in 9 msecs (HTTP/1.1 404) 5 headers in 202 bytes (1 switches on core 0)
2026-02-26 22:58:26.020 7 INFO placement.requestlog [None req-5d4a19b3-ba34-43a5-bc3f-d467a79f0974 202ef97b23154a37aebefdad152f9aec 8d7807dab3e0407e9c69e50a3c433986 - - 9e8e74a1df9642a78b0fe1a4a7afad5a 9e8e74a1df9642a78b0fe1a4a7afad5a] 10.0.0.206 "GET /resource_providers/9058aafb-1482-420b-bb23-9052d2ffe77e/aggregates" status: 404 len: 235 microversion: 1.1 [pid: 7|app: 0|req: 631/1263] 10.0.0.206 () {32 vars in 816 bytes} [Thu Feb 26 22:58:26 2026] GET /resource_providers/9058aafb-1482-420b-bb23-9052d2ffe77e/aggregates => generated 235 bytes in 14 msecs (HTTP/1.1 404) 5 headers in 202 bytes (1 switches on core 0)
2026-02-26 22:58:26.032 8 INFO placement.requestlog [None req-13ddcfd0-eb5a-47a6-b6f0-6d7eb43579ac 202ef97b23154a37aebefdad152f9aec 8d7807dab3e0407e9c69e50a3c433986 - - 9e8e74a1df9642a78b0fe1a4a7afad5a 9e8e74a1df9642a78b0fe1a4a7afad5a] 10.0.0.206 "DELETE /resource_providers/9058aafb-1482-420b-bb23-9052d2ffe77e" status: 404 len: 246 microversion: 1.1 [pid: 8|app: 0|req: 633/1264] 10.0.0.206 () {34 vars in 816 bytes} [Thu Feb 26 22:58:26 2026] DELETE /resource_providers/9058aafb-1482-420b-bb23-9052d2ffe77e => generated 246 bytes in 6 msecs (HTTP/1.1 404) 6 headers in 231 bytes (1 switches on core 0)
2026-02-26 22:58:26.038 7 INFO placement.requestlog [None req-d1f9479f-56d6-4d9a-9abd-b9a3bb7488ff 202ef97b23154a37aebefdad152f9aec 8d7807dab3e0407e9c69e50a3c433986 - - 9e8e74a1df9642a78b0fe1a4a7afad5a 9e8e74a1df9642a78b0fe1a4a7afad5a] 10.0.0.206 "DELETE /resource_providers/9058aafb-1482-420b-bb23-9052d2ffe77e" status: 404 len: 246 microversion: 1.1 [pid: 7|app: 0|req: 632/1265] 10.0.0.206 () {34 vars in 816 bytes} [Thu Feb 26 22:58:26 2026] DELETE /resource_providers/9058aafb-1482-420b-bb23-9052d2ffe77e => generated 246 bytes in 11 msecs (HTTP/1.1 404) 6 headers in 231 bytes (1 switches on core 0)
2026-02-26 22:58:26.061 7 INFO placement.requestlog [None req-73d04c62-1509-4ccc-bf61-5c73de8ecda8 202ef97b23154a37aebefdad152f9aec 8d7807dab3e0407e9c69e50a3c433986 - - 9e8e74a1df9642a78b0fe1a4a7afad5a 9e8e74a1df9642a78b0fe1a4a7afad5a] 10.0.0.206 "GET /resource_providers/2297da73-f940-483a-8c55-bf530f69dd77/aggregates" status: 404 len: 235 microversion: 1.1 [pid: 7|app: 0|req: 633/1266] 10.0.0.206 () {32 vars in 816 bytes} [Thu Feb 26 22:58:26 2026] GET /resource_providers/2297da73-f940-483a-8c55-bf530f69dd77/aggregates => generated 235 bytes in 14 msecs (HTTP/1.1 404) 5 headers in 202 bytes (1 switches on core 0)
2026-02-26 22:58:26.065 8 INFO placement.requestlog [None req-187665af-0609-4ee1-a8c6-5526a0148a8a 202ef97b23154a37aebefdad152f9aec 8d7807dab3e0407e9c69e50a3c433986 - - 9e8e74a1df9642a78b0fe1a4a7afad5a 9e8e74a1df9642a78b0fe1a4a7afad5a] 10.0.0.206 "GET /resource_providers/2297da73-f940-483a-8c55-bf530f69dd77/aggregates" status: 404 len: 235 microversion: 1.1 [pid: 8|app: 0|req: 634/1267] 10.0.0.206 () {32 vars in 816 bytes} [Thu Feb 26 22:58:26 2026] GET /resource_providers/2297da73-f940-483a-8c55-bf530f69dd77/aggregates => generated 235 bytes in 19 msecs (HTTP/1.1 404) 5 headers in 202 bytes (1 switches on core 0)
2026-02-26 22:58:26.076 7 INFO placement.requestlog [None req-a0689cfc-b6bd-4986-8bf9-34bec87d87ec 202ef97b23154a37aebefdad152f9aec 8d7807dab3e0407e9c69e50a3c433986 - - 9e8e74a1df9642a78b0fe1a4a7afad5a 9e8e74a1df9642a78b0fe1a4a7afad5a] 10.0.0.206 "DELETE /resource_providers/2297da73-f940-483a-8c55-bf530f69dd77" status: 404 len: 246 microversion: 1.1 [pid: 7|app: 0|req: 634/1268] 10.0.0.206 () {34 vars in 816 bytes} [Thu Feb 26 22:58:26 2026] DELETE /resource_providers/2297da73-f940-483a-8c55-bf530f69dd77 => generated 246 bytes in 7 msecs (HTTP/1.1 404) 6 headers in 231 bytes (1 switches on core 0)
2026-02-26 22:58:26.087 8 INFO placement.requestlog [None req-86169eef-82f7-496e-8739-0bea866c987a 202ef97b23154a37aebefdad152f9aec 8d7807dab3e0407e9c69e50a3c433986 - - 9e8e74a1df9642a78b0fe1a4a7afad5a 9e8e74a1df9642a78b0fe1a4a7afad5a] 10.0.0.206 "DELETE /resource_providers/2297da73-f940-483a-8c55-bf530f69dd77" status: 404 len: 246 microversion: 1.1 [pid: 8|app: 0|req: 635/1269] 10.0.0.206 () {34 vars in 816 bytes} [Thu Feb 26 22:58:26 2026] DELETE /resource_providers/2297da73-f940-483a-8c55-bf530f69dd77 => generated 246 bytes in 6 msecs (HTTP/1.1 404) 6 headers in 231 bytes (1 switches on core 0)
2026-02-26 22:58:34.788 7 INFO placement.requestlog [None req-52a31dfb-fd28-4c6f-9c4c-3d43ab286424 - - - - - -] 10.0.0.178 "GET /" status: 200 len: 136 microversion: 1.0
2026-02-26 22:58:34.788 8 INFO placement.requestlog [None req-b96d3035-0f2b-4912-81f3-f667fb88026d - - - - - -] 10.0.0.178 "GET /" status: 200 len: 136 microversion: 1.0
2026-02-26 22:58:44.787 7 INFO placement.requestlog [None req-7cf7e193-fcdd-4210-8530-c8046687f35d - - - - - -] 10.0.0.178 "GET /" status: 200 len: 136 microversion: 1.0
2026-02-26 22:58:44.789 8 INFO placement.requestlog [None req-c18bfc0e-af21-4bb6-932a-629364e36a13 - - - - - -] 10.0.0.178 "GET /" status: 200 len: 136 microversion: 1.0
2026-02-26 22:58:45.073 7 INFO placement.requestlog [req-8cde5570-e412-4c0a-a419-7868b9c7c08d req-9b6fba2c-8a51-48ac-9b84-cc70c6d6711e a3756eb4faf745468356b600dcd2b670 8d7807dab3e0407e9c69e50a3c433986 - - 9e8e74a1df9642a78b0fe1a4a7afad5a 9e8e74a1df9642a78b0fe1a4a7afad5a] 162.253.55.74 "GET /resource_providers/79b83b1e-e1f9-4f68-9e5d-6c47f77eb5d8/allocations" status: 200 len: 55 microversion: 1.0 [pid: 7|app: 0|req: 637/1274] 162.253.55.74 () {32 vars in 856 bytes} [Thu Feb 26 22:58:45 2026] GET /resource_providers/79b83b1e-e1f9-4f68-9e5d-6c47f77eb5d8/allocations => generated 55 bytes in 10 msecs (HTTP/1.1 200) 6 headers in 223 bytes (1 switches on core 0)
2026-02-26 22:58:45.097 8 INFO placement.requestlog [req-8cde5570-e412-4c0a-a419-7868b9c7c08d req-005460ad-a588-4166-9486-24a02edc2cc1 a3756eb4faf745468356b600dcd2b670 8d7807dab3e0407e9c69e50a3c433986 - - 9e8e74a1df9642a78b0fe1a4a7afad5a 9e8e74a1df9642a78b0fe1a4a7afad5a] 162.253.55.74 "GET /resource_providers/79b83b1e-e1f9-4f68-9e5d-6c47f77eb5d8/allocations" status: 200 len: 55 microversion: 1.0 [pid: 8|app: 0|req: 638/1275] 162.253.55.74 () {32 vars in 856 bytes} [Thu Feb 26 22:58:45 2026] GET /resource_providers/79b83b1e-e1f9-4f68-9e5d-6c47f77eb5d8/allocations => generated 55 bytes in 18 msecs (HTTP/1.1 200) 6 headers in 223 bytes (1 switches on core 0)
2026-02-26 22:58:47.959 7 INFO placement.requestlog [None req-e0d21c70-b717-4766-ad83-508c104c59f3 8c2d432601a9449482aac2dc013994d3 43e5ea7304d8485e96084c57acf52bfa - - default default] 10.0.0.244 "GET /resource_providers" status: 200 len: 406 microversion: 1.0 [pid: 7|app: 0|req: 638/1276] 10.0.0.244 () {28 vars in 593 bytes} [Thu Feb 26 22:58:47 2026] GET /resource_providers => generated 406 bytes in 119 msecs (HTTP/1.1 200) 6 headers in 224 bytes (1 switches on core 0)
2026-02-26 22:58:47.986 8 INFO placement.requestlog [None req-606cc9e8-71a7-473d-b9ea-3f0df980faab 8c2d432601a9449482aac2dc013994d3 43e5ea7304d8485e96084c57acf52bfa - - default default] 10.0.0.244 "GET /resource_providers/79b83b1e-e1f9-4f68-9e5d-6c47f77eb5d8/inventories" status: 200 len: 401 microversion: 1.0 [pid: 8|app: 0|req: 639/1277] 10.0.0.244 () {28 vars in 691 bytes} [Thu Feb 26 22:58:47 2026] GET /resource_providers/79b83b1e-e1f9-4f68-9e5d-6c47f77eb5d8/inventories => generated 401 bytes in 19 msecs (HTTP/1.1 200) 6 headers in 224 bytes (1 switches on core 0)
2026-02-26 22:58:48.006 7 INFO placement.requestlog [None req-352d7908-09e8-4745-a72b-f4899c938b1b 8c2d432601a9449482aac2dc013994d3 43e5ea7304d8485e96084c57acf52bfa - - default default] 10.0.0.244 "GET /resource_providers/79b83b1e-e1f9-4f68-9e5d-6c47f77eb5d8/usages" status: 200 len: 89 microversion: 1.0 [pid: 7|app: 0|req: 639/1278] 10.0.0.244 () {28 vars in 681 bytes} [Thu Feb 26 22:58:47 2026] GET /resource_providers/79b83b1e-e1f9-4f68-9e5d-6c47f77eb5d8/usages => generated 89 bytes in 14 msecs (HTTP/1.1 200) 6 headers in 223 bytes (1 switches on core 0)
2026-02-26 22:58:54.788 8 INFO placement.requestlog [None req-b5198abf-3cb2-4aca-b49c-7bfcb51e585f - - - - - -] 10.0.0.178 "GET /" status: 200 len: 136 microversion: 1.0
2026-02-26 22:58:54.788 7 INFO placement.requestlog [None req-a8e47a32-7dfa-4cb3-9c00-05108cde3f17 - - - - - -] 10.0.0.178 "GET /" status: 200 len: 136 microversion: 1.0
2026-02-26 22:59:04.788 7 INFO placement.requestlog [None req-05524ef4-e98d-445e-b221-859354daa5ea - - - - - -] 10.0.0.178 "GET /" status: 200 len: 136 microversion: 1.0
2026-02-26 22:59:04.788 8 INFO placement.requestlog [None req-8b97fc24-d09f-49f9-8c6c-8babfe848853 - - - - - -] 10.0.0.178 "GET /" status: 200 len: 136 microversion: 1.0
2026-02-26 22:59:14.787 7 INFO placement.requestlog [None req-4bca8707-6a0a-4361-93ed-dc9f0020dae2 - - - - - -] 10.0.0.178 "GET /" status: 200 len: 136 microversion: 1.0
2026-02-26 22:59:14.788 8 INFO placement.requestlog [None req-8314e877-c3e7-4bea-9292-70930ee4bf8f - - - - - -] 10.0.0.178 "GET /" status: 200 len: 136 microversion: 1.0
2026-02-26 22:59:24.787 7 INFO placement.requestlog [None req-77472095-c7a6-4381-ba89-cc122c4e5e68 - - - - - -] 10.0.0.178 "GET /" status: 200 len: 136 microversion: 1.0
2026-02-26 22:59:24.788 8 INFO placement.requestlog [None req-2c7bb9b3-4815-456e-baf6-461f3d812c2c - - - - - -] 10.0.0.178 "GET /" status: 200 len: 136 microversion: 1.0
2026-02-26 22:59:34.788 7 INFO placement.requestlog [None req-b9cc539a-7a66-412a-bb28-85f6d799c3a3 - - - - - -] 10.0.0.178 "GET /" status: 200 len: 136 microversion: 1.0
2026-02-26 22:59:34.789 8 INFO placement.requestlog [None req-ad9041d1-45a0-49b2-b999-2d5b9f78ca43 - - - - - -] 10.0.0.178 "GET /" status: 200 len: 136 microversion: 1.0
2026-02-26 22:59:44.788 8 INFO placement.requestlog [None req-548a9cc7-d33b-43c4-bfeb-b37bdb2f54b2 - - - - - -] 10.0.0.178 "GET /" status: 200 len: 136 microversion: 1.0
2026-02-26 22:59:44.788 7 INFO placement.requestlog [None req-b2cfc5e6-9929-46bf-9f8f-3ebb48dc1bd6 - - - - - -] 10.0.0.178 "GET /" status: 200 len: 136 microversion: 1.0
2026-02-26 22:59:45.342 8 INFO placement.requestlog [req-0caba3e2-47d9-4980-9fd4-e17706689eac req-f74d67a0-7e5a-456d-adce-c33d562ee5a1 a3756eb4faf745468356b600dcd2b670 8d7807dab3e0407e9c69e50a3c433986 - - 9e8e74a1df9642a78b0fe1a4a7afad5a 9e8e74a1df9642a78b0fe1a4a7afad5a] 162.253.55.74 "GET /resource_providers/79b83b1e-e1f9-4f68-9e5d-6c47f77eb5d8/allocations" status: 200 len: 55 microversion: 1.0 [pid: 8|app: 0|req: 646/1291] 162.253.55.74 () {32 vars in 856 bytes} [Thu Feb 26 22:59:45 2026] GET /resource_providers/79b83b1e-e1f9-4f68-9e5d-6c47f77eb5d8/allocations => generated 55 bytes in 106 msecs (HTTP/1.1 200) 6 headers in 223 bytes (1 switches on core 0)
2026-02-26 22:59:45.380 7 INFO placement.requestlog [req-0caba3e2-47d9-4980-9fd4-e17706689eac req-a01b6150-d2f1-4d5e-8f4f-ab88d3860f96 a3756eb4faf745468356b600dcd2b670 8d7807dab3e0407e9c69e50a3c433986 - - 9e8e74a1df9642a78b0fe1a4a7afad5a 9e8e74a1df9642a78b0fe1a4a7afad5a] 162.253.55.74 "GET /resource_providers?in_tree=79b83b1e-e1f9-4f68-9e5d-6c47f77eb5d8" status: 200 len: 798 microversion: 1.14 [pid: 7|app: 0|req: 646/1292] 162.253.55.74 () {34 vars in 891 bytes} [Thu Feb 26 22:59:45 2026] GET /resource_providers?in_tree=79b83b1e-e1f9-4f68-9e5d-6c47f77eb5d8 => generated 798 bytes in 33 msecs (HTTP/1.1 200) 6 headers in 225 bytes (1 switches on core 0)
2026-02-26 22:59:45.398 8 INFO placement.requestlog [req-0caba3e2-47d9-4980-9fd4-e17706689eac req-5a951e43-5133-414d-8329-44d8949e3c43 a3756eb4faf745468356b600dcd2b670 8d7807dab3e0407e9c69e50a3c433986 - - 9e8e74a1df9642a78b0fe1a4a7afad5a 9e8e74a1df9642a78b0fe1a4a7afad5a] 162.253.55.74 "GET /resource_providers/79b83b1e-e1f9-4f68-9e5d-6c47f77eb5d8/inventories" status: 200 len: 401 microversion: 1.0 [pid: 8|app: 0|req: 647/1293] 162.253.55.74 () {32 vars in 856 bytes} [Thu Feb 26 22:59:45 2026] GET /resource_providers/79b83b1e-e1f9-4f68-9e5d-6c47f77eb5d8/inventories => generated 401 bytes in 10 msecs (HTTP/1.1 200) 6 headers in 224 bytes (1 switches on core 0)
2026-02-26 22:59:45.420 7 INFO placement.requestlog [req-0caba3e2-47d9-4980-9fd4-e17706689eac req-687c436b-6585-4fd9-827f-0c9e03f9ae42 a3756eb4faf745468356b600dcd2b670 8d7807dab3e0407e9c69e50a3c433986 - - 9e8e74a1df9642a78b0fe1a4a7afad5a 9e8e74a1df9642a78b0fe1a4a7afad5a] 162.253.55.74 "GET /resource_providers/79b83b1e-e1f9-4f68-9e5d-6c47f77eb5d8/aggregates" status: 200 len: 54 microversion: 1.19 [pid: 7|app: 0|req: 647/1294] 162.253.55.74 () {34 vars in 898 bytes} [Thu Feb 26 22:59:45 2026] GET /resource_providers/79b83b1e-e1f9-4f68-9e5d-6c47f77eb5d8/aggregates => generated 54 bytes in 17 msecs (HTTP/1.1 200) 8 headers in 295 bytes (1 switches on core 0)
2026-02-26 22:59:45.446 8 INFO placement.requestlog [req-0caba3e2-47d9-4980-9fd4-e17706689eac req-b3f7e32f-ecc9-4c94-b8d7-7686019fa2b1 a3756eb4faf745468356b600dcd2b670 8d7807dab3e0407e9c69e50a3c433986 - - 9e8e74a1df9642a78b0fe1a4a7afad5a 9e8e74a1df9642a78b0fe1a4a7afad5a] 162.253.55.74 "GET /resource_providers/79b83b1e-e1f9-4f68-9e5d-6c47f77eb5d8/traits" status: 200 len: 2317 microversion: 1.6 [pid: 8|app: 0|req: 648/1295] 162.253.55.74 () {34 vars in 889 bytes} [Thu Feb 26 22:59:45 2026] GET /resource_providers/79b83b1e-e1f9-4f68-9e5d-6c47f77eb5d8/traits => generated 2317 bytes in 22 msecs (HTTP/1.1 200) 6 headers in 225 bytes (1 switches on core 0)
2026-02-26 22:59:45.467 7 INFO placement.requestlog [req-0caba3e2-47d9-4980-9fd4-e17706689eac req-b58d370a-d065-4faa-8f72-70098bf1bf25 a3756eb4faf745468356b600dcd2b670 8d7807dab3e0407e9c69e50a3c433986 - - 9e8e74a1df9642a78b0fe1a4a7afad5a 9e8e74a1df9642a78b0fe1a4a7afad5a] 162.253.55.74 "GET /resource_providers/79b83b1e-e1f9-4f68-9e5d-6c47f77eb5d8/allocations" status: 200 len: 55 microversion: 1.0 [pid: 7|app: 0|req: 648/1296] 162.253.55.74 () {32 vars in 856 bytes} [Thu Feb 26 22:59:45 2026] GET /resource_providers/79b83b1e-e1f9-4f68-9e5d-6c47f77eb5d8/allocations => generated 55 bytes in 14 msecs (HTTP/1.1 200) 6 headers in 223 bytes (1 switches on core 0)
2026-02-26 22:59:47.930 8 INFO placement.requestlog [None req-ccceb3a3-452e-4261-a458-493477de2093 8c2d432601a9449482aac2dc013994d3 43e5ea7304d8485e96084c57acf52bfa - - default default] 10.0.0.244 "GET /resource_providers" status: 200 len: 406 microversion: 1.0 [pid: 8|app: 0|req: 649/1297] 10.0.0.244 () {28 vars in 593 bytes} [Thu Feb 26 22:59:47 2026] GET /resource_providers => generated 406 bytes in 51 msecs (HTTP/1.1 200) 6 headers in 224 bytes (1 switches on core 0)
2026-02-26 22:59:47.962 7 INFO placement.requestlog [None req-9140891b-0ad9-401d-be79-f68b37c3a281 8c2d432601a9449482aac2dc013994d3 43e5ea7304d8485e96084c57acf52bfa - - default default] 10.0.0.244 "GET /resource_providers/79b83b1e-e1f9-4f68-9e5d-6c47f77eb5d8/inventories" status: 200 len: 401 microversion: 1.0 [pid: 7|app: 0|req: 649/1298] 10.0.0.244 () {28 vars in 691 bytes} [Thu Feb 26 22:59:47 2026] GET /resource_providers/79b83b1e-e1f9-4f68-9e5d-6c47f77eb5d8/inventories => generated 401 bytes in 28 msecs (HTTP/1.1 200) 6 headers in 224 bytes (1 switches on core 0)
2026-02-26 22:59:47.992 8 INFO placement.requestlog [None req-22442a14-f502-4cc7-ba5a-b3e1188050a7 8c2d432601a9449482aac2dc013994d3 43e5ea7304d8485e96084c57acf52bfa - - default default] 10.0.0.244 "GET /resource_providers/79b83b1e-e1f9-4f68-9e5d-6c47f77eb5d8/usages" status: 200 len: 89 microversion: 1.0 [pid: 8|app: 0|req: 650/1299] 10.0.0.244 () {28 vars in 681 bytes} [Thu Feb 26 22:59:47 2026] GET /resource_providers/79b83b1e-e1f9-4f68-9e5d-6c47f77eb5d8/usages => generated 89 bytes in 23 msecs (HTTP/1.1 200) 6 headers in 223 bytes (1 switches on core 0)
2026-02-26 22:59:54.787 7 INFO placement.requestlog [None req-d519cd3d-5c64-4313-940c-0240b2b196ac - - - - - -] 10.0.0.178 "GET /" status: 200 len: 136 microversion: 1.0
2026-02-26 22:59:54.788 8 INFO placement.requestlog [None req-0c3c4cbc-e103-4f26-9ac0-5b61791ec4ef - - - - - -] 10.0.0.178 "GET /" status: 200 len: 136 microversion: 1.0
2026-02-26 23:00:04.787 7 INFO placement.requestlog [None req-e6d8e958-b7b6-4ace-9366-15207ac78bb8 - - - - - -] 10.0.0.178 "GET /" status: 200 len: 136 microversion: 1.0
2026-02-26 23:00:04.787 8 INFO placement.requestlog [None req-aaed904e-f02f-4305-9910-0c874e1892b2 - - - - - -] 10.0.0.178 "GET /" status: 200 len: 136 microversion: 1.0
2026-02-26 23:00:14.787 7 INFO placement.requestlog [None req-abf334f9-f23d-476d-aeae-639e68c4f54c - - - - - -] 10.0.0.178 "GET /" status: 200 len: 136 microversion: 1.0
2026-02-26 23:00:14.787 8 INFO placement.requestlog [None req-1901425c-2106-4da8-b605-23ad99cf61c2 - - - - - -] 10.0.0.178 "GET /" status: 200 len: 136 microversion: 1.0
2026-02-26 23:00:24.788 8 INFO placement.requestlog [None req-738061a4-2b38-421d-abde-e47b9742ad1b - - - - - -] 10.0.0.178 "GET /" status: 200 len: 136 microversion: 1.0
2026-02-26 23:00:24.788 7 INFO placement.requestlog [None req-1c7c7abf-ebc8-47e3-8a7c-c07f9e8fdcec - - - - - -] 10.0.0.178 "GET /" status: 200 len: 136 microversion: 1.0
2026-02-26 23:00:34.788 8 INFO placement.requestlog [None req-50caa5c1-777e-43dc-b21b-ad34a144b396 - - - - - -] 10.0.0.178 "GET /" status: 200 len: 136 microversion: 1.0
2026-02-26 23:00:34.788 7 INFO placement.requestlog [None req-246a90c3-5277-4408-b934-258d332afd48 - - - - - -] 10.0.0.178 "GET /" status: 200 len: 136 microversion: 1.0
2026-02-26 23:00:44.787 7 INFO placement.requestlog [None req-19a84269-47d9-4f4c-a3e4-e7967f9ea018 - - - - - -] 10.0.0.178 "GET /" status: 200 len: 136 microversion: 1.0
2026-02-26 23:00:44.787 8 INFO placement.requestlog [None req-fb067b6f-c687-4c58-a562-158153583fb4 - - - - - -] 10.0.0.178 "GET /" status: 200 len: 136 microversion: 1.0
2026-02-26 23:00:47.546 7 INFO placement.requestlog [req-57a0d041-5299-48ae-8030-33f88cdb6e31 req-f2721d6b-bb8e-4ead-aa14-975fb03cf493 a3756eb4faf745468356b600dcd2b670 8d7807dab3e0407e9c69e50a3c433986 - - 9e8e74a1df9642a78b0fe1a4a7afad5a 9e8e74a1df9642a78b0fe1a4a7afad5a] 162.253.55.74 "GET /resource_providers/79b83b1e-e1f9-4f68-9e5d-6c47f77eb5d8/allocations" status: 200 len: 55 microversion: 1.0 [pid: 7|app: 0|req: 656/1312] 162.253.55.74 () {32 vars in 856 bytes} [Thu Feb 26 23:00:47 2026] GET /resource_providers/79b83b1e-e1f9-4f68-9e5d-6c47f77eb5d8/allocations => generated 55 bytes in 18 msecs (HTTP/1.1 200) 6 headers in 223 bytes (1 switches on core 0)
2026-02-26 23:00:47.568 8 INFO placement.requestlog [req-57a0d041-5299-48ae-8030-33f88cdb6e31 req-994219f2-f27e-4753-95cf-2fbf3f1aaf18 a3756eb4faf745468356b600dcd2b670 8d7807dab3e0407e9c69e50a3c433986 - - 9e8e74a1df9642a78b0fe1a4a7afad5a 9e8e74a1df9642a78b0fe1a4a7afad5a] 162.253.55.74 "GET /resource_providers/79b83b1e-e1f9-4f68-9e5d-6c47f77eb5d8/allocations" status: 200 len: 55 microversion: 1.0 [pid: 8|app: 0|req: 657/1313] 162.253.55.74 () {32 vars in 856 bytes} [Thu Feb 26 23:00:47 2026] GET /resource_providers/79b83b1e-e1f9-4f68-9e5d-6c47f77eb5d8/allocations => generated 55 bytes in 16 msecs (HTTP/1.1 200) 6 headers in 223 bytes (1 switches on core 0)
2026-02-26 23:00:48.029 7 INFO placement.requestlog [None req-4250a34f-ea1f-4bb5-9dc5-f98e7706b25a 8c2d432601a9449482aac2dc013994d3 43e5ea7304d8485e96084c57acf52bfa - - default default] 10.0.0.244 "GET /resource_providers" status: 200 len: 406 microversion: 1.0 [pid: 7|app: 0|req: 657/1314] 10.0.0.244 () {28 vars in 593 bytes} [Thu Feb 26 23:00:47 2026] GET /resource_providers => generated 406 bytes in 96 msecs (HTTP/1.1 200) 6 headers in 224 bytes (1 switches on core 0)
2026-02-26 23:00:48.048 8 INFO placement.requestlog [None req-4da7c3c6-76e7-43ae-a464-f1dbc15860ad 8c2d432601a9449482aac2dc013994d3 43e5ea7304d8485e96084c57acf52bfa - - default default] 10.0.0.244 "GET /resource_providers/79b83b1e-e1f9-4f68-9e5d-6c47f77eb5d8/inventories" status: 200 len: 401 microversion: 1.0 [pid: 8|app: 0|req: 658/1315] 10.0.0.244 () {28 vars in 691 bytes} [Thu Feb 26 23:00:48 2026] GET /resource_providers/79b83b1e-e1f9-4f68-9e5d-6c47f77eb5d8/inventories => generated 401 bytes in 16 msecs (HTTP/1.1 200) 6 headers in 224 bytes (1 switches on core 0)
2026-02-26 23:00:48.068 7 INFO placement.requestlog [None req-9e80d3d7-6701-4690-a211-bd367ad630c5 8c2d432601a9449482aac2dc013994d3 43e5ea7304d8485e96084c57acf52bfa - - default default] 10.0.0.244 "GET /resource_providers/79b83b1e-e1f9-4f68-9e5d-6c47f77eb5d8/usages" status: 200 len: 89 microversion: 1.0 [pid: 7|app: 0|req: 658/1316] 10.0.0.244 () {28 vars in 681 bytes} [Thu Feb 26 23:00:48 2026] GET /resource_providers/79b83b1e-e1f9-4f68-9e5d-6c47f77eb5d8/usages => generated 89 bytes in 15 msecs (HTTP/1.1 200) 6 headers in 223 bytes (1 switches on core 0)
2026-02-26 23:00:54.787 7 INFO placement.requestlog [None req-0fcb8951-c89a-44c4-a18e-be03df3fe562 - - - - - -] 10.0.0.178 "GET /" status: 200 len: 136 microversion: 1.0
2026-02-26 23:00:54.787 8 INFO placement.requestlog [None req-b75de0a0-1b03-4a36-b73d-718dc95569b1 - - - - - -] 10.0.0.178 "GET /" status: 200 len: 136 microversion: 1.0
2026-02-26 23:01:04.787 7 INFO placement.requestlog [None req-2eb4529b-b4b3-43c7-b797-74bd8facee1e - - - - - -] 10.0.0.178 "GET /" status: 200 len: 136 microversion: 1.0
2026-02-26 23:01:04.788 8 INFO placement.requestlog [None req-1193dc26-64a4-464e-85f1-5cabe5123f82 - - - - - -] 10.0.0.178 "GET /" status: 200 len: 136 microversion: 1.0
2026-02-26 23:01:14.787 7 INFO placement.requestlog [None req-67cb2ee9-c349-4e0b-ad25-63304946ec9a - - - - - -] 10.0.0.178 "GET /" status: 200 len: 136 microversion: 1.0
2026-02-26 23:01:14.787 8 INFO placement.requestlog [None req-f75fa396-af02-448c-8d7d-33001d5292d5 - - - - - -] 10.0.0.178 "GET /" status: 200 len: 136 microversion: 1.0
2026-02-26 23:01:24.787 8 INFO placement.requestlog [None req-b93d7418-ebb5-4a69-89ee-ecaf274c1298 - - - - - -] 10.0.0.178 "GET /" status: 200 len: 136 microversion: 1.0
2026-02-26 23:01:24.788 7 INFO placement.requestlog [None req-edc5de30-6ed9-4c43-994a-0755b75008e8 - - - - - -] 10.0.0.178 "GET /" status: 200 len: 136 microversion: 1.0
2026-02-26 23:01:34.787 7 INFO placement.requestlog [None req-2a30a768-cef5-43b5-b63d-aa32bd52c484 - - - - - -] 10.0.0.178 "GET /" status: 200 len: 136 microversion: 1.0
2026-02-26 23:01:34.787 8 INFO placement.requestlog [None req-0ebe6702-4bcd-4b61-a14d-1ba38bcc5c13 - - - - - -] 10.0.0.178 "GET /" status: 200 len: 136 microversion: 1.0
2026-02-26 23:01:44.787 7 INFO placement.requestlog [None req-7fb40b0a-d023-4688-bb60-864cc25173fd - - - - - -] 10.0.0.178 "GET /" status: 200 len: 136 microversion: 1.0
2026-02-26 23:01:44.787 8 INFO placement.requestlog [None req-4628805a-2320-44e2-9bb9-63a1d4e93112 - - - - - -] 10.0.0.178 "GET /" status: 200 len: 136 microversion: 1.0
2026-02-26 23:01:47.504 7 INFO placement.requestlog [req-2caaadf9-53a3-4ccf-b7a5-bad89604646e req-f1dcc393-fa75-4989-b381-e2b29089333e a3756eb4faf745468356b600dcd2b670 8d7807dab3e0407e9c69e50a3c433986 - - 9e8e74a1df9642a78b0fe1a4a7afad5a 9e8e74a1df9642a78b0fe1a4a7afad5a] 162.253.55.74 "GET /resource_providers/79b83b1e-e1f9-4f68-9e5d-6c47f77eb5d8/allocations" status: 200 len: 55 microversion: 1.0 [pid: 7|app: 0|req: 665/1329] 162.253.55.74 () {32 vars in 856 bytes} [Thu Feb 26 23:01:47 2026] GET /resource_providers/79b83b1e-e1f9-4f68-9e5d-6c47f77eb5d8/allocations => generated 55 bytes in 10 msecs (HTTP/1.1 200) 6 headers in 223 bytes (1 switches on core 0)
2026-02-26 23:01:47.524 8 INFO placement.requestlog [req-2caaadf9-53a3-4ccf-b7a5-bad89604646e req-0220d8bc-1bc0-4aae-a126-8ef737e3f5e0 a3756eb4faf745468356b600dcd2b670 8d7807dab3e0407e9c69e50a3c433986 - - 9e8e74a1df9642a78b0fe1a4a7afad5a 9e8e74a1df9642a78b0fe1a4a7afad5a] 162.253.55.74 "GET /resource_providers/79b83b1e-e1f9-4f68-9e5d-6c47f77eb5d8/allocations" status: 200 len: 55 microversion: 1.0 [pid: 8|app: 0|req: 665/1330] 162.253.55.74 () {32 vars in 856 bytes} [Thu Feb 26 23:01:47 2026] GET /resource_providers/79b83b1e-e1f9-4f68-9e5d-6c47f77eb5d8/allocations => generated 55 bytes in 14 msecs (HTTP/1.1 200) 6 headers in 223 bytes (1 switches on core 0)
2026-02-26 23:01:48.078 7 INFO placement.requestlog [None req-7df32ec6-0bc6-4e11-9adb-06a7fd527e2c 8c2d432601a9449482aac2dc013994d3 43e5ea7304d8485e96084c57acf52bfa - - default default] 10.0.0.244 "GET /resource_providers" status: 200 len: 406 microversion: 1.0 [pid: 7|app: 0|req: 666/1331] 10.0.0.244 () {28 vars in 593 bytes} [Thu Feb 26 23:01:47 2026] GET /resource_providers => generated 406 bytes in 93 msecs (HTTP/1.1 200) 6 headers in 224 bytes (1 switches on core 0)
2026-02-26 23:01:48.124 8 INFO placement.requestlog [None req-9d39d840-ab61-4e8a-a885-427028e7f4fb 8c2d432601a9449482aac2dc013994d3 43e5ea7304d8485e96084c57acf52bfa - - default default] 10.0.0.244 "GET /resource_providers/79b83b1e-e1f9-4f68-9e5d-6c47f77eb5d8/inventories" status: 200 len: 401 microversion: 1.0 [pid: 8|app: 0|req: 666/1332] 10.0.0.244 () {28 vars in 691 bytes} [Thu Feb 26 23:01:48 2026] GET /resource_providers/79b83b1e-e1f9-4f68-9e5d-6c47f77eb5d8/inventories => generated 401 bytes in 40 msecs (HTTP/1.1 200) 6 headers in 224 bytes (1 switches on core 0)
