2026-05-08 00:44:33.942 7 WARNING neutron.scheduler.dhcp_agent_scheduler [None req-451ada2c-ddf1-4402-8bb7-59219ddd0d5d 6fa3798633914aed95887ca76a0ec11c d00c56dd66ee4c268e0efc2008c1a6dd - - default default] No more DHCP agents
2026-05-08 00:44:33.943 7 WARNING neutron.api.rpc.agentnotifiers.dhcp_rpc_agent_api [None req-451ada2c-ddf1-4402-8bb7-59219ddd0d5d 6fa3798633914aed95887ca76a0ec11c d00c56dd66ee4c268e0efc2008c1a6dd - - default default] Unable to schedule network 31e15bca-19e1-4fa7-9483-ce12d7a937d5: no agents available; will retry on subsequent port and subnet creation events.
2026-05-08 00:44:33.975 8 WARNING neutron.db.securitygroups_db [None req-0a5370a5-8642-4393-8504-08ebba514195 d8ab7df49cf1473b8046fc0310bcaba7 c31e879400c145eaba4726ad03fd3489 - - default default] project_id key not found in filters, using tenant_id instead. This support has been deprecated and will be removed in a future release.
2026-05-08 00:44:34.116 7 INFO neutron.db.ovn_revision_numbers_db [None req-451ada2c-ddf1-4402-8bb7-59219ddd0d5d 6fa3798633914aed95887ca76a0ec11c d00c56dd66ee4c268e0efc2008c1a6dd - - default default] Successfully bumped revision number for resource 9e1781ef-8f16-4b4d-b3e6-db558aa56e6e (type: ports) to 1
2026-05-08 00:44:34.129 8 INFO neutron.db.ovn_revision_numbers_db [None req-0a5370a5-8642-4393-8504-08ebba514195 d8ab7df49cf1473b8046fc0310bcaba7 c31e879400c145eaba4726ad03fd3489 - - default default] Successfully bumped revision number for resource 18a8bee4-eb35-4ba4-a904-2ca09b693c8c (type: security_groups) to 1
2026-05-08 00:44:34.139 8 INFO neutron.notifiers.nova [-] Nova event matching ['req-2b91d76a-66cd-4033-95e0-61a9b96f23ba'] response: {'server_uuid': 'c0be1177-3005-4c56-8786-d4eb4f36885a', 'name': 'network-vif-unplugged', 'status': 'completed', 'tag': '2982b19f-6017-4224-97b8-16584943bc54', 'code': 200}
2026-05-08 00:44:34.143 8 INFO neutron.db.ovn_revision_numbers_db [None req-0a5370a5-8642-4393-8504-08ebba514195 d8ab7df49cf1473b8046fc0310bcaba7 c31e879400c145eaba4726ad03fd3489 - - default default] Successfully bumped revision number for resource 0cb5fa09-a7ab-491a-88ac-f100100a161c (type: security_group_rules) to 0
2026-05-08 00:44:34.156 8 INFO neutron.db.ovn_revision_numbers_db [None req-0a5370a5-8642-4393-8504-08ebba514195 d8ab7df49cf1473b8046fc0310bcaba7 c31e879400c145eaba4726ad03fd3489 - - default default] Successfully bumped revision number for resource 1853fc69-d32e-48a3-83dd-f465632fdc46 (type: security_group_rules) to 0
2026-05-08 00:44:34.169 8 INFO neutron.db.ovn_revision_numbers_db [None req-0a5370a5-8642-4393-8504-08ebba514195 d8ab7df49cf1473b8046fc0310bcaba7 c31e879400c145eaba4726ad03fd3489 - - default default] Successfully bumped revision number for resource 443e5174-744e-4946-b776-8d52f5ddb888 (type: security_group_rules) to 0
2026-05-08 00:44:34.183 8 INFO neutron.db.ovn_revision_numbers_db [None req-0a5370a5-8642-4393-8504-08ebba514195 d8ab7df49cf1473b8046fc0310bcaba7 c31e879400c145eaba4726ad03fd3489 - - default default] Successfully bumped revision number for resource 9e1304cf-1f29-4ad9-b00f-493e26efd2f4 (type: security_group_rules) to 0 [pid: 8|app: 0|req: 1154/2373] 10.0.0.36 () {32 vars in 773 bytes} [Fri May 8 00:44:33 2026] GET /v2.0/security-groups?tenant_id=0a8c05aae8284e7092ed409617e71832&name=default => generated 2925 bytes in 254 msecs (HTTP/1.1 200) 4 headers in 158 bytes (1 switches on core 0) [pid: 8|app: 0|req: 1155/2374] 10.0.0.36 () {32 vars in 739 bytes} [Fri May 8 00:44:34 2026] DELETE /v2.0/security-groups/18a8bee4-eb35-4ba4-a904-2ca09b693c8c => generated 0 bytes in 181 msecs (HTTP/1.1 204) 2 headers in 112 bytes (1 switches on core 0)
2026-05-08 00:44:34.563 8 WARNING neutron.db.securitygroups_db [None req-86141e86-0413-47fd-93fd-37bb48f0af06 d8ab7df49cf1473b8046fc0310bcaba7 c31e879400c145eaba4726ad03fd3489 - - default default] project_id key not found in filters, using tenant_id instead. This support has been deprecated and will be removed in a future release.
2026-05-08 00:44:34.685 8 INFO neutron.db.ovn_revision_numbers_db [None req-86141e86-0413-47fd-93fd-37bb48f0af06 d8ab7df49cf1473b8046fc0310bcaba7 c31e879400c145eaba4726ad03fd3489 - - default default] Successfully bumped revision number for resource 29993182-efd0-486b-8090-491d910c219a (type: security_groups) to 1
2026-05-08 00:44:34.694 8 INFO neutron.db.ovn_revision_numbers_db [None req-86141e86-0413-47fd-93fd-37bb48f0af06 d8ab7df49cf1473b8046fc0310bcaba7 c31e879400c145eaba4726ad03fd3489 - - default default] Successfully bumped revision number for resource 44cb1d1d-8b46-4c74-983e-0720b41cdf12 (type: security_group_rules) to 0
2026-05-08 00:44:34.705 8 INFO neutron.db.ovn_revision_numbers_db [None req-86141e86-0413-47fd-93fd-37bb48f0af06 d8ab7df49cf1473b8046fc0310bcaba7 c31e879400c145eaba4726ad03fd3489 - - default default] Successfully bumped revision number for resource ad55afcc-670c-4c2b-a35a-06c3f1e7f36f (type: security_group_rules) to 0
2026-05-08 00:44:34.718 8 INFO neutron.db.ovn_revision_numbers_db [None req-86141e86-0413-47fd-93fd-37bb48f0af06 d8ab7df49cf1473b8046fc0310bcaba7 c31e879400c145eaba4726ad03fd3489 - - default default] Successfully bumped revision number for resource b93b5ca7-b22e-4354-8e26-a7c7bb3aca5d (type: security_group_rules) to 0
2026-05-08 00:44:34.728 8 INFO neutron.db.ovn_revision_numbers_db [None req-86141e86-0413-47fd-93fd-37bb48f0af06 d8ab7df49cf1473b8046fc0310bcaba7 c31e879400c145eaba4726ad03fd3489 - - default default] Successfully bumped revision number for resource e03b261a-1234-4641-b868-a7a2979eebb3 (type: security_group_rules) to 0 [pid: 8|app: 0|req: 1156/2375] 10.0.0.36 () {32 vars in 773 bytes} [Fri May 8 00:44:34 2026] GET /v2.0/security-groups?tenant_id=eb561ce58c3a49bf8f5a21538ef763de&name=default => generated 2925 bytes in 212 msecs (HTTP/1.1 200) 4 headers in 158 bytes (1 switches on core 0)
2026-05-08 00:44:34.937 7 WARNING neutron.scheduler.dhcp_agent_scheduler [None req-451ada2c-ddf1-4402-8bb7-59219ddd0d5d 6fa3798633914aed95887ca76a0ec11c d00c56dd66ee4c268e0efc2008c1a6dd - - default default] No more DHCP agents
2026-05-08 00:44:34.938 7 WARNING neutron.api.rpc.agentnotifiers.dhcp_rpc_agent_api [None req-451ada2c-ddf1-4402-8bb7-59219ddd0d5d 6fa3798633914aed95887ca76a0ec11c d00c56dd66ee4c268e0efc2008c1a6dd - - default default] Unable to schedule network 31e15bca-19e1-4fa7-9483-ce12d7a937d5: no agents available; will retry on subsequent port and subnet creation events. [pid: 8|app: 0|req: 1157/2376] 10.0.0.36 () {32 vars in 739 bytes} [Fri May 8 00:44:34 2026] DELETE /v2.0/security-groups/29993182-efd0-486b-8090-491d910c219a => generated 0 bytes in 242 msecs (HTTP/1.1 204) 2 headers in 112 bytes (1 switches on core 0) [pid: 8|app: 0|req: 1158/2377] 10.0.0.188 () {34 vars in 990 bytes} [Fri May 8 00:44:35 2026] GET /v2.0/ports?device_id=c0be1177-3005-4c56-8786-d4eb4f36885a => generated 12 bytes in 20 msecs (HTTP/1.1 200) 4 headers in 156 bytes (1 switches on core 0) [pid: 8|app: 0|req: 1159/2378] 10.0.0.36 () {32 vars in 739 bytes} [Fri May 8 00:44:35 2026] DELETE /v2.0/security-groups/efa1f857-76a7-4646-81de-c98fd5acef36 => generated 0 bytes in 138 msecs (HTTP/1.1 204) 2 headers in 112 bytes (1 switches on core 0)
2026-05-08 00:44:35.215 8 INFO neutron.api.v2.resource [None req-55d25ec7-2368-49e5-9118-b88b3d28e9d1 8df068bf6cfd47f583668e0aa2b81850 986ebc2cd10149d6b75c29ffaca9369c - - default default] show failed (client error): The resource could not be found. [pid: 8|app: 0|req: 1160/2379] 10.0.0.36 () {32 vars in 736 bytes} [Fri May 8 00:44:35 2026] GET /v2.0/security-groups/efa1f857-76a7-4646-81de-c98fd5acef36 => generated 146 bytes in 10 msecs (HTTP/1.1 404) 4 headers in 164 bytes (1 switches on core 0)
2026-05-08 00:44:35.388 8 INFO neutron_taas.services.taas.taas_plugin [None req-9e81d83e-7fbe-44d0-be87-29c2a35ce8f9 8df068bf6cfd47f583668e0aa2b81850 986ebc2cd10149d6b75c29ffaca9369c - - default default] TaaS: Handle Delete Port: d9ea6b4d-f4ad-4c69-8faf-7862fe85f7a3
2026-05-08 00:44:35.391 8 INFO neutron_taas.services.taas.tap_mirror_plugin [None req-9e81d83e-7fbe-44d0-be87-29c2a35ce8f9 8df068bf6cfd47f583668e0aa2b81850 986ebc2cd10149d6b75c29ffaca9369c - - default default] Tap Mirror: Handle Delete Port: d9ea6b4d-f4ad-4c69-8faf-7862fe85f7a3
2026-05-08 00:44:35.407 7 INFO neutron.db.ovn_revision_numbers_db [None req-451ada2c-ddf1-4402-8bb7-59219ddd0d5d 6fa3798633914aed95887ca76a0ec11c d00c56dd66ee4c268e0efc2008c1a6dd - - default default] Successfully bumped revision number for resource 9e1781ef-8f16-4b4d-b3e6-db558aa56e6e (type: router_ports) to 1 [pid: 7|app: 0|req: 1220/2380] 10.0.0.36 () {34 vars in 782 bytes} [Fri May 8 00:44:33 2026] PUT /v2.0/routers/a8d65f2f-c3f4-4a19-aab2-4867c9a758b1/add_router_interface => generated 310 bytes in 2129 msecs (HTTP/1.1 200) 4 headers in 157 bytes (1 switches on core 0) [pid: 8|app: 0|req: 1161/2383] 10.0.0.36 () {32 vars in 731 bytes} [Fri May 8 00:44:35 2026] DELETE /v2.0/floatingips/b61b7cbb-1830-48ba-932a-c39baa3215c7 => generated 0 bytes in 326 msecs (HTTP/1.1 204) 2 headers in 112 bytes (1 switches on core 0)
2026-05-08 00:44:35.605 7 INFO neutron.db.ovn_revision_numbers_db [None req-e8cff2fd-0eb2-49e2-a022-3d7b62a5fbee 6fa3798633914aed95887ca76a0ec11c d00c56dd66ee4c268e0efc2008c1a6dd - - default default] Successfully bumped revision number for resource 3ae257d3-9d27-428d-87cc-3b0cd3fe973f (type: security_groups) to 1
2026-05-08 00:44:35.622 7 INFO neutron.db.ovn_revision_numbers_db [None req-e8cff2fd-0eb2-49e2-a022-3d7b62a5fbee 6fa3798633914aed95887ca76a0ec11c d00c56dd66ee4c268e0efc2008c1a6dd - - default default] Successfully bumped revision number for resource 5a5a6c2a-464d-4886-806a-02d62893aecc (type: security_group_rules) to 0
2026-05-08 00:44:35.639 7 INFO neutron.db.ovn_revision_numbers_db [None req-e8cff2fd-0eb2-49e2-a022-3d7b62a5fbee 6fa3798633914aed95887ca76a0ec11c d00c56dd66ee4c268e0efc2008c1a6dd - - default default] Successfully bumped revision number for resource 70b57c3a-ad47-4ac1-8085-9e983353ee75 (type: security_group_rules) to 0 [pid: 7|app: 0|req: 1223/2384] 10.0.0.36 () {34 vars in 683 bytes} [Fri May 8 00:44:35 2026] POST /v2.0/security-groups => generated 1627 bytes in 212 msecs (HTTP/1.1 201) 4 headers in 163 bytes (1 switches on core 0) [pid: 8|app: 0|req: 1162/2385] 10.0.0.36 () {32 vars in 739 bytes} [Fri May 8 00:44:35 2026] DELETE /v2.0/security-groups/a81b6759-bf40-4ab8-b0b9-018b928040c9 => generated 0 bytes in 222 msecs (HTTP/1.1 204) 2 headers in 112 bytes (1 switches on core 0)
2026-05-08 00:44:35.829 7 INFO neutron.db.ovn_revision_numbers_db [None req-325244be-5791-4191-8bc7-b3a50ed4ad77 6fa3798633914aed95887ca76a0ec11c d00c56dd66ee4c268e0efc2008c1a6dd - - default default] Successfully bumped revision number for resource 0422cac2-092c-45ae-a719-6660d98e7450 (type: security_group_rules) to 0 [pid: 7|app: 0|req: 1224/2386] 10.0.0.36 () {34 vars in 694 bytes} [Fri May 8 00:44:35 2026] POST /v2.0/security-group-rules => generated 597 bytes in 187 msecs (HTTP/1.1 201) 4 headers in 162 bytes (1 switches on core 0)
2026-05-08 00:44:35.997 7 WARNING neutron.plugins.ml2.drivers.ovn.mech_driver.ovsdb.ovn_client [None req-dd38ea05-02f5-4ab2-a113-de2de39ec988 - - - - - -] No hosting information found for port b6c26020-9115-4a6c-a1cc-46d601b98d69: RuntimeError: No hosting information found for port b6c26020-9115-4a6c-a1cc-46d601b98d69
2026-05-08 00:44:36.064 7 INFO neutron.db.ovn_revision_numbers_db [None req-d610b004-871e-4fa4-95eb-8eff994a5d44 6fa3798633914aed95887ca76a0ec11c d00c56dd66ee4c268e0efc2008c1a6dd - - default default] Successfully bumped revision number for resource 21abf132-b6f4-424c-9b6c-59009e1d184a (type: security_group_rules) to 0
2026-05-08 00:44:36.118 7 INFO neutron.db.ovn_revision_numbers_db [None req-dd38ea05-02f5-4ab2-a113-de2de39ec988 - - - - - -] Successfully bumped revision number for resource b6c26020-9115-4a6c-a1cc-46d601b98d69 (type: router_ports) to 2 [pid: 7|app: 0|req: 1225/2387] 10.0.0.36 () {34 vars in 694 bytes} [Fri May 8 00:44:35 2026] POST /v2.0/security-group-rules => generated 597 bytes in 278 msecs (HTTP/1.1 201) 4 headers in 162 bytes (1 switches on core 0)
2026-05-08 00:44:36.181 8 INFO neutron_taas.services.taas.taas_plugin [None req-fd13beaa-03eb-4829-a76f-46a4e44c8ad9 d8ab7df49cf1473b8046fc0310bcaba7 c31e879400c145eaba4726ad03fd3489 - - default default] TaaS: Handle Delete Port: 79d962a6-91f7-4389-bab8-ffe3dbad92c3
2026-05-08 00:44:36.184 8 INFO neutron_taas.services.taas.tap_mirror_plugin [None req-fd13beaa-03eb-4829-a76f-46a4e44c8ad9 d8ab7df49cf1473b8046fc0310bcaba7 c31e879400c145eaba4726ad03fd3489 - - default default] Tap Mirror: Handle Delete Port: 79d962a6-91f7-4389-bab8-ffe3dbad92c3
2026-05-08 00:44:36.188 7 INFO neutron.plugins.ml2.drivers.ovn.mech_driver.mech_driver [None req-dd38ea05-02f5-4ab2-a113-de2de39ec988 - - - - - -] OVN reports status down for port: bde28be4-34a1-41ff-a00c-7e5ef3fe9bfa
2026-05-08 00:44:36.287 7 WARNING neutron.plugins.ml2.drivers.ovn.mech_driver.ovsdb.ovn_client [None req-dd38ea05-02f5-4ab2-a113-de2de39ec988 - - - - - -] Logical_Switch_Port bde28be4-34a1-41ff-a00c-7e5ef3fe9bfa host information not removed, the port state is up
2026-05-08 00:44:36.287 7 INFO neutron.plugins.ml2.drivers.ovn.mech_driver.mech_driver [None req-dd38ea05-02f5-4ab2-a113-de2de39ec988 - - - - - -] OVN reports status up for port: bde28be4-34a1-41ff-a00c-7e5ef3fe9bfa
2026-05-08 00:44:36.311 7 INFO neutron.plugins.ml2.plugin [None req-dd38ea05-02f5-4ab2-a113-de2de39ec988 - - - - - -] Attempt 1 to provision port bde28be4-34a1-41ff-a00c-7e5ef3fe9bfa
2026-05-08 00:44:36.428 7 INFO neutron.db.ovn_revision_numbers_db [None req-96a46329-612e-4420-8358-735ac112bc5e 6fa3798633914aed95887ca76a0ec11c d00c56dd66ee4c268e0efc2008c1a6dd - - default default] Successfully bumped revision number for resource 0aa73678-c5ef-4ab2-9462-4cdc75095aaa (type: security_group_rules) to 0 [pid: 7|app: 0|req: 1226/2388] 10.0.0.36 () {34 vars in 694 bytes} [Fri May 8 00:44:36 2026] POST /v2.0/security-group-rules => generated 599 bytes in 326 msecs (HTTP/1.1 201) 4 headers in 162 bytes (1 switches on core 0) [pid: 7|app: 0|req: 1227/2389] 10.0.0.188 () {34 vars in 990 bytes} [Fri May 8 00:44:36 2026] GET /v2.0/ports?device_id=c0be1177-3005-4c56-8786-d4eb4f36885a => generated 12 bytes in 39 msecs (HTTP/1.1 200) 4 headers in 156 bytes (1 switches on core 0)
2026-05-08 00:44:36.749 7 INFO neutron.db.ovn_revision_numbers_db [None req-f4560381-54f6-4110-ab70-a0fd36b95474 6fa3798633914aed95887ca76a0ec11c d00c56dd66ee4c268e0efc2008c1a6dd - - default default] Successfully bumped revision number for resource 6c60a4db-1977-4137-9a15-aedf00e4cda6 (type: security_group_rules) to 0 [pid: 7|app: 0|req: 1228/2390] 10.0.0.36 () {34 vars in 694 bytes} [Fri May 8 00:44:36 2026] POST /v2.0/security-group-rules => generated 601 bytes in 289 msecs (HTTP/1.1 201) 4 headers in 162 bytes (1 switches on core 0) [pid: 8|app: 0|req: 1163/2391] 10.0.0.36 () {34 vars in 788 bytes} [Fri May 8 00:44:35 2026] PUT /v2.0/routers/7fb7e0a4-0854-4e36-b3c9-494c59df3bb8/remove_router_interface => generated 310 bytes in 1025 msecs (HTTP/1.1 200) 4 headers in 157 bytes (1 switches on core 0) /var/lib/openstack/lib/python3.12/site-packages/pycadf/identifier.py:70: UserWarning: Invalid uuid: neutron. To ensure interoperability, identifiers should be a valid uuid. warnings.warn(('Invalid uuid: %s. To ensure interoperability, '
2026-05-08 00:44:37.115 7 INFO neutron.db.ovn_revision_numbers_db [None req-d6e78ef3-8400-46e7-86aa-76bfec966805 6fa3798633914aed95887ca76a0ec11c d00c56dd66ee4c268e0efc2008c1a6dd - - default default] Successfully bumped revision number for resource abc6b987-f61b-47a2-9503-33066e8ec3ce (type: security_group_rules) to 0
2026-05-08 00:44:37.121 7 INFO neutron.db.ovn_revision_numbers_db [None req-dd38ea05-02f5-4ab2-a113-de2de39ec988 - - - - - -] Successfully bumped revision number for resource bde28be4-34a1-41ff-a00c-7e5ef3fe9bfa (type: ports) to 2 [pid: 7|app: 0|req: 1229/2392] 10.0.0.36 () {34 vars in 694 bytes} [Fri May 8 00:44:36 2026] POST /v2.0/security-group-rules => generated 601 bytes in 343 msecs (HTTP/1.1 201) 4 headers in 162 bytes (1 switches on core 0)
2026-05-08 00:44:37.194 8 INFO neutron_taas.services.taas.taas_plugin [None req-b1479904-e989-48be-8da7-9a9968510188 d8ab7df49cf1473b8046fc0310bcaba7 c31e879400c145eaba4726ad03fd3489 - - default default] TaaS: Handle Delete Port: 6e3d62b0-3d74-4380-909b-08ad128f8c78
2026-05-08 00:44:37.198 8 INFO neutron_taas.services.taas.tap_mirror_plugin [None req-b1479904-e989-48be-8da7-9a9968510188 d8ab7df49cf1473b8046fc0310bcaba7 c31e879400c145eaba4726ad03fd3489 - - default default] Tap Mirror: Handle Delete Port: 6e3d62b0-3d74-4380-909b-08ad128f8c78
2026-05-08 00:44:37.400 7 INFO neutron.db.ovn_revision_numbers_db [None req-ce7f3c61-4e50-4f1e-a6af-2d4788435cb4 6fa3798633914aed95887ca76a0ec11c d00c56dd66ee4c268e0efc2008c1a6dd - - default default] Successfully bumped revision number for resource 5ca285ea-1b86-46b1-8ab9-03511a496fb6 (type: security_group_rules) to 0 [pid: 7|app: 0|req: 1230/2393] 10.0.0.36 () {34 vars in 694 bytes} [Fri May 8 00:44:37 2026] POST /v2.0/security-group-rules => generated 597 bytes in 290 msecs (HTTP/1.1 201) 4 headers in 162 bytes (1 switches on core 0)
2026-05-08 00:44:37.623 7 INFO neutron.db.ovn_revision_numbers_db [None req-a58e78bb-b3df-4e3c-bc17-9baaca29fd5b 6fa3798633914aed95887ca76a0ec11c d00c56dd66ee4c268e0efc2008c1a6dd - - default default] Successfully bumped revision number for resource aa1e3693-ee6e-4780-9e02-c786c3f6be2a (type: security_group_rules) to 0 [pid: 7|app: 0|req: 1231/2394] 10.0.0.36 () {34 vars in 694 bytes} [Fri May 8 00:44:37 2026] POST /v2.0/security-group-rules => generated 597 bytes in 191 msecs (HTTP/1.1 201) 4 headers in 162 bytes (1 switches on core 0) [pid: 8|app: 0|req: 1164/2395] 10.0.0.36 () {32 vars in 723 bytes} [Fri May 8 00:44:36 2026] DELETE /v2.0/routers/7fb7e0a4-0854-4e36-b3c9-494c59df3bb8 => generated 0 bytes in 820 msecs (HTTP/1.1 204) 2 headers in 112 bytes (1 switches on core 0)
2026-05-08 00:44:37.809 7 INFO neutron.db.ovn_revision_numbers_db [None req-ece0e591-0dd7-41b3-acbf-f5de60be9fe7 6fa3798633914aed95887ca76a0ec11c d00c56dd66ee4c268e0efc2008c1a6dd - - default default] Successfully bumped revision number for resource 0ff248b4-1654-44d1-9459-0194c19181de (type: security_group_rules) to 0 [pid: 7|app: 0|req: 1232/2396] 10.0.0.36 () {34 vars in 694 bytes} [Fri May 8 00:44:37 2026] POST /v2.0/security-group-rules => generated 597 bytes in 193 msecs (HTTP/1.1 201) 4 headers in 162 bytes (1 switches on core 0) [pid: 8|app: 0|req: 1165/2397] 10.0.0.36 () {32 vars in 723 bytes} [Fri May 8 00:44:37 2026] DELETE /v2.0/subnets/74d85124-904f-467f-a140-7996c1f6736a => generated 0 bytes in 195 msecs (HTTP/1.1 204) 3 headers in 131 bytes (1 switches on core 0)
2026-05-08 00:44:38.012 7 INFO neutron.db.ovn_revision_numbers_db [None req-5806bf7b-f60e-4aa9-ada9-7ec83db7f575 6fa3798633914aed95887ca76a0ec11c d00c56dd66ee4c268e0efc2008c1a6dd - - default default] Successfully bumped revision number for resource 26665d05-784f-483c-88b1-60febccc160e (type: security_group_rules) to 0
2026-05-08 00:44:38.017 8 INFO neutron_taas.services.taas.taas_plugin [None req-134e4b1a-62f8-4df7-852c-a6133ebdcbd9 d8ab7df49cf1473b8046fc0310bcaba7 c31e879400c145eaba4726ad03fd3489 - - default default] TaaS: Handle Delete Port: c58d213a-efed-4174-923f-876c15e75c49
2026-05-08 00:44:38.021 8 INFO neutron_taas.services.taas.tap_mirror_plugin [None req-134e4b1a-62f8-4df7-852c-a6133ebdcbd9 d8ab7df49cf1473b8046fc0310bcaba7 c31e879400c145eaba4726ad03fd3489 - - default default] Tap Mirror: Handle Delete Port: c58d213a-efed-4174-923f-876c15e75c49 [pid: 7|app: 0|req: 1233/2398] 10.0.0.36 () {34 vars in 694 bytes} [Fri May 8 00:44:37 2026] POST /v2.0/security-group-rules => generated 599 bytes in 173 msecs (HTTP/1.1 201) 4 headers in 162 bytes (1 switches on core 0)
2026-05-08 00:44:38.184 7 INFO neutron.db.ovn_revision_numbers_db [None req-c5cfa121-e325-4b0a-93d8-1d21efd7d08a 6fa3798633914aed95887ca76a0ec11c d00c56dd66ee4c268e0efc2008c1a6dd - - default default] Successfully bumped revision number for resource 752da99b-7ba2-42f4-8576-4707bce21a3b (type: security_group_rules) to 0 [pid: 7|app: 0|req: 1234/2399] 10.0.0.36 () {34 vars in 694 bytes} [Fri May 8 00:44:38 2026] POST /v2.0/security-group-rules => generated 601 bytes in 182 msecs (HTTP/1.1 201) 4 headers in 162 bytes (1 switches on core 0)
2026-05-08 00:44:38.255 8 INFO neutron.services.segments.plugin [-] Segment b83fa1f8-6b0b-4c81-b4cc-68f7ab86f414 resource provider aggregate not found
2026-05-08 00:44:38.256 8 INFO neutron.services.segments.plugin [-] Segment b83fa1f8-6b0b-4c81-b4cc-68f7ab86f414 resource provider aggregate not found
2026-05-08 00:44:38.276 8 INFO neutron.services.segments.plugin [-] Segment b83fa1f8-6b0b-4c81-b4cc-68f7ab86f414 resource provider not found; error: Placement Client Error (4xx): {"errors": [{"status": 404, "title": "Not Found", "detail": "The resource could not be found.\n\n No resource provider with uuid b83fa1f8-6b0b-4c81-b4cc-68f7ab86f414 found for delete ", "request_id": "req-5e5c0edf-c902-4bae-9675-d2c8857ee0e4"}]}
2026-05-08 00:44:38.292 8 INFO neutron.services.segments.plugin [-] Segment b83fa1f8-6b0b-4c81-b4cc-68f7ab86f414 resource provider not found; error: Placement Client Error (4xx): {"errors": [{"status": 404, "title": "Not Found", "detail": "The resource could not be found.\n\n No resource provider with uuid b83fa1f8-6b0b-4c81-b4cc-68f7ab86f414 found for delete ", "request_id": "req-34be7fc4-ba78-4a39-85b1-520525841595"}]} [pid: 8|app: 0|req: 1166/2400] 10.0.0.36 () {32 vars in 725 bytes} [Fri May 8 00:44:37 2026] DELETE /v2.0/networks/6e5cb7a6-c832-4038-b02c-1bb44ef22bed => generated 0 bytes in 461 msecs (HTTP/1.1 204) 3 headers in 131 bytes (1 switches on core 0)
2026-05-08 00:44:38.467 7 INFO neutron.db.ovn_revision_numbers_db [None req-2f561437-24ab-4612-b944-9d1133e12c8a 6fa3798633914aed95887ca76a0ec11c d00c56dd66ee4c268e0efc2008c1a6dd - - default default] Successfully bumped revision number for resource f10b8b44-156c-407d-a258-514c09b6dda9 (type: security_group_rules) to 0 [pid: 7|app: 0|req: 1235/2401] 10.0.0.36 () {34 vars in 694 bytes} [Fri May 8 00:44:38 2026] POST /v2.0/security-group-rules => generated 597 bytes in 311 msecs (HTTP/1.1 201) 4 headers in 162 bytes (1 switches on core 0)
2026-05-08 00:44:38.614 8 INFO neutron_taas.services.taas.taas_plugin [None req-785ee2ba-556e-46a3-bc97-4721a3839ccc d8ab7df49cf1473b8046fc0310bcaba7 c31e879400c145eaba4726ad03fd3489 - - default default] TaaS: Handle Delete Port: 3dbaba81-c545-4d55-8873-802d26418380
2026-05-08 00:44:38.617 8 INFO neutron_taas.services.taas.tap_mirror_plugin [None req-785ee2ba-556e-46a3-bc97-4721a3839ccc d8ab7df49cf1473b8046fc0310bcaba7 c31e879400c145eaba4726ad03fd3489 - - default default] Tap Mirror: Handle Delete Port: 3dbaba81-c545-4d55-8873-802d26418380
2026-05-08 00:44:38.888 7 INFO neutron.db.ovn_revision_numbers_db [None req-50283511-74d1-45f6-9ebe-03a87bd53eb3 a841834c4e6c422ab4d8000b61d9cc7f 504c8c69074942ca9b04032b3a462d3a - - default default] Successfully bumped revision number for resource af446d12-f53e-402a-b327-95b2d429339d (type: security_groups) to 1
2026-05-08 00:44:38.901 7 INFO neutron.db.ovn_revision_numbers_db [None req-50283511-74d1-45f6-9ebe-03a87bd53eb3 a841834c4e6c422ab4d8000b61d9cc7f 504c8c69074942ca9b04032b3a462d3a - - default default] Successfully bumped revision number for resource 0a79d17a-f9dd-4e2b-a93d-3999245df54c (type: security_group_rules) to 0
2026-05-08 00:44:38.937 7 INFO neutron.db.ovn_revision_numbers_db [None req-50283511-74d1-45f6-9ebe-03a87bd53eb3 a841834c4e6c422ab4d8000b61d9cc7f 504c8c69074942ca9b04032b3a462d3a - - default default] Successfully bumped revision number for resource 2a375555-04fd-44ce-9514-ed754ef0bc23 (type: security_group_rules) to 0
2026-05-08 00:44:38.952 7 INFO neutron.db.ovn_revision_numbers_db [None req-50283511-74d1-45f6-9ebe-03a87bd53eb3 a841834c4e6c422ab4d8000b61d9cc7f 504c8c69074942ca9b04032b3a462d3a - - default default] Successfully bumped revision number for resource 2a82498f-9a20-4669-ba6d-e9ca9082669f (type: security_group_rules) to 0
2026-05-08 00:44:38.963 7 INFO neutron.db.ovn_revision_numbers_db [None req-50283511-74d1-45f6-9ebe-03a87bd53eb3 a841834c4e6c422ab4d8000b61d9cc7f 504c8c69074942ca9b04032b3a462d3a - - default default] Successfully bumped revision number for resource b91b14b1-8543-4cd3-844a-0fe8ed203a12 (type: security_group_rules) to 0
2026-05-08 00:44:39.050 7 INFO neutron.db.segments_db [None req-50283511-74d1-45f6-9ebe-03a87bd53eb3 a841834c4e6c422ab4d8000b61d9cc7f 504c8c69074942ca9b04032b3a462d3a - - default default] Added segment f14982a6-1fb7-4292-afb9-daece992dbec of type geneve for network d9fd8e4c-7917-44ea-bbe9-1ada5ec32c0b
2026-05-08 00:44:39.180 7 INFO neutron.db.ovn_revision_numbers_db [None req-50283511-74d1-45f6-9ebe-03a87bd53eb3 a841834c4e6c422ab4d8000b61d9cc7f 504c8c69074942ca9b04032b3a462d3a - - default default] Successfully bumped revision number for resource d9fd8e4c-7917-44ea-bbe9-1ada5ec32c0b (type: networks) to 1
2026-05-08 00:44:39.335 7 WARNING neutron.scheduler.dhcp_agent_scheduler [None req-50283511-74d1-45f6-9ebe-03a87bd53eb3 a841834c4e6c422ab4d8000b61d9cc7f 504c8c69074942ca9b04032b3a462d3a - - default default] No more DHCP agents
2026-05-08 00:44:39.337 7 WARNING neutron.api.rpc.agentnotifiers.dhcp_rpc_agent_api [None req-50283511-74d1-45f6-9ebe-03a87bd53eb3 a841834c4e6c422ab4d8000b61d9cc7f 504c8c69074942ca9b04032b3a462d3a - - default default] Unable to schedule network d9fd8e4c-7917-44ea-bbe9-1ada5ec32c0b: no agents available; will retry on subsequent port and subnet creation events. [pid: 8|app: 0|req: 1167/2402] 10.0.0.36 () {34 vars in 788 bytes} [Fri May 8 00:44:38 2026] PUT /v2.0/routers/adebae65-123c-4b1d-b92b-eee9712a9f76/remove_router_interface => generated 310 bytes in 1041 msecs (HTTP/1.1 200) 4 headers in 157 bytes (1 switches on core 0) /var/lib/openstack/lib/python3.12/site-packages/pycadf/identifier.py:70: UserWarning: Invalid uuid: neutron. To ensure interoperability, identifiers should be a valid uuid. warnings.warn(('Invalid uuid: %s. To ensure interoperability, '
2026-05-08 00:44:39.432 7 INFO neutron.db.ovn_revision_numbers_db [None req-50283511-74d1-45f6-9ebe-03a87bd53eb3 a841834c4e6c422ab4d8000b61d9cc7f 504c8c69074942ca9b04032b3a462d3a - - default default] Successfully bumped revision number for resource a5d933b1-e053-4bcc-99a0-cf13ad061b96 (type: ports) to 1 [pid: 7|app: 0|req: 1236/2403] 10.0.0.36 () {34 vars in 669 bytes} [Fri May 8 00:44:38 2026] POST /v2.0/networks => generated 669 bytes in 908 msecs (HTTP/1.1 201) 4 headers in 162 bytes (1 switches on core 0)
2026-05-08 00:44:39.459 7 WARNING neutron.db.securitygroups_db [req-30b47ae3-6f69-4336-8f0d-a99c3181cc5b req-f6d4156b-69b8-4412-9a59-c180c7a96a97 6fa3798633914aed95887ca76a0ec11c d00c56dd66ee4c268e0efc2008c1a6dd - - default default] project_id key not found in filters, using tenant_id instead. This support has been deprecated and will be removed in a future release. [pid: 7|app: 0|req: 1237/2404] 10.0.0.188 () {34 vars in 1094 bytes} [Fri May 8 00:44:39 2026] GET /v2.0/security-groups?name=tempest-lb_member_SG-234281576&fields=id&tenant_id=d00c56dd66ee4c268e0efc2008c1a6dd => generated 69 bytes in 44 msecs (HTTP/1.1 200) 4 headers in 156 bytes (1 switches on core 0)
2026-05-08 00:44:39.665 8 INFO neutron_taas.services.taas.taas_plugin [None req-24edfaab-6ae0-4372-8e56-812ed754b83f d8ab7df49cf1473b8046fc0310bcaba7 c31e879400c145eaba4726ad03fd3489 - - default default] TaaS: Handle Delete Port: 845d3938-b540-4a10-9637-4e1ed1d7749f
2026-05-08 00:44:39.667 8 INFO neutron_taas.services.taas.tap_mirror_plugin [None req-24edfaab-6ae0-4372-8e56-812ed754b83f d8ab7df49cf1473b8046fc0310bcaba7 c31e879400c145eaba4726ad03fd3489 - - default default] Tap Mirror: Handle Delete Port: 845d3938-b540-4a10-9637-4e1ed1d7749f
2026-05-08 00:44:39.837 7 INFO neutron_taas.services.taas.taas_plugin [None req-2832b2a0-e8d1-4184-8473-3df0990b6fc8 d8ab7df49cf1473b8046fc0310bcaba7 c31e879400c145eaba4726ad03fd3489 - - default default] TaaS: Handle Delete Port: 823ded31-6092-4053-941b-b3c735ee90da
2026-05-08 00:44:39.841 7 INFO neutron_taas.services.taas.tap_mirror_plugin [None req-2832b2a0-e8d1-4184-8473-3df0990b6fc8 d8ab7df49cf1473b8046fc0310bcaba7 c31e879400c145eaba4726ad03fd3489 - - default default] Tap Mirror: Handle Delete Port: 823ded31-6092-4053-941b-b3c735ee90da [pid: 7|app: 0|req: 1238/2405] 10.0.0.36 () {32 vars in 723 bytes} [Fri May 8 00:44:39 2026] DELETE /v2.0/routers/adebae65-123c-4b1d-b92b-eee9712a9f76 => generated 0 bytes in 804 msecs (HTTP/1.1 204) 2 headers in 112 bytes (1 switches on core 0) [pid: 8|app: 0|req: 1168/2406] 10.0.0.36 () {34 vars in 788 bytes} [Fri May 8 00:44:39 2026] PUT /v2.0/routers/9232108e-a7b0-4f24-9907-ce2cbbf26d93/remove_router_interface => generated 310 bytes in 1027 msecs (HTTP/1.1 200) 4 headers in 157 bytes (1 switches on core 0) /var/lib/openstack/lib/python3.12/site-packages/pycadf/identifier.py:70: UserWarning: Invalid uuid: neutron. To ensure interoperability, identifiers should be a valid uuid. warnings.warn(('Invalid uuid: %s. To ensure interoperability, ' [pid: 8|app: 0|req: 1169/2407] 10.0.0.188 () {34 vars in 982 bytes} [Fri May 8 00:44:40 2026] GET /v2.0/networks?id=f7023938-894b-4fd8-b7fb-8e53df71975f => generated 743 bytes in 56 msecs (HTTP/1.1 200) 4 headers in 157 bytes (1 switches on core 0)
2026-05-08 00:44:40.555 7 WARNING neutron.scheduler.dhcp_agent_scheduler [None req-bbb43c93-bce4-4bb9-85c6-8da01b0f026f a841834c4e6c422ab4d8000b61d9cc7f 504c8c69074942ca9b04032b3a462d3a - - default default] No more DHCP agents
2026-05-08 00:44:40.556 7 WARNING neutron.api.rpc.agentnotifiers.dhcp_rpc_agent_api [None req-bbb43c93-bce4-4bb9-85c6-8da01b0f026f a841834c4e6c422ab4d8000b61d9cc7f 504c8c69074942ca9b04032b3a462d3a - - default default] Unable to schedule network d9fd8e4c-7917-44ea-bbe9-1ada5ec32c0b: no agents available; will retry on subsequent port and subnet creation events.
2026-05-08 00:44:40.621 8 INFO neutron.plugins.ml2.drivers.ovn.mech_driver.mech_driver [None req-7f42cd58-99e6-4416-90da-060027a6bf71 - - - - - -] OVN reports status down for port: dc7861ed-bfae-43fe-8ec6-0e2c3681075e
2026-05-08 00:44:40.763 7 INFO neutron.db.ovn_revision_numbers_db [None req-bbb43c93-bce4-4bb9-85c6-8da01b0f026f a841834c4e6c422ab4d8000b61d9cc7f 504c8c69074942ca9b04032b3a462d3a - - default default] Successfully bumped revision number for resource dc7861ed-bfae-43fe-8ec6-0e2c3681075e (type: ports) to 1 [pid: 8|app: 0|req: 1170/2408] 10.0.0.36 () {32 vars in 723 bytes} [Fri May 8 00:44:40 2026] DELETE /v2.0/subnets/4f3779ea-2079-4bb8-932f-2eba3c6297d9 => generated 0 bytes in 339 msecs (HTTP/1.1 204) 3 headers in 131 bytes (1 switches on core 0) [pid: 7|app: 0|req: 1239/2409] 10.0.0.36 () {34 vars in 663 bytes} [Fri May 8 00:44:40 2026] POST /v2.0/ports => generated 743 bytes in 537 msecs (HTTP/1.1 201) 4 headers in 162 bytes (1 switches on core 0) /var/lib/openstack/lib/python3.12/site-packages/pycadf/identifier.py:70: UserWarning: Invalid uuid: neutron. To ensure interoperability, identifiers should be a valid uuid. warnings.warn(('Invalid uuid: %s. To ensure interoperability, ' [pid: 7|app: 0|req: 1240/2410] 10.0.0.188 () {34 vars in 965 bytes} [Fri May 8 00:44:40 2026] GET /v2.0/quotas/d00c56dd66ee4c268e0efc2008c1a6dd => generated 292 bytes in 11 msecs (HTTP/1.1 200) 4 headers in 157 bytes (1 switches on core 0)
2026-05-08 00:44:40.968 7 INFO neutron_taas.services.taas.taas_plugin [None req-52ec976d-54d3-47a9-80b9-0c39c45612ff d8ab7df49cf1473b8046fc0310bcaba7 c31e879400c145eaba4726ad03fd3489 - - default default] TaaS: Handle Delete Port: f30cc885-d3df-4b78-b311-7a0d10306d06
2026-05-08 00:44:40.971 7 INFO neutron_taas.services.taas.tap_mirror_plugin [None req-52ec976d-54d3-47a9-80b9-0c39c45612ff d8ab7df49cf1473b8046fc0310bcaba7 c31e879400c145eaba4726ad03fd3489 - - default default] Tap Mirror: Handle Delete Port: f30cc885-d3df-4b78-b311-7a0d10306d06
2026-05-08 00:44:41.129 8 INFO neutron_taas.services.taas.taas_plugin [None req-dd100272-4025-4bc7-96c4-b204baab7b35 d8ab7df49cf1473b8046fc0310bcaba7 c31e879400c145eaba4726ad03fd3489 - - default default] TaaS: Handle Delete Port: d74b3d2e-c483-426e-a7df-9cdc0bebd1ac
2026-05-08 00:44:41.137 8 INFO neutron_taas.services.taas.tap_mirror_plugin [None req-dd100272-4025-4bc7-96c4-b204baab7b35 d8ab7df49cf1473b8046fc0310bcaba7 c31e879400c145eaba4726ad03fd3489 - - default default] Tap Mirror: Handle Delete Port: d74b3d2e-c483-426e-a7df-9cdc0bebd1ac
2026-05-08 00:44:41.157 7 INFO neutron.services.segments.plugin [-] Segment d6bb221e-f13f-47bb-b857-e24f7f9339ee resource provider aggregate not found
2026-05-08 00:44:41.163 7 INFO neutron.services.segments.plugin [-] Segment d6bb221e-f13f-47bb-b857-e24f7f9339ee resource provider aggregate not found
2026-05-08 00:44:41.183 7 INFO neutron.services.segments.plugin [-] Segment d6bb221e-f13f-47bb-b857-e24f7f9339ee resource provider not found; error: Placement Client Error (4xx): {"errors": [{"status": 404, "title": "Not Found", "detail": "The resource could not be found.\n\n No resource provider with uuid d6bb221e-f13f-47bb-b857-e24f7f9339ee found for delete ", "request_id": "req-0368e0c6-65ec-4b3d-87d0-b39d79f7faff"}]}
2026-05-08 00:44:41.191 7 INFO neutron.services.segments.plugin [-] Segment d6bb221e-f13f-47bb-b857-e24f7f9339ee resource provider not found; error: Placement Client Error (4xx): {"errors": [{"status": 404, "title": "Not Found", "detail": "The resource could not be found.\n\n No resource provider with uuid d6bb221e-f13f-47bb-b857-e24f7f9339ee found for delete ", "request_id": "req-7f2f4d92-b724-42ff-b008-8365b05eae2f"}]} [pid: 7|app: 0|req: 1241/2411] 10.0.0.36 () {32 vars in 725 bytes} [Fri May 8 00:44:40 2026] DELETE /v2.0/networks/e260e3fb-0f97-4d19-8442-8ba3e8a03e42 => generated 0 bytes in 359 msecs (HTTP/1.1 204) 3 headers in 131 bytes (1 switches on core 0) [pid: 7|app: 0|req: 1242/2412] 10.0.0.36 () {34 vars in 665 bytes} [Fri May 8 00:44:41 2026] POST /v2.0/trunks => generated 409 bytes in 156 msecs (HTTP/1.1 201) 4 headers in 162 bytes (1 switches on core 0) [pid: 7|app: 0|req: 1243/2413] 10.0.0.188 () {34 vars in 1002 bytes} [Fri May 8 00:44:41 2026] GET /v2.0/ports?tenant_id=d00c56dd66ee4c268e0efc2008c1a6dd&fields=id => generated 287 bytes in 144 msecs (HTTP/1.1 200) 4 headers in 157 bytes (1 switches on core 0)
2026-05-08 00:44:41.521 7 WARNING tagging [None req-8511b411-052d-4b14-86ac-43509d75f0fe a841834c4e6c422ab4d8000b61d9cc7f 504c8c69074942ca9b04032b3a462d3a - - default default] project_id key not found in request, using tenant_id instead. This support has been deprecated and will be removed in a future release. [pid: 7|app: 0|req: 1244/2414] 10.0.0.36 () {34 vars in 748 bytes} [Fri May 8 00:44:41 2026] PUT /v2.0/trunks/2ae4af47-7131-4d8f-b20c-da30af0a0bcd/tags => generated 25 bytes in 28 msecs (HTTP/1.1 200) 4 headers in 156 bytes (1 switches on core 0) [pid: 8|app: 0|req: 1171/2415] 10.0.0.36 () {32 vars in 723 bytes} [Fri May 8 00:44:40 2026] DELETE /v2.0/routers/9232108e-a7b0-4f24-9907-ce2cbbf26d93 => generated 0 bytes in 794 msecs (HTTP/1.1 204) 2 headers in 112 bytes (1 switches on core 0) [pid: 7|app: 0|req: 1245/2416] 10.0.0.188 () {34 vars in 1008 bytes} [Fri May 8 00:44:41 2026] GET /v2.0/networks/f7023938-894b-4fd8-b7fb-8e53df71975f?fields=segments => generated 14 bytes in 63 msecs (HTTP/1.1 200) 4 headers in 156 bytes (1 switches on core 0)
2026-05-08 00:44:41.608 8 WARNING tagging [None req-f46b3c18-724e-4590-aa89-afc9ad246c70 a841834c4e6c422ab4d8000b61d9cc7f 504c8c69074942ca9b04032b3a462d3a - - default default] project_id key not found in request, using tenant_id instead. This support has been deprecated and will be removed in a future release.
2026-05-08 00:44:41.610 7 WARNING neutron.db.securitygroups_db [None req-69d244b6-be66-4047-abb4-6af3c5556f7a d8ab7df49cf1473b8046fc0310bcaba7 c31e879400c145eaba4726ad03fd3489 - - default default] project_id key not found in filters, using tenant_id instead. This support has been deprecated and will be removed in a future release. [pid: 8|app: 0|req: 1172/2417] 10.0.0.36 () {32 vars in 728 bytes} [Fri May 8 00:44:41 2026] GET /v2.0/trunks/2ae4af47-7131-4d8f-b20c-da30af0a0bcd/tags => generated 25 bytes in 29 msecs (HTTP/1.1 200) 4 headers in 156 bytes (1 switches on core 0) [pid: 7|app: 0|req: 1246/2418] 10.0.0.36 () {32 vars in 773 bytes} [Fri May 8 00:44:41 2026] GET /v2.0/security-groups?tenant_id=986ebc2cd10149d6b75c29ffaca9369c&name=default => generated 2925 bytes in 42 msecs (HTTP/1.1 200) 4 headers in 158 bytes (1 switches on core 0) [pid: 7|app: 0|req: 1247/2419] 10.0.0.188 () {34 vars in 1108 bytes} [Fri May 8 00:44:41 2026] GET /v2.0/networks/f7023938-894b-4fd8-b7fb-8e53df71975f?fields=provider%3Aphysical_network&fields=provider%3Anetwork_type => generated 79 bytes in 41 msecs (HTTP/1.1 200) 4 headers in 156 bytes (1 switches on core 0)
2026-05-08 00:44:41.700 7 WARNING tagging [None req-c463aa3b-2075-40ed-97f4-5329df614b09 a841834c4e6c422ab4d8000b61d9cc7f 504c8c69074942ca9b04032b3a462d3a - - default default] project_id key not found in request, using tenant_id instead. This support has been deprecated and will be removed in a future release. [pid: 7|app: 0|req: 1248/2420] 10.0.0.36 () {34 vars in 759 bytes} [Fri May 8 00:44:41 2026] PUT /v2.0/trunks/2ae4af47-7131-4d8f-b20c-da30af0a0bcd/tags/green => generated 4 bytes in 35 msecs (HTTP/1.1 201) 4 headers in 160 bytes (1 switches on core 0) [pid: 8|app: 0|req: 1173/2421] 10.0.0.36 () {32 vars in 723 bytes} [Fri May 8 00:44:41 2026] DELETE /v2.0/subnets/65b5a598-e205-4dfa-bda9-dbc8b21e8745 => generated 0 bytes in 154 msecs (HTTP/1.1 204) 3 headers in 131 bytes (1 switches on core 0)
2026-05-08 00:44:41.790 8 WARNING tagging [None req-e2733645-ff2a-48f3-9816-4fb4f26f53b1 a841834c4e6c422ab4d8000b61d9cc7f 504c8c69074942ca9b04032b3a462d3a - - default default] project_id key not found in request, using tenant_id instead. This support has been deprecated and will be removed in a future release. [pid: 8|app: 0|req: 1174/2422] 10.0.0.36 () {32 vars in 728 bytes} [Fri May 8 00:44:41 2026] GET /v2.0/trunks/2ae4af47-7131-4d8f-b20c-da30af0a0bcd/tags => generated 34 bytes in 16 msecs (HTTP/1.1 200) 4 headers in 156 bytes (1 switches on core 0) [pid: 7|app: 0|req: 1249/2423] 10.0.0.36 () {32 vars in 739 bytes} [Fri May 8 00:44:41 2026] DELETE /v2.0/security-groups/f4b5358b-3e96-4a53-a473-444656cd8e24 => generated 0 bytes in 188 msecs (HTTP/1.1 204) 2 headers in 112 bytes (1 switches on core 0)
2026-05-08 00:44:41.923 7 WARNING tagging [None req-99c73b40-e6b3-47da-b959-e658ffb12c17 a841834c4e6c422ab4d8000b61d9cc7f 504c8c69074942ca9b04032b3a462d3a - - default default] project_id key not found in request, using tenant_id instead. This support has been deprecated and will be removed in a future release. [pid: 7|app: 0|req: 1250/2424] 10.0.0.36 () {34 vars in 755 bytes} [Fri May 8 00:44:41 2026] PUT /v2.0/trunks/2ae4af47-7131-4d8f-b20c-da30af0a0bcd/tags/red => generated 4 bytes in 22 msecs (HTTP/1.1 201) 4 headers in 160 bytes (1 switches on core 0) [pid: 7|app: 0|req: 1251/2425] 10.0.0.188 () {34 vars in 990 bytes} [Fri May 8 00:44:41 2026] GET /v2.0/ports?device_id=8dc12587-7ea5-4a7b-bba1-fc1132f19f73 => generated 12 bytes in 19 msecs (HTTP/1.1 200) 4 headers in 156 bytes (1 switches on core 0)
2026-05-08 00:44:41.966 7 WARNING tagging [None req-c6281653-1e5b-4e06-a9ed-eb46141c3e89 a841834c4e6c422ab4d8000b61d9cc7f 504c8c69074942ca9b04032b3a462d3a - - default default] project_id key not found in request, using tenant_id instead. This support has been deprecated and will be removed in a future release.
2026-05-08 00:44:41.968 8 INFO neutron_taas.services.taas.taas_plugin [None req-d308ba4d-42db-461e-b1f6-8bdac055d1cb d8ab7df49cf1473b8046fc0310bcaba7 c31e879400c145eaba4726ad03fd3489 - - default default] TaaS: Handle Delete Port: 5fac5060-d8e4-4459-88e5-ab8076ebc9b2
2026-05-08 00:44:41.970 8 INFO neutron_taas.services.taas.tap_mirror_plugin [None req-d308ba4d-42db-461e-b1f6-8bdac055d1cb d8ab7df49cf1473b8046fc0310bcaba7 c31e879400c145eaba4726ad03fd3489 - - default default] Tap Mirror: Handle Delete Port: 5fac5060-d8e4-4459-88e5-ab8076ebc9b2 [pid: 7|app: 0|req: 1252/2426] 10.0.0.36 () {32 vars in 728 bytes} [Fri May 8 00:44:41 2026] GET /v2.0/trunks/2ae4af47-7131-4d8f-b20c-da30af0a0bcd/tags => generated 34 bytes in 19 msecs (HTTP/1.1 200) 4 headers in 156 bytes (1 switches on core 0)
2026-05-08 00:44:41.995 7 WARNING tagging [None req-e69ccdf5-2e05-4203-a950-298718615953 a841834c4e6c422ab4d8000b61d9cc7f 504c8c69074942ca9b04032b3a462d3a - - default default] project_id key not found in request, using tenant_id instead. This support has been deprecated and will be removed in a future release. [pid: 7|app: 0|req: 1253/2427] 10.0.0.36 () {34 vars in 777 bytes} [Fri May 8 00:44:41 2026] PUT /v2.0/trunks/2ae4af47-7131-4d8f-b20c-da30af0a0bcd/tags/black.or.white => generated 4 bytes in 36 msecs (HTTP/1.1 201) 4 headers in 160 bytes (1 switches on core 0)
2026-05-08 00:44:42.039 7 WARNING tagging [None req-025fea85-9fa3-4bed-bd58-891294c33890 a841834c4e6c422ab4d8000b61d9cc7f 504c8c69074942ca9b04032b3a462d3a - - default default] project_id key not found in request, using tenant_id instead. This support has been deprecated and will be removed in a future release. [pid: 7|app: 0|req: 1254/2428] 10.0.0.36 () {32 vars in 728 bytes} [Fri May 8 00:44:42 2026] GET /v2.0/trunks/2ae4af47-7131-4d8f-b20c-da30af0a0bcd/tags => generated 52 bytes in 27 msecs (HTTP/1.1 200) 4 headers in 156 bytes (1 switches on core 0)
2026-05-08 00:44:42.088 7 WARNING tagging [None req-c87ab3f0-24d9-4e8d-910a-d7d54dcb3059 a841834c4e6c422ab4d8000b61d9cc7f 504c8c69074942ca9b04032b3a462d3a - - default default] project_id key not found in request, using tenant_id instead. This support has been deprecated and will be removed in a future release. [pid: 7|app: 0|req: 1255/2429] 10.0.0.36 () {34 vars in 748 bytes} [Fri May 8 00:44:42 2026] PUT /v2.0/trunks/2ae4af47-7131-4d8f-b20c-da30af0a0bcd/tags => generated 37 bytes in 58 msecs (HTTP/1.1 200) 4 headers in 156 bytes (1 switches on core 0)
2026-05-08 00:44:42.118 7 WARNING neutron.db.securitygroups_db [None req-bd3be835-bad3-4ce3-a2bb-4f191a8751ac d8ab7df49cf1473b8046fc0310bcaba7 c31e879400c145eaba4726ad03fd3489 - - default default] project_id key not found in filters, using tenant_id instead. This support has been deprecated and will be removed in a future release. [pid: 7|app: 0|req: 1256/2430] 10.0.0.36 () {32 vars in 773 bytes} [Fri May 8 00:44:42 2026] GET /v2.0/security-groups?tenant_id=0c081c4a3c3e4952b857fcfa717cfe15&name=default => generated 2925 bytes in 24 msecs (HTTP/1.1 200) 4 headers in 158 bytes (1 switches on core 0)
2026-05-08 00:44:42.152 7 WARNING tagging [None req-dbaac84f-9e33-44cf-b300-87a65dd21bee a841834c4e6c422ab4d8000b61d9cc7f 504c8c69074942ca9b04032b3a462d3a - - default default] project_id key not found in request, using tenant_id instead. This support has been deprecated and will be removed in a future release. [pid: 7|app: 0|req: 1257/2431] 10.0.0.36 () {32 vars in 728 bytes} [Fri May 8 00:44:42 2026] GET /v2.0/trunks/2ae4af47-7131-4d8f-b20c-da30af0a0bcd/tags => generated 37 bytes in 22 msecs (HTTP/1.1 200) 4 headers in 156 bytes (1 switches on core 0)
2026-05-08 00:44:42.165 8 INFO neutron.services.segments.plugin [-] Segment 42213ece-4328-4dcb-843d-2b910f2c2734 resource provider aggregate not found
2026-05-08 00:44:42.170 8 INFO neutron.services.segments.plugin [-] Segment 42213ece-4328-4dcb-843d-2b910f2c2734 resource provider aggregate not found
2026-05-08 00:44:42.190 8 INFO neutron.services.segments.plugin [-] Segment 42213ece-4328-4dcb-843d-2b910f2c2734 resource provider not found; error: Placement Client Error (4xx): {"errors": [{"status": 404, "title": "Not Found", "detail": "The resource could not be found.\n\n No resource provider with uuid 42213ece-4328-4dcb-843d-2b910f2c2734 found for delete ", "request_id": "req-d78c0163-b4d6-43ef-858f-b4295b52e3c7"}]}
2026-05-08 00:44:42.194 8 INFO neutron.services.segments.plugin [-] Segment 42213ece-4328-4dcb-843d-2b910f2c2734 resource provider not found; error: Placement Client Error (4xx): {"errors": [{"status": 404, "title": "Not Found", "detail": "The resource could not be found.\n\n No resource provider with uuid 42213ece-4328-4dcb-843d-2b910f2c2734 found for delete ", "request_id": "req-e35ece0f-c1e0-4ca8-8316-95011b82563c"}]} [pid: 8|app: 0|req: 1175/2432] 10.0.0.36 () {32 vars in 725 bytes} [Fri May 8 00:44:41 2026] DELETE /v2.0/networks/e7aedcef-fad7-4397-9503-74a1c9ba71d1 => generated 0 bytes in 431 msecs (HTTP/1.1 204) 3 headers in 131 bytes (1 switches on core 0)
2026-05-08 00:44:42.239 8 WARNING tagging [None req-a2d19627-c00f-4f05-9f8b-7c04a592ad8a a841834c4e6c422ab4d8000b61d9cc7f 504c8c69074942ca9b04032b3a462d3a - - default default] project_id key not found in request, using tenant_id instead. This support has been deprecated and will be removed in a future release. [pid: 8|app: 0|req: 1176/2433] 10.0.0.36 () {32 vars in 736 bytes} [Fri May 8 00:44:42 2026] GET /v2.0/trunks/2ae4af47-7131-4d8f-b20c-da30af0a0bcd/tags/red => generated 0 bytes in 21 msecs (HTTP/1.1 204) 2 headers in 112 bytes (1 switches on core 0)
2026-05-08 00:44:42.269 8 WARNING tagging [None req-a4d96083-7dc2-4157-a7d3-d485d57b900d a841834c4e6c422ab4d8000b61d9cc7f 504c8c69074942ca9b04032b3a462d3a - - default default] project_id key not found in request, using tenant_id instead. This support has been deprecated and will be removed in a future release.
2026-05-08 00:44:42.277 8 INFO neutron.api.v2.resource [None req-a4d96083-7dc2-4157-a7d3-d485d57b900d a841834c4e6c422ab4d8000b61d9cc7f 504c8c69074942ca9b04032b3a462d3a - - default default] show failed (client error): The resource could not be found. [pid: 8|app: 0|req: 1177/2434] 10.0.0.36 () {32 vars in 740 bytes} [Fri May 8 00:44:42 2026] GET /v2.0/trunks/2ae4af47-7131-4d8f-b20c-da30af0a0bcd/tags/green => generated 99 bytes in 23 msecs (HTTP/1.1 404) 4 headers in 163 bytes (1 switches on core 0)
2026-05-08 00:44:42.297 8 WARNING tagging [None req-f22d8815-27c0-4239-b1d3-108bb3e4361b a841834c4e6c422ab4d8000b61d9cc7f 504c8c69074942ca9b04032b3a462d3a - - default default] project_id key not found in request, using tenant_id instead. This support has been deprecated and will be removed in a future release. [pid: 8|app: 0|req: 1178/2435] 10.0.0.36 () {32 vars in 739 bytes} [Fri May 8 00:44:42 2026] DELETE /v2.0/trunks/2ae4af47-7131-4d8f-b20c-da30af0a0bcd/tags/red => generated 0 bytes in 39 msecs (HTTP/1.1 204) 2 headers in 112 bytes (1 switches on core 0)
2026-05-08 00:44:42.342 8 WARNING tagging [None req-a821631a-377e-4bae-92f4-95be290f7b88 a841834c4e6c422ab4d8000b61d9cc7f 504c8c69074942ca9b04032b3a462d3a - - default default] project_id key not found in request, using tenant_id instead. This support has been deprecated and will be removed in a future release. [pid: 8|app: 0|req: 1179/2436] 10.0.0.36 () {32 vars in 728 bytes} [Fri May 8 00:44:42 2026] GET /v2.0/trunks/2ae4af47-7131-4d8f-b20c-da30af0a0bcd/tags => generated 30 bytes in 23 msecs (HTTP/1.1 200) 4 headers in 156 bytes (1 switches on core 0) [pid: 7|app: 0|req: 1258/2437] 10.0.0.36 () {32 vars in 739 bytes} [Fri May 8 00:44:42 2026] DELETE /v2.0/security-groups/10c1a770-08fd-4acb-87be-da8139d1a48c => generated 0 bytes in 208 msecs (HTTP/1.1 204) 2 headers in 112 bytes (1 switches on core 0)
2026-05-08 00:44:42.371 8 WARNING tagging [None req-aae24d1f-9a81-4538-84cb-bcd599e8abf1 a841834c4e6c422ab4d8000b61d9cc7f 504c8c69074942ca9b04032b3a462d3a - - default default] project_id key not found in request, using tenant_id instead. This support has been deprecated and will be removed in a future release.
2026-05-08 00:44:42.384 8 INFO neutron.api.v2.resource [None req-aae24d1f-9a81-4538-84cb-bcd599e8abf1 a841834c4e6c422ab4d8000b61d9cc7f 504c8c69074942ca9b04032b3a462d3a - - default default] delete failed (client error): The resource could not be found. [pid: 8|app: 0|req: 1180/2438] 10.0.0.36 () {32 vars in 743 bytes} [Fri May 8 00:44:42 2026] DELETE /v2.0/trunks/2ae4af47-7131-4d8f-b20c-da30af0a0bcd/tags/green => generated 99 bytes in 28 msecs (HTTP/1.1 404) 4 headers in 163 bytes (1 switches on core 0)
2026-05-08 00:44:42.409 7 WARNING tagging [None req-f026ed65-4247-4df7-8eaa-3d80fbd9e0c1 a841834c4e6c422ab4d8000b61d9cc7f 504c8c69074942ca9b04032b3a462d3a - - default default] project_id key not found in request, using tenant_id instead. This support has been deprecated and will be removed in a future release.
2026-05-08 00:44:42.428 8 WARNING neutron.db.securitygroups_db [None req-b47445ae-e783-4d5f-9efd-23774564e63f d8ab7df49cf1473b8046fc0310bcaba7 c31e879400c145eaba4726ad03fd3489 - - default default] project_id key not found in filters, using tenant_id instead. This support has been deprecated and will be removed in a future release. [pid: 7|app: 0|req: 1259/2439] 10.0.0.36 () {32 vars in 731 bytes} [Fri May 8 00:44:42 2026] DELETE /v2.0/trunks/2ae4af47-7131-4d8f-b20c-da30af0a0bcd/tags => generated 0 bytes in 51 msecs (HTTP/1.1 204) 2 headers in 112 bytes (1 switches on core 0) [pid: 8|app: 0|req: 1181/2440] 10.0.0.36 () {32 vars in 773 bytes} [Fri May 8 00:44:42 2026] GET /v2.0/security-groups?tenant_id=d1c566bbffc8485a9c8183c00abe5728&name=default => generated 2925 bytes in 28 msecs (HTTP/1.1 200) 4 headers in 158 bytes (1 switches on core 0)
