2026-05-08 00:43:54.103 8 INFO neutron.db.ovn_revision_numbers_db [None req-6a04fc60-0d82-420c-b979-c560308b72a3 0fb53bc5932c46238108f77acfdf6773 cdee483e390b476681787f7f5abe596c - - default default] Successfully bumped revision number for resource edeb4f89-b96e-4941-adf2-381a2cf9ff3c (type: ports) to 1 [pid: 7|app: 0|req: 1047/2087] 10.0.0.36 () {32 vars in 725 bytes} [Fri May 8 00:43:53 2026] DELETE /v2.0/networks/1ce9fcba-ae72-47de-8acc-ac505b1ebada => generated 0 bytes in 348 msecs (HTTP/1.1 204) 3 headers in 131 bytes (1 switches on core 0) [pid: 8|app: 0|req: 1041/2088] 10.0.0.36 () {34 vars in 664 bytes} [Fri May 8 00:43:53 2026] POST /v2.0/ports => generated 778 bytes in 450 msecs (HTTP/1.1 201) 4 headers in 162 bytes (1 switches on core 0)
2026-05-08 00:43:54.197 7 INFO neutron.pecan_wsgi.hooks.translation [None req-ff6f4177-c1ae-4962-bbb7-68d5131307bb 1b25d2591382453d9cecb682d2a16480 bd8947912d284cfc8589f7085853f032 - - default default] DELETE failed (client error): The resource could not be found. /var/lib/openstack/lib/python3.12/site-packages/pycadf/identifier.py:70: UserWarning: Invalid uuid: neutron. To ensure interoperability, identifiers should be a valid uuid. warnings.warn(('Invalid uuid: %s. To ensure interoperability, ' [pid: 7|app: 0|req: 1048/2089] 10.0.0.36 () {32 vars in 723 bytes} [Fri May 8 00:43:54 2026] DELETE /v2.0/subnets/f69fbddf-dc30-4293-ad87-4ea2db22c438 => generated 136 bytes in 13 msecs (HTTP/1.1 404) 4 headers in 164 bytes (1 switches on core 0) [pid: 8|app: 0|req: 1042/2090] 10.0.0.188 () {34 vars in 990 bytes} [Fri May 8 00:43:54 2026] GET /v2.0/ports?device_id=c541203a-ed8e-4b0a-a25b-3d14ad96bbda => generated 12 bytes in 17 msecs (HTTP/1.1 200) 4 headers in 156 bytes (1 switches on core 0)
2026-05-08 00:43:54.294 8 INFO neutron.db.segments_db [None req-8c3c45ae-7e8d-48b2-aeed-054df347dc9e 0fb53bc5932c46238108f77acfdf6773 cdee483e390b476681787f7f5abe596c - - default default] Added segment 84ff6637-aae4-4c4c-b004-1ef70722a9d6 of type geneve for network 5295b5f1-bf14-4555-b519-dfc62fefd5e7
2026-05-08 00:43:54.306 7 INFO neutron_taas.services.taas.taas_plugin [None req-59fff25c-c165-4761-be6c-ccaa8c908f4e 7d02f61c1d8f4d64b26364178c9ce74c d3b89e2760b4419bb26f6cb15f2c1221 - - default default] TaaS: Handle Delete Port: 352deb6f-6409-4b98-b820-fc0296e82071
2026-05-08 00:43:54.308 7 INFO neutron_taas.services.taas.tap_mirror_plugin [None req-59fff25c-c165-4761-be6c-ccaa8c908f4e 7d02f61c1d8f4d64b26364178c9ce74c d3b89e2760b4419bb26f6cb15f2c1221 - - default default] Tap Mirror: Handle Delete Port: 352deb6f-6409-4b98-b820-fc0296e82071
2026-05-08 00:43:54.433 8 INFO neutron.db.ovn_revision_numbers_db [None req-8c3c45ae-7e8d-48b2-aeed-054df347dc9e 0fb53bc5932c46238108f77acfdf6773 cdee483e390b476681787f7f5abe596c - - default default] Successfully bumped revision number for resource 5295b5f1-bf14-4555-b519-dfc62fefd5e7 (type: networks) to 1 [pid: 7|app: 0|req: 1049/2091] 10.0.0.36 () {32 vars in 725 bytes} [Fri May 8 00:43:54 2026] DELETE /v2.0/networks/2a0c71b4-6ff9-4546-b303-7d09f3e69ca7 => generated 0 bytes in 323 msecs (HTTP/1.1 204) 3 headers in 131 bytes (1 switches on core 0) [pid: 7|app: 0|req: 1050/2092] 10.0.0.36 () {32 vars in 735 bytes} [Fri May 8 00:43:54 2026] GET /v2.0/ports?device_id=ead57583-1dc4-442e-bcfc-7c3c7f5e5042 => generated 12 bytes in 21 msecs (HTTP/1.1 200) 4 headers in 156 bytes (1 switches on core 0)
2026-05-08 00:43:54.564 7 INFO neutron.api.v2.resource [None req-84c4e183-e85d-47c2-a6bf-6de4373de2d7 1b25d2591382453d9cecb682d2a16480 bd8947912d284cfc8589f7085853f032 - - default default] delete failed (client error): The resource could not be found. [pid: 7|app: 0|req: 1051/2093] 10.0.0.36 () {32 vars in 723 bytes} [Fri May 8 00:43:54 2026] DELETE /v2.0/routers/ead57583-1dc4-442e-bcfc-7c3c7f5e5042 => generated 135 bytes in 18 msecs (HTTP/1.1 404) 4 headers in 164 bytes (1 switches on core 0)
2026-05-08 00:43:54.583 7 INFO neutron.pecan_wsgi.hooks.translation [None req-3eb9456e-3734-4d4b-9df7-f26bb7e25339 1b25d2591382453d9cecb682d2a16480 bd8947912d284cfc8589f7085853f032 - - default default] DELETE failed (client error): The resource could not be found. [pid: 7|app: 0|req: 1052/2094] 10.0.0.36 () {32 vars in 723 bytes} [Fri May 8 00:43:54 2026] DELETE /v2.0/subnets/f9358f94-15f9-4f65-b3ec-62a888d48c0d => generated 136 bytes in 15 msecs (HTTP/1.1 404) 4 headers in 164 bytes (1 switches on core 0)
2026-05-08 00:43:54.597 8 WARNING neutron.scheduler.dhcp_agent_scheduler [None req-8c3c45ae-7e8d-48b2-aeed-054df347dc9e 0fb53bc5932c46238108f77acfdf6773 cdee483e390b476681787f7f5abe596c - - default default] No more DHCP agents
2026-05-08 00:43:54.598 8 WARNING neutron.api.rpc.agentnotifiers.dhcp_rpc_agent_api [None req-8c3c45ae-7e8d-48b2-aeed-054df347dc9e 0fb53bc5932c46238108f77acfdf6773 cdee483e390b476681787f7f5abe596c - - default default] Unable to schedule network 5295b5f1-bf14-4555-b519-dfc62fefd5e7: no agents available; will retry on subsequent port and subnet creation events. [pid: 7|app: 0|req: 1053/2095] 10.0.0.36 () {32 vars in 735 bytes} [Fri May 8 00:43:54 2026] GET /v2.0/ports?device_id=d1b5b665-5a96-4661-998e-d5d8f547f19a => generated 12 bytes in 20 msecs (HTTP/1.1 200) 4 headers in 156 bytes (1 switches on core 0)
2026-05-08 00:43:54.641 7 INFO neutron.api.v2.resource [None req-6d7134ea-95ae-4ff1-88ef-d2c3922591e6 1b25d2591382453d9cecb682d2a16480 bd8947912d284cfc8589f7085853f032 - - default default] delete failed (client error): The resource could not be found. [pid: 7|app: 0|req: 1054/2096] 10.0.0.36 () {32 vars in 723 bytes} [Fri May 8 00:43:54 2026] DELETE /v2.0/routers/d1b5b665-5a96-4661-998e-d5d8f547f19a => generated 135 bytes in 31 msecs (HTTP/1.1 404) 4 headers in 164 bytes (1 switches on core 0)
2026-05-08 00:43:54.660 7 INFO neutron.pecan_wsgi.hooks.translation [None req-70034609-4779-47a1-bde3-5bf24bf9757c 1b25d2591382453d9cecb682d2a16480 bd8947912d284cfc8589f7085853f032 - - default default] DELETE failed (client error): The resource could not be found. [pid: 7|app: 0|req: 1055/2097] 10.0.0.36 () {32 vars in 723 bytes} [Fri May 8 00:43:54 2026] DELETE /v2.0/subnets/9c390a72-e862-4167-a6ed-71113d14aa18 => generated 136 bytes in 15 msecs (HTTP/1.1 404) 4 headers in 164 bytes (1 switches on core 0)
2026-05-08 00:43:54.664 8 INFO neutron.plugins.ml2.drivers.ovn.mech_driver.mech_driver [None req-d988e6dd-8a36-445a-a251-a549ff616212 - - - - - -] OVN reports status down for port: 769a82cd-69b8-44e1-a8a2-eb9761735bd6
2026-05-08 00:43:54.680 7 INFO neutron.pecan_wsgi.hooks.translation [None req-7c9306e2-b738-464c-b9c7-0afeb39281de 1b25d2591382453d9cecb682d2a16480 bd8947912d284cfc8589f7085853f032 - - default default] DELETE failed (client error): The resource could not be found. [pid: 7|app: 0|req: 1056/2098] 10.0.0.36 () {32 vars in 723 bytes} [Fri May 8 00:43:54 2026] DELETE /v2.0/subnets/9fa90de1-b5de-4cd8-9305-6f6c1a42bb6e => generated 136 bytes in 14 msecs (HTTP/1.1 404) 4 headers in 164 bytes (1 switches on core 0)
2026-05-08 00:43:54.726 8 INFO neutron.db.ovn_revision_numbers_db [None req-8c3c45ae-7e8d-48b2-aeed-054df347dc9e 0fb53bc5932c46238108f77acfdf6773 cdee483e390b476681787f7f5abe596c - - default default] Successfully bumped revision number for resource 769a82cd-69b8-44e1-a8a2-eb9761735bd6 (type: ports) to 1 [pid: 8|app: 0|req: 1043/2099] 10.0.0.36 () {34 vars in 669 bytes} [Fri May 8 00:43:54 2026] POST /v2.0/networks => generated 673 bytes in 549 msecs (HTTP/1.1 201) 4 headers in 162 bytes (1 switches on core 0)
2026-05-08 00:43:54.966 7 INFO neutron.services.segments.plugin [-] Segment baa35391-36c7-4e33-8ea7-02a720ae2680 resource provider aggregate not found
2026-05-08 00:43:54.969 7 INFO neutron.services.segments.plugin [-] Segment baa35391-36c7-4e33-8ea7-02a720ae2680 resource provider aggregate not found
2026-05-08 00:43:54.995 7 INFO neutron.services.segments.plugin [-] Segment baa35391-36c7-4e33-8ea7-02a720ae2680 resource provider not found; error: Placement Client Error (4xx): {"errors": [{"status": 404, "title": "Not Found", "detail": "The resource could not be found.\n\n No resource provider with uuid baa35391-36c7-4e33-8ea7-02a720ae2680 found for delete ", "request_id": "req-6bbf5fcf-48ee-48de-a5a0-751889926eab"}]}
2026-05-08 00:43:54.996 7 INFO neutron.services.segments.plugin [-] Segment baa35391-36c7-4e33-8ea7-02a720ae2680 resource provider not found; error: Placement Client Error (4xx): {"errors": [{"status": 404, "title": "Not Found", "detail": "The resource could not be found.\n\n No resource provider with uuid baa35391-36c7-4e33-8ea7-02a720ae2680 found for delete ", "request_id": "req-d782da0a-42db-452e-8090-d5b0e858aca1"}]}
2026-05-08 00:43:55.014 7 WARNING neutron.scheduler.dhcp_agent_scheduler [None req-160ea0a0-ccf3-4db0-8964-84ecf8704054 0fb53bc5932c46238108f77acfdf6773 cdee483e390b476681787f7f5abe596c - - default default] No more DHCP agents
2026-05-08 00:43:55.016 7 INFO neutron.services.segments.plugin [-] Segment 4610951a-768f-4ca2-97ac-69ef5b38819f resource provider aggregate not found
2026-05-08 00:43:55.019 7 INFO neutron.services.segments.plugin [-] Segment 4610951a-768f-4ca2-97ac-69ef5b38819f resource provider aggregate not found
2026-05-08 00:43:55.025 7 WARNING neutron.api.rpc.agentnotifiers.dhcp_rpc_agent_api [None req-160ea0a0-ccf3-4db0-8964-84ecf8704054 0fb53bc5932c46238108f77acfdf6773 cdee483e390b476681787f7f5abe596c - - default default] Unable to schedule network 5295b5f1-bf14-4555-b519-dfc62fefd5e7: no agents available; will retry on subsequent port and subnet creation events.
2026-05-08 00:43:55.044 7 INFO neutron.services.segments.plugin [-] Segment 4610951a-768f-4ca2-97ac-69ef5b38819f resource provider not found; error: Placement Client Error (4xx): {"errors": [{"status": 404, "title": "Not Found", "detail": "The resource could not be found.\n\n No resource provider with uuid 4610951a-768f-4ca2-97ac-69ef5b38819f found for delete ", "request_id": "req-c1019db2-b55a-45e0-a01a-c71781109ef6"}]}
2026-05-08 00:43:55.045 7 INFO neutron.services.segments.plugin [-] Segment 4610951a-768f-4ca2-97ac-69ef5b38819f resource provider not found; error: Placement Client Error (4xx): {"errors": [{"status": 404, "title": "Not Found", "detail": "The resource could not be found.\n\n No resource provider with uuid 4610951a-768f-4ca2-97ac-69ef5b38819f found for delete ", "request_id": "req-637b5afe-accb-43de-ac5c-4224b2b8c517"}]}
2026-05-08 00:43:55.069 7 INFO neutron.db.ovn_revision_numbers_db [None req-160ea0a0-ccf3-4db0-8964-84ecf8704054 0fb53bc5932c46238108f77acfdf6773 cdee483e390b476681787f7f5abe596c - - default default] Successfully bumped revision number for resource 60916dc2-a826-4363-ba72-7ebd2ca209bb (type: subnets) to 0
2026-05-08 00:43:55.075 7 INFO neutron.services.segments.plugin [-] Segment 3e6e5423-a02a-45ae-ae5c-8b7bc63f067e resource provider aggregate not found
2026-05-08 00:43:55.077 7 INFO neutron.services.segments.plugin [-] Segment 3e6e5423-a02a-45ae-ae5c-8b7bc63f067e resource provider aggregate not found
2026-05-08 00:43:55.095 7 INFO neutron.services.segments.plugin [-] Segment 3e6e5423-a02a-45ae-ae5c-8b7bc63f067e resource provider not found; error: Placement Client Error (4xx): {"errors": [{"status": 404, "title": "Not Found", "detail": "The resource could not be found.\n\n No resource provider with uuid 3e6e5423-a02a-45ae-ae5c-8b7bc63f067e found for delete ", "request_id": "req-f101b07c-8991-4445-b919-5ea434524878"}]} [pid: 7|app: 0|req: 1057/2100] 10.0.0.36 () {34 vars in 668 bytes} [Fri May 8 00:43:54 2026] POST /v2.0/subnets => generated 646 bytes in 340 msecs (HTTP/1.1 201) 4 headers in 162 bytes (1 switches on core 0)
2026-05-08 00:43:55.108 7 INFO neutron.services.segments.plugin [-] Segment 3e6e5423-a02a-45ae-ae5c-8b7bc63f067e resource provider not found; error: Placement Client Error (4xx): {"errors": [{"status": 404, "title": "Not Found", "detail": "The resource could not be found.\n\n No resource provider with uuid 3e6e5423-a02a-45ae-ae5c-8b7bc63f067e found for delete ", "request_id": "req-ebc8e88d-d3fc-471e-b647-0a3c92c7a06d"}]}
2026-05-08 00:43:55.121 7 INFO neutron.services.segments.plugin [-] Segment 49ad4dfb-c48f-4c26-8832-9b36567e844b resource provider aggregate not found
2026-05-08 00:43:55.131 7 INFO neutron.services.segments.plugin [-] Segment 49ad4dfb-c48f-4c26-8832-9b36567e844b resource provider aggregate not found
2026-05-08 00:43:55.139 7 INFO neutron.services.segments.plugin [-] Segment 49ad4dfb-c48f-4c26-8832-9b36567e844b resource provider not found; error: Placement Client Error (4xx): {"errors": [{"status": 404, "title": "Not Found", "detail": "The resource could not be found.\n\n No resource provider with uuid 49ad4dfb-c48f-4c26-8832-9b36567e844b found for delete ", "request_id": "req-57ae0c05-1629-4e31-8d99-ee1d9c90f3fc"}]}
2026-05-08 00:43:55.142 7 INFO neutron.services.segments.plugin [-] Segment 49ad4dfb-c48f-4c26-8832-9b36567e844b resource provider not found; error: Placement Client Error (4xx): {"errors": [{"status": 404, "title": "Not Found", "detail": "The resource could not be found.\n\n No resource provider with uuid 49ad4dfb-c48f-4c26-8832-9b36567e844b found for delete ", "request_id": "req-26873be4-0ed9-4cde-88cd-c351fb04376a"}]}
2026-05-08 00:43:55.355 7 WARNING neutron.db.securitygroups_db [None req-0129b25e-51a0-4d46-8a5f-bf7889e3cdbc d8ab7df49cf1473b8046fc0310bcaba7 c31e879400c145eaba4726ad03fd3489 - - default default] project_id key not found in filters, using tenant_id instead. This support has been deprecated and will be removed in a future release. [pid: 7|app: 0|req: 1058/2101] 10.0.0.36 () {32 vars in 773 bytes} [Fri May 8 00:43:55 2026] GET /v2.0/security-groups?tenant_id=bd8947912d284cfc8589f7085853f032&name=default => generated 2925 bytes in 183 msecs (HTTP/1.1 200) 4 headers in 158 bytes (1 switches on core 0)
2026-05-08 00:43:55.409 8 WARNING neutron.scheduler.dhcp_agent_scheduler [None req-2d509758-469e-431c-b561-d8d834e51bda 0fb53bc5932c46238108f77acfdf6773 cdee483e390b476681787f7f5abe596c - - default default] No more DHCP agents
2026-05-08 00:43:55.410 8 WARNING neutron.api.rpc.agentnotifiers.dhcp_rpc_agent_api [None req-2d509758-469e-431c-b561-d8d834e51bda 0fb53bc5932c46238108f77acfdf6773 cdee483e390b476681787f7f5abe596c - - default default] Unable to schedule network 5295b5f1-bf14-4555-b519-dfc62fefd5e7: no agents available; will retry on subsequent port and subnet creation events.
2026-05-08 00:43:55.421 7 WARNING neutron.db.securitygroups_db [None req-b9fda441-a739-4b38-ba11-e7b34fc6c91c d8ab7df49cf1473b8046fc0310bcaba7 c31e879400c145eaba4726ad03fd3489 - - default default] project_id key not found in filters, using tenant_id instead. This support has been deprecated and will be removed in a future release.
2026-05-08 00:43:55.495 8 INFO neutron.plugins.ml2.drivers.ovn.mech_driver.mech_driver [None req-d988e6dd-8a36-445a-a251-a549ff616212 - - - - - -] OVN reports status down for port: 7d43a41c-f931-4511-a74d-6b0ffa557a20
2026-05-08 00:43:55.560 7 WARNING neutron.plugins.ml2.drivers.ovn.mech_driver.ovsdb.ovn_client [None req-42c366d4-04ca-4869-8c45-00052c57935f - - - - - -] No hosting information found for port 3dbaba81-c545-4d55-8873-802d26418380: RuntimeError: No hosting information found for port 3dbaba81-c545-4d55-8873-802d26418380
2026-05-08 00:43:55.568 8 INFO neutron.db.ovn_revision_numbers_db [None req-2d509758-469e-431c-b561-d8d834e51bda 0fb53bc5932c46238108f77acfdf6773 cdee483e390b476681787f7f5abe596c - - default default] Successfully bumped revision number for resource 7d43a41c-f931-4511-a74d-6b0ffa557a20 (type: ports) to 1 [pid: 8|app: 0|req: 1044/2102] 10.0.0.36 () {34 vars in 664 bytes} [Fri May 8 00:43:55 2026] POST /v2.0/ports => generated 966 bytes in 554 msecs (HTTP/1.1 201) 4 headers in 162 bytes (1 switches on core 0) /var/lib/openstack/lib/python3.12/site-packages/pycadf/identifier.py:70: UserWarning: Invalid uuid: neutron. To ensure interoperability, identifiers should be a valid uuid. warnings.warn(('Invalid uuid: %s. To ensure interoperability, ' [pid: 8|app: 0|req: 1045/2103] 10.0.0.188 () {34 vars in 990 bytes} [Fri May 8 00:43:55 2026] GET /v2.0/ports?device_id=c541203a-ed8e-4b0a-a25b-3d14ad96bbda => generated 12 bytes in 16 msecs (HTTP/1.1 200) 4 headers in 156 bytes (1 switches on core 0) [pid: 8|app: 0|req: 1046/2104] 10.0.0.36 () {32 vars in 739 bytes} [Fri May 8 00:43:55 2026] DELETE /v2.0/security-groups/57bdc2a6-36dc-4f56-915f-3b1743170138 => generated 0 bytes in 185 msecs (HTTP/1.1 204) 2 headers in 112 bytes (1 switches on core 0)
2026-05-08 00:43:55.995 8 INFO neutron_taas.services.taas.taas_plugin [None req-f2626264-098c-4b56-8ab7-149fdbf8bbef 0fb53bc5932c46238108f77acfdf6773 cdee483e390b476681787f7f5abe596c - - default default] TaaS: Handle Delete Port: 7d43a41c-f931-4511-a74d-6b0ffa557a20
2026-05-08 00:43:55.998 8 INFO neutron_taas.services.taas.tap_mirror_plugin [None req-f2626264-098c-4b56-8ab7-149fdbf8bbef 0fb53bc5932c46238108f77acfdf6773 cdee483e390b476681787f7f5abe596c - - default default] Tap Mirror: Handle Delete Port: 7d43a41c-f931-4511-a74d-6b0ffa557a20
2026-05-08 00:43:56.125 7 INFO neutron.db.ovn_revision_numbers_db [None req-b9fda441-a739-4b38-ba11-e7b34fc6c91c d8ab7df49cf1473b8046fc0310bcaba7 c31e879400c145eaba4726ad03fd3489 - - default default] Successfully bumped revision number for resource 6dfc773e-1d0d-47e0-b38b-400c6b97a412 (type: security_groups) to 1
2026-05-08 00:43:56.136 7 INFO neutron.common.ovn.utils [None req-42c366d4-04ca-4869-8c45-00052c57935f - - - - - -] HA Chassis Group neutron-e260e3fb-0f97-4d19-8442-8ba3e8a03e42 synchronized; highest priority chassis 88beec2b-a582-4a07-abc1-12e0e819701d
2026-05-08 00:43:56.139 7 INFO neutron.db.ovn_revision_numbers_db [None req-b9fda441-a739-4b38-ba11-e7b34fc6c91c d8ab7df49cf1473b8046fc0310bcaba7 c31e879400c145eaba4726ad03fd3489 - - default default] Successfully bumped revision number for resource 219f8fed-3ed0-4c64-839c-d4bfeff79d44 (type: security_group_rules) to 0 [pid: 8|app: 0|req: 1047/2105] 10.0.0.36 () {32 vars in 719 bytes} [Fri May 8 00:43:55 2026] DELETE /v2.0/ports/7d43a41c-f931-4511-a74d-6b0ffa557a20 => generated 0 bytes in 291 msecs (HTTP/1.1 204) 3 headers in 131 bytes (1 switches on core 0)
2026-05-08 00:43:56.160 7 INFO neutron.db.ovn_revision_numbers_db [None req-b9fda441-a739-4b38-ba11-e7b34fc6c91c d8ab7df49cf1473b8046fc0310bcaba7 c31e879400c145eaba4726ad03fd3489 - - default default] Successfully bumped revision number for resource 3eb163e6-ed3f-4917-9add-a7894b8ff949 (type: security_group_rules) to 0
2026-05-08 00:43:56.181 7 INFO neutron.db.ovn_revision_numbers_db [None req-b9fda441-a739-4b38-ba11-e7b34fc6c91c d8ab7df49cf1473b8046fc0310bcaba7 c31e879400c145eaba4726ad03fd3489 - - default default] Successfully bumped revision number for resource 8552cfad-17f7-4f44-a860-e626f44f7f50 (type: security_group_rules) to 0
2026-05-08 00:43:56.187 8 INFO neutron.pecan_wsgi.hooks.translation [None req-5ad17191-8abd-46c7-a414-7bc2c5cfe5bb 0fb53bc5932c46238108f77acfdf6773 cdee483e390b476681787f7f5abe596c - - default default] DELETE failed (client error): The resource could not be found. [pid: 8|app: 0|req: 1048/2106] 10.0.0.36 () {32 vars in 719 bytes} [Fri May 8 00:43:56 2026] DELETE /v2.0/ports/7d43a41c-f931-4511-a74d-6b0ffa557a20 => generated 132 bytes in 26 msecs (HTTP/1.1 404) 4 headers in 164 bytes (1 switches on core 0)
2026-05-08 00:43:56.204 7 INFO neutron.db.ovn_revision_numbers_db [None req-b9fda441-a739-4b38-ba11-e7b34fc6c91c d8ab7df49cf1473b8046fc0310bcaba7 c31e879400c145eaba4726ad03fd3489 - - default default] Successfully bumped revision number for resource 8a2f6b76-2b11-4715-83a4-97f0e6229bc3 (type: security_group_rules) to 0
2026-05-08 00:43:56.220 8 INFO neutron.pecan_wsgi.hooks.translation [None req-55140cdf-152b-46d6-8113-6ec2f477b1ec 0fb53bc5932c46238108f77acfdf6773 cdee483e390b476681787f7f5abe596c - - default default] GET failed (client error): The resource could not be found. [pid: 8|app: 0|req: 1049/2107] 10.0.0.36 () {32 vars in 716 bytes} [Fri May 8 00:43:56 2026] GET /v2.0/ports/7d43a41c-f931-4511-a74d-6b0ffa557a20 => generated 132 bytes in 27 msecs (HTTP/1.1 404) 4 headers in 164 bytes (1 switches on core 0) [pid: 7|app: 0|req: 1059/2108] 10.0.0.36 () {32 vars in 773 bytes} [Fri May 8 00:43:55 2026] GET /v2.0/security-groups?tenant_id=a2b86feb0fc04226804d9a6d55814d7a&name=default => generated 2925 bytes in 889 msecs (HTTP/1.1 200) 4 headers in 158 bytes (1 switches on core 0)
2026-05-08 00:43:56.271 7 INFO neutron.db.ovn_revision_numbers_db [None req-42c366d4-04ca-4869-8c45-00052c57935f - - - - - -] Successfully bumped revision number for resource 3dbaba81-c545-4d55-8873-802d26418380 (type: router_ports) to 2
2026-05-08 00:43:56.272 7 INFO neutron.plugins.ml2.drivers.ovn.mech_driver.mech_driver [None req-42c366d4-04ca-4869-8c45-00052c57935f - - - - - -] OVN reports status down for port: 1fda703c-b054-4c3f-9983-835e0682bdef
2026-05-08 00:43:56.284 7 INFO neutron.plugins.ml2.drivers.ovn.mech_driver.mech_driver [None req-42c366d4-04ca-4869-8c45-00052c57935f - - - - - -] OVN reports status up for port: 1fda703c-b054-4c3f-9983-835e0682bdef [pid: 8|app: 0|req: 1050/2109] 10.0.0.36 () {32 vars in 723 bytes} [Fri May 8 00:43:56 2026] DELETE /v2.0/subnets/60916dc2-a826-4363-ba72-7ebd2ca209bb => generated 0 bytes in 140 msecs (HTTP/1.1 204) 3 headers in 131 bytes (1 switches on core 0)
2026-05-08 00:43:56.489 8 INFO neutron_taas.services.taas.taas_plugin [None req-108064dc-5219-48b6-a65b-bedddd7ef70e 0fb53bc5932c46238108f77acfdf6773 cdee483e390b476681787f7f5abe596c - - default default] TaaS: Handle Delete Port: 769a82cd-69b8-44e1-a8a2-eb9761735bd6
2026-05-08 00:43:56.491 8 INFO neutron_taas.services.taas.tap_mirror_plugin [None req-108064dc-5219-48b6-a65b-bedddd7ef70e 0fb53bc5932c46238108f77acfdf6773 cdee483e390b476681787f7f5abe596c - - default default] Tap Mirror: Handle Delete Port: 769a82cd-69b8-44e1-a8a2-eb9761735bd6 [pid: 7|app: 0|req: 1060/2110] 10.0.0.36 () {32 vars in 739 bytes} [Fri May 8 00:43:56 2026] DELETE /v2.0/security-groups/6dfc773e-1d0d-47e0-b38b-400c6b97a412 => generated 0 bytes in 221 msecs (HTTP/1.1 204) 2 headers in 112 bytes (1 switches on core 0)
2026-05-08 00:43:56.581 7 WARNING neutron.db.securitygroups_db [None req-130abfa8-2525-4e9c-a1ae-bfcc65fbaf7e d8ab7df49cf1473b8046fc0310bcaba7 c31e879400c145eaba4726ad03fd3489 - - default default] project_id key not found in filters, using tenant_id instead. This support has been deprecated and will be removed in a future release.
2026-05-08 00:43:56.673 8 INFO neutron.services.segments.plugin [-] Segment 84ff6637-aae4-4c4c-b004-1ef70722a9d6 resource provider aggregate not found
2026-05-08 00:43:56.677 8 INFO neutron.services.segments.plugin [-] Segment 84ff6637-aae4-4c4c-b004-1ef70722a9d6 resource provider aggregate not found
2026-05-08 00:43:56.695 8 INFO neutron.services.segments.plugin [-] Segment 84ff6637-aae4-4c4c-b004-1ef70722a9d6 resource provider not found; error: Placement Client Error (4xx): {"errors": [{"status": 404, "title": "Not Found", "detail": "The resource could not be found.\n\n No resource provider with uuid 84ff6637-aae4-4c4c-b004-1ef70722a9d6 found for delete ", "request_id": "req-a03ec8ed-83c2-4cbc-8d0d-4a9f869dbd99"}]}
2026-05-08 00:43:56.699 8 INFO neutron.services.segments.plugin [-] Segment 84ff6637-aae4-4c4c-b004-1ef70722a9d6 resource provider not found; error: Placement Client Error (4xx): {"errors": [{"status": 404, "title": "Not Found", "detail": "The resource could not be found.\n\n No resource provider with uuid 84ff6637-aae4-4c4c-b004-1ef70722a9d6 found for delete ", "request_id": "req-cd4a3378-7793-496b-a692-3e88a0ed0b98"}]}
2026-05-08 00:43:56.709 7 INFO neutron.db.ovn_revision_numbers_db [None req-130abfa8-2525-4e9c-a1ae-bfcc65fbaf7e d8ab7df49cf1473b8046fc0310bcaba7 c31e879400c145eaba4726ad03fd3489 - - default default] Successfully bumped revision number for resource f5af6918-37f1-4dc3-bfac-cdf4cc3a3599 (type: security_groups) to 1 [pid: 8|app: 0|req: 1051/2111] 10.0.0.36 () {32 vars in 725 bytes} [Fri May 8 00:43:56 2026] DELETE /v2.0/networks/5295b5f1-bf14-4555-b519-dfc62fefd5e7 => generated 0 bytes in 357 msecs (HTTP/1.1 204) 3 headers in 131 bytes (1 switches on core 0)
2026-05-08 00:43:56.728 7 INFO neutron.db.ovn_revision_numbers_db [None req-130abfa8-2525-4e9c-a1ae-bfcc65fbaf7e d8ab7df49cf1473b8046fc0310bcaba7 c31e879400c145eaba4726ad03fd3489 - - default default] Successfully bumped revision number for resource 42ebce58-0b07-491d-a3c1-2507d49ba4d8 (type: security_group_rules) to 0
2026-05-08 00:43:56.742 7 INFO neutron.db.ovn_revision_numbers_db [None req-130abfa8-2525-4e9c-a1ae-bfcc65fbaf7e d8ab7df49cf1473b8046fc0310bcaba7 c31e879400c145eaba4726ad03fd3489 - - default default] Successfully bumped revision number for resource 550bd9af-e7ce-4366-8549-9db35175a048 (type: security_group_rules) to 0
2026-05-08 00:43:56.752 7 INFO neutron.db.ovn_revision_numbers_db [None req-130abfa8-2525-4e9c-a1ae-bfcc65fbaf7e d8ab7df49cf1473b8046fc0310bcaba7 c31e879400c145eaba4726ad03fd3489 - - default default] Successfully bumped revision number for resource aba9b0d6-7487-465f-8190-b2583aae96ac (type: security_group_rules) to 0
2026-05-08 00:43:56.765 7 INFO neutron.db.ovn_revision_numbers_db [None req-130abfa8-2525-4e9c-a1ae-bfcc65fbaf7e d8ab7df49cf1473b8046fc0310bcaba7 c31e879400c145eaba4726ad03fd3489 - - default default] Successfully bumped revision number for resource cb713bb2-159b-497a-ad34-621231c40879 (type: security_group_rules) to 0 [pid: 7|app: 0|req: 1061/2112] 10.0.0.36 () {32 vars in 773 bytes} [Fri May 8 00:43:56 2026] GET /v2.0/security-groups?tenant_id=ecc396aabd0b4a78a273348b993895d2&name=default => generated 2925 bytes in 225 msecs (HTTP/1.1 200) 4 headers in 158 bytes (1 switches on core 0) [pid: 7|app: 0|req: 1062/2113] 10.0.0.188 () {34 vars in 990 bytes} [Fri May 8 00:43:56 2026] GET /v2.0/ports?device_id=c541203a-ed8e-4b0a-a25b-3d14ad96bbda => generated 12 bytes in 13 msecs (HTTP/1.1 200) 4 headers in 156 bytes (1 switches on core 0)
2026-05-08 00:43:56.819 8 INFO neutron.db.segments_db [None req-eeca561a-e700-45d9-a9e1-fdea75bfd98b 0fb53bc5932c46238108f77acfdf6773 cdee483e390b476681787f7f5abe596c - - default default] Added segment bf0d2294-7550-489d-8dbe-2469e8798e75 of type geneve for network 03579ebf-28fb-435a-9c4b-7fd9ac84f682
2026-05-08 00:43:56.945 8 INFO neutron.db.ovn_revision_numbers_db [None req-eeca561a-e700-45d9-a9e1-fdea75bfd98b 0fb53bc5932c46238108f77acfdf6773 cdee483e390b476681787f7f5abe596c - - default default] Successfully bumped revision number for resource 03579ebf-28fb-435a-9c4b-7fd9ac84f682 (type: networks) to 1 [pid: 7|app: 0|req: 1063/2114] 10.0.0.36 () {32 vars in 739 bytes} [Fri May 8 00:43:56 2026] DELETE /v2.0/security-groups/f5af6918-37f1-4dc3-bfac-cdf4cc3a3599 => generated 0 bytes in 157 msecs (HTTP/1.1 204) 2 headers in 112 bytes (1 switches on core 0)
2026-05-08 00:43:57.070 7 WARNING neutron.db.securitygroups_db [None req-a487c317-1cca-41f6-a7f9-d9c295401041 d8ab7df49cf1473b8046fc0310bcaba7 c31e879400c145eaba4726ad03fd3489 - - default default] project_id key not found in filters, using tenant_id instead. This support has been deprecated and will be removed in a future release. [pid: 7|app: 0|req: 1064/2115] 10.0.0.36 () {32 vars in 773 bytes} [Fri May 8 00:43:57 2026] GET /v2.0/security-groups?tenant_id=d3b89e2760b4419bb26f6cb15f2c1221&name=default => generated 2925 bytes in 25 msecs (HTTP/1.1 200) 4 headers in 158 bytes (1 switches on core 0)
2026-05-08 00:43:57.116 8 WARNING neutron.scheduler.dhcp_agent_scheduler [None req-eeca561a-e700-45d9-a9e1-fdea75bfd98b 0fb53bc5932c46238108f77acfdf6773 cdee483e390b476681787f7f5abe596c - - default default] No more DHCP agents
2026-05-08 00:43:57.117 8 WARNING neutron.api.rpc.agentnotifiers.dhcp_rpc_agent_api [None req-eeca561a-e700-45d9-a9e1-fdea75bfd98b 0fb53bc5932c46238108f77acfdf6773 cdee483e390b476681787f7f5abe596c - - default default] Unable to schedule network 03579ebf-28fb-435a-9c4b-7fd9ac84f682: no agents available; will retry on subsequent port and subnet creation events.
2026-05-08 00:43:57.179 7 INFO neutron.plugins.ml2.drivers.ovn.mech_driver.mech_driver [None req-42c366d4-04ca-4869-8c45-00052c57935f - - - - - -] OVN reports status down for port: cf5bdc87-89e6-448d-ae0a-8053159c87f1
2026-05-08 00:43:57.197 8 INFO neutron.db.ovn_revision_numbers_db [None req-eeca561a-e700-45d9-a9e1-fdea75bfd98b 0fb53bc5932c46238108f77acfdf6773 cdee483e390b476681787f7f5abe596c - - default default] Successfully bumped revision number for resource cf5bdc87-89e6-448d-ae0a-8053159c87f1 (type: ports) to 1 [pid: 8|app: 0|req: 1052/2116] 10.0.0.36 () {34 vars in 669 bytes} [Fri May 8 00:43:56 2026] POST /v2.0/networks => generated 673 bytes in 488 msecs (HTTP/1.1 201) 4 headers in 162 bytes (1 switches on core 0) [pid: 7|app: 0|req: 1065/2117] 10.0.0.36 () {32 vars in 739 bytes} [Fri May 8 00:43:57 2026] DELETE /v2.0/security-groups/18d3411f-379e-4588-b746-af23ea7b2bd4 => generated 0 bytes in 264 msecs (HTTP/1.1 204) 2 headers in 112 bytes (1 switches on core 0)
2026-05-08 00:43:57.451 8 WARNING neutron.scheduler.dhcp_agent_scheduler [None req-ee61ceb8-8682-443d-856a-f9c52d0b45d8 0fb53bc5932c46238108f77acfdf6773 cdee483e390b476681787f7f5abe596c - - default default] No more DHCP agents
2026-05-08 00:43:57.453 8 WARNING neutron.api.rpc.agentnotifiers.dhcp_rpc_agent_api [None req-ee61ceb8-8682-443d-856a-f9c52d0b45d8 0fb53bc5932c46238108f77acfdf6773 cdee483e390b476681787f7f5abe596c - - default default] Unable to schedule network 03579ebf-28fb-435a-9c4b-7fd9ac84f682: no agents available; will retry on subsequent port and subnet creation events.
2026-05-08 00:43:57.477 8 INFO neutron.db.ovn_revision_numbers_db [None req-ee61ceb8-8682-443d-856a-f9c52d0b45d8 0fb53bc5932c46238108f77acfdf6773 cdee483e390b476681787f7f5abe596c - - default default] Successfully bumped revision number for resource 60b4f5c6-6895-4891-91a5-325e435a1deb (type: subnets) to 0 [pid: 8|app: 0|req: 1053/2118] 10.0.0.36 () {34 vars in 668 bytes} [Fri May 8 00:43:57 2026] POST /v2.0/subnets => generated 646 bytes in 274 msecs (HTTP/1.1 201) 4 headers in 162 bytes (1 switches on core 0) [pid: 8|app: 0|req: 1054/2119] 10.0.0.36 () {32 vars in 622 bytes} [Fri May 8 00:43:57 2026] GET / => generated 151 bytes in 3 msecs (HTTP/1.1 200) 3 headers in 91 bytes (1 switches on core 0)
2026-05-08 00:43:57.727 7 WARNING neutron.scheduler.dhcp_agent_scheduler [None req-d5e14775-5de2-4bc8-acb7-344492ec0b80 0fb53bc5932c46238108f77acfdf6773 cdee483e390b476681787f7f5abe596c - - default default] No more DHCP agents
2026-05-08 00:43:57.728 7 WARNING neutron.api.rpc.agentnotifiers.dhcp_rpc_agent_api [None req-d5e14775-5de2-4bc8-acb7-344492ec0b80 0fb53bc5932c46238108f77acfdf6773 cdee483e390b476681787f7f5abe596c - - default default] Unable to schedule network 03579ebf-28fb-435a-9c4b-7fd9ac84f682: no agents available; will retry on subsequent port and subnet creation events. [pid: 8|app: 0|req: 1055/2120] 10.0.0.36 () {32 vars in 632 bytes} [Fri May 8 00:43:57 2026] GET /v2.0/ => generated 632 bytes in 153 msecs (HTTP/1.1 200) 4 headers in 157 bytes (1 switches on core 0)
2026-05-08 00:43:57.820 8 INFO neutron.plugins.ml2.drivers.ovn.mech_driver.mech_driver [None req-d988e6dd-8a36-445a-a251-a549ff616212 - - - - - -] OVN reports status down for port: 582ea70e-b9e3-48a5-aadd-64e7ef481942
2026-05-08 00:43:57.835 7 INFO neutron.db.ovn_revision_numbers_db [None req-d5e14775-5de2-4bc8-acb7-344492ec0b80 0fb53bc5932c46238108f77acfdf6773 cdee483e390b476681787f7f5abe596c - - default default] Successfully bumped revision number for resource 582ea70e-b9e3-48a5-aadd-64e7ef481942 (type: ports) to 1 [pid: 7|app: 0|req: 1066/2121] 10.0.0.36 () {34 vars in 664 bytes} [Fri May 8 00:43:57 2026] POST /v2.0/ports => generated 928 bytes in 385 msecs (HTTP/1.1 201) 4 headers in 162 bytes (1 switches on core 0) [pid: 8|app: 0|req: 1056/2122] 10.0.0.188 () {34 vars in 990 bytes} [Fri May 8 00:43:57 2026] GET /v2.0/ports?device_id=c541203a-ed8e-4b0a-a25b-3d14ad96bbda => generated 12 bytes in 21 msecs (HTTP/1.1 200) 4 headers in 156 bytes (1 switches on core 0)
2026-05-08 00:43:58.068 7 INFO neutron_taas.services.taas.taas_plugin [None req-94514247-42c2-4da2-b04d-acb03cc33540 0fb53bc5932c46238108f77acfdf6773 cdee483e390b476681787f7f5abe596c - - default default] TaaS: Handle Delete Port: 582ea70e-b9e3-48a5-aadd-64e7ef481942
2026-05-08 00:43:58.071 7 INFO neutron_taas.services.taas.tap_mirror_plugin [None req-94514247-42c2-4da2-b04d-acb03cc33540 0fb53bc5932c46238108f77acfdf6773 cdee483e390b476681787f7f5abe596c - - default default] Tap Mirror: Handle Delete Port: 582ea70e-b9e3-48a5-aadd-64e7ef481942 [pid: 8|app: 0|req: 1057/2123] 199.19.213.225 () {34 vars in 986 bytes} [Fri May 8 00:43:58 2026] GET /v2.0/networks?id=6e5cb7a6-c832-4038-b02c-1bb44ef22bed => generated 711 bytes in 58 msecs (HTTP/1.1 200) 4 headers in 157 bytes (1 switches on core 0) [pid: 7|app: 0|req: 1067/2124] 10.0.0.36 () {32 vars in 719 bytes} [Fri May 8 00:43:57 2026] DELETE /v2.0/ports/582ea70e-b9e3-48a5-aadd-64e7ef481942 => generated 0 bytes in 329 msecs (HTTP/1.1 204) 3 headers in 131 bytes (1 switches on core 0)
2026-05-08 00:43:58.237 7 WARNING neutron.db.securitygroups_db [req-ecd70975-026c-4203-a0c8-031322ca2f04 req-a5169b15-8f11-42dd-8f70-65c3e9fb8854 8df068bf6cfd47f583668e0aa2b81850 986ebc2cd10149d6b75c29ffaca9369c - - default default] project_id key not found in filters, using tenant_id instead. This support has been deprecated and will be removed in a future release.
2026-05-08 00:43:58.246 8 INFO neutron.pecan_wsgi.hooks.translation [None req-37a7f38f-f7e2-4303-867f-ccd8b5756060 0fb53bc5932c46238108f77acfdf6773 cdee483e390b476681787f7f5abe596c - - default default] GET failed (client error): The resource could not be found. [pid: 8|app: 0|req: 1058/2125] 10.0.0.36 () {32 vars in 716 bytes} [Fri May 8 00:43:58 2026] GET /v2.0/ports/582ea70e-b9e3-48a5-aadd-64e7ef481942 => generated 132 bytes in 16 msecs (HTTP/1.1 404) 4 headers in 164 bytes (1 switches on core 0) [pid: 7|app: 0|req: 1068/2126] 199.19.213.225 () {34 vars in 1050 bytes} [Fri May 8 00:43:58 2026] GET /v2.0/security-groups?fields=id&fields=name&tenant_id=986ebc2cd10149d6b75c29ffaca9369c => generated 272 bytes in 34 msecs (HTTP/1.1 200) 4 headers in 157 bytes (1 switches on core 0)
2026-05-08 00:43:58.342 8 WARNING neutron.db.securitygroups_db [None req-54c6b2b5-d8b4-4f54-a287-ef94bcd88c3a d8ab7df49cf1473b8046fc0310bcaba7 c31e879400c145eaba4726ad03fd3489 - - default default] project_id key not found in filters, using tenant_id instead. This support has been deprecated and will be removed in a future release. [pid: 7|app: 0|req: 1069/2127] 10.0.0.36 () {32 vars in 723 bytes} [Fri May 8 00:43:58 2026] DELETE /v2.0/subnets/60b4f5c6-6895-4891-91a5-325e435a1deb => generated 0 bytes in 210 msecs (HTTP/1.1 204) 3 headers in 131 bytes (1 switches on core 0)
2026-05-08 00:43:58.547 8 INFO neutron.db.ovn_revision_numbers_db [None req-54c6b2b5-d8b4-4f54-a287-ef94bcd88c3a d8ab7df49cf1473b8046fc0310bcaba7 c31e879400c145eaba4726ad03fd3489 - - default default] Successfully bumped revision number for resource 5b3a4f95-4b43-4da6-8e80-b59b114cddd7 (type: security_groups) to 1
2026-05-08 00:43:58.575 8 INFO neutron.db.ovn_revision_numbers_db [None req-54c6b2b5-d8b4-4f54-a287-ef94bcd88c3a d8ab7df49cf1473b8046fc0310bcaba7 c31e879400c145eaba4726ad03fd3489 - - default default] Successfully bumped revision number for resource 92b42049-7028-48ac-a879-de380e23096a (type: security_group_rules) to 0
2026-05-08 00:43:58.617 8 INFO neutron.db.ovn_revision_numbers_db [None req-54c6b2b5-d8b4-4f54-a287-ef94bcd88c3a d8ab7df49cf1473b8046fc0310bcaba7 c31e879400c145eaba4726ad03fd3489 - - default default] Successfully bumped revision number for resource a7e163ec-c211-4e04-bb6b-b5d47b952d8b (type: security_group_rules) to 0
2026-05-08 00:43:58.639 8 INFO neutron.db.ovn_revision_numbers_db [None req-54c6b2b5-d8b4-4f54-a287-ef94bcd88c3a d8ab7df49cf1473b8046fc0310bcaba7 c31e879400c145eaba4726ad03fd3489 - - default default] Successfully bumped revision number for resource b71757c4-1421-4494-ac41-89ea822233d1 (type: security_group_rules) to 0
2026-05-08 00:43:58.660 8 INFO neutron.db.ovn_revision_numbers_db [None req-54c6b2b5-d8b4-4f54-a287-ef94bcd88c3a d8ab7df49cf1473b8046fc0310bcaba7 c31e879400c145eaba4726ad03fd3489 - - default default] Successfully bumped revision number for resource c734a011-e3d8-464c-88ef-fb381928f7dc (type: security_group_rules) to 0 [pid: 8|app: 0|req: 1059/2128] 10.0.0.36 () {32 vars in 773 bytes} [Fri May 8 00:43:58 2026] GET /v2.0/security-groups?tenant_id=2a3da8dff542421bbc940ada5d945a99&name=default => generated 2925 bytes in 447 msecs (HTTP/1.1 200) 4 headers in 158 bytes (1 switches on core 0)
2026-05-08 00:43:58.811 8 INFO neutron_taas.services.taas.taas_plugin [None req-bac0e05e-5723-4a8a-9df2-666b0f249030 0fb53bc5932c46238108f77acfdf6773 cdee483e390b476681787f7f5abe596c - - default default] TaaS: Handle Delete Port: cf5bdc87-89e6-448d-ae0a-8053159c87f1
2026-05-08 00:43:58.813 8 INFO neutron_taas.services.taas.tap_mirror_plugin [None req-bac0e05e-5723-4a8a-9df2-666b0f249030 0fb53bc5932c46238108f77acfdf6773 cdee483e390b476681787f7f5abe596c - - default default] Tap Mirror: Handle Delete Port: cf5bdc87-89e6-448d-ae0a-8053159c87f1
2026-05-08 00:43:58.870 7 WARNING neutron.scheduler.dhcp_agent_scheduler [req-ecd70975-026c-4203-a0c8-031322ca2f04 req-138c5d52-b251-414c-890b-f382828a4086 8df068bf6cfd47f583668e0aa2b81850 986ebc2cd10149d6b75c29ffaca9369c - - default default] No more DHCP agents
2026-05-08 00:43:58.871 7 WARNING neutron.api.rpc.agentnotifiers.dhcp_rpc_agent_api [req-ecd70975-026c-4203-a0c8-031322ca2f04 req-138c5d52-b251-414c-890b-f382828a4086 8df068bf6cfd47f583668e0aa2b81850 986ebc2cd10149d6b75c29ffaca9369c - - default default] Unable to schedule network 6e5cb7a6-c832-4038-b02c-1bb44ef22bed: no agents available; will retry on subsequent port and subnet creation events.
2026-05-08 00:43:58.990 8 INFO neutron.services.segments.plugin [-] Segment bf0d2294-7550-489d-8dbe-2469e8798e75 resource provider aggregate not found
2026-05-08 00:43:58.995 8 INFO neutron.services.segments.plugin [-] Segment bf0d2294-7550-489d-8dbe-2469e8798e75 resource provider aggregate not found
2026-05-08 00:43:59.015 8 INFO neutron.services.segments.plugin [-] Segment bf0d2294-7550-489d-8dbe-2469e8798e75 resource provider not found; error: Placement Client Error (4xx): {"errors": [{"status": 404, "title": "Not Found", "detail": "The resource could not be found.\n\n No resource provider with uuid bf0d2294-7550-489d-8dbe-2469e8798e75 found for delete ", "request_id": "req-f2a3521a-92f6-4616-a878-ea6e18e4cd16"}]}
2026-05-08 00:43:59.019 8 INFO neutron.services.segments.plugin [-] Segment bf0d2294-7550-489d-8dbe-2469e8798e75 resource provider not found; error: Placement Client Error (4xx): {"errors": [{"status": 404, "title": "Not Found", "detail": "The resource could not be found.\n\n No resource provider with uuid bf0d2294-7550-489d-8dbe-2469e8798e75 found for delete ", "request_id": "req-a67900ff-7302-4ab1-9aed-ba2a8e85de59"}]} [pid: 8|app: 0|req: 1060/2129] 10.0.0.36 () {32 vars in 725 bytes} [Fri May 8 00:43:58 2026] DELETE /v2.0/networks/03579ebf-28fb-435a-9c4b-7fd9ac84f682 => generated 0 bytes in 381 msecs (HTTP/1.1 204) 3 headers in 131 bytes (1 switches on core 0)
2026-05-08 00:43:59.094 8 INFO neutron.plugins.ml2.drivers.ovn.mech_driver.mech_driver [None req-d988e6dd-8a36-445a-a251-a549ff616212 - - - - - -] OVN reports status down for port: cf127242-db96-4a3c-a863-bf08c42e3622
2026-05-08 00:43:59.114 7 INFO neutron.db.ovn_revision_numbers_db [req-ecd70975-026c-4203-a0c8-031322ca2f04 req-138c5d52-b251-414c-890b-f382828a4086 8df068bf6cfd47f583668e0aa2b81850 986ebc2cd10149d6b75c29ffaca9369c - - default default] Successfully bumped revision number for resource cf127242-db96-4a3c-a863-bf08c42e3622 (type: ports) to 1 [pid: 7|app: 0|req: 1070/2130] 199.19.213.225 () {38 vars in 955 bytes} [Fri May 8 00:43:58 2026] POST /v2.0/ports => generated 997 bytes in 705 msecs (HTTP/1.1 201) 4 headers in 162 bytes (1 switches on core 0) /var/lib/openstack/lib/python3.12/site-packages/pycadf/identifier.py:70: UserWarning: Invalid uuid: neutron. To ensure interoperability, identifiers should be a valid uuid. warnings.warn(('Invalid uuid: %s. To ensure interoperability, ' [pid: 7|app: 0|req: 1071/2131] 10.0.0.188 () {34 vars in 990 bytes} [Fri May 8 00:43:59 2026] GET /v2.0/ports?device_id=c541203a-ed8e-4b0a-a25b-3d14ad96bbda => generated 1000 bytes in 43 msecs (HTTP/1.1 200) 4 headers in 158 bytes (1 switches on core 0) [pid: 8|app: 0|req: 1061/2132] 10.0.0.36 () {32 vars in 739 bytes} [Fri May 8 00:43:59 2026] DELETE /v2.0/security-groups/5b3a4f95-4b43-4da6-8e80-b59b114cddd7 => generated 0 bytes in 249 msecs (HTTP/1.1 204) 2 headers in 112 bytes (1 switches on core 0)
2026-05-08 00:43:59.465 7 WARNING neutron.scheduler.dhcp_agent_scheduler [None req-2b76ab7c-1554-4f10-a7fd-2fcce3a739b4 0fb53bc5932c46238108f77acfdf6773 cdee483e390b476681787f7f5abe596c - - default default] No more DHCP agents
2026-05-08 00:43:59.466 7 WARNING neutron.api.rpc.agentnotifiers.dhcp_rpc_agent_api [None req-2b76ab7c-1554-4f10-a7fd-2fcce3a739b4 0fb53bc5932c46238108f77acfdf6773 cdee483e390b476681787f7f5abe596c - - default default] Unable to schedule network fcf89233-775c-4fda-8946-ae5f8948b3ee: no agents available; will retry on subsequent port and subnet creation events.
2026-05-08 00:43:59.523 7 INFO neutron.plugins.ml2.drivers.ovn.mech_driver.mech_driver [None req-42c366d4-04ca-4869-8c45-00052c57935f - - - - - -] OVN reports status down for port: 532e2f43-670b-4fcd-aac8-d18fe8de943f
2026-05-08 00:43:59.585 7 INFO neutron.db.ovn_revision_numbers_db [None req-2b76ab7c-1554-4f10-a7fd-2fcce3a739b4 0fb53bc5932c46238108f77acfdf6773 cdee483e390b476681787f7f5abe596c - - default default] Successfully bumped revision number for resource 532e2f43-670b-4fcd-aac8-d18fe8de943f (type: ports) to 1 [pid: 7|app: 0|req: 1072/2133] 10.0.0.36 () {34 vars in 664 bytes} [Fri May 8 00:43:59 2026] POST /v2.0/ports => generated 779 bytes in 437 msecs (HTTP/1.1 201) 4 headers in 162 bytes (1 switches on core 0) /var/lib/openstack/lib/python3.12/site-packages/pycadf/identifier.py:70: UserWarning: Invalid uuid: neutron. To ensure interoperability, identifiers should be a valid uuid. warnings.warn(('Invalid uuid: %s. To ensure interoperability, ' [pid: 7|app: 0|req: 1073/2134] 10.0.0.188 () {34 vars in 1120 bytes} [Fri May 8 00:43:59 2026] GET /v2.0/security-groups?id=efa1f857-76a7-4646-81de-c98fd5acef36&id=a81b6759-bf40-4ab8-b0b9-018b928040c9&fields=id&fields=name => generated 205 bytes in 35 msecs (HTTP/1.1 200) 4 headers in 157 bytes (1 switches on core 0)
2026-05-08 00:43:59.762 8 INFO neutron.db.ovn_revision_numbers_db [req-ecd70975-026c-4203-a0c8-031322ca2f04 req-413a0153-e006-42bf-a7fb-72fab4cf31ec a1122115061c4064bbe72436a6de853c 4575d09db4e54e0bb29eddcaeb4fdb4e - - 8b1c373330724f3f8c077bb50596426c 8b1c373330724f3f8c077bb50596426c] Successfully bumped revision number for resource cf127242-db96-4a3c-a863-bf08c42e3622 (type: ports) to 2
2026-05-08 00:43:59.980 7 INFO neutron.plugins.ml2.drivers.ovn.mech_driver.mech_driver [None req-42c366d4-04ca-4869-8c45-00052c57935f - - - - - -] OVN reports status down for port: 532e2f43-670b-4fcd-aac8-d18fe8de943f
2026-05-08 00:44:00.024 7 INFO neutron.db.ovn_revision_numbers_db [None req-da05866b-dae3-4d69-a703-cddee49795e1 0fb53bc5932c46238108f77acfdf6773 cdee483e390b476681787f7f5abe596c - - default default] Successfully bumped revision number for resource 532e2f43-670b-4fcd-aac8-d18fe8de943f (type: ports) to 2 [pid: 7|app: 0|req: 1074/2135] 10.0.0.36 () {34 vars in 736 bytes} [Fri May 8 00:43:59 2026] PUT /v2.0/ports/532e2f43-670b-4fcd-aac8-d18fe8de943f => generated 752 bytes in 356 msecs (HTTP/1.1 200) 4 headers in 157 bytes (1 switches on core 0) /var/lib/openstack/lib/python3.12/site-packages/pycadf/identifier.py:70: UserWarning: Invalid uuid: neutron. To ensure interoperability, identifiers should be a valid uuid. warnings.warn(('Invalid uuid: %s. To ensure interoperability, '
2026-05-08 00:44:00.081 8 INFO neutron.db.ovn_revision_numbers_db [req-ecd70975-026c-4203-a0c8-031322ca2f04 req-413a0153-e006-42bf-a7fb-72fab4cf31ec a1122115061c4064bbe72436a6de853c 4575d09db4e54e0bb29eddcaeb4fdb4e - - 8b1c373330724f3f8c077bb50596426c 8b1c373330724f3f8c077bb50596426c] Successfully bumped revision number for resource cf127242-db96-4a3c-a863-bf08c42e3622 (type: ports) to 4 [pid: 8|app: 0|req: 1062/2136] 199.19.213.225 () {38 vars in 1028 bytes} [Fri May 8 00:43:59 2026] PUT /v2.0/ports/cf127242-db96-4a3c-a863-bf08c42e3622 => generated 1270 bytes in 787 msecs (HTTP/1.1 200) 4 headers in 158 bytes (1 switches on core 0)
2026-05-08 00:44:00.165 8 INFO neutron.notifiers.nova [-] Nova event matching ['req-8f8da9b7-e7fb-4d38-9b47-531a75342ac5'] response: {'name': 'network-changed', 'server_uuid': 'c541203a-ed8e-4b0a-a25b-3d14ad96bbda', 'tag': 'cf127242-db96-4a3c-a863-bf08c42e3622', 'status': 'completed', 'code': 200}
2026-05-08 00:44:00.227 7 INFO neutron_taas.services.taas.taas_plugin [None req-de39da2e-b0df-4ba7-9484-9e62462cf76b 0fb53bc5932c46238108f77acfdf6773 cdee483e390b476681787f7f5abe596c - - default default] TaaS: Handle Delete Port: 532e2f43-670b-4fcd-aac8-d18fe8de943f
2026-05-08 00:44:00.230 7 INFO neutron_taas.services.taas.tap_mirror_plugin [None req-de39da2e-b0df-4ba7-9484-9e62462cf76b 0fb53bc5932c46238108f77acfdf6773 cdee483e390b476681787f7f5abe596c - - default default] Tap Mirror: Handle Delete Port: 532e2f43-670b-4fcd-aac8-d18fe8de943f [pid: 7|app: 0|req: 1075/2137] 10.0.0.36 () {32 vars in 719 bytes} [Fri May 8 00:44:00 2026] DELETE /v2.0/ports/532e2f43-670b-4fcd-aac8-d18fe8de943f => generated 0 bytes in 308 msecs (HTTP/1.1 204) 3 headers in 131 bytes (1 switches on core 0) /var/lib/openstack/lib/python3.12/site-packages/pycadf/identifier.py:70: UserWarning: Invalid uuid: neutron. To ensure interoperability, identifiers should be a valid uuid. warnings.warn(('Invalid uuid: %s. To ensure interoperability, ' [pid: 8|app: 0|req: 1063/2138] 10.0.0.36 () {32 vars in 642 bytes} [Fri May 8 00:44:00 2026] GET /v2.0/ports => generated 1537 bytes in 71 msecs (HTTP/1.1 200) 4 headers in 158 bytes (1 switches on core 0)
2026-05-08 00:44:00.471 7 INFO neutron.pecan_wsgi.hooks.translation [None req-1a149a72-1c61-4b21-8161-6b870ccec19f 0fb53bc5932c46238108f77acfdf6773 cdee483e390b476681787f7f5abe596c - - default default] GET failed (client error): The resource could not be found. [pid: 7|app: 0|req: 1076/2139] 10.0.0.36 () {32 vars in 716 bytes} [Fri May 8 00:44:00 2026] GET /v2.0/ports/532e2f43-670b-4fcd-aac8-d18fe8de943f => generated 132 bytes in 22 msecs (HTTP/1.1 404) 4 headers in 164 bytes (1 switches on core 0) [pid: 8|app: 0|req: 1064/2140] 10.0.0.36 () {32 vars in 642 bytes} [Fri May 8 00:44:00 2026] GET /v2.0/ports => generated 1537 bytes in 58 msecs (HTTP/1.1 200) 4 headers in 158 bytes (1 switches on core 0) [pid: 7|app: 0|req: 1077/2141] 10.0.0.36 () {32 vars in 716 bytes} [Fri May 8 00:44:00 2026] GET /v2.0/ports/edeb4f89-b96e-4941-adf2-381a2cf9ff3c => generated 778 bytes in 40 msecs (HTTP/1.1 200) 4 headers in 157 bytes (1 switches on core 0)
2026-05-08 00:44:00.616 8 INFO neutron.pecan_wsgi.hooks.translation [None req-b8422053-8cbd-4b92-9809-70b75452f70b 0fb53bc5932c46238108f77acfdf6773 cdee483e390b476681787f7f5abe596c - - default default] DELETE failed (client error): The resource could not be found. [pid: 8|app: 0|req: 1065/2142] 10.0.0.36 () {32 vars in 719 bytes} [Fri May 8 00:44:00 2026] DELETE /v2.0/ports/582ea70e-b9e3-48a5-aadd-64e7ef481942 => generated 132 bytes in 25 msecs (HTTP/1.1 404) 4 headers in 164 bytes (1 switches on core 0)
2026-05-08 00:44:00.645 7 INFO neutron.pecan_wsgi.hooks.translation [None req-c30b4b81-c7e0-46ed-80e8-ab51bea0faf7 0fb53bc5932c46238108f77acfdf6773 cdee483e390b476681787f7f5abe596c - - default default] DELETE failed (client error): The resource could not be found. [pid: 7|app: 0|req: 1078/2143] 10.0.0.36 () {32 vars in 723 bytes} [Fri May 8 00:44:00 2026] DELETE /v2.0/subnets/60b4f5c6-6895-4891-91a5-325e435a1deb => generated 136 bytes in 21 msecs (HTTP/1.1 404) 4 headers in 164 bytes (1 switches on core 0)
2026-05-08 00:44:00.680 8 INFO neutron.pecan_wsgi.hooks.translation [None req-e5a4fab8-3043-4cef-8aea-a3c6142483e1 0fb53bc5932c46238108f77acfdf6773 cdee483e390b476681787f7f5abe596c - - default default] DELETE failed (client error): The resource could not be found. [pid: 8|app: 0|req: 1066/2144] 10.0.0.36 () {32 vars in 723 bytes} [Fri May 8 00:44:00 2026] DELETE /v2.0/subnets/60916dc2-a826-4363-ba72-7ebd2ca209bb => generated 136 bytes in 30 msecs (HTTP/1.1 404) 4 headers in 164 bytes (1 switches on core 0) [pid: 7|app: 0|req: 1079/2145] 199.19.213.225 () {34 vars in 1080 bytes} [Fri May 8 00:44:00 2026] GET /v2.0/ports?tenant_id=986ebc2cd10149d6b75c29ffaca9369c&device_id=c541203a-ed8e-4b0a-a25b-3d14ad96bbda => generated 1273 bytes in 35 msecs (HTTP/1.1 200) 4 headers in 158 bytes (1 switches on core 0) [pid: 7|app: 0|req: 1080/2146] 199.19.213.225 () {34 vars in 1018 bytes} [Fri May 8 00:44:00 2026] GET /v2.0/networks?tenant_id=986ebc2cd10149d6b75c29ffaca9369c&shared=False => generated 806 bytes in 51 msecs (HTTP/1.1 200) 4 headers in 157 bytes (1 switches on core 0)
2026-05-08 00:44:00.824 8 INFO neutron_taas.services.taas.taas_plugin [None req-dac5ef1c-4aeb-47ef-8fd6-eadc35463e7e 0fb53bc5932c46238108f77acfdf6773 cdee483e390b476681787f7f5abe596c - - default default] TaaS: Handle Delete Port: edeb4f89-b96e-4941-adf2-381a2cf9ff3c
