2026-05-08 00:43:24.973 8 INFO neutron.services.segments.plugin [-] Segment 40405f5f-09b9-443b-a875-3fb22d333538 resource provider aggregate not found
2026-05-08 00:43:24.978 8 INFO neutron.services.segments.plugin [-] Segment 40405f5f-09b9-443b-a875-3fb22d333538 resource provider aggregate not found
2026-05-08 00:43:25.000 8 INFO neutron.services.segments.plugin [-] Segment 40405f5f-09b9-443b-a875-3fb22d333538 resource provider not found; error: Placement Client Error (4xx): {"errors": [{"status": 404, "title": "Not Found", "detail": "The resource could not be found.\n\n No resource provider with uuid 40405f5f-09b9-443b-a875-3fb22d333538 found for delete ", "request_id": "req-d4a75193-89aa-4a8a-95f9-807e6076e6b5"}]}
2026-05-08 00:43:25.002 8 INFO neutron.services.segments.plugin [-] Segment 40405f5f-09b9-443b-a875-3fb22d333538 resource provider not found; error: Placement Client Error (4xx): {"errors": [{"status": 404, "title": "Not Found", "detail": "The resource could not be found.\n\n No resource provider with uuid 40405f5f-09b9-443b-a875-3fb22d333538 found for delete ", "request_id": "req-0aa530d5-5bce-4b0a-805b-7f69b2b7fb88"}]}
2026-05-08 00:43:25.077 7 INFO neutron.db.ovn_revision_numbers_db [None req-50ee7b66-406a-4fbc-8f25-a6c27ae7122c 1b25d2591382453d9cecb682d2a16480 bd8947912d284cfc8589f7085853f032 - - default default] Successfully bumped revision number for resource 5f46a012-2b7e-4d24-82b8-674436028cd3 (type: router_ports) to 1 [pid: 7|app: 0|req: 949/1927] 10.0.0.36 () {34 vars in 782 bytes} [Fri May 8 00:43:23 2026] PUT /v2.0/routers/d1b5b665-5a96-4661-998e-d5d8f547f19a/add_router_interface => generated 310 bytes in 1250 msecs (HTTP/1.1 200) 4 headers in 157 bytes (1 switches on core 0) [pid: 8|app: 0|req: 979/1928] 10.0.0.36 () {32 vars in 725 bytes} [Fri May 8 00:43:24 2026] DELETE /v2.0/networks/67b02077-a31f-471f-80fd-529cfcf75dc6 => generated 0 bytes in 528 msecs (HTTP/1.1 204) 3 headers in 131 bytes (1 switches on core 0) [pid: 7|app: 0|req: 950/1929] 10.0.0.36 () {32 vars in 716 bytes} [Fri May 8 00:43:25 2026] GET /v2.0/ports/5f46a012-2b7e-4d24-82b8-674436028cd3 => generated 943 bytes in 32 msecs (HTTP/1.1 200) 4 headers in 157 bytes (1 switches on core 0)
2026-05-08 00:43:25.265 7 WARNING neutron.db.securitygroups_db [None req-14143745-be12-42b0-9ab7-faf02f8c4c3b d8ab7df49cf1473b8046fc0310bcaba7 c31e879400c145eaba4726ad03fd3489 - - default default] project_id key not found in filters, using tenant_id instead. This support has been deprecated and will be removed in a future release. [pid: 7|app: 0|req: 951/1930] 10.0.0.36 () {32 vars in 773 bytes} [Fri May 8 00:43:25 2026] GET /v2.0/security-groups?tenant_id=b91cf4ec4d3c4ccb95655547b37366bc&name=default => generated 2925 bytes in 31 msecs (HTTP/1.1 200) 4 headers in 158 bytes (1 switches on core 0) [pid: 7|app: 0|req: 952/1931] 10.0.0.36 () {32 vars in 739 bytes} [Fri May 8 00:43:25 2026] DELETE /v2.0/security-groups/7bdab15e-c824-4017-aca5-f30fef97201c => generated 0 bytes in 176 msecs (HTTP/1.1 204) 2 headers in 112 bytes (1 switches on core 0)
2026-05-08 00:43:25.580 8 INFO neutron.db.ovn_revision_numbers_db [None req-0354bc7d-9b87-42c7-adbc-96c8d13a8031 - - - - - -] Successfully bumped revision number for resource 5f46a012-2b7e-4d24-82b8-674436028cd3 (type: ports) to 2
2026-05-08 00:43:25.714 7 WARNING neutron.db.securitygroups_db [None req-41515e3f-8b5e-4dbd-aa2a-17383d67ff1b d8ab7df49cf1473b8046fc0310bcaba7 c31e879400c145eaba4726ad03fd3489 - - default default] project_id key not found in filters, using tenant_id instead. This support has been deprecated and will be removed in a future release.
2026-05-08 00:43:25.852 8 WARNING neutron.scheduler.dhcp_agent_scheduler [None req-76ed11a8-0e1a-435d-bac0-ed06321a3cde 1b25d2591382453d9cecb682d2a16480 bd8947912d284cfc8589f7085853f032 - - default default] No more DHCP agents
2026-05-08 00:43:25.854 8 WARNING neutron.api.rpc.agentnotifiers.dhcp_rpc_agent_api [None req-76ed11a8-0e1a-435d-bac0-ed06321a3cde 1b25d2591382453d9cecb682d2a16480 bd8947912d284cfc8589f7085853f032 - - default default] Unable to schedule network 61a1e419-c125-4f02-b96b-ec5a69ec2ee2: no agents available; will retry on subsequent port and subnet creation events.
2026-05-08 00:43:25.855 7 INFO neutron.db.ovn_revision_numbers_db [None req-41515e3f-8b5e-4dbd-aa2a-17383d67ff1b d8ab7df49cf1473b8046fc0310bcaba7 c31e879400c145eaba4726ad03fd3489 - - default default] Successfully bumped revision number for resource cb019542-0130-4d61-ac57-3aae349e8d9c (type: security_groups) to 1
2026-05-08 00:43:25.871 7 INFO neutron.db.ovn_revision_numbers_db [None req-41515e3f-8b5e-4dbd-aa2a-17383d67ff1b d8ab7df49cf1473b8046fc0310bcaba7 c31e879400c145eaba4726ad03fd3489 - - default default] Successfully bumped revision number for resource 3c9caed7-9433-4fca-b881-76eb4344b8c1 (type: security_group_rules) to 0
2026-05-08 00:43:25.883 7 INFO neutron.db.ovn_revision_numbers_db [None req-41515e3f-8b5e-4dbd-aa2a-17383d67ff1b d8ab7df49cf1473b8046fc0310bcaba7 c31e879400c145eaba4726ad03fd3489 - - default default] Successfully bumped revision number for resource d77a6e06-74d3-49b4-84f6-682767542575 (type: security_group_rules) to 0
2026-05-08 00:43:25.894 7 INFO neutron.db.ovn_revision_numbers_db [None req-41515e3f-8b5e-4dbd-aa2a-17383d67ff1b d8ab7df49cf1473b8046fc0310bcaba7 c31e879400c145eaba4726ad03fd3489 - - default default] Successfully bumped revision number for resource dcf1d1fe-04f7-4f07-9b5d-698b619ef47f (type: security_group_rules) to 0
2026-05-08 00:43:25.904 7 INFO neutron.db.ovn_revision_numbers_db [None req-41515e3f-8b5e-4dbd-aa2a-17383d67ff1b d8ab7df49cf1473b8046fc0310bcaba7 c31e879400c145eaba4726ad03fd3489 - - default default] Successfully bumped revision number for resource eb5743e9-7a36-4961-bb9e-222df3809e4e (type: security_group_rules) to 0 [pid: 7|app: 0|req: 953/1932] 10.0.0.36 () {32 vars in 773 bytes} [Fri May 8 00:43:25 2026] GET /v2.0/security-groups?tenant_id=c773e0e6bfbd468892529bed18400588&name=default => generated 2925 bytes in 474 msecs (HTTP/1.1 200) 4 headers in 158 bytes (1 switches on core 0)
2026-05-08 00:43:25.980 7 INFO neutron.plugins.ml2.drivers.ovn.mech_driver.mech_driver [None req-36c7576f-1b6f-4f2e-94c3-e28e487086c7 - - - - - -] OVN reports status down for port: 38a789da-efba-42f4-bed4-2b1ec4336f59
2026-05-08 00:43:26.016 8 INFO neutron.db.ovn_revision_numbers_db [None req-76ed11a8-0e1a-435d-bac0-ed06321a3cde 1b25d2591382453d9cecb682d2a16480 bd8947912d284cfc8589f7085853f032 - - default default] Successfully bumped revision number for resource 38a789da-efba-42f4-bed4-2b1ec4336f59 (type: ports) to 1 [pid: 7|app: 0|req: 954/1933] 10.0.0.36 () {32 vars in 739 bytes} [Fri May 8 00:43:25 2026] DELETE /v2.0/security-groups/51a78796-fb3f-49d9-bcd6-bb5ad6da99dc => generated 0 bytes in 222 msecs (HTTP/1.1 204) 2 headers in 112 bytes (1 switches on core 0) [pid: 7|app: 0|req: 955/1934] 10.0.0.36 () {32 vars in 739 bytes} [Fri May 8 00:43:26 2026] DELETE /v2.0/security-groups/cb019542-0130-4d61-ac57-3aae349e8d9c => generated 0 bytes in 171 msecs (HTTP/1.1 204) 2 headers in 112 bytes (1 switches on core 0)
2026-05-08 00:43:26.684 7 INFO neutron.plugins.ml2.drivers.ovn.mech_driver.mech_driver [None req-36c7576f-1b6f-4f2e-94c3-e28e487086c7 - - - - - -] OVN reports status up for port: 38a789da-efba-42f4-bed4-2b1ec4336f59
2026-05-08 00:43:26.717 7 INFO neutron_taas.services.taas.taas_plugin [None req-0ec02bbc-3be0-4b7e-9799-4d607bf28325 b3011128e4874b5195b06cd142e7b7c7 dc63d197780b43c899c62c17cf112388 - - default default] TaaS: Handle Delete Port: 1c10c2fd-01d4-4d22-8c73-4031f0bfa049
2026-05-08 00:43:26.721 7 INFO neutron_taas.services.taas.tap_mirror_plugin [None req-0ec02bbc-3be0-4b7e-9799-4d607bf28325 b3011128e4874b5195b06cd142e7b7c7 dc63d197780b43c899c62c17cf112388 - - default default] Tap Mirror: Handle Delete Port: 1c10c2fd-01d4-4d22-8c73-4031f0bfa049
2026-05-08 00:43:26.726 7 INFO neutron.plugins.ml2.plugin [None req-36c7576f-1b6f-4f2e-94c3-e28e487086c7 - - - - - -] Attempt 1 to provision port 38a789da-efba-42f4-bed4-2b1ec4336f59
2026-05-08 00:43:26.752 8 WARNING neutron.scheduler.dhcp_agent_scheduler [None req-76ed11a8-0e1a-435d-bac0-ed06321a3cde 1b25d2591382453d9cecb682d2a16480 bd8947912d284cfc8589f7085853f032 - - default default] No more DHCP agents
2026-05-08 00:43:26.754 8 WARNING neutron.api.rpc.agentnotifiers.dhcp_rpc_agent_api [None req-76ed11a8-0e1a-435d-bac0-ed06321a3cde 1b25d2591382453d9cecb682d2a16480 bd8947912d284cfc8589f7085853f032 - - default default] Unable to schedule network 61a1e419-c125-4f02-b96b-ec5a69ec2ee2: no agents available; will retry on subsequent port and subnet creation events.
2026-05-08 00:43:26.916 8 INFO neutron.db.ovn_revision_numbers_db [None req-76ed11a8-0e1a-435d-bac0-ed06321a3cde 1b25d2591382453d9cecb682d2a16480 bd8947912d284cfc8589f7085853f032 - - default default] Successfully bumped revision number for resource 38a789da-efba-42f4-bed4-2b1ec4336f59 (type: router_ports) to 1 [pid: 8|app: 0|req: 980/1935] 10.0.0.36 () {34 vars in 782 bytes} [Fri May 8 00:43:25 2026] PUT /v2.0/routers/d1b5b665-5a96-4661-998e-d5d8f547f19a/add_router_interface => generated 310 bytes in 1794 msecs (HTTP/1.1 200) 4 headers in 157 bytes (1 switches on core 0)
2026-05-08 00:43:26.925 8 WARNING neutron.db.securitygroups_db [None req-a1e9c1fe-7843-4980-b754-72dcc89f84aa d8ab7df49cf1473b8046fc0310bcaba7 c31e879400c145eaba4726ad03fd3489 - - default default] project_id key not found in filters, using tenant_id instead. This support has been deprecated and will be removed in a future release.
2026-05-08 00:43:27.029 8 INFO neutron.db.ovn_revision_numbers_db [None req-a1e9c1fe-7843-4980-b754-72dcc89f84aa d8ab7df49cf1473b8046fc0310bcaba7 c31e879400c145eaba4726ad03fd3489 - - default default] Successfully bumped revision number for resource d35cc0a7-c717-4bbd-a5fb-fceb78d25d85 (type: security_groups) to 1
2026-05-08 00:43:27.045 8 INFO neutron.db.ovn_revision_numbers_db [None req-a1e9c1fe-7843-4980-b754-72dcc89f84aa d8ab7df49cf1473b8046fc0310bcaba7 c31e879400c145eaba4726ad03fd3489 - - default default] Successfully bumped revision number for resource 25dad358-be99-4318-91df-9d79013886b3 (type: security_group_rules) to 0
2026-05-08 00:43:27.062 8 INFO neutron.db.ovn_revision_numbers_db [None req-a1e9c1fe-7843-4980-b754-72dcc89f84aa d8ab7df49cf1473b8046fc0310bcaba7 c31e879400c145eaba4726ad03fd3489 - - default default] Successfully bumped revision number for resource 538a695a-8655-4890-a2de-6d6150854b5e (type: security_group_rules) to 0
2026-05-08 00:43:27.080 8 INFO neutron.db.ovn_revision_numbers_db [None req-a1e9c1fe-7843-4980-b754-72dcc89f84aa d8ab7df49cf1473b8046fc0310bcaba7 c31e879400c145eaba4726ad03fd3489 - - default default] Successfully bumped revision number for resource b9ec6475-5c6d-46da-b03e-336b60ddd567 (type: security_group_rules) to 0
2026-05-08 00:43:27.098 8 INFO neutron.db.ovn_revision_numbers_db [None req-a1e9c1fe-7843-4980-b754-72dcc89f84aa d8ab7df49cf1473b8046fc0310bcaba7 c31e879400c145eaba4726ad03fd3489 - - default default] Successfully bumped revision number for resource fcfd5120-108e-46a8-8f08-5ca23e51e1aa (type: security_group_rules) to 0 [pid: 8|app: 0|req: 981/1936] 10.0.0.36 () {32 vars in 773 bytes} [Fri May 8 00:43:26 2026] GET /v2.0/security-groups?tenant_id=0584b62974414590ab3f87e4367fd39c&name=default => generated 2925 bytes in 217 msecs (HTTP/1.1 200) 4 headers in 158 bytes (1 switches on core 0) [pid: 8|app: 0|req: 982/1937] 10.0.0.36 () {32 vars in 716 bytes} [Fri May 8 00:43:27 2026] GET /v2.0/ports/38a789da-efba-42f4-bed4-2b1ec4336f59 => generated 941 bytes in 64 msecs (HTTP/1.1 200) 4 headers in 157 bytes (1 switches on core 0) [pid: 8|app: 0|req: 983/1938] 10.0.0.36 () {32 vars in 739 bytes} [Fri May 8 00:43:27 2026] DELETE /v2.0/security-groups/d35cc0a7-c717-4bbd-a5fb-fceb78d25d85 => generated 0 bytes in 146 msecs (HTTP/1.1 204) 2 headers in 112 bytes (1 switches on core 0) [pid: 8|app: 0|req: 984/1939] 10.0.0.36 () {32 vars in 716 bytes} [Fri May 8 00:43:27 2026] GET /v2.0/ports/38a789da-efba-42f4-bed4-2b1ec4336f59 => generated 941 bytes in 29 msecs (HTTP/1.1 200) 4 headers in 157 bytes (1 switches on core 0)
2026-05-08 00:43:27.548 8 WARNING neutron.db.securitygroups_db [None req-61267969-5a96-40fb-a403-bb4742552862 d8ab7df49cf1473b8046fc0310bcaba7 c31e879400c145eaba4726ad03fd3489 - - default default] project_id key not found in filters, using tenant_id instead. This support has been deprecated and will be removed in a future release.
2026-05-08 00:43:27.651 8 INFO neutron.db.ovn_revision_numbers_db [None req-61267969-5a96-40fb-a403-bb4742552862 d8ab7df49cf1473b8046fc0310bcaba7 c31e879400c145eaba4726ad03fd3489 - - default default] Successfully bumped revision number for resource 0266c053-48fd-440a-bcb4-0d31b95d39eb (type: security_groups) to 1
2026-05-08 00:43:27.672 8 INFO neutron.db.ovn_revision_numbers_db [None req-61267969-5a96-40fb-a403-bb4742552862 d8ab7df49cf1473b8046fc0310bcaba7 c31e879400c145eaba4726ad03fd3489 - - default default] Successfully bumped revision number for resource 312900ae-708f-44f5-a70e-4e092a8814ff (type: security_group_rules) to 0
2026-05-08 00:43:27.685 8 INFO neutron.db.ovn_revision_numbers_db [None req-61267969-5a96-40fb-a403-bb4742552862 d8ab7df49cf1473b8046fc0310bcaba7 c31e879400c145eaba4726ad03fd3489 - - default default] Successfully bumped revision number for resource 341f82cd-1432-4c89-8b5e-6e8c42202dbe (type: security_group_rules) to 0
2026-05-08 00:43:27.698 8 INFO neutron.db.ovn_revision_numbers_db [None req-61267969-5a96-40fb-a403-bb4742552862 d8ab7df49cf1473b8046fc0310bcaba7 c31e879400c145eaba4726ad03fd3489 - - default default] Successfully bumped revision number for resource a0672030-86c9-48b0-b680-06247e98455d (type: security_group_rules) to 0
2026-05-08 00:43:27.713 8 INFO neutron.db.ovn_revision_numbers_db [None req-61267969-5a96-40fb-a403-bb4742552862 d8ab7df49cf1473b8046fc0310bcaba7 c31e879400c145eaba4726ad03fd3489 - - default default] Successfully bumped revision number for resource d2ee9019-77fc-4d90-818e-dc3665fcaa51 (type: security_group_rules) to 0 [pid: 8|app: 0|req: 985/1940] 10.0.0.36 () {32 vars in 773 bytes} [Fri May 8 00:43:27 2026] GET /v2.0/security-groups?tenant_id=8994db08948b48d98fac7799c4e6c4d7&name=default => generated 2925 bytes in 216 msecs (HTTP/1.1 200) 4 headers in 158 bytes (1 switches on core 0) [pid: 8|app: 0|req: 986/1941] 10.0.0.36 () {32 vars in 739 bytes} [Fri May 8 00:43:27 2026] DELETE /v2.0/security-groups/0266c053-48fd-440a-bcb4-0d31b95d39eb => generated 0 bytes in 180 msecs (HTTP/1.1 204) 2 headers in 112 bytes (1 switches on core 0)
2026-05-08 00:43:28.015 7 INFO neutron.db.ovn_revision_numbers_db [None req-36c7576f-1b6f-4f2e-94c3-e28e487086c7 - - - - - -] Successfully bumped revision number for resource 38a789da-efba-42f4-bed4-2b1ec4336f59 (type: ports) to 2 [pid: 7|app: 0|req: 956/1942] 10.0.0.36 () {34 vars in 788 bytes} [Fri May 8 00:43:26 2026] PUT /v2.0/routers/a7bdbe24-cd07-4db2-ae94-c658d3cb1c60/remove_router_interface => generated 310 bytes in 1940 msecs (HTTP/1.1 200) 4 headers in 157 bytes (1 switches on core 0) /var/lib/openstack/lib/python3.12/site-packages/pycadf/identifier.py:70: UserWarning: Invalid uuid: neutron. To ensure interoperability, identifiers should be a valid uuid. warnings.warn(('Invalid uuid: %s. To ensure interoperability, ' [pid: 8|app: 0|req: 987/1943] 10.0.0.36 () {32 vars in 723 bytes} [Fri May 8 00:43:28 2026] DELETE /v2.0/subnets/7dddedda-f764-4532-9e96-8857d8b89eb9 => generated 0 bytes in 176 msecs (HTTP/1.1 204) 3 headers in 131 bytes (1 switches on core 0) [pid: 7|app: 0|req: 957/1944] 10.0.0.36 () {32 vars in 716 bytes} [Fri May 8 00:43:28 2026] GET /v2.0/ports/38a789da-efba-42f4-bed4-2b1ec4336f59 => generated 943 bytes in 83 msecs (HTTP/1.1 200) 4 headers in 157 bytes (1 switches on core 0)
2026-05-08 00:43:28.755 7 INFO neutron_taas.services.taas.taas_plugin [None req-ad9e2d0c-b314-49e3-be51-ae181f670991 1b25d2591382453d9cecb682d2a16480 bd8947912d284cfc8589f7085853f032 - - default default] TaaS: Handle Delete Port: 38a789da-efba-42f4-bed4-2b1ec4336f59
2026-05-08 00:43:28.758 7 INFO neutron_taas.services.taas.tap_mirror_plugin [None req-ad9e2d0c-b314-49e3-be51-ae181f670991 1b25d2591382453d9cecb682d2a16480 bd8947912d284cfc8589f7085853f032 - - default default] Tap Mirror: Handle Delete Port: 38a789da-efba-42f4-bed4-2b1ec4336f59
2026-05-08 00:43:28.807 8 INFO neutron_taas.services.taas.taas_plugin [None req-1e5eb278-4a1f-4dde-ac29-1af95ce180e1 b3011128e4874b5195b06cd142e7b7c7 dc63d197780b43c899c62c17cf112388 - - default default] TaaS: Handle Delete Port: 22dcd386-0f8a-4b76-82de-40380b15c44a
2026-05-08 00:43:28.812 8 INFO neutron_taas.services.taas.tap_mirror_plugin [None req-1e5eb278-4a1f-4dde-ac29-1af95ce180e1 b3011128e4874b5195b06cd142e7b7c7 dc63d197780b43c899c62c17cf112388 - - default default] Tap Mirror: Handle Delete Port: 22dcd386-0f8a-4b76-82de-40380b15c44a [pid: 7|app: 0|req: 958/1945] 10.0.0.36 () {34 vars in 788 bytes} [Fri May 8 00:43:28 2026] PUT /v2.0/routers/d1b5b665-5a96-4661-998e-d5d8f547f19a/remove_router_interface => generated 310 bytes in 660 msecs (HTTP/1.1 200) 4 headers in 157 bytes (1 switches on core 0) /var/lib/openstack/lib/python3.12/site-packages/pycadf/identifier.py:70: UserWarning: Invalid uuid: neutron. To ensure interoperability, identifiers should be a valid uuid. warnings.warn(('Invalid uuid: %s. To ensure interoperability, ' [pid: 7|app: 0|req: 959/1946] 10.0.0.36 () {32 vars in 716 bytes} [Fri May 8 00:43:29 2026] GET /v2.0/ports/5f46a012-2b7e-4d24-82b8-674436028cd3 => generated 943 bytes in 81 msecs (HTTP/1.1 200) 4 headers in 157 bytes (1 switches on core 0)
2026-05-08 00:43:29.482 7 INFO neutron_taas.services.taas.taas_plugin [None req-0b9fed40-6703-44ea-94aa-2a2255b71d75 1b25d2591382453d9cecb682d2a16480 bd8947912d284cfc8589f7085853f032 - - default default] TaaS: Handle Delete Port: 5f46a012-2b7e-4d24-82b8-674436028cd3
2026-05-08 00:43:29.485 7 INFO neutron_taas.services.taas.tap_mirror_plugin [None req-0b9fed40-6703-44ea-94aa-2a2255b71d75 1b25d2591382453d9cecb682d2a16480 bd8947912d284cfc8589f7085853f032 - - default default] Tap Mirror: Handle Delete Port: 5f46a012-2b7e-4d24-82b8-674436028cd3 [pid: 8|app: 0|req: 988/1947] 10.0.0.36 () {32 vars in 723 bytes} [Fri May 8 00:43:28 2026] DELETE /v2.0/routers/a7bdbe24-cd07-4db2-ae94-c658d3cb1c60 => generated 0 bytes in 1162 msecs (HTTP/1.1 204) 2 headers in 112 bytes (1 switches on core 0)
2026-05-08 00:43:29.750 8 INFO neutron_taas.services.taas.taas_plugin [None req-1535b3ae-f332-4920-a44a-c1d043ba6f88 b3011128e4874b5195b06cd142e7b7c7 dc63d197780b43c899c62c17cf112388 - - default default] TaaS: Handle Delete Port: 60aa6ee8-47f3-43c4-af9b-2f2cedc6a85f
2026-05-08 00:43:29.754 8 INFO neutron_taas.services.taas.tap_mirror_plugin [None req-1535b3ae-f332-4920-a44a-c1d043ba6f88 b3011128e4874b5195b06cd142e7b7c7 dc63d197780b43c899c62c17cf112388 - - default default] Tap Mirror: Handle Delete Port: 60aa6ee8-47f3-43c4-af9b-2f2cedc6a85f [pid: 7|app: 0|req: 960/1948] 10.0.0.36 () {34 vars in 788 bytes} [Fri May 8 00:43:29 2026] PUT /v2.0/routers/d1b5b665-5a96-4661-998e-d5d8f547f19a/remove_router_interface => generated 310 bytes in 619 msecs (HTTP/1.1 200) 4 headers in 157 bytes (1 switches on core 0) /var/lib/openstack/lib/python3.12/site-packages/pycadf/identifier.py:70: UserWarning: Invalid uuid: neutron. To ensure interoperability, identifiers should be a valid uuid. warnings.warn(('Invalid uuid: %s. To ensure interoperability, ' [pid: 7|app: 0|req: 961/1949] 10.0.0.36 () {32 vars in 735 bytes} [Fri May 8 00:43:29 2026] GET /v2.0/ports?device_id=d1b5b665-5a96-4661-998e-d5d8f547f19a => generated 12 bytes in 28 msecs (HTTP/1.1 200) 4 headers in 156 bytes (1 switches on core 0)
2026-05-08 00:43:29.956 8 INFO neutron.services.segments.plugin [-] Segment 04dfa969-89c9-467c-a943-7883ead4983a resource provider aggregate not found
2026-05-08 00:43:29.963 8 INFO neutron.services.segments.plugin [-] Segment 04dfa969-89c9-467c-a943-7883ead4983a resource provider aggregate not found
2026-05-08 00:43:29.986 8 INFO neutron.services.segments.plugin [-] Segment 04dfa969-89c9-467c-a943-7883ead4983a resource provider not found; error: Placement Client Error (4xx): {"errors": [{"status": 404, "title": "Not Found", "detail": "The resource could not be found.\n\n No resource provider with uuid 04dfa969-89c9-467c-a943-7883ead4983a found for delete ", "request_id": "req-fca9ff72-943a-479c-a41f-b5b509e7b962"}]}
2026-05-08 00:43:29.988 8 INFO neutron.services.segments.plugin [-] Segment 04dfa969-89c9-467c-a943-7883ead4983a resource provider not found; error: Placement Client Error (4xx): {"errors": [{"status": 404, "title": "Not Found", "detail": "The resource could not be found.\n\n No resource provider with uuid 04dfa969-89c9-467c-a943-7883ead4983a found for delete ", "request_id": "req-1ed7e24a-b43c-4d53-8df3-56635fd89b84"}]} [pid: 8|app: 0|req: 989/1950] 10.0.0.36 () {32 vars in 725 bytes} [Fri May 8 00:43:29 2026] DELETE /v2.0/networks/d2817d0f-4e47-4d92-9f8f-d72e71cad1af => generated 0 bytes in 376 msecs (HTTP/1.1 204) 3 headers in 131 bytes (1 switches on core 0) [pid: 7|app: 0|req: 962/1951] 10.0.0.36 () {32 vars in 723 bytes} [Fri May 8 00:43:29 2026] DELETE /v2.0/routers/d1b5b665-5a96-4661-998e-d5d8f547f19a => generated 0 bytes in 194 msecs (HTTP/1.1 204) 2 headers in 112 bytes (1 switches on core 0)
2026-05-08 00:43:30.199 8 WARNING neutron.plugins.ml2.drivers.ovn.mech_driver.ovsdb.ovn_client [None req-67f8f80b-67dd-4cc1-91b2-86ea7515c68c - - - - - -] No port found with ID 5f46a012-2b7e-4d24-82b8-674436028cd3: RuntimeError: No port found with ID 5f46a012-2b7e-4d24-82b8-674436028cd3 [pid: 8|app: 0|req: 990/1952] 10.0.0.36 () {32 vars in 723 bytes} [Fri May 8 00:43:30 2026] DELETE /v2.0/subnets/9c390a72-e862-4167-a6ed-71113d14aa18 => generated 0 bytes in 208 msecs (HTTP/1.1 204) 3 headers in 131 bytes (1 switches on core 0) [pid: 7|app: 0|req: 963/1953] 10.0.0.36 () {32 vars in 723 bytes} [Fri May 8 00:43:30 2026] DELETE /v2.0/subnets/9fa90de1-b5de-4cd8-9305-6f6c1a42bb6e => generated 0 bytes in 165 msecs (HTTP/1.1 204) 3 headers in 131 bytes (1 switches on core 0)
2026-05-08 00:43:30.631 8 INFO neutron_taas.services.taas.taas_plugin [None req-52ae0f84-c4cd-4e44-a9cb-8bccf98e8146 1b25d2591382453d9cecb682d2a16480 bd8947912d284cfc8589f7085853f032 - - default default] TaaS: Handle Delete Port: 7fa31606-c759-4d38-8315-3bd583c70764
2026-05-08 00:43:30.633 8 INFO neutron_taas.services.taas.tap_mirror_plugin [None req-52ae0f84-c4cd-4e44-a9cb-8bccf98e8146 1b25d2591382453d9cecb682d2a16480 bd8947912d284cfc8589f7085853f032 - - default default] Tap Mirror: Handle Delete Port: 7fa31606-c759-4d38-8315-3bd583c70764 [pid: 8|app: 0|req: 991/1954] 10.0.0.36 () {32 vars in 725 bytes} [Fri May 8 00:43:30 2026] DELETE /v2.0/networks/61a1e419-c125-4f02-b96b-ec5a69ec2ee2 => generated 0 bytes in 452 msecs (HTTP/1.1 204) 3 headers in 131 bytes (1 switches on core 0)
2026-05-08 00:43:31.036 8 INFO neutron_taas.services.taas.taas_plugin [None req-a0c83336-fc4c-4051-a339-3497cf499bf1 1b25d2591382453d9cecb682d2a16480 bd8947912d284cfc8589f7085853f032 - - default default] TaaS: Handle Delete Port: 885ab03f-0fad-4abb-8feb-79a319443a73
2026-05-08 00:43:31.039 8 INFO neutron_taas.services.taas.tap_mirror_plugin [None req-a0c83336-fc4c-4051-a339-3497cf499bf1 1b25d2591382453d9cecb682d2a16480 bd8947912d284cfc8589f7085853f032 - - default default] Tap Mirror: Handle Delete Port: 885ab03f-0fad-4abb-8feb-79a319443a73
2026-05-08 00:43:31.136 7 WARNING neutron.db.securitygroups_db [None req-3787eca1-e4c4-4eb4-85df-5185e8743fc4 d8ab7df49cf1473b8046fc0310bcaba7 c31e879400c145eaba4726ad03fd3489 - - default default] project_id key not found in filters, using tenant_id instead. This support has been deprecated and will be removed in a future release. [pid: 8|app: 0|req: 992/1955] 10.0.0.36 () {32 vars in 725 bytes} [Fri May 8 00:43:30 2026] DELETE /v2.0/networks/4851339a-335f-4a57-9094-5e3a9c1ea8f8 => generated 0 bytes in 326 msecs (HTTP/1.1 204) 3 headers in 131 bytes (1 switches on core 0)
2026-05-08 00:43:31.278 7 INFO neutron.db.ovn_revision_numbers_db [None req-3787eca1-e4c4-4eb4-85df-5185e8743fc4 d8ab7df49cf1473b8046fc0310bcaba7 c31e879400c145eaba4726ad03fd3489 - - default default] Successfully bumped revision number for resource 7c97110b-6bc2-4468-ad52-77edbab46d5f (type: security_groups) to 1
2026-05-08 00:43:31.291 7 INFO neutron.db.ovn_revision_numbers_db [None req-3787eca1-e4c4-4eb4-85df-5185e8743fc4 d8ab7df49cf1473b8046fc0310bcaba7 c31e879400c145eaba4726ad03fd3489 - - default default] Successfully bumped revision number for resource 54c6c3cf-c9aa-4035-b9f9-d13183767af0 (type: security_group_rules) to 0
2026-05-08 00:43:31.302 7 INFO neutron.db.ovn_revision_numbers_db [None req-3787eca1-e4c4-4eb4-85df-5185e8743fc4 d8ab7df49cf1473b8046fc0310bcaba7 c31e879400c145eaba4726ad03fd3489 - - default default] Successfully bumped revision number for resource 7d8cd4c3-e70f-44b2-a257-bf34cae3e378 (type: security_group_rules) to 0
2026-05-08 00:43:31.315 7 INFO neutron.db.ovn_revision_numbers_db [None req-3787eca1-e4c4-4eb4-85df-5185e8743fc4 d8ab7df49cf1473b8046fc0310bcaba7 c31e879400c145eaba4726ad03fd3489 - - default default] Successfully bumped revision number for resource 84205a2d-28fa-4cd5-92ec-e106eb42c7b2 (type: security_group_rules) to 0
2026-05-08 00:43:31.326 7 INFO neutron.db.ovn_revision_numbers_db [None req-3787eca1-e4c4-4eb4-85df-5185e8743fc4 d8ab7df49cf1473b8046fc0310bcaba7 c31e879400c145eaba4726ad03fd3489 - - default default] Successfully bumped revision number for resource 86f9dcd6-8982-41af-a988-682d8cc0ba27 (type: security_group_rules) to 0
2026-05-08 00:43:31.358 8 INFO neutron.db.segments_db [None req-9830ae2f-a312-4ab4-825a-4082d218dfb8 1b25d2591382453d9cecb682d2a16480 bd8947912d284cfc8589f7085853f032 - - default default] Added segment d39e9eb8-e7eb-47e2-a9d7-2d2cf15b2d78 of type geneve for network b5b07d23-6409-4f29-adf6-b0a46fb135df [pid: 7|app: 0|req: 964/1956] 10.0.0.36 () {32 vars in 773 bytes} [Fri May 8 00:43:30 2026] GET /v2.0/security-groups?tenant_id=3b9e4b176d1340b5afc841d732a2d481&name=default => generated 2925 bytes in 458 msecs (HTTP/1.1 200) 4 headers in 158 bytes (1 switches on core 0)
2026-05-08 00:43:31.480 8 INFO neutron.db.ovn_revision_numbers_db [None req-9830ae2f-a312-4ab4-825a-4082d218dfb8 1b25d2591382453d9cecb682d2a16480 bd8947912d284cfc8589f7085853f032 - - default default] Successfully bumped revision number for resource b5b07d23-6409-4f29-adf6-b0a46fb135df (type: networks) to 1 [pid: 7|app: 0|req: 965/1957] 10.0.0.36 () {32 vars in 739 bytes} [Fri May 8 00:43:31 2026] DELETE /v2.0/security-groups/7c97110b-6bc2-4468-ad52-77edbab46d5f => generated 0 bytes in 169 msecs (HTTP/1.1 204) 2 headers in 112 bytes (1 switches on core 0)
2026-05-08 00:43:31.689 8 WARNING neutron.scheduler.dhcp_agent_scheduler [None req-9830ae2f-a312-4ab4-825a-4082d218dfb8 1b25d2591382453d9cecb682d2a16480 bd8947912d284cfc8589f7085853f032 - - default default] No more DHCP agents
2026-05-08 00:43:31.690 8 WARNING neutron.api.rpc.agentnotifiers.dhcp_rpc_agent_api [None req-9830ae2f-a312-4ab4-825a-4082d218dfb8 1b25d2591382453d9cecb682d2a16480 bd8947912d284cfc8589f7085853f032 - - default default] Unable to schedule network b5b07d23-6409-4f29-adf6-b0a46fb135df: no agents available; will retry on subsequent port and subnet creation events.
2026-05-08 00:43:31.748 7 WARNING neutron.db.securitygroups_db [None req-d23c8a71-edbd-4e78-a5d7-2f2afe9115d7 d8ab7df49cf1473b8046fc0310bcaba7 c31e879400c145eaba4726ad03fd3489 - - default default] project_id key not found in filters, using tenant_id instead. This support has been deprecated and will be removed in a future release.
2026-05-08 00:43:31.774 8 INFO neutron.db.ovn_revision_numbers_db [None req-9830ae2f-a312-4ab4-825a-4082d218dfb8 1b25d2591382453d9cecb682d2a16480 bd8947912d284cfc8589f7085853f032 - - default default] Successfully bumped revision number for resource d56afbae-c939-4723-835a-2aea269d7e80 (type: ports) to 1 [pid: 7|app: 0|req: 966/1958] 10.0.0.36 () {32 vars in 773 bytes} [Fri May 8 00:43:31 2026] GET /v2.0/security-groups?tenant_id=dc63d197780b43c899c62c17cf112388&name=default => generated 2925 bytes in 60 msecs (HTTP/1.1 200) 4 headers in 158 bytes (1 switches on core 0) [pid: 8|app: 0|req: 993/1959] 10.0.0.36 () {34 vars in 669 bytes} [Fri May 8 00:43:31 2026] POST /v2.0/networks => generated 668 bytes in 548 msecs (HTTP/1.1 201) 4 headers in 162 bytes (1 switches on core 0) [pid: 7|app: 0|req: 967/1960] 10.0.0.36 () {32 vars in 739 bytes} [Fri May 8 00:43:31 2026] DELETE /v2.0/security-groups/bb646660-f3f4-46fd-9ca3-17cf9cdccdec => generated 0 bytes in 183 msecs (HTTP/1.1 204) 2 headers in 112 bytes (1 switches on core 0)
2026-05-08 00:43:32.004 8 WARNING neutron.scheduler.dhcp_agent_scheduler [None req-0e559a42-42f7-44f1-9965-70a5d986d62b 1b25d2591382453d9cecb682d2a16480 bd8947912d284cfc8589f7085853f032 - - default default] No more DHCP agents
2026-05-08 00:43:32.006 8 WARNING neutron.api.rpc.agentnotifiers.dhcp_rpc_agent_api [None req-0e559a42-42f7-44f1-9965-70a5d986d62b 1b25d2591382453d9cecb682d2a16480 bd8947912d284cfc8589f7085853f032 - - default default] Unable to schedule network b5b07d23-6409-4f29-adf6-b0a46fb135df: no agents available; will retry on subsequent port and subnet creation events.
2026-05-08 00:43:32.009 8 INFO neutron.services.segments.plugin [-] Segment b80ba98c-99fa-487b-8635-d330cd3c9df2 resource provider aggregate not found
2026-05-08 00:43:32.014 8 INFO neutron.services.segments.plugin [-] Segment b80ba98c-99fa-487b-8635-d330cd3c9df2 resource provider aggregate not found
2026-05-08 00:43:32.039 8 INFO neutron.services.segments.plugin [-] Segment b80ba98c-99fa-487b-8635-d330cd3c9df2 resource provider not found; error: Placement Client Error (4xx): {"errors": [{"status": 404, "title": "Not Found", "detail": "The resource could not be found.\n\n No resource provider with uuid b80ba98c-99fa-487b-8635-d330cd3c9df2 found for delete ", "request_id": "req-a4eb789e-5356-4f0b-8102-557a0e9a8484"}]}
2026-05-08 00:43:32.043 8 INFO neutron.services.segments.plugin [-] Segment b80ba98c-99fa-487b-8635-d330cd3c9df2 resource provider not found; error: Placement Client Error (4xx): {"errors": [{"status": 404, "title": "Not Found", "detail": "The resource could not be found.\n\n No resource provider with uuid b80ba98c-99fa-487b-8635-d330cd3c9df2 found for delete ", "request_id": "req-9d52dd55-151d-49f9-9b7b-cf397f6b7557"}]}
2026-05-08 00:43:32.059 8 INFO neutron.services.segments.plugin [-] Segment 83ce86f8-867e-4631-b3d3-aad891af005c resource provider aggregate not found
2026-05-08 00:43:32.062 8 INFO neutron.services.segments.plugin [-] Segment 83ce86f8-867e-4631-b3d3-aad891af005c resource provider aggregate not found
2026-05-08 00:43:32.077 8 INFO neutron.services.segments.plugin [-] Segment 83ce86f8-867e-4631-b3d3-aad891af005c resource provider not found; error: Placement Client Error (4xx): {"errors": [{"status": 404, "title": "Not Found", "detail": "The resource could not be found.\n\n No resource provider with uuid 83ce86f8-867e-4631-b3d3-aad891af005c found for delete ", "request_id": "req-b20e9dd5-2aaa-42dc-939d-3c32e6dc19a0"}]}
2026-05-08 00:43:32.082 8 INFO neutron.services.segments.plugin [-] Segment 83ce86f8-867e-4631-b3d3-aad891af005c resource provider not found; error: Placement Client Error (4xx): {"errors": [{"status": 404, "title": "Not Found", "detail": "The resource could not be found.\n\n No resource provider with uuid 83ce86f8-867e-4631-b3d3-aad891af005c found for delete ", "request_id": "req-62fb23ab-1aa3-456e-8907-efe362d2cacd"}]}
2026-05-08 00:43:32.171 7 WARNING neutron.db.securitygroups_db [None req-b02bd11e-5417-4a69-8e07-993741b3f20c d8ab7df49cf1473b8046fc0310bcaba7 c31e879400c145eaba4726ad03fd3489 - - default default] project_id key not found in filters, using tenant_id instead. This support has been deprecated and will be removed in a future release.
2026-05-08 00:43:32.298 7 INFO neutron.db.ovn_revision_numbers_db [None req-b02bd11e-5417-4a69-8e07-993741b3f20c d8ab7df49cf1473b8046fc0310bcaba7 c31e879400c145eaba4726ad03fd3489 - - default default] Successfully bumped revision number for resource 87566640-f19b-433a-8a5c-945ad57296a9 (type: security_groups) to 1
2026-05-08 00:43:32.311 7 INFO neutron.db.ovn_revision_numbers_db [None req-b02bd11e-5417-4a69-8e07-993741b3f20c d8ab7df49cf1473b8046fc0310bcaba7 c31e879400c145eaba4726ad03fd3489 - - default default] Successfully bumped revision number for resource 27600cdd-a83e-4b15-8d30-8c7ce35b75c7 (type: security_group_rules) to 0
2026-05-08 00:43:32.321 7 INFO neutron.db.ovn_revision_numbers_db [None req-b02bd11e-5417-4a69-8e07-993741b3f20c d8ab7df49cf1473b8046fc0310bcaba7 c31e879400c145eaba4726ad03fd3489 - - default default] Successfully bumped revision number for resource 57c67e15-7bc2-4471-a926-593a9eb6fc03 (type: security_group_rules) to 0
2026-05-08 00:43:32.334 7 INFO neutron.db.ovn_revision_numbers_db [None req-b02bd11e-5417-4a69-8e07-993741b3f20c d8ab7df49cf1473b8046fc0310bcaba7 c31e879400c145eaba4726ad03fd3489 - - default default] Successfully bumped revision number for resource b3d62a7f-f315-4991-8761-8f7e0448b381 (type: security_group_rules) to 0
2026-05-08 00:43:32.349 7 INFO neutron.db.ovn_revision_numbers_db [None req-b02bd11e-5417-4a69-8e07-993741b3f20c d8ab7df49cf1473b8046fc0310bcaba7 c31e879400c145eaba4726ad03fd3489 - - default default] Successfully bumped revision number for resource c3f96d32-16b7-45c0-b198-9e1dd931c0e9 (type: security_group_rules) to 0 [pid: 7|app: 0|req: 968/1961] 10.0.0.36 () {32 vars in 773 bytes} [Fri May 8 00:43:31 2026] GET /v2.0/security-groups?tenant_id=8786721859da4c0eb207a64a5c1b8ade&name=default => generated 2925 bytes in 419 msecs (HTTP/1.1 200) 4 headers in 158 bytes (1 switches on core 0)
2026-05-08 00:43:32.519 8 INFO neutron.db.ovn_revision_numbers_db [None req-0e559a42-42f7-44f1-9965-70a5d986d62b 1b25d2591382453d9cecb682d2a16480 bd8947912d284cfc8589f7085853f032 - - default default] Successfully bumped revision number for resource d56afbae-c939-4723-835a-2aea269d7e80 (type: ports) to 2
2026-05-08 00:43:32.549 8 INFO neutron.db.ovn_revision_numbers_db [None req-0e559a42-42f7-44f1-9965-70a5d986d62b 1b25d2591382453d9cecb682d2a16480 bd8947912d284cfc8589f7085853f032 - - default default] Successfully bumped revision number for resource f9358f94-15f9-4f65-b3ec-62a888d48c0d (type: subnets) to 0 [pid: 8|app: 0|req: 994/1962] 10.0.0.36 () {34 vars in 668 bytes} [Fri May 8 00:43:31 2026] POST /v2.0/subnets => generated 626 bytes in 776 msecs (HTTP/1.1 201) 4 headers in 162 bytes (1 switches on core 0) [pid: 7|app: 0|req: 969/1963] 10.0.0.36 () {32 vars in 739 bytes} [Fri May 8 00:43:32 2026] DELETE /v2.0/security-groups/87566640-f19b-433a-8a5c-945ad57296a9 => generated 0 bytes in 206 msecs (HTTP/1.1 204) 2 headers in 112 bytes (1 switches on core 0)
2026-05-08 00:43:32.687 8 INFO neutron.db.ovn_revision_numbers_db [None req-8e0757ad-5ada-47b9-a704-9b0087fd47c2 1b25d2591382453d9cecb682d2a16480 bd8947912d284cfc8589f7085853f032 - - default default] Successfully bumped revision number for resource ead57583-1dc4-442e-bcfc-7c3c7f5e5042 (type: routers) to 1
2026-05-08 00:43:32.690 7 WARNING neutron.db.securitygroups_db [None req-92bbebb4-a932-4e2b-8d8c-cdf163dcd132 d8ab7df49cf1473b8046fc0310bcaba7 c31e879400c145eaba4726ad03fd3489 - - default default] project_id key not found in filters, using tenant_id instead. This support has been deprecated and will be removed in a future release. [pid: 8|app: 0|req: 995/1964] 10.0.0.36 () {34 vars in 668 bytes} [Fri May 8 00:43:32 2026] POST /v2.0/routers => generated 624 bytes in 118 msecs (HTTP/1.1 201) 4 headers in 162 bytes (1 switches on core 0)
2026-05-08 00:43:32.802 7 INFO neutron.db.ovn_revision_numbers_db [None req-92bbebb4-a932-4e2b-8d8c-cdf163dcd132 d8ab7df49cf1473b8046fc0310bcaba7 c31e879400c145eaba4726ad03fd3489 - - default default] Successfully bumped revision number for resource dbac50e3-508b-473e-9fde-aad77456024c (type: security_groups) to 1
2026-05-08 00:43:32.813 7 INFO neutron.db.ovn_revision_numbers_db [None req-92bbebb4-a932-4e2b-8d8c-cdf163dcd132 d8ab7df49cf1473b8046fc0310bcaba7 c31e879400c145eaba4726ad03fd3489 - - default default] Successfully bumped revision number for resource 2eeffcd8-001c-4999-8107-e9c643022ac5 (type: security_group_rules) to 0
2026-05-08 00:43:32.824 7 INFO neutron.db.ovn_revision_numbers_db [None req-92bbebb4-a932-4e2b-8d8c-cdf163dcd132 d8ab7df49cf1473b8046fc0310bcaba7 c31e879400c145eaba4726ad03fd3489 - - default default] Successfully bumped revision number for resource ba76544d-4045-480d-8ffd-b131fec7ad4f (type: security_group_rules) to 0
2026-05-08 00:43:32.834 7 INFO neutron.db.ovn_revision_numbers_db [None req-92bbebb4-a932-4e2b-8d8c-cdf163dcd132 d8ab7df49cf1473b8046fc0310bcaba7 c31e879400c145eaba4726ad03fd3489 - - default default] Successfully bumped revision number for resource bacb14cc-1b62-42e3-9a69-137d5d3ed35a (type: security_group_rules) to 0
2026-05-08 00:43:32.853 7 INFO neutron.db.ovn_revision_numbers_db [None req-92bbebb4-a932-4e2b-8d8c-cdf163dcd132 d8ab7df49cf1473b8046fc0310bcaba7 c31e879400c145eaba4726ad03fd3489 - - default default] Successfully bumped revision number for resource dbc6d669-9539-4a9c-9ef7-0408fffeefa8 (type: security_group_rules) to 0 [pid: 7|app: 0|req: 970/1965] 10.0.0.36 () {32 vars in 773 bytes} [Fri May 8 00:43:32 2026] GET /v2.0/security-groups?tenant_id=ac34f2b339f24c22bddc2a0f5f1ebee9&name=default => generated 2925 bytes in 212 msecs (HTTP/1.1 200) 4 headers in 158 bytes (1 switches on core 0)
2026-05-08 00:43:33.007 8 WARNING neutron.scheduler.dhcp_agent_scheduler [None req-70db4a56-2e51-4bb2-8925-604a8786c920 1b25d2591382453d9cecb682d2a16480 bd8947912d284cfc8589f7085853f032 - - default default] No more DHCP agents
2026-05-08 00:43:33.008 8 WARNING neutron.api.rpc.agentnotifiers.dhcp_rpc_agent_api [None req-70db4a56-2e51-4bb2-8925-604a8786c920 1b25d2591382453d9cecb682d2a16480 bd8947912d284cfc8589f7085853f032 - - default default] Unable to schedule network b5b07d23-6409-4f29-adf6-b0a46fb135df: no agents available; will retry on subsequent port and subnet creation events.
2026-05-08 00:43:33.129 7 WARNING neutron.plugins.ml2.drivers.ovn.mech_driver.ovsdb.ovn_client [None req-3f7760e9-0841-4c55-b868-44e46a67dbb4 - - - - - -] No port found with ID 38a789da-efba-42f4-bed4-2b1ec4336f59: RuntimeError: No port found with ID 38a789da-efba-42f4-bed4-2b1ec4336f59
2026-05-08 00:43:33.164 8 INFO neutron.db.ovn_revision_numbers_db [None req-70db4a56-2e51-4bb2-8925-604a8786c920 1b25d2591382453d9cecb682d2a16480 bd8947912d284cfc8589f7085853f032 - - default default] Successfully bumped revision number for resource 0659fb43-ff39-4ce2-82ea-620f51013102 (type: ports) to 1 [pid: 8|app: 0|req: 996/1966] 10.0.0.36 () {34 vars in 664 bytes} [Fri May 8 00:43:32 2026] POST /v2.0/ports => generated 951 bytes in 479 msecs (HTTP/1.1 201) 4 headers in 162 bytes (1 switches on core 0) /var/lib/openstack/lib/python3.12/site-packages/pycadf/identifier.py:70: UserWarning: Invalid uuid: neutron. To ensure interoperability, identifiers should be a valid uuid. warnings.warn(('Invalid uuid: %s. To ensure interoperability, '
2026-05-08 00:43:33.227 7 INFO neutron.plugins.ml2.drivers.ovn.mech_driver.mech_driver [None req-3f7760e9-0841-4c55-b868-44e46a67dbb4 - - - - - -] OVN reports status down for port: d56afbae-c939-4723-835a-2aea269d7e80 [pid: 8|app: 0|req: 997/1967] 10.0.0.36 () {32 vars in 739 bytes} [Fri May 8 00:43:33 2026] DELETE /v2.0/security-groups/dbac50e3-508b-473e-9fde-aad77456024c => generated 0 bytes in 180 msecs (HTTP/1.1 204) 2 headers in 112 bytes (1 switches on core 0)
2026-05-08 00:43:33.385 7 INFO neutron.plugins.ml2.drivers.ovn.mech_driver.mech_driver [None req-3f7760e9-0841-4c55-b868-44e46a67dbb4 - - - - - -] OVN reports status down for port: 0659fb43-ff39-4ce2-82ea-620f51013102
2026-05-08 00:43:33.410 7 INFO neutron.db.ovn_revision_numbers_db [None req-31cab7d1-348b-4050-be09-72a81ade0e4e 7d02f61c1d8f4d64b26364178c9ce74c d3b89e2760b4419bb26f6cb15f2c1221 - - default default] Successfully bumped revision number for resource 18d3411f-379e-4588-b746-af23ea7b2bd4 (type: security_groups) to 1
2026-05-08 00:43:33.435 7 INFO neutron.db.ovn_revision_numbers_db [None req-31cab7d1-348b-4050-be09-72a81ade0e4e 7d02f61c1d8f4d64b26364178c9ce74c d3b89e2760b4419bb26f6cb15f2c1221 - - default default] Successfully bumped revision number for resource 0fca2ba1-0263-40a2-bfcb-9bf9a780e628 (type: security_group_rules) to 0
2026-05-08 00:43:33.456 7 INFO neutron.db.ovn_revision_numbers_db [None req-31cab7d1-348b-4050-be09-72a81ade0e4e 7d02f61c1d8f4d64b26364178c9ce74c d3b89e2760b4419bb26f6cb15f2c1221 - - default default] Successfully bumped revision number for resource 54646cc4-3c1b-4a98-858f-c8ea782f757e (type: security_group_rules) to 0
2026-05-08 00:43:33.478 7 INFO neutron.db.ovn_revision_numbers_db [None req-31cab7d1-348b-4050-be09-72a81ade0e4e 7d02f61c1d8f4d64b26364178c9ce74c d3b89e2760b4419bb26f6cb15f2c1221 - - default default] Successfully bumped revision number for resource 5636aa8a-9617-40a2-8809-9e2e95881f16 (type: security_group_rules) to 0
2026-05-08 00:43:33.496 7 INFO neutron.db.ovn_revision_numbers_db [None req-31cab7d1-348b-4050-be09-72a81ade0e4e 7d02f61c1d8f4d64b26364178c9ce74c d3b89e2760b4419bb26f6cb15f2c1221 - - default default] Successfully bumped revision number for resource b1725da1-aca3-4e79-a8cf-478f45399b80 (type: security_group_rules) to 0
2026-05-08 00:43:33.596 7 INFO neutron.db.segments_db [None req-31cab7d1-348b-4050-be09-72a81ade0e4e 7d02f61c1d8f4d64b26364178c9ce74c d3b89e2760b4419bb26f6cb15f2c1221 - - default default] Added segment 8fdee0b0-fc12-414c-80c4-83985827b176 of type geneve for network 9aa9913b-401e-4da1-940b-be2b5f7a91c6
2026-05-08 00:43:33.710 7 INFO neutron.db.ovn_revision_numbers_db [None req-31cab7d1-348b-4050-be09-72a81ade0e4e 7d02f61c1d8f4d64b26364178c9ce74c d3b89e2760b4419bb26f6cb15f2c1221 - - default default] Successfully bumped revision number for resource 9aa9913b-401e-4da1-940b-be2b5f7a91c6 (type: networks) to 1
2026-05-08 00:43:33.875 7 WARNING neutron.scheduler.dhcp_agent_scheduler [None req-31cab7d1-348b-4050-be09-72a81ade0e4e 7d02f61c1d8f4d64b26364178c9ce74c d3b89e2760b4419bb26f6cb15f2c1221 - - default default] No more DHCP agents
2026-05-08 00:43:33.877 7 WARNING neutron.api.rpc.agentnotifiers.dhcp_rpc_agent_api [None req-31cab7d1-348b-4050-be09-72a81ade0e4e 7d02f61c1d8f4d64b26364178c9ce74c d3b89e2760b4419bb26f6cb15f2c1221 - - default default] Unable to schedule network 9aa9913b-401e-4da1-940b-be2b5f7a91c6: no agents available; will retry on subsequent port and subnet creation events.
2026-05-08 00:43:33.937 7 INFO neutron.plugins.ml2.drivers.ovn.mech_driver.mech_driver [None req-3f7760e9-0841-4c55-b868-44e46a67dbb4 - - - - - -] OVN reports status up for port: 0659fb43-ff39-4ce2-82ea-620f51013102
2026-05-08 00:43:33.942 8 INFO neutron.db.ovn_revision_numbers_db [None req-b3520fe6-ed7a-47a1-a90e-3a9e8b77858b 1b25d2591382453d9cecb682d2a16480 bd8947912d284cfc8589f7085853f032 - - default default] Successfully bumped revision number for resource 0659fb43-ff39-4ce2-82ea-620f51013102 (type: ports) to 2
2026-05-08 00:43:33.979 7 INFO neutron.plugins.ml2.plugin [None req-3f7760e9-0841-4c55-b868-44e46a67dbb4 - - - - - -] Attempt 1 to provision port 0659fb43-ff39-4ce2-82ea-620f51013102
2026-05-08 00:43:33.996 8 INFO neutron.plugins.ml2.drivers.ovn.mech_driver.mech_driver [None req-67f8f80b-67dd-4cc1-91b2-86ea7515c68c - - - - - -] OVN reports status down for port: ecdb5178-7f7e-49bf-bbc6-fe666be06da8
2026-05-08 00:43:34.024 7 INFO neutron.db.ovn_revision_numbers_db [None req-31cab7d1-348b-4050-be09-72a81ade0e4e 7d02f61c1d8f4d64b26364178c9ce74c d3b89e2760b4419bb26f6cb15f2c1221 - - default default] Successfully bumped revision number for resource ecdb5178-7f7e-49bf-bbc6-fe666be06da8 (type: ports) to 1 [pid: 7|app: 0|req: 971/1968] 10.0.0.36 () {34 vars in 669 bytes} [Fri May 8 00:43:32 2026] POST /v2.0/networks => generated 669 bytes in 1174 msecs (HTTP/1.1 201) 4 headers in 162 bytes (1 switches on core 0)
2026-05-08 00:43:34.432 7 INFO neutron.db.ovn_revision_numbers_db [None req-8036d152-b4d6-4e4c-a650-7cbca19eb61f d8ab7df49cf1473b8046fc0310bcaba7 c31e879400c145eaba4726ad03fd3489 - - default default] Successfully bumped revision number for resource f4b5358b-3e96-4a53-a473-444656cd8e24 (type: security_groups) to 1
2026-05-08 00:43:34.464 7 INFO neutron.db.ovn_revision_numbers_db [None req-8036d152-b4d6-4e4c-a650-7cbca19eb61f d8ab7df49cf1473b8046fc0310bcaba7 c31e879400c145eaba4726ad03fd3489 - - default default] Successfully bumped revision number for resource 04ee67dc-f6e9-4872-8df0-4e391d6f28f5 (type: security_group_rules) to 0
2026-05-08 00:43:34.485 7 INFO neutron.db.ovn_revision_numbers_db [None req-8036d152-b4d6-4e4c-a650-7cbca19eb61f d8ab7df49cf1473b8046fc0310bcaba7 c31e879400c145eaba4726ad03fd3489 - - default default] Successfully bumped revision number for resource 076d9bb5-f906-4ad0-9cc3-5e7027ab2e7a (type: security_group_rules) to 0
2026-05-08 00:43:34.525 7 INFO neutron.db.ovn_revision_numbers_db [None req-8036d152-b4d6-4e4c-a650-7cbca19eb61f d8ab7df49cf1473b8046fc0310bcaba7 c31e879400c145eaba4726ad03fd3489 - - default default] Successfully bumped revision number for resource b469f6c4-f3ab-44cb-839f-09d035d91fb3 (type: security_group_rules) to 0
2026-05-08 00:43:34.550 7 INFO neutron.db.ovn_revision_numbers_db [None req-8036d152-b4d6-4e4c-a650-7cbca19eb61f d8ab7df49cf1473b8046fc0310bcaba7 c31e879400c145eaba4726ad03fd3489 - - default default] Successfully bumped revision number for resource ce9078ba-3482-459e-aaf3-2638d28bc27b (type: security_group_rules) to 0
2026-05-08 00:43:34.554 7 INFO neutron.db.ovn_revision_numbers_db [None req-3f7760e9-0841-4c55-b868-44e46a67dbb4 - - - - - -] Successfully bumped revision number for resource 0659fb43-ff39-4ce2-82ea-620f51013102 (type: ports) to 3
2026-05-08 00:43:34.656 7 INFO neutron.db.segments_db [None req-8036d152-b4d6-4e4c-a650-7cbca19eb61f d8ab7df49cf1473b8046fc0310bcaba7 c31e879400c145eaba4726ad03fd3489 - - default default] Added segment b83fa1f8-6b0b-4c81-b4cc-68f7ab86f414 of type geneve for network 6e5cb7a6-c832-4038-b02c-1bb44ef22bed
2026-05-08 00:43:34.685 8 WARNING neutron.scheduler.dhcp_agent_scheduler [None req-b3520fe6-ed7a-47a1-a90e-3a9e8b77858b 1b25d2591382453d9cecb682d2a16480 bd8947912d284cfc8589f7085853f032 - - default default] No more DHCP agents
2026-05-08 00:43:34.687 8 WARNING neutron.api.rpc.agentnotifiers.dhcp_rpc_agent_api [None req-b3520fe6-ed7a-47a1-a90e-3a9e8b77858b 1b25d2591382453d9cecb682d2a16480 bd8947912d284cfc8589f7085853f032 - - default default] Unable to schedule network b5b07d23-6409-4f29-adf6-b0a46fb135df: no agents available; will retry on subsequent port and subnet creation events.
2026-05-08 00:43:34.778 7 INFO neutron.db.ovn_revision_numbers_db [None req-8036d152-b4d6-4e4c-a650-7cbca19eb61f d8ab7df49cf1473b8046fc0310bcaba7 c31e879400c145eaba4726ad03fd3489 - - default default] Successfully bumped revision number for resource 6e5cb7a6-c832-4038-b02c-1bb44ef22bed (type: networks) to 1
2026-05-08 00:43:34.940 8 INFO neutron.db.ovn_revision_numbers_db [None req-b3520fe6-ed7a-47a1-a90e-3a9e8b77858b 1b25d2591382453d9cecb682d2a16480 bd8947912d284cfc8589f7085853f032 - - default default] Successfully bumped revision number for resource 0659fb43-ff39-4ce2-82ea-620f51013102 (type: router_ports) to 3 [pid: 8|app: 0|req: 998/1969] 10.0.0.36 () {34 vars in 782 bytes} [Fri May 8 00:43:33 2026] PUT /v2.0/routers/ead57583-1dc4-442e-bcfc-7c3c7f5e5042/add_router_interface => generated 310 bytes in 1576 msecs (HTTP/1.1 200) 4 headers in 157 bytes (1 switches on core 0) /var/lib/openstack/lib/python3.12/site-packages/pycadf/identifier.py:70: UserWarning: Invalid uuid: neutron. To ensure interoperability, identifiers should be a valid uuid. warnings.warn(('Invalid uuid: %s. To ensure interoperability, '
2026-05-08 00:43:35.047 7 WARNING neutron.scheduler.dhcp_agent_scheduler [None req-8036d152-b4d6-4e4c-a650-7cbca19eb61f d8ab7df49cf1473b8046fc0310bcaba7 c31e879400c145eaba4726ad03fd3489 - - default default] No more DHCP agents
2026-05-08 00:43:35.049 7 WARNING neutron.api.rpc.agentnotifiers.dhcp_rpc_agent_api [None req-8036d152-b4d6-4e4c-a650-7cbca19eb61f d8ab7df49cf1473b8046fc0310bcaba7 c31e879400c145eaba4726ad03fd3489 - - default default] Unable to schedule network 6e5cb7a6-c832-4038-b02c-1bb44ef22bed: no agents available; will retry on subsequent port and subnet creation events.
2026-05-08 00:43:35.125 7 INFO neutron.db.ovn_revision_numbers_db [None req-8036d152-b4d6-4e4c-a650-7cbca19eb61f d8ab7df49cf1473b8046fc0310bcaba7 c31e879400c145eaba4726ad03fd3489 - - default default] Successfully bumped revision number for resource c58d213a-efed-4174-923f-876c15e75c49 (type: ports) to 1
2026-05-08 00:43:35.138 8 INFO neutron.plugins.ml2.drivers.ovn.mech_driver.mech_driver [None req-67f8f80b-67dd-4cc1-91b2-86ea7515c68c - - - - - -] OVN reports status down for port: c58d213a-efed-4174-923f-876c15e75c49 [pid: 7|app: 0|req: 972/1970] 10.0.0.36 () {34 vars in 670 bytes} [Fri May 8 00:43:34 2026] POST /v2.0/networks => generated 778 bytes in 1081 msecs (HTTP/1.1 201) 4 headers in 162 bytes (1 switches on core 0) /var/lib/openstack/lib/python3.12/site-packages/pycadf/identifier.py:70: UserWarning: Invalid uuid: neutron. To ensure interoperability, identifiers should be a valid uuid. warnings.warn(('Invalid uuid: %s. To ensure interoperability, ' [pid: 7|app: 0|req: 973/1971] 10.0.0.36 () {32 vars in 716 bytes} [Fri May 8 00:43:35 2026] GET /v2.0/ports/0659fb43-ff39-4ce2-82ea-620f51013102 => generated 1013 bytes in 82 msecs (HTTP/1.1 200) 4 headers in 158 bytes (1 switches on core 0)
