2026-05-08 00:44:10.278 7 WARNING neutron.api.rpc.agentnotifiers.dhcp_rpc_agent_api [None req-8ceab130-2245-47d5-ba36-394e077f1044 d8ab7df49cf1473b8046fc0310bcaba7 c31e879400c145eaba4726ad03fd3489 - - default default] Unable to schedule network 0003d320-9a2b-473c-843e-821636210b16: no agents available; will retry on subsequent port and subnet creation events. [pid: 8|app: 0|req: 1107/2229] 10.0.0.36 () {32 vars in 739 bytes} [Fri May 8 00:44:10 2026] DELETE /v2.0/security-groups/d4efd614-19ba-4e2d-a0fe-9bb2c60c7791 => generated 0 bytes in 222 msecs (HTTP/1.1 204) 2 headers in 112 bytes (1 switches on core 0)
2026-05-08 00:44:10.451 8 INFO neutron.plugins.ml2.drivers.ovn.mech_driver.mech_driver [None req-4052253d-5ef9-4513-9423-a0e406ad3f11 - - - - - -] OVN reports status down for port: d74b3d2e-c483-426e-a7df-9cdc0bebd1ac
2026-05-08 00:44:10.458 7 INFO neutron.db.ovn_revision_numbers_db [None req-8ceab130-2245-47d5-ba36-394e077f1044 d8ab7df49cf1473b8046fc0310bcaba7 c31e879400c145eaba4726ad03fd3489 - - default default] Successfully bumped revision number for resource d74b3d2e-c483-426e-a7df-9cdc0bebd1ac (type: ports) to 1
2026-05-08 00:44:10.511 8 WARNING neutron.db.securitygroups_db [None req-4f9cdfda-de6a-4070-a2f7-2318313862ce d8ab7df49cf1473b8046fc0310bcaba7 c31e879400c145eaba4726ad03fd3489 - - default default] project_id key not found in filters, using tenant_id instead. This support has been deprecated and will be removed in a future release.
2026-05-08 00:44:10.709 8 INFO neutron.db.ovn_revision_numbers_db [None req-4f9cdfda-de6a-4070-a2f7-2318313862ce d8ab7df49cf1473b8046fc0310bcaba7 c31e879400c145eaba4726ad03fd3489 - - default default] Successfully bumped revision number for resource df8896db-f0cc-476d-8a66-3e4e8a09ede5 (type: security_groups) to 1
2026-05-08 00:44:10.720 8 INFO neutron.db.ovn_revision_numbers_db [None req-4f9cdfda-de6a-4070-a2f7-2318313862ce d8ab7df49cf1473b8046fc0310bcaba7 c31e879400c145eaba4726ad03fd3489 - - default default] Successfully bumped revision number for resource 9fccbaef-f760-4862-ab77-b2cef7feb487 (type: security_group_rules) to 0
2026-05-08 00:44:10.746 8 INFO neutron.db.ovn_revision_numbers_db [None req-4f9cdfda-de6a-4070-a2f7-2318313862ce d8ab7df49cf1473b8046fc0310bcaba7 c31e879400c145eaba4726ad03fd3489 - - default default] Successfully bumped revision number for resource bc9fbb5b-657f-4947-a5be-1c3e41824409 (type: security_group_rules) to 0
2026-05-08 00:44:10.762 8 INFO neutron.db.ovn_revision_numbers_db [None req-4f9cdfda-de6a-4070-a2f7-2318313862ce d8ab7df49cf1473b8046fc0310bcaba7 c31e879400c145eaba4726ad03fd3489 - - default default] Successfully bumped revision number for resource f5c80b70-0114-48f3-ba7f-d5f477a4905b (type: security_group_rules) to 0
2026-05-08 00:44:10.773 8 INFO neutron.db.ovn_revision_numbers_db [None req-4f9cdfda-de6a-4070-a2f7-2318313862ce d8ab7df49cf1473b8046fc0310bcaba7 c31e879400c145eaba4726ad03fd3489 - - default default] Successfully bumped revision number for resource fb38a222-6686-4fa4-8a20-38c73cb89bd9 (type: security_group_rules) to 0 [pid: 8|app: 0|req: 1108/2230] 10.0.0.36 () {32 vars in 773 bytes} [Fri May 8 00:44:10 2026] GET /v2.0/security-groups?tenant_id=d41efc72afc543d3952f22f44d4520c0&name=default => generated 2925 bytes in 550 msecs (HTTP/1.1 200) 4 headers in 158 bytes (1 switches on core 0) [pid: 8|app: 0|req: 1109/2231] 199.19.213.225 () {34 vars in 1080 bytes} [Fri May 8 00:44:10 2026] GET /v2.0/ports?tenant_id=986ebc2cd10149d6b75c29ffaca9369c&device_id=c541203a-ed8e-4b0a-a25b-3d14ad96bbda => generated 1275 bytes in 49 msecs (HTTP/1.1 200) 4 headers in 158 bytes (1 switches on core 0)
2026-05-08 00:44:10.948 8 WARNING neutron.db.securitygroups_db [None req-609e4c45-754d-4eb4-b7ee-0d3f17c845b0 d8ab7df49cf1473b8046fc0310bcaba7 c31e879400c145eaba4726ad03fd3489 - - default default] project_id key not found in filters, using tenant_id instead. This support has been deprecated and will be removed in a future release.
2026-05-08 00:44:11.077 8 INFO neutron.db.ovn_revision_numbers_db [None req-609e4c45-754d-4eb4-b7ee-0d3f17c845b0 d8ab7df49cf1473b8046fc0310bcaba7 c31e879400c145eaba4726ad03fd3489 - - default default] Successfully bumped revision number for resource 97c5bc95-afda-429b-9539-df658349658d (type: security_groups) to 1
2026-05-08 00:44:11.106 8 INFO neutron.db.ovn_revision_numbers_db [None req-609e4c45-754d-4eb4-b7ee-0d3f17c845b0 d8ab7df49cf1473b8046fc0310bcaba7 c31e879400c145eaba4726ad03fd3489 - - default default] Successfully bumped revision number for resource 26aec8d3-1e43-40bd-82f8-d6e974561a2f (type: security_group_rules) to 0
2026-05-08 00:44:11.130 8 INFO neutron.db.ovn_revision_numbers_db [None req-609e4c45-754d-4eb4-b7ee-0d3f17c845b0 d8ab7df49cf1473b8046fc0310bcaba7 c31e879400c145eaba4726ad03fd3489 - - default default] Successfully bumped revision number for resource 515d3fca-93ad-4368-af8e-c41b51bb6029 (type: security_group_rules) to 0
2026-05-08 00:44:11.149 8 INFO neutron.db.ovn_revision_numbers_db [None req-609e4c45-754d-4eb4-b7ee-0d3f17c845b0 d8ab7df49cf1473b8046fc0310bcaba7 c31e879400c145eaba4726ad03fd3489 - - default default] Successfully bumped revision number for resource a18d79dd-a1f3-4bc8-b93f-ffe6db3e4007 (type: security_group_rules) to 0
2026-05-08 00:44:11.166 8 INFO neutron.db.ovn_revision_numbers_db [None req-609e4c45-754d-4eb4-b7ee-0d3f17c845b0 d8ab7df49cf1473b8046fc0310bcaba7 c31e879400c145eaba4726ad03fd3489 - - default default] Successfully bumped revision number for resource eae8abf6-60b3-46b0-96cb-9651dd28428f (type: security_group_rules) to 0
2026-05-08 00:44:11.209 7 INFO neutron.db.ovn_revision_numbers_db [None req-8ceab130-2245-47d5-ba36-394e077f1044 d8ab7df49cf1473b8046fc0310bcaba7 c31e879400c145eaba4726ad03fd3489 - - default default] Successfully bumped revision number for resource d74b3d2e-c483-426e-a7df-9cdc0bebd1ac (type: router_ports) to 1 [pid: 8|app: 0|req: 1110/2232] 10.0.0.36 () {32 vars in 773 bytes} [Fri May 8 00:44:10 2026] GET /v2.0/security-groups?tenant_id=95cbc7fc5beb416491dac36a8332c0a2&name=default => generated 2925 bytes in 308 msecs (HTTP/1.1 200) 4 headers in 158 bytes (1 switches on core 0)
2026-05-08 00:44:11.271 8 INFO neutron.plugins.ml2.drivers.ovn.mech_driver.mech_driver [None req-4052253d-5ef9-4513-9423-a0e406ad3f11 - - - - - -] OVN reports status up for port: d74b3d2e-c483-426e-a7df-9cdc0bebd1ac
2026-05-08 00:44:11.286 7 INFO neutron.db.ovn_revision_numbers_db [None req-8ceab130-2245-47d5-ba36-394e077f1044 d8ab7df49cf1473b8046fc0310bcaba7 c31e879400c145eaba4726ad03fd3489 - - default default] Successfully bumped revision number for resource 9232108e-a7b0-4f24-9907-ce2cbbf26d93 (type: routers) to 2
2026-05-08 00:44:11.286 8 INFO neutron.plugins.ml2.drivers.ovn.mech_driver.ovsdb.ovsdb_monitor [None req-cb3fafb2-c395-4c0a-a7ab-85a559f67afd - - - - - -] Router 9232108e-a7b0-4f24-9907-ce2cbbf26d93 is bound to host instance
2026-05-08 00:44:11.305 8 INFO neutron.plugins.ml2.plugin [None req-4052253d-5ef9-4513-9423-a0e406ad3f11 - - - - - -] Attempt 1 to provision port d74b3d2e-c483-426e-a7df-9cdc0bebd1ac [pid: 7|app: 0|req: 1123/2233] 10.0.0.36 () {34 vars in 668 bytes} [Fri May 8 00:44:09 2026] POST /v2.0/routers => generated 986 bytes in 1562 msecs (HTTP/1.1 201) 4 headers in 162 bytes (1 switches on core 0) [pid: 7|app: 0|req: 1124/2234] 199.19.213.225 () {34 vars in 986 bytes} [Fri May 8 00:44:11 2026] GET /v2.0/networks?id=6e5cb7a6-c832-4038-b02c-1bb44ef22bed => generated 806 bytes in 53 msecs (HTTP/1.1 200) 4 headers in 157 bytes (1 switches on core 0) [pid: 7|app: 0|req: 1125/2235] 10.0.0.36 () {32 vars in 739 bytes} [Fri May 8 00:44:11 2026] DELETE /v2.0/security-groups/97c5bc95-afda-429b-9539-df658349658d => generated 0 bytes in 159 msecs (HTTP/1.1 204) 2 headers in 112 bytes (1 switches on core 0) [pid: 8|app: 0|req: 1111/2236] 10.0.0.36 () {32 vars in 739 bytes} [Fri May 8 00:44:11 2026] DELETE /v2.0/security-groups/df8896db-f0cc-476d-8a66-3e4e8a09ede5 => generated 0 bytes in 476 msecs (HTTP/1.1 204) 2 headers in 112 bytes (1 switches on core 0) [pid: 8|app: 0|req: 1112/2237] 199.19.213.225 () {34 vars in 1060 bytes} [Fri May 8 00:44:11 2026] GET /v2.0/floatingips?fixed_ip_address=10.100.0.14&port_id=cf127242-db96-4a3c-a863-bf08c42e3622 => generated 861 bytes in 62 msecs (HTTP/1.1 200) 4 headers in 157 bytes (1 switches on core 0) [pid: 8|app: 0|req: 1113/2238] 199.19.213.225 () {34 vars in 984 bytes} [Fri May 8 00:44:11 2026] GET /v2.0/subnets?id=74d85124-904f-467f-a140-7996c1f6736a => generated 691 bytes in 45 msecs (HTTP/1.1 200) 4 headers in 157 bytes (1 switches on core 0) [pid: 8|app: 0|req: 1114/2239] 199.19.213.225 () {34 vars in 1052 bytes} [Fri May 8 00:44:11 2026] GET /v2.0/ports?network_id=6e5cb7a6-c832-4038-b02c-1bb44ef22bed&device_owner=network%3Adhcp => generated 12 bytes in 36 msecs (HTTP/1.1 200) 4 headers in 156 bytes (1 switches on core 0)
2026-05-08 00:44:11.951 7 WARNING neutron.scheduler.dhcp_agent_scheduler [None req-02983937-4680-4b96-a913-cfe150fd1870 d8ab7df49cf1473b8046fc0310bcaba7 c31e879400c145eaba4726ad03fd3489 - - default default] No more DHCP agents
2026-05-08 00:44:11.953 7 WARNING neutron.api.rpc.agentnotifiers.dhcp_rpc_agent_api [None req-02983937-4680-4b96-a913-cfe150fd1870 d8ab7df49cf1473b8046fc0310bcaba7 c31e879400c145eaba4726ad03fd3489 - - default default] Unable to schedule network e7aedcef-fad7-4397-9503-74a1c9ba71d1: no agents available; will retry on subsequent port and subnet creation events. [pid: 8|app: 0|req: 1115/2240] 199.19.213.225 () {34 vars in 1012 bytes} [Fri May 8 00:44:11 2026] GET /v2.0/networks/6e5cb7a6-c832-4038-b02c-1bb44ef22bed?fields=segments => generated 14 bytes in 67 msecs (HTTP/1.1 200) 4 headers in 156 bytes (1 switches on core 0) [pid: 8|app: 0|req: 1116/2241] 199.19.213.225 () {34 vars in 1112 bytes} [Fri May 8 00:44:11 2026] GET /v2.0/networks/6e5cb7a6-c832-4038-b02c-1bb44ef22bed?fields=provider%3Aphysical_network&fields=provider%3Anetwork_type => generated 79 bytes in 91 msecs (HTTP/1.1 200) 4 headers in 156 bytes (1 switches on core 0)
2026-05-08 00:44:12.089 7 INFO neutron.plugins.ml2.drivers.ovn.mech_driver.mech_driver [None req-42c366d4-04ca-4869-8c45-00052c57935f - - - - - -] OVN reports status down for port: 845d3938-b540-4a10-9637-4e1ed1d7749f
2026-05-08 00:44:12.150 7 INFO neutron.db.ovn_revision_numbers_db [None req-02983937-4680-4b96-a913-cfe150fd1870 d8ab7df49cf1473b8046fc0310bcaba7 c31e879400c145eaba4726ad03fd3489 - - default default] Successfully bumped revision number for resource 845d3938-b540-4a10-9637-4e1ed1d7749f (type: ports) to 1
2026-05-08 00:44:12.449 8 INFO neutron.db.ovn_revision_numbers_db [None req-323e8fd7-cc7c-466c-8f26-4fa4c40a18e3 - - - - - -] Successfully bumped revision number for resource d74b3d2e-c483-426e-a7df-9cdc0bebd1ac (type: ports) to 4
2026-05-08 00:44:12.788 8 INFO neutron.db.ovn_revision_numbers_db [None req-323e8fd7-cc7c-466c-8f26-4fa4c40a18e3 - - - - - -] Successfully bumped revision number for resource d74b3d2e-c483-426e-a7df-9cdc0bebd1ac (type: ports) to 5
2026-05-08 00:44:12.812 7 INFO neutron.plugins.ml2.drivers.ovn.mech_driver.mech_driver [None req-42c366d4-04ca-4869-8c45-00052c57935f - - - - - -] OVN reports status up for port: 845d3938-b540-4a10-9637-4e1ed1d7749f
2026-05-08 00:44:12.839 7 INFO neutron.plugins.ml2.plugin [None req-42c366d4-04ca-4869-8c45-00052c57935f - - - - - -] Attempt 1 to provision port 845d3938-b540-4a10-9637-4e1ed1d7749f
2026-05-08 00:44:12.942 7 WARNING neutron.scheduler.dhcp_agent_scheduler [None req-02983937-4680-4b96-a913-cfe150fd1870 d8ab7df49cf1473b8046fc0310bcaba7 c31e879400c145eaba4726ad03fd3489 - - default default] No more DHCP agents
2026-05-08 00:44:12.945 7 WARNING neutron.api.rpc.agentnotifiers.dhcp_rpc_agent_api [None req-02983937-4680-4b96-a913-cfe150fd1870 d8ab7df49cf1473b8046fc0310bcaba7 c31e879400c145eaba4726ad03fd3489 - - default default] Unable to schedule network e7aedcef-fad7-4397-9503-74a1c9ba71d1: no agents available; will retry on subsequent port and subnet creation events.
2026-05-08 00:44:13.501 7 INFO neutron.db.ovn_revision_numbers_db [None req-42c366d4-04ca-4869-8c45-00052c57935f - - - - - -] Successfully bumped revision number for resource 845d3938-b540-4a10-9637-4e1ed1d7749f (type: ports) to 2
2026-05-08 00:44:13.789 7 INFO neutron.db.ovn_revision_numbers_db [None req-02983937-4680-4b96-a913-cfe150fd1870 d8ab7df49cf1473b8046fc0310bcaba7 c31e879400c145eaba4726ad03fd3489 - - default default] Successfully bumped revision number for resource 845d3938-b540-4a10-9637-4e1ed1d7749f (type: router_ports) to 1 [pid: 7|app: 0|req: 1126/2242] 10.0.0.36 () {34 vars in 782 bytes} [Fri May 8 00:44:11 2026] PUT /v2.0/routers/9232108e-a7b0-4f24-9907-ce2cbbf26d93/add_router_interface => generated 310 bytes in 2269 msecs (HTTP/1.1 200) 4 headers in 157 bytes (1 switches on core 0)
2026-05-08 00:44:13.966 8 INFO neutron.common.ovn.utils [None req-4052253d-5ef9-4513-9423-a0e406ad3f11 - - - - - -] HA Chassis Group neutron-e7aedcef-fad7-4397-9503-74a1c9ba71d1 synchronized; highest priority chassis 88beec2b-a582-4a07-abc1-12e0e819701d [pid: 8|app: 0|req: 1117/2243] 10.0.0.159 () {28 vars in 583 bytes} [Fri May 8 00:44:15 2026] GET /v2.0/subnets => generated 3340 bytes in 104 msecs (HTTP/1.1 200) 4 headers in 158 bytes (1 switches on core 0) [pid: 7|app: 0|req: 1127/2244] 10.0.0.159 () {28 vars in 591 bytes} [Fri May 8 00:44:15 2026] GET /v2.0/subnetpools => generated 19 bytes in 17 msecs (HTTP/1.1 200) 4 headers in 156 bytes (1 switches on core 0) [pid: 7|app: 0|req: 1128/2245] 10.0.0.159 () {28 vars in 591 bytes} [Fri May 8 00:44:15 2026] GET /v2.0/floatingips => generated 861 bytes in 42 msecs (HTTP/1.1 200) 4 headers in 157 bytes (1 switches on core 0) [pid: 7|app: 0|req: 1129/2246] 10.0.0.159 () {28 vars in 581 bytes} [Fri May 8 00:44:15 2026] GET /v2.0/agents => generated 1214 bytes in 11 msecs (HTTP/1.1 200) 4 headers in 158 bytes (1 switches on core 0) [pid: 7|app: 0|req: 1130/2247] 10.0.0.159 () {28 vars in 619 bytes} [Fri May 8 00:44:15 2026] GET /v2.0/network-ip-availabilities => generated 4185 bytes in 36 msecs (HTTP/1.1 200) 4 headers in 158 bytes (1 switches on core 0) [pid: 7|app: 0|req: 1131/2248] 10.0.0.159 () {28 vars in 599 bytes} [Fri May 8 00:44:15 2026] GET /v2.0/security-groups => generated 34317 bytes in 44 msecs (HTTP/1.1 200) 4 headers in 159 bytes (1 switches on core 0)
2026-05-08 00:44:16.026 8 INFO neutron.db.ovn_revision_numbers_db [None req-60fe98f4-6be8-4b9d-a7c8-6bef4b764613 ee8744151d3f4ad894d6dabe19eeff0d 25d0206ad1dd497c8725178a7e4f7c97 - - default default] Successfully bumped revision number for resource dc2ac93f-1d40-43fe-8585-4fecb929b5af (type: security_groups) to 1
2026-05-08 00:44:16.036 8 INFO neutron.db.ovn_revision_numbers_db [None req-60fe98f4-6be8-4b9d-a7c8-6bef4b764613 ee8744151d3f4ad894d6dabe19eeff0d 25d0206ad1dd497c8725178a7e4f7c97 - - default default] Successfully bumped revision number for resource 05cd9f22-4f29-497a-bfa4-e916dd2dea4d (type: security_group_rules) to 0 [pid: 7|app: 0|req: 1132/2249] 10.0.0.188 () {34 vars in 982 bytes} [Fri May 8 00:44:15 2026] GET /v2.0/networks?id=e7aedcef-fad7-4397-9503-74a1c9ba71d1 => generated 710 bytes in 42 msecs (HTTP/1.1 200) 4 headers in 157 bytes (1 switches on core 0)
2026-05-08 00:44:16.048 8 INFO neutron.db.ovn_revision_numbers_db [None req-60fe98f4-6be8-4b9d-a7c8-6bef4b764613 ee8744151d3f4ad894d6dabe19eeff0d 25d0206ad1dd497c8725178a7e4f7c97 - - default default] Successfully bumped revision number for resource 5fb0d700-b263-416c-bb06-b7e326b6afdf (type: security_group_rules) to 0
2026-05-08 00:44:16.059 8 INFO neutron.db.ovn_revision_numbers_db [None req-60fe98f4-6be8-4b9d-a7c8-6bef4b764613 ee8744151d3f4ad894d6dabe19eeff0d 25d0206ad1dd497c8725178a7e4f7c97 - - default default] Successfully bumped revision number for resource 8ad90d2c-815a-465d-91b3-5f3cdc1f442a (type: security_group_rules) to 0
2026-05-08 00:44:16.069 8 INFO neutron.db.ovn_revision_numbers_db [None req-60fe98f4-6be8-4b9d-a7c8-6bef4b764613 ee8744151d3f4ad894d6dabe19eeff0d 25d0206ad1dd497c8725178a7e4f7c97 - - default default] Successfully bumped revision number for resource a4f63c8b-a70e-46d1-a7bf-b3e69d67ca24 (type: security_group_rules) to 0 [pid: 7|app: 0|req: 1133/2250] 10.0.0.159 () {28 vars in 583 bytes} [Fri May 8 00:44:16 2026] GET /v2.0/routers => generated 2960 bytes in 64 msecs (HTTP/1.1 200) 4 headers in 158 bytes (1 switches on core 0) [pid: 7|app: 0|req: 1134/2251] 10.0.0.188 () {34 vars in 965 bytes} [Fri May 8 00:44:16 2026] GET /v2.0/quotas/d1c566bbffc8485a9c8183c00abe5728 => generated 292 bytes in 9 msecs (HTTP/1.1 200) 4 headers in 157 bytes (1 switches on core 0)
2026-05-08 00:44:16.129 8 INFO neutron.db.segments_db [None req-60fe98f4-6be8-4b9d-a7c8-6bef4b764613 ee8744151d3f4ad894d6dabe19eeff0d 25d0206ad1dd497c8725178a7e4f7c97 - - default default] Added segment 05495532-db4c-4316-9073-a11e7fcbf615 of type geneve for network 040a59a5-3e62-4128-8551-88b0b7d8235e [pid: 7|app: 0|req: 1135/2252] 10.0.0.159 () {28 vars in 624 bytes} [Fri May 8 00:44:16 2026] GET /v2.0/agents?binary=ovn-controller => generated 416 bytes in 15 msecs (HTTP/1.1 200) 4 headers in 157 bytes (1 switches on core 0) [pid: 7|app: 0|req: 1136/2253] 10.0.0.188 () {34 vars in 1002 bytes} [Fri May 8 00:44:16 2026] GET /v2.0/ports?tenant_id=d1c566bbffc8485a9c8183c00abe5728&fields=id => generated 103 bytes in 86 msecs (HTTP/1.1 200) 4 headers in 157 bytes (1 switches on core 0)
2026-05-08 00:44:16.223 8 INFO neutron.db.ovn_revision_numbers_db [None req-60fe98f4-6be8-4b9d-a7c8-6bef4b764613 ee8744151d3f4ad894d6dabe19eeff0d 25d0206ad1dd497c8725178a7e4f7c97 - - default default] Successfully bumped revision number for resource 040a59a5-3e62-4128-8551-88b0b7d8235e (type: networks) to 1 [pid: 7|app: 0|req: 1137/2254] 10.0.0.159 () {28 vars in 585 bytes} [Fri May 8 00:44:16 2026] GET /v2.0/networks => generated 5409 bytes in 62 msecs (HTTP/1.1 200) 4 headers in 158 bytes (1 switches on core 0) [pid: 7|app: 0|req: 1138/2255] 10.0.0.188 () {34 vars in 1008 bytes} [Fri May 8 00:44:16 2026] GET /v2.0/networks/e7aedcef-fad7-4397-9503-74a1c9ba71d1?fields=segments => generated 14 bytes in 36 msecs (HTTP/1.1 200) 4 headers in 156 bytes (1 switches on core 0) [pid: 7|app: 0|req: 1139/2256] 10.0.0.159 () {28 vars in 583 bytes} [Fri May 8 00:44:16 2026] GET /v2.0/subnets => generated 3340 bytes in 34 msecs (HTTP/1.1 200) 4 headers in 158 bytes (1 switches on core 0)
2026-05-08 00:44:16.376 8 WARNING neutron.scheduler.dhcp_agent_scheduler [None req-60fe98f4-6be8-4b9d-a7c8-6bef4b764613 ee8744151d3f4ad894d6dabe19eeff0d 25d0206ad1dd497c8725178a7e4f7c97 - - default default] No more DHCP agents
2026-05-08 00:44:16.377 8 WARNING neutron.api.rpc.agentnotifiers.dhcp_rpc_agent_api [None req-60fe98f4-6be8-4b9d-a7c8-6bef4b764613 ee8744151d3f4ad894d6dabe19eeff0d 25d0206ad1dd497c8725178a7e4f7c97 - - default default] Unable to schedule network 040a59a5-3e62-4128-8551-88b0b7d8235e: no agents available; will retry on subsequent port and subnet creation events. [pid: 7|app: 0|req: 1140/2257] 10.0.0.188 () {34 vars in 1108 bytes} [Fri May 8 00:44:16 2026] GET /v2.0/networks/e7aedcef-fad7-4397-9503-74a1c9ba71d1?fields=provider%3Aphysical_network&fields=provider%3Anetwork_type => generated 79 bytes in 39 msecs (HTTP/1.1 200) 4 headers in 156 bytes (1 switches on core 0)
2026-05-08 00:44:16.455 8 INFO neutron.db.ovn_revision_numbers_db [None req-60fe98f4-6be8-4b9d-a7c8-6bef4b764613 ee8744151d3f4ad894d6dabe19eeff0d 25d0206ad1dd497c8725178a7e4f7c97 - - default default] Successfully bumped revision number for resource b0178346-3be2-45a5-bc2d-419a7c4952b2 (type: ports) to 1 [pid: 8|app: 0|req: 1118/2258] 10.0.0.36 () {34 vars in 669 bytes} [Fri May 8 00:44:15 2026] POST /v2.0/networks => generated 765 bytes in 640 msecs (HTTP/1.1 201) 4 headers in 162 bytes (1 switches on core 0) [pid: 7|app: 0|req: 1141/2259] 10.0.0.159 () {28 vars in 579 bytes} [Fri May 8 00:44:16 2026] GET /v2.0/ports => generated 18099 bytes in 123 msecs (HTTP/1.1 200) 4 headers in 159 bytes (1 switches on core 0) [pid: 7|app: 0|req: 1142/2260] 10.0.0.188 () {34 vars in 990 bytes} [Fri May 8 00:44:16 2026] GET /v2.0/ports?device_id=c0be1177-3005-4c56-8786-d4eb4f36885a => generated 12 bytes in 17 msecs (HTTP/1.1 200) 4 headers in 156 bytes (1 switches on core 0)
2026-05-08 00:44:16.647 8 WARNING neutron.scheduler.dhcp_agent_scheduler [None req-ca5ae729-60bd-4e90-97e4-3a48d58b7e0f ee8744151d3f4ad894d6dabe19eeff0d 25d0206ad1dd497c8725178a7e4f7c97 - - default default] No more DHCP agents
2026-05-08 00:44:16.649 8 WARNING neutron.api.rpc.agentnotifiers.dhcp_rpc_agent_api [None req-ca5ae729-60bd-4e90-97e4-3a48d58b7e0f ee8744151d3f4ad894d6dabe19eeff0d 25d0206ad1dd497c8725178a7e4f7c97 - - default default] Unable to schedule network 040a59a5-3e62-4128-8551-88b0b7d8235e: no agents available; will retry on subsequent port and subnet creation events.
2026-05-08 00:44:17.084 8 INFO neutron.db.ovn_revision_numbers_db [None req-ca5ae729-60bd-4e90-97e4-3a48d58b7e0f ee8744151d3f4ad894d6dabe19eeff0d 25d0206ad1dd497c8725178a7e4f7c97 - - default default] Successfully bumped revision number for resource b0178346-3be2-45a5-bc2d-419a7c4952b2 (type: ports) to 2
2026-05-08 00:44:17.111 8 INFO neutron.db.ovn_revision_numbers_db [None req-ca5ae729-60bd-4e90-97e4-3a48d58b7e0f ee8744151d3f4ad894d6dabe19eeff0d 25d0206ad1dd497c8725178a7e4f7c97 - - default default] Successfully bumped revision number for resource 902c816b-d0d4-4b27-bb6c-abdbfe0a11bb (type: subnets) to 0 [pid: 8|app: 0|req: 1119/2261] 10.0.0.36 () {34 vars in 668 bytes} [Fri May 8 00:44:16 2026] POST /v2.0/subnets => generated 644 bytes in 646 msecs (HTTP/1.1 201) 4 headers in 162 bytes (1 switches on core 0)
2026-05-08 00:44:17.140 7 WARNING neutron.api.v2.base [None req-151d82bc-2240-4ebf-836b-7a89bbc76bcf ee8744151d3f4ad894d6dabe19eeff0d 25d0206ad1dd497c8725178a7e4f7c97 - - default default] An exception happened while processing the request body. The exception message is [Invalid input for target_tenant. Reason: 'None' is not a valid string.].: webob.exc.HTTPBadRequest: Invalid input for target_tenant. Reason: 'None' is not a valid string.
2026-05-08 00:44:17.141 7 INFO neutron.api.v2.resource [None req-151d82bc-2240-4ebf-836b-7a89bbc76bcf ee8744151d3f4ad894d6dabe19eeff0d 25d0206ad1dd497c8725178a7e4f7c97 - - default default] create failed (client error): Invalid input for target_tenant. Reason: 'None' is not a valid string. [pid: 7|app: 0|req: 1143/2262] 10.0.0.36 () {34 vars in 680 bytes} [Fri May 8 00:44:17 2026] POST /v2.0/rbac-policies => generated 143 bytes in 11 msecs (HTTP/1.1 400) 4 headers in 166 bytes (1 switches on core 0)
2026-05-08 00:44:17.304 8 INFO neutron_taas.services.taas.taas_plugin [None req-d4303f0e-e12d-44a8-bf15-9f8d9a202d1f ee8744151d3f4ad894d6dabe19eeff0d 25d0206ad1dd497c8725178a7e4f7c97 - - default default] TaaS: Handle Delete Port: b0178346-3be2-45a5-bc2d-419a7c4952b2
2026-05-08 00:44:17.307 8 INFO neutron_taas.services.taas.tap_mirror_plugin [None req-d4303f0e-e12d-44a8-bf15-9f8d9a202d1f ee8744151d3f4ad894d6dabe19eeff0d 25d0206ad1dd497c8725178a7e4f7c97 - - default default] Tap Mirror: Handle Delete Port: b0178346-3be2-45a5-bc2d-419a7c4952b2
2026-05-08 00:44:17.599 8 INFO neutron.services.segments.plugin [-] Segment 05495532-db4c-4316-9073-a11e7fcbf615 resource provider aggregate not found
2026-05-08 00:44:17.608 8 INFO neutron.services.segments.plugin [-] Segment 05495532-db4c-4316-9073-a11e7fcbf615 resource provider aggregate not found
2026-05-08 00:44:17.620 8 INFO neutron.services.segments.plugin [-] Segment 05495532-db4c-4316-9073-a11e7fcbf615 resource provider not found; error: Placement Client Error (4xx): {"errors": [{"status": 404, "title": "Not Found", "detail": "The resource could not be found.\n\n No resource provider with uuid 05495532-db4c-4316-9073-a11e7fcbf615 found for delete ", "request_id": "req-07963ba8-089f-4944-b66e-e9b0025518fb"}]} [pid: 7|app: 0|req: 1144/2263] 10.0.0.188 () {34 vars in 990 bytes} [Fri May 8 00:44:17 2026] GET /v2.0/ports?device_id=c0be1177-3005-4c56-8786-d4eb4f36885a => generated 12 bytes in 25 msecs (HTTP/1.1 200) 4 headers in 156 bytes (1 switches on core 0)
2026-05-08 00:44:17.628 8 INFO neutron.services.segments.plugin [-] Segment 05495532-db4c-4316-9073-a11e7fcbf615 resource provider not found; error: Placement Client Error (4xx): {"errors": [{"status": 404, "title": "Not Found", "detail": "The resource could not be found.\n\n No resource provider with uuid 05495532-db4c-4316-9073-a11e7fcbf615 found for delete ", "request_id": "req-13b1b7f2-adc5-4eae-8f2b-3348e747af4d"}]} [pid: 8|app: 0|req: 1120/2264] 10.0.0.36 () {32 vars in 725 bytes} [Fri May 8 00:44:17 2026] DELETE /v2.0/networks/040a59a5-3e62-4128-8551-88b0b7d8235e => generated 0 bytes in 498 msecs (HTTP/1.1 204) 3 headers in 131 bytes (1 switches on core 0)
2026-05-08 00:44:17.755 7 INFO neutron.db.segments_db [None req-564b61e5-a6ce-4a62-8629-f7212fa0bdda ee8744151d3f4ad894d6dabe19eeff0d 25d0206ad1dd497c8725178a7e4f7c97 - - default default] Added segment 5a1d14a4-7ec5-44d6-a78c-1ebad4b61915 of type geneve for network 1813e2a5-a776-433d-9c86-75dffe31c29b
2026-05-08 00:44:17.911 7 INFO neutron.db.ovn_revision_numbers_db [None req-564b61e5-a6ce-4a62-8629-f7212fa0bdda ee8744151d3f4ad894d6dabe19eeff0d 25d0206ad1dd497c8725178a7e4f7c97 - - default default] Successfully bumped revision number for resource 1813e2a5-a776-433d-9c86-75dffe31c29b (type: networks) to 1
2026-05-08 00:44:17.991 7 WARNING neutron.plugins.ml2.drivers.ovn.mech_driver.ovsdb.ovn_client [None req-12af390f-d23b-48aa-b214-e40b987bebba - - - - - -] No hosting information found for port 845d3938-b540-4a10-9637-4e1ed1d7749f: RuntimeError: No hosting information found for port 845d3938-b540-4a10-9637-4e1ed1d7749f
2026-05-08 00:44:18.143 7 INFO neutron.db.ovn_revision_numbers_db [None req-12af390f-d23b-48aa-b214-e40b987bebba - - - - - -] Successfully bumped revision number for resource 845d3938-b540-4a10-9637-4e1ed1d7749f (type: router_ports) to 2
2026-05-08 00:44:18.144 7 INFO neutron.plugins.ml2.drivers.ovn.mech_driver.mech_driver [None req-12af390f-d23b-48aa-b214-e40b987bebba - - - - - -] OVN reports status down for port: b0178346-3be2-45a5-bc2d-419a7c4952b2
2026-05-08 00:44:18.149 7 WARNING neutron.scheduler.dhcp_agent_scheduler [None req-564b61e5-a6ce-4a62-8629-f7212fa0bdda ee8744151d3f4ad894d6dabe19eeff0d 25d0206ad1dd497c8725178a7e4f7c97 - - default default] No more DHCP agents
2026-05-08 00:44:18.150 7 WARNING neutron.api.rpc.agentnotifiers.dhcp_rpc_agent_api [None req-564b61e5-a6ce-4a62-8629-f7212fa0bdda ee8744151d3f4ad894d6dabe19eeff0d 25d0206ad1dd497c8725178a7e4f7c97 - - default default] Unable to schedule network 1813e2a5-a776-433d-9c86-75dffe31c29b: no agents available; will retry on subsequent port and subnet creation events.
2026-05-08 00:44:18.202 7 INFO neutron.plugins.ml2.drivers.ovn.mech_driver.mech_driver [None req-12af390f-d23b-48aa-b214-e40b987bebba - - - - - -] OVN reports status down for port: fd74117b-fa64-44c9-9fee-359c8c7ac32d
2026-05-08 00:44:18.251 7 INFO neutron.db.ovn_revision_numbers_db [None req-564b61e5-a6ce-4a62-8629-f7212fa0bdda ee8744151d3f4ad894d6dabe19eeff0d 25d0206ad1dd497c8725178a7e4f7c97 - - default default] Successfully bumped revision number for resource fd74117b-fa64-44c9-9fee-359c8c7ac32d (type: ports) to 1 [pid: 7|app: 0|req: 1145/2265] 10.0.0.36 () {34 vars in 669 bytes} [Fri May 8 00:44:17 2026] POST /v2.0/networks => generated 768 bytes in 648 msecs (HTTP/1.1 201) 4 headers in 162 bytes (1 switches on core 0)
2026-05-08 00:44:18.439 8 WARNING neutron.scheduler.dhcp_agent_scheduler [None req-05413d56-ec6b-42ff-84e7-9e6ca9388919 ee8744151d3f4ad894d6dabe19eeff0d 25d0206ad1dd497c8725178a7e4f7c97 - - default default] No more DHCP agents
2026-05-08 00:44:18.440 8 WARNING neutron.api.rpc.agentnotifiers.dhcp_rpc_agent_api [None req-05413d56-ec6b-42ff-84e7-9e6ca9388919 ee8744151d3f4ad894d6dabe19eeff0d 25d0206ad1dd497c8725178a7e4f7c97 - - default default] Unable to schedule network 1813e2a5-a776-433d-9c86-75dffe31c29b: no agents available; will retry on subsequent port and subnet creation events. [pid: 7|app: 0|req: 1146/2266] 10.0.0.188 () {34 vars in 990 bytes} [Fri May 8 00:44:18 2026] GET /v2.0/ports?device_id=c0be1177-3005-4c56-8786-d4eb4f36885a => generated 12 bytes in 23 msecs (HTTP/1.1 200) 4 headers in 156 bytes (1 switches on core 0)
2026-05-08 00:44:18.846 8 INFO neutron.db.ovn_revision_numbers_db [None req-05413d56-ec6b-42ff-84e7-9e6ca9388919 ee8744151d3f4ad894d6dabe19eeff0d 25d0206ad1dd497c8725178a7e4f7c97 - - default default] Successfully bumped revision number for resource fd74117b-fa64-44c9-9fee-359c8c7ac32d (type: ports) to 2
2026-05-08 00:44:18.877 8 INFO neutron.db.ovn_revision_numbers_db [None req-05413d56-ec6b-42ff-84e7-9e6ca9388919 ee8744151d3f4ad894d6dabe19eeff0d 25d0206ad1dd497c8725178a7e4f7c97 - - default default] Successfully bumped revision number for resource 9c1129b4-9179-4517-b329-737da9b79caa (type: subnets) to 0 [pid: 8|app: 0|req: 1121/2267] 10.0.0.36 () {34 vars in 668 bytes} [Fri May 8 00:44:18 2026] POST /v2.0/subnets => generated 647 bytes in 590 msecs (HTTP/1.1 201) 4 headers in 162 bytes (1 switches on core 0)
2026-05-08 00:44:18.905 7 WARNING neutron.api.v2.base [None req-eb97ad9e-4036-4b8c-893d-18c88056ae1e ee8744151d3f4ad894d6dabe19eeff0d 25d0206ad1dd497c8725178a7e4f7c97 - - default default] An exception happened while processing the request body. The exception message is [Invalid input for target_tenant. Reason: '1234123412341234123412341234123412341234123412341234123412341234123412341234123412341234123412341234123412341234123412341234123412341234123412341234123412341234123412341234123412341234123412341234123412341234123412341234123412341234123412341234123412341234123412341234123412341234123412341234123412341234123412341234123412341234123412341234123412341234123412341234123412341234123412341234123412341234' exceeds maximum length of 255.].: webob.exc.HTTPBadRequest: Invalid input for target_tenant. Reason: '1234123412341234123412341234123412341234123412341234123412341234123412341234123412341234123412341234123412341234123412341234123412341234123412341234123412341234123412341234123412341234123412341234123412341234123412341234123412341234123412341234123412341234123412341234123412341234123412341234123412341234123412341234123412341234123412341234123412341234123412341234123412341234123412341234123412341234' exceeds maximum length of 255.
2026-05-08 00:44:18.906 7 INFO neutron.api.v2.resource [None req-eb97ad9e-4036-4b8c-893d-18c88056ae1e ee8744151d3f4ad894d6dabe19eeff0d 25d0206ad1dd497c8725178a7e4f7c97 - - default default] create failed (client error): Invalid input for target_tenant. Reason: '1234123412341234123412341234123412341234123412341234123412341234123412341234123412341234123412341234123412341234123412341234123412341234123412341234123412341234123412341234123412341234123412341234123412341234123412341234123412341234123412341234123412341234123412341234123412341234123412341234123412341234123412341234123412341234123412341234123412341234123412341234123412341234123412341234123412341234' exceeds maximum length of 255. [pid: 7|app: 0|req: 1147/2268] 10.0.0.36 () {34 vars in 680 bytes} [Fri May 8 00:44:18 2026] POST /v2.0/rbac-policies => generated 547 bytes in 9 msecs (HTTP/1.1 400) 4 headers in 166 bytes (1 switches on core 0)
2026-05-08 00:44:19.057 8 INFO neutron_taas.services.taas.taas_plugin [None req-82033fa2-274d-44d2-a978-6c48d61bdcd2 ee8744151d3f4ad894d6dabe19eeff0d 25d0206ad1dd497c8725178a7e4f7c97 - - default default] TaaS: Handle Delete Port: fd74117b-fa64-44c9-9fee-359c8c7ac32d
2026-05-08 00:44:19.061 8 INFO neutron_taas.services.taas.tap_mirror_plugin [None req-82033fa2-274d-44d2-a978-6c48d61bdcd2 ee8744151d3f4ad894d6dabe19eeff0d 25d0206ad1dd497c8725178a7e4f7c97 - - default default] Tap Mirror: Handle Delete Port: fd74117b-fa64-44c9-9fee-359c8c7ac32d [pid: 7|app: 0|req: 1148/2269] 10.0.0.188 () {34 vars in 990 bytes} [Fri May 8 00:44:19 2026] GET /v2.0/ports?device_id=c0be1177-3005-4c56-8786-d4eb4f36885a => generated 12 bytes in 19 msecs (HTTP/1.1 200) 4 headers in 156 bytes (1 switches on core 0)
2026-05-08 00:44:19.839 8 INFO neutron.services.segments.plugin [-] Segment 5a1d14a4-7ec5-44d6-a78c-1ebad4b61915 resource provider aggregate not found
2026-05-08 00:44:19.846 8 INFO neutron.services.segments.plugin [-] Segment 5a1d14a4-7ec5-44d6-a78c-1ebad4b61915 resource provider aggregate not found
2026-05-08 00:44:19.877 8 INFO neutron.services.segments.plugin [-] Segment 5a1d14a4-7ec5-44d6-a78c-1ebad4b61915 resource provider not found; error: Placement Client Error (4xx): {"errors": [{"status": 404, "title": "Not Found", "detail": "The resource could not be found.\n\n No resource provider with uuid 5a1d14a4-7ec5-44d6-a78c-1ebad4b61915 found for delete ", "request_id": "req-126b5b7f-5b30-40da-a27a-1ee5f442584c"}]}
2026-05-08 00:44:19.879 8 INFO neutron.services.segments.plugin [-] Segment 5a1d14a4-7ec5-44d6-a78c-1ebad4b61915 resource provider not found; error: Placement Client Error (4xx): {"errors": [{"status": 404, "title": "Not Found", "detail": "The resource could not be found.\n\n No resource provider with uuid 5a1d14a4-7ec5-44d6-a78c-1ebad4b61915 found for delete ", "request_id": "req-d758dc0e-fdd6-45dc-89d8-b1b79036d0c5"}]} [pid: 8|app: 0|req: 1122/2270] 10.0.0.36 () {32 vars in 725 bytes} [Fri May 8 00:44:18 2026] DELETE /v2.0/networks/1813e2a5-a776-433d-9c86-75dffe31c29b => generated 0 bytes in 984 msecs (HTTP/1.1 204) 3 headers in 131 bytes (1 switches on core 0)
2026-05-08 00:44:20.020 7 INFO neutron.db.segments_db [None req-b6a3cc4a-5719-4670-acc4-0efe2159c77c ee8744151d3f4ad894d6dabe19eeff0d 25d0206ad1dd497c8725178a7e4f7c97 - - default default] Added segment 9ac64c66-25fc-4acc-ac94-921dbf0ff575 of type geneve for network 61e05021-d999-4e96-b9de-9429d1a2bebc
2026-05-08 00:44:20.122 7 INFO neutron.db.ovn_revision_numbers_db [None req-b6a3cc4a-5719-4670-acc4-0efe2159c77c ee8744151d3f4ad894d6dabe19eeff0d 25d0206ad1dd497c8725178a7e4f7c97 - - default default] Successfully bumped revision number for resource 61e05021-d999-4e96-b9de-9429d1a2bebc (type: networks) to 1
2026-05-08 00:44:20.271 7 WARNING neutron.scheduler.dhcp_agent_scheduler [None req-b6a3cc4a-5719-4670-acc4-0efe2159c77c ee8744151d3f4ad894d6dabe19eeff0d 25d0206ad1dd497c8725178a7e4f7c97 - - default default] No more DHCP agents
2026-05-08 00:44:20.273 7 WARNING neutron.api.rpc.agentnotifiers.dhcp_rpc_agent_api [None req-b6a3cc4a-5719-4670-acc4-0efe2159c77c ee8744151d3f4ad894d6dabe19eeff0d 25d0206ad1dd497c8725178a7e4f7c97 - - default default] Unable to schedule network 61e05021-d999-4e96-b9de-9429d1a2bebc: no agents available; will retry on subsequent port and subnet creation events.
2026-05-08 00:44:20.312 7 INFO neutron.plugins.ml2.drivers.ovn.mech_driver.mech_driver [None req-12af390f-d23b-48aa-b214-e40b987bebba - - - - - -] OVN reports status down for port: c6af30b1-475d-4ca4-9458-15c3b3876aa9
2026-05-08 00:44:20.370 7 INFO neutron.db.ovn_revision_numbers_db [None req-b6a3cc4a-5719-4670-acc4-0efe2159c77c ee8744151d3f4ad894d6dabe19eeff0d 25d0206ad1dd497c8725178a7e4f7c97 - - default default] Successfully bumped revision number for resource c6af30b1-475d-4ca4-9458-15c3b3876aa9 (type: ports) to 1 [pid: 7|app: 0|req: 1149/2271] 10.0.0.36 () {34 vars in 669 bytes} [Fri May 8 00:44:19 2026] POST /v2.0/networks => generated 768 bytes in 493 msecs (HTTP/1.1 201) 4 headers in 162 bytes (1 switches on core 0)
2026-05-08 00:44:20.527 8 WARNING neutron.scheduler.dhcp_agent_scheduler [None req-16b4f0db-db46-4707-99ef-81f8d57a45f9 ee8744151d3f4ad894d6dabe19eeff0d 25d0206ad1dd497c8725178a7e4f7c97 - - default default] No more DHCP agents
2026-05-08 00:44:20.529 8 WARNING neutron.api.rpc.agentnotifiers.dhcp_rpc_agent_api [None req-16b4f0db-db46-4707-99ef-81f8d57a45f9 ee8744151d3f4ad894d6dabe19eeff0d 25d0206ad1dd497c8725178a7e4f7c97 - - default default] Unable to schedule network 61e05021-d999-4e96-b9de-9429d1a2bebc: no agents available; will retry on subsequent port and subnet creation events.
2026-05-08 00:44:20.728 7 INFO neutron.db.ovn_revision_numbers_db [None req-708a1adc-ad2e-4840-b408-85b1866b8f5a 6fa3798633914aed95887ca76a0ec11c d00c56dd66ee4c268e0efc2008c1a6dd - - default default] Successfully bumped revision number for resource 7da41d76-5721-4a07-bf70-c7e21ca27aeb (type: security_groups) to 1
2026-05-08 00:44:20.740 7 INFO neutron.db.ovn_revision_numbers_db [None req-708a1adc-ad2e-4840-b408-85b1866b8f5a 6fa3798633914aed95887ca76a0ec11c d00c56dd66ee4c268e0efc2008c1a6dd - - default default] Successfully bumped revision number for resource 2ce2f540-03b2-4948-bbd5-1b26031f9edb (type: security_group_rules) to 0
2026-05-08 00:44:20.753 7 INFO neutron.db.ovn_revision_numbers_db [None req-708a1adc-ad2e-4840-b408-85b1866b8f5a 6fa3798633914aed95887ca76a0ec11c d00c56dd66ee4c268e0efc2008c1a6dd - - default default] Successfully bumped revision number for resource c7e9e255-7fb0-407d-adf7-d701e159d32a (type: security_group_rules) to 0
2026-05-08 00:44:20.766 7 INFO neutron.db.ovn_revision_numbers_db [None req-708a1adc-ad2e-4840-b408-85b1866b8f5a 6fa3798633914aed95887ca76a0ec11c d00c56dd66ee4c268e0efc2008c1a6dd - - default default] Successfully bumped revision number for resource d5ab4086-86a4-4789-bf7a-da0b16063cdc (type: security_group_rules) to 0
2026-05-08 00:44:20.780 7 INFO neutron.db.ovn_revision_numbers_db [None req-708a1adc-ad2e-4840-b408-85b1866b8f5a 6fa3798633914aed95887ca76a0ec11c d00c56dd66ee4c268e0efc2008c1a6dd - - default default] Successfully bumped revision number for resource fe98301e-1a41-4858-a9f3-0a71b8f5d065 (type: security_group_rules) to 0
2026-05-08 00:44:20.854 7 INFO neutron.db.segments_db [None req-708a1adc-ad2e-4840-b408-85b1866b8f5a 6fa3798633914aed95887ca76a0ec11c d00c56dd66ee4c268e0efc2008c1a6dd - - default default] Added segment 5091fc6c-5420-4998-af4e-fb3fb9ca9733 of type geneve for network 9369c264-7530-4f45-b801-f47eec543704
2026-05-08 00:44:20.973 7 INFO neutron.db.ovn_revision_numbers_db [None req-708a1adc-ad2e-4840-b408-85b1866b8f5a 6fa3798633914aed95887ca76a0ec11c d00c56dd66ee4c268e0efc2008c1a6dd - - default default] Successfully bumped revision number for resource 9369c264-7530-4f45-b801-f47eec543704 (type: networks) to 1
2026-05-08 00:44:20.979 8 INFO neutron.db.ovn_revision_numbers_db [None req-16b4f0db-db46-4707-99ef-81f8d57a45f9 ee8744151d3f4ad894d6dabe19eeff0d 25d0206ad1dd497c8725178a7e4f7c97 - - default default] Successfully bumped revision number for resource c6af30b1-475d-4ca4-9458-15c3b3876aa9 (type: ports) to 2
2026-05-08 00:44:21.009 8 INFO neutron.db.ovn_revision_numbers_db [None req-16b4f0db-db46-4707-99ef-81f8d57a45f9 ee8744151d3f4ad894d6dabe19eeff0d 25d0206ad1dd497c8725178a7e4f7c97 - - default default] Successfully bumped revision number for resource fc96cfd4-8b0b-4e62-81de-38ee09d08c00 (type: subnets) to 0 [pid: 8|app: 0|req: 1123/2274] 10.0.0.36 () {34 vars in 668 bytes} [Fri May 8 00:44:20 2026] POST /v2.0/subnets => generated 647 bytes in 622 msecs (HTTP/1.1 201) 4 headers in 162 bytes (1 switches on core 0) [pid: 8|app: 0|req: 1124/2275] 199.19.213.225 () {34 vars in 986 bytes} [Fri May 8 00:44:21 2026] GET /v2.0/networks?id=e7aedcef-fad7-4397-9503-74a1c9ba71d1 => generated 710 bytes in 48 msecs (HTTP/1.1 200) 4 headers in 157 bytes (1 switches on core 0) [pid: 8|app: 0|req: 1125/2276] 10.0.0.188 () {34 vars in 990 bytes} [Fri May 8 00:44:21 2026] GET /v2.0/ports?device_id=c0be1177-3005-4c56-8786-d4eb4f36885a => generated 12 bytes in 21 msecs (HTTP/1.1 200) 4 headers in 156 bytes (1 switches on core 0)
2026-05-08 00:44:21.155 7 WARNING neutron.scheduler.dhcp_agent_scheduler [None req-708a1adc-ad2e-4840-b408-85b1866b8f5a 6fa3798633914aed95887ca76a0ec11c d00c56dd66ee4c268e0efc2008c1a6dd - - default default] No more DHCP agents
2026-05-08 00:44:21.157 7 WARNING neutron.api.rpc.agentnotifiers.dhcp_rpc_agent_api [None req-708a1adc-ad2e-4840-b408-85b1866b8f5a 6fa3798633914aed95887ca76a0ec11c d00c56dd66ee4c268e0efc2008c1a6dd - - default default] Unable to schedule network 9369c264-7530-4f45-b801-f47eec543704: no agents available; will retry on subsequent port and subnet creation events.
2026-05-08 00:44:21.210 8 INFO neutron.plugins.ml2.drivers.ovn.mech_driver.mech_driver [None req-4052253d-5ef9-4513-9423-a0e406ad3f11 - - - - - -] OVN reports status down for port: 71dbd0a4-7318-4cf1-a690-ad10f78443bb
2026-05-08 00:44:21.225 7 INFO neutron.db.ovn_revision_numbers_db [None req-708a1adc-ad2e-4840-b408-85b1866b8f5a 6fa3798633914aed95887ca76a0ec11c d00c56dd66ee4c268e0efc2008c1a6dd - - default default] Successfully bumped revision number for resource 71dbd0a4-7318-4cf1-a690-ad10f78443bb (type: ports) to 1 [pid: 7|app: 0|req: 1152/2277] 10.0.0.36 () {34 vars in 669 bytes} [Fri May 8 00:44:20 2026] POST /v2.0/networks => generated 678 bytes in 832 msecs (HTTP/1.1 201) 4 headers in 162 bytes (1 switches on core 0) [pid: 8|app: 0|req: 1126/2278] 10.0.0.36 () {34 vars in 680 bytes} [Fri May 8 00:44:21 2026] POST /v2.0/rbac-policies => generated 324 bytes in 194 msecs (HTTP/1.1 201) 4 headers in 162 bytes (1 switches on core 0)
2026-05-08 00:44:21.457 8 WARNING neutron.scheduler.dhcp_agent_scheduler [None req-889098e1-4c8f-4bb7-b443-65d51554024b 6fa3798633914aed95887ca76a0ec11c d00c56dd66ee4c268e0efc2008c1a6dd - - default default] No more DHCP agents
2026-05-08 00:44:21.458 8 WARNING neutron.api.rpc.agentnotifiers.dhcp_rpc_agent_api [None req-889098e1-4c8f-4bb7-b443-65d51554024b 6fa3798633914aed95887ca76a0ec11c d00c56dd66ee4c268e0efc2008c1a6dd - - default default] Unable to schedule network 9369c264-7530-4f45-b801-f47eec543704: no agents available; will retry on subsequent port and subnet creation events.
2026-05-08 00:44:21.495 7 WARNING neutron.scheduler.dhcp_agent_scheduler [req-5ca9f175-150c-4374-9466-45c2b5fea949 req-aec25777-1271-43da-973f-b79d99df11a6 5de36c89b562477eb1b56178678a9c9a d1c566bbffc8485a9c8183c00abe5728 - - default default] No more DHCP agents
2026-05-08 00:44:21.496 7 WARNING neutron.api.rpc.agentnotifiers.dhcp_rpc_agent_api [req-5ca9f175-150c-4374-9466-45c2b5fea949 req-aec25777-1271-43da-973f-b79d99df11a6 5de36c89b562477eb1b56178678a9c9a d1c566bbffc8485a9c8183c00abe5728 - - default default] Unable to schedule network e7aedcef-fad7-4397-9503-74a1c9ba71d1: no agents available; will retry on subsequent port and subnet creation events.
2026-05-08 00:44:21.612 8 INFO neutron.plugins.ml2.drivers.ovn.mech_driver.mech_driver [None req-4052253d-5ef9-4513-9423-a0e406ad3f11 - - - - - -] OVN reports status down for port: 2982b19f-6017-4224-97b8-16584943bc54
2026-05-08 00:44:21.631 7 INFO neutron.db.ovn_revision_numbers_db [req-5ca9f175-150c-4374-9466-45c2b5fea949 req-aec25777-1271-43da-973f-b79d99df11a6 5de36c89b562477eb1b56178678a9c9a d1c566bbffc8485a9c8183c00abe5728 - - default default] Successfully bumped revision number for resource 2982b19f-6017-4224-97b8-16584943bc54 (type: ports) to 1 [pid: 7|app: 0|req: 1153/2279] 199.19.213.225 () {38 vars in 955 bytes} [Fri May 8 00:44:21 2026] POST /v2.0/ports => generated 954 bytes in 443 msecs (HTTP/1.1 201) 4 headers in 162 bytes (1 switches on core 0) /var/lib/openstack/lib/python3.12/site-packages/pycadf/identifier.py:70: UserWarning: Invalid uuid: neutron. To ensure interoperability, identifiers should be a valid uuid. warnings.warn(('Invalid uuid: %s. To ensure interoperability, ' [pid: 7|app: 0|req: 1154/2280] 10.0.0.36 () {32 vars in 722 bytes} [Fri May 8 00:44:21 2026] GET /v2.0/networks/61e05021-d999-4e96-b9de-9429d1a2bebc => generated 693 bytes in 69 msecs (HTTP/1.1 200) 4 headers in 157 bytes (1 switches on core 0)
2026-05-08 00:44:21.975 8 INFO neutron.db.ovn_revision_numbers_db [None req-889098e1-4c8f-4bb7-b443-65d51554024b 6fa3798633914aed95887ca76a0ec11c d00c56dd66ee4c268e0efc2008c1a6dd - - default default] Successfully bumped revision number for resource 71dbd0a4-7318-4cf1-a690-ad10f78443bb (type: ports) to 2
2026-05-08 00:44:22.013 8 INFO neutron.db.ovn_revision_numbers_db [None req-889098e1-4c8f-4bb7-b443-65d51554024b 6fa3798633914aed95887ca76a0ec11c d00c56dd66ee4c268e0efc2008c1a6dd - - default default] Successfully bumped revision number for resource a5e2cbe6-b7e2-4710-80d6-6312a171c2ec (type: subnets) to 0 [pid: 8|app: 0|req: 1127/2281] 10.0.0.36 () {34 vars in 668 bytes} [Fri May 8 00:44:21 2026] POST /v2.0/subnets => generated 658 bytes in 743 msecs (HTTP/1.1 201) 4 headers in 162 bytes (1 switches on core 0) [pid: 8|app: 0|req: 1128/2282] 10.0.0.36 () {32 vars in 721 bytes} [Fri May 8 00:44:22 2026] GET /v2.0/subnetpools?name=shared-default-subnetpool-v6 => generated 19 bytes in 38 msecs (HTTP/1.1 200) 4 headers in 156 bytes (1 switches on core 0)
2026-05-08 00:44:22.115 7 INFO neutron.db.ovn_revision_numbers_db [req-5ca9f175-150c-4374-9466-45c2b5fea949 req-03cb386b-f5a0-47eb-bea5-a9adda623f71 a1122115061c4064bbe72436a6de853c 4575d09db4e54e0bb29eddcaeb4fdb4e - - 8b1c373330724f3f8c077bb50596426c 8b1c373330724f3f8c077bb50596426c] Successfully bumped revision number for resource 2982b19f-6017-4224-97b8-16584943bc54 (type: ports) to 2
2026-05-08 00:44:22.260 8 WARNING neutron.scheduler.dhcp_agent_scheduler [None req-2d514dad-24ff-4809-ba45-49eda3665633 6fa3798633914aed95887ca76a0ec11c d00c56dd66ee4c268e0efc2008c1a6dd - - default default] No more DHCP agents
2026-05-08 00:44:22.261 8 WARNING neutron.api.rpc.agentnotifiers.dhcp_rpc_agent_api [None req-2d514dad-24ff-4809-ba45-49eda3665633 6fa3798633914aed95887ca76a0ec11c d00c56dd66ee4c268e0efc2008c1a6dd - - default default] Unable to schedule network 9369c264-7530-4f45-b801-f47eec543704: no agents available; will retry on subsequent port and subnet creation events.
2026-05-08 00:44:22.298 8 INFO neutron.db.ovn_revision_numbers_db [None req-2d514dad-24ff-4809-ba45-49eda3665633 6fa3798633914aed95887ca76a0ec11c d00c56dd66ee4c268e0efc2008c1a6dd - - default default] Successfully bumped revision number for resource 38b93102-e87c-4c2a-9d67-ee4a5e05c3e0 (type: subnets) to 0 [pid: 8|app: 0|req: 1129/2283] 10.0.0.36 () {34 vars in 668 bytes} [Fri May 8 00:44:22 2026] POST /v2.0/subnets => generated 732 bytes in 236 msecs (HTTP/1.1 201) 4 headers in 162 bytes (1 switches on core 0)
2026-05-08 00:44:22.320 7 INFO neutron.db.ovn_revision_numbers_db [req-5ca9f175-150c-4374-9466-45c2b5fea949 req-03cb386b-f5a0-47eb-bea5-a9adda623f71 a1122115061c4064bbe72436a6de853c 4575d09db4e54e0bb29eddcaeb4fdb4e - - 8b1c373330724f3f8c077bb50596426c 8b1c373330724f3f8c077bb50596426c] Successfully bumped revision number for resource 2982b19f-6017-4224-97b8-16584943bc54 (type: ports) to 4 [pid: 7|app: 0|req: 1155/2284] 199.19.213.225 () {38 vars in 1028 bytes} [Fri May 8 00:44:21 2026] PUT /v2.0/ports/2982b19f-6017-4224-97b8-16584943bc54 => generated 1227 bytes in 587 msecs (HTTP/1.1 200) 4 headers in 158 bytes (1 switches on core 0) /var/lib/openstack/lib/python3.12/site-packages/pycadf/identifier.py:70: UserWarning: Invalid uuid: neutron. To ensure interoperability, identifiers should be a valid uuid. warnings.warn(('Invalid uuid: %s. To ensure interoperability, '
2026-05-08 00:44:22.357 8 INFO neutron.pecan_wsgi.hooks.translation [None req-a645ffb0-ae3a-4870-9a47-b1b10f0160ea 6d1f51d78fa741c2b417793a2c3a752f 59d8d5fcfde9459faf9c6b33e2dbe1b9 - - default default] GET failed (client error): The resource could not be found. [pid: 8|app: 0|req: 1130/2285] 10.0.0.36 () {32 vars in 722 bytes} [Fri May 8 00:44:22 2026] GET /v2.0/networks/61e05021-d999-4e96-b9de-9429d1a2bebc => generated 138 bytes in 41 msecs (HTTP/1.1 404) 4 headers in 164 bytes (1 switches on core 0)
2026-05-08 00:44:22.380 7 INFO neutron.notifiers.nova [-] Nova event matching ['req-21037b00-c64f-488f-a1c8-bdf246cc00b6'] response: {'name': 'network-changed', 'server_uuid': 'c0be1177-3005-4c56-8786-d4eb4f36885a', 'tag': '2982b19f-6017-4224-97b8-16584943bc54', 'status': 'completed', 'code': 200} [pid: 7|app: 0|req: 1156/2286] 10.0.0.188 () {34 vars in 990 bytes} [Fri May 8 00:44:22 2026] GET /v2.0/ports?device_id=c0be1177-3005-4c56-8786-d4eb4f36885a => generated 969 bytes in 40 msecs (HTTP/1.1 200) 4 headers in 157 bytes (1 switches on core 0)
2026-05-08 00:44:22.436 8 INFO neutron.db.segments_db [None req-17042a17-7a6c-4b5d-a2b1-afd963b02bd6 6fa3798633914aed95887ca76a0ec11c d00c56dd66ee4c268e0efc2008c1a6dd - - default default] Added segment 9812b64b-aa64-41e8-adf5-f40c2208d36f of type geneve for network f7023938-894b-4fd8-b7fb-8e53df71975f
2026-05-08 00:44:22.528 8 INFO neutron.db.ovn_revision_numbers_db [None req-17042a17-7a6c-4b5d-a2b1-afd963b02bd6 6fa3798633914aed95887ca76a0ec11c d00c56dd66ee4c268e0efc2008c1a6dd - - default default] Successfully bumped revision number for resource f7023938-894b-4fd8-b7fb-8e53df71975f (type: networks) to 1
2026-05-08 00:44:22.532 7 INFO neutron_taas.services.taas.taas_plugin [None req-382af23a-0231-45a3-888d-757086f0f0cb ee8744151d3f4ad894d6dabe19eeff0d 25d0206ad1dd497c8725178a7e4f7c97 - - default default] TaaS: Handle Delete Port: c6af30b1-475d-4ca4-9458-15c3b3876aa9
2026-05-08 00:44:22.534 7 INFO neutron_taas.services.taas.tap_mirror_plugin [None req-382af23a-0231-45a3-888d-757086f0f0cb ee8744151d3f4ad894d6dabe19eeff0d 25d0206ad1dd497c8725178a7e4f7c97 - - default default] Tap Mirror: Handle Delete Port: c6af30b1-475d-4ca4-9458-15c3b3876aa9
2026-05-08 00:44:22.704 8 WARNING neutron.scheduler.dhcp_agent_scheduler [None req-17042a17-7a6c-4b5d-a2b1-afd963b02bd6 6fa3798633914aed95887ca76a0ec11c d00c56dd66ee4c268e0efc2008c1a6dd - - default default] No more DHCP agents
2026-05-08 00:44:22.706 8 WARNING neutron.api.rpc.agentnotifiers.dhcp_rpc_agent_api [None req-17042a17-7a6c-4b5d-a2b1-afd963b02bd6 6fa3798633914aed95887ca76a0ec11c d00c56dd66ee4c268e0efc2008c1a6dd - - default default] Unable to schedule network f7023938-894b-4fd8-b7fb-8e53df71975f: no agents available; will retry on subsequent port and subnet creation events.
