2026-05-08 00:41:56.926 7 WARNING neutron.api.rpc.agentnotifiers.dhcp_rpc_agent_api [None req-6cc9b935-086b-4a08-aecb-bc1f3f40e513 b3011128e4874b5195b06cd142e7b7c7 dc63d197780b43c899c62c17cf112388 - - default default] Unable to schedule network d2817d0f-4e47-4d92-9f8f-d72e71cad1af: no agents available; will retry on subsequent port and subnet creation events.
2026-05-08 00:41:56.955 8 WARNING neutron.plugins.ml2.drivers.ovn.mech_driver.ovsdb.ovn_client [None req-0d410077-983c-46fc-a7e3-1ab04f02f346 - - - - - -] No hosting information found for port 7fa6436c-4b8c-485b-8708-3adf78aae0b8: RuntimeError: No hosting information found for port 7fa6436c-4b8c-485b-8708-3adf78aae0b8
2026-05-08 00:41:56.955 8 INFO neutron.plugins.ml2.drivers.ovn.mech_driver.mech_driver [None req-0d410077-983c-46fc-a7e3-1ab04f02f346 - - - - - -] OVN reports status down for port: b9163010-2d23-4f79-b7b7-d28a66037c8d
2026-05-08 00:41:57.002 8 INFO neutron.plugins.ml2.drivers.ovn.mech_driver.mech_driver [None req-0d410077-983c-46fc-a7e3-1ab04f02f346 - - - - - -] OVN reports status down for port: e0f1cb49-077d-47eb-9163-89f28540846d
2026-05-08 00:41:57.011 7 INFO neutron.db.ovn_revision_numbers_db [None req-6cc9b935-086b-4a08-aecb-bc1f3f40e513 b3011128e4874b5195b06cd142e7b7c7 dc63d197780b43c899c62c17cf112388 - - default default] Successfully bumped revision number for resource 60aa6ee8-47f3-43c4-af9b-2f2cedc6a85f (type: ports) to 1 [pid: 7|app: 0|req: 590/1202] 10.0.0.36 () {34 vars in 670 bytes} [Fri May 8 00:41:56 2026] POST /v2.0/networks => generated 670 bytes in 972 msecs (HTTP/1.1 201) 4 headers in 162 bytes (1 switches on core 0) [pid: 7|app: 0|req: 591/1203] 10.0.0.188 () {34 vars in 990 bytes} [Fri May 8 00:41:57 2026] GET /v2.0/ports?device_id=45ade32b-2250-46ad-aed9-b921057c0c77 => generated 12 bytes in 16 msecs (HTTP/1.1 200) 4 headers in 156 bytes (1 switches on core 0)
2026-05-08 00:41:57.125 8 WARNING neutron.scheduler.dhcp_agent_scheduler [None req-d59fba54-e4e2-4828-96bc-421020a9ef08 07a579b62594499dac3a29e8b946020e e52f1126910e4401b381fb7812c68a47 - - default default] No more DHCP agents
2026-05-08 00:41:57.127 8 WARNING neutron.api.rpc.agentnotifiers.dhcp_rpc_agent_api [None req-d59fba54-e4e2-4828-96bc-421020a9ef08 07a579b62594499dac3a29e8b946020e e52f1126910e4401b381fb7812c68a47 - - default default] Unable to schedule network 20be617e-e359-4d6f-a158-a9421bb2d30c: no agents available; will retry on subsequent port and subnet creation events.
2026-05-08 00:41:57.205 8 INFO neutron.db.ovn_revision_numbers_db [None req-0d410077-983c-46fc-a7e3-1ab04f02f346 - - - - - -] Successfully bumped revision number for resource 7fa6436c-4b8c-485b-8708-3adf78aae0b8 (type: router_ports) to 2
2026-05-08 00:41:57.207 8 INFO neutron.plugins.ml2.drivers.ovn.mech_driver.mech_driver [None req-0d410077-983c-46fc-a7e3-1ab04f02f346 - - - - - -] OVN reports status down for port: 5504435d-13bd-46d6-bb45-d11587c6da3f
2026-05-08 00:41:57.228 7 INFO neutron.plugins.ml2.drivers.ovn.mech_driver.mech_driver [None req-823517b3-0032-4502-b79c-5be5c3fbe184 - - - - - -] OVN reports status down for port: d7134d23-b6d3-4606-8adb-e79007f5dd9f
2026-05-08 00:41:57.233 8 INFO neutron.plugins.ml2.drivers.ovn.mech_driver.mech_driver [None req-0d410077-983c-46fc-a7e3-1ab04f02f346 - - - - - -] OVN reports status down for port: 09ab274d-2809-4e12-b02e-a85fe68d4e9f
2026-05-08 00:41:57.245 8 INFO neutron.plugins.ml2.drivers.ovn.mech_driver.mech_driver [None req-0d410077-983c-46fc-a7e3-1ab04f02f346 - - - - - -] OVN reports status down for port: d0f304b8-0d8e-46f1-b233-38e9e3b15e5f
2026-05-08 00:41:57.260 8 INFO neutron.plugins.ml2.drivers.ovn.mech_driver.mech_driver [None req-0d410077-983c-46fc-a7e3-1ab04f02f346 - - - - - -] OVN reports status down for port: 24c73d1b-d53b-4a3e-a44a-0daa4f1e07d5
2026-05-08 00:41:57.270 8 INFO neutron.db.ovn_revision_numbers_db [None req-d59fba54-e4e2-4828-96bc-421020a9ef08 07a579b62594499dac3a29e8b946020e e52f1126910e4401b381fb7812c68a47 - - default default] Successfully bumped revision number for resource d7134d23-b6d3-4606-8adb-e79007f5dd9f (type: ports) to 1 [pid: 8|app: 0|req: 613/1204] 10.0.0.36 () {34 vars in 669 bytes} [Fri May 8 00:41:56 2026] POST /v2.0/networks => generated 691 bytes in 683 msecs (HTTP/1.1 201) 4 headers in 162 bytes (1 switches on core 0)
2026-05-08 00:41:57.334 8 INFO neutron.plugins.ml2.drivers.ovn.mech_driver.mech_driver [None req-0d410077-983c-46fc-a7e3-1ab04f02f346 - - - - - -] OVN reports status down for port: 60aa6ee8-47f3-43c4-af9b-2f2cedc6a85f
2026-05-08 00:41:57.534 7 WARNING neutron.scheduler.dhcp_agent_scheduler [None req-c27d1f97-1407-46dd-938c-64bb7604f62a b3011128e4874b5195b06cd142e7b7c7 dc63d197780b43c899c62c17cf112388 - - default default] No more DHCP agents
2026-05-08 00:41:57.536 7 WARNING neutron.api.rpc.agentnotifiers.dhcp_rpc_agent_api [None req-c27d1f97-1407-46dd-938c-64bb7604f62a b3011128e4874b5195b06cd142e7b7c7 dc63d197780b43c899c62c17cf112388 - - default default] Unable to schedule network 0003d320-9a2b-473c-843e-821636210b16: no agents available; will retry on subsequent port and subnet creation events.
2026-05-08 00:41:57.665 8 INFO neutron.plugins.ml2.drivers.ovn.mech_driver.mech_driver [None req-0d410077-983c-46fc-a7e3-1ab04f02f346 - - - - - -] OVN reports status down for port: 22dcd386-0f8a-4b76-82de-40380b15c44a
2026-05-08 00:41:57.677 7 INFO neutron.db.ovn_revision_numbers_db [None req-c27d1f97-1407-46dd-938c-64bb7604f62a b3011128e4874b5195b06cd142e7b7c7 dc63d197780b43c899c62c17cf112388 - - default default] Successfully bumped revision number for resource 22dcd386-0f8a-4b76-82de-40380b15c44a (type: ports) to 1 [pid: 8|app: 0|req: 614/1205] 10.0.0.188 () {34 vars in 990 bytes} [Fri May 8 00:41:57 2026] GET /v2.0/ports?device_id=cb2d4446-971b-4d8f-97c6-5c072318043a => generated 12 bytes in 43 msecs (HTTP/1.1 200) 4 headers in 156 bytes (1 switches on core 0)
2026-05-08 00:41:58.106 8 WARNING neutron.scheduler.dhcp_agent_scheduler [None req-b64619cb-7a6f-4ea1-8685-116da72509fd 07a579b62594499dac3a29e8b946020e e52f1126910e4401b381fb7812c68a47 - - default default] No more DHCP agents
2026-05-08 00:41:58.107 8 WARNING neutron.api.rpc.agentnotifiers.dhcp_rpc_agent_api [None req-b64619cb-7a6f-4ea1-8685-116da72509fd 07a579b62594499dac3a29e8b946020e e52f1126910e4401b381fb7812c68a47 - - default default] Unable to schedule network 5f11f460-5893-4fb2-85b8-388246fde62e: no agents available; will retry on subsequent port and subnet creation events.
2026-05-08 00:41:58.136 8 INFO neutron.db.ovn_revision_numbers_db [None req-b64619cb-7a6f-4ea1-8685-116da72509fd 07a579b62594499dac3a29e8b946020e e52f1126910e4401b381fb7812c68a47 - - default default] Successfully bumped revision number for resource 9053cd03-3c90-4269-b9de-198b8334c037 (type: subnets) to 0
2026-05-08 00:41:58.164 8 WARNING neutron.scheduler.dhcp_agent_scheduler [None req-b64619cb-7a6f-4ea1-8685-116da72509fd 07a579b62594499dac3a29e8b946020e e52f1126910e4401b381fb7812c68a47 - - default default] No more DHCP agents
2026-05-08 00:41:58.165 8 WARNING neutron.api.rpc.agentnotifiers.dhcp_rpc_agent_api [None req-b64619cb-7a6f-4ea1-8685-116da72509fd 07a579b62594499dac3a29e8b946020e e52f1126910e4401b381fb7812c68a47 - - default default] Unable to schedule network 20be617e-e359-4d6f-a158-a9421bb2d30c: no agents available; will retry on subsequent port and subnet creation events.
2026-05-08 00:41:58.200 8 INFO neutron.db.ovn_revision_numbers_db [None req-b64619cb-7a6f-4ea1-8685-116da72509fd 07a579b62594499dac3a29e8b946020e e52f1126910e4401b381fb7812c68a47 - - default default] Successfully bumped revision number for resource bce6c14c-7f4e-4ad3-a0c3-1416c92d7f58 (type: subnets) to 0 [pid: 8|app: 0|req: 615/1206] 10.0.0.36 () {34 vars in 668 bytes} [Fri May 8 00:41:57 2026] POST /v2.0/subnets => generated 1323 bytes in 452 msecs (HTTP/1.1 201) 4 headers in 163 bytes (1 switches on core 0) [pid: 8|app: 0|req: 616/1207] 10.0.0.188 () {34 vars in 990 bytes} [Fri May 8 00:41:58 2026] GET /v2.0/ports?device_id=45ade32b-2250-46ad-aed9-b921057c0c77 => generated 12 bytes in 15 msecs (HTTP/1.1 200) 4 headers in 156 bytes (1 switches on core 0) [pid: 8|app: 0|req: 617/1208] 199.19.213.225 () {34 vars in 986 bytes} [Fri May 8 00:41:58 2026] GET /v2.0/networks?id=f58075d9-b31b-43ea-9465-de310b1a027e => generated 715 bytes in 48 msecs (HTTP/1.1 200) 4 headers in 157 bytes (1 switches on core 0) [pid: 8|app: 0|req: 618/1209] 10.0.0.36 () {32 vars in 646 bytes} [Fri May 8 00:41:58 2026] GET /v2.0/subnets => generated 1959 bytes in 38 msecs (HTTP/1.1 200) 4 headers in 158 bytes (1 switches on core 0)
2026-05-08 00:41:58.557 8 WARNING neutron.scheduler.dhcp_agent_scheduler [req-a753ccc4-63e3-49e9-ae50-7aa2d1488caf req-a184e08e-e766-4b28-ae20-d954dc83eedd 01b23461f7cd49e1a87b97a2fde06de0 81930749d241478a9f23055d260257a0 - - default default] No more DHCP agents
2026-05-08 00:41:58.558 8 WARNING neutron.api.rpc.agentnotifiers.dhcp_rpc_agent_api [req-a753ccc4-63e3-49e9-ae50-7aa2d1488caf req-a184e08e-e766-4b28-ae20-d954dc83eedd 01b23461f7cd49e1a87b97a2fde06de0 81930749d241478a9f23055d260257a0 - - default default] Unable to schedule network f58075d9-b31b-43ea-9465-de310b1a027e: no agents available; will retry on subsequent port and subnet creation events.
2026-05-08 00:41:58.703 7 INFO neutron.plugins.ml2.drivers.ovn.mech_driver.mech_driver [None req-823517b3-0032-4502-b79c-5be5c3fbe184 - - - - - -] OVN reports status down for port: 6ddeefeb-19ec-4a77-bac3-61194e8ff5a3
2026-05-08 00:41:58.749 8 INFO neutron.db.ovn_revision_numbers_db [req-a753ccc4-63e3-49e9-ae50-7aa2d1488caf req-a184e08e-e766-4b28-ae20-d954dc83eedd 01b23461f7cd49e1a87b97a2fde06de0 81930749d241478a9f23055d260257a0 - - default default] Successfully bumped revision number for resource 6ddeefeb-19ec-4a77-bac3-61194e8ff5a3 (type: ports) to 1
2026-05-08 00:41:58.796 8 INFO neutron.plugins.ml2.drivers.ovn.mech_driver.mech_driver [None req-0d410077-983c-46fc-a7e3-1ab04f02f346 - - - - - -] OVN reports status up for port: 22dcd386-0f8a-4b76-82de-40380b15c44a
2026-05-08 00:41:58.797 7 INFO neutron.plugins.ml2.drivers.ovn.mech_driver.ovsdb.ovsdb_monitor [None req-9c27fafd-7ec7-484b-be0d-0edd3b115e85 - - - - - -] Router a7bdbe24-cd07-4db2-ae94-c658d3cb1c60 is bound to host instance
2026-05-08 00:41:58.843 8 INFO neutron.plugins.ml2.plugin [None req-0d410077-983c-46fc-a7e3-1ab04f02f346 - - - - - -] Attempt 1 to provision port 22dcd386-0f8a-4b76-82de-40380b15c44a
2026-05-08 00:41:58.856 7 INFO neutron.db.ovn_revision_numbers_db [None req-c27d1f97-1407-46dd-938c-64bb7604f62a b3011128e4874b5195b06cd142e7b7c7 dc63d197780b43c899c62c17cf112388 - - default default] Successfully bumped revision number for resource 22dcd386-0f8a-4b76-82de-40380b15c44a (type: router_ports) to 1 [pid: 8|app: 0|req: 619/1210] 199.19.213.225 () {38 vars in 955 bytes} [Fri May 8 00:41:58 2026] POST /v2.0/ports => generated 958 bytes in 542 msecs (HTTP/1.1 201) 4 headers in 162 bytes (1 switches on core 0) /var/lib/openstack/lib/python3.12/site-packages/pycadf/identifier.py:70: UserWarning: Invalid uuid: neutron. To ensure interoperability, identifiers should be a valid uuid. warnings.warn(('Invalid uuid: %s. To ensure interoperability, '
2026-05-08 00:41:59.018 7 INFO neutron.db.ovn_revision_numbers_db [None req-c27d1f97-1407-46dd-938c-64bb7604f62a b3011128e4874b5195b06cd142e7b7c7 dc63d197780b43c899c62c17cf112388 - - default default] Successfully bumped revision number for resource a7bdbe24-cd07-4db2-ae94-c658d3cb1c60 (type: routers) to 2 [pid: 8|app: 0|req: 620/1211] 10.0.0.36 () {32 vars in 723 bytes} [Fri May 8 00:41:58 2026] DELETE /v2.0/subnets/9053cd03-3c90-4269-b9de-198b8334c037 => generated 0 bytes in 170 msecs (HTTP/1.1 204) 3 headers in 131 bytes (1 switches on core 0) [pid: 7|app: 0|req: 592/1212] 10.0.0.36 () {34 vars in 668 bytes} [Fri May 8 00:41:57 2026] POST /v2.0/routers => generated 974 bytes in 2008 msecs (HTTP/1.1 201) 4 headers in 162 bytes (1 switches on core 0) [pid: 8|app: 0|req: 621/1213] 10.0.0.188 () {34 vars in 990 bytes} [Fri May 8 00:41:59 2026] GET /v2.0/ports?device_id=cb2d4446-971b-4d8f-97c6-5c072318043a => generated 961 bytes in 38 msecs (HTTP/1.1 200) 4 headers in 157 bytes (1 switches on core 0) [pid: 8|app: 0|req: 622/1214] 10.0.0.36 () {32 vars in 723 bytes} [Fri May 8 00:41:59 2026] DELETE /v2.0/subnets/bce6c14c-7f4e-4ad3-a0c3-1416c92d7f58 => generated 0 bytes in 235 msecs (HTTP/1.1 204) 3 headers in 131 bytes (1 switches on core 0) [pid: 8|app: 0|req: 623/1215] 10.0.0.36 () {32 vars in 775 bytes} [Fri May 8 00:41:59 2026] GET /v2.0/subnets?project_id=dc63d197780b43c899c62c17cf112388&cidr=10.100.0.0%2F28 => generated 14 bytes in 63 msecs (HTTP/1.1 200) 4 headers in 156 bytes (1 switches on core 0) [pid: 8|app: 0|req: 624/1216] 10.0.0.188 () {34 vars in 1040 bytes} [Fri May 8 00:41:59 2026] GET /v2.0/security-groups?id=adfe4a03-6abf-4bc7-b178-87107135aeab&fields=id&fields=name => generated 88 bytes in 33 msecs (HTTP/1.1 200) 4 headers in 156 bytes (1 switches on core 0) [pid: 8|app: 0|req: 625/1217] 10.0.0.188 () {34 vars in 990 bytes} [Fri May 8 00:41:59 2026] GET /v2.0/ports?device_id=45ade32b-2250-46ad-aed9-b921057c0c77 => generated 12 bytes in 17 msecs (HTTP/1.1 200) 4 headers in 156 bytes (1 switches on core 0) [pid: 8|app: 0|req: 626/1218] 10.0.0.36 () {32 vars in 646 bytes} [Fri May 8 00:41:59 2026] GET /v2.0/subnets => generated 649 bytes in 28 msecs (HTTP/1.1 200) 4 headers in 157 bytes (1 switches on core 0) [pid: 8|app: 0|req: 627/1219] 10.0.0.36 () {32 vars in 693 bytes} [Fri May 8 00:41:59 2026] GET /v2.0/networks?router%3Aexternal=True => generated 791 bytes in 49 msecs (HTTP/1.1 200) 4 headers in 157 bytes (1 switches on core 0)
2026-05-08 00:41:59.623 8 INFO neutron_taas.services.taas.taas_plugin [None req-88a16185-2092-43b6-bcbf-6f71f8bd0a35 07a579b62594499dac3a29e8b946020e e52f1126910e4401b381fb7812c68a47 - - default default] TaaS: Handle Delete Port: d7134d23-b6d3-4606-8adb-e79007f5dd9f
2026-05-08 00:41:59.629 8 INFO neutron_taas.services.taas.tap_mirror_plugin [None req-88a16185-2092-43b6-bcbf-6f71f8bd0a35 07a579b62594499dac3a29e8b946020e e52f1126910e4401b381fb7812c68a47 - - default default] Tap Mirror: Handle Delete Port: d7134d23-b6d3-4606-8adb-e79007f5dd9f
2026-05-08 00:42:00.142 7 INFO neutron.db.ovn_revision_numbers_db [req-a753ccc4-63e3-49e9-ae50-7aa2d1488caf req-4cd353fc-1709-41e9-b550-0eee3231e5d3 a1122115061c4064bbe72436a6de853c 4575d09db4e54e0bb29eddcaeb4fdb4e - - 8b1c373330724f3f8c077bb50596426c 8b1c373330724f3f8c077bb50596426c] Successfully bumped revision number for resource 6ddeefeb-19ec-4a77-bac3-61194e8ff5a3 (type: ports) to 2
2026-05-08 00:42:00.177 8 INFO neutron.services.segments.plugin [-] Segment 1a3beb3e-ea58-498a-98d3-10ac8df45a77 resource provider aggregate not found
2026-05-08 00:42:00.187 8 INFO neutron.services.segments.plugin [-] Segment 1a3beb3e-ea58-498a-98d3-10ac8df45a77 resource provider aggregate not found
2026-05-08 00:42:00.192 8 INFO neutron.services.segments.plugin [-] Segment 1a3beb3e-ea58-498a-98d3-10ac8df45a77 resource provider not found; error: Placement Client Error (4xx): {"errors": [{"status": 404, "title": "Not Found", "detail": "The resource could not be found.\n\n No resource provider with uuid 1a3beb3e-ea58-498a-98d3-10ac8df45a77 found for delete ", "request_id": "req-c42da94b-32ff-4642-aad7-1c8e69c562e5"}]}
2026-05-08 00:42:00.216 8 INFO neutron.services.segments.plugin [-] Segment 1a3beb3e-ea58-498a-98d3-10ac8df45a77 resource provider not found; error: Placement Client Error (4xx): {"errors": [{"status": 404, "title": "Not Found", "detail": "The resource could not be found.\n\n No resource provider with uuid 1a3beb3e-ea58-498a-98d3-10ac8df45a77 found for delete ", "request_id": "req-7b4896a4-9206-4b19-a751-8749135aba81"}]} [pid: 8|app: 0|req: 628/1220] 10.0.0.36 () {32 vars in 725 bytes} [Fri May 8 00:41:59 2026] DELETE /v2.0/networks/20be617e-e359-4d6f-a158-a9421bb2d30c => generated 0 bytes in 735 msecs (HTTP/1.1 204) 3 headers in 131 bytes (1 switches on core 0) [pid: 8|app: 0|req: 629/1221] 10.0.0.36 () {32 vars in 783 bytes} [Fri May 8 00:42:00 2026] GET /v2.0/subnets?network_id=0003d320-9a2b-473c-843e-821636210b16&cidr=10.100.0.0%2F28 => generated 14 bytes in 24 msecs (HTTP/1.1 200) 4 headers in 156 bytes (1 switches on core 0)
2026-05-08 00:42:00.398 8 INFO neutron_taas.services.taas.taas_plugin [None req-c027d3c2-fdde-49f0-877f-21ec8cd99889 07a579b62594499dac3a29e8b946020e e52f1126910e4401b381fb7812c68a47 - - default default] TaaS: Handle Delete Port: 24c73d1b-d53b-4a3e-a44a-0daa4f1e07d5
2026-05-08 00:42:00.400 8 INFO neutron_taas.services.taas.tap_mirror_plugin [None req-c027d3c2-fdde-49f0-877f-21ec8cd99889 07a579b62594499dac3a29e8b946020e e52f1126910e4401b381fb7812c68a47 - - default default] Tap Mirror: Handle Delete Port: 24c73d1b-d53b-4a3e-a44a-0daa4f1e07d5
2026-05-08 00:42:00.634 7 INFO neutron.db.ovn_revision_numbers_db [None req-178419c3-78e7-4c79-bec4-a37bc19cb39d - - - - - -] Successfully bumped revision number for resource 22dcd386-0f8a-4b76-82de-40380b15c44a (type: ports) to 4
2026-05-08 00:42:00.636 7 INFO neutron.db.ovn_revision_numbers_db [req-a753ccc4-63e3-49e9-ae50-7aa2d1488caf req-4cd353fc-1709-41e9-b550-0eee3231e5d3 a1122115061c4064bbe72436a6de853c 4575d09db4e54e0bb29eddcaeb4fdb4e - - 8b1c373330724f3f8c077bb50596426c 8b1c373330724f3f8c077bb50596426c] Successfully bumped revision number for resource 6ddeefeb-19ec-4a77-bac3-61194e8ff5a3 (type: ports) to 4 [pid: 8|app: 0|req: 630/1222] 10.0.0.36 () {32 vars in 725 bytes} [Fri May 8 00:42:00 2026] DELETE /v2.0/networks/5f11f460-5893-4fb2-85b8-388246fde62e => generated 0 bytes in 437 msecs (HTTP/1.1 204) 3 headers in 131 bytes (1 switches on core 0) [pid: 7|app: 0|req: 593/1223] 199.19.213.225 () {38 vars in 1028 bytes} [Fri May 8 00:41:59 2026] PUT /v2.0/ports/6ddeefeb-19ec-4a77-bac3-61194e8ff5a3 => generated 1231 bytes in 1647 msecs (HTTP/1.1 200) 4 headers in 158 bytes (1 switches on core 0) /var/lib/openstack/lib/python3.12/site-packages/pycadf/identifier.py:70: UserWarning: Invalid uuid: neutron. To ensure interoperability, identifiers should be a valid uuid. warnings.warn(('Invalid uuid: %s. To ensure interoperability, '
2026-05-08 00:42:00.752 7 INFO neutron.notifiers.nova [-] Nova event matching ['req-edd068fa-4ac6-464a-8c04-0802b5fe600e'] response: {'name': 'network-changed', 'server_uuid': 'cb2d4446-971b-4d8f-97c6-5c072318043a', 'tag': '6ddeefeb-19ec-4a77-bac3-61194e8ff5a3', 'status': 'completed', 'code': 200} [pid: 7|app: 0|req: 594/1224] 10.0.0.188 () {34 vars in 990 bytes} [Fri May 8 00:42:00 2026] GET /v2.0/ports?device_id=cb2d4446-971b-4d8f-97c6-5c072318043a => generated 973 bytes in 155 msecs (HTTP/1.1 200) 4 headers in 157 bytes (1 switches on core 0)
2026-05-08 00:42:00.933 8 WARNING neutron.scheduler.dhcp_agent_scheduler [None req-36b3d17a-4933-4e3f-8809-1f28e95f8887 b3011128e4874b5195b06cd142e7b7c7 dc63d197780b43c899c62c17cf112388 - - default default] No more DHCP agents
2026-05-08 00:42:00.934 8 WARNING neutron.api.rpc.agentnotifiers.dhcp_rpc_agent_api [None req-36b3d17a-4933-4e3f-8809-1f28e95f8887 b3011128e4874b5195b06cd142e7b7c7 dc63d197780b43c899c62c17cf112388 - - default default] Unable to schedule network d2817d0f-4e47-4d92-9f8f-d72e71cad1af: no agents available; will retry on subsequent port and subnet creation events.
2026-05-08 00:42:01.212 7 INFO neutron.db.ovn_revision_numbers_db [None req-178419c3-78e7-4c79-bec4-a37bc19cb39d - - - - - -] Successfully bumped revision number for resource 22dcd386-0f8a-4b76-82de-40380b15c44a (type: ports) to 5 [pid: 7|app: 0|req: 595/1225] 10.0.0.36 () {32 vars in 739 bytes} [Fri May 8 00:42:00 2026] DELETE /v2.0/security-groups/0294ada5-d7ce-4864-8c84-aeea3afaa09f => generated 0 bytes in 412 msecs (HTTP/1.1 204) 2 headers in 112 bytes (1 switches on core 0)
2026-05-08 00:42:01.444 7 INFO neutron_taas.services.taas.taas_plugin [None req-c77d570c-ba30-4a72-b457-0d110e4356e0 07a579b62594499dac3a29e8b946020e e52f1126910e4401b381fb7812c68a47 - - default default] TaaS: Handle Delete Port: c1867ba1-5ee3-40c2-af90-f65e8441c421
2026-05-08 00:42:01.447 7 INFO neutron_taas.services.taas.tap_mirror_plugin [None req-c77d570c-ba30-4a72-b457-0d110e4356e0 07a579b62594499dac3a29e8b946020e e52f1126910e4401b381fb7812c68a47 - - default default] Tap Mirror: Handle Delete Port: c1867ba1-5ee3-40c2-af90-f65e8441c421
2026-05-08 00:42:01.467 8 INFO neutron.db.ovn_revision_numbers_db [None req-36b3d17a-4933-4e3f-8809-1f28e95f8887 b3011128e4874b5195b06cd142e7b7c7 dc63d197780b43c899c62c17cf112388 - - default default] Successfully bumped revision number for resource 60aa6ee8-47f3-43c4-af9b-2f2cedc6a85f (type: ports) to 2
2026-05-08 00:42:01.505 8 INFO neutron.db.ovn_revision_numbers_db [None req-36b3d17a-4933-4e3f-8809-1f28e95f8887 b3011128e4874b5195b06cd142e7b7c7 dc63d197780b43c899c62c17cf112388 - - default default] Successfully bumped revision number for resource 7dddedda-f764-4532-9e96-8857d8b89eb9 (type: subnets) to 0 [pid: 8|app: 0|req: 631/1226] 10.0.0.36 () {34 vars in 668 bytes} [Fri May 8 00:42:00 2026] POST /v2.0/subnets => generated 657 bytes in 825 msecs (HTTP/1.1 201) 4 headers in 162 bytes (1 switches on core 0) [pid: 8|app: 0|req: 632/1227] 10.0.0.188 () {34 vars in 1040 bytes} [Fri May 8 00:42:01 2026] GET /v2.0/security-groups?id=adfe4a03-6abf-4bc7-b178-87107135aeab&fields=id&fields=name => generated 88 bytes in 51 msecs (HTTP/1.1 200) 4 headers in 156 bytes (1 switches on core 0) [pid: 8|app: 0|req: 633/1228] 199.19.213.225 () {34 vars in 1080 bytes} [Fri May 8 00:42:01 2026] GET /v2.0/ports?tenant_id=81930749d241478a9f23055d260257a0&device_id=cb2d4446-971b-4d8f-97c6-5c072318043a => generated 1234 bytes in 41 msecs (HTTP/1.1 200) 4 headers in 158 bytes (1 switches on core 0)
2026-05-08 00:42:01.630 8 INFO neutron.api.v2.resource [None req-a16ff492-ab3c-401c-84b8-c6aec9e98bc3 fe4d788b70f440cbbe7e54a3a3cce26e d74760483eeb4ce5a8d1b6cd592772be - - default default] show failed (client error): The resource could not be found. [pid: 8|app: 0|req: 634/1229] 10.0.0.36 () {32 vars in 736 bytes} [Fri May 8 00:42:01 2026] GET /v2.0/security-groups/0294ada5-d7ce-4864-8c84-aeea3afaa09f => generated 146 bytes in 10 msecs (HTTP/1.1 404) 4 headers in 164 bytes (1 switches on core 0)
2026-05-08 00:42:01.656 7 INFO neutron.services.segments.plugin [-] Segment 5e4cb234-21a8-4164-aa83-ce889b9073c0 resource provider aggregate not found
2026-05-08 00:42:01.660 7 INFO neutron.services.segments.plugin [-] Segment 5e4cb234-21a8-4164-aa83-ce889b9073c0 resource provider aggregate not found
2026-05-08 00:42:01.677 7 INFO neutron.services.segments.plugin [-] Segment 5e4cb234-21a8-4164-aa83-ce889b9073c0 resource provider not found; error: Placement Client Error (4xx): {"errors": [{"status": 404, "title": "Not Found", "detail": "The resource could not be found.\n\n No resource provider with uuid 5e4cb234-21a8-4164-aa83-ce889b9073c0 found for delete ", "request_id": "req-7a0d8479-df02-453e-9aff-4d515d4395a0"}]}
2026-05-08 00:42:01.685 7 INFO neutron.services.segments.plugin [-] Segment 5e4cb234-21a8-4164-aa83-ce889b9073c0 resource provider not found; error: Placement Client Error (4xx): {"errors": [{"status": 404, "title": "Not Found", "detail": "The resource could not be found.\n\n No resource provider with uuid 5e4cb234-21a8-4164-aa83-ce889b9073c0 found for delete ", "request_id": "req-dd1f4895-c430-4685-bc3a-cdaf973af601"}]} [pid: 7|app: 0|req: 596/1230] 10.0.0.36 () {32 vars in 725 bytes} [Fri May 8 00:42:01 2026] DELETE /v2.0/networks/55cd0d61-a1c3-40fd-83be-8426e91a472d => generated 0 bytes in 423 msecs (HTTP/1.1 204) 3 headers in 131 bytes (1 switches on core 0) [pid: 7|app: 0|req: 597/1231] 199.19.213.225 () {34 vars in 1018 bytes} [Fri May 8 00:42:01 2026] GET /v2.0/networks?tenant_id=81930749d241478a9f23055d260257a0&shared=False => generated 814 bytes in 41 msecs (HTTP/1.1 200) 4 headers in 157 bytes (1 switches on core 0)
2026-05-08 00:42:01.846 7 INFO neutron_taas.services.taas.taas_plugin [None req-c2cb768e-fdf7-422d-ac21-0fadca550e7a fe4d788b70f440cbbe7e54a3a3cce26e d74760483eeb4ce5a8d1b6cd592772be - - default default] TaaS: Handle Delete Port: fafa840d-4a76-4297-bc5e-39c786873796
2026-05-08 00:42:01.848 7 INFO neutron_taas.services.taas.tap_mirror_plugin [None req-c2cb768e-fdf7-422d-ac21-0fadca550e7a fe4d788b70f440cbbe7e54a3a3cce26e d74760483eeb4ce5a8d1b6cd592772be - - default default] Tap Mirror: Handle Delete Port: fafa840d-4a76-4297-bc5e-39c786873796 [pid: 7|app: 0|req: 598/1232] 10.0.0.36 () {32 vars in 731 bytes} [Fri May 8 00:42:01 2026] DELETE /v2.0/floatingips/890941d7-1147-41ab-93d1-6831fc4fe1b6 => generated 0 bytes in 238 msecs (HTTP/1.1 204) 2 headers in 112 bytes (1 switches on core 0)
2026-05-08 00:42:02.079 7 INFO neutron_taas.services.taas.taas_plugin [None req-f806d07d-bca2-4512-ae76-9a8717edf11a 07a579b62594499dac3a29e8b946020e e52f1126910e4401b381fb7812c68a47 - - default default] TaaS: Handle Delete Port: 85b8561c-fa18-4e21-af88-fccdcfa4e931
2026-05-08 00:42:02.081 7 INFO neutron_taas.services.taas.tap_mirror_plugin [None req-f806d07d-bca2-4512-ae76-9a8717edf11a 07a579b62594499dac3a29e8b946020e e52f1126910e4401b381fb7812c68a47 - - default default] Tap Mirror: Handle Delete Port: 85b8561c-fa18-4e21-af88-fccdcfa4e931
2026-05-08 00:42:02.188 8 WARNING neutron.scheduler.dhcp_agent_scheduler [None req-fd10009c-f087-41ca-bc9a-04aee04df71d b3011128e4874b5195b06cd142e7b7c7 dc63d197780b43c899c62c17cf112388 - - default default] No more DHCP agents
2026-05-08 00:42:02.190 8 WARNING neutron.api.rpc.agentnotifiers.dhcp_rpc_agent_api [None req-fd10009c-f087-41ca-bc9a-04aee04df71d b3011128e4874b5195b06cd142e7b7c7 dc63d197780b43c899c62c17cf112388 - - default default] Unable to schedule network d2817d0f-4e47-4d92-9f8f-d72e71cad1af: no agents available; will retry on subsequent port and subnet creation events.
2026-05-08 00:42:02.210 8 INFO neutron.services.segments.plugin [-] Segment f419e0f0-9e2e-4fa7-989e-26e321d1b5aa resource provider aggregate not found
2026-05-08 00:42:02.235 8 INFO neutron.services.segments.plugin [-] Segment f419e0f0-9e2e-4fa7-989e-26e321d1b5aa resource provider aggregate not found
2026-05-08 00:42:02.237 8 INFO neutron.services.segments.plugin [-] Segment f419e0f0-9e2e-4fa7-989e-26e321d1b5aa resource provider not found; error: Placement Client Error (4xx): {"errors": [{"status": 404, "title": "Not Found", "detail": "The resource could not be found.\n\n No resource provider with uuid f419e0f0-9e2e-4fa7-989e-26e321d1b5aa found for delete ", "request_id": "req-47097fd1-fd8a-48a8-84c9-69322f33a90f"}]}
2026-05-08 00:42:02.256 8 INFO neutron.services.segments.plugin [-] Segment f419e0f0-9e2e-4fa7-989e-26e321d1b5aa resource provider not found; error: Placement Client Error (4xx): {"errors": [{"status": 404, "title": "Not Found", "detail": "The resource could not be found.\n\n No resource provider with uuid f419e0f0-9e2e-4fa7-989e-26e321d1b5aa found for delete ", "request_id": "req-d37993d6-a8a4-4476-b1e9-6138c3543340"}]} [pid: 7|app: 0|req: 599/1233] 10.0.0.36 () {32 vars in 725 bytes} [Fri May 8 00:42:01 2026] DELETE /v2.0/networks/bb5bcd3b-3b25-472d-b2f7-8b16a4ec10b5 => generated 0 bytes in 315 msecs (HTTP/1.1 204) 3 headers in 131 bytes (1 switches on core 0) [pid: 7|app: 0|req: 600/1234] 199.19.213.225 () {34 vars in 930 bytes} [Fri May 8 00:42:02 2026] GET /v2.0/networks?shared=True => generated 791 bytes in 61 msecs (HTTP/1.1 200) 4 headers in 157 bytes (1 switches on core 0)
2026-05-08 00:42:02.357 7 INFO neutron.plugins.ml2.drivers.ovn.mech_driver.mech_driver [None req-823517b3-0032-4502-b79c-5be5c3fbe184 - - - - - -] OVN reports status down for port: 1c10c2fd-01d4-4d22-8c73-4031f0bfa049
2026-05-08 00:42:02.376 8 INFO neutron.db.ovn_revision_numbers_db [None req-fd10009c-f087-41ca-bc9a-04aee04df71d b3011128e4874b5195b06cd142e7b7c7 dc63d197780b43c899c62c17cf112388 - - default default] Successfully bumped revision number for resource 1c10c2fd-01d4-4d22-8c73-4031f0bfa049 (type: ports) to 1
2026-05-08 00:42:02.677 7 INFO neutron_taas.services.taas.taas_plugin [None req-12a5c7a9-963d-4ecf-9452-6ba6c4bfd1dc d8ab7df49cf1473b8046fc0310bcaba7 c31e879400c145eaba4726ad03fd3489 - - default default] TaaS: Handle Delete Port: 1e446481-6014-48da-abfe-8656e9eb1fa7
2026-05-08 00:42:02.681 7 INFO neutron_taas.services.taas.tap_mirror_plugin [None req-12a5c7a9-963d-4ecf-9452-6ba6c4bfd1dc d8ab7df49cf1473b8046fc0310bcaba7 c31e879400c145eaba4726ad03fd3489 - - default default] Tap Mirror: Handle Delete Port: 1e446481-6014-48da-abfe-8656e9eb1fa7
2026-05-08 00:42:03.073 7 INFO neutron.plugins.ml2.drivers.ovn.mech_driver.mech_driver [None req-823517b3-0032-4502-b79c-5be5c3fbe184 - - - - - -] OVN reports status up for port: 1c10c2fd-01d4-4d22-8c73-4031f0bfa049
2026-05-08 00:42:03.102 7 INFO neutron.plugins.ml2.plugin [None req-823517b3-0032-4502-b79c-5be5c3fbe184 - - - - - -] Attempt 1 to provision port 1c10c2fd-01d4-4d22-8c73-4031f0bfa049
2026-05-08 00:42:03.143 8 WARNING neutron.scheduler.dhcp_agent_scheduler [None req-fd10009c-f087-41ca-bc9a-04aee04df71d b3011128e4874b5195b06cd142e7b7c7 dc63d197780b43c899c62c17cf112388 - - default default] No more DHCP agents
2026-05-08 00:42:03.145 8 WARNING neutron.api.rpc.agentnotifiers.dhcp_rpc_agent_api [None req-fd10009c-f087-41ca-bc9a-04aee04df71d b3011128e4874b5195b06cd142e7b7c7 dc63d197780b43c899c62c17cf112388 - - default default] Unable to schedule network d2817d0f-4e47-4d92-9f8f-d72e71cad1af: no agents available; will retry on subsequent port and subnet creation events.
2026-05-08 00:42:03.499 8 INFO neutron.db.ovn_revision_numbers_db [None req-fd10009c-f087-41ca-bc9a-04aee04df71d b3011128e4874b5195b06cd142e7b7c7 dc63d197780b43c899c62c17cf112388 - - default default] Successfully bumped revision number for resource 1c10c2fd-01d4-4d22-8c73-4031f0bfa049 (type: router_ports) to 1
2026-05-08 00:42:03.506 8 INFO neutron.common.ovn.utils [None req-0d410077-983c-46fc-a7e3-1ab04f02f346 - - - - - -] HA Chassis Group neutron-d2817d0f-4e47-4d92-9f8f-d72e71cad1af synchronized; highest priority chassis 88beec2b-a582-4a07-abc1-12e0e819701d [pid: 8|app: 0|req: 635/1235] 10.0.0.36 () {34 vars in 782 bytes} [Fri May 8 00:42:01 2026] PUT /v2.0/routers/a7bdbe24-cd07-4db2-ae94-c658d3cb1c60/add_router_interface => generated 310 bytes in 1880 msecs (HTTP/1.1 200) 4 headers in 157 bytes (1 switches on core 0) [pid: 8|app: 0|req: 636/1236] 10.0.0.188 () {34 vars in 990 bytes} [Fri May 8 00:42:03 2026] GET /v2.0/ports?device_id=cb2d4446-971b-4d8f-97c6-5c072318043a => generated 973 bytes in 54 msecs (HTTP/1.1 200) 4 headers in 157 bytes (1 switches on core 0) [pid: 7|app: 0|req: 601/1237] 10.0.0.36 () {34 vars in 788 bytes} [Fri May 8 00:42:02 2026] PUT /v2.0/routers/79e6f462-2637-478d-8799-94a4799b7142/remove_router_interface => generated 310 bytes in 1272 msecs (HTTP/1.1 200) 4 headers in 157 bytes (1 switches on core 0) /var/lib/openstack/lib/python3.12/site-packages/pycadf/identifier.py:70: UserWarning: Invalid uuid: neutron. To ensure interoperability, identifiers should be a valid uuid. warnings.warn(('Invalid uuid: %s. To ensure interoperability, '
2026-05-08 00:42:03.660 8 WARNING neutron.db.securitygroups_db [None req-0dab6b03-34b8-4c2c-abc0-6778198d5285 d8ab7df49cf1473b8046fc0310bcaba7 c31e879400c145eaba4726ad03fd3489 - - default default] project_id key not found in filters, using tenant_id instead. This support has been deprecated and will be removed in a future release. [pid: 8|app: 0|req: 637/1238] 10.0.0.36 () {32 vars in 773 bytes} [Fri May 8 00:42:03 2026] GET /v2.0/security-groups?tenant_id=e52f1126910e4401b381fb7812c68a47&name=default => generated 2925 bytes in 118 msecs (HTTP/1.1 200) 4 headers in 158 bytes (1 switches on core 0)
2026-05-08 00:42:03.704 7 INFO neutron.services.segments.plugin [-] Segment af721625-6597-4156-9afb-3bb7b203efe6 resource provider aggregate not found
2026-05-08 00:42:03.711 7 INFO neutron.services.segments.plugin [-] Segment af721625-6597-4156-9afb-3bb7b203efe6 resource provider aggregate not found [pid: 7|app: 0|req: 602/1239] 199.19.213.225 () {34 vars in 1080 bytes} [Fri May 8 00:42:03 2026] GET /v2.0/ports?tenant_id=81930749d241478a9f23055d260257a0&device_id=cb2d4446-971b-4d8f-97c6-5c072318043a => generated 1234 bytes in 94 msecs (HTTP/1.1 200) 4 headers in 158 bytes (1 switches on core 0)
2026-05-08 00:42:03.736 7 INFO neutron.services.segments.plugin [-] Segment af721625-6597-4156-9afb-3bb7b203efe6 resource provider not found; error: Placement Client Error (4xx): {"errors": [{"status": 404, "title": "Not Found", "detail": "The resource could not be found.\n\n No resource provider with uuid af721625-6597-4156-9afb-3bb7b203efe6 found for delete ", "request_id": "req-3e3e9ffa-ac6d-4d55-97a4-631f790520ae"}]}
2026-05-08 00:42:03.743 7 INFO neutron.services.segments.plugin [-] Segment af721625-6597-4156-9afb-3bb7b203efe6 resource provider not found; error: Placement Client Error (4xx): {"errors": [{"status": 404, "title": "Not Found", "detail": "The resource could not be found.\n\n No resource provider with uuid af721625-6597-4156-9afb-3bb7b203efe6 found for delete ", "request_id": "req-d834b722-1caa-4c50-94ce-8620627e5e5b"}]} [pid: 8|app: 0|req: 638/1240] 10.0.0.36 () {32 vars in 648 bytes} [Fri May 8 00:42:03 2026] GET /v2.0/networks => generated 4662 bytes in 72 msecs (HTTP/1.1 200) 4 headers in 158 bytes (1 switches on core 0) [pid: 7|app: 0|req: 603/1241] 10.0.0.188 () {34 vars in 1040 bytes} [Fri May 8 00:42:03 2026] GET /v2.0/security-groups?id=adfe4a03-6abf-4bc7-b178-87107135aeab&fields=id&fields=name => generated 88 bytes in 79 msecs (HTTP/1.1 200) 4 headers in 156 bytes (1 switches on core 0)
2026-05-08 00:42:04.032 7 INFO neutron.db.ovn_revision_numbers_db [None req-823517b3-0032-4502-b79c-5be5c3fbe184 - - - - - -] Successfully bumped revision number for resource 1c10c2fd-01d4-4d22-8c73-4031f0bfa049 (type: ports) to 2
2026-05-08 00:42:04.086 8 INFO neutron_taas.services.taas.taas_plugin [None req-7fba95a4-4897-482c-b650-0d6d20aba9f5 d8ab7df49cf1473b8046fc0310bcaba7 c31e879400c145eaba4726ad03fd3489 - - default default] TaaS: Handle Delete Port: 16b55099-94fd-4966-be35-8690072c215e
2026-05-08 00:42:04.090 8 INFO neutron_taas.services.taas.tap_mirror_plugin [None req-7fba95a4-4897-482c-b650-0d6d20aba9f5 d8ab7df49cf1473b8046fc0310bcaba7 c31e879400c145eaba4726ad03fd3489 - - default default] Tap Mirror: Handle Delete Port: 16b55099-94fd-4966-be35-8690072c215e [pid: 7|app: 0|req: 604/1242] 10.0.0.36 () {32 vars in 739 bytes} [Fri May 8 00:42:03 2026] DELETE /v2.0/security-groups/b45cc20a-e668-4f47-b11c-4fb9a19f98a4 => generated 0 bytes in 310 msecs (HTTP/1.1 204) 2 headers in 112 bytes (1 switches on core 0) [pid: 7|app: 0|req: 605/1243] 199.19.213.225 () {34 vars in 1060 bytes} [Fri May 8 00:42:04 2026] GET /v2.0/floatingips?fixed_ip_address=10.100.0.10&port_id=6ddeefeb-19ec-4a77-bac3-61194e8ff5a3 => generated 19 bytes in 37 msecs (HTTP/1.1 200) 4 headers in 156 bytes (1 switches on core 0) [pid: 7|app: 0|req: 606/1244] 10.0.0.36 () {32 vars in 646 bytes} [Fri May 8 00:42:04 2026] GET /v2.0/subnets => generated 3329 bytes in 60 msecs (HTTP/1.1 200) 4 headers in 158 bytes (1 switches on core 0) [pid: 7|app: 0|req: 607/1245] 199.19.213.225 () {34 vars in 984 bytes} [Fri May 8 00:42:04 2026] GET /v2.0/subnets?id=88ee1827-8a61-42ef-b44c-eb23a08a5122 => generated 695 bytes in 26 msecs (HTTP/1.1 200) 4 headers in 157 bytes (1 switches on core 0) [pid: 7|app: 0|req: 608/1246] 10.0.0.36 () {32 vars in 646 bytes} [Fri May 8 00:42:04 2026] GET /v2.0/routers => generated 2616 bytes in 79 msecs (HTTP/1.1 200) 4 headers in 158 bytes (1 switches on core 0) [pid: 7|app: 0|req: 609/1247] 199.19.213.225 () {34 vars in 1052 bytes} [Fri May 8 00:42:04 2026] GET /v2.0/ports?network_id=f58075d9-b31b-43ea-9465-de310b1a027e&device_owner=network%3Adhcp => generated 12 bytes in 17 msecs (HTTP/1.1 200) 4 headers in 156 bytes (1 switches on core 0) [pid: 7|app: 0|req: 610/1248] 199.19.213.225 () {34 vars in 1012 bytes} [Fri May 8 00:42:04 2026] GET /v2.0/networks/f58075d9-b31b-43ea-9465-de310b1a027e?fields=segments => generated 14 bytes in 47 msecs (HTTP/1.1 200) 4 headers in 156 bytes (1 switches on core 0) [pid: 8|app: 0|req: 639/1249] 10.0.0.36 () {32 vars in 723 bytes} [Fri May 8 00:42:03 2026] DELETE /v2.0/routers/79e6f462-2637-478d-8799-94a4799b7142 => generated 0 bytes in 716 msecs (HTTP/1.1 204) 2 headers in 112 bytes (1 switches on core 0) [pid: 8|app: 0|req: 640/1250] 199.19.213.225 () {34 vars in 1112 bytes} [Fri May 8 00:42:04 2026] GET /v2.0/networks/f58075d9-b31b-43ea-9465-de310b1a027e?fields=provider%3Aphysical_network&fields=provider%3Anetwork_type => generated 79 bytes in 39 msecs (HTTP/1.1 200) 4 headers in 156 bytes (1 switches on core 0)
2026-05-08 00:42:04.552 7 INFO neutron.db.ovn_revision_numbers_db [None req-2a05dc41-db81-4314-a31e-a220257f571c b3011128e4874b5195b06cd142e7b7c7 dc63d197780b43c899c62c17cf112388 - - default default] Successfully bumped revision number for resource 51a78796-fb3f-49d9-bcd6-bb5ad6da99dc (type: security_groups) to 1
2026-05-08 00:42:04.564 7 INFO neutron.db.ovn_revision_numbers_db [None req-2a05dc41-db81-4314-a31e-a220257f571c b3011128e4874b5195b06cd142e7b7c7 dc63d197780b43c899c62c17cf112388 - - default default] Successfully bumped revision number for resource b1e2b787-e0a0-4dfa-a2ac-c2d53d23b9d7 (type: security_group_rules) to 0
2026-05-08 00:42:04.582 7 INFO neutron.db.ovn_revision_numbers_db [None req-2a05dc41-db81-4314-a31e-a220257f571c b3011128e4874b5195b06cd142e7b7c7 dc63d197780b43c899c62c17cf112388 - - default default] Successfully bumped revision number for resource c42963ff-5186-416b-a691-a4c4698f4951 (type: security_group_rules) to 0 [pid: 7|app: 0|req: 611/1251] 10.0.0.36 () {34 vars in 684 bytes} [Fri May 8 00:42:04 2026] POST /v2.0/security-groups => generated 1675 bytes in 238 msecs (HTTP/1.1 201) 4 headers in 163 bytes (1 switches on core 0) [pid: 8|app: 0|req: 641/1252] 10.0.0.36 () {32 vars in 723 bytes} [Fri May 8 00:42:04 2026] DELETE /v2.0/subnets/f064ca01-214b-4b8c-993d-7455c7808582 => generated 0 bytes in 179 msecs (HTTP/1.1 204) 3 headers in 131 bytes (1 switches on core 0)
2026-05-08 00:42:04.770 7 INFO neutron.db.ovn_revision_numbers_db [None req-f8ac73f1-9af6-40c0-9818-ccc4d01a9daa b3011128e4874b5195b06cd142e7b7c7 dc63d197780b43c899c62c17cf112388 - - default default] Successfully bumped revision number for resource 9e5f2b81-6fd0-4a45-9507-cb82ef523519 (type: security_group_rules) to 0 [pid: 7|app: 0|req: 612/1253] 10.0.0.36 () {34 vars in 694 bytes} [Fri May 8 00:42:04 2026] POST /v2.0/security-group-rules => generated 597 bytes in 192 msecs (HTTP/1.1 201) 4 headers in 162 bytes (1 switches on core 0)
2026-05-08 00:42:04.827 8 INFO neutron_taas.services.taas.taas_plugin [None req-1879e3a6-5e07-49e9-bc86-0c8783c7008c d8ab7df49cf1473b8046fc0310bcaba7 c31e879400c145eaba4726ad03fd3489 - - default default] TaaS: Handle Delete Port: 6e4c3e38-6d68-4d37-bc3f-4d51f3bab161
2026-05-08 00:42:04.830 8 INFO neutron_taas.services.taas.tap_mirror_plugin [None req-1879e3a6-5e07-49e9-bc86-0c8783c7008c d8ab7df49cf1473b8046fc0310bcaba7 c31e879400c145eaba4726ad03fd3489 - - default default] Tap Mirror: Handle Delete Port: 6e4c3e38-6d68-4d37-bc3f-4d51f3bab161
2026-05-08 00:42:04.960 7 INFO neutron.db.ovn_revision_numbers_db [None req-7fb8f3f2-ccea-4632-9b0e-d584f14e47db b3011128e4874b5195b06cd142e7b7c7 dc63d197780b43c899c62c17cf112388 - - default default] Successfully bumped revision number for resource 262bd3ae-b140-4e8d-9b3d-e476e20b7917 (type: security_group_rules) to 0 [pid: 7|app: 0|req: 613/1254] 10.0.0.36 () {34 vars in 694 bytes} [Fri May 8 00:42:04 2026] POST /v2.0/security-group-rules => generated 596 bytes in 169 msecs (HTTP/1.1 201) 4 headers in 162 bytes (1 switches on core 0)
2026-05-08 00:42:05.021 8 INFO neutron.services.segments.plugin [-] Segment 0595fd46-9582-4366-9a71-14256ca135ee resource provider aggregate not found
2026-05-08 00:42:05.025 8 INFO neutron.services.segments.plugin [-] Segment 0595fd46-9582-4366-9a71-14256ca135ee resource provider aggregate not found [pid: 7|app: 0|req: 614/1255] 10.0.0.188 () {34 vars in 990 bytes} [Fri May 8 00:42:04 2026] GET /v2.0/ports?device_id=cb2d4446-971b-4d8f-97c6-5c072318043a => generated 973 bytes in 42 msecs (HTTP/1.1 200) 4 headers in 157 bytes (1 switches on core 0)
2026-05-08 00:42:05.042 8 INFO neutron.services.segments.plugin [-] Segment 0595fd46-9582-4366-9a71-14256ca135ee resource provider not found; error: Placement Client Error (4xx): {"errors": [{"status": 404, "title": "Not Found", "detail": "The resource could not be found.\n\n No resource provider with uuid 0595fd46-9582-4366-9a71-14256ca135ee found for delete ", "request_id": "req-9c313ba8-acf0-4f29-9ee0-f971d5902c60"}]}
2026-05-08 00:42:05.046 8 INFO neutron.services.segments.plugin [-] Segment 0595fd46-9582-4366-9a71-14256ca135ee resource provider not found; error: Placement Client Error (4xx): {"errors": [{"status": 404, "title": "Not Found", "detail": "The resource could not be found.\n\n No resource provider with uuid 0595fd46-9582-4366-9a71-14256ca135ee found for delete ", "request_id": "req-ac64cb01-d9b4-4079-aa42-56ca10813e1d"}]} [pid: 8|app: 0|req: 642/1256] 10.0.0.36 () {32 vars in 725 bytes} [Fri May 8 00:42:04 2026] DELETE /v2.0/networks/ce2906f0-0c3a-400a-8ff6-d792e061beda => generated 0 bytes in 368 msecs (HTTP/1.1 204) 3 headers in 131 bytes (1 switches on core 0) [pid: 8|app: 0|req: 643/1257] 10.0.0.188 () {34 vars in 1040 bytes} [Fri May 8 00:42:05 2026] GET /v2.0/security-groups?id=adfe4a03-6abf-4bc7-b178-87107135aeab&fields=id&fields=name => generated 88 bytes in 27 msecs (HTTP/1.1 200) 4 headers in 156 bytes (1 switches on core 0)
2026-05-08 00:42:05.158 7 INFO neutron.db.ovn_revision_numbers_db [None req-4624c97e-3d14-4fcc-879e-e6de02318b97 b3011128e4874b5195b06cd142e7b7c7 dc63d197780b43c899c62c17cf112388 - - default default] Successfully bumped revision number for resource acbcbd50-38e4-466c-bd5e-1019344f8b83 (type: security_group_rules) to 0
2026-05-08 00:42:05.171 8 WARNING neutron.db.securitygroups_db [None req-f57ee31e-00f0-4aec-b00c-d14e0753acea d8ab7df49cf1473b8046fc0310bcaba7 c31e879400c145eaba4726ad03fd3489 - - default default] project_id key not found in filters, using tenant_id instead. This support has been deprecated and will be removed in a future release. [pid: 7|app: 0|req: 615/1258] 10.0.0.36 () {34 vars in 694 bytes} [Fri May 8 00:42:05 2026] POST /v2.0/security-group-rules => generated 602 bytes in 151 msecs (HTTP/1.1 201) 4 headers in 162 bytes (1 switches on core 0) [pid: 8|app: 0|req: 644/1259] 10.0.0.36 () {32 vars in 773 bytes} [Fri May 8 00:42:05 2026] GET /v2.0/security-groups?tenant_id=d74760483eeb4ce5a8d1b6cd592772be&name=default => generated 2925 bytes in 31 msecs (HTTP/1.1 200) 4 headers in 158 bytes (1 switches on core 0)
2026-05-08 00:42:05.304 7 INFO neutron.db.ovn_revision_numbers_db [None req-ec1bcbb0-a2cf-494f-9fdf-3808bd97b118 b3011128e4874b5195b06cd142e7b7c7 dc63d197780b43c899c62c17cf112388 - - default default] Successfully bumped revision number for resource 7a29fe92-e20f-4d5f-94d8-f6c500c2589c (type: security_group_rules) to 0 [pid: 7|app: 0|req: 616/1260] 10.0.0.36 () {34 vars in 694 bytes} [Fri May 8 00:42:05 2026] POST /v2.0/security-group-rules => generated 601 bytes in 160 msecs (HTTP/1.1 201) 4 headers in 162 bytes (1 switches on core 0)
2026-05-08 00:42:05.402 7 INFO neutron.db.securitygroups_db [None req-3a23c18c-79c3-4621-bc17-326420fa4a8c b3011128e4874b5195b06cd142e7b7c7 dc63d197780b43c899c62c17cf112388 - - default default] Project dc63d197780b43c899c62c17cf112388 added a security group rule with legacy IPv6 ICMP protocol name icmp, ipv6-icmp should be used instead. It was automatically converted. [pid: 8|app: 0|req: 645/1261] 10.0.0.36 () {32 vars in 739 bytes} [Fri May 8 00:42:05 2026] DELETE /v2.0/security-groups/12ed85fc-50e5-4bed-bb49-ea3306b2bb8b => generated 0 bytes in 222 msecs (HTTP/1.1 204) 2 headers in 112 bytes (1 switches on core 0)
2026-05-08 00:42:05.479 7 INFO neutron.db.ovn_revision_numbers_db [None req-3a23c18c-79c3-4621-bc17-326420fa4a8c b3011128e4874b5195b06cd142e7b7c7 dc63d197780b43c899c62c17cf112388 - - default default] Successfully bumped revision number for resource 5b84cee8-0802-49c1-ae3f-7cb3d323ef93 (type: security_group_rules) to 0 [pid: 7|app: 0|req: 617/1264] 10.0.0.36 () {34 vars in 694 bytes} [Fri May 8 00:42:05 2026] POST /v2.0/security-group-rules => generated 607 bytes in 143 msecs (HTTP/1.1 201) 4 headers in 162 bytes (1 switches on core 0)
2026-05-08 00:42:05.566 8 INFO neutron.db.securitygroups_db [None req-ff42669b-0cd5-45bb-9ec5-b8b673e0867c b3011128e4874b5195b06cd142e7b7c7 dc63d197780b43c899c62c17cf112388 - - default default] Project dc63d197780b43c899c62c17cf112388 added a security group rule with legacy IPv6 ICMP protocol name icmp, ipv6-icmp should be used instead. It was automatically converted.
2026-05-08 00:42:05.653 8 INFO neutron.db.ovn_revision_numbers_db [None req-ff42669b-0cd5-45bb-9ec5-b8b673e0867c b3011128e4874b5195b06cd142e7b7c7 dc63d197780b43c899c62c17cf112388 - - default default] Successfully bumped revision number for resource a184ebaa-1512-4e73-8273-6054e28f9d53 (type: security_group_rules) to 0 [pid: 8|app: 0|req: 648/1265] 10.0.0.36 () {34 vars in 694 bytes} [Fri May 8 00:42:05 2026] POST /v2.0/security-group-rules => generated 606 bytes in 174 msecs (HTTP/1.1 201) 4 headers in 162 bytes (1 switches on core 0) [pid: 8|app: 0|req: 649/1266] 10.0.0.36 () {32 vars in 648 bytes} [Fri May 8 00:42:06 2026] GET /v2.0/networks => generated 1373 bytes in 86 msecs (HTTP/1.1 200) 4 headers in 158 bytes (1 switches on core 0) [pid: 8|app: 0|req: 650/1267] 10.0.0.188 () {34 vars in 990 bytes} [Fri May 8 00:42:06 2026] GET /v2.0/ports?device_id=cb2d4446-971b-4d8f-97c6-5c072318043a => generated 973 bytes in 71 msecs (HTTP/1.1 200) 4 headers in 157 bytes (1 switches on core 0)
2026-05-08 00:42:06.251 8 WARNING neutron.db.securitygroups_db [req-4ceaf4a4-ba06-467b-8c17-1d8bf3417d0d req-fb792413-ad9e-43e6-90b5-1728ae7d6113 b3011128e4874b5195b06cd142e7b7c7 dc63d197780b43c899c62c17cf112388 - - default default] project_id key not found in filters, using tenant_id instead. This support has been deprecated and will be removed in a future release. [pid: 8|app: 0|req: 651/1268] 10.0.0.188 () {34 vars in 1100 bytes} [Fri May 8 00:42:06 2026] GET /v2.0/security-groups?name=tempest-secgroup-smoke-2005190835&fields=id&tenant_id=dc63d197780b43c899c62c17cf112388 => generated 69 bytes in 32 msecs (HTTP/1.1 200) 4 headers in 156 bytes (1 switches on core 0)
2026-05-08 00:42:06.278 7 INFO neutron.db.ovn_revision_numbers_db [None req-e15a3798-b51c-4319-bafd-0ed4befdb36e b394abac67674e8f8c6179fc55bc430a 8012bcaa3c334e40803516a48f49e623 - - default default] Successfully bumped revision number for resource 8f321915-c923-4582-9538-88664be43b4b (type: security_groups) to 1
2026-05-08 00:42:06.293 7 INFO neutron.db.ovn_revision_numbers_db [None req-e15a3798-b51c-4319-bafd-0ed4befdb36e b394abac67674e8f8c6179fc55bc430a 8012bcaa3c334e40803516a48f49e623 - - default default] Successfully bumped revision number for resource 226708bb-59b1-44bd-b17b-85cd54859ff5 (type: security_group_rules) to 0 [pid: 8|app: 0|req: 652/1269] 10.0.0.188 () {34 vars in 1040 bytes} [Fri May 8 00:42:06 2026] GET /v2.0/security-groups?id=adfe4a03-6abf-4bc7-b178-87107135aeab&fields=id&fields=name => generated 88 bytes in 30 msecs (HTTP/1.1 200) 4 headers in 156 bytes (1 switches on core 0)
2026-05-08 00:42:06.306 7 INFO neutron.db.ovn_revision_numbers_db [None req-e15a3798-b51c-4319-bafd-0ed4befdb36e b394abac67674e8f8c6179fc55bc430a 8012bcaa3c334e40803516a48f49e623 - - default default] Successfully bumped revision number for resource 428c0910-607d-4706-8d2f-493c416aff79 (type: security_group_rules) to 0
2026-05-08 00:42:06.318 7 INFO neutron.db.ovn_revision_numbers_db [None req-e15a3798-b51c-4319-bafd-0ed4befdb36e b394abac67674e8f8c6179fc55bc430a 8012bcaa3c334e40803516a48f49e623 - - default default] Successfully bumped revision number for resource 71fe465f-9faa-415f-8aaf-86b1539f597d (type: security_group_rules) to 0
2026-05-08 00:42:06.329 7 INFO neutron.db.ovn_revision_numbers_db [None req-e15a3798-b51c-4319-bafd-0ed4befdb36e b394abac67674e8f8c6179fc55bc430a 8012bcaa3c334e40803516a48f49e623 - - default default] Successfully bumped revision number for resource a39b46ba-2c5c-49ee-9e5e-aa305e1692d8 (type: security_group_rules) to 0 [pid: 8|app: 0|req: 653/1270] 10.0.0.188 () {34 vars in 982 bytes} [Fri May 8 00:42:06 2026] GET /v2.0/networks?id=d2817d0f-4e47-4d92-9f8f-d72e71cad1af => generated 698 bytes in 41 msecs (HTTP/1.1 200) 4 headers in 157 bytes (1 switches on core 0) [pid: 8|app: 0|req: 654/1271] 10.0.0.188 () {34 vars in 965 bytes} [Fri May 8 00:42:06 2026] GET /v2.0/quotas/dc63d197780b43c899c62c17cf112388 => generated 292 bytes in 12 msecs (HTTP/1.1 200) 4 headers in 157 bytes (1 switches on core 0)
2026-05-08 00:42:06.444 7 INFO neutron.db.ovn_revision_numbers_db [None req-e15a3798-b51c-4319-bafd-0ed4befdb36e b394abac67674e8f8c6179fc55bc430a 8012bcaa3c334e40803516a48f49e623 - - default default] Successfully bumped revision number for resource bddde6d3-08c9-4ee1-8823-2b9a3cd12c7d (type: security_groups) to 1 [pid: 8|app: 0|req: 655/1272] 10.0.0.188 () {34 vars in 1002 bytes} [Fri May 8 00:42:06 2026] GET /v2.0/ports?tenant_id=dc63d197780b43c899c62c17cf112388&fields=id => generated 103 bytes in 75 msecs (HTTP/1.1 200) 4 headers in 157 bytes (1 switches on core 0)
2026-05-08 00:42:06.456 7 INFO neutron.db.ovn_revision_numbers_db [None req-e15a3798-b51c-4319-bafd-0ed4befdb36e b394abac67674e8f8c6179fc55bc430a 8012bcaa3c334e40803516a48f49e623 - - default default] Successfully bumped revision number for resource 1d0da989-e99d-40f3-bb50-8f4c63269082 (type: security_group_rules) to 0
