2026-04-07 01:21:51.074 7 INFO placement.requestlog [None req-d68d32e7-7423-4660-9849-7d4373d2ad00 3f16c1600ad54addbc58ed025f1da79f c974b0d3948d473ca30abf5c34a1b975 - - 848476803dfb4a0cbc6cf0f91f49724f 848476803dfb4a0cbc6cf0f91f49724f] 10.0.0.6 "GET /resource_providers/9936bf07-9ecc-43b6-bd06-0e22de188076/aggregates" status: 404 len: 235 microversion: 1.1 [pid: 7|app: 0|req: 466/938] 10.0.0.6 () {32 vars in 823 bytes} [Tue Apr 7 01:21:51 2026] GET /resource_providers/9936bf07-9ecc-43b6-bd06-0e22de188076/aggregates => generated 235 bytes in 23 msecs (HTTP/1.1 404) 5 headers in 202 bytes (1 switches on core 0)
2026-04-07 01:21:51.092 8 INFO placement.requestlog [None req-152a37cd-3808-49e1-ab5a-869bff996839 3f16c1600ad54addbc58ed025f1da79f c974b0d3948d473ca30abf5c34a1b975 - - 848476803dfb4a0cbc6cf0f91f49724f 848476803dfb4a0cbc6cf0f91f49724f] 10.0.0.6 "DELETE /resource_providers/9936bf07-9ecc-43b6-bd06-0e22de188076" status: 404 len: 246 microversion: 1.1 [pid: 8|app: 0|req: 473/939] 10.0.0.6 () {34 vars in 823 bytes} [Tue Apr 7 01:21:51 2026] DELETE /resource_providers/9936bf07-9ecc-43b6-bd06-0e22de188076 => generated 246 bytes in 13 msecs (HTTP/1.1 404) 6 headers in 231 bytes (1 switches on core 0)
2026-04-07 01:21:51.102 7 INFO placement.requestlog [None req-c3d35978-910b-4052-892d-0148d0b0ce37 3f16c1600ad54addbc58ed025f1da79f c974b0d3948d473ca30abf5c34a1b975 - - 848476803dfb4a0cbc6cf0f91f49724f 848476803dfb4a0cbc6cf0f91f49724f] 10.0.0.6 "DELETE /resource_providers/9936bf07-9ecc-43b6-bd06-0e22de188076" status: 404 len: 246 microversion: 1.1 [pid: 7|app: 0|req: 467/940] 10.0.0.6 () {34 vars in 823 bytes} [Tue Apr 7 01:21:51 2026] DELETE /resource_providers/9936bf07-9ecc-43b6-bd06-0e22de188076 => generated 246 bytes in 16 msecs (HTTP/1.1 404) 6 headers in 231 bytes (1 switches on core 0)
2026-04-07 01:21:51.902 7 INFO placement.requestlog [None req-89a262bf-1159-4951-8608-11108bec5beb - - - - - -] 10.0.0.117 "GET /" status: 200 len: 136 microversion: 1.0
2026-04-07 01:21:51.903 8 INFO placement.requestlog [None req-3080381f-8604-4d0a-bb06-1f8265e0652a - - - - - -] 10.0.0.117 "GET /" status: 200 len: 136 microversion: 1.0
2026-04-07 01:21:53.204 8 INFO placement.requestlog [None req-cd07f2d6-dcb3-4f53-9c4e-39e4cbe547bb 3f16c1600ad54addbc58ed025f1da79f c974b0d3948d473ca30abf5c34a1b975 - - 848476803dfb4a0cbc6cf0f91f49724f 848476803dfb4a0cbc6cf0f91f49724f] 10.0.0.6 "GET /resource_providers/a8aae3bf-c22e-4795-9b2a-3ced60c94d53/aggregates" status: 404 len: 235 microversion: 1.1 [pid: 8|app: 0|req: 475/943] 10.0.0.6 () {32 vars in 823 bytes} [Tue Apr 7 01:21:53 2026] GET /resource_providers/a8aae3bf-c22e-4795-9b2a-3ced60c94d53/aggregates => generated 235 bytes in 11 msecs (HTTP/1.1 404) 5 headers in 202 bytes (1 switches on core 0)
2026-04-07 01:21:53.208 7 INFO placement.requestlog [None req-8baa2e7c-0b99-4490-9b43-8bcbb99e3fa3 3f16c1600ad54addbc58ed025f1da79f c974b0d3948d473ca30abf5c34a1b975 - - 848476803dfb4a0cbc6cf0f91f49724f 848476803dfb4a0cbc6cf0f91f49724f] 10.0.0.6 "GET /resource_providers/a8aae3bf-c22e-4795-9b2a-3ced60c94d53/aggregates" status: 404 len: 235 microversion: 1.1 [pid: 7|app: 0|req: 469/944] 10.0.0.6 () {32 vars in 823 bytes} [Tue Apr 7 01:21:53 2026] GET /resource_providers/a8aae3bf-c22e-4795-9b2a-3ced60c94d53/aggregates => generated 235 bytes in 14 msecs (HTTP/1.1 404) 5 headers in 202 bytes (1 switches on core 0)
2026-04-07 01:21:53.237 8 INFO placement.requestlog [None req-8e2d5dac-ebbc-46cc-8eaf-fd88bc999770 3f16c1600ad54addbc58ed025f1da79f c974b0d3948d473ca30abf5c34a1b975 - - 848476803dfb4a0cbc6cf0f91f49724f 848476803dfb4a0cbc6cf0f91f49724f] 10.0.0.6 "DELETE /resource_providers/a8aae3bf-c22e-4795-9b2a-3ced60c94d53" status: 404 len: 246 microversion: 1.1 [pid: 8|app: 0|req: 476/945] 10.0.0.6 () {34 vars in 823 bytes} [Tue Apr 7 01:21:53 2026] DELETE /resource_providers/a8aae3bf-c22e-4795-9b2a-3ced60c94d53 => generated 246 bytes in 11 msecs (HTTP/1.1 404) 6 headers in 231 bytes (1 switches on core 0)
2026-04-07 01:21:53.238 7 INFO placement.requestlog [None req-b790fcc6-e243-41df-9a1b-9458bbbd7d2f 3f16c1600ad54addbc58ed025f1da79f c974b0d3948d473ca30abf5c34a1b975 - - 848476803dfb4a0cbc6cf0f91f49724f 848476803dfb4a0cbc6cf0f91f49724f] 10.0.0.6 "DELETE /resource_providers/a8aae3bf-c22e-4795-9b2a-3ced60c94d53" status: 404 len: 246 microversion: 1.1 [pid: 7|app: 0|req: 470/946] 10.0.0.6 () {34 vars in 823 bytes} [Tue Apr 7 01:21:53 2026] DELETE /resource_providers/a8aae3bf-c22e-4795-9b2a-3ced60c94d53 => generated 246 bytes in 12 msecs (HTTP/1.1 404) 6 headers in 231 bytes (1 switches on core 0)
2026-04-07 01:21:55.677 8 INFO placement.requestlog [req-ae14590a-7f2a-4395-9668-cd26aaa9382e req-fefc5b0d-10c1-47f2-8edb-56762b35f973 c962a3fcfdde4faaa75d0d4b2e174160 c974b0d3948d473ca30abf5c34a1b975 - - 848476803dfb4a0cbc6cf0f91f49724f 848476803dfb4a0cbc6cf0f91f49724f] 199.19.213.75 "GET /resource_providers/9a2c76a3-b864-4a2b-835f-ca5279259ab5/allocations" status: 200 len: 340 microversion: 1.0 [pid: 8|app: 0|req: 477/947] 199.19.213.75 () {32 vars in 856 bytes} [Tue Apr 7 01:21:55 2026] GET /resource_providers/9a2c76a3-b864-4a2b-835f-ca5279259ab5/allocations => generated 340 bytes in 272 msecs (HTTP/1.1 200) 6 headers in 224 bytes (1 switches on core 0)
2026-04-07 01:21:55.713 7 INFO placement.requestlog [req-ae14590a-7f2a-4395-9668-cd26aaa9382e req-4ebf8336-0692-4fe0-ad25-4dbd410b0369 c962a3fcfdde4faaa75d0d4b2e174160 c974b0d3948d473ca30abf5c34a1b975 - - 848476803dfb4a0cbc6cf0f91f49724f 848476803dfb4a0cbc6cf0f91f49724f] 199.19.213.75 "GET /resource_providers?in_tree=9a2c76a3-b864-4a2b-835f-ca5279259ab5" status: 200 len: 798 microversion: 1.14 [pid: 7|app: 0|req: 471/948] 199.19.213.75 () {34 vars in 891 bytes} [Tue Apr 7 01:21:55 2026] GET /resource_providers?in_tree=9a2c76a3-b864-4a2b-835f-ca5279259ab5 => generated 798 bytes in 22 msecs (HTTP/1.1 200) 6 headers in 225 bytes (1 switches on core 0)
2026-04-07 01:21:55.748 8 INFO placement.requestlog [req-ae14590a-7f2a-4395-9668-cd26aaa9382e req-c6a72eaa-27b6-45ec-aaa2-757dda5d2846 c962a3fcfdde4faaa75d0d4b2e174160 c974b0d3948d473ca30abf5c34a1b975 - - 848476803dfb4a0cbc6cf0f91f49724f 848476803dfb4a0cbc6cf0f91f49724f] 199.19.213.75 "GET /resource_providers/9a2c76a3-b864-4a2b-835f-ca5279259ab5/inventories" status: 200 len: 401 microversion: 1.0 [pid: 8|app: 0|req: 478/949] 199.19.213.75 () {32 vars in 856 bytes} [Tue Apr 7 01:21:55 2026] GET /resource_providers/9a2c76a3-b864-4a2b-835f-ca5279259ab5/inventories => generated 401 bytes in 26 msecs (HTTP/1.1 200) 6 headers in 224 bytes (1 switches on core 0)
2026-04-07 01:21:55.770 7 INFO placement.requestlog [req-ae14590a-7f2a-4395-9668-cd26aaa9382e req-b822081f-367a-4b5a-8233-1e4019832d98 c962a3fcfdde4faaa75d0d4b2e174160 c974b0d3948d473ca30abf5c34a1b975 - - 848476803dfb4a0cbc6cf0f91f49724f 848476803dfb4a0cbc6cf0f91f49724f] 199.19.213.75 "GET /resource_providers/9a2c76a3-b864-4a2b-835f-ca5279259ab5/aggregates" status: 200 len: 54 microversion: 1.19 [pid: 7|app: 0|req: 472/950] 199.19.213.75 () {34 vars in 898 bytes} [Tue Apr 7 01:21:55 2026] GET /resource_providers/9a2c76a3-b864-4a2b-835f-ca5279259ab5/aggregates => generated 54 bytes in 15 msecs (HTTP/1.1 200) 8 headers in 295 bytes (1 switches on core 0)
2026-04-07 01:21:55.808 8 INFO placement.requestlog [req-ae14590a-7f2a-4395-9668-cd26aaa9382e req-be6a4820-8630-4dbf-ae80-f30e83d23ef4 c962a3fcfdde4faaa75d0d4b2e174160 c974b0d3948d473ca30abf5c34a1b975 - - 848476803dfb4a0cbc6cf0f91f49724f 848476803dfb4a0cbc6cf0f91f49724f] 199.19.213.75 "GET /resource_providers/9a2c76a3-b864-4a2b-835f-ca5279259ab5/traits" status: 200 len: 1683 microversion: 1.6 [pid: 8|app: 0|req: 479/951] 199.19.213.75 () {34 vars in 889 bytes} [Tue Apr 7 01:21:55 2026] GET /resource_providers/9a2c76a3-b864-4a2b-835f-ca5279259ab5/traits => generated 1683 bytes in 30 msecs (HTTP/1.1 200) 6 headers in 225 bytes (1 switches on core 0)
2026-04-07 01:21:55.840 7 INFO placement.requestlog [req-ae14590a-7f2a-4395-9668-cd26aaa9382e req-2df3e0cf-6be5-415b-9353-b2e3aba8d00e c962a3fcfdde4faaa75d0d4b2e174160 c974b0d3948d473ca30abf5c34a1b975 - - 848476803dfb4a0cbc6cf0f91f49724f 848476803dfb4a0cbc6cf0f91f49724f] 199.19.213.75 "GET /resource_providers/9a2c76a3-b864-4a2b-835f-ca5279259ab5/allocations" status: 200 len: 340 microversion: 1.0 [pid: 7|app: 0|req: 473/952] 199.19.213.75 () {32 vars in 856 bytes} [Tue Apr 7 01:21:55 2026] GET /resource_providers/9a2c76a3-b864-4a2b-835f-ca5279259ab5/allocations => generated 340 bytes in 21 msecs (HTTP/1.1 200) 6 headers in 224 bytes (1 switches on core 0)
2026-04-07 01:21:55.867 8 INFO placement.requestlog [req-ae14590a-7f2a-4395-9668-cd26aaa9382e req-a29ccb25-488a-4e63-95ed-84221f4fe7c6 c962a3fcfdde4faaa75d0d4b2e174160 c974b0d3948d473ca30abf5c34a1b975 - - 848476803dfb4a0cbc6cf0f91f49724f 848476803dfb4a0cbc6cf0f91f49724f] 199.19.213.75 "GET /allocations/aa9ddfcd-b072-4485-a6c9-122012894958" status: 200 len: 258 microversion: 1.28 [pid: 8|app: 0|req: 480/953] 199.19.213.75 () {34 vars in 862 bytes} [Tue Apr 7 01:21:55 2026] GET /allocations/aa9ddfcd-b072-4485-a6c9-122012894958 => generated 258 bytes in 16 msecs (HTTP/1.1 200) 8 headers in 296 bytes (1 switches on core 0)
2026-04-07 01:21:55.892 7 INFO placement.requestlog [req-ae14590a-7f2a-4395-9668-cd26aaa9382e req-29603fe0-b6d0-4b8f-a720-36a59894cf13 c962a3fcfdde4faaa75d0d4b2e174160 c974b0d3948d473ca30abf5c34a1b975 - - 848476803dfb4a0cbc6cf0f91f49724f 848476803dfb4a0cbc6cf0f91f49724f] 199.19.213.75 "GET /allocations/dcb910e7-7769-4fbe-85f7-1d6205314f6e" status: 200 len: 245 microversion: 1.28 [pid: 7|app: 0|req: 474/954] 199.19.213.75 () {34 vars in 862 bytes} [Tue Apr 7 01:21:55 2026] GET /allocations/dcb910e7-7769-4fbe-85f7-1d6205314f6e => generated 245 bytes in 15 msecs (HTTP/1.1 200) 8 headers in 296 bytes (1 switches on core 0)
2026-04-07 01:21:55.926 8 INFO placement.requestlog [req-ae14590a-7f2a-4395-9668-cd26aaa9382e req-552991b3-db67-4f44-b679-489cc610723c c962a3fcfdde4faaa75d0d4b2e174160 c974b0d3948d473ca30abf5c34a1b975 - - 848476803dfb4a0cbc6cf0f91f49724f 848476803dfb4a0cbc6cf0f91f49724f] 199.19.213.75 "GET /allocations/5d27c338-9618-4b6e-a495-6acc2d5620b5" status: 200 len: 258 microversion: 1.28 [pid: 8|app: 0|req: 481/955] 199.19.213.75 () {34 vars in 862 bytes} [Tue Apr 7 01:21:55 2026] GET /allocations/5d27c338-9618-4b6e-a495-6acc2d5620b5 => generated 258 bytes in 21 msecs (HTTP/1.1 200) 8 headers in 296 bytes (1 switches on core 0)
2026-04-07 01:21:56.950 8 INFO placement.requestlog [None req-409aad03-03b0-49dc-aa74-9932c3f0c863 3f16c1600ad54addbc58ed025f1da79f c974b0d3948d473ca30abf5c34a1b975 - - 848476803dfb4a0cbc6cf0f91f49724f 848476803dfb4a0cbc6cf0f91f49724f] 10.0.0.6 "GET /resource_providers/0ce13910-ce8d-4551-b4e9-e8f9e4bd3427/aggregates" status: 404 len: 235 microversion: 1.1 [pid: 8|app: 0|req: 482/956] 10.0.0.6 () {32 vars in 823 bytes} [Tue Apr 7 01:21:56 2026] GET /resource_providers/0ce13910-ce8d-4551-b4e9-e8f9e4bd3427/aggregates => generated 235 bytes in 21 msecs (HTTP/1.1 404) 5 headers in 202 bytes (1 switches on core 0)
2026-04-07 01:21:56.951 7 INFO placement.requestlog [None req-535efed1-7b1f-48bf-8cea-db47393308ab 3f16c1600ad54addbc58ed025f1da79f c974b0d3948d473ca30abf5c34a1b975 - - 848476803dfb4a0cbc6cf0f91f49724f 848476803dfb4a0cbc6cf0f91f49724f] 10.0.0.6 "GET /resource_providers/0ce13910-ce8d-4551-b4e9-e8f9e4bd3427/aggregates" status: 404 len: 235 microversion: 1.1 [pid: 7|app: 0|req: 475/957] 10.0.0.6 () {32 vars in 823 bytes} [Tue Apr 7 01:21:56 2026] GET /resource_providers/0ce13910-ce8d-4551-b4e9-e8f9e4bd3427/aggregates => generated 235 bytes in 28 msecs (HTTP/1.1 404) 5 headers in 202 bytes (1 switches on core 0)
2026-04-07 01:21:56.973 8 INFO placement.requestlog [None req-35ad5c4a-5a9d-443e-9721-b26f8ed39c2f 3f16c1600ad54addbc58ed025f1da79f c974b0d3948d473ca30abf5c34a1b975 - - 848476803dfb4a0cbc6cf0f91f49724f 848476803dfb4a0cbc6cf0f91f49724f] 10.0.0.6 "DELETE /resource_providers/0ce13910-ce8d-4551-b4e9-e8f9e4bd3427" status: 404 len: 246 microversion: 1.1 [pid: 8|app: 0|req: 483/958] 10.0.0.6 () {34 vars in 823 bytes} [Tue Apr 7 01:21:56 2026] DELETE /resource_providers/0ce13910-ce8d-4551-b4e9-e8f9e4bd3427 => generated 246 bytes in 13 msecs (HTTP/1.1 404) 6 headers in 231 bytes (1 switches on core 0)
2026-04-07 01:21:56.980 7 INFO placement.requestlog [None req-305c3232-0053-4937-9cf3-38ec2c18b7eb 3f16c1600ad54addbc58ed025f1da79f c974b0d3948d473ca30abf5c34a1b975 - - 848476803dfb4a0cbc6cf0f91f49724f 848476803dfb4a0cbc6cf0f91f49724f] 10.0.0.6 "DELETE /resource_providers/0ce13910-ce8d-4551-b4e9-e8f9e4bd3427" status: 404 len: 246 microversion: 1.1 [pid: 7|app: 0|req: 476/959] 10.0.0.6 () {34 vars in 823 bytes} [Tue Apr 7 01:21:56 2026] DELETE /resource_providers/0ce13910-ce8d-4551-b4e9-e8f9e4bd3427 => generated 246 bytes in 13 msecs (HTTP/1.1 404) 6 headers in 231 bytes (1 switches on core 0)
2026-04-07 01:22:01.902 8 INFO placement.requestlog [None req-b290d2c1-6153-4140-bc0f-7474f1d475b5 - - - - - -] 10.0.0.117 "GET /" status: 200 len: 136 microversion: 1.0
2026-04-07 01:22:01.902 7 INFO placement.requestlog [None req-7e43c2f8-ac24-4c74-8700-6537f132a3f2 - - - - - -] 10.0.0.117 "GET /" status: 200 len: 136 microversion: 1.0
2026-04-07 01:22:07.670 8 INFO placement.requestlog [req-fabb2ff5-6faa-4523-aee0-445ecf6704f4 req-ffc71f54-a138-4652-8db0-a9c8811ec3e5 c962a3fcfdde4faaa75d0d4b2e174160 c974b0d3948d473ca30abf5c34a1b975 - - 848476803dfb4a0cbc6cf0f91f49724f 848476803dfb4a0cbc6cf0f91f49724f] 10.0.0.124 "GET /allocation_candidates?limit=1000&resources=DISK_GB%3A1%2CMEMORY_MB%3A512%2CVCPU%3A1&root_required=%21COMPUTE_STATUS_DISABLED" status: 200 len: 2150 microversion: 1.36 [pid: 8|app: 0|req: 485/962] 10.0.0.124 () {34 vars in 1012 bytes} [Tue Apr 7 01:22:07 2026] GET /allocation_candidates?limit=1000&resources=DISK_GB%3A1%2CMEMORY_MB%3A512%2CVCPU%3A1&root_required=%21COMPUTE_STATUS_DISABLED => generated 2150 bytes in 88 msecs (HTTP/1.1 200) 8 headers in 297 bytes (1 switches on core 0)
2026-04-07 01:22:07.708 7 INFO placement.requestlog [req-fabb2ff5-6faa-4523-aee0-445ecf6704f4 req-f2813831-e50a-4438-a485-d98f9c73f65d c962a3fcfdde4faaa75d0d4b2e174160 c974b0d3948d473ca30abf5c34a1b975 - - 848476803dfb4a0cbc6cf0f91f49724f 848476803dfb4a0cbc6cf0f91f49724f] 10.0.0.124 "GET /allocations/e5d013f8-6a04-4bf4-9e24-3531b3729ae8" status: 200 len: 19 microversion: 1.28 [pid: 7|app: 0|req: 478/963] 10.0.0.124 () {34 vars in 861 bytes} [Tue Apr 7 01:22:07 2026] GET /allocations/e5d013f8-6a04-4bf4-9e24-3531b3729ae8 => generated 19 bytes in 17 msecs (HTTP/1.1 200) 8 headers in 295 bytes (1 switches on core 0)
2026-04-07 01:22:07.828 8 INFO placement.requestlog [req-fabb2ff5-6faa-4523-aee0-445ecf6704f4 req-cfd5766d-724b-44ca-b307-20aa9df2f7d9 c962a3fcfdde4faaa75d0d4b2e174160 c974b0d3948d473ca30abf5c34a1b975 - - 848476803dfb4a0cbc6cf0f91f49724f 848476803dfb4a0cbc6cf0f91f49724f] 10.0.0.124 "PUT /allocations/e5d013f8-6a04-4bf4-9e24-3531b3729ae8" status: 204 len: 0 microversion: 1.36 [pid: 8|app: 0|req: 486/964] 10.0.0.124 () {38 vars in 914 bytes} [Tue Apr 7 01:22:07 2026] PUT /allocations/e5d013f8-6a04-4bf4-9e24-3531b3729ae8 => generated 0 bytes in 108 msecs (HTTP/1.1 204) 5 headers in 199 bytes (1 switches on core 0)
2026-04-07 01:22:08.236 7 INFO placement.requestlog [req-fabb2ff5-6faa-4523-aee0-445ecf6704f4 req-8da8b68d-bf2e-4bf6-815c-c9f313525f32 c962a3fcfdde4faaa75d0d4b2e174160 c974b0d3948d473ca30abf5c34a1b975 - - 848476803dfb4a0cbc6cf0f91f49724f 848476803dfb4a0cbc6cf0f91f49724f] 199.19.213.75 "GET /allocations/e5d013f8-6a04-4bf4-9e24-3531b3729ae8" status: 200 len: 258 microversion: 1.28 [pid: 7|app: 0|req: 479/965] 199.19.213.75 () {34 vars in 862 bytes} [Tue Apr 7 01:22:08 2026] GET /allocations/e5d013f8-6a04-4bf4-9e24-3531b3729ae8 => generated 258 bytes in 11 msecs (HTTP/1.1 200) 8 headers in 296 bytes (1 switches on core 0)
2026-04-07 01:22:08.368 8 INFO placement.requestlog [req-fabb2ff5-6faa-4523-aee0-445ecf6704f4 req-ead813cc-9b95-41a4-b38e-aec6720b80ad c962a3fcfdde4faaa75d0d4b2e174160 c974b0d3948d473ca30abf5c34a1b975 - - 848476803dfb4a0cbc6cf0f91f49724f 848476803dfb4a0cbc6cf0f91f49724f] 199.19.213.75 "GET /resource_providers/9a2c76a3-b864-4a2b-835f-ca5279259ab5/allocations" status: 200 len: 440 microversion: 1.0 [pid: 8|app: 0|req: 487/966] 199.19.213.75 () {32 vars in 856 bytes} [Tue Apr 7 01:22:08 2026] GET /resource_providers/9a2c76a3-b864-4a2b-835f-ca5279259ab5/allocations => generated 440 bytes in 27 msecs (HTTP/1.1 200) 6 headers in 224 bytes (1 switches on core 0)
2026-04-07 01:22:08.390 7 INFO placement.requestlog [req-fabb2ff5-6faa-4523-aee0-445ecf6704f4 req-166b602c-dd63-4958-8ec9-be035a295536 c962a3fcfdde4faaa75d0d4b2e174160 c974b0d3948d473ca30abf5c34a1b975 - - 848476803dfb4a0cbc6cf0f91f49724f 848476803dfb4a0cbc6cf0f91f49724f] 199.19.213.75 "GET /allocations/aa9ddfcd-b072-4485-a6c9-122012894958" status: 200 len: 258 microversion: 1.28 [pid: 7|app: 0|req: 480/967] 199.19.213.75 () {34 vars in 862 bytes} [Tue Apr 7 01:22:08 2026] GET /allocations/aa9ddfcd-b072-4485-a6c9-122012894958 => generated 258 bytes in 14 msecs (HTTP/1.1 200) 8 headers in 296 bytes (1 switches on core 0)
2026-04-07 01:22:08.422 8 INFO placement.requestlog [req-fabb2ff5-6faa-4523-aee0-445ecf6704f4 req-5c6e8747-65db-40f4-b120-3706e568b648 c962a3fcfdde4faaa75d0d4b2e174160 c974b0d3948d473ca30abf5c34a1b975 - - 848476803dfb4a0cbc6cf0f91f49724f 848476803dfb4a0cbc6cf0f91f49724f] 199.19.213.75 "GET /allocations/dcb910e7-7769-4fbe-85f7-1d6205314f6e" status: 200 len: 245 microversion: 1.28 [pid: 8|app: 0|req: 488/968] 199.19.213.75 () {34 vars in 862 bytes} [Tue Apr 7 01:22:08 2026] GET /allocations/dcb910e7-7769-4fbe-85f7-1d6205314f6e => generated 245 bytes in 25 msecs (HTTP/1.1 200) 8 headers in 296 bytes (1 switches on core 0)
2026-04-07 01:22:08.448 7 INFO placement.requestlog [req-fabb2ff5-6faa-4523-aee0-445ecf6704f4 req-219abd95-fe7d-4539-adff-fee78ee596f5 c962a3fcfdde4faaa75d0d4b2e174160 c974b0d3948d473ca30abf5c34a1b975 - - 848476803dfb4a0cbc6cf0f91f49724f 848476803dfb4a0cbc6cf0f91f49724f] 199.19.213.75 "GET /allocations/e5d013f8-6a04-4bf4-9e24-3531b3729ae8" status: 200 len: 258 microversion: 1.28 [pid: 7|app: 0|req: 481/969] 199.19.213.75 () {34 vars in 862 bytes} [Tue Apr 7 01:22:08 2026] GET /allocations/e5d013f8-6a04-4bf4-9e24-3531b3729ae8 => generated 258 bytes in 18 msecs (HTTP/1.1 200) 8 headers in 296 bytes (1 switches on core 0)
2026-04-07 01:22:08.470 8 INFO placement.requestlog [req-fabb2ff5-6faa-4523-aee0-445ecf6704f4 req-ddf9f1b2-a862-4089-aa31-f31d77e5d794 c962a3fcfdde4faaa75d0d4b2e174160 c974b0d3948d473ca30abf5c34a1b975 - - 848476803dfb4a0cbc6cf0f91f49724f 848476803dfb4a0cbc6cf0f91f49724f] 199.19.213.75 "GET /allocations/5d27c338-9618-4b6e-a495-6acc2d5620b5" status: 200 len: 258 microversion: 1.28 [pid: 8|app: 0|req: 489/970] 199.19.213.75 () {34 vars in 862 bytes} [Tue Apr 7 01:22:08 2026] GET /allocations/5d27c338-9618-4b6e-a495-6acc2d5620b5 => generated 258 bytes in 15 msecs (HTTP/1.1 200) 8 headers in 296 bytes (1 switches on core 0)
2026-04-07 01:22:09.868 8 INFO placement.requestlog [None req-4d39701c-62ac-434b-93a7-7df740b3ce0b 3f16c1600ad54addbc58ed025f1da79f c974b0d3948d473ca30abf5c34a1b975 - - 848476803dfb4a0cbc6cf0f91f49724f 848476803dfb4a0cbc6cf0f91f49724f] 10.0.0.6 "GET /resource_providers/dc510e76-147a-4855-adc5-ff08bd96eaf5/aggregates" status: 404 len: 235 microversion: 1.1 [pid: 8|app: 0|req: 490/971] 10.0.0.6 () {32 vars in 823 bytes} [Tue Apr 7 01:22:09 2026] GET /resource_providers/dc510e76-147a-4855-adc5-ff08bd96eaf5/aggregates => generated 235 bytes in 11 msecs (HTTP/1.1 404) 5 headers in 202 bytes (1 switches on core 0)
2026-04-07 01:22:09.870 7 INFO placement.requestlog [None req-9dd0109c-a46f-4e7b-b4b6-faabcd59f4ac 3f16c1600ad54addbc58ed025f1da79f c974b0d3948d473ca30abf5c34a1b975 - - 848476803dfb4a0cbc6cf0f91f49724f 848476803dfb4a0cbc6cf0f91f49724f] 10.0.0.6 "GET /resource_providers/dc510e76-147a-4855-adc5-ff08bd96eaf5/aggregates" status: 404 len: 235 microversion: 1.1 [pid: 7|app: 0|req: 482/972] 10.0.0.6 () {32 vars in 823 bytes} [Tue Apr 7 01:22:09 2026] GET /resource_providers/dc510e76-147a-4855-adc5-ff08bd96eaf5/aggregates => generated 235 bytes in 22 msecs (HTTP/1.1 404) 5 headers in 202 bytes (1 switches on core 0)
2026-04-07 01:22:09.892 8 INFO placement.requestlog [None req-f6de64f0-2ad7-4958-acfa-b2274c0ef8a5 3f16c1600ad54addbc58ed025f1da79f c974b0d3948d473ca30abf5c34a1b975 - - 848476803dfb4a0cbc6cf0f91f49724f 848476803dfb4a0cbc6cf0f91f49724f] 10.0.0.6 "DELETE /resource_providers/dc510e76-147a-4855-adc5-ff08bd96eaf5" status: 404 len: 246 microversion: 1.1 [pid: 8|app: 0|req: 491/973] 10.0.0.6 () {34 vars in 823 bytes} [Tue Apr 7 01:22:09 2026] DELETE /resource_providers/dc510e76-147a-4855-adc5-ff08bd96eaf5 => generated 246 bytes in 11 msecs (HTTP/1.1 404) 6 headers in 231 bytes (1 switches on core 0)
2026-04-07 01:22:09.907 7 INFO placement.requestlog [None req-a09c7447-b466-4d5a-b090-44b1105d5c5c 3f16c1600ad54addbc58ed025f1da79f c974b0d3948d473ca30abf5c34a1b975 - - 848476803dfb4a0cbc6cf0f91f49724f 848476803dfb4a0cbc6cf0f91f49724f] 10.0.0.6 "DELETE /resource_providers/dc510e76-147a-4855-adc5-ff08bd96eaf5" status: 404 len: 246 microversion: 1.1 [pid: 7|app: 0|req: 483/974] 10.0.0.6 () {34 vars in 823 bytes} [Tue Apr 7 01:22:09 2026] DELETE /resource_providers/dc510e76-147a-4855-adc5-ff08bd96eaf5 => generated 246 bytes in 23 msecs (HTTP/1.1 404) 6 headers in 231 bytes (1 switches on core 0)
2026-04-07 01:22:10.329 8 INFO placement.requestlog [None req-ce45715f-bf28-49ca-8d8e-55561eebdf8a 3f16c1600ad54addbc58ed025f1da79f c974b0d3948d473ca30abf5c34a1b975 - - 848476803dfb4a0cbc6cf0f91f49724f 848476803dfb4a0cbc6cf0f91f49724f] 10.0.0.6 "GET /resource_providers/e79d15bb-b63a-4f1e-9514-3c6871b3087c/aggregates" status: 404 len: 235 microversion: 1.1 [pid: 8|app: 0|req: 492/975] 10.0.0.6 () {32 vars in 823 bytes} [Tue Apr 7 01:22:10 2026] GET /resource_providers/e79d15bb-b63a-4f1e-9514-3c6871b3087c/aggregates => generated 235 bytes in 13 msecs (HTTP/1.1 404) 5 headers in 202 bytes (1 switches on core 0)
2026-04-07 01:22:10.332 7 INFO placement.requestlog [None req-1ad1ed9f-b7ac-4a04-997a-8a9f289f7aed 3f16c1600ad54addbc58ed025f1da79f c974b0d3948d473ca30abf5c34a1b975 - - 848476803dfb4a0cbc6cf0f91f49724f 848476803dfb4a0cbc6cf0f91f49724f] 10.0.0.6 "GET /resource_providers/e79d15bb-b63a-4f1e-9514-3c6871b3087c/aggregates" status: 404 len: 235 microversion: 1.1 [pid: 7|app: 0|req: 484/976] 10.0.0.6 () {32 vars in 823 bytes} [Tue Apr 7 01:22:10 2026] GET /resource_providers/e79d15bb-b63a-4f1e-9514-3c6871b3087c/aggregates => generated 235 bytes in 15 msecs (HTTP/1.1 404) 5 headers in 202 bytes (1 switches on core 0)
2026-04-07 01:22:10.356 8 INFO placement.requestlog [None req-4b33a604-ce10-4d84-9102-63638469426b 3f16c1600ad54addbc58ed025f1da79f c974b0d3948d473ca30abf5c34a1b975 - - 848476803dfb4a0cbc6cf0f91f49724f 848476803dfb4a0cbc6cf0f91f49724f] 10.0.0.6 "DELETE /resource_providers/e79d15bb-b63a-4f1e-9514-3c6871b3087c" status: 404 len: 246 microversion: 1.1 [pid: 8|app: 0|req: 493/977] 10.0.0.6 () {34 vars in 823 bytes} [Tue Apr 7 01:22:10 2026] DELETE /resource_providers/e79d15bb-b63a-4f1e-9514-3c6871b3087c => generated 246 bytes in 13 msecs (HTTP/1.1 404) 6 headers in 231 bytes (1 switches on core 0)
2026-04-07 01:22:10.359 7 INFO placement.requestlog [None req-d4a71004-e418-4c28-9709-1453ac5e62c2 3f16c1600ad54addbc58ed025f1da79f c974b0d3948d473ca30abf5c34a1b975 - - 848476803dfb4a0cbc6cf0f91f49724f 848476803dfb4a0cbc6cf0f91f49724f] 10.0.0.6 "DELETE /resource_providers/e79d15bb-b63a-4f1e-9514-3c6871b3087c" status: 404 len: 246 microversion: 1.1 [pid: 7|app: 0|req: 485/978] 10.0.0.6 () {34 vars in 823 bytes} [Tue Apr 7 01:22:10 2026] DELETE /resource_providers/e79d15bb-b63a-4f1e-9514-3c6871b3087c => generated 246 bytes in 15 msecs (HTTP/1.1 404) 6 headers in 231 bytes (1 switches on core 0)
2026-04-07 01:22:11.903 7 INFO placement.requestlog [None req-6942c718-502c-45e3-9136-9c39be832f1f - - - - - -] 10.0.0.117 "GET /" status: 200 len: 136 microversion: 1.0
2026-04-07 01:22:11.904 8 INFO placement.requestlog [None req-db2bd499-5862-463c-ace2-3c801026fa83 - - - - - -] 10.0.0.117 "GET /" status: 200 len: 136 microversion: 1.0
2026-04-07 01:22:11.915 7 INFO placement.requestlog [None req-4ca12c39-c6f2-41a9-81dd-b9d50f61a8be 3f16c1600ad54addbc58ed025f1da79f c974b0d3948d473ca30abf5c34a1b975 - - 848476803dfb4a0cbc6cf0f91f49724f 848476803dfb4a0cbc6cf0f91f49724f] 10.0.0.6 "GET /resource_providers/ea59616c-3d86-4863-97c4-9d4a05e3f695/aggregates" status: 404 len: 235 microversion: 1.1 [pid: 7|app: 0|req: 487/981] 10.0.0.6 () {32 vars in 823 bytes} [Tue Apr 7 01:22:11 2026] GET /resource_providers/ea59616c-3d86-4863-97c4-9d4a05e3f695/aggregates => generated 235 bytes in 12 msecs (HTTP/1.1 404) 5 headers in 202 bytes (1 switches on core 0)
2026-04-07 01:22:11.939 8 INFO placement.requestlog [None req-5355ecdb-d234-4600-a605-0351a94e84b7 3f16c1600ad54addbc58ed025f1da79f c974b0d3948d473ca30abf5c34a1b975 - - 848476803dfb4a0cbc6cf0f91f49724f 848476803dfb4a0cbc6cf0f91f49724f] 10.0.0.6 "GET /resource_providers/ea59616c-3d86-4863-97c4-9d4a05e3f695/aggregates" status: 404 len: 235 microversion: 1.1 [pid: 8|app: 0|req: 495/982] 10.0.0.6 () {32 vars in 823 bytes} [Tue Apr 7 01:22:11 2026] GET /resource_providers/ea59616c-3d86-4863-97c4-9d4a05e3f695/aggregates => generated 235 bytes in 13 msecs (HTTP/1.1 404) 5 headers in 202 bytes (1 switches on core 0)
2026-04-07 01:22:11.940 7 INFO placement.requestlog [None req-4a094869-e554-4469-90fb-10eeaee0ec73 3f16c1600ad54addbc58ed025f1da79f c974b0d3948d473ca30abf5c34a1b975 - - 848476803dfb4a0cbc6cf0f91f49724f 848476803dfb4a0cbc6cf0f91f49724f] 10.0.0.6 "DELETE /resource_providers/ea59616c-3d86-4863-97c4-9d4a05e3f695" status: 404 len: 246 microversion: 1.1 [pid: 7|app: 0|req: 488/983] 10.0.0.6 () {34 vars in 823 bytes} [Tue Apr 7 01:22:11 2026] DELETE /resource_providers/ea59616c-3d86-4863-97c4-9d4a05e3f695 => generated 246 bytes in 15 msecs (HTTP/1.1 404) 6 headers in 231 bytes (1 switches on core 0)
2026-04-07 01:22:11.959 8 INFO placement.requestlog [None req-37df3576-6555-4b4c-99cb-2b01e1bdadf6 3f16c1600ad54addbc58ed025f1da79f c974b0d3948d473ca30abf5c34a1b975 - - 848476803dfb4a0cbc6cf0f91f49724f 848476803dfb4a0cbc6cf0f91f49724f] 10.0.0.6 "DELETE /resource_providers/ea59616c-3d86-4863-97c4-9d4a05e3f695" status: 404 len: 246 microversion: 1.1 [pid: 8|app: 0|req: 496/984] 10.0.0.6 () {34 vars in 823 bytes} [Tue Apr 7 01:22:11 2026] DELETE /resource_providers/ea59616c-3d86-4863-97c4-9d4a05e3f695 => generated 246 bytes in 11 msecs (HTTP/1.1 404) 6 headers in 231 bytes (1 switches on core 0)
2026-04-07 01:22:12.377 7 INFO placement.requestlog [None req-2f31aed2-9e0e-4393-b872-b12b60996c70 3f16c1600ad54addbc58ed025f1da79f c974b0d3948d473ca30abf5c34a1b975 - - 848476803dfb4a0cbc6cf0f91f49724f 848476803dfb4a0cbc6cf0f91f49724f] 10.0.0.6 "GET /resource_providers/db3b58cc-e603-40c8-aad7-ee8e5df2371c/aggregates" status: 404 len: 235 microversion: 1.1 [pid: 7|app: 0|req: 489/985] 10.0.0.6 () {32 vars in 823 bytes} [Tue Apr 7 01:22:12 2026] GET /resource_providers/db3b58cc-e603-40c8-aad7-ee8e5df2371c/aggregates => generated 235 bytes in 10 msecs (HTTP/1.1 404) 5 headers in 202 bytes (1 switches on core 0)
2026-04-07 01:22:12.388 8 INFO placement.requestlog [None req-370111ac-38f0-46e4-acae-6441730d8157 3f16c1600ad54addbc58ed025f1da79f c974b0d3948d473ca30abf5c34a1b975 - - 848476803dfb4a0cbc6cf0f91f49724f 848476803dfb4a0cbc6cf0f91f49724f] 10.0.0.6 "GET /resource_providers/db3b58cc-e603-40c8-aad7-ee8e5df2371c/aggregates" status: 404 len: 235 microversion: 1.1 [pid: 8|app: 0|req: 497/986] 10.0.0.6 () {32 vars in 823 bytes} [Tue Apr 7 01:22:12 2026] GET /resource_providers/db3b58cc-e603-40c8-aad7-ee8e5df2371c/aggregates => generated 235 bytes in 17 msecs (HTTP/1.1 404) 5 headers in 202 bytes (1 switches on core 0)
2026-04-07 01:22:12.409 7 INFO placement.requestlog [None req-8cd960d4-c3be-447d-8bca-2dee23aa9327 3f16c1600ad54addbc58ed025f1da79f c974b0d3948d473ca30abf5c34a1b975 - - 848476803dfb4a0cbc6cf0f91f49724f 848476803dfb4a0cbc6cf0f91f49724f] 10.0.0.6 "DELETE /resource_providers/db3b58cc-e603-40c8-aad7-ee8e5df2371c" status: 404 len: 246 microversion: 1.1 [pid: 7|app: 0|req: 490/987] 10.0.0.6 () {34 vars in 823 bytes} [Tue Apr 7 01:22:12 2026] DELETE /resource_providers/db3b58cc-e603-40c8-aad7-ee8e5df2371c => generated 246 bytes in 13 msecs (HTTP/1.1 404) 6 headers in 231 bytes (1 switches on core 0)
2026-04-07 01:22:12.417 8 INFO placement.requestlog [None req-b9bf1cd8-1388-4879-a43b-99617ac9120a 3f16c1600ad54addbc58ed025f1da79f c974b0d3948d473ca30abf5c34a1b975 - - 848476803dfb4a0cbc6cf0f91f49724f 848476803dfb4a0cbc6cf0f91f49724f] 10.0.0.6 "DELETE /resource_providers/db3b58cc-e603-40c8-aad7-ee8e5df2371c" status: 404 len: 246 microversion: 1.1 [pid: 8|app: 0|req: 498/988] 10.0.0.6 () {34 vars in 823 bytes} [Tue Apr 7 01:22:12 2026] DELETE /resource_providers/db3b58cc-e603-40c8-aad7-ee8e5df2371c => generated 246 bytes in 13 msecs (HTTP/1.1 404) 6 headers in 231 bytes (1 switches on core 0)
2026-04-07 01:22:13.973 7 INFO placement.requestlog [None req-b28211c2-ceab-4963-afc1-9619c0385ed7 3f16c1600ad54addbc58ed025f1da79f c974b0d3948d473ca30abf5c34a1b975 - - 848476803dfb4a0cbc6cf0f91f49724f 848476803dfb4a0cbc6cf0f91f49724f] 10.0.0.6 "GET /resource_providers/6c5bc886-69cb-4a18-a9b3-b053de36f86d/aggregates" status: 404 len: 235 microversion: 1.1 [pid: 7|app: 0|req: 491/989] 10.0.0.6 () {32 vars in 823 bytes} [Tue Apr 7 01:22:13 2026] GET /resource_providers/6c5bc886-69cb-4a18-a9b3-b053de36f86d/aggregates => generated 235 bytes in 12 msecs (HTTP/1.1 404) 5 headers in 202 bytes (1 switches on core 0)
2026-04-07 01:22:13.983 8 INFO placement.requestlog [None req-419aae8c-459a-446e-833a-47e935c1b2e6 3f16c1600ad54addbc58ed025f1da79f c974b0d3948d473ca30abf5c34a1b975 - - 848476803dfb4a0cbc6cf0f91f49724f 848476803dfb4a0cbc6cf0f91f49724f] 10.0.0.6 "GET /resource_providers/6c5bc886-69cb-4a18-a9b3-b053de36f86d/aggregates" status: 404 len: 235 microversion: 1.1 [pid: 8|app: 0|req: 499/990] 10.0.0.6 () {32 vars in 823 bytes} [Tue Apr 7 01:22:13 2026] GET /resource_providers/6c5bc886-69cb-4a18-a9b3-b053de36f86d/aggregates => generated 235 bytes in 13 msecs (HTTP/1.1 404) 5 headers in 202 bytes (1 switches on core 0)
2026-04-07 01:22:14.000 7 INFO placement.requestlog [None req-f4f74fab-7682-4574-927b-a968308c555a 3f16c1600ad54addbc58ed025f1da79f c974b0d3948d473ca30abf5c34a1b975 - - 848476803dfb4a0cbc6cf0f91f49724f 848476803dfb4a0cbc6cf0f91f49724f] 10.0.0.6 "DELETE /resource_providers/6c5bc886-69cb-4a18-a9b3-b053de36f86d" status: 404 len: 246 microversion: 1.1 [pid: 7|app: 0|req: 492/991] 10.0.0.6 () {34 vars in 823 bytes} [Tue Apr 7 01:22:13 2026] DELETE /resource_providers/6c5bc886-69cb-4a18-a9b3-b053de36f86d => generated 246 bytes in 20 msecs (HTTP/1.1 404) 6 headers in 231 bytes (1 switches on core 0)
2026-04-07 01:22:14.003 8 INFO placement.requestlog [None req-5a9c8a3e-b57d-4828-afa7-99c8e3d82a91 3f16c1600ad54addbc58ed025f1da79f c974b0d3948d473ca30abf5c34a1b975 - - 848476803dfb4a0cbc6cf0f91f49724f 848476803dfb4a0cbc6cf0f91f49724f] 10.0.0.6 "DELETE /resource_providers/6c5bc886-69cb-4a18-a9b3-b053de36f86d" status: 404 len: 246 microversion: 1.1 [pid: 8|app: 0|req: 500/992] 10.0.0.6 () {34 vars in 823 bytes} [Tue Apr 7 01:22:13 2026] DELETE /resource_providers/6c5bc886-69cb-4a18-a9b3-b053de36f86d => generated 246 bytes in 12 msecs (HTTP/1.1 404) 6 headers in 231 bytes (1 switches on core 0)
2026-04-07 01:22:15.006 7 INFO placement.requestlog [req-150d8c48-070d-4dfd-9c68-6e6e9122c82a req-32e5372c-ddfe-4f4b-b697-b148b82354c0 c962a3fcfdde4faaa75d0d4b2e174160 c974b0d3948d473ca30abf5c34a1b975 - - 848476803dfb4a0cbc6cf0f91f49724f 848476803dfb4a0cbc6cf0f91f49724f] 199.19.213.75 "GET /resource_providers/9a2c76a3-b864-4a2b-835f-ca5279259ab5/allocations" status: 200 len: 440 microversion: 1.0 [pid: 7|app: 0|req: 493/993] 199.19.213.75 () {32 vars in 856 bytes} [Tue Apr 7 01:22:14 2026] GET /resource_providers/9a2c76a3-b864-4a2b-835f-ca5279259ab5/allocations => generated 440 bytes in 24 msecs (HTTP/1.1 200) 6 headers in 224 bytes (1 switches on core 0)
2026-04-07 01:22:15.029 8 INFO placement.requestlog [req-150d8c48-070d-4dfd-9c68-6e6e9122c82a req-36238c5c-55ba-4eac-9f87-5017a05bf6fc c962a3fcfdde4faaa75d0d4b2e174160 c974b0d3948d473ca30abf5c34a1b975 - - 848476803dfb4a0cbc6cf0f91f49724f 848476803dfb4a0cbc6cf0f91f49724f] 199.19.213.75 "GET /allocations/aa9ddfcd-b072-4485-a6c9-122012894958" status: 200 len: 258 microversion: 1.28 [pid: 8|app: 0|req: 501/994] 199.19.213.75 () {34 vars in 862 bytes} [Tue Apr 7 01:22:15 2026] GET /allocations/aa9ddfcd-b072-4485-a6c9-122012894958 => generated 258 bytes in 15 msecs (HTTP/1.1 200) 8 headers in 296 bytes (1 switches on core 0)
2026-04-07 01:22:15.061 7 INFO placement.requestlog [req-150d8c48-070d-4dfd-9c68-6e6e9122c82a req-d0b01458-66cf-499a-832c-82247a4d2e26 c962a3fcfdde4faaa75d0d4b2e174160 c974b0d3948d473ca30abf5c34a1b975 - - 848476803dfb4a0cbc6cf0f91f49724f 848476803dfb4a0cbc6cf0f91f49724f] 199.19.213.75 "GET /allocations/dcb910e7-7769-4fbe-85f7-1d6205314f6e" status: 200 len: 245 microversion: 1.28 [pid: 7|app: 0|req: 494/995] 199.19.213.75 () {34 vars in 862 bytes} [Tue Apr 7 01:22:15 2026] GET /allocations/dcb910e7-7769-4fbe-85f7-1d6205314f6e => generated 245 bytes in 20 msecs (HTTP/1.1 200) 8 headers in 296 bytes (1 switches on core 0)
2026-04-07 01:22:15.088 8 INFO placement.requestlog [req-150d8c48-070d-4dfd-9c68-6e6e9122c82a req-7706a67b-a598-4a76-83a0-00c2d4dc4520 c962a3fcfdde4faaa75d0d4b2e174160 c974b0d3948d473ca30abf5c34a1b975 - - 848476803dfb4a0cbc6cf0f91f49724f 848476803dfb4a0cbc6cf0f91f49724f] 199.19.213.75 "GET /allocations/e5d013f8-6a04-4bf4-9e24-3531b3729ae8" status: 200 len: 258 microversion: 1.28 [pid: 8|app: 0|req: 502/996] 199.19.213.75 () {34 vars in 862 bytes} [Tue Apr 7 01:22:15 2026] GET /allocations/e5d013f8-6a04-4bf4-9e24-3531b3729ae8 => generated 258 bytes in 18 msecs (HTTP/1.1 200) 8 headers in 296 bytes (1 switches on core 0)
2026-04-07 01:22:15.116 7 INFO placement.requestlog [req-150d8c48-070d-4dfd-9c68-6e6e9122c82a req-3d1adfc8-4a81-41bd-96f4-4390457e749c c962a3fcfdde4faaa75d0d4b2e174160 c974b0d3948d473ca30abf5c34a1b975 - - 848476803dfb4a0cbc6cf0f91f49724f 848476803dfb4a0cbc6cf0f91f49724f] 199.19.213.75 "GET /allocations/5d27c338-9618-4b6e-a495-6acc2d5620b5" status: 200 len: 258 microversion: 1.28 [pid: 7|app: 0|req: 495/997] 199.19.213.75 () {34 vars in 862 bytes} [Tue Apr 7 01:22:15 2026] GET /allocations/5d27c338-9618-4b6e-a495-6acc2d5620b5 => generated 258 bytes in 21 msecs (HTTP/1.1 200) 8 headers in 296 bytes (1 switches on core 0)
2026-04-07 01:22:15.203 8 INFO placement.requestlog [req-150d8c48-070d-4dfd-9c68-6e6e9122c82a req-eaf38727-3d51-4d87-9352-df5b117b2783 c962a3fcfdde4faaa75d0d4b2e174160 c974b0d3948d473ca30abf5c34a1b975 - - 848476803dfb4a0cbc6cf0f91f49724f 848476803dfb4a0cbc6cf0f91f49724f] 199.19.213.75 "DELETE /allocations/e5d013f8-6a04-4bf4-9e24-3531b3729ae8" status: 204 len: 0 microversion: 1.0 [pid: 8|app: 0|req: 503/998] 199.19.213.75 () {34 vars in 840 bytes} [Tue Apr 7 01:22:15 2026] DELETE /allocations/e5d013f8-6a04-4bf4-9e24-3531b3729ae8 => generated 0 bytes in 34 msecs (HTTP/1.1 204) 5 headers in 198 bytes (1 switches on core 0)
2026-04-07 01:22:20.172 8 INFO placement.requestlog [None req-31c8f00e-16b6-4cd4-a58c-4645a6e46ba4 3f16c1600ad54addbc58ed025f1da79f c974b0d3948d473ca30abf5c34a1b975 - - 848476803dfb4a0cbc6cf0f91f49724f 848476803dfb4a0cbc6cf0f91f49724f] 10.0.0.6 "GET /resource_providers/135eafa4-371b-42a5-9442-9c73692a4e86/aggregates" status: 404 len: 235 microversion: 1.1 [pid: 8|app: 0|req: 504/999] 10.0.0.6 () {32 vars in 823 bytes} [Tue Apr 7 01:22:20 2026] GET /resource_providers/135eafa4-371b-42a5-9442-9c73692a4e86/aggregates => generated 235 bytes in 12 msecs (HTTP/1.1 404) 5 headers in 202 bytes (1 switches on core 0)
2026-04-07 01:22:20.174 7 INFO placement.requestlog [None req-080ea8f0-8e0a-49d5-8b9e-a63a9062eb37 3f16c1600ad54addbc58ed025f1da79f c974b0d3948d473ca30abf5c34a1b975 - - 848476803dfb4a0cbc6cf0f91f49724f 848476803dfb4a0cbc6cf0f91f49724f] 10.0.0.6 "GET /resource_providers/135eafa4-371b-42a5-9442-9c73692a4e86/aggregates" status: 404 len: 235 microversion: 1.1 [pid: 7|app: 0|req: 496/1000] 10.0.0.6 () {32 vars in 823 bytes} [Tue Apr 7 01:22:20 2026] GET /resource_providers/135eafa4-371b-42a5-9442-9c73692a4e86/aggregates => generated 235 bytes in 14 msecs (HTTP/1.1 404) 5 headers in 202 bytes (1 switches on core 0)
2026-04-07 01:22:20.191 8 INFO placement.requestlog [None req-dc02f365-9a9c-482a-b70e-eea00a31dfbe 3f16c1600ad54addbc58ed025f1da79f c974b0d3948d473ca30abf5c34a1b975 - - 848476803dfb4a0cbc6cf0f91f49724f 848476803dfb4a0cbc6cf0f91f49724f] 10.0.0.6 "DELETE /resource_providers/135eafa4-371b-42a5-9442-9c73692a4e86" status: 404 len: 246 microversion: 1.1 [pid: 8|app: 0|req: 505/1001] 10.0.0.6 () {34 vars in 823 bytes} [Tue Apr 7 01:22:20 2026] DELETE /resource_providers/135eafa4-371b-42a5-9442-9c73692a4e86 => generated 246 bytes in 11 msecs (HTTP/1.1 404) 6 headers in 231 bytes (1 switches on core 0)
2026-04-07 01:22:20.201 7 INFO placement.requestlog [None req-af40d9b7-e439-44fd-951c-90d227e8e71a 3f16c1600ad54addbc58ed025f1da79f c974b0d3948d473ca30abf5c34a1b975 - - 848476803dfb4a0cbc6cf0f91f49724f 848476803dfb4a0cbc6cf0f91f49724f] 10.0.0.6 "DELETE /resource_providers/135eafa4-371b-42a5-9442-9c73692a4e86" status: 404 len: 246 microversion: 1.1 [pid: 7|app: 0|req: 497/1002] 10.0.0.6 () {34 vars in 823 bytes} [Tue Apr 7 01:22:20 2026] DELETE /resource_providers/135eafa4-371b-42a5-9442-9c73692a4e86 => generated 246 bytes in 14 msecs (HTTP/1.1 404) 6 headers in 231 bytes (1 switches on core 0)
2026-04-07 01:22:21.901 7 INFO placement.requestlog [None req-8bf3585e-3a4f-4aba-af5b-63c6f11f226c - - - - - -] 10.0.0.117 "GET /" status: 200 len: 136 microversion: 1.0
2026-04-07 01:22:21.903 8 INFO placement.requestlog [None req-6dd1498a-cac0-4548-b650-849c9ede21c2 - - - - - -] 10.0.0.117 "GET /" status: 200 len: 136 microversion: 1.0
2026-04-07 01:22:31.901 8 INFO placement.requestlog [None req-1e48234e-cb16-4067-8a13-3cecec06ee8e - - - - - -] 10.0.0.117 "GET /" status: 200 len: 136 microversion: 1.0
2026-04-07 01:22:31.902 7 INFO placement.requestlog [None req-2afa60d6-0bb6-4ab4-91f2-08bc9eaa570f - - - - - -] 10.0.0.117 "GET /" status: 200 len: 136 microversion: 1.0
2026-04-07 01:22:33.263 8 INFO placement.requestlog [req-66e279b8-2baa-4fa4-a7cb-1f0615048a29 req-65da176c-6c49-4135-9f17-54682843e898 c962a3fcfdde4faaa75d0d4b2e174160 c974b0d3948d473ca30abf5c34a1b975 - - 848476803dfb4a0cbc6cf0f91f49724f 848476803dfb4a0cbc6cf0f91f49724f] 10.0.0.124 "GET /allocation_candidates?limit=1000&resources=DISK_GB%3A1%2CMEMORY_MB%3A512%2CVCPU%3A1&root_required=%21COMPUTE_STATUS_DISABLED" status: 200 len: 2150 microversion: 1.36 [pid: 8|app: 0|req: 508/1007] 10.0.0.124 () {34 vars in 1012 bytes} [Tue Apr 7 01:22:33 2026] GET /allocation_candidates?limit=1000&resources=DISK_GB%3A1%2CMEMORY_MB%3A512%2CVCPU%3A1&root_required=%21COMPUTE_STATUS_DISABLED => generated 2150 bytes in 54 msecs (HTTP/1.1 200) 8 headers in 297 bytes (1 switches on core 0)
2026-04-07 01:22:33.302 7 INFO placement.requestlog [req-66e279b8-2baa-4fa4-a7cb-1f0615048a29 req-c8fd2320-3bf2-4e03-89b7-2493eb206fc3 c962a3fcfdde4faaa75d0d4b2e174160 c974b0d3948d473ca30abf5c34a1b975 - - 848476803dfb4a0cbc6cf0f91f49724f 848476803dfb4a0cbc6cf0f91f49724f] 10.0.0.124 "GET /allocations/6d7ba24c-8c24-44d9-a4ae-8e6ab2ea4c5f" status: 200 len: 19 microversion: 1.28 [pid: 7|app: 0|req: 500/1008] 10.0.0.124 () {34 vars in 861 bytes} [Tue Apr 7 01:22:33 2026] GET /allocations/6d7ba24c-8c24-44d9-a4ae-8e6ab2ea4c5f => generated 19 bytes in 11 msecs (HTTP/1.1 200) 8 headers in 295 bytes (1 switches on core 0)
2026-04-07 01:22:33.385 8 INFO placement.requestlog [req-66e279b8-2baa-4fa4-a7cb-1f0615048a29 req-feda0f88-2933-4400-9d62-ce7ec314446f c962a3fcfdde4faaa75d0d4b2e174160 c974b0d3948d473ca30abf5c34a1b975 - - 848476803dfb4a0cbc6cf0f91f49724f 848476803dfb4a0cbc6cf0f91f49724f] 10.0.0.124 "PUT /allocations/6d7ba24c-8c24-44d9-a4ae-8e6ab2ea4c5f" status: 204 len: 0 microversion: 1.36 [pid: 8|app: 0|req: 509/1009] 10.0.0.124 () {38 vars in 914 bytes} [Tue Apr 7 01:22:33 2026] PUT /allocations/6d7ba24c-8c24-44d9-a4ae-8e6ab2ea4c5f => generated 0 bytes in 74 msecs (HTTP/1.1 204) 5 headers in 199 bytes (1 switches on core 0)
2026-04-07 01:22:33.659 7 INFO placement.requestlog [req-66e279b8-2baa-4fa4-a7cb-1f0615048a29 req-10dc368e-bbba-45d4-bfaa-cb82c24d597b c962a3fcfdde4faaa75d0d4b2e174160 c974b0d3948d473ca30abf5c34a1b975 - - 848476803dfb4a0cbc6cf0f91f49724f 848476803dfb4a0cbc6cf0f91f49724f] 199.19.213.75 "GET /allocations/6d7ba24c-8c24-44d9-a4ae-8e6ab2ea4c5f" status: 200 len: 258 microversion: 1.28 [pid: 7|app: 0|req: 501/1010] 199.19.213.75 () {34 vars in 862 bytes} [Tue Apr 7 01:22:33 2026] GET /allocations/6d7ba24c-8c24-44d9-a4ae-8e6ab2ea4c5f => generated 258 bytes in 28 msecs (HTTP/1.1 200) 8 headers in 296 bytes (1 switches on core 0)
2026-04-07 01:22:33.764 8 INFO placement.requestlog [req-66e279b8-2baa-4fa4-a7cb-1f0615048a29 req-f3a08382-1295-4031-8412-5b98795bd712 c962a3fcfdde4faaa75d0d4b2e174160 c974b0d3948d473ca30abf5c34a1b975 - - 848476803dfb4a0cbc6cf0f91f49724f 848476803dfb4a0cbc6cf0f91f49724f] 199.19.213.75 "GET /resource_providers/9a2c76a3-b864-4a2b-835f-ca5279259ab5/allocations" status: 200 len: 440 microversion: 1.0 [pid: 8|app: 0|req: 510/1011] 199.19.213.75 () {32 vars in 856 bytes} [Tue Apr 7 01:22:33 2026] GET /resource_providers/9a2c76a3-b864-4a2b-835f-ca5279259ab5/allocations => generated 440 bytes in 21 msecs (HTTP/1.1 200) 6 headers in 224 bytes (1 switches on core 0)
2026-04-07 01:22:33.787 7 INFO placement.requestlog [req-66e279b8-2baa-4fa4-a7cb-1f0615048a29 req-125a99cf-515f-49df-818c-782098856c87 c962a3fcfdde4faaa75d0d4b2e174160 c974b0d3948d473ca30abf5c34a1b975 - - 848476803dfb4a0cbc6cf0f91f49724f 848476803dfb4a0cbc6cf0f91f49724f] 199.19.213.75 "GET /allocations/6d7ba24c-8c24-44d9-a4ae-8e6ab2ea4c5f" status: 200 len: 258 microversion: 1.28 [pid: 7|app: 0|req: 502/1012] 199.19.213.75 () {34 vars in 862 bytes} [Tue Apr 7 01:22:33 2026] GET /allocations/6d7ba24c-8c24-44d9-a4ae-8e6ab2ea4c5f => generated 258 bytes in 14 msecs (HTTP/1.1 200) 8 headers in 296 bytes (1 switches on core 0)
2026-04-07 01:22:33.813 8 INFO placement.requestlog [req-66e279b8-2baa-4fa4-a7cb-1f0615048a29 req-83684a30-6366-4042-98a7-14f93d398999 c962a3fcfdde4faaa75d0d4b2e174160 c974b0d3948d473ca30abf5c34a1b975 - - 848476803dfb4a0cbc6cf0f91f49724f 848476803dfb4a0cbc6cf0f91f49724f] 199.19.213.75 "GET /allocations/aa9ddfcd-b072-4485-a6c9-122012894958" status: 200 len: 258 microversion: 1.28 [pid: 8|app: 0|req: 511/1013] 199.19.213.75 () {34 vars in 862 bytes} [Tue Apr 7 01:22:33 2026] GET /allocations/aa9ddfcd-b072-4485-a6c9-122012894958 => generated 258 bytes in 20 msecs (HTTP/1.1 200) 8 headers in 296 bytes (1 switches on core 0)
2026-04-07 01:22:33.835 7 INFO placement.requestlog [req-66e279b8-2baa-4fa4-a7cb-1f0615048a29 req-30e0a785-6607-410e-97ed-cb7d9730929f c962a3fcfdde4faaa75d0d4b2e174160 c974b0d3948d473ca30abf5c34a1b975 - - 848476803dfb4a0cbc6cf0f91f49724f 848476803dfb4a0cbc6cf0f91f49724f] 199.19.213.75 "GET /allocations/dcb910e7-7769-4fbe-85f7-1d6205314f6e" status: 200 len: 245 microversion: 1.28 [pid: 7|app: 0|req: 503/1014] 199.19.213.75 () {34 vars in 862 bytes} [Tue Apr 7 01:22:33 2026] GET /allocations/dcb910e7-7769-4fbe-85f7-1d6205314f6e => generated 245 bytes in 12 msecs (HTTP/1.1 200) 8 headers in 296 bytes (1 switches on core 0)
2026-04-07 01:22:33.859 8 INFO placement.requestlog [req-66e279b8-2baa-4fa4-a7cb-1f0615048a29 req-42de9c43-faa2-4173-9617-e4f68812dc8d c962a3fcfdde4faaa75d0d4b2e174160 c974b0d3948d473ca30abf5c34a1b975 - - 848476803dfb4a0cbc6cf0f91f49724f 848476803dfb4a0cbc6cf0f91f49724f] 199.19.213.75 "GET /allocations/5d27c338-9618-4b6e-a495-6acc2d5620b5" status: 200 len: 258 microversion: 1.28 [pid: 8|app: 0|req: 512/1015] 199.19.213.75 () {34 vars in 862 bytes} [Tue Apr 7 01:22:33 2026] GET /allocations/5d27c338-9618-4b6e-a495-6acc2d5620b5 => generated 258 bytes in 18 msecs (HTTP/1.1 200) 8 headers in 296 bytes (1 switches on core 0)
2026-04-07 01:22:41.901 7 INFO placement.requestlog [None req-1dd51d78-5c66-4778-ad68-a51eeb121563 - - - - - -] 10.0.0.117 "GET /" status: 200 len: 136 microversion: 1.0
2026-04-07 01:22:41.901 8 INFO placement.requestlog [None req-157f0488-7b4e-491f-951c-d3321c64c91a - - - - - -] 10.0.0.117 "GET /" status: 200 len: 136 microversion: 1.0
2026-04-07 01:22:51.902 7 INFO placement.requestlog [None req-208a11a2-d2a7-4321-8863-638b8925f824 - - - - - -] 10.0.0.117 "GET /" status: 200 len: 136 microversion: 1.0
2026-04-07 01:22:51.903 8 INFO placement.requestlog [None req-ad6e1f99-7639-4cdf-900f-50da0ffe9651 - - - - - -] 10.0.0.117 "GET /" status: 200 len: 136 microversion: 1.0
2026-04-07 01:22:55.464 7 INFO placement.requestlog [req-cc0abf7a-e42d-455b-ad88-0284ac9ccbe5 req-06325b1e-063d-4fd4-ad35-c7daade2bc18 c962a3fcfdde4faaa75d0d4b2e174160 c974b0d3948d473ca30abf5c34a1b975 - - 848476803dfb4a0cbc6cf0f91f49724f 848476803dfb4a0cbc6cf0f91f49724f] 199.19.213.75 "GET /resource_providers/9a2c76a3-b864-4a2b-835f-ca5279259ab5/allocations" status: 200 len: 440 microversion: 1.0 [pid: 7|app: 0|req: 506/1020] 199.19.213.75 () {32 vars in 856 bytes} [Tue Apr 7 01:22:55 2026] GET /resource_providers/9a2c76a3-b864-4a2b-835f-ca5279259ab5/allocations => generated 440 bytes in 28 msecs (HTTP/1.1 200) 6 headers in 224 bytes (1 switches on core 0)
2026-04-07 01:22:55.497 8 INFO placement.requestlog [req-cc0abf7a-e42d-455b-ad88-0284ac9ccbe5 req-94a0d976-5da1-4a9e-94b8-d9cc6190eb72 c962a3fcfdde4faaa75d0d4b2e174160 c974b0d3948d473ca30abf5c34a1b975 - - 848476803dfb4a0cbc6cf0f91f49724f 848476803dfb4a0cbc6cf0f91f49724f] 199.19.213.75 "GET /resource_providers/9a2c76a3-b864-4a2b-835f-ca5279259ab5/allocations" status: 200 len: 440 microversion: 1.0 [pid: 8|app: 0|req: 515/1021] 199.19.213.75 () {32 vars in 856 bytes} [Tue Apr 7 01:22:55 2026] GET /resource_providers/9a2c76a3-b864-4a2b-835f-ca5279259ab5/allocations => generated 440 bytes in 19 msecs (HTTP/1.1 200) 6 headers in 224 bytes (1 switches on core 0)
2026-04-07 01:22:55.534 7 INFO placement.requestlog [req-cc0abf7a-e42d-455b-ad88-0284ac9ccbe5 req-e80cfe28-9ef1-4f1f-9780-d39f82115a4f c962a3fcfdde4faaa75d0d4b2e174160 c974b0d3948d473ca30abf5c34a1b975 - - 848476803dfb4a0cbc6cf0f91f49724f 848476803dfb4a0cbc6cf0f91f49724f] 199.19.213.75 "GET /allocations/6d7ba24c-8c24-44d9-a4ae-8e6ab2ea4c5f" status: 200 len: 258 microversion: 1.28 [pid: 7|app: 0|req: 507/1022] 199.19.213.75 () {34 vars in 862 bytes} [Tue Apr 7 01:22:55 2026] GET /allocations/6d7ba24c-8c24-44d9-a4ae-8e6ab2ea4c5f => generated 258 bytes in 29 msecs (HTTP/1.1 200) 8 headers in 296 bytes (1 switches on core 0)
2026-04-07 01:22:55.588 8 INFO placement.requestlog [req-cc0abf7a-e42d-455b-ad88-0284ac9ccbe5 req-8c5252c2-f940-4804-9c32-602de8e63440 c962a3fcfdde4faaa75d0d4b2e174160 c974b0d3948d473ca30abf5c34a1b975 - - 848476803dfb4a0cbc6cf0f91f49724f 848476803dfb4a0cbc6cf0f91f49724f] 199.19.213.75 "GET /allocations/aa9ddfcd-b072-4485-a6c9-122012894958" status: 200 len: 258 microversion: 1.28 [pid: 8|app: 0|req: 516/1023] 199.19.213.75 () {34 vars in 862 bytes} [Tue Apr 7 01:22:55 2026] GET /allocations/aa9ddfcd-b072-4485-a6c9-122012894958 => generated 258 bytes in 43 msecs (HTTP/1.1 200) 8 headers in 296 bytes (1 switches on core 0)
2026-04-07 01:22:55.618 7 INFO placement.requestlog [req-cc0abf7a-e42d-455b-ad88-0284ac9ccbe5 req-e2d21ad8-cf63-4e4a-88a5-28c601ae4f2c c962a3fcfdde4faaa75d0d4b2e174160 c974b0d3948d473ca30abf5c34a1b975 - - 848476803dfb4a0cbc6cf0f91f49724f 848476803dfb4a0cbc6cf0f91f49724f] 199.19.213.75 "GET /allocations/dcb910e7-7769-4fbe-85f7-1d6205314f6e" status: 200 len: 245 microversion: 1.28 [pid: 7|app: 0|req: 508/1024] 199.19.213.75 () {34 vars in 862 bytes} [Tue Apr 7 01:22:55 2026] GET /allocations/dcb910e7-7769-4fbe-85f7-1d6205314f6e => generated 245 bytes in 19 msecs (HTTP/1.1 200) 8 headers in 296 bytes (1 switches on core 0)
2026-04-07 01:22:55.655 8 INFO placement.requestlog [req-cc0abf7a-e42d-455b-ad88-0284ac9ccbe5 req-4d58aa5d-bc2c-4812-a9bd-71bf5985aad3 c962a3fcfdde4faaa75d0d4b2e174160 c974b0d3948d473ca30abf5c34a1b975 - - 848476803dfb4a0cbc6cf0f91f49724f 848476803dfb4a0cbc6cf0f91f49724f] 199.19.213.75 "GET /allocations/5d27c338-9618-4b6e-a495-6acc2d5620b5" status: 200 len: 258 microversion: 1.28 [pid: 8|app: 0|req: 517/1025] 199.19.213.75 () {34 vars in 862 bytes} [Tue Apr 7 01:22:55 2026] GET /allocations/5d27c338-9618-4b6e-a495-6acc2d5620b5 => generated 258 bytes in 14 msecs (HTTP/1.1 200) 8 headers in 296 bytes (1 switches on core 0)
2026-04-07 01:22:55.862 7 INFO placement.requestlog [req-98a5ce8e-57db-463e-8a95-f1498322b8cb req-ee9db256-54c0-4a43-8cda-85f9b5ff1fdf c962a3fcfdde4faaa75d0d4b2e174160 c974b0d3948d473ca30abf5c34a1b975 - - 848476803dfb4a0cbc6cf0f91f49724f 848476803dfb4a0cbc6cf0f91f49724f] 10.0.0.124 "GET /allocation_candidates?limit=1000&resources=DISK_GB%3A1%2CMEMORY_MB%3A512%2CVCPU%3A1&root_required=%21COMPUTE_STATUS_DISABLED" status: 200 len: 2150 microversion: 1.36 [pid: 7|app: 0|req: 509/1026] 10.0.0.124 () {34 vars in 1012 bytes} [Tue Apr 7 01:22:55 2026] GET /allocation_candidates?limit=1000&resources=DISK_GB%3A1%2CMEMORY_MB%3A512%2CVCPU%3A1&root_required=%21COMPUTE_STATUS_DISABLED => generated 2150 bytes in 46 msecs (HTTP/1.1 200) 8 headers in 297 bytes (1 switches on core 0)
