Aug 22 10:16:04.194143 np0000190519 devstack@n-api.service[98306]: INFO nova.api.openstack.requestlog [None req-b77e362f-f04d-4d5a-b27e-a632a57dd91a admin admin] 199.19.213.215 "GET /compute/v2.1/os-services?binary=nova-compute&host=np0000190519" status: 200 len: 255 microversion: 2.69 time: 0.085471
Aug 22 10:16:04.194816 np0000190519 devstack@n-api.service[98306]: [pid: 98306|app: 0|req: 15/60] 199.19.213.215 () {68 vars in 1475 bytes} [Sat Aug 22 10:16:04 2026] GET /compute/v2.1/os-services?binary=nova-compute&host=np0000190519 => generated 255 bytes in 87 msecs (HTTP/1.1 200) 9 headers in 359 bytes (1 switches on core 0)
Aug 22 10:16:14.126523 np0000190519 devstack@n-api.service[98306]: DEBUG dbcounter [-] [98306] Writing DB stats nova_cell0:SELECT=1 {{(pid=98306) stat_writer /opt/stack/data/venv/lib/python3.12/site-packages/dbcounter.py:115}}
Aug 22 10:16:14.132131 np0000190519 devstack@n-api.service[98306]: DEBUG dbcounter [-] [98306] Writing DB stats nova_cell1:SELECT=1 {{(pid=98306) stat_writer /opt/stack/data/venv/lib/python3.12/site-packages/dbcounter.py:115}}
Aug 22 10:16:14.182448 np0000190519 devstack@n-api.service[98306]: DEBUG dbcounter [-] [98306] Writing DB stats nova_api:SELECT=2 {{(pid=98306) stat_writer /opt/stack/data/venv/lib/python3.12/site-packages/dbcounter.py:115}}
Aug 22 10:16:43.593263 np0000190519 devstack@n-api.service[98304]: DEBUG nova.api.openstack.wsgi [None req-77619dc6-c54b-49f3-b282-abe50e5d27d8 admin admin] Calling method '>' {{(pid=98304) _process_stack /opt/stack/nova/nova/api/openstack/wsgi.py:551}}
Aug 22 10:16:43.596527 np0000190519 devstack@n-api.service[98304]: INFO nova.api.openstack.requestlog [None req-77619dc6-c54b-49f3-b282-abe50e5d27d8 admin admin] 199.19.213.215 "GET /compute/v2.1" status: 200 len: 393 microversion: 2.1 time: 0.003757
Aug 22 10:16:43.596695 np0000190519 devstack@n-api.service[98304]: [pid: 98304|app: 0|req: 15/61] 199.19.213.215 () {62 vars in 1063 bytes} [Sat Aug 22 10:16:43 2026] GET /compute/v2.1 => generated 393 bytes in 4 msecs (HTTP/1.1 200) 9 headers in 357 bytes (1 switches on core 0)
Aug 22 10:16:43.635066 np0000190519 devstack@n-api.service[98307]: DEBUG nova.api.openstack.wsgi [None req-763f8c3c-fbab-4b37-9ef5-24ae25567372 admin admin] Calling method '>' {{(pid=98307) _process_stack /opt/stack/nova/nova/api/openstack/wsgi.py:551}}
Aug 22 10:16:43.641452 np0000190519 devstack@n-api.service[98307]: INFO nova.api.openstack.requestlog [None req-763f8c3c-fbab-4b37-9ef5-24ae25567372 admin admin] 199.19.213.215 "GET /compute/v2.1/" status: 200 len: 393 microversion: 2.1 time: 0.008063
Aug 22 10:16:43.641789 np0000190519 devstack@n-api.service[98307]: [pid: 98307|app: 0|req: 16/62] 199.19.213.215 () {62 vars in 1066 bytes} [Sat Aug 22 10:16:43 2026] GET /compute/v2.1/ => generated 393 bytes in 9 msecs (HTTP/1.1 200) 9 headers in 357 bytes (1 switches on core 0)
Aug 22 10:16:43.683437 np0000190519 devstack@n-api.service[98305]: DEBUG nova.api.openstack.wsgi [None req-d195e343-5e53-466b-8087-0658530b3325 demo demo] Calling method '>' {{(pid=98305) _process_stack /opt/stack/nova/nova/api/openstack/wsgi.py:551}}
Aug 22 10:16:43.712502 np0000190519 devstack@n-api.service[98305]: INFO nova.api.openstack.requestlog [None req-d195e343-5e53-466b-8087-0658530b3325 demo demo] 199.19.213.215 "GET /compute/v2.1/flavors/detail?is_public=None" status: 200 len: 5262 microversion: 2.61 time: 0.032533
Aug 22 10:16:43.712780 np0000190519 devstack@n-api.service[98305]: [pid: 98305|app: 0|req: 17/63] 199.19.213.215 () {68 vars in 1424 bytes} [Sat Aug 22 10:16:43 2026] GET /compute/v2.1/flavors/detail?is_public=None => generated 5262 bytes in 33 msecs (HTTP/1.1 200) 9 headers in 360 bytes (1 switches on core 0)
Aug 22 10:16:43.773377 np0000190519 devstack@n-api.service[98306]: DEBUG nova.api.openstack.wsgi [None req-0b571339-e68f-4c45-aa95-377feae00a6f demo demo] Calling method '>' {{(pid=98306) _process_stack /opt/stack/nova/nova/api/openstack/wsgi.py:551}}
Aug 22 10:16:43.805782 np0000190519 devstack@n-api.service[98306]: INFO nova.api.openstack.requestlog [None req-0b571339-e68f-4c45-aa95-377feae00a6f demo demo] 199.19.213.215 "GET /compute/v2.1/flavors/detail?is_public=None" status: 200 len: 5262 microversion: 2.61 time: 0.037458
Aug 22 10:16:43.806632 np0000190519 devstack@n-api.service[98306]: [pid: 98306|app: 0|req: 16/64] 199.19.213.215 () {68 vars in 1424 bytes} [Sat Aug 22 10:16:43 2026] GET /compute/v2.1/flavors/detail?is_public=None => generated 5262 bytes in 39 msecs (HTTP/1.1 200) 9 headers in 360 bytes (1 switches on core 0)
Aug 22 10:16:44.157377 np0000190519 devstack@n-api.service[98304]: DEBUG nova.api.openstack.wsgi [None req-77619dc6-c54b-49f3-b282-abe50e5d27d8 admin admin] Calling method '>' {{(pid=98304) _process_stack /opt/stack/nova/nova/api/openstack/wsgi.py:551}}
Aug 22 10:16:44.159970 np0000190519 devstack@n-api.service[98304]: INFO nova.api.openstack.requestlog [None req-77619dc6-c54b-49f3-b282-abe50e5d27d8 admin admin] 199.19.213.215 "GET /compute/v2.1" status: 200 len: 393 microversion: 2.1 time: 0.002923
Aug 22 10:16:44.160156 np0000190519 devstack@n-api.service[98304]: [pid: 98304|app: 0|req: 16/65] 199.19.213.215 () {62 vars in 1063 bytes} [Sat Aug 22 10:16:44 2026] GET /compute/v2.1 => generated 393 bytes in 3 msecs (HTTP/1.1 200) 9 headers in 357 bytes (1 switches on core 0)
Aug 22 10:16:44.197096 np0000190519 devstack@n-api.service[98307]: DEBUG nova.api.openstack.wsgi [None req-763f8c3c-fbab-4b37-9ef5-24ae25567372 admin admin] Calling method '>' {{(pid=98307) _process_stack /opt/stack/nova/nova/api/openstack/wsgi.py:551}}
Aug 22 10:16:44.202311 np0000190519 devstack@n-api.service[98307]: INFO nova.api.openstack.requestlog [None req-763f8c3c-fbab-4b37-9ef5-24ae25567372 admin admin] 199.19.213.215 "GET /compute/v2.1/" status: 200 len: 393 microversion: 2.1 time: 0.005791
Aug 22 10:16:44.202543 np0000190519 devstack@n-api.service[98307]: [pid: 98307|app: 0|req: 17/66] 199.19.213.215 () {62 vars in 1066 bytes} [Sat Aug 22 10:16:44 2026] GET /compute/v2.1/ => generated 393 bytes in 6 msecs (HTTP/1.1 200) 9 headers in 357 bytes (1 switches on core 0)
Aug 22 10:16:44.243769 np0000190519 devstack@n-api.service[98305]: DEBUG nova.api.openstack.wsgi [None req-84618f00-126c-4141-bfe5-dc2f18f9cdbd demo demo] Calling method '>' {{(pid=98305) _process_stack /opt/stack/nova/nova/api/openstack/wsgi.py:551}}
Aug 22 10:16:44.268170 np0000190519 devstack@n-api.service[98305]: INFO nova.api.openstack.requestlog [None req-84618f00-126c-4141-bfe5-dc2f18f9cdbd demo demo] 199.19.213.215 "GET /compute/v2.1/flavors/detail?is_public=None" status: 200 len: 5262 microversion: 2.61 time: 0.028122
Aug 22 10:16:44.268458 np0000190519 devstack@n-api.service[98305]: [pid: 98305|app: 0|req: 18/67] 199.19.213.215 () {68 vars in 1424 bytes} [Sat Aug 22 10:16:44 2026] GET /compute/v2.1/flavors/detail?is_public=None => generated 5262 bytes in 29 msecs (HTTP/1.1 200) 9 headers in 360 bytes (1 switches on core 0)
Aug 22 10:16:44.324809 np0000190519 devstack@n-api.service[98306]: DEBUG nova.api.openstack.wsgi [None req-47e1fc6a-a329-4863-ab35-c0647d09ffef demo demo] Calling method '>' {{(pid=98306) _process_stack /opt/stack/nova/nova/api/openstack/wsgi.py:551}}
Aug 22 10:16:44.352159 np0000190519 devstack@n-api.service[98306]: INFO nova.api.openstack.requestlog [None req-47e1fc6a-a329-4863-ab35-c0647d09ffef demo demo] 199.19.213.215 "GET /compute/v2.1/flavors/detail?is_public=None" status: 200 len: 5262 microversion: 2.61 time: 0.031539
Aug 22 10:16:44.352521 np0000190519 devstack@n-api.service[98306]: [pid: 98306|app: 0|req: 17/68] 199.19.213.215 () {68 vars in 1424 bytes} [Sat Aug 22 10:16:44 2026] GET /compute/v2.1/flavors/detail?is_public=None => generated 5262 bytes in 33 msecs (HTTP/1.1 200) 9 headers in 360 bytes (1 switches on core 0)
Aug 22 10:16:48.841430 np0000190519 devstack@n-api.service[98304]: DEBUG nova.api.openstack.wsgi [None req-77619dc6-c54b-49f3-b282-abe50e5d27d8 admin admin] Calling method '>' {{(pid=98304) _process_stack /opt/stack/nova/nova/api/openstack/wsgi.py:551}}
Aug 22 10:16:48.848191 np0000190519 devstack@n-api.service[98304]: INFO nova.api.openstack.requestlog [None req-77619dc6-c54b-49f3-b282-abe50e5d27d8 admin admin] 199.19.213.215 "GET /compute/v2.1" status: 200 len: 393 microversion: 2.1 time: 0.007197
Aug 22 10:16:48.848628 np0000190519 devstack@n-api.service[98304]: [pid: 98304|app: 0|req: 17/69] 199.19.213.215 () {62 vars in 1063 bytes} [Sat Aug 22 10:16:48 2026] GET /compute/v2.1 => generated 393 bytes in 8 msecs (HTTP/1.1 200) 9 headers in 357 bytes (1 switches on core 0)
Aug 22 10:16:48.885707 np0000190519 devstack@n-api.service[98307]: DEBUG nova.api.openstack.wsgi [None req-763f8c3c-fbab-4b37-9ef5-24ae25567372 admin admin] Calling method '>' {{(pid=98307) _process_stack /opt/stack/nova/nova/api/openstack/wsgi.py:551}}
Aug 22 10:16:48.892274 np0000190519 devstack@n-api.service[98307]: INFO nova.api.openstack.requestlog [None req-763f8c3c-fbab-4b37-9ef5-24ae25567372 admin admin] 199.19.213.215 "GET /compute/v2.1/" status: 200 len: 393 microversion: 2.1 time: 0.007124
Aug 22 10:16:48.892536 np0000190519 devstack@n-api.service[98307]: [pid: 98307|app: 0|req: 18/70] 199.19.213.215 () {62 vars in 1066 bytes} [Sat Aug 22 10:16:48 2026] GET /compute/v2.1/ => generated 393 bytes in 8 msecs (HTTP/1.1 200) 9 headers in 357 bytes (1 switches on core 0)
Aug 22 10:16:48.936346 np0000190519 devstack@n-api.service[98305]: DEBUG nova.api.openstack.wsgi [None req-b5d0310e-bace-486a-b081-b1f24fed4bea demo demo] Calling method '>' {{(pid=98305) _process_stack /opt/stack/nova/nova/api/openstack/wsgi.py:551}}
Aug 22 10:16:48.964765 np0000190519 devstack@n-api.service[98305]: INFO nova.api.openstack.requestlog [None req-b5d0310e-bace-486a-b081-b1f24fed4bea demo demo] 199.19.213.215 "GET /compute/v2.1/flavors/detail?is_public=None" status: 200 len: 5262 microversion: 2.61 time: 0.033514
Aug 22 10:16:48.965117 np0000190519 devstack@n-api.service[98305]: [pid: 98305|app: 0|req: 19/71] 199.19.213.215 () {68 vars in 1424 bytes} [Sat Aug 22 10:16:48 2026] GET /compute/v2.1/flavors/detail?is_public=None => generated 5262 bytes in 35 msecs (HTTP/1.1 200) 9 headers in 360 bytes (1 switches on core 0)
Aug 22 10:16:49.023161 np0000190519 devstack@n-api.service[98306]: DEBUG nova.api.openstack.wsgi [None req-de400109-b48f-4bc3-b136-a981d01c4041 demo demo] Calling method '>' {{(pid=98306) _process_stack /opt/stack/nova/nova/api/openstack/wsgi.py:551}}
Aug 22 10:16:49.046253 np0000190519 devstack@n-api.service[98306]: INFO nova.api.openstack.requestlog [None req-de400109-b48f-4bc3-b136-a981d01c4041 demo demo] 199.19.213.215 "GET /compute/v2.1/flavors/detail?is_public=None" status: 200 len: 5262 microversion: 2.61 time: 0.027032
Aug 22 10:16:49.046515 np0000190519 devstack@n-api.service[98306]: [pid: 98306|app: 0|req: 18/72] 199.19.213.215 () {68 vars in 1424 bytes} [Sat Aug 22 10:16:49 2026] GET /compute/v2.1/flavors/detail?is_public=None => generated 5262 bytes in 28 msecs (HTTP/1.1 200) 9 headers in 360 bytes (1 switches on core 0)
Aug 22 10:16:49.187613 np0000190519 devstack@n-api.service[98304]: DEBUG nova.api.openstack.wsgi [None req-77619dc6-c54b-49f3-b282-abe50e5d27d8 admin admin] Calling method '>' {{(pid=98304) _process_stack /opt/stack/nova/nova/api/openstack/wsgi.py:551}}
Aug 22 10:16:49.190203 np0000190519 devstack@n-api.service[98304]: INFO nova.api.openstack.requestlog [None req-77619dc6-c54b-49f3-b282-abe50e5d27d8 admin admin] 199.19.213.215 "GET /compute/v2.1" status: 200 len: 393 microversion: 2.1 time: 0.002842
Aug 22 10:16:49.190372 np0000190519 devstack@n-api.service[98304]: [pid: 98304|app: 0|req: 18/73] 199.19.213.215 () {62 vars in 1063 bytes} [Sat Aug 22 10:16:49 2026] GET /compute/v2.1 => generated 393 bytes in 3 msecs (HTTP/1.1 200) 9 headers in 357 bytes (1 switches on core 0)
Aug 22 10:16:49.225590 np0000190519 devstack@n-api.service[98307]: DEBUG nova.api.openstack.wsgi [None req-763f8c3c-fbab-4b37-9ef5-24ae25567372 admin admin] Calling method '>' {{(pid=98307) _process_stack /opt/stack/nova/nova/api/openstack/wsgi.py:551}}
Aug 22 10:16:49.229213 np0000190519 devstack@n-api.service[98307]: INFO nova.api.openstack.requestlog [None req-763f8c3c-fbab-4b37-9ef5-24ae25567372 admin admin] 199.19.213.215 "GET /compute/v2.1/" status: 200 len: 393 microversion: 2.1 time: 0.004053
Aug 22 10:16:49.229502 np0000190519 devstack@n-api.service[98307]: [pid: 98307|app: 0|req: 19/74] 199.19.213.215 () {62 vars in 1066 bytes} [Sat Aug 22 10:16:49 2026] GET /compute/v2.1/ => generated 393 bytes in 5 msecs (HTTP/1.1 200) 9 headers in 357 bytes (1 switches on core 0)
Aug 22 10:16:49.276153 np0000190519 devstack@n-api.service[98305]: DEBUG nova.api.openstack.wsgi [None req-325c945f-14ad-4f48-a4ec-3065a307c6db demo demo] Calling method '>' {{(pid=98305) _process_stack /opt/stack/nova/nova/api/openstack/wsgi.py:551}}
Aug 22 10:16:49.302797 np0000190519 devstack@n-api.service[98305]: INFO nova.api.openstack.requestlog [None req-325c945f-14ad-4f48-a4ec-3065a307c6db demo demo] 199.19.213.215 "GET /compute/v2.1/flavors/detail?is_public=None" status: 200 len: 5262 microversion: 2.61 time: 0.030149
Aug 22 10:16:49.303002 np0000190519 devstack@n-api.service[98305]: [pid: 98305|app: 0|req: 20/75] 199.19.213.215 () {68 vars in 1424 bytes} [Sat Aug 22 10:16:49 2026] GET /compute/v2.1/flavors/detail?is_public=None => generated 5262 bytes in 31 msecs (HTTP/1.1 200) 9 headers in 360 bytes (1 switches on core 0)
Aug 22 10:16:49.356619 np0000190519 devstack@n-api.service[98306]: DEBUG nova.api.openstack.wsgi [None req-3ac780dc-ff00-45be-ad70-a59594199dd2 demo demo] Calling method '>' {{(pid=98306) _process_stack /opt/stack/nova/nova/api/openstack/wsgi.py:551}}
Aug 22 10:16:49.469104 np0000190519 devstack@n-api.service[98306]: INFO nova.api.openstack.requestlog [None req-3ac780dc-ff00-45be-ad70-a59594199dd2 demo demo] 199.19.213.215 "GET /compute/v2.1/flavors/detail?is_public=None" status: 200 len: 5262 microversion: 2.61 time: 0.115878
Aug 22 10:16:49.469427 np0000190519 devstack@n-api.service[98306]: [pid: 98306|app: 0|req: 19/76] 199.19.213.215 () {68 vars in 1424 bytes} [Sat Aug 22 10:16:49 2026] GET /compute/v2.1/flavors/detail?is_public=None => generated 5262 bytes in 117 msecs (HTTP/1.1 200) 9 headers in 360 bytes (1 switches on core 0)
Aug 22 10:16:55.283239 np0000190519 devstack@n-api.service[98304]: DEBUG nova.api.openstack.wsgi [None req-77619dc6-c54b-49f3-b282-abe50e5d27d8 admin admin] Calling method '>' {{(pid=98304) _process_stack /opt/stack/nova/nova/api/openstack/wsgi.py:551}}
Aug 22 10:16:55.289602 np0000190519 devstack@n-api.service[98304]: INFO nova.api.openstack.requestlog [None req-77619dc6-c54b-49f3-b282-abe50e5d27d8 admin admin] 199.19.213.215 "GET /compute/v2.1" status: 200 len: 393 microversion: 2.1 time: 0.006674
Aug 22 10:16:55.289912 np0000190519 devstack@n-api.service[98304]: [pid: 98304|app: 0|req: 19/77] 199.19.213.215 () {62 vars in 1074 bytes} [Sat Aug 22 10:16:55 2026] GET /compute/v2.1 => generated 393 bytes in 8 msecs (HTTP/1.1 200) 9 headers in 357 bytes (1 switches on core 0)
Aug 22 10:16:55.332894 np0000190519 devstack@n-api.service[98307]: DEBUG nova.api.openstack.wsgi [None req-763f8c3c-fbab-4b37-9ef5-24ae25567372 admin admin] Calling method '>' {{(pid=98307) _process_stack /opt/stack/nova/nova/api/openstack/wsgi.py:551}}
Aug 22 10:16:55.339382 np0000190519 devstack@n-api.service[98307]: INFO nova.api.openstack.requestlog [None req-763f8c3c-fbab-4b37-9ef5-24ae25567372 admin admin] 199.19.213.215 "GET /compute/v2.1/" status: 200 len: 393 microversion: 2.1 time: 0.007485
Aug 22 10:16:55.339655 np0000190519 devstack@n-api.service[98307]: [pid: 98307|app: 0|req: 20/78] 199.19.213.215 () {62 vars in 1077 bytes} [Sat Aug 22 10:16:55 2026] GET /compute/v2.1/ => generated 393 bytes in 8 msecs (HTTP/1.1 200) 9 headers in 357 bytes (1 switches on core 0)
Aug 22 10:16:55.385618 np0000190519 devstack@n-api.service[98305]: DEBUG nova.api.openstack.wsgi [None req-e33e6e9b-1641-4bbc-aa7a-794f96623b86 demo demo] Calling method '>' {{(pid=98305) _process_stack /opt/stack/nova/nova/api/openstack/wsgi.py:551}}
Aug 22 10:16:55.408218 np0000190519 devstack@n-api.service[98305]: INFO nova.api.openstack.requestlog [None req-e33e6e9b-1641-4bbc-aa7a-794f96623b86 demo demo] 199.19.213.215 "GET /compute/v2.1/os-server-groups" status: 200 len: 21 microversion: 2.64 time: 0.024686
Aug 22 10:16:55.408540 np0000190519 devstack@n-api.service[98305]: [pid: 98305|app: 0|req: 21/79] 199.19.213.215 () {68 vars in 1412 bytes} [Sat Aug 22 10:16:55 2026] GET /compute/v2.1/os-server-groups => generated 21 bytes in 25 msecs (HTTP/1.1 200) 9 headers in 358 bytes (1 switches on core 0)
Aug 22 10:16:55.451646 np0000190519 devstack@n-api.service[98306]: DEBUG nova.api.openstack.wsgi [None req-3ac780dc-ff00-45be-ad70-a59594199dd2 demo demo] Calling method '>' {{(pid=98306) _process_stack /opt/stack/nova/nova/api/openstack/wsgi.py:551}}
Aug 22 10:16:55.455889 np0000190519 devstack@n-api.service[98306]: INFO nova.api.openstack.requestlog [None req-3ac780dc-ff00-45be-ad70-a59594199dd2 demo demo] 199.19.213.215 "GET /compute/v2.1" status: 200 len: 393 microversion: 2.1 time: 0.004923
Aug 22 10:16:55.456158 np0000190519 devstack@n-api.service[98306]: [pid: 98306|app: 0|req: 20/80] 199.19.213.215 () {62 vars in 1074 bytes} [Sat Aug 22 10:16:55 2026] GET /compute/v2.1 => generated 393 bytes in 6 msecs (HTTP/1.1 200) 9 headers in 357 bytes (1 switches on core 0)
Aug 22 10:16:55.497353 np0000190519 devstack@n-api.service[98304]: DEBUG nova.api.openstack.wsgi [None req-77619dc6-c54b-49f3-b282-abe50e5d27d8 admin admin] Calling method '>' {{(pid=98304) _process_stack /opt/stack/nova/nova/api/openstack/wsgi.py:551}}
Aug 22 10:16:55.503682 np0000190519 devstack@n-api.service[98304]: INFO nova.api.openstack.requestlog [None req-77619dc6-c54b-49f3-b282-abe50e5d27d8 admin admin] 199.19.213.215 "GET /compute/v2.1/" status: 200 len: 393 microversion: 2.1 time: 0.006785
Aug 22 10:16:55.504115 np0000190519 devstack@n-api.service[98304]: [pid: 98304|app: 0|req: 20/81] 199.19.213.215 () {62 vars in 1077 bytes} [Sat Aug 22 10:16:55 2026] GET /compute/v2.1/ => generated 393 bytes in 8 msecs (HTTP/1.1 200) 9 headers in 357 bytes (1 switches on core 0)
Aug 22 10:16:55.548317 np0000190519 devstack@n-api.service[98307]: DEBUG nova.api.openstack.wsgi [None req-50fd0ee4-8bb4-47fd-93b9-30400ec1f832 demo demo] Action: 'create', calling method: >, body: {"server_group": {"name": "kube-cazd2", "policy": "soft-anti-affinity"}} {{(pid=98307) _process_stack /opt/stack/nova/nova/api/openstack/wsgi.py:549}}
Aug 22 10:16:55.573556 np0000190519 devstack@n-api.service[98307]: DEBUG nova.quota [None req-50fd0ee4-8bb4-47fd-93b9-30400ec1f832 demo demo] Getting quotas for project 734fa29e5917494e836bf3493ebaaea5. Resources: {'server_groups'} {{(pid=98307) _get_quotas /opt/stack/nova/nova/quota.py:389}}
Aug 22 10:16:55.581681 np0000190519 devstack@n-api.service[98307]: DEBUG nova.quota [None req-50fd0ee4-8bb4-47fd-93b9-30400ec1f832 demo demo] Getting quotas for user af2a932e2a6b406193cb08c740cfe5dd and project 734fa29e5917494e836bf3493ebaaea5. Resources: {'server_groups'} {{(pid=98307) _get_quotas /opt/stack/nova/nova/quota.py:379}}
Aug 22 10:16:55.660762 np0000190519 devstack@n-api.service[98307]: DEBUG nova.quota [None req-50fd0ee4-8bb4-47fd-93b9-30400ec1f832 demo demo] Getting quotas for project 734fa29e5917494e836bf3493ebaaea5. Resources: {'server_groups'} {{(pid=98307) _get_quotas /opt/stack/nova/nova/quota.py:389}}
Aug 22 10:16:55.663527 np0000190519 devstack@n-api.service[98307]: DEBUG nova.quota [None req-50fd0ee4-8bb4-47fd-93b9-30400ec1f832 demo demo] Getting quotas for user af2a932e2a6b406193cb08c740cfe5dd and project 734fa29e5917494e836bf3493ebaaea5. Resources: {'server_groups'} {{(pid=98307) _get_quotas /opt/stack/nova/nova/quota.py:379}}
Aug 22 10:16:55.681670 np0000190519 devstack@n-api.service[98307]: INFO nova.api.openstack.requestlog [None req-50fd0ee4-8bb4-47fd-93b9-30400ec1f832 demo demo] 199.19.213.215 "POST /compute/v2.1/os-server-groups" status: 200 len: 243 microversion: 2.64 time: 0.137426
Aug 22 10:16:55.682009 np0000190519 devstack@n-api.service[98307]: [pid: 98307|app: 0|req: 21/82] 199.19.213.215 () {72 vars in 1452 bytes} [Sat Aug 22 10:16:55 2026] POST /compute/v2.1/os-server-groups => generated 243 bytes in 138 msecs (HTTP/1.1 200) 9 headers in 359 bytes (1 switches on core 0)
Aug 22 10:16:55.743500 np0000190519 devstack@n-api.service[98305]: DEBUG nova.api.openstack.wsgi [None req-e33e6e9b-1641-4bbc-aa7a-794f96623b86 demo demo] Calling method '>' {{(pid=98305) _process_stack /opt/stack/nova/nova/api/openstack/wsgi.py:551}}
Aug 22 10:16:55.748286 np0000190519 devstack@n-api.service[98305]: INFO nova.api.openstack.requestlog [None req-e33e6e9b-1641-4bbc-aa7a-794f96623b86 demo demo] 199.19.213.215 "GET /compute/v2.1" status: 200 len: 393 microversion: 2.1 time: 0.005540
Aug 22 10:16:55.748515 np0000190519 devstack@n-api.service[98305]: [pid: 98305|app: 0|req: 22/83] 199.19.213.215 () {62 vars in 1074 bytes} [Sat Aug 22 10:16:55 2026] GET /compute/v2.1 => generated 393 bytes in 6 msecs (HTTP/1.1 200) 9 headers in 357 bytes (1 switches on core 0)
Aug 22 10:16:55.789780 np0000190519 devstack@n-api.service[98306]: DEBUG nova.api.openstack.wsgi [None req-3ac780dc-ff00-45be-ad70-a59594199dd2 demo demo] Calling method '>' {{(pid=98306) _process_stack /opt/stack/nova/nova/api/openstack/wsgi.py:551}}
Aug 22 10:16:55.795660 np0000190519 devstack@n-api.service[98306]: INFO nova.api.openstack.requestlog [None req-3ac780dc-ff00-45be-ad70-a59594199dd2 demo demo] 199.19.213.215 "GET /compute/v2.1/" status: 200 len: 393 microversion: 2.1 time: 0.006625
Aug 22 10:16:55.795869 np0000190519 devstack@n-api.service[98306]: [pid: 98306|app: 0|req: 21/84] 199.19.213.215 () {62 vars in 1077 bytes} [Sat Aug 22 10:16:55 2026] GET /compute/v2.1/ => generated 393 bytes in 7 msecs (HTTP/1.1 200) 9 headers in 357 bytes (1 switches on core 0)
Aug 22 10:16:55.837372 np0000190519 devstack@n-api.service[98304]: DEBUG nova.api.openstack.wsgi [None req-bbfb944d-e989-4dc3-a290-4fe226356e25 demo demo] Calling method '>' {{(pid=98304) _process_stack /opt/stack/nova/nova/api/openstack/wsgi.py:551}}
Aug 22 10:16:55.861819 np0000190519 devstack@n-api.service[98304]: INFO nova.api.openstack.requestlog [None req-bbfb944d-e989-4dc3-a290-4fe226356e25 demo demo] 199.19.213.215 "GET /compute/v2.1/os-server-groups" status: 200 len: 246 microversion: 2.64 time: 0.029323
Aug 22 10:16:55.862206 np0000190519 devstack@n-api.service[98304]: [pid: 98304|app: 0|req: 21/85] 199.19.213.215 () {68 vars in 1412 bytes} [Sat Aug 22 10:16:55 2026] GET /compute/v2.1/os-server-groups => generated 246 bytes in 30 msecs (HTTP/1.1 200) 9 headers in 359 bytes (1 switches on core 0)
Aug 22 10:16:55.899634 np0000190519 devstack@n-api.service[98307]: DEBUG nova.api.openstack.wsgi [None req-50fd0ee4-8bb4-47fd-93b9-30400ec1f832 demo demo] Calling method '>' {{(pid=98307) _process_stack /opt/stack/nova/nova/api/openstack/wsgi.py:551}}
Aug 22 10:16:55.903963 np0000190519 devstack@n-api.service[98307]: INFO nova.api.openstack.requestlog [None req-50fd0ee4-8bb4-47fd-93b9-30400ec1f832 demo demo] 199.19.213.215 "GET /compute/v2.1" status: 200 len: 393 microversion: 2.1 time: 0.004695
Aug 22 10:16:55.904267 np0000190519 devstack@n-api.service[98307]: [pid: 98307|app: 0|req: 22/86] 199.19.213.215 () {62 vars in 1074 bytes} [Sat Aug 22 10:16:55 2026] GET /compute/v2.1 => generated 393 bytes in 5 msecs (HTTP/1.1 200) 9 headers in 357 bytes (1 switches on core 0)
Aug 22 10:16:55.941840 np0000190519 devstack@n-api.service[98305]: DEBUG nova.api.openstack.wsgi [None req-e33e6e9b-1641-4bbc-aa7a-794f96623b86 demo demo] Calling method '>' {{(pid=98305) _process_stack /opt/stack/nova/nova/api/openstack/wsgi.py:551}}
Aug 22 10:16:55.948006 np0000190519 devstack@n-api.service[98305]: INFO nova.api.openstack.requestlog [None req-e33e6e9b-1641-4bbc-aa7a-794f96623b86 demo demo] 199.19.213.215 "GET /compute/v2.1/" status: 200 len: 393 microversion: 2.1 time: 0.006755
Aug 22 10:16:55.948319 np0000190519 devstack@n-api.service[98305]: [pid: 98305|app: 0|req: 23/87] 199.19.213.215 () {62 vars in 1077 bytes} [Sat Aug 22 10:16:55 2026] GET /compute/v2.1/ => generated 393 bytes in 7 msecs (HTTP/1.1 200) 9 headers in 357 bytes (1 switches on core 0)
Aug 22 10:16:55.990058 np0000190519 devstack@n-api.service[98306]: DEBUG nova.api.openstack.wsgi [None req-a93e9022-86ed-4619-91cf-3a9351a30164 demo demo] Action: 'create', calling method: >, body: {"server_group": {"name": "kube-cazd2-default-worker", "policy": "soft-anti-affinity"}} {{(pid=98306) _process_stack /opt/stack/nova/nova/api/openstack/wsgi.py:549}}
Aug 22 10:16:56.023053 np0000190519 devstack@n-api.service[98306]: DEBUG nova.quota [None req-a93e9022-86ed-4619-91cf-3a9351a30164 demo demo] Getting quotas for project 734fa29e5917494e836bf3493ebaaea5. Resources: {'server_groups'} {{(pid=98306) _get_quotas /opt/stack/nova/nova/quota.py:389}}
Aug 22 10:16:56.026826 np0000190519 devstack@n-api.service[98306]: DEBUG nova.quota [None req-a93e9022-86ed-4619-91cf-3a9351a30164 demo demo] Getting quotas for user af2a932e2a6b406193cb08c740cfe5dd and project 734fa29e5917494e836bf3493ebaaea5. Resources: {'server_groups'} {{(pid=98306) _get_quotas /opt/stack/nova/nova/quota.py:379}}
Aug 22 10:16:56.086047 np0000190519 devstack@n-api.service[98306]: DEBUG nova.quota [None req-a93e9022-86ed-4619-91cf-3a9351a30164 demo demo] Getting quotas for project 734fa29e5917494e836bf3493ebaaea5. Resources: {'server_groups'} {{(pid=98306) _get_quotas /opt/stack/nova/nova/quota.py:389}}
Aug 22 10:16:56.090623 np0000190519 devstack@n-api.service[98306]: DEBUG nova.quota [None req-a93e9022-86ed-4619-91cf-3a9351a30164 demo demo] Getting quotas for user af2a932e2a6b406193cb08c740cfe5dd and project 734fa29e5917494e836bf3493ebaaea5. Resources: {'server_groups'} {{(pid=98306) _get_quotas /opt/stack/nova/nova/quota.py:379}}
Aug 22 10:16:56.102842 np0000190519 devstack@n-api.service[98306]: INFO nova.api.openstack.requestlog [None req-a93e9022-86ed-4619-91cf-3a9351a30164 demo demo] 199.19.213.215 "POST /compute/v2.1/os-server-groups" status: 200 len: 258 microversion: 2.64 time: 0.116290
Aug 22 10:16:56.103409 np0000190519 devstack@n-api.service[98306]: [pid: 98306|app: 0|req: 22/88] 199.19.213.215 () {72 vars in 1452 bytes} [Sat Aug 22 10:16:55 2026] POST /compute/v2.1/os-server-groups => generated 258 bytes in 117 msecs (HTTP/1.1 200) 9 headers in 359 bytes (1 switches on core 0)
Aug 22 10:16:59.262043 np0000190519 devstack@n-api.service[98304]: DEBUG nova.api.openstack.wsgi [None req-bbfb944d-e989-4dc3-a290-4fe226356e25 demo demo] Calling method '>' {{(pid=98304) _process_stack /opt/stack/nova/nova/api/openstack/wsgi.py:551}}
Aug 22 10:16:59.262955 np0000190519 devstack@n-api.service[98304]: INFO nova.api.openstack.requestlog [None req-bbfb944d-e989-4dc3-a290-4fe226356e25 demo demo] 199.19.213.215 "GET /compute/v2.1" status: 200 len: 393 microversion: 2.1 time: 0.003590
Aug 22 10:16:59.263219 np0000190519 devstack@n-api.service[98304]: [pid: 98304|app: 0|req: 22/89] 199.19.213.215 () {62 vars in 1074 bytes} [Sat Aug 22 10:16:59 2026] GET /compute/v2.1 => generated 393 bytes in 4 msecs (HTTP/1.1 200) 9 headers in 357 bytes (1 switches on core 0)
Aug 22 10:16:59.301178 np0000190519 devstack@n-api.service[98307]: DEBUG nova.api.openstack.wsgi [None req-50fd0ee4-8bb4-47fd-93b9-30400ec1f832 demo demo] Calling method '>' {{(pid=98307) _process_stack /opt/stack/nova/nova/api/openstack/wsgi.py:551}}
Aug 22 10:16:59.306989 np0000190519 devstack@n-api.service[98307]: INFO nova.api.openstack.requestlog [None req-50fd0ee4-8bb4-47fd-93b9-30400ec1f832 demo demo] 199.19.213.215 "GET /compute/v2.1/" status: 200 len: 393 microversion: 2.1 time: 0.006454
Aug 22 10:16:59.307332 np0000190519 devstack@n-api.service[98307]: [pid: 98307|app: 0|req: 23/90] 199.19.213.215 () {62 vars in 1077 bytes} [Sat Aug 22 10:16:59 2026] GET /compute/v2.1/ => generated 393 bytes in 7 msecs (HTTP/1.1 200) 9 headers in 357 bytes (1 switches on core 0)
Aug 22 10:16:59.347340 np0000190519 devstack@n-api.service[98305]: DEBUG nova.api.openstack.wsgi [None req-8ccaa3cf-f6bd-4a2d-9c16-86ed56e4d3af demo demo] Calling method '>' {{(pid=98305) _process_stack /opt/stack/nova/nova/api/openstack/wsgi.py:551}}
Aug 22 10:16:59.372376 np0000190519 devstack@n-api.service[98305]: INFO nova.api.openstack.requestlog [None req-8ccaa3cf-f6bd-4a2d-9c16-86ed56e4d3af demo demo] 199.19.213.215 "GET /compute/v2.1/flavors/detail?is_public=None" status: 200 len: 5262 microversion: 2.61 time: 0.029181
Aug 22 10:16:59.372711 np0000190519 devstack@n-api.service[98305]: [pid: 98305|app: 0|req: 24/91] 199.19.213.215 () {68 vars in 1435 bytes} [Sat Aug 22 10:16:59 2026] GET /compute/v2.1/flavors/detail?is_public=None => generated 5262 bytes in 30 msecs (HTTP/1.1 200) 9 headers in 360 bytes (1 switches on core 0)
Aug 22 10:16:59.424604 np0000190519 devstack@n-api.service[98306]: DEBUG nova.api.openstack.wsgi [None req-0ccc1be8-383d-48bb-840a-27c78eb51d71 demo demo] Calling method '>' {{(pid=98306) _process_stack /opt/stack/nova/nova/api/openstack/wsgi.py:551}}
Aug 22 10:16:59.455881 np0000190519 devstack@n-api.service[98306]: INFO nova.api.openstack.requestlog [None req-0ccc1be8-383d-48bb-840a-27c78eb51d71 demo demo] 199.19.213.215 "GET /compute/v2.1/flavors/detail?is_public=None" status: 200 len: 5262 microversion: 2.61 time: 0.033705
Aug 22 10:16:59.456124 np0000190519 devstack@n-api.service[98306]: [pid: 98306|app: 0|req: 23/92] 199.19.213.215 () {68 vars in 1435 bytes} [Sat Aug 22 10:16:59 2026] GET /compute/v2.1/flavors/detail?is_public=None => generated 5262 bytes in 34 msecs (HTTP/1.1 200) 9 headers in 360 bytes (1 switches on core 0)
Aug 22 10:16:59.640318 np0000190519 devstack@n-api.service[98304]: DEBUG nova.api.openstack.wsgi [None req-bbfb944d-e989-4dc3-a290-4fe226356e25 demo demo] Calling method '>' {{(pid=98304) _process_stack /opt/stack/nova/nova/api/openstack/wsgi.py:551}}
Aug 22 10:16:59.646647 np0000190519 devstack@n-api.service[98304]: INFO nova.api.openstack.requestlog [None req-bbfb944d-e989-4dc3-a290-4fe226356e25 demo demo] 199.19.213.215 "GET /compute/v2.1" status: 200 len: 393 microversion: 2.1 time: 0.006760
Aug 22 10:16:59.647060 np0000190519 devstack@n-api.service[98304]: [pid: 98304|app: 0|req: 23/93] 199.19.213.215 () {62 vars in 1074 bytes} [Sat Aug 22 10:16:59 2026] GET /compute/v2.1 => generated 393 bytes in 8 msecs (HTTP/1.1 200) 9 headers in 357 bytes (1 switches on core 0)
Aug 22 10:16:59.685339 np0000190519 devstack@n-api.service[98307]: DEBUG nova.api.openstack.wsgi [None req-50fd0ee4-8bb4-47fd-93b9-30400ec1f832 demo demo] Calling method '>' {{(pid=98307) _process_stack /opt/stack/nova/nova/api/openstack/wsgi.py:551}}
Aug 22 10:16:59.690306 np0000190519 devstack@n-api.service[98307]: INFO nova.api.openstack.requestlog [None req-50fd0ee4-8bb4-47fd-93b9-30400ec1f832 demo demo] 199.19.213.215 "GET /compute/v2.1/" status: 200 len: 393 microversion: 2.1 time: 0.005486
Aug 22 10:16:59.690592 np0000190519 devstack@n-api.service[98307]: [pid: 98307|app: 0|req: 24/94] 199.19.213.215 () {62 vars in 1077 bytes} [Sat Aug 22 10:16:59 2026] GET /compute/v2.1/ => generated 393 bytes in 6 msecs (HTTP/1.1 200) 9 headers in 357 bytes (1 switches on core 0)
Aug 22 10:16:59.733909 np0000190519 devstack@n-api.service[98305]: DEBUG nova.api.openstack.wsgi [None req-45db57c6-ecd3-46a5-a4d7-cc2f883eb086 demo demo] Calling method '>' {{(pid=98305) _process_stack /opt/stack/nova/nova/api/openstack/wsgi.py:551}}
Aug 22 10:16:59.758658 np0000190519 devstack@n-api.service[98305]: INFO nova.api.openstack.requestlog [None req-45db57c6-ecd3-46a5-a4d7-cc2f883eb086 demo demo] 199.19.213.215 "GET /compute/v2.1/flavors/detail?is_public=None" status: 200 len: 5262 microversion: 2.61 time: 0.028854
Aug 22 10:16:59.759074 np0000190519 devstack@n-api.service[98305]: [pid: 98305|app: 0|req: 25/95] 199.19.213.215 () {68 vars in 1435 bytes} [Sat Aug 22 10:16:59 2026] GET /compute/v2.1/flavors/detail?is_public=None => generated 5262 bytes in 30 msecs (HTTP/1.1 200) 9 headers in 360 bytes (1 switches on core 0)
Aug 22 10:17:05.678044 np0000190519 devstack@n-api.service[98307]: DEBUG dbcounter [-] [98307] Writing DB stats nova_cell0:SELECT=4 {{(pid=98307) stat_writer /opt/stack/data/venv/lib/python3.12/site-packages/dbcounter.py:115}}
Aug 22 10:17:05.678449 np0000190519 devstack@n-api.service[98307]: DEBUG dbcounter [-] [98307] Writing DB stats nova_api:SELECT=14,nova_api:INSERT=2 {{(pid=98307) stat_writer /opt/stack/data/venv/lib/python3.12/site-packages/dbcounter.py:115}}
Aug 22 10:17:05.862082 np0000190519 devstack@n-api.service[98304]: DEBUG dbcounter [-] [98304] Writing DB stats nova_api:SELECT=2 {{(pid=98304) stat_writer /opt/stack/data/venv/lib/python3.12/site-packages/dbcounter.py:115}}
Aug 22 10:17:06.095236 np0000190519 devstack@n-api.service[98306]: DEBUG dbcounter [-] [98306] Writing DB stats nova_cell0:SELECT=4 {{(pid=98306) stat_writer /opt/stack/data/venv/lib/python3.12/site-packages/dbcounter.py:115}}
Aug 22 10:17:09.431134 np0000190519 devstack@n-api.service[98306]: DEBUG dbcounter [-] [98306] Writing DB stats nova_api:SELECT=19,nova_api:INSERT=2 {{(pid=98306) stat_writer /opt/stack/data/venv/lib/python3.12/site-packages/dbcounter.py:115}}
Aug 22 10:17:09.741632 np0000190519 devstack@n-api.service[98305]: DEBUG dbcounter [-] [98305] Writing DB stats nova_api:SELECT=8 {{(pid=98305) stat_writer /opt/stack/data/venv/lib/python3.12/site-packages/dbcounter.py:115}}
Aug 22 10:17:22.983291 np0000190519 devstack@n-api.service[98306]: DEBUG nova.api.openstack.wsgi [None req-0ccc1be8-383d-48bb-840a-27c78eb51d71 demo demo] Calling method '>' {{(pid=98306) _process_stack /opt/stack/nova/nova/api/openstack/wsgi.py:551}}
Aug 22 10:17:22.988959 np0000190519 devstack@n-api.service[98306]: INFO nova.api.openstack.requestlog [None req-0ccc1be8-383d-48bb-840a-27c78eb51d71 demo demo] 172.18.0.2 "GET /compute/v2.1/" status: 200 len: 393 microversion: 2.1 time: 0.006277
Aug 22 10:17:22.989222 np0000190519 devstack@n-api.service[98306]: [pid: 98306|app: 0|req: 24/96] 199.19.213.215 () {64 vars in 1272 bytes} [Sat Aug 22 10:17:22 2026] GET /compute/v2.1/ => generated 393 bytes in 7 msecs (HTTP/1.1 200) 9 headers in 357 bytes (1 switches on core 0)
Aug 22 10:17:22.999547 np0000190519 devstack@n-api.service[98304]: DEBUG nova.api.openstack.wsgi [None req-4d807bfe-85a2-44e8-9f67-31e0e9bf1bb9 demo demo] Calling method '>' {{(pid=98304) _process_stack /opt/stack/nova/nova/api/openstack/wsgi.py:551}}
Aug 22 10:17:23.003070 np0000190519 devstack@n-api.service[98304]: DEBUG oslo_concurrency.lockutils [None req-4d807bfe-85a2-44e8-9f67-31e0e9bf1bb9 demo demo] Acquiring lock "00000000-0000-0000-0000-000000000000" by "nova.context.set_target_cell..get_or_set_cached_cell_and_set_connections" {{(pid=98304) inner /opt/stack/data/venv/lib/python3.12/site-packages/oslo_concurrency/lockutils.py:512}}
Aug 22 10:17:23.003577 np0000190519 devstack@n-api.service[98304]: DEBUG oslo_concurrency.lockutils [None req-4d807bfe-85a2-44e8-9f67-31e0e9bf1bb9 demo demo] Lock "00000000-0000-0000-0000-000000000000" acquired by "nova.context.set_target_cell..get_or_set_cached_cell_and_set_connections" :: waited 0.000s {{(pid=98304) inner /opt/stack/data/venv/lib/python3.12/site-packages/oslo_concurrency/lockutils.py:525}}
Aug 22 10:17:23.003896 np0000190519 devstack@n-api.service[98304]: DEBUG oslo_concurrency.lockutils [None req-4d807bfe-85a2-44e8-9f67-31e0e9bf1bb9 demo demo] Lock "00000000-0000-0000-0000-000000000000" "released" by "nova.context.set_target_cell..get_or_set_cached_cell_and_set_connections" :: held 0.000s {{(pid=98304) inner /opt/stack/data/venv/lib/python3.12/site-packages/oslo_concurrency/lockutils.py:544}}
Aug 22 10:17:23.005075 np0000190519 devstack@n-api.service[98304]: DEBUG oslo_concurrency.lockutils [None req-4d807bfe-85a2-44e8-9f67-31e0e9bf1bb9 demo demo] Acquiring lock "5230148f-f094-44ed-8b0a-fb44892d85c0" by "nova.context.set_target_cell..get_or_set_cached_cell_and_set_connections" {{(pid=98304) inner /opt/stack/data/venv/lib/python3.12/site-packages/oslo_concurrency/lockutils.py:512}}
Aug 22 10:17:23.006518 np0000190519 devstack@n-api.service[98304]: DEBUG oslo_concurrency.lockutils [None req-4d807bfe-85a2-44e8-9f67-31e0e9bf1bb9 demo demo] Lock "5230148f-f094-44ed-8b0a-fb44892d85c0" acquired by "nova.context.set_target_cell..get_or_set_cached_cell_and_set_connections" :: waited 0.001s {{(pid=98304) inner /opt/stack/data/venv/lib/python3.12/site-packages/oslo_concurrency/lockutils.py:525}}
Aug 22 10:17:23.006697 np0000190519 devstack@n-api.service[98304]: DEBUG oslo_concurrency.lockutils [None req-4d807bfe-85a2-44e8-9f67-31e0e9bf1bb9 demo demo] Lock "5230148f-f094-44ed-8b0a-fb44892d85c0" "released" by "nova.context.set_target_cell..get_or_set_cached_cell_and_set_connections" :: held 0.000s {{(pid=98304) inner /opt/stack/data/venv/lib/python3.12/site-packages/oslo_concurrency/lockutils.py:544}}
Aug 22 10:17:23.078256 np0000190519 devstack@n-api.service[98304]: INFO nova.api.openstack.requestlog [None req-4d807bfe-85a2-44e8-9f67-31e0e9bf1bb9 demo demo] 172.18.0.2 "GET /compute/v2.1/os-availability-zone" status: 200 len: 97 microversion: 2.38 time: 0.082023
Aug 22 10:17:23.078844 np0000190519 devstack@n-api.service[98304]: [pid: 98304|app: 0|req: 24/97] 199.19.213.215 () {68 vars in 1415 bytes} [Sat Aug 22 10:17:22 2026] GET /compute/v2.1/os-availability-zone => generated 97 bytes in 83 msecs (HTTP/1.1 200) 9 headers in 358 bytes (1 switches on core 0)
Aug 22 10:17:23.936669 np0000190519 devstack@n-api.service[98307]: DEBUG nova.api.openstack.wsgi [None req-50fd0ee4-8bb4-47fd-93b9-30400ec1f832 demo demo] Calling method '>' {{(pid=98307) _process_stack /opt/stack/nova/nova/api/openstack/wsgi.py:551}}
Aug 22 10:17:23.942605 np0000190519 devstack@n-api.service[98307]: INFO nova.api.openstack.requestlog [None req-50fd0ee4-8bb4-47fd-93b9-30400ec1f832 demo demo] 172.18.0.2 "GET /compute/v2.1/" status: 200 len: 393 microversion: 2.1 time: 0.006566
Aug 22 10:17:23.942914 np0000190519 devstack@n-api.service[98307]: [pid: 98307|app: 0|req: 25/98] 199.19.213.215 () {64 vars in 1272 bytes} [Sat Aug 22 10:17:23 2026] GET /compute/v2.1/ => generated 393 bytes in 7 msecs (HTTP/1.1 200) 9 headers in 357 bytes (1 switches on core 0)
Aug 22 10:17:23.954827 np0000190519 devstack@n-api.service[98305]: DEBUG nova.api.openstack.wsgi [None req-46fe66a8-1415-49e1-94bf-db9e605e6196 demo demo] Calling method '>' {{(pid=98305) _process_stack /opt/stack/nova/nova/api/openstack/wsgi.py:551}}
Aug 22 10:17:23.957792 np0000190519 devstack@n-api.service[98305]: DEBUG oslo_concurrency.lockutils [None req-46fe66a8-1415-49e1-94bf-db9e605e6196 demo demo] Acquiring lock "00000000-0000-0000-0000-000000000000" by "nova.context.set_target_cell..get_or_set_cached_cell_and_set_connections" {{(pid=98305) inner /opt/stack/data/venv/lib/python3.12/site-packages/oslo_concurrency/lockutils.py:512}}
Aug 22 10:17:23.958079 np0000190519 devstack@n-api.service[98305]: DEBUG oslo_concurrency.lockutils [None req-46fe66a8-1415-49e1-94bf-db9e605e6196 demo demo] Lock "00000000-0000-0000-0000-000000000000" acquired by "nova.context.set_target_cell..get_or_set_cached_cell_and_set_connections" :: waited 0.000s {{(pid=98305) inner /opt/stack/data/venv/lib/python3.12/site-packages/oslo_concurrency/lockutils.py:525}}
Aug 22 10:17:23.958270 np0000190519 devstack@n-api.service[98305]: DEBUG oslo_concurrency.lockutils [None req-46fe66a8-1415-49e1-94bf-db9e605e6196 demo demo] Lock "00000000-0000-0000-0000-000000000000" "released" by "nova.context.set_target_cell..get_or_set_cached_cell_and_set_connections" :: held 0.000s {{(pid=98305) inner /opt/stack/data/venv/lib/python3.12/site-packages/oslo_concurrency/lockutils.py:544}}
Aug 22 10:17:23.959386 np0000190519 devstack@n-api.service[98305]: DEBUG oslo_concurrency.lockutils [None req-46fe66a8-1415-49e1-94bf-db9e605e6196 demo demo] Acquiring lock "5230148f-f094-44ed-8b0a-fb44892d85c0" by "nova.context.set_target_cell..get_or_set_cached_cell_and_set_connections" {{(pid=98305) inner /opt/stack/data/venv/lib/python3.12/site-packages/oslo_concurrency/lockutils.py:512}}
Aug 22 10:17:23.959604 np0000190519 devstack@n-api.service[98305]: DEBUG oslo_concurrency.lockutils [None req-46fe66a8-1415-49e1-94bf-db9e605e6196 demo demo] Lock "5230148f-f094-44ed-8b0a-fb44892d85c0" acquired by "nova.context.set_target_cell..get_or_set_cached_cell_and_set_connections" :: waited 0.000s {{(pid=98305) inner /opt/stack/data/venv/lib/python3.12/site-packages/oslo_concurrency/lockutils.py:525}}
Aug 22 10:17:23.959794 np0000190519 devstack@n-api.service[98305]: DEBUG oslo_concurrency.lockutils [None req-46fe66a8-1415-49e1-94bf-db9e605e6196 demo demo] Lock "5230148f-f094-44ed-8b0a-fb44892d85c0" "released" by "nova.context.set_target_cell..get_or_set_cached_cell_and_set_connections" :: held 0.000s {{(pid=98305) inner /opt/stack/data/venv/lib/python3.12/site-packages/oslo_concurrency/lockutils.py:544}}
Aug 22 10:17:24.034733 np0000190519 devstack@n-api.service[98305]: INFO nova.api.openstack.requestlog [None req-46fe66a8-1415-49e1-94bf-db9e605e6196 demo demo] 172.18.0.2 "GET /compute/v2.1/os-availability-zone" status: 200 len: 97 microversion: 2.38 time: 0.082975
Aug 22 10:17:24.035437 np0000190519 devstack@n-api.service[98305]: [pid: 98305|app: 0|req: 26/99] 199.19.213.215 () {68 vars in 1415 bytes} [Sat Aug 22 10:17:23 2026] GET /compute/v2.1/os-availability-zone => generated 97 bytes in 85 msecs (HTTP/1.1 200) 9 headers in 358 bytes (1 switches on core 0)
Aug 22 10:17:24.934313 np0000190519 devstack@n-api.service[98306]: DEBUG nova.api.openstack.wsgi [None req-0ccc1be8-383d-48bb-840a-27c78eb51d71 demo demo] Calling method '>' {{(pid=98306) _process_stack /opt/stack/nova/nova/api/openstack/wsgi.py:551}}
Aug 22 10:17:24.937845 np0000190519 devstack@n-api.service[98306]: INFO nova.api.openstack.requestlog [None req-0ccc1be8-383d-48bb-840a-27c78eb51d71 demo demo] 172.18.0.2 "GET /compute/v2.1/" status: 200 len: 393 microversion: 2.1 time: 0.003891
Aug 22 10:17:24.938095 np0000190519 devstack@n-api.service[98306]: [pid: 98306|app: 0|req: 25/100] 199.19.213.215 () {64 vars in 1272 bytes} [Sat Aug 22 10:17:24 2026] GET /compute/v2.1/ => generated 393 bytes in 4 msecs (HTTP/1.1 200) 9 headers in 357 bytes (1 switches on core 0)
Aug 22 10:17:24.948843 np0000190519 devstack@n-api.service[98304]: DEBUG nova.api.openstack.wsgi [None req-9f5f0bf1-2252-4f84-bb74-f7f3c4d382ed demo demo] Calling method '>' {{(pid=98304) _process_stack /opt/stack/nova/nova/api/openstack/wsgi.py:551}}
Aug 22 10:17:24.952264 np0000190519 devstack@n-api.service[98304]: DEBUG oslo_concurrency.lockutils [None req-9f5f0bf1-2252-4f84-bb74-f7f3c4d382ed demo demo] Acquiring lock "00000000-0000-0000-0000-000000000000" by "nova.context.set_target_cell..get_or_set_cached_cell_and_set_connections" {{(pid=98304) inner /opt/stack/data/venv/lib/python3.12/site-packages/oslo_concurrency/lockutils.py:512}}
Aug 22 10:17:24.952501 np0000190519 devstack@n-api.service[98304]: DEBUG oslo_concurrency.lockutils [None req-9f5f0bf1-2252-4f84-bb74-f7f3c4d382ed demo demo] Lock "00000000-0000-0000-0000-000000000000" acquired by "nova.context.set_target_cell..get_or_set_cached_cell_and_set_connections" :: waited 0.000s {{(pid=98304) inner /opt/stack/data/venv/lib/python3.12/site-packages/oslo_concurrency/lockutils.py:525}}
Aug 22 10:17:24.952592 np0000190519 devstack@n-api.service[98304]: DEBUG oslo_concurrency.lockutils [None req-9f5f0bf1-2252-4f84-bb74-f7f3c4d382ed demo demo] Lock "00000000-0000-0000-0000-000000000000" "released" by "nova.context.set_target_cell..get_or_set_cached_cell_and_set_connections" :: held 0.000s {{(pid=98304) inner /opt/stack/data/venv/lib/python3.12/site-packages/oslo_concurrency/lockutils.py:544}}
Aug 22 10:17:24.954943 np0000190519 devstack@n-api.service[98304]: DEBUG oslo_concurrency.lockutils [None req-9f5f0bf1-2252-4f84-bb74-f7f3c4d382ed demo demo] Acquiring lock "5230148f-f094-44ed-8b0a-fb44892d85c0" by "nova.context.set_target_cell..get_or_set_cached_cell_and_set_connections" {{(pid=98304) inner /opt/stack/data/venv/lib/python3.12/site-packages/oslo_concurrency/lockutils.py:512}}
Aug 22 10:17:24.955314 np0000190519 devstack@n-api.service[98304]: DEBUG oslo_concurrency.lockutils [None req-9f5f0bf1-2252-4f84-bb74-f7f3c4d382ed demo demo] Lock "5230148f-f094-44ed-8b0a-fb44892d85c0" acquired by "nova.context.set_target_cell..get_or_set_cached_cell_and_set_connections" :: waited 0.000s {{(pid=98304) inner /opt/stack/data/venv/lib/python3.12/site-packages/oslo_concurrency/lockutils.py:525}}
Aug 22 10:17:24.955663 np0000190519 devstack@n-api.service[98304]: DEBUG oslo_concurrency.lockutils [None req-9f5f0bf1-2252-4f84-bb74-f7f3c4d382ed demo demo] Lock "5230148f-f094-44ed-8b0a-fb44892d85c0" "released" by "nova.context.set_target_cell..get_or_set_cached_cell_and_set_connections" :: held 0.000s {{(pid=98304) inner /opt/stack/data/venv/lib/python3.12/site-packages/oslo_concurrency/lockutils.py:544}}
Aug 22 10:17:24.980633 np0000190519 devstack@n-api.service[98304]: INFO nova.api.openstack.requestlog [None req-9f5f0bf1-2252-4f84-bb74-f7f3c4d382ed demo demo] 172.18.0.2 "GET /compute/v2.1/os-availability-zone" status: 200 len: 97 microversion: 2.38 time: 0.035358
Aug 22 10:17:24.981399 np0000190519 devstack@n-api.service[98304]: [pid: 98304|app: 0|req: 25/101] 199.19.213.215 () {68 vars in 1415 bytes} [Sat Aug 22 10:17:24 2026] GET /compute/v2.1/os-availability-zone => generated 97 bytes in 37 msecs (HTTP/1.1 200) 9 headers in 358 bytes (1 switches on core 0)
Aug 22 10:17:25.562747 np0000190519 devstack@n-api.service[98307]: DEBUG nova.api.openstack.wsgi [None req-50fd0ee4-8bb4-47fd-93b9-30400ec1f832 demo demo] Calling method '>' {{(pid=98307) _process_stack /opt/stack/nova/nova/api/openstack/wsgi.py:551}}
Aug 22 10:17:25.567569 np0000190519 devstack@n-api.service[98307]: INFO nova.api.openstack.requestlog [None req-50fd0ee4-8bb4-47fd-93b9-30400ec1f832 demo demo] 172.18.0.2 "GET /compute/v2.1/" status: 200 len: 393 microversion: 2.1 time: 0.005120
Aug 22 10:17:25.568645 np0000190519 devstack@n-api.service[98307]: [pid: 98307|app: 0|req: 26/102] 199.19.213.215 () {64 vars in 1272 bytes} [Sat Aug 22 10:17:25 2026] GET /compute/v2.1/ => generated 393 bytes in 6 msecs (HTTP/1.1 200) 9 headers in 357 bytes (1 switches on core 0)
Aug 22 10:17:25.577219 np0000190519 devstack@n-api.service[98305]: DEBUG nova.api.openstack.wsgi [None req-b99da167-15ca-4406-a3ca-619e920869fd demo demo] Calling method '>' {{(pid=98305) _process_stack /opt/stack/nova/nova/api/openstack/wsgi.py:551}}
Aug 22 10:17:25.580617 np0000190519 devstack@n-api.service[98305]: DEBUG oslo_concurrency.lockutils [None req-b99da167-15ca-4406-a3ca-619e920869fd demo demo] Acquiring lock "00000000-0000-0000-0000-000000000000" by "nova.context.set_target_cell..get_or_set_cached_cell_and_set_connections" {{(pid=98305) inner /opt/stack/data/venv/lib/python3.12/site-packages/oslo_concurrency/lockutils.py:512}}
Aug 22 10:17:25.581682 np0000190519 devstack@n-api.service[98305]: DEBUG oslo_concurrency.lockutils [None req-b99da167-15ca-4406-a3ca-619e920869fd demo demo] Lock "00000000-0000-0000-0000-000000000000" acquired by "nova.context.set_target_cell..get_or_set_cached_cell_and_set_connections" :: waited 0.000s {{(pid=98305) inner /opt/stack/data/venv/lib/python3.12/site-packages/oslo_concurrency/lockutils.py:525}}
Aug 22 10:17:25.582150 np0000190519 devstack@n-api.service[98305]: DEBUG oslo_concurrency.lockutils [None req-b99da167-15ca-4406-a3ca-619e920869fd demo demo] Lock "00000000-0000-0000-0000-000000000000" "released" by "nova.context.set_target_cell..get_or_set_cached_cell_and_set_connections" :: held 0.001s {{(pid=98305) inner /opt/stack/data/venv/lib/python3.12/site-packages/oslo_concurrency/lockutils.py:544}}
Aug 22 10:17:25.583972 np0000190519 devstack@n-api.service[98305]: DEBUG oslo_concurrency.lockutils [None req-b99da167-15ca-4406-a3ca-619e920869fd demo demo] Acquiring lock "5230148f-f094-44ed-8b0a-fb44892d85c0" by "nova.context.set_target_cell..get_or_set_cached_cell_and_set_connections" {{(pid=98305) inner /opt/stack/data/venv/lib/python3.12/site-packages/oslo_concurrency/lockutils.py:512}}
Aug 22 10:17:25.585768 np0000190519 devstack@n-api.service[98305]: DEBUG oslo_concurrency.lockutils [None req-b99da167-15ca-4406-a3ca-619e920869fd demo demo] Lock "5230148f-f094-44ed-8b0a-fb44892d85c0" acquired by "nova.context.set_target_cell..get_or_set_cached_cell_and_set_connections" :: waited 0.002s {{(pid=98305) inner /opt/stack/data/venv/lib/python3.12/site-packages/oslo_concurrency/lockutils.py:525}}
Aug 22 10:17:25.586158 np0000190519 devstack@n-api.service[98305]: DEBUG oslo_concurrency.lockutils [None req-b99da167-15ca-4406-a3ca-619e920869fd demo demo] Lock "5230148f-f094-44ed-8b0a-fb44892d85c0" "released" by "nova.context.set_target_cell..get_or_set_cached_cell_and_set_connections" :: held 0.000s {{(pid=98305) inner /opt/stack/data/venv/lib/python3.12/site-packages/oslo_concurrency/lockutils.py:544}}
Aug 22 10:17:25.608948 np0000190519 devstack@n-api.service[98305]: INFO nova.api.openstack.requestlog [None req-b99da167-15ca-4406-a3ca-619e920869fd demo demo] 172.18.0.2 "GET /compute/v2.1/os-availability-zone" status: 200 len: 97 microversion: 2.38 time: 0.035171
Aug 22 10:17:25.611109 np0000190519 devstack@n-api.service[98305]: [pid: 98305|app: 0|req: 27/103] 199.19.213.215 () {68 vars in 1415 bytes} [Sat Aug 22 10:17:25 2026] GET /compute/v2.1/os-availability-zone => generated 97 bytes in 36 msecs (HTTP/1.1 200) 9 headers in 358 bytes (1 switches on core 0)
