Jul 24 15:28:55.916699 np0000186581 devstack@neutron-api.service[102073]: DEBUG oslo_concurrency.processutils [None req-15c3d24c-3c0a-4892-b856-c236fdd11555 None None] Running cmd (subprocess): ovsdb-client transact ssl:199.19.213.138:6641 --timeout 180 -p /opt/stack/data/CA/int-ca/private/devstack-cert.key -c /opt/stack/data/CA/int-ca/devstack-cert.crt -C /opt/stack/data/CA/int-ca/ca-chain.pem ["OVN_Northbound", {"op": "wait", "timeout": 0, "table": "Port_Group", "where": [["name", "==", "pvlan_pg_drop"]], "until": "==", "rows": []}, {"op": "insert", "table": "ACL", "row": {"action": "drop", "direction": "to-lport", "match": "outport == @pvlan_pg_drop && ip", "priority": 1010}, "uuid-name": "pvlandroptoport"}, {"op": "insert", "table": "ACL", "row": {"action": "drop", "direction": "from-lport", "match": "inport == @pvlan_pg_drop && ip", "priority": 1010}, "uuid-name": "pvlandropfromport"}, {"op": "insert", "table": "Port_Group", "row": {"name": "pvlan_pg_drop", "acls": ["set", [["named-uuid", "pvlandroptoport"], ["named-uuid", "pvlandropfromport"]]]}}] {{(pid=102073) execute /opt/stack/data/venv/lib/python3.12/site-packages/oslo_concurrency/processutils.py:440}}
Jul 24 15:28:55.929769 np0000186581 devstack@neutron-api.service[102071]: DEBUG neutron.common.ovn.hash_ring_manager [None req-8094db4d-9564-4714-b3d2-8dd7e77b08b7 None None] Allow caching, nodes 4>=4 {{(pid=102071) _wait_startup_before_caching /opt/stack/neutron/neutron/common/ovn/hash_ring_manager.py:71}}
Jul 24 15:28:55.941817 np0000186581 devstack@neutron-api.service[102071]: DEBUG neutron.common.ovn.hash_ring_manager [None req-8094db4d-9564-4714-b3d2-8dd7e77b08b7 None None] Hash Ring loaded. 4 active nodes. 0 offline nodes {{(pid=102071) _load_hash_ring /opt/stack/neutron/neutron/common/ovn/hash_ring_manager.py:110}}
Jul 24 15:28:55.942495 np0000186581 devstack@neutron-api.service[102071]: DEBUG neutron.plugins.ml2.drivers.ovn.mech_driver.ovsdb.ovsdb_monitor [None req-8094db4d-9564-4714-b3d2-8dd7e77b08b7 None None] Hash Ring: Node 628a431b6d305da187644f7f350b410f (host: np0000186581) handling event "create" for row 2b0c3831-a464-4369-ae66-661712532648 (table: NB_Global) {{(pid=102071) notify /opt/stack/neutron/neutron/plugins/ml2/drivers/ovn/mech_driver/ovsdb/ovsdb_monitor.py:1013}}
Jul 24 15:28:55.943918 np0000186581 devstack@neutron-api.service[102071]: INFO neutron.plugins.ml2.drivers.ovn.mech_driver.ovsdb.impl_idl_ovn [None req-8094db4d-9564-4714-b3d2-8dd7e77b08b7 None None] Getting OvsdbSbOvnIdl for WorkerService with retry
Jul 24 15:28:55.954914 np0000186581 devstack@neutron-api.service[102073]: DEBUG oslo_concurrency.processutils [None req-15c3d24c-3c0a-4892-b856-c236fdd11555 None None] CMD "ovsdb-client transact ssl:199.19.213.138:6641 --timeout 180 -p /opt/stack/data/CA/int-ca/private/devstack-cert.key -c /opt/stack/data/CA/int-ca/devstack-cert.crt -C /opt/stack/data/CA/int-ca/ca-chain.pem ["OVN_Northbound", {"op": "wait", "timeout": 0, "table": "Port_Group", "where": [["name", "==", "pvlan_pg_drop"]], "until": "==", "rows": []}, {"op": "insert", "table": "ACL", "row": {"action": "drop", "direction": "to-lport", "match": "outport == @pvlan_pg_drop && ip", "priority": 1010}, "uuid-name": "pvlandroptoport"}, {"op": "insert", "table": "ACL", "row": {"action": "drop", "direction": "from-lport", "match": "inport == @pvlan_pg_drop && ip", "priority": 1010}, "uuid-name": "pvlandropfromport"}, {"op": "insert", "table": "Port_Group", "row": {"name": "pvlan_pg_drop", "acls": ["set", [["named-uuid", "pvlandroptoport"], ["named-uuid", "pvlandropfromport"]]]}}]" returned: 0 in 0.038s {{(pid=102073) execute /opt/stack/data/venv/lib/python3.12/site-packages/oslo_concurrency/processutils.py:468}}
Jul 24 15:28:55.958895 np0000186581 devstack@neutron-api.service[102073]: WSGI app 0 (mountpoint='') ready in 7 seconds on interpreter 0x7c4e468a4668 pid: 102073 (default app)
Jul 24 15:28:55.980544 np0000186581 devstack@neutron-api.service[102071]: DEBUG ovsdbapp.backend.ovs_idl [None req-8094db4d-9564-4714-b3d2-8dd7e77b08b7 None None] Created lookup_table index Chassis.name {{(pid=102071) autocreate_indices /opt/stack/data/venv/lib/python3.12/site-packages/ovsdbapp/backend/ovs_idl/__init__.py:87}}
Jul 24 15:28:55.980707 np0000186581 devstack@neutron-api.service[102071]: DEBUG ovsdbapp.backend.ovs_idl [None req-8094db4d-9564-4714-b3d2-8dd7e77b08b7 None None] Created lookup_table index Port_Binding.logical_port {{(pid=102071) autocreate_indices /opt/stack/data/venv/lib/python3.12/site-packages/ovsdbapp/backend/ovs_idl/__init__.py:87}}
Jul 24 15:28:55.980786 np0000186581 devstack@neutron-api.service[102071]: DEBUG ovsdbapp.backend.ovs_idl [None req-8094db4d-9564-4714-b3d2-8dd7e77b08b7 None None] Created schema index Chassis_Private.name {{(pid=102071) autocreate_indices /opt/stack/data/venv/lib/python3.12/site-packages/ovsdbapp/backend/ovs_idl/__init__.py:106}}
Jul 24 15:28:55.980849 np0000186581 devstack@neutron-api.service[102071]: DEBUG ovsdbapp.backend.ovs_idl [None req-8094db4d-9564-4714-b3d2-8dd7e77b08b7 None None] Created schema index Datapath_Binding.tunnel_key {{(pid=102071) autocreate_indices /opt/stack/data/venv/lib/python3.12/site-packages/ovsdbapp/backend/ovs_idl/__init__.py:106}}
Jul 24 15:28:55.982923 np0000186581 devstack@neutron-api.service[102071]: INFO ovsdbapp.backend.ovs_idl.vlog [None req-8094db4d-9564-4714-b3d2-8dd7e77b08b7 None None] ssl:199.19.213.138:6642: connecting...
Jul 24 15:28:55.987898 np0000186581 devstack@neutron-api.service[102071]: INFO ovsdbapp.backend.ovs_idl.vlog [None req-8094db4d-9564-4714-b3d2-8dd7e77b08b7 None None] ssl:199.19.213.138:6642: connected
Jul 24 15:28:56.018587 np0000186581 devstack@neutron-api.service[102071]: DEBUG neutron.common.ovn.hash_ring_manager [None req-8094db4d-9564-4714-b3d2-8dd7e77b08b7 None None] Allow caching, nodes 4>=4 {{(pid=102071) _wait_startup_before_caching /opt/stack/neutron/neutron/common/ovn/hash_ring_manager.py:71}}
Jul 24 15:28:56.022460 np0000186581 devstack@neutron-api.service[102071]: DEBUG neutron.common.ovn.hash_ring_manager [None req-8094db4d-9564-4714-b3d2-8dd7e77b08b7 None None] Hash Ring loaded. 4 active nodes. 0 offline nodes {{(pid=102071) _load_hash_ring /opt/stack/neutron/neutron/common/ovn/hash_ring_manager.py:110}}
Jul 24 15:28:56.022944 np0000186581 devstack@neutron-api.service[102071]: DEBUG ovsdbapp.backend.ovs_idl.event [None req-8094db4d-9564-4714-b3d2-8dd7e77b08b7 None None] Matched CREATE: ChassisAgentWriteEvent(events=('create', 'update'), table='Chassis_Private', conditions=None, old_conditions=None), priority=20 to row=Chassis_Private(uuid=76693eec-6e86-40b2-b1ee-4fb2edd8707f, chassis=dfd36a49-00b3-4f2d-9aed-483520792c31, external_ids={'neutron:ovn-bridge': 'br-int', 'neutron:ovn-neutron-agent-id': 'e7c19dd6-8c64-5d85-b90a-2415ecd18aac', 'neutron:ovn-neutron-agent-sb-cfg': '0'}, name='d38d86f2-d070-4740-80db-f20ea7682876', nb_cfg=0, nb_cfg_timestamp=0) old= {{(pid=102071) matches /opt/stack/data/venv/lib/python3.12/site-packages/ovsdbapp/backend/ovs_idl/event.py:55}}
Jul 24 15:28:56.023396 np0000186581 devstack@neutron-api.service[102071]: DEBUG ovsdbapp.backend.ovs_idl.event [None req-8094db4d-9564-4714-b3d2-8dd7e77b08b7 None None] Matched CREATE: ChassisOVNAgentWriteEvent(events=('create', 'update'), table='Chassis_Private', conditions=None, old_conditions=None), priority=20 to row=Chassis_Private(uuid=76693eec-6e86-40b2-b1ee-4fb2edd8707f, chassis=dfd36a49-00b3-4f2d-9aed-483520792c31, external_ids={'neutron:ovn-bridge': 'br-int', 'neutron:ovn-neutron-agent-id': 'e7c19dd6-8c64-5d85-b90a-2415ecd18aac', 'neutron:ovn-neutron-agent-sb-cfg': '0'}, name='d38d86f2-d070-4740-80db-f20ea7682876', nb_cfg=0, nb_cfg_timestamp=0) old= {{(pid=102071) matches /opt/stack/data/venv/lib/python3.12/site-packages/ovsdbapp/backend/ovs_idl/event.py:55}}
Jul 24 15:28:56.026067 np0000186581 devstack@neutron-api.service[102071]: INFO neutron.plugins.ml2.drivers.ovn.mech_driver.mech_driver [None req-8094db4d-9564-4714-b3d2-8dd7e77b08b7 None None] WorkerService process has finished the post initialization
Jul 24 15:28:56.026590 np0000186581 devstack@neutron-api.service[102071]: DEBUG oslo_concurrency.processutils [None req-8094db4d-9564-4714-b3d2-8dd7e77b08b7 None None] Running cmd (subprocess): ovsdb-client transact ssl:199.19.213.138:6641 --timeout 180 -p /opt/stack/data/CA/int-ca/private/devstack-cert.key -c /opt/stack/data/CA/int-ca/devstack-cert.crt -C /opt/stack/data/CA/int-ca/ca-chain.pem ["OVN_Northbound", {"op": "wait", "timeout": 0, "table": "Port_Group", "where": [["name", "==", "pvlan_pg_drop"]], "until": "==", "rows": []}, {"op": "insert", "table": "ACL", "row": {"action": "drop", "direction": "to-lport", "match": "outport == @pvlan_pg_drop && ip", "priority": 1010}, "uuid-name": "pvlandroptoport"}, {"op": "insert", "table": "ACL", "row": {"action": "drop", "direction": "from-lport", "match": "inport == @pvlan_pg_drop && ip", "priority": 1010}, "uuid-name": "pvlandropfromport"}, {"op": "insert", "table": "Port_Group", "row": {"name": "pvlan_pg_drop", "acls": ["set", [["named-uuid", "pvlandroptoport"], ["named-uuid", "pvlandropfromport"]]]}}] {{(pid=102071) execute /opt/stack/data/venv/lib/python3.12/site-packages/oslo_concurrency/processutils.py:440}}
Jul 24 15:28:56.064338 np0000186581 devstack@neutron-api.service[102071]: DEBUG oslo_concurrency.processutils [None req-8094db4d-9564-4714-b3d2-8dd7e77b08b7 None None] CMD "ovsdb-client transact ssl:199.19.213.138:6641 --timeout 180 -p /opt/stack/data/CA/int-ca/private/devstack-cert.key -c /opt/stack/data/CA/int-ca/devstack-cert.crt -C /opt/stack/data/CA/int-ca/ca-chain.pem ["OVN_Northbound", {"op": "wait", "timeout": 0, "table": "Port_Group", "where": [["name", "==", "pvlan_pg_drop"]], "until": "==", "rows": []}, {"op": "insert", "table": "ACL", "row": {"action": "drop", "direction": "to-lport", "match": "outport == @pvlan_pg_drop && ip", "priority": 1010}, "uuid-name": "pvlandroptoport"}, {"op": "insert", "table": "ACL", "row": {"action": "drop", "direction": "from-lport", "match": "inport == @pvlan_pg_drop && ip", "priority": 1010}, "uuid-name": "pvlandropfromport"}, {"op": "insert", "table": "Port_Group", "row": {"name": "pvlan_pg_drop", "acls": ["set", [["named-uuid", "pvlandroptoport"], ["named-uuid", "pvlandropfromport"]]]}}]" returned: 0 in 0.037s {{(pid=102071) execute /opt/stack/data/venv/lib/python3.12/site-packages/oslo_concurrency/processutils.py:468}}
Jul 24 15:28:56.067895 np0000186581 devstack@neutron-api.service[102071]: WSGI app 0 (mountpoint='') ready in 8 seconds on interpreter 0x7c4e468a4668 pid: 102071 (default app)
Jul 24 15:28:57.378965 np0000186581 devstack@neutron-api.service[102073]: DEBUG neutron.plugins.ml2.drivers.ovn.mech_driver.ovsdb.ovsdb_monitor [-] Hash Ring: Node 10d3d26ee9745530b4b9c57623886759 (host: np0000186581) handling event "update" for row a02eb8b6-823f-406c-9a49-de81da2cebf6 (table: Connection) {{(pid=102073) notify /opt/stack/neutron/neutron/plugins/ml2/drivers/ovn/mech_driver/ovsdb/ovsdb_monitor.py:1013}}
Jul 24 15:28:57.381001 np0000186581 devstack@neutron-api.service[102070]: DEBUG neutron.common.ovn.hash_ring_manager [-] Allow caching, nodes 4>=4 {{(pid=102070) _wait_startup_before_caching /opt/stack/neutron/neutron/common/ovn/hash_ring_manager.py:71}}
Jul 24 15:28:57.381250 np0000186581 devstack@neutron-api.service[102070]: DEBUG neutron.plugins.ml2.drivers.ovn.mech_driver.ovsdb.ovsdb_monitor [-] Hash Ring: Node 74b1b2c6bd765fe6891c2bf2cf941b60 (host: np0000186581) handling event "update" for row a02eb8b6-823f-406c-9a49-de81da2cebf6 (table: Connection) {{(pid=102070) notify /opt/stack/neutron/neutron/plugins/ml2/drivers/ovn/mech_driver/ovsdb/ovsdb_monitor.py:1013}}
Jul 24 15:28:57.383394 np0000186581 devstack@neutron-api.service[102072]: DEBUG neutron.common.ovn.hash_ring_manager [-] Allow caching, nodes 4>=4 {{(pid=102072) _wait_startup_before_caching /opt/stack/neutron/neutron/common/ovn/hash_ring_manager.py:71}}
Jul 24 15:28:59.878725 np0000186581 devstack@neutron-api.service[102070]: DEBUG neutron.plugins.ml2.drivers.ovn.mech_driver.ovsdb.ovsdb_monitor [-] Hash Ring: Node 74b1b2c6bd765fe6891c2bf2cf941b60 (host: np0000186581) handling event "update" for row a02eb8b6-823f-406c-9a49-de81da2cebf6 (table: Connection) {{(pid=102070) notify /opt/stack/neutron/neutron/plugins/ml2/drivers/ovn/mech_driver/ovsdb/ovsdb_monitor.py:1013}}
Jul 24 15:28:59.883264 np0000186581 devstack@neutron-api.service[102073]: DEBUG neutron.plugins.ml2.drivers.ovn.mech_driver.ovsdb.ovsdb_monitor [-] Hash Ring: Node 10d3d26ee9745530b4b9c57623886759 (host: np0000186581) handling event "update" for row a02eb8b6-823f-406c-9a49-de81da2cebf6 (table: Connection) {{(pid=102073) notify /opt/stack/neutron/neutron/plugins/ml2/drivers/ovn/mech_driver/ovsdb/ovsdb_monitor.py:1013}}
Jul 24 15:29:02.134213 np0000186581 devstack@neutron-api.service[102070]: DEBUG neutron.api.wsgi [None req-d95eddb9-44e0-4e11-a63c-52ec5ac1c190 admin admin] Missing Content-Type {{(pid=102070) get_content_type /opt/stack/neutron/neutron/api/wsgi.py:80}}
Jul 24 15:29:02.134782 np0000186581 devstack@neutron-api.service[102070]: DEBUG neutron.api.wsgi [None req-d95eddb9-44e0-4e11-a63c-52ec5ac1c190 admin admin] https://199.19.213.138/networking/v2.0/extensions returned with HTTP 200 {{(pid=102070) __call__ /opt/stack/neutron/neutron/api/wsgi.py:540}}
Jul 24 15:29:02.134934 np0000186581 devstack@neutron-api.service[102070]: [pid: 102070|app: 0|req: 2/2] 199.19.213.138 () {64 vars in 1323 bytes} [Fri Jul 24 15:29:01 2026] GET /networking/v2.0/extensions => generated 16171 bytes in 499 msecs (HTTP/1.1 200) 4 headers in 159 bytes (1 switches on core 0)
Jul 24 15:29:02.566497 np0000186581 devstack@neutron-api.service[102072]: DEBUG neutron.api.v2.base [None req-8c7fed28-42ab-4275-8f53-66c9d964c9c0 admin admin] Request body: {'subnetpool': {'name': 'shared-default-subnetpool-v4', 'default_prefixlen': 26, 'prefixes': ['10.1.0.0/20'], 'shared': True, 'is_default': True}} {{(pid=102072) prepare_request_body /opt/stack/neutron/neutron/api/v2/base.py:727}}
Jul 24 15:29:02.787709 np0000186581 devstack@neutron-api.service[102072]: DEBUG neutron.policy [None req-8c7fed28-42ab-4275-8f53-66c9d964c9c0 admin admin] Loaded default policies from ['neutron'] under neutron.policies entry points {{(pid=102072) register_rules /opt/stack/neutron/neutron/policy.py:65}}
Jul 24 15:29:02.944015 np0000186581 devstack@neutron-api.service[102072]: DEBUG neutron_lib.callbacks.manager [None req-8c7fed28-42ab-4275-8f53-66c9d964c9c0 admin admin] Publish callbacks ['neutron.objects.securitygroup.RbacNeutronDbObjectMixin.validate_rbac_policy_change-2139459974337', 'neutron.objects.address_group.RbacNeutronDbObjectMixin.validate_rbac_policy_change-2139459982110', 'neutron.objects.network.RbacNeutronDbObjectMixin.validate_rbac_policy_change-2139460000370', 'neutron.objects.qos.policy.RbacNeutronDbObjectMixin.validate_rbac_policy_change-2139459999081', 'neutron.objects.subnetpool.RbacNeutronDbObjectMixin.validate_rbac_policy_change-2139460010352', 'neutron.objects.address_scope.RbacNeutronDbObjectMixin.validate_rbac_policy_change-2139460010045', 'neutron.plugins.ml2.plugin.External_net_db_mixin._process_ext_policy_create-133290507', 'neutron.plugins.ml2.plugin.NeutronDbPluginV2.validate_network_rbac_policy_change-133292647'] for rbac-policy (None), before_create {{(pid=102072) _notify_loop /opt/stack/data/venv/lib/python3.12/site-packages/neutron_lib/callbacks/manager.py:184}}
Jul 24 15:29:03.003427 np0000186581 devstack@neutron-api.service[102072]: DEBUG neutron_lib.callbacks.manager [None req-8c7fed28-42ab-4275-8f53-66c9d964c9c0 admin admin] Publish callbacks [] for subnetpool (None), before_response {{(pid=102072) _notify_loop /opt/stack/data/venv/lib/python3.12/site-packages/neutron_lib/callbacks/manager.py:184}}
Jul 24 15:29:03.004259 np0000186581 devstack@neutron-api.service[102072]: [pid: 102072|app: 0|req: 1/3] 199.19.213.138 () {68 vars in 1367 bytes} [Fri Jul 24 15:29:02 2026] POST /networking/v2.0/subnetpools => generated 533 bytes in 563 msecs (HTTP/1.1 201) 4 headers in 162 bytes (1 switches on core 0)
Jul 24 15:29:03.378662 np0000186581 devstack@neutron-api.service[102073]: DEBUG neutron.api.v2.base [None req-fb39c6e6-c7d0-4396-8fe4-8571d933fd6d admin admin] Request body: {'subnetpool': {'name': 'shared-default-subnetpool-v6', 'default_prefixlen': 64, 'prefixes': ['fde8:494c:2c4f::/56'], 'shared': True, 'is_default': True}} {{(pid=102073) prepare_request_body /opt/stack/neutron/neutron/api/v2/base.py:727}}
Jul 24 15:29:03.554615 np0000186581 devstack@neutron-api.service[102073]: DEBUG neutron.policy [None req-fb39c6e6-c7d0-4396-8fe4-8571d933fd6d admin admin] Loaded default policies from ['neutron'] under neutron.policies entry points {{(pid=102073) register_rules /opt/stack/neutron/neutron/policy.py:65}}
Jul 24 15:29:03.745233 np0000186581 devstack@neutron-api.service[102073]: DEBUG neutron_lib.callbacks.manager [None req-fb39c6e6-c7d0-4396-8fe4-8571d933fd6d admin admin] Publish callbacks ['neutron.objects.securitygroup.RbacNeutronDbObjectMixin.validate_rbac_policy_change-2139459974337', 'neutron.objects.address_group.RbacNeutronDbObjectMixin.validate_rbac_policy_change-2139459982110', 'neutron.objects.network.RbacNeutronDbObjectMixin.validate_rbac_policy_change-2139460000370', 'neutron.objects.qos.policy.RbacNeutronDbObjectMixin.validate_rbac_policy_change-2139459999081', 'neutron.objects.subnetpool.RbacNeutronDbObjectMixin.validate_rbac_policy_change-2139460010352', 'neutron.objects.address_scope.RbacNeutronDbObjectMixin.validate_rbac_policy_change-2139460010045', 'neutron.plugins.ml2.plugin.External_net_db_mixin._process_ext_policy_create-215927', 'neutron.plugins.ml2.plugin.NeutronDbPluginV2.validate_network_rbac_policy_change-226075'] for rbac-policy (None), before_create {{(pid=102073) _notify_loop /opt/stack/data/venv/lib/python3.12/site-packages/neutron_lib/callbacks/manager.py:184}}
Jul 24 15:29:03.821147 np0000186581 devstack@neutron-api.service[102073]: DEBUG neutron_lib.callbacks.manager [None req-fb39c6e6-c7d0-4396-8fe4-8571d933fd6d admin admin] Publish callbacks [] for subnetpool (None), before_response {{(pid=102073) _notify_loop /opt/stack/data/venv/lib/python3.12/site-packages/neutron_lib/callbacks/manager.py:184}}
Jul 24 15:29:03.821779 np0000186581 devstack@neutron-api.service[102073]: [pid: 102073|app: 0|req: 1/4] 199.19.213.138 () {68 vars in 1367 bytes} [Fri Jul 24 15:29:03 2026] POST /networking/v2.0/subnetpools => generated 543 bytes in 573 msecs (HTTP/1.1 201) 4 headers in 162 bytes (1 switches on core 0)
Jul 24 15:29:04.258448 np0000186581 devstack@neutron-api.service[102071]: DEBUG neutron.api.v2.base [None req-457cea5e-82da-47d6-9174-aab7f17378ed admin admin] Request body: {'network': {'admin_state_up': True, 'name': 'private'}} {{(pid=102071) prepare_request_body /opt/stack/neutron/neutron/api/v2/base.py:727}}
Jul 24 15:29:04.303337 np0000186581 devstack@neutron-api.service[102071]: DEBUG neutron.pecan_wsgi.hooks.quota_enforcement [None req-457cea5e-82da-47d6-9174-aab7f17378ed admin admin] Made reservation on behalf of 5313fb776c814cf5a03f026e2f8fb6e1 for: {'network': 1} {{(pid=102071) before /opt/stack/neutron/neutron/pecan_wsgi/hooks/quota_enforcement.py:66}}
Jul 24 15:29:04.470566 np0000186581 devstack@neutron-api.service[102071]: DEBUG neutron.policy [None req-457cea5e-82da-47d6-9174-aab7f17378ed admin admin] Loaded default policies from ['neutron'] under neutron.policies entry points {{(pid=102071) register_rules /opt/stack/neutron/neutron/policy.py:65}}
Jul 24 15:29:04.586799 np0000186581 devstack@neutron-api.service[102071]: DEBUG neutron_lib.callbacks.manager [None req-457cea5e-82da-47d6-9174-aab7f17378ed admin admin] Publish callbacks ['neutron.plugins.ml2.plugin.SecurityGroupDbMixin._ensure_default_security_group_handler-896862'] for network (None), before_create {{(pid=102071) _notify_loop /opt/stack/data/venv/lib/python3.12/site-packages/neutron_lib/callbacks/manager.py:184}}
Jul 24 15:29:04.614864 np0000186581 devstack@neutron-api.service[102071]: DEBUG neutron_lib.callbacks.manager [None req-457cea5e-82da-47d6-9174-aab7f17378ed admin admin] Publish callbacks [] for security_group (None), before_create {{(pid=102071) _notify_loop /opt/stack/data/venv/lib/python3.12/site-packages/neutron_lib/callbacks/manager.py:184}}
Jul 24 15:29:04.732417 np0000186581 devstack@neutron-api.service[102071]: DEBUG neutron_lib.callbacks.manager [None req-457cea5e-82da-47d6-9174-aab7f17378ed admin admin] Publish callbacks ['neutron.plugins.ml2.drivers.ovn.mech_driver.mech_driver.OVNMechanismDriver._create_security_group_precommit-356388'] for security_group (e2d4d748-a0cf-43a9-86ae-946227575214), precommit_create {{(pid=102071) _notify_loop /opt/stack/data/venv/lib/python3.12/site-packages/neutron_lib/callbacks/manager.py:184}}
Jul 24 15:29:04.732417 np0000186581 devstack@neutron-api.service[102071]: DEBUG neutron.db.ovn_revision_numbers_db [None req-457cea5e-82da-47d6-9174-aab7f17378ed admin admin] create_initial_revision uuid=e2d4d748-a0cf-43a9-86ae-946227575214, type=security_groups, rev=-1 {{(pid=102071) create_initial_revision /opt/stack/neutron/neutron/db/ovn_revision_numbers_db.py:98}}
Jul 24 15:29:04.734910 np0000186581 devstack@neutron-api.service[102071]: DEBUG neutron.db.ovn_revision_numbers_db [None req-457cea5e-82da-47d6-9174-aab7f17378ed admin admin] create_initial_revision uuid=23fcfdf8-779e-4c02-a05d-dc91dad6661d, type=security_group_rules, rev=-1 {{(pid=102071) create_initial_revision /opt/stack/neutron/neutron/db/ovn_revision_numbers_db.py:98}}
Jul 24 15:29:04.735911 np0000186581 devstack@neutron-api.service[102071]: DEBUG neutron.db.ovn_revision_numbers_db [None req-457cea5e-82da-47d6-9174-aab7f17378ed admin admin] create_initial_revision uuid=83101dfd-4119-43db-a773-cb9c24eb44eb, type=security_group_rules, rev=-1 {{(pid=102071) create_initial_revision /opt/stack/neutron/neutron/db/ovn_revision_numbers_db.py:98}}
Jul 24 15:29:04.737122 np0000186581 devstack@neutron-api.service[102071]: DEBUG neutron.db.ovn_revision_numbers_db [None req-457cea5e-82da-47d6-9174-aab7f17378ed admin admin] create_initial_revision uuid=a7033b4a-842b-4beb-a36f-cd90abafb586, type=security_group_rules, rev=-1 {{(pid=102071) create_initial_revision /opt/stack/neutron/neutron/db/ovn_revision_numbers_db.py:98}}
Jul 24 15:29:04.738195 np0000186581 devstack@neutron-api.service[102071]: DEBUG neutron.db.ovn_revision_numbers_db [None req-457cea5e-82da-47d6-9174-aab7f17378ed admin admin] create_initial_revision uuid=af585319-c9bb-402d-95f8-9214f00ceeb9, type=security_group_rules, rev=-1 {{(pid=102071) create_initial_revision /opt/stack/neutron/neutron/db/ovn_revision_numbers_db.py:98}}
Jul 24 15:29:04.745922 np0000186581 devstack@neutron-api.service[102071]: DEBUG neutron_lib.callbacks.manager [None req-457cea5e-82da-47d6-9174-aab7f17378ed admin admin] Publish callbacks ['neutron.plugins.ml2.drivers.ovn.mech_driver.mech_driver.OVNMechanismDriver._create_security_group-356562', 'neutron.plugins.ml2.ovo_rpc._ObjectChangeHandler.handle_event-2524627'] for security_group (e2d4d748-a0cf-43a9-86ae-946227575214), after_create {{(pid=102071) _notify_loop /opt/stack/data/venv/lib/python3.12/site-packages/neutron_lib/callbacks/manager.py:184}}
Jul 24 15:29:04.746174 np0000186581 devstack@neutron-api.service[102071]: INFO neutron.plugins.ml2.drivers.ovn.mech_driver.ovsdb.extensions.qos [None req-457cea5e-82da-47d6-9174-aab7f17378ed admin admin] Starting OVNClientQosExtension
Jul 24 15:29:04.746174 np0000186581 devstack@neutron-api.service[102071]: INFO neutron.plugins.ml2.drivers.ovn.mech_driver.ovsdb.extensions.placement [None req-457cea5e-82da-47d6-9174-aab7f17378ed admin admin] Starting OVNClientPlacementExtension
Jul 24 15:29:04.747708 np0000186581 devstack@neutron-api.service[102071]: DEBUG ovsdbapp.backend.ovs_idl.transaction [-] Running txn n=1 command(idx=0): PgAddCommand(_result=None, name=pg_e2d4d748_a0cf_43a9_86ae_946227575214, may_exist=False, columns={'acls': [], 'external_ids': {'neutron:security_group_id': 'e2d4d748-a0cf-43a9-86ae-946227575214'}}) {{(pid=102071) do_commit /opt/stack/data/venv/lib/python3.12/site-packages/ovsdbapp/backend/ovs_idl/transaction.py:89}}
Jul 24 15:29:04.750075 np0000186581 devstack@neutron-api.service[102071]: DEBUG ovsdbapp.backend.ovs_idl.transaction [-] Running txn n=1 command(idx=1): PgAclAddCommand(_result=None, entity=pg_e2d4d748_a0cf_43a9_86ae_946227575214, direction=to-lport, priority=1002, match=outport == @pg_e2d4d748_a0cf_43a9_86ae_946227575214 && ip4 && ip4.src == $pg_e2d4d748_a0cf_43a9_86ae_946227575214_ip4, action=allow-related, log=False, may_exist=True, severity=[], name=[], meter=[], external_ids={'neutron:security_group_rule_id': '23fcfdf8-779e-4c02-a05d-dc91dad6661d'}) {{(pid=102071) do_commit /opt/stack/data/venv/lib/python3.12/site-packages/ovsdbapp/backend/ovs_idl/transaction.py:89}}
Jul 24 15:29:04.750895 np0000186581 devstack@neutron-api.service[102071]: DEBUG ovsdbapp.backend.ovs_idl.transaction [-] Running txn n=1 command(idx=2): PgAclAddCommand(_result=None, entity=pg_e2d4d748_a0cf_43a9_86ae_946227575214, direction=from-lport, priority=1002, match=inport == @pg_e2d4d748_a0cf_43a9_86ae_946227575214 && ip6, action=allow-related, log=False, may_exist=True, severity=[], name=[], meter=[], external_ids={'neutron:security_group_rule_id': '83101dfd-4119-43db-a773-cb9c24eb44eb'}) {{(pid=102071) do_commit /opt/stack/data/venv/lib/python3.12/site-packages/ovsdbapp/backend/ovs_idl/transaction.py:89}}
Jul 24 15:29:04.751580 np0000186581 devstack@neutron-api.service[102071]: DEBUG ovsdbapp.backend.ovs_idl.transaction [-] Running txn n=1 command(idx=3): PgAclAddCommand(_result=None, entity=pg_e2d4d748_a0cf_43a9_86ae_946227575214, direction=to-lport, priority=1002, match=outport == @pg_e2d4d748_a0cf_43a9_86ae_946227575214 && ip6 && ip6.src == $pg_e2d4d748_a0cf_43a9_86ae_946227575214_ip6, action=allow-related, log=False, may_exist=True, severity=[], name=[], meter=[], external_ids={'neutron:security_group_rule_id': 'a7033b4a-842b-4beb-a36f-cd90abafb586'}) {{(pid=102071) do_commit /opt/stack/data/venv/lib/python3.12/site-packages/ovsdbapp/backend/ovs_idl/transaction.py:89}}
Jul 24 15:29:04.752176 np0000186581 devstack@neutron-api.service[102071]: DEBUG ovsdbapp.backend.ovs_idl.transaction [-] Running txn n=1 command(idx=4): PgAclAddCommand(_result=None, entity=pg_e2d4d748_a0cf_43a9_86ae_946227575214, direction=from-lport, priority=1002, match=inport == @pg_e2d4d748_a0cf_43a9_86ae_946227575214 && ip4, action=allow-related, log=False, may_exist=True, severity=[], name=[], meter=[], external_ids={'neutron:security_group_rule_id': 'af585319-c9bb-402d-95f8-9214f00ceeb9'}) {{(pid=102071) do_commit /opt/stack/data/venv/lib/python3.12/site-packages/ovsdbapp/backend/ovs_idl/transaction.py:89}}
Jul 24 15:29:04.758974 np0000186581 devstack@neutron-api.service[102070]: DEBUG neutron.plugins.ml2.drivers.ovn.mech_driver.ovsdb.ovsdb_monitor [-] Hash Ring: Node 74b1b2c6bd765fe6891c2bf2cf941b60 (host: np0000186581) handling event "create" for row 189d58ec-2b6d-4b1a-97d8-90cbd84a9d7b (table: ACL) {{(pid=102070) notify /opt/stack/neutron/neutron/plugins/ml2/drivers/ovn/mech_driver/ovsdb/ovsdb_monitor.py:1013}}
Jul 24 15:29:04.759352 np0000186581 devstack@neutron-api.service[102070]: DEBUG neutron.plugins.ml2.drivers.ovn.mech_driver.ovsdb.ovsdb_monitor [-] Hash Ring: Node 74b1b2c6bd765fe6891c2bf2cf941b60 (host: np0000186581) handling event "create" for row 1a6b96fe-2b18-4eb7-a275-8b45db143298 (table: ACL) {{(pid=102070) notify /opt/stack/neutron/neutron/plugins/ml2/drivers/ovn/mech_driver/ovsdb/ovsdb_monitor.py:1013}}
Jul 24 15:29:04.759352 np0000186581 devstack@neutron-api.service[102070]: DEBUG neutron.plugins.ml2.drivers.ovn.mech_driver.ovsdb.ovsdb_monitor [-] Hash Ring: Node 74b1b2c6bd765fe6891c2bf2cf941b60 (host: np0000186581) handling event "create" for row 385088b0-3a23-4fa4-bb7e-a03efd5edda0 (table: ACL) {{(pid=102070) notify /opt/stack/neutron/neutron/plugins/ml2/drivers/ovn/mech_driver/ovsdb/ovsdb_monitor.py:1013}}
Jul 24 15:29:04.759457 np0000186581 devstack@neutron-api.service[102070]: DEBUG neutron.plugins.ml2.drivers.ovn.mech_driver.ovsdb.ovsdb_monitor [-] Hash Ring: Node 74b1b2c6bd765fe6891c2bf2cf941b60 (host: np0000186581) handling event "create" for row 7ff4569d-8178-4db1-939d-cc50ab7807c4 (table: ACL) {{(pid=102070) notify /opt/stack/neutron/neutron/plugins/ml2/drivers/ovn/mech_driver/ovsdb/ovsdb_monitor.py:1013}}
Jul 24 15:29:04.759592 np0000186581 devstack@neutron-api.service[102070]: DEBUG neutron.plugins.ml2.drivers.ovn.mech_driver.ovsdb.ovsdb_monitor [-] Hash Ring: Node 74b1b2c6bd765fe6891c2bf2cf941b60 (host: np0000186581) handling event "create" for row ca6e374f-806f-4bd9-996a-fb1de6afead1 (table: Port_Group) {{(pid=102070) notify /opt/stack/neutron/neutron/plugins/ml2/drivers/ovn/mech_driver/ovsdb/ovsdb_monitor.py:1013}}
Jul 24 15:29:04.762891 np0000186581 devstack@neutron-api.service[102072]: DEBUG neutron.plugins.ml2.drivers.ovn.mech_driver.ovsdb.ovsdb_monitor [-] Hash Ring: Node c52c59a1e4bf543e9809e32e512dcda5 (host: np0000186581) handling event "create" for row 1a6b96fe-2b18-4eb7-a275-8b45db143298 (table: ACL) {{(pid=102072) notify /opt/stack/neutron/neutron/plugins/ml2/drivers/ovn/mech_driver/ovsdb/ovsdb_monitor.py:1013}}
Jul 24 15:29:04.763265 np0000186581 devstack@neutron-api.service[102072]: DEBUG neutron.plugins.ml2.drivers.ovn.mech_driver.ovsdb.ovsdb_monitor [-] Hash Ring: Node c52c59a1e4bf543e9809e32e512dcda5 (host: np0000186581) handling event "create" for row ca6e374f-806f-4bd9-996a-fb1de6afead1 (table: Port_Group) {{(pid=102072) notify /opt/stack/neutron/neutron/plugins/ml2/drivers/ovn/mech_driver/ovsdb/ovsdb_monitor.py:1013}}
Jul 24 15:29:04.763915 np0000186581 devstack@neutron-api.service[102071]: DEBUG neutron.plugins.ml2.drivers.ovn.mech_driver.ovsdb.ovsdb_monitor [-] Hash Ring: Node 628a431b6d305da187644f7f350b410f (host: np0000186581) handling event "create" for row 189d58ec-2b6d-4b1a-97d8-90cbd84a9d7b (table: ACL) {{(pid=102071) notify /opt/stack/neutron/neutron/plugins/ml2/drivers/ovn/mech_driver/ovsdb/ovsdb_monitor.py:1013}}
Jul 24 15:29:04.764359 np0000186581 devstack@neutron-api.service[102071]: DEBUG neutron.plugins.ml2.drivers.ovn.mech_driver.ovsdb.ovsdb_monitor [-] Hash Ring: Node 628a431b6d305da187644f7f350b410f (host: np0000186581) handling event "create" for row 1a6b96fe-2b18-4eb7-a275-8b45db143298 (table: ACL) {{(pid=102071) notify /opt/stack/neutron/neutron/plugins/ml2/drivers/ovn/mech_driver/ovsdb/ovsdb_monitor.py:1013}}
Jul 24 15:29:04.764674 np0000186581 devstack@neutron-api.service[102071]: DEBUG neutron.plugins.ml2.drivers.ovn.mech_driver.ovsdb.ovsdb_monitor [-] Hash Ring: Node 628a431b6d305da187644f7f350b410f (host: np0000186581) handling event "create" for row 7ff4569d-8178-4db1-939d-cc50ab7807c4 (table: ACL) {{(pid=102071) notify /opt/stack/neutron/neutron/plugins/ml2/drivers/ovn/mech_driver/ovsdb/ovsdb_monitor.py:1013}}
Jul 24 15:29:04.764924 np0000186581 devstack@neutron-api.service[102071]: DEBUG neutron.plugins.ml2.drivers.ovn.mech_driver.ovsdb.ovsdb_monitor [-] Hash Ring: Node 628a431b6d305da187644f7f350b410f (host: np0000186581) handling event "create" for row ca6e374f-806f-4bd9-996a-fb1de6afead1 (table: Port_Group) {{(pid=102071) notify /opt/stack/neutron/neutron/plugins/ml2/drivers/ovn/mech_driver/ovsdb/ovsdb_monitor.py:1013}}
Jul 24 15:29:04.804614 np0000186581 devstack@neutron-api.service[102071]: INFO neutron.db.ovn_revision_numbers_db [None req-457cea5e-82da-47d6-9174-aab7f17378ed admin admin] Successfully bumped revision number for resource e2d4d748-a0cf-43a9-86ae-946227575214 (type: security_groups) to 1
Jul 24 15:29:04.823950 np0000186581 devstack@neutron-api.service[102071]: INFO neutron.db.ovn_revision_numbers_db [None req-457cea5e-82da-47d6-9174-aab7f17378ed admin admin] Successfully bumped revision number for resource 23fcfdf8-779e-4c02-a05d-dc91dad6661d (type: security_group_rules) to 0
Jul 24 15:29:04.840448 np0000186581 devstack@neutron-api.service[102071]: INFO neutron.db.ovn_revision_numbers_db [None req-457cea5e-82da-47d6-9174-aab7f17378ed admin admin] Successfully bumped revision number for resource 83101dfd-4119-43db-a773-cb9c24eb44eb (type: security_group_rules) to 0
Jul 24 15:29:04.858265 np0000186581 devstack@neutron-api.service[102071]: INFO neutron.db.ovn_revision_numbers_db [None req-457cea5e-82da-47d6-9174-aab7f17378ed admin admin] Successfully bumped revision number for resource a7033b4a-842b-4beb-a36f-cd90abafb586 (type: security_group_rules) to 0
Jul 24 15:29:04.876191 np0000186581 devstack@neutron-api.service[102071]: INFO neutron.db.ovn_revision_numbers_db [None req-457cea5e-82da-47d6-9174-aab7f17378ed admin admin] Successfully bumped revision number for resource af585319-c9bb-402d-95f8-9214f00ceeb9 (type: security_group_rules) to 0
Jul 24 15:29:04.908412 np0000186581 devstack@neutron-api.service[102071]: DEBUG neutron.api.rpc.handlers.resources_rpc [None req-457cea5e-82da-47d6-9174-aab7f17378ed admin admin] Pushing event updated for resources: {'SecurityGroup': ['ID=e2d4d748-a0cf-43a9-86ae-946227575214,revision_number=1']} {{(pid=102071) push /opt/stack/neutron/neutron/api/rpc/handlers/resources_rpc.py:237}}
Jul 24 15:29:04.916629 np0000186581 devstack@neutron-api.service[102071]: DEBUG ovsdbapp.backend.ovs_idl.transaction [-] Running txn n=1 command(idx=0): CheckLivenessCommand(_result=None) {{(pid=102071) do_commit /opt/stack/data/venv/lib/python3.12/site-packages/ovsdbapp/backend/ovs_idl/transaction.py:89}}
Jul 24 15:29:04.919728 np0000186581 devstack@neutron-api.service[102071]: DEBUG neutron.plugins.ml2.drivers.ovn.mech_driver.ovsdb.ovsdb_monitor [-] Hash Ring: Node 628a431b6d305da187644f7f350b410f (host: np0000186581) handling event "update" for row 2b0c3831-a464-4369-ae66-661712532648 (table: NB_Global) {{(pid=102071) notify /opt/stack/neutron/neutron/plugins/ml2/drivers/ovn/mech_driver/ovsdb/ovsdb_monitor.py:1013}}
Jul 24 15:29:04.920877 np0000186581 devstack@neutron-api.service[102070]: DEBUG neutron.plugins.ml2.drivers.ovn.mech_driver.ovsdb.ovsdb_monitor [-] Hash Ring: Node 74b1b2c6bd765fe6891c2bf2cf941b60 (host: np0000186581) handling event "update" for row 2b0c3831-a464-4369-ae66-661712532648 (table: NB_Global) {{(pid=102070) notify /opt/stack/neutron/neutron/plugins/ml2/drivers/ovn/mech_driver/ovsdb/ovsdb_monitor.py:1013}}
Jul 24 15:29:04.921865 np0000186581 devstack@neutron-api.service[102072]: DEBUG neutron.plugins.ml2.drivers.ovn.mech_driver.ovsdb.ovsdb_monitor [-] Hash Ring: Node c52c59a1e4bf543e9809e32e512dcda5 (host: np0000186581) handling event "update" for row 2b0c3831-a464-4369-ae66-661712532648 (table: NB_Global) {{(pid=102072) notify /opt/stack/neutron/neutron/plugins/ml2/drivers/ovn/mech_driver/ovsdb/ovsdb_monitor.py:1013}}
Jul 24 15:29:04.923164 np0000186581 devstack@neutron-api.service[102071]: DEBUG neutron.api.rpc.callbacks.version_manager [None req-457cea5e-82da-47d6-9174-aab7f17378ed admin admin] Tracked resource versions report:
Jul 24 15:29:04.923164 np0000186581 devstack@neutron-api.service[102071]: pushed versions:
Jul 24 15:29:04.923164 np0000186581 devstack@neutron-api.service[102071]: { 'AddressGroup': {'1.2'},
Jul 24 15:29:04.923164 np0000186581 devstack@neutron-api.service[102071]: 'Agent': {'1.1'},
Jul 24 15:29:04.923164 np0000186581 devstack@neutron-api.service[102071]: 'ConntrackHelper': {'1.0'},
Jul 24 15:29:04.923164 np0000186581 devstack@neutron-api.service[102071]: 'LocalIPAssociation': {'1.0'},
Jul 24 15:29:04.923164 np0000186581 devstack@neutron-api.service[102071]: 'Log': {'1.0'},
Jul 24 15:29:04.923164 np0000186581 devstack@neutron-api.service[102071]: 'NDPProxy': {'1.0'},
Jul 24 15:29:04.923164 np0000186581 devstack@neutron-api.service[102071]: 'Network': {'1.3'},
Jul 24 15:29:04.923164 np0000186581 devstack@neutron-api.service[102071]: 'Port': {'1.11'},
Jul 24 15:29:04.923164 np0000186581 devstack@neutron-api.service[102071]: 'PortForwarding': {'1.3'},
Jul 24 15:29:04.923164 np0000186581 devstack@neutron-api.service[102071]: 'QosPolicy': {'1.10'},
Jul 24 15:29:04.923164 np0000186581 devstack@neutron-api.service[102071]: 'SecurityGroup': {'1.6'},
Jul 24 15:29:04.923164 np0000186581 devstack@neutron-api.service[102071]: 'SecurityGroupRule': {'1.3'},
Jul 24 15:29:04.923164 np0000186581 devstack@neutron-api.service[102071]: 'SubPort': {'1.0'},
Jul 24 15:29:04.923164 np0000186581 devstack@neutron-api.service[102071]: 'Subnet': {'1.2'},
Jul 24 15:29:04.923164 np0000186581 devstack@neutron-api.service[102071]: 'Trunk': {'1.1'}}
Jul 24 15:29:04.923164 np0000186581 devstack@neutron-api.service[102071]: consumer versions:
Jul 24 15:29:04.923164 np0000186581 devstack@neutron-api.service[102071]: {}
Jul 24 15:29:04.923164 np0000186581 devstack@neutron-api.service[102071]: {{(pid=102071) report /opt/stack/neutron/neutron/api/rpc/callbacks/version_manager.py:183}}
Jul 24 15:29:04.924701 np0000186581 devstack@neutron-api.service[102070]: DEBUG ovsdbapp.backend.ovs_idl.event [-] Matched UPDATE: ChassisAgentWriteEvent(events=('create', 'update'), table='Chassis_Private', conditions=None, old_conditions=None), priority=20 to row=Chassis_Private(uuid=76693eec-6e86-40b2-b1ee-4fb2edd8707f, chassis=dfd36a49-00b3-4f2d-9aed-483520792c31, external_ids={'neutron:ovn-bridge': 'br-int', 'neutron:ovn-neutron-agent-id': 'e7c19dd6-8c64-5d85-b90a-2415ecd18aac', 'neutron:ovn-neutron-agent-sb-cfg': '0'}, name='d38d86f2-d070-4740-80db-f20ea7682876', nb_cfg=1, nb_cfg_timestamp=1784906944920) old=Chassis_Private(uuid=76693eec-6e86-40b2-b1ee-4fb2edd8707f, nb_cfg=0, nb_cfg_timestamp=0) {{(pid=102070) matches /opt/stack/data/venv/lib/python3.12/site-packages/ovsdbapp/backend/ovs_idl/event.py:55}}
Jul 24 15:29:04.926370 np0000186581 devstack@neutron-api.service[102072]: DEBUG neutron.plugins.ml2.drivers.ovn.mech_driver.ovsdb.ovsdb_monitor [-] Hash Ring: Node c52c59a1e4bf543e9809e32e512dcda5 (host: np0000186581) handling event "update" for row 2b0c3831-a464-4369-ae66-661712532648 (table: NB_Global) {{(pid=102072) notify /opt/stack/neutron/neutron/plugins/ml2/drivers/ovn/mech_driver/ovsdb/ovsdb_monitor.py:1013}}
Jul 24 15:29:04.928251 np0000186581 devstack@neutron-api.service[102070]: DEBUG neutron.plugins.ml2.drivers.ovn.mech_driver.ovsdb.ovsdb_monitor [-] Hash Ring: Node 74b1b2c6bd765fe6891c2bf2cf941b60 (host: np0000186581) handling event "update" for row 2b0c3831-a464-4369-ae66-661712532648 (table: NB_Global) {{(pid=102070) notify /opt/stack/neutron/neutron/plugins/ml2/drivers/ovn/mech_driver/ovsdb/ovsdb_monitor.py:1013}}
Jul 24 15:29:04.928755 np0000186581 devstack@neutron-api.service[102070]: DEBUG neutron.plugins.ml2.drivers.ovn.mech_driver.ovsdb.ovsdb_monitor [-] Hash Ring: Node 74b1b2c6bd765fe6891c2bf2cf941b60 (host: np0000186581) handling event "update" for row 2b0c3831-a464-4369-ae66-661712532648 (table: NB_Global) {{(pid=102070) notify /opt/stack/neutron/neutron/plugins/ml2/drivers/ovn/mech_driver/ovsdb/ovsdb_monitor.py:1013}}
Jul 24 15:29:04.929356 np0000186581 devstack@neutron-api.service[102070]: DEBUG neutron.plugins.ml2.drivers.ovn.mech_driver.ovsdb.ovsdb_monitor [-] Hash Ring: Node 74b1b2c6bd765fe6891c2bf2cf941b60 (host: np0000186581) handling event "update" for row 2b0c3831-a464-4369-ae66-661712532648 (table: NB_Global) {{(pid=102070) notify /opt/stack/neutron/neutron/plugins/ml2/drivers/ovn/mech_driver/ovsdb/ovsdb_monitor.py:1013}}
Jul 24 15:29:04.930572 np0000186581 devstack@neutron-api.service[102072]: DEBUG ovsdbapp.backend.ovs_idl.event [-] Matched UPDATE: ChassisAgentWriteEvent(events=('create', 'update'), table='Chassis_Private', conditions=None, old_conditions=None), priority=20 to row=Chassis_Private(uuid=76693eec-6e86-40b2-b1ee-4fb2edd8707f, chassis=dfd36a49-00b3-4f2d-9aed-483520792c31, external_ids={'neutron:ovn-bridge': 'br-int', 'neutron:ovn-neutron-agent-id': 'e7c19dd6-8c64-5d85-b90a-2415ecd18aac', 'neutron:ovn-neutron-agent-sb-cfg': '0'}, name='d38d86f2-d070-4740-80db-f20ea7682876', nb_cfg=1, nb_cfg_timestamp=1784906944920) old=Chassis_Private(uuid=76693eec-6e86-40b2-b1ee-4fb2edd8707f, nb_cfg=0, nb_cfg_timestamp=0) {{(pid=102072) matches /opt/stack/data/venv/lib/python3.12/site-packages/ovsdbapp/backend/ovs_idl/event.py:55}}
Jul 24 15:29:04.930688 np0000186581 devstack@neutron-api.service[102073]: DEBUG ovsdbapp.backend.ovs_idl.event [-] Matched UPDATE: ChassisAgentWriteEvent(events=('create', 'update'), table='Chassis_Private', conditions=None, old_conditions=None), priority=20 to row=Chassis_Private(uuid=76693eec-6e86-40b2-b1ee-4fb2edd8707f, chassis=dfd36a49-00b3-4f2d-9aed-483520792c31, external_ids={'neutron:ovn-bridge': 'br-int', 'neutron:ovn-neutron-agent-id': 'e7c19dd6-8c64-5d85-b90a-2415ecd18aac', 'neutron:ovn-neutron-agent-sb-cfg': '0'}, name='d38d86f2-d070-4740-80db-f20ea7682876', nb_cfg=1, nb_cfg_timestamp=1784906944920) old=Chassis_Private(uuid=76693eec-6e86-40b2-b1ee-4fb2edd8707f, nb_cfg=0, nb_cfg_timestamp=0) {{(pid=102073) matches /opt/stack/data/venv/lib/python3.12/site-packages/ovsdbapp/backend/ovs_idl/event.py:55}}
Jul 24 15:29:04.931078 np0000186581 devstack@neutron-api.service[102072]: DEBUG neutron.plugins.ml2.drivers.ovn.mech_driver.ovsdb.ovsdb_monitor [-] Hash Ring: Node c52c59a1e4bf543e9809e32e512dcda5 (host: np0000186581) handling event "update" for row 76693eec-6e86-40b2-b1ee-4fb2edd8707f (table: Chassis_Private) {{(pid=102072) notify /opt/stack/neutron/neutron/plugins/ml2/drivers/ovn/mech_driver/ovsdb/ovsdb_monitor.py:1013}}
Jul 24 15:29:04.931278 np0000186581 devstack@neutron-api.service[102071]: DEBUG neutron.plugins.ml2.drivers.ovn.mech_driver.ovsdb.ovsdb_monitor [-] Hash Ring: Node 628a431b6d305da187644f7f350b410f (host: np0000186581) handling event "update" for row 2b0c3831-a464-4369-ae66-661712532648 (table: NB_Global) {{(pid=102071) notify /opt/stack/neutron/neutron/plugins/ml2/drivers/ovn/mech_driver/ovsdb/ovsdb_monitor.py:1013}}
Jul 24 15:29:04.932454 np0000186581 devstack@neutron-api.service[102070]: DEBUG neutron.common.ovn.hash_ring_manager [-] Allow caching, nodes 4>=4 {{(pid=102070) _wait_startup_before_caching /opt/stack/neutron/neutron/common/ovn/hash_ring_manager.py:71}}
Jul 24 15:29:04.932604 np0000186581 devstack@neutron-api.service[102070]: DEBUG neutron.plugins.ml2.drivers.ovn.mech_driver.ovsdb.ovsdb_monitor [-] Hash Ring: Node 74b1b2c6bd765fe6891c2bf2cf941b60 (host: np0000186581) handling event "update" for row 76693eec-6e86-40b2-b1ee-4fb2edd8707f (table: Chassis_Private) {{(pid=102070) notify /opt/stack/neutron/neutron/plugins/ml2/drivers/ovn/mech_driver/ovsdb/ovsdb_monitor.py:1013}}
Jul 24 15:29:04.933910 np0000186581 devstack@neutron-api.service[102071]: DEBUG ovsdbapp.backend.ovs_idl.event [-] Matched UPDATE: ChassisAgentWriteEvent(events=('create', 'update'), table='Chassis_Private', conditions=None, old_conditions=None), priority=20 to row=Chassis_Private(uuid=76693eec-6e86-40b2-b1ee-4fb2edd8707f, chassis=dfd36a49-00b3-4f2d-9aed-483520792c31, external_ids={'neutron:ovn-bridge': 'br-int', 'neutron:ovn-neutron-agent-id': 'e7c19dd6-8c64-5d85-b90a-2415ecd18aac', 'neutron:ovn-neutron-agent-sb-cfg': '0'}, name='d38d86f2-d070-4740-80db-f20ea7682876', nb_cfg=1, nb_cfg_timestamp=1784906944920) old=Chassis_Private(uuid=76693eec-6e86-40b2-b1ee-4fb2edd8707f, nb_cfg=0, nb_cfg_timestamp=0) {{(pid=102071) matches /opt/stack/data/venv/lib/python3.12/site-packages/ovsdbapp/backend/ovs_idl/event.py:55}}
Jul 24 15:29:04.934341 np0000186581 devstack@neutron-api.service[102070]: DEBUG ovsdbapp.backend.ovs_idl.event [-] Matched UPDATE: ChassisOVNAgentWriteEvent(events=('create', 'update'), table='Chassis_Private', conditions=None, old_conditions=None), priority=20 to row=Chassis_Private(uuid=76693eec-6e86-40b2-b1ee-4fb2edd8707f, chassis=dfd36a49-00b3-4f2d-9aed-483520792c31, external_ids={'neutron:ovn-bridge': 'br-int', 'neutron:ovn-neutron-agent-id': 'e7c19dd6-8c64-5d85-b90a-2415ecd18aac', 'neutron:ovn-neutron-agent-sb-cfg': '1'}, name='d38d86f2-d070-4740-80db-f20ea7682876', nb_cfg=1, nb_cfg_timestamp=1784906944920) old=Chassis_Private(uuid=76693eec-6e86-40b2-b1ee-4fb2edd8707f, external_ids={'neutron:ovn-bridge': 'br-int', 'neutron:ovn-neutron-agent-id': 'e7c19dd6-8c64-5d85-b90a-2415ecd18aac', 'neutron:ovn-neutron-agent-sb-cfg': '0'}) {{(pid=102070) matches /opt/stack/data/venv/lib/python3.12/site-packages/ovsdbapp/backend/ovs_idl/event.py:55}}
Jul 24 15:29:04.934700 np0000186581 devstack@neutron-api.service[102070]: DEBUG neutron.plugins.ml2.drivers.ovn.mech_driver.ovsdb.ovsdb_monitor [-] Hash Ring: Node 74b1b2c6bd765fe6891c2bf2cf941b60 (host: np0000186581) handling event "update" for row 76693eec-6e86-40b2-b1ee-4fb2edd8707f (table: Chassis_Private) {{(pid=102070) notify /opt/stack/neutron/neutron/plugins/ml2/drivers/ovn/mech_driver/ovsdb/ovsdb_monitor.py:1013}}
Jul 24 15:29:04.935306 np0000186581 devstack@neutron-api.service[102072]: DEBUG neutron.plugins.ml2.drivers.ovn.mech_driver.ovsdb.ovsdb_monitor [-] Hash Ring: Node c52c59a1e4bf543e9809e32e512dcda5 (host: np0000186581) handling event "update" for row 2b0c3831-a464-4369-ae66-661712532648 (table: NB_Global) {{(pid=102072) notify /opt/stack/neutron/neutron/plugins/ml2/drivers/ovn/mech_driver/ovsdb/ovsdb_monitor.py:1013}}
Jul 24 15:29:04.935380 np0000186581 devstack@neutron-api.service[102073]: DEBUG ovsdbapp.backend.ovs_idl.event [-] Matched UPDATE: ChassisOVNAgentWriteEvent(events=('create', 'update'), table='Chassis_Private', conditions=None, old_conditions=None), priority=20 to row=Chassis_Private(uuid=76693eec-6e86-40b2-b1ee-4fb2edd8707f, chassis=dfd36a49-00b3-4f2d-9aed-483520792c31, external_ids={'neutron:ovn-bridge': 'br-int', 'neutron:ovn-neutron-agent-id': 'e7c19dd6-8c64-5d85-b90a-2415ecd18aac', 'neutron:ovn-neutron-agent-sb-cfg': '1'}, name='d38d86f2-d070-4740-80db-f20ea7682876', nb_cfg=1, nb_cfg_timestamp=1784906944920) old=Chassis_Private(uuid=76693eec-6e86-40b2-b1ee-4fb2edd8707f, external_ids={'neutron:ovn-bridge': 'br-int', 'neutron:ovn-neutron-agent-id': 'e7c19dd6-8c64-5d85-b90a-2415ecd18aac', 'neutron:ovn-neutron-agent-sb-cfg': '0'}) {{(pid=102073) matches /opt/stack/data/venv/lib/python3.12/site-packages/ovsdbapp/backend/ovs_idl/event.py:55}}
Jul 24 15:29:04.936606 np0000186581 devstack@neutron-api.service[102072]: DEBUG ovsdbapp.backend.ovs_idl.event [-] Matched UPDATE: ChassisOVNAgentWriteEvent(events=('create', 'update'), table='Chassis_Private', conditions=None, old_conditions=None), priority=20 to row=Chassis_Private(uuid=76693eec-6e86-40b2-b1ee-4fb2edd8707f, chassis=dfd36a49-00b3-4f2d-9aed-483520792c31, external_ids={'neutron:ovn-bridge': 'br-int', 'neutron:ovn-neutron-agent-id': 'e7c19dd6-8c64-5d85-b90a-2415ecd18aac', 'neutron:ovn-neutron-agent-sb-cfg': '1'}, name='d38d86f2-d070-4740-80db-f20ea7682876', nb_cfg=1, nb_cfg_timestamp=1784906944920) old=Chassis_Private(uuid=76693eec-6e86-40b2-b1ee-4fb2edd8707f, external_ids={'neutron:ovn-bridge': 'br-int', 'neutron:ovn-neutron-agent-id': 'e7c19dd6-8c64-5d85-b90a-2415ecd18aac', 'neutron:ovn-neutron-agent-sb-cfg': '0'}) {{(pid=102072) matches /opt/stack/data/venv/lib/python3.12/site-packages/ovsdbapp/backend/ovs_idl/event.py:55}}
Jul 24 15:29:04.936897 np0000186581 devstack@neutron-api.service[102072]: DEBUG neutron.plugins.ml2.drivers.ovn.mech_driver.ovsdb.ovsdb_monitor [-] Hash Ring: Node c52c59a1e4bf543e9809e32e512dcda5 (host: np0000186581) handling event "update" for row 76693eec-6e86-40b2-b1ee-4fb2edd8707f (table: Chassis_Private) {{(pid=102072) notify /opt/stack/neutron/neutron/plugins/ml2/drivers/ovn/mech_driver/ovsdb/ovsdb_monitor.py:1013}}
Jul 24 15:29:04.937671 np0000186581 devstack@neutron-api.service[102071]: DEBUG neutron.plugins.ml2.drivers.ovn.mech_driver.ovsdb.ovsdb_monitor [-] Hash Ring: Node 628a431b6d305da187644f7f350b410f (host: np0000186581) handling event "update" for row 2b0c3831-a464-4369-ae66-661712532648 (table: NB_Global) {{(pid=102071) notify /opt/stack/neutron/neutron/plugins/ml2/drivers/ovn/mech_driver/ovsdb/ovsdb_monitor.py:1013}}
Jul 24 15:29:04.938185 np0000186581 devstack@neutron-api.service[102072]: DEBUG neutron.plugins.ml2.drivers.ovn.mech_driver.ovsdb.ovsdb_monitor [-] Hash Ring: Node c52c59a1e4bf543e9809e32e512dcda5 (host: np0000186581) handling event "update" for row 2b0c3831-a464-4369-ae66-661712532648 (table: NB_Global) {{(pid=102072) notify /opt/stack/neutron/neutron/plugins/ml2/drivers/ovn/mech_driver/ovsdb/ovsdb_monitor.py:1013}}
Jul 24 15:29:04.942384 np0000186581 devstack@neutron-api.service[102071]: DEBUG ovsdbapp.backend.ovs_idl.event [-] Matched UPDATE: ChassisOVNAgentWriteEvent(events=('create', 'update'), table='Chassis_Private', conditions=None, old_conditions=None), priority=20 to row=Chassis_Private(uuid=76693eec-6e86-40b2-b1ee-4fb2edd8707f, chassis=dfd36a49-00b3-4f2d-9aed-483520792c31, external_ids={'neutron:ovn-bridge': 'br-int', 'neutron:ovn-neutron-agent-id': 'e7c19dd6-8c64-5d85-b90a-2415ecd18aac', 'neutron:ovn-neutron-agent-sb-cfg': '1'}, name='d38d86f2-d070-4740-80db-f20ea7682876', nb_cfg=1, nb_cfg_timestamp=1784906944920) old=Chassis_Private(uuid=76693eec-6e86-40b2-b1ee-4fb2edd8707f, external_ids={'neutron:ovn-bridge': 'br-int', 'neutron:ovn-neutron-agent-id': 'e7c19dd6-8c64-5d85-b90a-2415ecd18aac', 'neutron:ovn-neutron-agent-sb-cfg': '0'}) {{(pid=102071) matches /opt/stack/data/venv/lib/python3.12/site-packages/ovsdbapp/backend/ovs_idl/event.py:55}}
Jul 24 15:29:04.943201 np0000186581 devstack@neutron-api.service[102071]: DEBUG neutron.plugins.ml2.drivers.ovn.mech_driver.ovsdb.ovsdb_monitor [-] Hash Ring: Node 628a431b6d305da187644f7f350b410f (host: np0000186581) handling event "update" for row 2b0c3831-a464-4369-ae66-661712532648 (table: NB_Global) {{(pid=102071) notify /opt/stack/neutron/neutron/plugins/ml2/drivers/ovn/mech_driver/ovsdb/ovsdb_monitor.py:1013}}
