2026-05-30 10:58:31.585 9 INFO neutron.wsgi [None req-09d93c0d-965a-4acb-bc94-3e2769eba0b8 7d1fa76f769d41bea9c493f5ff0299ba 3b6c1c854c744b89b26af38715383b1d - - default default] 199.204.45.140 "GET /v2.0/extensions/qos HTTP/1.1" status: 200 len: 365 time: 0.0046797
2026-05-30 10:58:31.592 9 INFO neutron.wsgi [None req-52ff9431-c221-43be-91bc-7970349e2275 7d1fa76f769d41bea9c493f5ff0299ba 3b6c1c854c744b89b26af38715383b1d - - default default] 199.204.45.140 "GET /v2.0/extensions/allowed-address-pairs HTTP/1.1" status: 200 len: 383 time: 0.0034683
2026-05-30 10:58:31.632 9 INFO neutron.wsgi [None req-24ae08be-21a3-4364-a7f2-c69a91f92981 7d1fa76f769d41bea9c493f5ff0299ba 3b6c1c854c744b89b26af38715383b1d - - default default] 199.204.45.140 "GET /v2.0/subnets/dbbb209e-71b1-43f7-94f8-71d16180946c HTTP/1.1" status: 200 len: 848 time: 0.0337431
2026-05-30 10:58:31.694 9 INFO neutron.wsgi [None req-201e17af-455f-42cd-9ec2-1b220784458d 7d1fa76f769d41bea9c493f5ff0299ba 3b6c1c854c744b89b26af38715383b1d - - default default] 199.204.45.140 "GET /v2.0/ports?device_id=95020166-62be-4806-b2cb-7eb4af2c1de9 HTTP/1.1" status: 200 len: 2724 time: 0.0568521
2026-05-30 10:58:31.734 10 INFO neutron.wsgi [None req-8b8ddc4e-288e-47c3-bfda-d91813077ad9 404560ad0e224abb886136050664c13a e3f7aaefc30d4088b9acf83ea10a0455 - - default default] 10.0.0.53 "DELETE /v2.0/subnets/c4f73e59-3aa6-40f7-ae6e-48f8fb07a4f7 HTTP/1.1" status: 204 len: 168 time: 0.2630301
2026-05-30 10:58:31.860 9 INFO neutron.wsgi [None req-4b387993-6aec-4e3d-90d8-f1626be950e2 7d1fa76f769d41bea9c493f5ff0299ba 3b6c1c854c744b89b26af38715383b1d - - default default] 199.204.45.140 "GET /v2.0/extensions/security-group HTTP/1.1" status: 200 len: 369 time: 0.0084748
2026-05-30 10:58:31.872 9 INFO neutron.wsgi [None req-a77093d4-a12b-4f42-9a1d-9e432c114d14 7d1fa76f769d41bea9c493f5ff0299ba 3b6c1c854c744b89b26af38715383b1d - - default default] 199.204.45.140 "GET /v2.0/extensions/dns-integration HTTP/1.1" status: 200 len: 371 time: 0.0057480
2026-05-30 10:58:31.875 10 INFO neutron.wsgi [-] 10.0.0.4 "GET / HTTP/1.1" status: 200 len: 247 time: 0.0014989
2026-05-30 10:58:31.875 9 INFO neutron.wsgi [-] 10.0.0.4 "GET / HTTP/1.1" status: 200 len: 247 time: 0.0017374
2026-05-30 10:58:31.881 9 INFO neutron.wsgi [None req-67f80260-028f-4f0c-b534-20ad932d4ea4 7d1fa76f769d41bea9c493f5ff0299ba 3b6c1c854c744b89b26af38715383b1d - - default default] 199.204.45.140 "GET /v2.0/extensions/qos HTTP/1.1" status: 200 len: 365 time: 0.0042133
2026-05-30 10:58:31.888 9 INFO neutron.wsgi [None req-42077402-21b1-4cad-b3f1-247d367562ad 7d1fa76f769d41bea9c493f5ff0299ba 3b6c1c854c744b89b26af38715383b1d - - default default] 199.204.45.140 "GET /v2.0/extensions/allowed-address-pairs HTTP/1.1" status: 200 len: 383 time: 0.0034800
2026-05-30 10:58:31.939 10 INFO neutron.wsgi [None req-6f8f339b-b898-4243-9e34-ca8e5b070aab 404560ad0e224abb886136050664c13a e3f7aaefc30d4088b9acf83ea10a0455 - - default default] 10.0.0.53 "DELETE /v2.0/subnets/af719585-ea0f-4a70-b093-df8d0ccce48e HTTP/1.1" status: 204 len: 168 time: 0.1983256
2026-05-30 10:58:32.128 10 INFO neutron.wsgi [None req-c9ce1648-7b1d-4c2d-9f2d-8a2577946310 404560ad0e224abb886136050664c13a e3f7aaefc30d4088b9acf83ea10a0455 - - default default] 10.0.0.53 "DELETE /v2.0/subnets/b48906b2-4f1b-43e3-b23a-24a0a8e6c29e HTTP/1.1" status: 204 len: 168 time: 0.1830523
2026-05-30 10:58:32.334 10 INFO neutron.wsgi [None req-f4c1cc8e-1f67-40c7-863e-189149bd5f82 404560ad0e224abb886136050664c13a e3f7aaefc30d4088b9acf83ea10a0455 - - default default] 10.0.0.53 "DELETE /v2.0/subnets/12645671-9fae-42de-a2c8-5e8e5cce623a HTTP/1.1" status: 204 len: 168 time: 0.1997762
2026-05-30 10:58:32.485 9 INFO neutron.wsgi [req-332af0ec-0a84-432c-9e79-b6ba11f8461a req-29671bd0-0938-4740-87bc-933a826f1c50 311de5a72440457a97db1b822ad5f654 a9b60b7a466b48e2b909e6c895221a61 - - 3934fa3f24dd44ae9602c404a4208d70 3934fa3f24dd44ae9602c404a4208d70] 199.204.45.140 "GET /v2.0/networks/a48facf1-b00c-4137-a122-356036cf8c82?fields=segments HTTP/1.1" status: 200 len: 212 time: 0.0780590
2026-05-30 10:58:32.595 9 INFO neutron.wsgi [req-332af0ec-0a84-432c-9e79-b6ba11f8461a req-04fef541-3a6e-421b-bf46-3966a8445b6c 311de5a72440457a97db1b822ad5f654 a9b60b7a466b48e2b909e6c895221a61 - - 3934fa3f24dd44ae9602c404a4208d70 3934fa3f24dd44ae9602c404a4208d70] 199.204.45.140 "GET /v2.0/networks/a48facf1-b00c-4137-a122-356036cf8c82?fields=provider%3Aphysical_network&fields=provider%3Anetwork_type HTTP/1.1" status: 200 len: 277 time: 0.1008940
2026-05-30 10:58:32.662 9 INFO neutron.wsgi [None req-8bedd115-1558-4382-a86c-cc72ec5f3116 404560ad0e224abb886136050664c13a e3f7aaefc30d4088b9acf83ea10a0455 - - default default] 10.0.0.53 "DELETE /v2.0/subnets/0d6411f4-4179-4e6b-b3be-88a4204df474 HTTP/1.1" status: 204 len: 168 time: 0.3233588
2026-05-30 10:58:32.694 9 INFO neutron.wsgi [req-332af0ec-0a84-432c-9e79-b6ba11f8461a req-6ffb9db3-5cd8-4961-abd5-3c5956181634 7d1fa76f769d41bea9c493f5ff0299ba 3b6c1c854c744b89b26af38715383b1d - - default default] 199.204.45.140 "GET /v2.0/networks?id=a48facf1-b00c-4137-a122-356036cf8c82 HTTP/1.1" status: 200 len: 1003 time: 0.0797226
2026-05-30 10:58:33.040 9 WARNING neutron.scheduler.dhcp_agent_scheduler [req-332af0ec-0a84-432c-9e79-b6ba11f8461a req-b0deef79-d273-4729-94d4-c323ef156bff 7d1fa76f769d41bea9c493f5ff0299ba 3b6c1c854c744b89b26af38715383b1d - - default default] No more DHCP agents
2026-05-30 10:58:33.041 9 WARNING neutron.api.rpc.agentnotifiers.dhcp_rpc_agent_api [req-332af0ec-0a84-432c-9e79-b6ba11f8461a req-b0deef79-d273-4729-94d4-c323ef156bff 7d1fa76f769d41bea9c493f5ff0299ba 3b6c1c854c744b89b26af38715383b1d - - default default] Unable to schedule network a48facf1-b00c-4137-a122-356036cf8c82: no agents available; will retry on subsequent port and subnet creation events.
2026-05-30 10:58:33.117 10 INFO neutron.services.segments.plugin [-] Segment df7e3cce-884f-4b70-a8aa-04e9d7f17130 resource provider aggregate not found
2026-05-30 10:58:33.124 10 INFO neutron.services.segments.plugin [-] Segment df7e3cce-884f-4b70-a8aa-04e9d7f17130 resource provider aggregate not found
2026-05-30 10:58:33.146 10 INFO neutron.services.segments.plugin [-] Segment df7e3cce-884f-4b70-a8aa-04e9d7f17130 resource provider not found; error: Placement Client Error (4xx): {"errors": [{"status": 404, "title": "Not Found", "detail": "The resource could not be found.\n\n No resource provider with uuid df7e3cce-884f-4b70-a8aa-04e9d7f17130 found for delete ", "request_id": "req-f235621a-54eb-4fca-a316-0eb437a90391"}]}
2026-05-30 10:58:33.150 10 INFO neutron.wsgi [None req-8568de36-6514-4d51-849f-da0e474adcfe 404560ad0e224abb886136050664c13a e3f7aaefc30d4088b9acf83ea10a0455 - - default default] 10.0.0.53 "DELETE /v2.0/networks/3f34d778-d5d9-41e8-98da-f34e6f1f88c7 HTTP/1.1" status: 204 len: 168 time: 0.4816110
2026-05-30 10:58:33.152 10 INFO neutron.services.segments.plugin [-] Segment df7e3cce-884f-4b70-a8aa-04e9d7f17130 resource provider not found; error: Placement Client Error (4xx): {"errors": [{"status": 404, "title": "Not Found", "detail": "The resource could not be found.\n\n No resource provider with uuid df7e3cce-884f-4b70-a8aa-04e9d7f17130 found for delete ", "request_id": "req-0fa8a7e8-0ae7-4d71-9cf3-4aac7a81887b"}]} /var/lib/openstack/lib/python3.10/site-packages/pycadf/identifier.py:71: UserWarning: Invalid uuid: neutron. To ensure interoperability, identifiers should be a valid uuid. warnings.warn(('Invalid uuid: %s. To ensure interoperability, '
2026-05-30 10:58:33.231 9 INFO neutron.db.ovn_revision_numbers_db [req-332af0ec-0a84-432c-9e79-b6ba11f8461a req-b0deef79-d273-4729-94d4-c323ef156bff 7d1fa76f769d41bea9c493f5ff0299ba 3b6c1c854c744b89b26af38715383b1d - - default default] Successfully bumped revision number for resource 7fd2abc8-a4f0-41e3-9143-ff06fd6917f6 (type: ports) to 1
2026-05-30 10:58:33.263 9 INFO neutron.wsgi [req-332af0ec-0a84-432c-9e79-b6ba11f8461a req-b0deef79-d273-4729-94d4-c323ef156bff 7d1fa76f769d41bea9c493f5ff0299ba 3b6c1c854c744b89b26af38715383b1d - - default default] 199.204.45.140 "POST /v2.0/ports HTTP/1.1" status: 201 len: 1504 time: 0.5618951
2026-05-30 10:58:33.437 9 INFO neutron.wsgi [req-61650e5d-700c-4cba-a8c3-809dbc33d7c2 req-c9158c74-2666-436e-91fc-6452e3b344b7 311de5a72440457a97db1b822ad5f654 a9b60b7a466b48e2b909e6c895221a61 - - 3934fa3f24dd44ae9602c404a4208d70 3934fa3f24dd44ae9602c404a4208d70] 10.0.0.158 "GET /v2.0/ports?device_id=ec3689ba-621d-4138-9acc-f094c4ae5125 HTTP/1.1" status: 200 len: 1413 time: 0.0695825
2026-05-30 10:58:33.535 9 INFO neutron.wsgi [req-61650e5d-700c-4cba-a8c3-809dbc33d7c2 req-6cab69ad-f664-4d57-8b21-949684d56c51 311de5a72440457a97db1b822ad5f654 a9b60b7a466b48e2b909e6c895221a61 - - 3934fa3f24dd44ae9602c404a4208d70 3934fa3f24dd44ae9602c404a4208d70] 10.0.0.158 "GET /v2.0/security-groups?id=14711903-5cf1-488c-9107-8b0a0412b565&fields=id&fields=name HTTP/1.1" status: 200 len: 313 time: 0.0840731
2026-05-30 10:58:33.707 9 INFO neutron.services.segments.plugin [-] Segment 1a8d9abf-6779-40ab-b517-48099625ddcf resource provider aggregate not found
2026-05-30 10:58:33.714 9 INFO neutron.services.segments.plugin [-] Segment 1a8d9abf-6779-40ab-b517-48099625ddcf resource provider aggregate not found
2026-05-30 10:58:33.734 9 INFO neutron.services.segments.plugin [-] Segment 1a8d9abf-6779-40ab-b517-48099625ddcf resource provider not found; error: Placement Client Error (4xx): {"errors": [{"status": 404, "title": "Not Found", "detail": "The resource could not be found.\n\n No resource provider with uuid 1a8d9abf-6779-40ab-b517-48099625ddcf found for delete ", "request_id": "req-338f39f7-bf9b-4869-b29b-fb8a169b473a"}]}
2026-05-30 10:58:33.735 9 INFO neutron.services.segments.plugin [-] Segment 1a8d9abf-6779-40ab-b517-48099625ddcf resource provider not found; error: Placement Client Error (4xx): {"errors": [{"status": 404, "title": "Not Found", "detail": "The resource could not be found.\n\n No resource provider with uuid 1a8d9abf-6779-40ab-b517-48099625ddcf found for delete ", "request_id": "req-6d64c9ff-dd7f-446f-96e7-8fdbb243bb96"}]}
2026-05-30 10:58:33.748 9 INFO neutron.wsgi [None req-270a8818-64fe-4ffc-aa70-cdc709e22ad4 404560ad0e224abb886136050664c13a e3f7aaefc30d4088b9acf83ea10a0455 - - default default] 10.0.0.53 "DELETE /v2.0/networks/a49042cf-7b78-4aa5-bd52-9d6231d3d7a3 HTTP/1.1" status: 204 len: 168 time: 0.5925822
2026-05-30 10:58:33.915 9 INFO neutron.db.ovn_revision_numbers_db [req-332af0ec-0a84-432c-9e79-b6ba11f8461a req-afb78f3f-a91e-401c-b852-f6a6eafaaf28 311de5a72440457a97db1b822ad5f654 a9b60b7a466b48e2b909e6c895221a61 - - 3934fa3f24dd44ae9602c404a4208d70 3934fa3f24dd44ae9602c404a4208d70] Successfully bumped revision number for resource 7fd2abc8-a4f0-41e3-9143-ff06fd6917f6 (type: ports) to 2
2026-05-30 10:58:34.156 9 INFO neutron.db.ovn_revision_numbers_db [req-332af0ec-0a84-432c-9e79-b6ba11f8461a req-afb78f3f-a91e-401c-b852-f6a6eafaaf28 311de5a72440457a97db1b822ad5f654 a9b60b7a466b48e2b909e6c895221a61 - - 3934fa3f24dd44ae9602c404a4208d70 3934fa3f24dd44ae9602c404a4208d70] Successfully bumped revision number for resource 7fd2abc8-a4f0-41e3-9143-ff06fd6917f6 (type: ports) to 2
2026-05-30 10:58:34.178 9 INFO neutron.wsgi [req-332af0ec-0a84-432c-9e79-b6ba11f8461a req-afb78f3f-a91e-401c-b852-f6a6eafaaf28 311de5a72440457a97db1b822ad5f654 a9b60b7a466b48e2b909e6c895221a61 - - 3934fa3f24dd44ae9602c404a4208d70 3934fa3f24dd44ae9602c404a4208d70] 199.204.45.140 "PUT /v2.0/ports/7fd2abc8-a4f0-41e3-9143-ff06fd6917f6 HTTP/1.1" status: 200 len: 1601 time: 0.9103498
2026-05-30 10:58:34.213 9 INFO neutron.notifiers.nova [-] Nova event matching ['req-7c0b5e68-5c59-4058-81e9-18fa50363240'] response: {'name': 'network-changed', 'server_uuid': '95020166-62be-4806-b2cb-7eb4af2c1de9', 'tag': '7fd2abc8-a4f0-41e3-9143-ff06fd6917f6', 'status': 'completed', 'code': 200} /var/lib/openstack/lib/python3.10/site-packages/pycadf/identifier.py:71: UserWarning: Invalid uuid: neutron. To ensure interoperability, identifiers should be a valid uuid. warnings.warn(('Invalid uuid: %s. To ensure interoperability, '
2026-05-30 10:58:34.272 9 INFO neutron.wsgi [req-332af0ec-0a84-432c-9e79-b6ba11f8461a req-f8fd733e-722f-4de9-8def-6844509f7a22 311de5a72440457a97db1b822ad5f654 a9b60b7a466b48e2b909e6c895221a61 - - 3934fa3f24dd44ae9602c404a4208d70 3934fa3f24dd44ae9602c404a4208d70] 199.204.45.140 "GET /v2.0/ports?tenant_id=3b6c1c854c744b89b26af38715383b1d&device_id=95020166-62be-4806-b2cb-7eb4af2c1de9 HTTP/1.1" status: 200 len: 4145 time: 0.0501394
2026-05-30 10:58:34.309 9 INFO neutron.wsgi [req-332af0ec-0a84-432c-9e79-b6ba11f8461a req-40d9a28a-0783-4266-947c-a4177f7d75c2 311de5a72440457a97db1b822ad5f654 a9b60b7a466b48e2b909e6c895221a61 - - 3934fa3f24dd44ae9602c404a4208d70 3934fa3f24dd44ae9602c404a4208d70] 199.204.45.140 "GET /v2.0/floatingips?fixed_ip_address=172.24.0.122&port_id=45127b1f-e7c6-42d8-84e0-4f8a7cb8d89c HTTP/1.1" status: 200 len: 217 time: 0.0272479
2026-05-30 10:58:34.349 9 INFO neutron.wsgi [req-332af0ec-0a84-432c-9e79-b6ba11f8461a req-b107ef07-2b14-4f4f-8a4c-2ac9cf5f5339 311de5a72440457a97db1b822ad5f654 a9b60b7a466b48e2b909e6c895221a61 - - 3934fa3f24dd44ae9602c404a4208d70 3934fa3f24dd44ae9602c404a4208d70] 199.204.45.140 "GET /v2.0/subnets?id=8ca1687d-89b2-4911-b5be-d729f201b1f7 HTTP/1.1" status: 200 len: 829 time: 0.0347629
2026-05-30 10:58:34.373 10 INFO neutron.wsgi [None req-4b148055-3a63-40e4-bc7a-de4a2277a942 404560ad0e224abb886136050664c13a e3f7aaefc30d4088b9acf83ea10a0455 - - default default] 10.0.0.53 "DELETE /v2.0/networks/faa33728-6c2c-4547-aa4a-3edf1818a529 HTTP/1.1" status: 204 len: 168 time: 0.6194048
2026-05-30 10:58:34.378 9 INFO neutron.wsgi [req-332af0ec-0a84-432c-9e79-b6ba11f8461a req-5f400f99-ae8a-4ed1-a408-fb5919ed9d66 311de5a72440457a97db1b822ad5f654 a9b60b7a466b48e2b909e6c895221a61 - - 3934fa3f24dd44ae9602c404a4208d70 3934fa3f24dd44ae9602c404a4208d70] 199.204.45.140 "GET /v2.0/ports?network_id=4ed9c3d7-8d40-492e-bb1f-ca0a168f876a&device_owner=network%3Adhcp HTTP/1.1" status: 200 len: 210 time: 0.0224450
2026-05-30 10:58:34.479 9 INFO neutron.wsgi [req-332af0ec-0a84-432c-9e79-b6ba11f8461a req-e5396f6f-3b5e-4a62-9a1b-6f7847519168 311de5a72440457a97db1b822ad5f654 a9b60b7a466b48e2b909e6c895221a61 - - 3934fa3f24dd44ae9602c404a4208d70 3934fa3f24dd44ae9602c404a4208d70] 199.204.45.140 "GET /v2.0/networks/4ed9c3d7-8d40-492e-bb1f-ca0a168f876a?fields=segments HTTP/1.1" status: 200 len: 212 time: 0.0938399
2026-05-30 10:58:34.573 9 INFO neutron.wsgi [req-332af0ec-0a84-432c-9e79-b6ba11f8461a req-18dc26a9-8276-4fce-b999-2f3ffc63c852 311de5a72440457a97db1b822ad5f654 a9b60b7a466b48e2b909e6c895221a61 - - 3934fa3f24dd44ae9602c404a4208d70 3934fa3f24dd44ae9602c404a4208d70] 199.204.45.140 "GET /v2.0/networks/4ed9c3d7-8d40-492e-bb1f-ca0a168f876a?fields=provider%3Aphysical_network&fields=provider%3Anetwork_type HTTP/1.1" status: 200 len: 277 time: 0.0788484
2026-05-30 10:58:34.633 9 INFO neutron.wsgi [req-332af0ec-0a84-432c-9e79-b6ba11f8461a req-8b62f468-8b3c-45ba-8545-c60956a0d558 311de5a72440457a97db1b822ad5f654 a9b60b7a466b48e2b909e6c895221a61 - - 3934fa3f24dd44ae9602c404a4208d70 3934fa3f24dd44ae9602c404a4208d70] 199.204.45.140 "GET /v2.0/floatingips?fixed_ip_address=10.1.1.95&port_id=e7e5c952-6b42-4858-bd18-a49e55852b67 HTTP/1.1" status: 200 len: 217 time: 0.0510619
2026-05-30 10:58:34.682 9 INFO neutron.wsgi [req-332af0ec-0a84-432c-9e79-b6ba11f8461a req-6f24dde3-8cd9-4293-9282-c5e227dd25f5 311de5a72440457a97db1b822ad5f654 a9b60b7a466b48e2b909e6c895221a61 - - 3934fa3f24dd44ae9602c404a4208d70 3934fa3f24dd44ae9602c404a4208d70] 199.204.45.140 "GET /v2.0/subnets?id=e84f5f19-78cf-41e6-990d-65622e0ccb5c HTTP/1.1" status: 200 len: 854 time: 0.0420177
2026-05-30 10:58:34.724 9 INFO neutron.wsgi [req-332af0ec-0a84-432c-9e79-b6ba11f8461a req-088b1a0e-b69c-4814-84cc-e03a5c8c0f3e 311de5a72440457a97db1b822ad5f654 a9b60b7a466b48e2b909e6c895221a61 - - 3934fa3f24dd44ae9602c404a4208d70 3934fa3f24dd44ae9602c404a4208d70] 199.204.45.140 "GET /v2.0/ports?network_id=6d5ba96b-5f39-4256-b1dd-a1bb61099614&device_owner=network%3Adhcp HTTP/1.1" status: 200 len: 210 time: 0.0198271
2026-05-30 10:58:34.806 9 INFO neutron.wsgi [req-332af0ec-0a84-432c-9e79-b6ba11f8461a req-b116f0b6-2264-4ccf-b03d-09955b193186 311de5a72440457a97db1b822ad5f654 a9b60b7a466b48e2b909e6c895221a61 - - 3934fa3f24dd44ae9602c404a4208d70 3934fa3f24dd44ae9602c404a4208d70] 199.204.45.140 "GET /v2.0/networks/6d5ba96b-5f39-4256-b1dd-a1bb61099614?fields=segments HTTP/1.1" status: 200 len: 212 time: 0.0739262
2026-05-30 10:58:34.895 9 INFO neutron.wsgi [req-332af0ec-0a84-432c-9e79-b6ba11f8461a req-5e0d0dd4-282b-4b01-a3bb-f78e9545a9b6 311de5a72440457a97db1b822ad5f654 a9b60b7a466b48e2b909e6c895221a61 - - 3934fa3f24dd44ae9602c404a4208d70 3934fa3f24dd44ae9602c404a4208d70] 199.204.45.140 "GET /v2.0/networks/6d5ba96b-5f39-4256-b1dd-a1bb61099614?fields=provider%3Aphysical_network&fields=provider%3Anetwork_type HTTP/1.1" status: 200 len: 277 time: 0.0761621
2026-05-30 10:58:34.925 9 INFO neutron.wsgi [req-332af0ec-0a84-432c-9e79-b6ba11f8461a req-e7159b64-884f-42e8-a5e9-2ce1acd6a4be 311de5a72440457a97db1b822ad5f654 a9b60b7a466b48e2b909e6c895221a61 - - 3934fa3f24dd44ae9602c404a4208d70 3934fa3f24dd44ae9602c404a4208d70] 199.204.45.140 "GET /v2.0/floatingips?fixed_ip_address=10.2.1.111&port_id=7fd2abc8-a4f0-41e3-9143-ff06fd6917f6 HTTP/1.1" status: 200 len: 217 time: 0.0214052
2026-05-30 10:58:34.963 9 INFO neutron.wsgi [req-332af0ec-0a84-432c-9e79-b6ba11f8461a req-1fc05545-8cf8-44c9-a8e0-002ae992abfb 311de5a72440457a97db1b822ad5f654 a9b60b7a466b48e2b909e6c895221a61 - - 3934fa3f24dd44ae9602c404a4208d70 3934fa3f24dd44ae9602c404a4208d70] 199.204.45.140 "GET /v2.0/floatingips?fixed_ip_address=fd7b%3Af9f7%3Afff%3A4eca%3A%3A95&port_id=7fd2abc8-a4f0-41e3-9143-ff06fd6917f6 HTTP/1.1" status: 200 len: 217 time: 0.0316458
2026-05-30 10:58:35.002 9 INFO neutron.wsgi [None req-c3df0116-03a4-4f5c-8c3f-35c4e08ad158 404560ad0e224abb886136050664c13a e3f7aaefc30d4088b9acf83ea10a0455 - - default default] 10.0.0.53 "DELETE /v2.0/networks/f8edd5f5-0419-4eae-bd0f-0481e49023d8 HTTP/1.1" status: 204 len: 168 time: 0.6226525
2026-05-30 10:58:35.013 9 INFO neutron.wsgi [req-332af0ec-0a84-432c-9e79-b6ba11f8461a req-e0c73efe-4e8d-4863-a008-85db96f87b0f 311de5a72440457a97db1b822ad5f654 a9b60b7a466b48e2b909e6c895221a61 - - 3934fa3f24dd44ae9602c404a4208d70 3934fa3f24dd44ae9602c404a4208d70] 199.204.45.140 "GET /v2.0/subnets?id=87ddc982-c924-4506-9f2f-d3626cd2f345&id=dbbb209e-71b1-43f7-94f8-71d16180946c HTTP/1.1" status: 200 len: 1562 time: 0.0429943
2026-05-30 10:58:35.052 9 INFO neutron.wsgi [req-332af0ec-0a84-432c-9e79-b6ba11f8461a req-57748eb9-810b-440a-93ad-8d9245cfc8fc 311de5a72440457a97db1b822ad5f654 a9b60b7a466b48e2b909e6c895221a61 - - 3934fa3f24dd44ae9602c404a4208d70 3934fa3f24dd44ae9602c404a4208d70] 199.204.45.140 "GET /v2.0/ports?network_id=a48facf1-b00c-4137-a122-356036cf8c82&device_owner=network%3Adhcp HTTP/1.1" status: 200 len: 210 time: 0.0300045
2026-05-30 10:58:35.169 10 INFO neutron.services.segments.plugin [-] Segment a994f8bd-6b36-4481-908a-671b099c92e9 resource provider aggregate not found
2026-05-30 10:58:35.176 10 INFO neutron.services.segments.plugin [-] Segment a994f8bd-6b36-4481-908a-671b099c92e9 resource provider aggregate not found
2026-05-30 10:58:35.186 10 INFO neutron.services.segments.plugin [-] Segment a994f8bd-6b36-4481-908a-671b099c92e9 resource provider not found; error: Placement Client Error (4xx): {"errors": [{"status": 404, "title": "Not Found", "detail": "The resource could not be found.\n\n No resource provider with uuid a994f8bd-6b36-4481-908a-671b099c92e9 found for delete ", "request_id": "req-7d736c4d-18f6-440e-b371-8259af463d2d"}]}
2026-05-30 10:58:35.194 10 INFO neutron.services.segments.plugin [-] Segment a994f8bd-6b36-4481-908a-671b099c92e9 resource provider not found; error: Placement Client Error (4xx): {"errors": [{"status": 404, "title": "Not Found", "detail": "The resource could not be found.\n\n No resource provider with uuid a994f8bd-6b36-4481-908a-671b099c92e9 found for delete ", "request_id": "req-295721f2-c48a-4a52-8a1d-9f9dbce6bb15"}]}
2026-05-30 10:58:35.318 9 INFO neutron.wsgi [req-332af0ec-0a84-432c-9e79-b6ba11f8461a req-10c6e327-eb93-47fb-9439-c91d5b0adec0 311de5a72440457a97db1b822ad5f654 a9b60b7a466b48e2b909e6c895221a61 - - 3934fa3f24dd44ae9602c404a4208d70 3934fa3f24dd44ae9602c404a4208d70] 199.204.45.140 "GET /v2.0/ports?network_id=a48facf1-b00c-4137-a122-356036cf8c82&device_owner=network%3Adhcp HTTP/1.1" status: 200 len: 210 time: 0.2588992
2026-05-30 10:58:35.399 9 INFO neutron.wsgi [req-332af0ec-0a84-432c-9e79-b6ba11f8461a req-fbc75774-5090-4d27-acab-251edd33cbeb 311de5a72440457a97db1b822ad5f654 a9b60b7a466b48e2b909e6c895221a61 - - 3934fa3f24dd44ae9602c404a4208d70 3934fa3f24dd44ae9602c404a4208d70] 199.204.45.140 "GET /v2.0/networks/a48facf1-b00c-4137-a122-356036cf8c82?fields=segments HTTP/1.1" status: 200 len: 212 time: 0.0723884
2026-05-30 10:58:35.484 9 INFO neutron.wsgi [req-332af0ec-0a84-432c-9e79-b6ba11f8461a req-f6d39f4b-9f48-46e8-8125-c1d73f59b8dd 311de5a72440457a97db1b822ad5f654 a9b60b7a466b48e2b909e6c895221a61 - - 3934fa3f24dd44ae9602c404a4208d70 3934fa3f24dd44ae9602c404a4208d70] 199.204.45.140 "GET /v2.0/networks/a48facf1-b00c-4137-a122-356036cf8c82?fields=provider%3Aphysical_network&fields=provider%3Anetwork_type HTTP/1.1" status: 200 len: 277 time: 0.0796683
2026-05-30 10:58:35.615 10 INFO neutron.plugins.ml2.drivers.ovn.mech_driver.mech_driver [None req-537163a6-de87-4853-a837-198c74967fcd - - - - - -] OVN reports status up for port: 7fd2abc8-a4f0-41e3-9143-ff06fd6917f6
2026-05-30 10:58:35.628 9 INFO neutron.wsgi [req-bc8a2a93-74e6-4713-9838-ae7d29540c32 req-fe573082-1d7b-48d3-88dd-1ed7a458ba6e 311de5a72440457a97db1b822ad5f654 a9b60b7a466b48e2b909e6c895221a61 - - 3934fa3f24dd44ae9602c404a4208d70 3934fa3f24dd44ae9602c404a4208d70] 199.204.45.140 "GET /v2.0/ports?tenant_id=3b6c1c854c744b89b26af38715383b1d&device_id=95020166-62be-4806-b2cb-7eb4af2c1de9 HTTP/1.1" status: 200 len: 4145 time: 0.0951366
2026-05-30 10:58:35.649 10 INFO neutron.plugins.ml2.plugin [None req-537163a6-de87-4853-a837-198c74967fcd - - - - - -] Attempt 1 to provision port 7fd2abc8-a4f0-41e3-9143-ff06fd6917f6
2026-05-30 10:58:35.676 10 INFO neutron.wsgi [None req-adf31925-4329-46d2-b6f3-be6bf769ec95 09d805fec1ef40e39300c0eaecf2a255 c5fc2356b93049198f88af0725209d9b - - default default] 10.0.0.53 "GET /v2.0/ports?project_id=bfd1610eb1554352b794f88ec6e09417&network_id=a0858fee-00ed-43ed-9f92-44ba77411967 HTTP/1.1" status: 200 len: 3514 time: 0.1295080
2026-05-30 10:58:35.721 9 INFO neutron.wsgi [req-bc8a2a93-74e6-4713-9838-ae7d29540c32 req-0c779337-eaf2-4abb-a0c6-b1169b3c72c9 311de5a72440457a97db1b822ad5f654 a9b60b7a466b48e2b909e6c895221a61 - - 3934fa3f24dd44ae9602c404a4208d70 3934fa3f24dd44ae9602c404a4208d70] 199.204.45.140 "GET /v2.0/networks?id=a48facf1-b00c-4137-a122-356036cf8c82 HTTP/1.1" status: 200 len: 1003 time: 0.0857968
2026-05-30 10:58:35.762 9 INFO neutron.services.segments.plugin [-] Segment aa6216b9-de15-4303-8db3-85d4f1edc712 resource provider aggregate not found
2026-05-30 10:58:35.768 9 INFO neutron.services.segments.plugin [-] Segment aa6216b9-de15-4303-8db3-85d4f1edc712 resource provider aggregate not found
2026-05-30 10:58:35.773 9 INFO neutron.wsgi [req-bc8a2a93-74e6-4713-9838-ae7d29540c32 req-28a04bb3-05bd-4d1f-bff8-1501ea2de6b9 311de5a72440457a97db1b822ad5f654 a9b60b7a466b48e2b909e6c895221a61 - - 3934fa3f24dd44ae9602c404a4208d70 3934fa3f24dd44ae9602c404a4208d70] 199.204.45.140 "GET /v2.0/floatingips?fixed_ip_address=10.2.1.111&port_id=7fd2abc8-a4f0-41e3-9143-ff06fd6917f6 HTTP/1.1" status: 200 len: 217 time: 0.0450504
2026-05-30 10:58:35.775 9 INFO neutron.services.segments.plugin [-] Segment aa6216b9-de15-4303-8db3-85d4f1edc712 resource provider not found; error: Placement Client Error (4xx): {"errors": [{"status": 404, "title": "Not Found", "detail": "The resource could not be found.\n\n No resource provider with uuid aa6216b9-de15-4303-8db3-85d4f1edc712 found for delete ", "request_id": "req-f2d8626d-cd8c-44d7-8f50-f41959cd1455"}]}
2026-05-30 10:58:35.791 9 INFO neutron.services.segments.plugin [-] Segment aa6216b9-de15-4303-8db3-85d4f1edc712 resource provider not found; error: Placement Client Error (4xx): {"errors": [{"status": 404, "title": "Not Found", "detail": "The resource could not be found.\n\n No resource provider with uuid aa6216b9-de15-4303-8db3-85d4f1edc712 found for delete ", "request_id": "req-33c06eed-0680-4647-864e-3b4a7c30d1cd"}]}
2026-05-30 10:58:35.801 10 INFO neutron.wsgi [req-332af0ec-0a84-432c-9e79-b6ba11f8461a req-c30b6468-a3c3-48f9-9228-e69ff716137d 7d1fa76f769d41bea9c493f5ff0299ba 3b6c1c854c744b89b26af38715383b1d - - default default] 10.0.0.128 "GET /v2.0/ports/7fd2abc8-a4f0-41e3-9143-ff06fd6917f6 HTTP/1.1" status: 200 len: 1629 time: 0.0573981
2026-05-30 10:58:35.814 9 INFO neutron.wsgi [req-bc8a2a93-74e6-4713-9838-ae7d29540c32 req-91c1208c-76f4-404f-b8f0-479503dd962a 311de5a72440457a97db1b822ad5f654 a9b60b7a466b48e2b909e6c895221a61 - - 3934fa3f24dd44ae9602c404a4208d70 3934fa3f24dd44ae9602c404a4208d70] 199.204.45.140 "GET /v2.0/floatingips?fixed_ip_address=fd7b%3Af9f7%3Afff%3A4eca%3A%3A95&port_id=7fd2abc8-a4f0-41e3-9143-ff06fd6917f6 HTTP/1.1" status: 200 len: 217 time: 0.0348072
2026-05-30 10:58:35.821 10 INFO neutron.notifiers.nova [-] Nova event matching ['req-ba2d8c8e-73f1-4dfd-9f83-9b3d0eb72836'] response: {'server_uuid': '95020166-62be-4806-b2cb-7eb4af2c1de9', 'name': 'network-vif-plugged', 'status': 'completed', 'tag': '7fd2abc8-a4f0-41e3-9143-ff06fd6917f6', 'code': 200}
2026-05-30 10:58:35.888 9 INFO neutron.wsgi [None req-664dec02-7a5c-4926-962f-ea47a3f9d0c9 7d1fa76f769d41bea9c493f5ff0299ba 3b6c1c854c744b89b26af38715383b1d - - default default] 199.204.45.140 "GET /v2.0/ports/7fd2abc8-a4f0-41e3-9143-ff06fd6917f6 HTTP/1.1" status: 200 len: 1631 time: 0.0644846
2026-05-30 10:58:35.897 9 INFO neutron.wsgi [req-bc8a2a93-74e6-4713-9838-ae7d29540c32 req-f2db36d1-ad3f-40f3-a46f-09cb0f025d2f 311de5a72440457a97db1b822ad5f654 a9b60b7a466b48e2b909e6c895221a61 - - 3934fa3f24dd44ae9602c404a4208d70 3934fa3f24dd44ae9602c404a4208d70] 199.204.45.140 "GET /v2.0/subnets?id=87ddc982-c924-4506-9f2f-d3626cd2f345&id=dbbb209e-71b1-43f7-94f8-71d16180946c HTTP/1.1" status: 200 len: 1562 time: 0.0656650
2026-05-30 10:58:35.945 9 INFO neutron.wsgi [None req-97e528a4-aa84-4fb7-a37d-8e9e55e596d8 404560ad0e224abb886136050664c13a e3f7aaefc30d4088b9acf83ea10a0455 - - default default] 10.0.0.53 "DELETE /v2.0/networks/91c3d118-ea9f-4598-8815-c087eaa10fe6 HTTP/1.1" status: 204 len: 168 time: 0.9361296
2026-05-30 10:58:35.948 9 INFO neutron.wsgi [req-bc8a2a93-74e6-4713-9838-ae7d29540c32 req-63ba3312-92d4-4493-a90b-4745c89507e0 311de5a72440457a97db1b822ad5f654 a9b60b7a466b48e2b909e6c895221a61 - - 3934fa3f24dd44ae9602c404a4208d70 3934fa3f24dd44ae9602c404a4208d70] 199.204.45.140 "GET /v2.0/ports?network_id=a48facf1-b00c-4137-a122-356036cf8c82&device_owner=network%3Adhcp HTTP/1.1" status: 200 len: 210 time: 0.0428436
2026-05-30 10:58:35.960 9 INFO neutron.wsgi [None req-4bda705a-11c5-47df-95bf-2bc9257dba6b 7d1fa76f769d41bea9c493f5ff0299ba 3b6c1c854c744b89b26af38715383b1d - - default default] 199.204.45.140 "GET /v2.0/ports/7fd2abc8-a4f0-41e3-9143-ff06fd6917f6 HTTP/1.1" status: 200 len: 1631 time: 0.0616529
2026-05-30 10:58:35.998 10 INFO neutron.wsgi [None req-7c666ad8-d8dd-4f23-83b6-73e523379d8d 09d805fec1ef40e39300c0eaecf2a255 c5fc2356b93049198f88af0725209d9b - - default default] 10.0.0.53 "GET /v2.0/subnets?network_id=4903dbdc-7c38-4d3f-b4fc-00ee3387a22c HTTP/1.1" status: 200 len: 838 time: 0.0646095
2026-05-30 10:58:36.001 9 INFO neutron.wsgi [req-bc8a2a93-74e6-4713-9838-ae7d29540c32 req-70b5eb70-c26a-437d-b917-5de32c580346 311de5a72440457a97db1b822ad5f654 a9b60b7a466b48e2b909e6c895221a61 - - 3934fa3f24dd44ae9602c404a4208d70 3934fa3f24dd44ae9602c404a4208d70] 199.204.45.140 "GET /v2.0/ports?network_id=a48facf1-b00c-4137-a122-356036cf8c82&device_owner=network%3Adhcp HTTP/1.1" status: 200 len: 210 time: 0.0475047
2026-05-30 10:58:36.075 10 INFO neutron.db.ovn_revision_numbers_db [None req-537163a6-de87-4853-a837-198c74967fcd - - - - - -] Successfully bumped revision number for resource 7fd2abc8-a4f0-41e3-9143-ff06fd6917f6 (type: ports) to 4
2026-05-30 10:58:36.095 9 INFO neutron.wsgi [req-bc8a2a93-74e6-4713-9838-ae7d29540c32 req-c7347680-f7b3-48fc-b0d7-0d1d7e7b94c7 311de5a72440457a97db1b822ad5f654 a9b60b7a466b48e2b909e6c895221a61 - - 3934fa3f24dd44ae9602c404a4208d70 3934fa3f24dd44ae9602c404a4208d70] 199.204.45.140 "GET /v2.0/networks/a48facf1-b00c-4137-a122-356036cf8c82?fields=segments HTTP/1.1" status: 200 len: 212 time: 0.0820355
2026-05-30 10:58:36.178 9 INFO neutron.wsgi [req-bc8a2a93-74e6-4713-9838-ae7d29540c32 req-8db5f272-a7f8-46f0-a980-be61e8e9f58e 311de5a72440457a97db1b822ad5f654 a9b60b7a466b48e2b909e6c895221a61 - - 3934fa3f24dd44ae9602c404a4208d70 3934fa3f24dd44ae9602c404a4208d70] 199.204.45.140 "GET /v2.0/networks/a48facf1-b00c-4137-a122-356036cf8c82?fields=provider%3Aphysical_network&fields=provider%3Anetwork_type HTTP/1.1" status: 200 len: 277 time: 0.0702167
2026-05-30 10:58:36.383 10 INFO neutron.db.ovn_revision_numbers_db [None req-8546aeec-34b4-4c86-ba4f-0bfc4e34b8ba 30e4a0cef431432d8d898a348c0286bf bfd1610eb1554352b794f88ec6e09417 - - default default] Successfully bumped revision number for resource 482dce9b-19e1-4f30-a5a3-99e092be0263 (type: floatingips) to 2
2026-05-30 10:58:36.445 10 INFO neutron.db.l3_db [None req-8546aeec-34b4-4c86-ba4f-0bfc4e34b8ba 30e4a0cef431432d8d898a348c0286bf bfd1610eb1554352b794f88ec6e09417 - - default default] Floating IP 482dce9b-19e1-4f30-a5a3-99e092be0263 disassociated. External IP: 10.96.250.203, port: b5ccdb90-0c82-4686-9357-eba0eed1be0c.
2026-05-30 10:58:36.478 10 INFO neutron.wsgi [None req-8546aeec-34b4-4c86-ba4f-0bfc4e34b8ba 30e4a0cef431432d8d898a348c0286bf bfd1610eb1554352b794f88ec6e09417 - - default default] 10.0.0.53 "PUT /v2.0/floatingips/482dce9b-19e1-4f30-a5a3-99e092be0263 HTTP/1.1" status: 200 len: 748 time: 0.3426995 /var/lib/openstack/lib/python3.10/site-packages/pycadf/identifier.py:71: UserWarning: Invalid uuid: neutron. To ensure interoperability, identifiers should be a valid uuid. warnings.warn(('Invalid uuid: %s. To ensure interoperability, '
2026-05-30 10:58:36.513 10 INFO neutron.wsgi [None req-a0e90c33-2581-4f42-900f-d393c69c2cfa 30e4a0cef431432d8d898a348c0286bf bfd1610eb1554352b794f88ec6e09417 - - default default] 10.0.0.53 "GET /v2.0/floatingips/482dce9b-19e1-4f30-a5a3-99e092be0263 HTTP/1.1" status: 200 len: 746 time: 0.0313563
2026-05-30 10:58:36.580 9 INFO neutron.db.ovn_revision_numbers_db [None req-3328302f-bd7c-4863-8324-90564fa2f5e7 7d1fa76f769d41bea9c493f5ff0299ba 3b6c1c854c744b89b26af38715383b1d - - default default] Successfully bumped revision number for resource 7fd2abc8-a4f0-41e3-9143-ff06fd6917f6 (type: ports) to 5
2026-05-30 10:58:36.594 9 INFO neutron.wsgi [None req-3328302f-bd7c-4863-8324-90564fa2f5e7 7d1fa76f769d41bea9c493f5ff0299ba 3b6c1c854c744b89b26af38715383b1d - - default default] 199.204.45.140 "PUT /v2.0/ports/7fd2abc8-a4f0-41e3-9143-ff06fd6917f6 HTTP/1.1" status: 200 len: 1378 time: 0.6238451 /var/lib/openstack/lib/python3.10/site-packages/pycadf/identifier.py:71: UserWarning: Invalid uuid: neutron. To ensure interoperability, identifiers should be a valid uuid. warnings.warn(('Invalid uuid: %s. To ensure interoperability, '
2026-05-30 10:58:36.643 9 INFO neutron.notifiers.nova [-] Nova event matching ['req-de99505c-3338-4768-978a-adcb5fa11a3d'] response: {'name': 'network-changed', 'server_uuid': '95020166-62be-4806-b2cb-7eb4af2c1de9', 'tag': '7fd2abc8-a4f0-41e3-9143-ff06fd6917f6', 'status': 'completed', 'code': 200}
2026-05-30 10:58:36.659 9 INFO neutron.wsgi [None req-8a3fbc28-17bb-44b6-8aad-d0213a6a16d4 7d1fa76f769d41bea9c493f5ff0299ba 3b6c1c854c744b89b26af38715383b1d - - default default] 199.204.45.140 "GET /v2.0/networks/a48facf1-b00c-4137-a122-356036cf8c82 HTTP/1.1" status: 200 len: 1000 time: 0.0590641
2026-05-30 10:58:36.710 9 INFO neutron.wsgi [None req-c3aba3fd-d00b-496d-b4f1-6815c9fe2824 7d1fa76f769d41bea9c493f5ff0299ba 3b6c1c854c744b89b26af38715383b1d - - default default] 199.204.45.140 "GET /v2.0/subnets/dbbb209e-71b1-43f7-94f8-71d16180946c HTTP/1.1" status: 200 len: 848 time: 0.0382576
2026-05-30 10:58:36.722 9 INFO neutron.wsgi [req-b58cf709-5ad9-4fc6-9b5a-076a7d693426 req-944c4846-7f3f-42d1-adbe-d3365593cd12 311de5a72440457a97db1b822ad5f654 a9b60b7a466b48e2b909e6c895221a61 - - 3934fa3f24dd44ae9602c404a4208d70 3934fa3f24dd44ae9602c404a4208d70] 199.204.45.140 "GET /v2.0/ports?tenant_id=3b6c1c854c744b89b26af38715383b1d&device_id=95020166-62be-4806-b2cb-7eb4af2c1de9 HTTP/1.1" status: 200 len: 3922 time: 0.0573382
2026-05-30 10:58:36.802 9 INFO neutron.wsgi [req-b58cf709-5ad9-4fc6-9b5a-076a7d693426 req-6b390ac5-08a2-4b2c-8f8f-69ab106d0e3d 311de5a72440457a97db1b822ad5f654 a9b60b7a466b48e2b909e6c895221a61 - - 3934fa3f24dd44ae9602c404a4208d70 3934fa3f24dd44ae9602c404a4208d70] 199.204.45.140 "GET /v2.0/networks?id=a48facf1-b00c-4137-a122-356036cf8c82 HTTP/1.1" status: 200 len: 1003 time: 0.0737391
2026-05-30 10:58:36.816 9 INFO neutron.wsgi [None req-b89a9bd9-ae6e-4fc3-9162-5d4bff0cb212 7d1fa76f769d41bea9c493f5ff0299ba 3b6c1c854c744b89b26af38715383b1d - - default default] 199.204.45.140 "GET /v2.0/extensions/security-group HTTP/1.1" status: 200 len: 369 time: 0.0059836
2026-05-30 10:58:36.828 9 INFO neutron.wsgi [None req-c146a509-c810-479a-a1c3-ad205d27a14c 7d1fa76f769d41bea9c493f5ff0299ba 3b6c1c854c744b89b26af38715383b1d - - default default] 199.204.45.140 "GET /v2.0/extensions/dns-integration HTTP/1.1" status: 200 len: 371 time: 0.0065851
2026-05-30 10:58:36.849 9 INFO neutron.wsgi [None req-63fc99fd-4fae-4ac6-b190-6b2f0d5f7c8d 7d1fa76f769d41bea9c493f5ff0299ba 3b6c1c854c744b89b26af38715383b1d - - default default] 199.204.45.140 "GET /v2.0/extensions/qos HTTP/1.1" status: 200 len: 365 time: 0.0052547
2026-05-30 10:58:36.851 9 INFO neutron.wsgi [req-b58cf709-5ad9-4fc6-9b5a-076a7d693426 req-064d7dc9-78fc-4d37-937d-cde26c6478fc 311de5a72440457a97db1b822ad5f654 a9b60b7a466b48e2b909e6c895221a61 - - 3934fa3f24dd44ae9602c404a4208d70 3934fa3f24dd44ae9602c404a4208d70] 199.204.45.140 "GET /v2.0/floatingips?fixed_ip_address=10.2.1.111&port_id=7fd2abc8-a4f0-41e3-9143-ff06fd6917f6 HTTP/1.1" status: 200 len: 217 time: 0.0413189
2026-05-30 10:58:36.856 9 INFO neutron.wsgi [None req-74b30b63-e118-4487-bf21-a1426982dac4 7d1fa76f769d41bea9c493f5ff0299ba 3b6c1c854c744b89b26af38715383b1d - - default default] 199.204.45.140 "GET /v2.0/extensions/allowed-address-pairs HTTP/1.1" status: 200 len: 383 time: 0.0037031
2026-05-30 10:58:36.900 9 INFO neutron.wsgi [req-b58cf709-5ad9-4fc6-9b5a-076a7d693426 req-cca679e8-f5d0-4f18-b3c0-5235333e2441 311de5a72440457a97db1b822ad5f654 a9b60b7a466b48e2b909e6c895221a61 - - 3934fa3f24dd44ae9602c404a4208d70 3934fa3f24dd44ae9602c404a4208d70] 199.204.45.140 "GET /v2.0/subnets?id=dbbb209e-71b1-43f7-94f8-71d16180946c HTTP/1.1" status: 200 len: 851 time: 0.0427573
2026-05-30 10:58:36.903 9 INFO neutron.wsgi [None req-0b1735aa-88ab-426c-b998-0d5994ee431f 7d1fa76f769d41bea9c493f5ff0299ba 3b6c1c854c744b89b26af38715383b1d - - default default] 199.204.45.140 "GET /v2.0/subnets/e84f5f19-78cf-41e6-990d-65622e0ccb5c HTTP/1.1" status: 200 len: 851 time: 0.0398071
2026-05-30 10:58:36.938 9 INFO neutron.wsgi [req-b58cf709-5ad9-4fc6-9b5a-076a7d693426 req-4610978c-cbcf-4290-83ff-327546b8f12f 311de5a72440457a97db1b822ad5f654 a9b60b7a466b48e2b909e6c895221a61 - - 3934fa3f24dd44ae9602c404a4208d70 3934fa3f24dd44ae9602c404a4208d70] 199.204.45.140 "GET /v2.0/ports?network_id=a48facf1-b00c-4137-a122-356036cf8c82&device_owner=network%3Adhcp HTTP/1.1" status: 200 len: 210 time: 0.0303433
2026-05-30 10:58:36.998 9 INFO neutron.wsgi [None req-cf49553c-9a24-4281-8df7-99d12fbb19fb 7d1fa76f769d41bea9c493f5ff0299ba 3b6c1c854c744b89b26af38715383b1d - - default default] 199.204.45.140 "GET /v2.0/ports/f0a32bb4-a5b1-4eef-a9ac-a1a0c602232e HTTP/1.1" status: 200 len: 1340 time: 0.0800984
2026-05-30 10:58:37.044 9 INFO neutron.wsgi [None req-9d7535c9-27c0-4c3f-a111-449514d65243 7d1fa76f769d41bea9c493f5ff0299ba 3b6c1c854c744b89b26af38715383b1d - - default default] 10.0.0.53 "GET /v2.0/security-groups?tenant_id=e3f7aaefc30d4088b9acf83ea10a0455&name=default HTTP/1.1" status: 200 len: 3120 time: 0.2549984
2026-05-30 10:58:37.061 9 INFO neutron.wsgi [None req-12e8a12e-977e-4a45-be56-baf2671730d2 7d1fa76f769d41bea9c493f5ff0299ba 3b6c1c854c744b89b26af38715383b1d - - default default] 199.204.45.140 "GET /v2.0/ports/e7e5c952-6b42-4858-bd18-a49e55852b67 HTTP/1.1" status: 200 len: 1515 time: 0.0530636
2026-05-30 10:58:37.063 9 INFO neutron.wsgi [req-b58cf709-5ad9-4fc6-9b5a-076a7d693426 req-ca409b8e-14da-4b3a-95fe-1708bda55fe3 311de5a72440457a97db1b822ad5f654 a9b60b7a466b48e2b909e6c895221a61 - - 3934fa3f24dd44ae9602c404a4208d70 3934fa3f24dd44ae9602c404a4208d70] 199.204.45.140 "GET /v2.0/networks/a48facf1-b00c-4137-a122-356036cf8c82?fields=segments HTTP/1.1" status: 200 len: 212 time: 0.1141233
2026-05-30 10:58:37.141 9 INFO neutron.wsgi [None req-a1647f58-cfc4-4d40-813f-e1fd90b7771a 7d1fa76f769d41bea9c493f5ff0299ba 3b6c1c854c744b89b26af38715383b1d - - default default] 199.204.45.140 "GET /v2.0/subnets/e84f5f19-78cf-41e6-990d-65622e0ccb5c HTTP/1.1" status: 200 len: 851 time: 0.0690217
2026-05-30 10:58:37.183 9 INFO neutron.wsgi [req-b58cf709-5ad9-4fc6-9b5a-076a7d693426 req-80e882a8-1c6e-480d-ad67-6584a6d45752 311de5a72440457a97db1b822ad5f654 a9b60b7a466b48e2b909e6c895221a61 - - 3934fa3f24dd44ae9602c404a4208d70 3934fa3f24dd44ae9602c404a4208d70] 199.204.45.140 "GET /v2.0/networks/a48facf1-b00c-4137-a122-356036cf8c82?fields=provider%3Aphysical_network&fields=provider%3Anetwork_type HTTP/1.1" status: 200 len: 277 time: 0.1137259
2026-05-30 10:58:37.227 9 INFO neutron.wsgi [None req-221e6e9f-b00c-433b-8b03-342a582d9ba4 7d1fa76f769d41bea9c493f5ff0299ba 3b6c1c854c744b89b26af38715383b1d - - default default] 199.204.45.140 "GET /v2.0/networks/6d5ba96b-5f39-4256-b1dd-a1bb61099614 HTTP/1.1" status: 200 len: 1002 time: 0.0796223
2026-05-30 10:58:37.279 9 INFO neutron.wsgi [None req-4875901d-6358-4082-85da-b2028ded74e8 7d1fa76f769d41bea9c493f5ff0299ba 3b6c1c854c744b89b26af38715383b1d - - default default] 199.204.45.140 "GET /v2.0/ports/f0a32bb4-a5b1-4eef-a9ac-a1a0c602232e HTTP/1.1" status: 200 len: 1340 time: 0.0431988
2026-05-30 10:58:37.328 9 INFO neutron.wsgi [None req-ff09e6df-b846-472d-882d-40f8328190b0 7d1fa76f769d41bea9c493f5ff0299ba 3b6c1c854c744b89b26af38715383b1d - - default default] 199.204.45.140 "GET /v2.0/subnets/e84f5f19-78cf-41e6-990d-65622e0ccb5c HTTP/1.1" status: 200 len: 851 time: 0.0402336
2026-05-30 10:58:37.398 9 INFO neutron.wsgi [None req-f95ff6cd-c5c7-4d94-b75c-8f1e38acdbf1 7d1fa76f769d41bea9c493f5ff0299ba 3b6c1c854c744b89b26af38715383b1d - - default default] 10.0.0.53 "DELETE /v2.0/security-groups/57d7bff5-3b67-438c-a18a-dc87cd995e3a HTTP/1.1" status: 204 len: 168 time: 0.3478317
2026-05-30 10:58:37.584 9 WARNING neutron_lib.context [None req-6532408e-c9ea-4c78-b2bd-cc9d4f5bc249 30e4a0cef431432d8d898a348c0286bf bfd1610eb1554352b794f88ec6e09417 - - default default] Method 'is_advsvc' is deprecated since 2023.2 release (neutron-lib 3.8.0) and will be removed once support for the old RBAC API policies will be removed from Neutron. Please use method 'is_service_role' instead.
2026-05-30 10:58:37.627 10 INFO neutron.db.ovn_revision_numbers_db [None req-ce005f53-a719-4a54-aba2-16a4be06207f 7d1fa76f769d41bea9c493f5ff0299ba 3b6c1c854c744b89b26af38715383b1d - - default default] Successfully bumped revision number for resource 93495d6f-e1e8-45e2-8533-d90c6d9698a0 (type: security_groups) to 1
2026-05-30 10:58:37.642 10 INFO neutron.db.ovn_revision_numbers_db [None req-ce005f53-a719-4a54-aba2-16a4be06207f 7d1fa76f769d41bea9c493f5ff0299ba 3b6c1c854c744b89b26af38715383b1d - - default default] Successfully bumped revision number for resource 0d12261e-f5fc-490b-929d-955d08f02ac1 (type: security_group_rules) to 0
2026-05-30 10:58:37.655 10 INFO neutron.db.ovn_revision_numbers_db [None req-ce005f53-a719-4a54-aba2-16a4be06207f 7d1fa76f769d41bea9c493f5ff0299ba 3b6c1c854c744b89b26af38715383b1d - - default default] Successfully bumped revision number for resource 4956a1b9-8b6f-419d-a4e4-d47e091666ed (type: security_group_rules) to 0
2026-05-30 10:58:37.669 10 INFO neutron.db.ovn_revision_numbers_db [None req-ce005f53-a719-4a54-aba2-16a4be06207f 7d1fa76f769d41bea9c493f5ff0299ba 3b6c1c854c744b89b26af38715383b1d - - default default] Successfully bumped revision number for resource ddb05784-3245-456f-ab51-f4cd640b3262 (type: security_group_rules) to 0
2026-05-30 10:58:37.685 10 INFO neutron.db.ovn_revision_numbers_db [None req-ce005f53-a719-4a54-aba2-16a4be06207f 7d1fa76f769d41bea9c493f5ff0299ba 3b6c1c854c744b89b26af38715383b1d - - default default] Successfully bumped revision number for resource f1602a2c-af05-4be2-8b10-20b7ed296ecc (type: security_group_rules) to 0
2026-05-30 10:58:37.710 10 INFO neutron.wsgi [None req-ce005f53-a719-4a54-aba2-16a4be06207f 7d1fa76f769d41bea9c493f5ff0299ba 3b6c1c854c744b89b26af38715383b1d - - default default] 10.0.0.53 "GET /v2.0/security-groups?tenant_id=474a89efafe94c9991bf4016c05983d1&name=default HTTP/1.1" status: 200 len: 3120 time: 0.2173362
2026-05-30 10:58:37.713 9 INFO neutron.db.ovn_revision_numbers_db [None req-6532408e-c9ea-4c78-b2bd-cc9d4f5bc249 30e4a0cef431432d8d898a348c0286bf bfd1610eb1554352b794f88ec6e09417 - - default default] Successfully bumped revision number for resource 9838991e-8971-4d55-a085-c1251afba4d6 (type: security_groups) to 1
2026-05-30 10:58:37.752 9 INFO neutron.db.ovn_revision_numbers_db [None req-6532408e-c9ea-4c78-b2bd-cc9d4f5bc249 30e4a0cef431432d8d898a348c0286bf bfd1610eb1554352b794f88ec6e09417 - - default default] Successfully bumped revision number for resource acd19577-46e1-4888-9d3f-3ec131eabfe8 (type: security_group_rules) to 0
2026-05-30 10:58:37.774 9 INFO neutron.db.ovn_revision_numbers_db [None req-6532408e-c9ea-4c78-b2bd-cc9d4f5bc249 30e4a0cef431432d8d898a348c0286bf bfd1610eb1554352b794f88ec6e09417 - - default default] Successfully bumped revision number for resource febc4859-ceae-4e37-9ea1-ff588baa91a0 (type: security_group_rules) to 0
2026-05-30 10:58:37.804 9 INFO neutron.services.segments.plugin [-] Segment dd213ce9-e25f-4077-acb4-86c100d4519b resource provider aggregate not found
2026-05-30 10:58:37.814 9 INFO neutron.services.segments.plugin [-] Segment dd213ce9-e25f-4077-acb4-86c100d4519b resource provider aggregate not found
2026-05-30 10:58:37.826 9 INFO neutron.wsgi [None req-6532408e-c9ea-4c78-b2bd-cc9d4f5bc249 30e4a0cef431432d8d898a348c0286bf bfd1610eb1554352b794f88ec6e09417 - - default default] 10.0.0.53 "POST /v2.0/security-groups HTTP/1.1" status: 201 len: 1875 time: 0.2494669
2026-05-30 10:58:37.829 9 INFO neutron.services.segments.plugin [-] Segment dd213ce9-e25f-4077-acb4-86c100d4519b resource provider not found; error: Placement Client Error (4xx): {"errors": [{"status": 404, "title": "Not Found", "detail": "The resource could not be found.\n\n No resource provider with uuid dd213ce9-e25f-4077-acb4-86c100d4519b found for delete ", "request_id": "req-7db73e80-46c0-41df-867a-2aabbdc4999f"}]}
2026-05-30 10:58:37.832 9 INFO neutron.services.segments.plugin [-] Segment dd213ce9-e25f-4077-acb4-86c100d4519b resource provider not found; error: Placement Client Error (4xx): {"errors": [{"status": 404, "title": "Not Found", "detail": "The resource could not be found.\n\n No resource provider with uuid dd213ce9-e25f-4077-acb4-86c100d4519b found for delete ", "request_id": "req-78c11eba-5112-4899-9c23-105a02481419"}]}
2026-05-30 10:58:37.837 10 WARNING neutron_lib.context [None req-0d37a121-d757-4501-b9d2-ed5f7c29b854 30e4a0cef431432d8d898a348c0286bf bfd1610eb1554352b794f88ec6e09417 - - default default] Method 'is_advsvc' is deprecated since 2023.2 release (neutron-lib 3.8.0) and will be removed once support for the old RBAC API policies will be removed from Neutron. Please use method 'is_service_role' instead.
2026-05-30 10:58:37.869 10 INFO neutron.notifiers.nova [-] Nova event matching ['req-b28debb5-2b6a-47ae-8e2b-6339d90972ba'] response: {'server_uuid': '95020166-62be-4806-b2cb-7eb4af2c1de9', 'name': 'network-vif-plugged', 'status': 'completed', 'tag': '7fd2abc8-a4f0-41e3-9143-ff06fd6917f6', 'code': 200}
2026-05-30 10:58:37.869 10 INFO neutron.notifiers.nova [-] Nova event matching ['req-b28debb5-2b6a-47ae-8e2b-6339d90972ba'] response: {'name': 'network-changed', 'server_uuid': 'ec3689ba-621d-4138-9acc-f094c4ae5125', 'tag': 'b5ccdb90-0c82-4686-9357-eba0eed1be0c', 'status': 'completed', 'code': 200}
2026-05-30 10:58:37.927 9 INFO neutron.wsgi [req-f2f88003-f1fb-4f50-a4a8-ee336fafaed6 req-bef699d4-7416-4b23-9755-06ae5ea55822 311de5a72440457a97db1b822ad5f654 a9b60b7a466b48e2b909e6c895221a61 - - 3934fa3f24dd44ae9602c404a4208d70 3934fa3f24dd44ae9602c404a4208d70] 199.204.45.140 "GET /v2.0/ports?tenant_id=bfd1610eb1554352b794f88ec6e09417&device_id=ec3689ba-621d-4138-9acc-f094c4ae5125 HTTP/1.1" status: 200 len: 1413 time: 0.0448968
2026-05-30 10:58:37.982 10 INFO neutron.db.ovn_revision_numbers_db [None req-0d37a121-d757-4501-b9d2-ed5f7c29b854 30e4a0cef431432d8d898a348c0286bf bfd1610eb1554352b794f88ec6e09417 - - default default] Successfully bumped revision number for resource 5f6262d5-af67-4cb6-8577-3ca586394f75 (type: security_group_rules) to 0
2026-05-30 10:58:38.000 9 INFO neutron.wsgi [req-f2f88003-f1fb-4f50-a4a8-ee336fafaed6 req-3d17b593-600c-4d8d-ad4a-6e012d1e71d2 311de5a72440457a97db1b822ad5f654 a9b60b7a466b48e2b909e6c895221a61 - - 3934fa3f24dd44ae9602c404a4208d70 3934fa3f24dd44ae9602c404a4208d70] 199.204.45.140 "GET /v2.0/networks?id=a0858fee-00ed-43ed-9f92-44ba77411967 HTTP/1.1" status: 200 len: 958 time: 0.0655046
2026-05-30 10:58:38.013 10 INFO neutron.wsgi [None req-0d37a121-d757-4501-b9d2-ed5f7c29b854 30e4a0cef431432d8d898a348c0286bf bfd1610eb1554352b794f88ec6e09417 - - default default] 10.0.0.53 "POST /v2.0/security-group-rules HTTP/1.1" status: 201 len: 796 time: 0.1798420
2026-05-30 10:58:38.030 10 WARNING neutron_lib.context [None req-93c18933-2d6a-4fa1-8e70-699abbfb34b7 30e4a0cef431432d8d898a348c0286bf bfd1610eb1554352b794f88ec6e09417 - - default default] Method 'is_advsvc' is deprecated since 2023.2 release (neutron-lib 3.8.0) and will be removed once support for the old RBAC API policies will be removed from Neutron. Please use method 'is_service_role' instead.
2026-05-30 10:58:38.038 9 INFO neutron.wsgi [req-f2f88003-f1fb-4f50-a4a8-ee336fafaed6 req-7404ab7d-f408-4ae8-a06b-5200de7fd2c0 311de5a72440457a97db1b822ad5f654 a9b60b7a466b48e2b909e6c895221a61 - - 3934fa3f24dd44ae9602c404a4208d70 3934fa3f24dd44ae9602c404a4208d70] 199.204.45.140 "GET /v2.0/floatingips?fixed_ip_address=10.100.0.11&port_id=b5ccdb90-0c82-4686-9357-eba0eed1be0c HTTP/1.1" status: 200 len: 217 time: 0.0305393
2026-05-30 10:58:38.090 9 INFO neutron.wsgi [req-f2f88003-f1fb-4f50-a4a8-ee336fafaed6 req-33509d2e-3b8f-4ff2-b367-2c2ab3973572 311de5a72440457a97db1b822ad5f654 a9b60b7a466b48e2b909e6c895221a61 - - 3934fa3f24dd44ae9602c404a4208d70 3934fa3f24dd44ae9602c404a4208d70] 199.204.45.140 "GET /v2.0/subnets?id=cfff6e4c-7faf-4dfb-acfc-1130df50e264 HTTP/1.1" status: 200 len: 852 time: 0.0451443
2026-05-30 10:58:38.112 9 INFO neutron.wsgi [None req-c9388abe-cd00-481b-8d97-e1374cdf414f 7d1fa76f769d41bea9c493f5ff0299ba 3b6c1c854c744b89b26af38715383b1d - - default default] 10.0.0.53 "DELETE /v2.0/security-groups/93495d6f-e1e8-45e2-8533-d90c6d9698a0 HTTP/1.1" status: 204 len: 168 time: 0.3958352
2026-05-30 10:58:38.122 9 INFO neutron.wsgi [req-f2f88003-f1fb-4f50-a4a8-ee336fafaed6 req-08f02383-664e-4890-94ee-8e15ba02a1dc 311de5a72440457a97db1b822ad5f654 a9b60b7a466b48e2b909e6c895221a61 - - 3934fa3f24dd44ae9602c404a4208d70 3934fa3f24dd44ae9602c404a4208d70] 199.204.45.140 "GET /v2.0/ports?network_id=a0858fee-00ed-43ed-9f92-44ba77411967&device_owner=network%3Adhcp HTTP/1.1" status: 200 len: 210 time: 0.0242167
2026-05-30 10:58:38.179 10 INFO neutron.db.ovn_revision_numbers_db [None req-93c18933-2d6a-4fa1-8e70-699abbfb34b7 30e4a0cef431432d8d898a348c0286bf bfd1610eb1554352b794f88ec6e09417 - - default default] Successfully bumped revision number for resource 14e37581-c14a-4cbf-9210-82e1fa82f551 (type: security_group_rules) to 0
2026-05-30 10:58:38.190 9 INFO neutron.wsgi [req-f2f88003-f1fb-4f50-a4a8-ee336fafaed6 req-245b5807-adac-4571-b0eb-aeb4167ad742 311de5a72440457a97db1b822ad5f654 a9b60b7a466b48e2b909e6c895221a61 - - 3934fa3f24dd44ae9602c404a4208d70 3934fa3f24dd44ae9602c404a4208d70] 199.204.45.140 "GET /v2.0/networks/a0858fee-00ed-43ed-9f92-44ba77411967?fields=segments HTTP/1.1" status: 200 len: 212 time: 0.0601208
2026-05-30 10:58:38.208 10 INFO neutron.wsgi [None req-93c18933-2d6a-4fa1-8e70-699abbfb34b7 30e4a0cef431432d8d898a348c0286bf bfd1610eb1554352b794f88ec6e09417 - - default default] 10.0.0.53 "POST /v2.0/security-group-rules HTTP/1.1" status: 201 len: 795 time: 0.1866918
2026-05-30 10:58:38.221 10 WARNING neutron_lib.context [None req-1e9fc6ee-3006-4cd6-a966-04fc83bef865 30e4a0cef431432d8d898a348c0286bf bfd1610eb1554352b794f88ec6e09417 - - default default] Method 'is_advsvc' is deprecated since 2023.2 release (neutron-lib 3.8.0) and will be removed once support for the old RBAC API policies will be removed from Neutron. Please use method 'is_service_role' instead.
2026-05-30 10:58:38.259 9 INFO neutron.wsgi [req-f2f88003-f1fb-4f50-a4a8-ee336fafaed6 req-b4b2b343-7730-46a2-97dc-8bdcae60ed27 311de5a72440457a97db1b822ad5f654 a9b60b7a466b48e2b909e6c895221a61 - - 3934fa3f24dd44ae9602c404a4208d70 3934fa3f24dd44ae9602c404a4208d70] 199.204.45.140 "GET /v2.0/networks/a0858fee-00ed-43ed-9f92-44ba77411967?fields=provider%3Aphysical_network&fields=provider%3Anetwork_type HTTP/1.1" status: 200 len: 277 time: 0.0617557
