2026-05-30 10:57:41.175 9 WARNING neutron.scheduler.dhcp_agent_scheduler [None req-2f7b36c4-5b26-4669-b52e-a55c4ed01dfe 7d1fa76f769d41bea9c493f5ff0299ba 3b6c1c854c744b89b26af38715383b1d - - default default] No more DHCP agents
2026-05-30 10:57:41.197 9 WARNING neutron.api.rpc.agentnotifiers.dhcp_rpc_agent_api [None req-2f7b36c4-5b26-4669-b52e-a55c4ed01dfe 7d1fa76f769d41bea9c493f5ff0299ba 3b6c1c854c744b89b26af38715383b1d - - default default] Unable to schedule network e03b7809-f96f-4568-8f55-683486ff6d93: no agents available; will retry on subsequent port and subnet creation events.
2026-05-30 10:57:41.429 9 INFO neutron.db.ovn_revision_numbers_db [None req-9fea9487-a31f-40c0-a065-064b768e3557 - - - - - -] Successfully bumped revision number for resource ab5b2b5a-a435-465e-b37d-f45e746e025b (type: ports) to 4
2026-05-30 10:57:41.444 9 INFO neutron.db.ovn_revision_numbers_db [None req-50d7fe09-9ee3-4112-bde9-4546431aea1d 6f7bf6874e0a4d3f89e04ee9ec43a9cd f4bd1ca41a8b4fc1901b198d6f20dccf - - default default] Successfully bumped revision number for resource 038a1d1c-eded-40d9-bbf4-2a8bcd54fa1a (type: security_groups) to 1
2026-05-30 10:57:41.475 9 INFO neutron.db.ovn_revision_numbers_db [None req-50d7fe09-9ee3-4112-bde9-4546431aea1d 6f7bf6874e0a4d3f89e04ee9ec43a9cd f4bd1ca41a8b4fc1901b198d6f20dccf - - default default] Successfully bumped revision number for resource 0c10192e-a942-4e27-9cd8-8314e3bd6d02 (type: security_group_rules) to 0
2026-05-30 10:57:41.545 9 INFO neutron.db.ovn_revision_numbers_db [None req-50d7fe09-9ee3-4112-bde9-4546431aea1d 6f7bf6874e0a4d3f89e04ee9ec43a9cd f4bd1ca41a8b4fc1901b198d6f20dccf - - default default] Successfully bumped revision number for resource 44b0d9de-cd97-409c-8343-eab556999ef4 (type: security_group_rules) to 0
2026-05-30 10:57:41.617 9 INFO neutron.db.ovn_revision_numbers_db [None req-50d7fe09-9ee3-4112-bde9-4546431aea1d 6f7bf6874e0a4d3f89e04ee9ec43a9cd f4bd1ca41a8b4fc1901b198d6f20dccf - - default default] Successfully bumped revision number for resource 4c9c8ec4-e6f2-450c-850d-5614c8b4a3d2 (type: security_group_rules) to 0
2026-05-30 10:57:41.672 9 INFO neutron.db.ovn_revision_numbers_db [None req-50d7fe09-9ee3-4112-bde9-4546431aea1d 6f7bf6874e0a4d3f89e04ee9ec43a9cd f4bd1ca41a8b4fc1901b198d6f20dccf - - default default] Successfully bumped revision number for resource 68beb936-5897-4a26-8c97-79380f375fc3 (type: security_group_rules) to 0
2026-05-30 10:57:42.095 9 INFO neutron.db.segments_db [None req-50d7fe09-9ee3-4112-bde9-4546431aea1d 6f7bf6874e0a4d3f89e04ee9ec43a9cd f4bd1ca41a8b4fc1901b198d6f20dccf - - default default] Added segment aae72f8a-f8d2-4766-bb6e-cb1cfd57de6a of type geneve for network 8680ba65-e1ab-49db-8769-e4d479996212
2026-05-30 10:57:42.410 9 INFO neutron.db.ovn_revision_numbers_db [None req-48d70b58-30ac-4872-969f-fd49bcde0830 - - - - - -] Successfully bumped revision number for resource d054fd71-591c-4bfd-96c1-1578d5f39b7a (type: ports) to 2
2026-05-30 10:57:42.582 9 INFO neutron.db.ovn_revision_numbers_db [None req-50d7fe09-9ee3-4112-bde9-4546431aea1d 6f7bf6874e0a4d3f89e04ee9ec43a9cd f4bd1ca41a8b4fc1901b198d6f20dccf - - default default] Successfully bumped revision number for resource 8680ba65-e1ab-49db-8769-e4d479996212 (type: networks) to 1
2026-05-30 10:57:42.626 9 INFO neutron.db.ovn_revision_numbers_db [None req-9fea9487-a31f-40c0-a065-064b768e3557 - - - - - -] Successfully bumped revision number for resource ab5b2b5a-a435-465e-b37d-f45e746e025b (type: router_ports) to 4
2026-05-30 10:57:42.790 9 ERROR ovsdbapp.backend.ovs_idl.command [None req-48d70b58-30ac-4872-969f-fd49bcde0830 - - - - - -] Error executing command (DbGetCommand): ovsdbapp.backend.ovs_idl.idlutils.RowNotFound: Cannot find Logical_Router_Port with name=lrp-d054fd71-591c-4bfd-96c1-1578d5f39b7a
2026-05-30 10:57:42.790 9 ERROR ovsdbapp.backend.ovs_idl.command
Traceback (most recent call last):
2026-05-30 10:57:42.790 9 ERROR ovsdbapp.backend.ovs_idl.command
File "/var/lib/openstack/lib/python3.10/site-packages/ovsdbapp/backend/ovs_idl/command.py", line 47, in execute
2026-05-30 10:57:42.790 9 ERROR ovsdbapp.backend.ovs_idl.command self.run_idl(None)
2026-05-30 10:57:42.790 9 ERROR ovsdbapp.backend.ovs_idl.command
File "/var/lib/openstack/lib/python3.10/site-packages/ovsdbapp/backend/ovs_idl/command.py", line 235, in run_idl
2026-05-30 10:57:42.790 9 ERROR ovsdbapp.backend.ovs_idl.command record = self.api.lookup(self.table, self.record)
2026-05-30 10:57:42.790 9 ERROR ovsdbapp.backend.ovs_idl.command
File "/var/lib/openstack/lib/python3.10/site-packages/ovsdbapp/backend/ovs_idl/__init__.py", line 184, in lookup
2026-05-30 10:57:42.790 9 ERROR ovsdbapp.backend.ovs_idl.command return self._lookup(table, record)
2026-05-30 10:57:42.790 9 ERROR ovsdbapp.backend.ovs_idl.command
File "/var/lib/openstack/lib/python3.10/site-packages/ovsdbapp/backend/ovs_idl/__init__.py", line 235, in _lookup
2026-05-30 10:57:42.790 9 ERROR ovsdbapp.backend.ovs_idl.command row = idlutils.row_by_value(self, rl.table, rl.column, record)
2026-05-30 10:57:42.790 9 ERROR ovsdbapp.backend.ovs_idl.command
File "/var/lib/openstack/lib/python3.10/site-packages/ovsdbapp/backend/ovs_idl/idlutils.py", line 114, in row_by_value
2026-05-30 10:57:42.790 9 ERROR ovsdbapp.backend.ovs_idl.command raise RowNotFound(table=table, col=column, match=match)
2026-05-30 10:57:42.790 9 ERROR ovsdbapp.backend.ovs_idl.command ovsdbapp.backend.ovs_idl.idlutils.RowNotFound: Cannot find Logical_Router_Port with name=lrp-d054fd71-591c-4bfd-96c1-1578d5f39b7a
2026-05-30 10:57:42.790 9 ERROR ovsdbapp.backend.ovs_idl.command 
2026-05-30 10:57:42.790 9 ERROR neutron_lib.callbacks.manager [None req-48d70b58-30ac-4872-969f-fd49bcde0830 - - - - - -] Error during notification for neutron.services.ovn_l3.plugin.OVNL3RouterPlugin._port_update-8767237304047 port, after_update: ovsdbapp.backend.ovs_idl.idlutils.RowNotFound: Cannot find Logical_Router_Port with name=lrp-d054fd71-591c-4bfd-96c1-1578d5f39b7a
2026-05-30 10:57:42.790 9 ERROR neutron_lib.callbacks.manager
Traceback (most recent call last):
2026-05-30 10:57:42.790 9 ERROR neutron_lib.callbacks.manager
File "/var/lib/openstack/lib/python3.10/site-packages/neutron_lib/callbacks/manager.py", line 189, in _notify_loop
2026-05-30 10:57:42.790 9 ERROR neutron_lib.callbacks.manager callback.method(resource, event, trigger, payload=payload)
2026-05-30 10:57:42.790 9 ERROR neutron_lib.callbacks.manager
File "/var/lib/openstack/lib/python3.10/site-packages/neutron/services/ovn_l3/plugin.py", line 391, in _port_update
2026-05-30 10:57:42.790 9 ERROR neutron_lib.callbacks.manager l3plugin._ovn_client.update_router_port(context,
2026-05-30 10:57:42.790 9 ERROR neutron_lib.callbacks.manager
File "/var/lib/openstack/lib/python3.10/site-packages/neutron/plugins/ml2/drivers/ovn/mech_driver/ovsdb/ovn_client.py", line 1878, in update_router_port
2026-05-30 10:57:42.790 9 ERROR neutron_lib.callbacks.manager self._update_lrouter_port(context, port, if_exists=if_exists,
2026-05-30 10:57:42.790 9 ERROR neutron_lib.callbacks.manager
File "/var/lib/openstack/lib/python3.10/site-packages/neutron/plugins/ml2/drivers/ovn/mech_driver/ovsdb/ovn_client.py", line 1855, in _update_lrouter_port
2026-05-30 10:57:42.790 9 ERROR neutron_lib.callbacks.manager external_ids = self._nb_idl.db_get(
2026-05-30 10:57:42.790 9 ERROR neutron_lib.callbacks.manager
File "/var/lib/openstack/lib/python3.10/site-packages/ovsdbapp/backend/ovs_idl/command.py", line 47, in execute
2026-05-30 10:57:42.790 9 ERROR neutron_lib.callbacks.manager self.run_idl(None)
2026-05-30 10:57:42.790 9 ERROR neutron_lib.callbacks.manager
File "/var/lib/openstack/lib/python3.10/site-packages/ovsdbapp/backend/ovs_idl/command.py", line 235, in run_idl
2026-05-30 10:57:42.790 9 ERROR neutron_lib.callbacks.manager record = self.api.lookup(self.table, self.record)
2026-05-30 10:57:42.790 9 ERROR neutron_lib.callbacks.manager
File "/var/lib/openstack/lib/python3.10/site-packages/ovsdbapp/backend/ovs_idl/__init__.py", line 184, in lookup
2026-05-30 10:57:42.790 9 ERROR neutron_lib.callbacks.manager return self._lookup(table, record)
2026-05-30 10:57:42.790 9 ERROR neutron_lib.callbacks.manager
File "/var/lib/openstack/lib/python3.10/site-packages/ovsdbapp/backend/ovs_idl/__init__.py", line 235, in _lookup
2026-05-30 10:57:42.790 9 ERROR neutron_lib.callbacks.manager row = idlutils.row_by_value(self, rl.table, rl.column, record)
2026-05-30 10:57:42.790 9 ERROR neutron_lib.callbacks.manager
File "/var/lib/openstack/lib/python3.10/site-packages/ovsdbapp/backend/ovs_idl/idlutils.py", line 114, in row_by_value
2026-05-30 10:57:42.790 9 ERROR neutron_lib.callbacks.manager raise RowNotFound(table=table, col=column, match=match)
2026-05-30 10:57:42.790 9 ERROR neutron_lib.callbacks.manager ovsdbapp.backend.ovs_idl.idlutils.RowNotFound: Cannot find Logical_Router_Port with name=lrp-d054fd71-591c-4bfd-96c1-1578d5f39b7a
2026-05-30 10:57:42.790 9 ERROR neutron_lib.callbacks.manager 
2026-05-30 10:57:43.035 9 WARNING neutron.scheduler.dhcp_agent_scheduler [None req-50d7fe09-9ee3-4112-bde9-4546431aea1d 6f7bf6874e0a4d3f89e04ee9ec43a9cd f4bd1ca41a8b4fc1901b198d6f20dccf - - default default] No more DHCP agents
2026-05-30 10:57:43.041 9 WARNING neutron.api.rpc.agentnotifiers.dhcp_rpc_agent_api [None req-50d7fe09-9ee3-4112-bde9-4546431aea1d 6f7bf6874e0a4d3f89e04ee9ec43a9cd f4bd1ca41a8b4fc1901b198d6f20dccf - - default default] Unable to schedule network 8680ba65-e1ab-49db-8769-e4d479996212: no agents available; will retry on subsequent port and subnet creation events.
2026-05-30 10:57:43.108 9 INFO neutron.db.ovn_revision_numbers_db [None req-2f7b36c4-5b26-4669-b52e-a55c4ed01dfe 7d1fa76f769d41bea9c493f5ff0299ba 3b6c1c854c744b89b26af38715383b1d - - default default] Successfully bumped revision number for resource d054fd71-591c-4bfd-96c1-1578d5f39b7a (type: router_ports) to 1
2026-05-30 10:57:43.116 9 INFO neutron.wsgi [None req-2f7b36c4-5b26-4669-b52e-a55c4ed01dfe 7d1fa76f769d41bea9c493f5ff0299ba 3b6c1c854c744b89b26af38715383b1d - - default default] 10.0.0.53 "PUT /v2.0/routers/7a8e56f7-5a28-47fb-bcdb-932647edb8ec/add_router_interface HTTP/1.1" status: 200 len: 503 time: 4.9891751
2026-05-30 10:57:43.148 9 INFO neutron.db.ovn_revision_numbers_db [None req-50d7fe09-9ee3-4112-bde9-4546431aea1d 6f7bf6874e0a4d3f89e04ee9ec43a9cd f4bd1ca41a8b4fc1901b198d6f20dccf - - default default] Successfully bumped revision number for resource e868b436-8159-4054-8e54-07df7f921198 (type: ports) to 1
2026-05-30 10:57:43.179 9 INFO neutron.wsgi [None req-50d7fe09-9ee3-4112-bde9-4546431aea1d 6f7bf6874e0a4d3f89e04ee9ec43a9cd f4bd1ca41a8b4fc1901b198d6f20dccf - - default default] 10.0.0.53 "POST /v2.0/networks HTTP/1.1" status: 201 len: 831 time: 2.3571134
2026-05-30 10:57:43.194 10 WARNING neutron_lib.context [None req-c9366c7a-b7e2-4837-aec7-8a0904d3c40b 6f7bf6874e0a4d3f89e04ee9ec43a9cd f4bd1ca41a8b4fc1901b198d6f20dccf - - default default] Method 'is_advsvc' is deprecated since 2023.2 release (neutron-lib 3.8.0) and will be removed once support for the old RBAC API policies will be removed from Neutron. Please use method 'is_service_role' instead.
2026-05-30 10:57:43.775 10 WARNING neutron.scheduler.dhcp_agent_scheduler [None req-c9366c7a-b7e2-4837-aec7-8a0904d3c40b 6f7bf6874e0a4d3f89e04ee9ec43a9cd f4bd1ca41a8b4fc1901b198d6f20dccf - - default default] No more DHCP agents
2026-05-30 10:57:43.778 10 WARNING neutron.api.rpc.agentnotifiers.dhcp_rpc_agent_api [None req-c9366c7a-b7e2-4837-aec7-8a0904d3c40b 6f7bf6874e0a4d3f89e04ee9ec43a9cd f4bd1ca41a8b4fc1901b198d6f20dccf - - default default] Unable to schedule network 8680ba65-e1ab-49db-8769-e4d479996212: no agents available; will retry on subsequent port and subnet creation events.
2026-05-30 10:57:43.958 10 INFO neutron.db.ovn_revision_numbers_db [None req-c9366c7a-b7e2-4837-aec7-8a0904d3c40b 6f7bf6874e0a4d3f89e04ee9ec43a9cd f4bd1ca41a8b4fc1901b198d6f20dccf - - default default] Successfully bumped revision number for resource b3bdf1a5-d041-46fb-a91d-9a4a0ab80bda (type: ports) to 1
2026-05-30 10:57:43.991 10 INFO neutron.wsgi [None req-c9366c7a-b7e2-4837-aec7-8a0904d3c40b 6f7bf6874e0a4d3f89e04ee9ec43a9cd f4bd1ca41a8b4fc1901b198d6f20dccf - - default default] 10.0.0.53 "POST /v2.0/ports HTTP/1.1" status: 201 len: 942 time: 0.8034244 /var/lib/openstack/lib/python3.10/site-packages/pycadf/identifier.py:71: UserWarning: Invalid uuid: neutron. To ensure interoperability, identifiers should be a valid uuid. warnings.warn(('Invalid uuid: %s. To ensure interoperability, '
2026-05-30 10:57:44.014 10 WARNING neutron_lib.context [None req-cbd369e0-b0c4-4631-8085-63e0045f1fc7 6f7bf6874e0a4d3f89e04ee9ec43a9cd f4bd1ca41a8b4fc1901b198d6f20dccf - - default default] Method 'is_advsvc' is deprecated since 2023.2 release (neutron-lib 3.8.0) and will be removed once support for the old RBAC API policies will be removed from Neutron. Please use method 'is_service_role' instead.
2026-05-30 10:57:44.308 10 INFO neutron.wsgi [None req-cbd369e0-b0c4-4631-8085-63e0045f1fc7 6f7bf6874e0a4d3f89e04ee9ec43a9cd f4bd1ca41a8b4fc1901b198d6f20dccf - - default default] 10.0.0.53 "POST /v2.0/trunks HTTP/1.1" status: 201 len: 608 time: 0.3005919
2026-05-30 10:57:44.324 10 WARNING neutron_lib.context [None req-5ae13b66-9ba0-4988-9f85-452619332e8b 6f7bf6874e0a4d3f89e04ee9ec43a9cd f4bd1ca41a8b4fc1901b198d6f20dccf - - default default] Method 'is_advsvc' is deprecated since 2023.2 release (neutron-lib 3.8.0) and will be removed once support for the old RBAC API policies will be removed from Neutron. Please use method 'is_service_role' instead.
2026-05-30 10:57:44.447 10 INFO neutron.db.segments_db [None req-5ae13b66-9ba0-4988-9f85-452619332e8b 6f7bf6874e0a4d3f89e04ee9ec43a9cd f4bd1ca41a8b4fc1901b198d6f20dccf - - default default] Added segment 836ae896-3f0d-4934-a82e-5fdb8a85c717 of type geneve for network 9857180e-47fc-4b92-8682-848e8904f660
2026-05-30 10:57:44.600 10 INFO neutron.db.ovn_revision_numbers_db [None req-5ae13b66-9ba0-4988-9f85-452619332e8b 6f7bf6874e0a4d3f89e04ee9ec43a9cd f4bd1ca41a8b4fc1901b198d6f20dccf - - default default] Successfully bumped revision number for resource 9857180e-47fc-4b92-8682-848e8904f660 (type: networks) to 1
2026-05-30 10:57:44.849 10 WARNING neutron.scheduler.dhcp_agent_scheduler [None req-5ae13b66-9ba0-4988-9f85-452619332e8b 6f7bf6874e0a4d3f89e04ee9ec43a9cd f4bd1ca41a8b4fc1901b198d6f20dccf - - default default] No more DHCP agents
2026-05-30 10:57:44.851 10 WARNING neutron.api.rpc.agentnotifiers.dhcp_rpc_agent_api [None req-5ae13b66-9ba0-4988-9f85-452619332e8b 6f7bf6874e0a4d3f89e04ee9ec43a9cd f4bd1ca41a8b4fc1901b198d6f20dccf - - default default] Unable to schedule network 9857180e-47fc-4b92-8682-848e8904f660: no agents available; will retry on subsequent port and subnet creation events.
2026-05-30 10:57:44.956 10 INFO neutron.db.ovn_revision_numbers_db [None req-5ae13b66-9ba0-4988-9f85-452619332e8b 6f7bf6874e0a4d3f89e04ee9ec43a9cd f4bd1ca41a8b4fc1901b198d6f20dccf - - default default] Successfully bumped revision number for resource b677c307-f3dd-4928-b51b-6d5e2fb6716f (type: ports) to 1
2026-05-30 10:57:44.983 10 INFO neutron.wsgi [None req-5ae13b66-9ba0-4988-9f85-452619332e8b 6f7bf6874e0a4d3f89e04ee9ec43a9cd f4bd1ca41a8b4fc1901b198d6f20dccf - - default default] 10.0.0.53 "POST /v2.0/networks HTTP/1.1" status: 201 len: 830 time: 0.6664014
2026-05-30 10:57:44.993 10 WARNING neutron_lib.context [None req-f5b04bd2-8686-465b-8c6d-7abd09521f0f 6f7bf6874e0a4d3f89e04ee9ec43a9cd f4bd1ca41a8b4fc1901b198d6f20dccf - - default default] Method 'is_advsvc' is deprecated since 2023.2 release (neutron-lib 3.8.0) and will be removed once support for the old RBAC API policies will be removed from Neutron. Please use method 'is_service_role' instead.
2026-05-30 10:57:45.268 10 WARNING neutron.scheduler.dhcp_agent_scheduler [None req-f5b04bd2-8686-465b-8c6d-7abd09521f0f 6f7bf6874e0a4d3f89e04ee9ec43a9cd f4bd1ca41a8b4fc1901b198d6f20dccf - - default default] No more DHCP agents
2026-05-30 10:57:45.271 10 WARNING neutron.api.rpc.agentnotifiers.dhcp_rpc_agent_api [None req-f5b04bd2-8686-465b-8c6d-7abd09521f0f 6f7bf6874e0a4d3f89e04ee9ec43a9cd f4bd1ca41a8b4fc1901b198d6f20dccf - - default default] Unable to schedule network 9857180e-47fc-4b92-8682-848e8904f660: no agents available; will retry on subsequent port and subnet creation events.
2026-05-30 10:57:45.397 10 INFO neutron.db.ovn_revision_numbers_db [None req-f5b04bd2-8686-465b-8c6d-7abd09521f0f 6f7bf6874e0a4d3f89e04ee9ec43a9cd f4bd1ca41a8b4fc1901b198d6f20dccf - - default default] Successfully bumped revision number for resource 36595d39-0a78-4dc4-805e-e0573d5e344d (type: ports) to 1
2026-05-30 10:57:45.433 10 INFO neutron.wsgi [None req-f5b04bd2-8686-465b-8c6d-7abd09521f0f 6f7bf6874e0a4d3f89e04ee9ec43a9cd f4bd1ca41a8b4fc1901b198d6f20dccf - - default default] 10.0.0.53 "POST /v2.0/ports HTTP/1.1" status: 201 len: 942 time: 0.4446154 /var/lib/openstack/lib/python3.10/site-packages/pycadf/identifier.py:71: UserWarning: Invalid uuid: neutron. To ensure interoperability, identifiers should be a valid uuid. warnings.warn(('Invalid uuid: %s. To ensure interoperability, '
2026-05-30 10:57:45.446 10 WARNING neutron_lib.context [None req-411f8c61-3555-4a9e-b780-74ad4918368b 6f7bf6874e0a4d3f89e04ee9ec43a9cd f4bd1ca41a8b4fc1901b198d6f20dccf - - default default] Method 'is_advsvc' is deprecated since 2023.2 release (neutron-lib 3.8.0) and will be removed once support for the old RBAC API policies will be removed from Neutron. Please use method 'is_service_role' instead.
2026-05-30 10:57:45.740 10 INFO neutron.wsgi [None req-411f8c61-3555-4a9e-b780-74ad4918368b 6f7bf6874e0a4d3f89e04ee9ec43a9cd f4bd1ca41a8b4fc1901b198d6f20dccf - - default default] 10.0.0.53 "POST /v2.0/trunks HTTP/1.1" status: 201 len: 608 time: 0.3013222
2026-05-30 10:57:45.752 10 WARNING neutron_lib.context [None req-2762b67b-4c8f-4bcf-ae9c-94eaf5b80d14 6f7bf6874e0a4d3f89e04ee9ec43a9cd f4bd1ca41a8b4fc1901b198d6f20dccf - - default default] Method 'is_advsvc' is deprecated since 2023.2 release (neutron-lib 3.8.0) and will be removed once support for the old RBAC API policies will be removed from Neutron. Please use method 'is_service_role' instead.
2026-05-30 10:57:45.760 10 INFO neutron.wsgi [req-1aca9901-8e64-4ffe-8578-ea07aacd009f req-4948799e-04eb-43fc-a8c1-9de1c10ddf88 521eaf388cdf47cf855329ab4c1cb752 bc02b8d5b1b6486da4cb5fe515b91766 - - default default] 10.0.0.128 "GET /v2.0/networks?id=e03b7809-f96f-4568-8f55-683486ff6d93 HTTP/1.1" status: 200 len: 872 time: 0.1193976
2026-05-30 10:57:45.779 10 INFO neutron.wsgi [req-1aca9901-8e64-4ffe-8578-ea07aacd009f req-e3100e2d-f299-4a2b-8992-4a406329b39e 521eaf388cdf47cf855329ab4c1cb752 bc02b8d5b1b6486da4cb5fe515b91766 - - default default] 10.0.0.128 "GET /v2.0/quotas/bc02b8d5b1b6486da4cb5fe515b91766 HTTP/1.1" status: 200 len: 491 time: 0.0129304
2026-05-30 10:57:45.913 10 INFO neutron.wsgi [req-1aca9901-8e64-4ffe-8578-ea07aacd009f req-1435bf75-ca25-4d23-ab2b-6ba891317827 521eaf388cdf47cf855329ab4c1cb752 bc02b8d5b1b6486da4cb5fe515b91766 - - default default] 10.0.0.128 "GET /v2.0/ports?tenant_id=bc02b8d5b1b6486da4cb5fe515b91766&fields=id HTTP/1.1" status: 200 len: 302 time: 0.1262763
2026-05-30 10:57:45.913 10 INFO neutron.db.segments_db [None req-2762b67b-4c8f-4bcf-ae9c-94eaf5b80d14 6f7bf6874e0a4d3f89e04ee9ec43a9cd f4bd1ca41a8b4fc1901b198d6f20dccf - - default default] Added segment ffc6989b-7004-4204-9e34-1bb41ba72fe1 of type geneve for network cdfcb9c3-0930-4c18-adab-c7a8fef22f48
2026-05-30 10:57:46.027 10 INFO neutron.wsgi [req-1aca9901-8e64-4ffe-8578-ea07aacd009f req-50d28f90-9a51-4321-94ee-06b46ecc12f1 311de5a72440457a97db1b822ad5f654 a9b60b7a466b48e2b909e6c895221a61 - - 3934fa3f24dd44ae9602c404a4208d70 3934fa3f24dd44ae9602c404a4208d70] 10.0.0.128 "GET /v2.0/networks/e03b7809-f96f-4568-8f55-683486ff6d93?fields=segments HTTP/1.1" status: 200 len: 212 time: 0.1077139
2026-05-30 10:57:46.135 10 INFO neutron.wsgi [req-1aca9901-8e64-4ffe-8578-ea07aacd009f req-a1d29233-a264-4ced-89db-6535d5d40818 311de5a72440457a97db1b822ad5f654 a9b60b7a466b48e2b909e6c895221a61 - - 3934fa3f24dd44ae9602c404a4208d70 3934fa3f24dd44ae9602c404a4208d70] 10.0.0.128 "GET /v2.0/networks/e03b7809-f96f-4568-8f55-683486ff6d93?fields=provider%3Aphysical_network&fields=provider%3Anetwork_type HTTP/1.1" status: 200 len: 277 time: 0.0950963
2026-05-30 10:57:46.142 10 INFO neutron.db.ovn_revision_numbers_db [None req-2762b67b-4c8f-4bcf-ae9c-94eaf5b80d14 6f7bf6874e0a4d3f89e04ee9ec43a9cd f4bd1ca41a8b4fc1901b198d6f20dccf - - default default] Successfully bumped revision number for resource cdfcb9c3-0930-4c18-adab-c7a8fef22f48 (type: networks) to 1
2026-05-30 10:57:46.300 9 INFO neutron.wsgi [req-e4d64b4c-e2c4-44d9-af67-0b6461ef3f0d req-73f851ec-c061-414b-b200-23a8755d0363 521eaf388cdf47cf855329ab4c1cb752 bc02b8d5b1b6486da4cb5fe515b91766 - - default default] 10.0.0.128 "GET /v2.0/ports?device_id=85f0d403-dd74-4bc9-a362-b5617575d5e8 HTTP/1.1" status: 200 len: 210 time: 0.0241394
2026-05-30 10:57:46.376 10 WARNING neutron.scheduler.dhcp_agent_scheduler [None req-2762b67b-4c8f-4bcf-ae9c-94eaf5b80d14 6f7bf6874e0a4d3f89e04ee9ec43a9cd f4bd1ca41a8b4fc1901b198d6f20dccf - - default default] No more DHCP agents
2026-05-30 10:57:46.378 10 WARNING neutron.api.rpc.agentnotifiers.dhcp_rpc_agent_api [None req-2762b67b-4c8f-4bcf-ae9c-94eaf5b80d14 6f7bf6874e0a4d3f89e04ee9ec43a9cd f4bd1ca41a8b4fc1901b198d6f20dccf - - default default] Unable to schedule network cdfcb9c3-0930-4c18-adab-c7a8fef22f48: no agents available; will retry on subsequent port and subnet creation events.
2026-05-30 10:57:46.475 10 INFO neutron.db.ovn_revision_numbers_db [None req-2762b67b-4c8f-4bcf-ae9c-94eaf5b80d14 6f7bf6874e0a4d3f89e04ee9ec43a9cd f4bd1ca41a8b4fc1901b198d6f20dccf - - default default] Successfully bumped revision number for resource d223a322-0866-4fd8-8e1a-3bd50fbb24c9 (type: ports) to 1
2026-05-30 10:57:46.503 10 INFO neutron.wsgi [None req-2762b67b-4c8f-4bcf-ae9c-94eaf5b80d14 6f7bf6874e0a4d3f89e04ee9ec43a9cd f4bd1ca41a8b4fc1901b198d6f20dccf - - default default] 10.0.0.53 "POST /v2.0/networks HTTP/1.1" status: 201 len: 831 time: 0.7576916
2026-05-30 10:57:46.524 10 WARNING neutron_lib.context [None req-a4935879-5bd4-4534-a453-8c0b921a9114 6f7bf6874e0a4d3f89e04ee9ec43a9cd f4bd1ca41a8b4fc1901b198d6f20dccf - - default default] Method 'is_advsvc' is deprecated since 2023.2 release (neutron-lib 3.8.0) and will be removed once support for the old RBAC API policies will be removed from Neutron. Please use method 'is_service_role' instead.
2026-05-30 10:57:46.811 10 WARNING neutron.scheduler.dhcp_agent_scheduler [None req-a4935879-5bd4-4534-a453-8c0b921a9114 6f7bf6874e0a4d3f89e04ee9ec43a9cd f4bd1ca41a8b4fc1901b198d6f20dccf - - default default] No more DHCP agents
2026-05-30 10:57:46.813 10 WARNING neutron.api.rpc.agentnotifiers.dhcp_rpc_agent_api [None req-a4935879-5bd4-4534-a453-8c0b921a9114 6f7bf6874e0a4d3f89e04ee9ec43a9cd f4bd1ca41a8b4fc1901b198d6f20dccf - - default default] Unable to schedule network cdfcb9c3-0930-4c18-adab-c7a8fef22f48: no agents available; will retry on subsequent port and subnet creation events.
2026-05-30 10:57:46.875 10 INFO neutron.wsgi [-] 10.0.0.4 "GET / HTTP/1.1" status: 200 len: 247 time: 0.0013754
2026-05-30 10:57:46.878 9 INFO neutron.wsgi [-] 10.0.0.4 "GET / HTTP/1.1" status: 200 len: 247 time: 0.0017703
2026-05-30 10:57:46.914 10 INFO neutron.db.ovn_revision_numbers_db [None req-a4935879-5bd4-4534-a453-8c0b921a9114 6f7bf6874e0a4d3f89e04ee9ec43a9cd f4bd1ca41a8b4fc1901b198d6f20dccf - - default default] Successfully bumped revision number for resource 6a636e11-45c9-46ce-a9b6-97288f27f8a4 (type: ports) to 1
2026-05-30 10:57:46.941 10 INFO neutron.wsgi [None req-a4935879-5bd4-4534-a453-8c0b921a9114 6f7bf6874e0a4d3f89e04ee9ec43a9cd f4bd1ca41a8b4fc1901b198d6f20dccf - - default default] 10.0.0.53 "POST /v2.0/ports HTTP/1.1" status: 201 len: 942 time: 0.4311986 /var/lib/openstack/lib/python3.10/site-packages/pycadf/identifier.py:71: UserWarning: Invalid uuid: neutron. To ensure interoperability, identifiers should be a valid uuid. warnings.warn(('Invalid uuid: %s. To ensure interoperability, '
2026-05-30 10:57:46.951 10 WARNING neutron_lib.context [None req-5d7daed6-2314-42aa-8f40-73e3710e39ea 6f7bf6874e0a4d3f89e04ee9ec43a9cd f4bd1ca41a8b4fc1901b198d6f20dccf - - default default] Method 'is_advsvc' is deprecated since 2023.2 release (neutron-lib 3.8.0) and will be removed once support for the old RBAC API policies will be removed from Neutron. Please use method 'is_service_role' instead.
2026-05-30 10:57:47.144 9 INFO neutron.wsgi [req-1aca9901-8e64-4ffe-8578-ea07aacd009f req-7e4bd5a2-d2b3-4405-ac70-7d2fc7e60bdb 521eaf388cdf47cf855329ab4c1cb752 bc02b8d5b1b6486da4cb5fe515b91766 - - default default] 199.204.45.140 "GET /v2.0/networks?id=e03b7809-f96f-4568-8f55-683486ff6d93 HTTP/1.1" status: 200 len: 872 time: 0.1228242
2026-05-30 10:57:47.157 9 WARNING neutron_lib.context [req-1aca9901-8e64-4ffe-8578-ea07aacd009f req-8c05b9a4-4d1f-4ba6-a772-12f2bd6add05 521eaf388cdf47cf855329ab4c1cb752 bc02b8d5b1b6486da4cb5fe515b91766 - - default default] Method 'is_advsvc' is deprecated since 2023.2 release (neutron-lib 3.8.0) and will be removed once support for the old RBAC API policies will be removed from Neutron. Please use method 'is_service_role' instead.
2026-05-30 10:57:47.200 10 INFO neutron.wsgi [None req-5d7daed6-2314-42aa-8f40-73e3710e39ea 6f7bf6874e0a4d3f89e04ee9ec43a9cd f4bd1ca41a8b4fc1901b198d6f20dccf - - default default] 10.0.0.53 "POST /v2.0/trunks HTTP/1.1" status: 201 len: 608 time: 0.2539618
2026-05-30 10:57:47.213 10 WARNING neutron_lib.context [None req-a0297a61-1d58-4ddd-8a40-02e09772a6c6 6f7bf6874e0a4d3f89e04ee9ec43a9cd f4bd1ca41a8b4fc1901b198d6f20dccf - - default default] Method 'is_advsvc' is deprecated since 2023.2 release (neutron-lib 3.8.0) and will be removed once support for the old RBAC API policies will be removed from Neutron. Please use method 'is_service_role' instead.
2026-05-30 10:57:47.331 10 INFO neutron.db.segments_db [None req-a0297a61-1d58-4ddd-8a40-02e09772a6c6 6f7bf6874e0a4d3f89e04ee9ec43a9cd f4bd1ca41a8b4fc1901b198d6f20dccf - - default default] Added segment 8264024f-b42b-4a5b-8c38-4a2c9011ddff of type geneve for network cd1c95d2-c343-4e3f-8223-2b00a817d3a2
2026-05-30 10:57:47.408 10 INFO neutron.wsgi [req-309ffe41-8833-4a28-acd9-c38c2a0dd2d3 req-65104854-14ca-4fde-8daf-a2451b622e0e 521eaf388cdf47cf855329ab4c1cb752 bc02b8d5b1b6486da4cb5fe515b91766 - - default default] 10.0.0.128 "GET /v2.0/ports?device_id=85f0d403-dd74-4bc9-a362-b5617575d5e8 HTTP/1.1" status: 200 len: 210 time: 0.0387383
2026-05-30 10:57:47.517 10 INFO neutron.db.ovn_revision_numbers_db [None req-a0297a61-1d58-4ddd-8a40-02e09772a6c6 6f7bf6874e0a4d3f89e04ee9ec43a9cd f4bd1ca41a8b4fc1901b198d6f20dccf - - default default] Successfully bumped revision number for resource cd1c95d2-c343-4e3f-8223-2b00a817d3a2 (type: networks) to 1
2026-05-30 10:57:47.666 9 WARNING neutron.scheduler.dhcp_agent_scheduler [req-1aca9901-8e64-4ffe-8578-ea07aacd009f req-8c05b9a4-4d1f-4ba6-a772-12f2bd6add05 521eaf388cdf47cf855329ab4c1cb752 bc02b8d5b1b6486da4cb5fe515b91766 - - default default] No more DHCP agents
2026-05-30 10:57:47.668 9 WARNING neutron.api.rpc.agentnotifiers.dhcp_rpc_agent_api [req-1aca9901-8e64-4ffe-8578-ea07aacd009f req-8c05b9a4-4d1f-4ba6-a772-12f2bd6add05 521eaf388cdf47cf855329ab4c1cb752 bc02b8d5b1b6486da4cb5fe515b91766 - - default default] Unable to schedule network e03b7809-f96f-4568-8f55-683486ff6d93: no agents available; will retry on subsequent port and subnet creation events.
2026-05-30 10:57:47.762 10 WARNING neutron.scheduler.dhcp_agent_scheduler [None req-a0297a61-1d58-4ddd-8a40-02e09772a6c6 6f7bf6874e0a4d3f89e04ee9ec43a9cd f4bd1ca41a8b4fc1901b198d6f20dccf - - default default] No more DHCP agents
2026-05-30 10:57:47.763 10 WARNING neutron.api.rpc.agentnotifiers.dhcp_rpc_agent_api [None req-a0297a61-1d58-4ddd-8a40-02e09772a6c6 6f7bf6874e0a4d3f89e04ee9ec43a9cd f4bd1ca41a8b4fc1901b198d6f20dccf - - default default] Unable to schedule network cd1c95d2-c343-4e3f-8223-2b00a817d3a2: no agents available; will retry on subsequent port and subnet creation events.
2026-05-30 10:57:47.891 10 INFO neutron.db.ovn_revision_numbers_db [None req-a0297a61-1d58-4ddd-8a40-02e09772a6c6 6f7bf6874e0a4d3f89e04ee9ec43a9cd f4bd1ca41a8b4fc1901b198d6f20dccf - - default default] Successfully bumped revision number for resource 0322402a-f2e9-4625-9e1e-90dae1b74458 (type: ports) to 1
2026-05-30 10:57:47.894 9 INFO neutron.db.ovn_revision_numbers_db [req-1aca9901-8e64-4ffe-8578-ea07aacd009f req-8c05b9a4-4d1f-4ba6-a772-12f2bd6add05 521eaf388cdf47cf855329ab4c1cb752 bc02b8d5b1b6486da4cb5fe515b91766 - - default default] Successfully bumped revision number for resource e988f8cd-405a-4c45-bf77-99ddc2463369 (type: ports) to 1
2026-05-30 10:57:47.946 10 INFO neutron.wsgi [None req-a0297a61-1d58-4ddd-8a40-02e09772a6c6 6f7bf6874e0a4d3f89e04ee9ec43a9cd f4bd1ca41a8b4fc1901b198d6f20dccf - - default default] 10.0.0.53 "POST /v2.0/networks HTTP/1.1" status: 201 len: 830 time: 0.7388489
2026-05-30 10:57:47.948 9 INFO neutron.wsgi [req-1aca9901-8e64-4ffe-8578-ea07aacd009f req-8c05b9a4-4d1f-4ba6-a772-12f2bd6add05 521eaf388cdf47cf855329ab4c1cb752 bc02b8d5b1b6486da4cb5fe515b91766 - - default default] 199.204.45.140 "POST /v2.0/ports HTTP/1.1" status: 201 len: 1158 time: 0.7970219 /var/lib/openstack/lib/python3.10/site-packages/pycadf/identifier.py:71: UserWarning: Invalid uuid: neutron. To ensure interoperability, identifiers should be a valid uuid. warnings.warn(('Invalid uuid: %s. To ensure interoperability, '
2026-05-30 10:57:47.959 9 WARNING neutron_lib.context [None req-fb97c493-65ee-4268-bd13-40211b40bf01 6f7bf6874e0a4d3f89e04ee9ec43a9cd f4bd1ca41a8b4fc1901b198d6f20dccf - - default default] Method 'is_advsvc' is deprecated since 2023.2 release (neutron-lib 3.8.0) and will be removed once support for the old RBAC API policies will be removed from Neutron. Please use method 'is_service_role' instead.
2026-05-30 10:57:48.500 9 WARNING neutron.plugins.ml2.drivers.ovn.mech_driver.ovsdb.ovn_client [None req-48d70b58-30ac-4872-969f-fd49bcde0830 - - - - - -] No hosting information found for port d054fd71-591c-4bfd-96c1-1578d5f39b7a: RuntimeError: No hosting information found for port d054fd71-591c-4bfd-96c1-1578d5f39b7a
2026-05-30 10:57:48.626 9 WARNING neutron.scheduler.dhcp_agent_scheduler [None req-fb97c493-65ee-4268-bd13-40211b40bf01 6f7bf6874e0a4d3f89e04ee9ec43a9cd f4bd1ca41a8b4fc1901b198d6f20dccf - - default default] No more DHCP agents
2026-05-30 10:57:48.627 9 WARNING neutron.api.rpc.agentnotifiers.dhcp_rpc_agent_api [None req-fb97c493-65ee-4268-bd13-40211b40bf01 6f7bf6874e0a4d3f89e04ee9ec43a9cd f4bd1ca41a8b4fc1901b198d6f20dccf - - default default] Unable to schedule network cd1c95d2-c343-4e3f-8223-2b00a817d3a2: no agents available; will retry on subsequent port and subnet creation events. /var/lib/openstack/lib/python3.10/site-packages/pycadf/identifier.py:71: UserWarning: Invalid uuid: neutron. To ensure interoperability, identifiers should be a valid uuid. warnings.warn(('Invalid uuid: %s. To ensure interoperability, '
2026-05-30 10:57:48.903 9 INFO neutron.wsgi [req-353f234a-29a2-4c21-9339-0025aa3d4230 req-4d277146-7ee5-4ff1-8eb7-96b4b1b8046d 521eaf388cdf47cf855329ab4c1cb752 bc02b8d5b1b6486da4cb5fe515b91766 - - default default] 10.0.0.128 "GET /v2.0/ports?device_id=85f0d403-dd74-4bc9-a362-b5617575d5e8 HTTP/1.1" status: 200 len: 1156 time: 0.2716675 /var/lib/openstack/lib/python3.10/site-packages/pycadf/identifier.py:71: UserWarning: Invalid uuid: neutron. To ensure interoperability, identifiers should be a valid uuid. warnings.warn(('Invalid uuid: %s. To ensure interoperability, '
2026-05-30 10:57:48.931 9 INFO neutron.db.ovn_revision_numbers_db [None req-fb97c493-65ee-4268-bd13-40211b40bf01 6f7bf6874e0a4d3f89e04ee9ec43a9cd f4bd1ca41a8b4fc1901b198d6f20dccf - - default default] Successfully bumped revision number for resource c2bbfd17-5e87-40e1-b9ab-1d281e5d46df (type: ports) to 1
2026-05-30 10:57:48.987 9 INFO neutron.wsgi [req-353f234a-29a2-4c21-9339-0025aa3d4230 req-e421daeb-248d-4138-9b1b-d9ac12940de2 521eaf388cdf47cf855329ab4c1cb752 bc02b8d5b1b6486da4cb5fe515b91766 - - default default] 10.0.0.128 "GET /v2.0/security-groups?id=3d6950fa-7277-421b-8f3c-f67cd3fb94dd&fields=id&fields=name HTTP/1.1" status: 200 len: 286 time: 0.0761302
2026-05-30 10:57:48.992 9 INFO neutron.wsgi [None req-fb97c493-65ee-4268-bd13-40211b40bf01 6f7bf6874e0a4d3f89e04ee9ec43a9cd f4bd1ca41a8b4fc1901b198d6f20dccf - - default default] 10.0.0.53 "POST /v2.0/ports HTTP/1.1" status: 201 len: 942 time: 1.0394571
2026-05-30 10:57:49.011 10 WARNING neutron_lib.context [None req-5cdc01cd-a22b-459a-9128-fe2393ae1e5f 6f7bf6874e0a4d3f89e04ee9ec43a9cd f4bd1ca41a8b4fc1901b198d6f20dccf - - default default] Method 'is_advsvc' is deprecated since 2023.2 release (neutron-lib 3.8.0) and will be removed once support for the old RBAC API policies will be removed from Neutron. Please use method 'is_service_role' instead.
2026-05-30 10:57:49.039 10 INFO neutron.db.ovn_revision_numbers_db [None req-d7c4ab73-c98c-4d71-a041-80662c565b00 7d1fa76f769d41bea9c493f5ff0299ba 3b6c1c854c744b89b26af38715383b1d - - default default] Successfully bumped revision number for resource af47a9d0-c701-4e5f-ba06-a4f857ba145d (type: security_groups) to 1
2026-05-30 10:57:49.066 10 INFO neutron.db.ovn_revision_numbers_db [None req-d7c4ab73-c98c-4d71-a041-80662c565b00 7d1fa76f769d41bea9c493f5ff0299ba 3b6c1c854c744b89b26af38715383b1d - - default default] Successfully bumped revision number for resource 11121246-1e5c-4e8a-ac30-aa20443bfdd9 (type: security_group_rules) to 0
2026-05-30 10:57:49.074 9 INFO neutron.db.ovn_revision_numbers_db [req-1aca9901-8e64-4ffe-8578-ea07aacd009f req-27ce58c2-2273-446f-a54c-8d5f1fa1dd7d 311de5a72440457a97db1b822ad5f654 a9b60b7a466b48e2b909e6c895221a61 - - 3934fa3f24dd44ae9602c404a4208d70 3934fa3f24dd44ae9602c404a4208d70] Successfully bumped revision number for resource e988f8cd-405a-4c45-bf77-99ddc2463369 (type: ports) to 2
2026-05-30 10:57:49.087 10 INFO neutron.db.ovn_revision_numbers_db [None req-d7c4ab73-c98c-4d71-a041-80662c565b00 7d1fa76f769d41bea9c493f5ff0299ba 3b6c1c854c744b89b26af38715383b1d - - default default] Successfully bumped revision number for resource 17e6d1e8-0e71-41fd-8143-ca5e758ce7ba (type: security_group_rules) to 0
2026-05-30 10:57:49.103 10 INFO neutron.db.ovn_revision_numbers_db [None req-d7c4ab73-c98c-4d71-a041-80662c565b00 7d1fa76f769d41bea9c493f5ff0299ba 3b6c1c854c744b89b26af38715383b1d - - default default] Successfully bumped revision number for resource 9a48cd78-ae49-428c-8984-7162423abaab (type: security_group_rules) to 0
2026-05-30 10:57:49.148 10 INFO neutron.db.ovn_revision_numbers_db [None req-d7c4ab73-c98c-4d71-a041-80662c565b00 7d1fa76f769d41bea9c493f5ff0299ba 3b6c1c854c744b89b26af38715383b1d - - default default] Successfully bumped revision number for resource b80c9f3b-2aa9-4beb-aa15-7909da42b0b7 (type: security_group_rules) to 0
2026-05-30 10:57:49.170 10 INFO neutron.wsgi [None req-d7c4ab73-c98c-4d71-a041-80662c565b00 7d1fa76f769d41bea9c493f5ff0299ba 3b6c1c854c744b89b26af38715383b1d - - default default] 10.0.0.53 "GET /v2.0/security-groups?tenant_id=eab29e1d7fb242aba44aa2d527f48e84&name=default HTTP/1.1" status: 200 len: 3120 time: 0.4879296
2026-05-30 10:57:49.254 10 INFO neutron.wsgi [None req-5cdc01cd-a22b-459a-9128-fe2393ae1e5f 6f7bf6874e0a4d3f89e04ee9ec43a9cd f4bd1ca41a8b4fc1901b198d6f20dccf - - default default] 10.0.0.53 "POST /v2.0/trunks HTTP/1.1" status: 201 len: 608 time: 0.2490349
2026-05-30 10:57:49.264 10 WARNING neutron_lib.context [None req-fe29905c-e19b-4254-95ed-dce87a7ad69d 6f7bf6874e0a4d3f89e04ee9ec43a9cd f4bd1ca41a8b4fc1901b198d6f20dccf - - default default] Method 'is_advsvc' is deprecated since 2023.2 release (neutron-lib 3.8.0) and will be removed once support for the old RBAC API policies will be removed from Neutron. Please use method 'is_service_role' instead.
2026-05-30 10:57:49.360 10 INFO neutron.db.segments_db [None req-fe29905c-e19b-4254-95ed-dce87a7ad69d 6f7bf6874e0a4d3f89e04ee9ec43a9cd f4bd1ca41a8b4fc1901b198d6f20dccf - - default default] Added segment 229c48df-3427-4e02-8fcd-6ef2de7be4c7 of type geneve for network 0fc8f862-e3a4-41ad-b814-7f783f75640c
2026-05-30 10:57:49.440 9 INFO neutron.db.ovn_revision_numbers_db [req-1aca9901-8e64-4ffe-8578-ea07aacd009f req-27ce58c2-2273-446f-a54c-8d5f1fa1dd7d 311de5a72440457a97db1b822ad5f654 a9b60b7a466b48e2b909e6c895221a61 - - 3934fa3f24dd44ae9602c404a4208d70 3934fa3f24dd44ae9602c404a4208d70] Successfully bumped revision number for resource e988f8cd-405a-4c45-bf77-99ddc2463369 (type: ports) to 2
2026-05-30 10:57:49.472 9 INFO neutron.wsgi [req-1aca9901-8e64-4ffe-8578-ea07aacd009f req-27ce58c2-2273-446f-a54c-8d5f1fa1dd7d 311de5a72440457a97db1b822ad5f654 a9b60b7a466b48e2b909e6c895221a61 - - 3934fa3f24dd44ae9602c404a4208d70 3934fa3f24dd44ae9602c404a4208d70] 199.204.45.140 "PUT /v2.0/ports/e988f8cd-405a-4c45-bf77-99ddc2463369 HTTP/1.1" status: 200 len: 1376 time: 1.5101810
2026-05-30 10:57:49.516 9 INFO neutron.wsgi [None req-8e4c4508-3b75-4b91-9b92-76ed02b0fed7 7d1fa76f769d41bea9c493f5ff0299ba 3b6c1c854c744b89b26af38715383b1d - - default default] 10.0.0.53 "DELETE /v2.0/security-groups/af47a9d0-c701-4e5f-ba06-a4f857ba145d HTTP/1.1" status: 204 len: 168 time: 0.3393118 /var/lib/openstack/lib/python3.10/site-packages/pycadf/identifier.py:71: UserWarning: Invalid uuid: neutron. To ensure interoperability, identifiers should be a valid uuid. warnings.warn(('Invalid uuid: %s. To ensure interoperability, '
2026-05-30 10:57:49.543 9 INFO neutron.notifiers.nova [-] Nova event matching ['req-87e9073f-d826-4ede-ac5e-eb50ffdc612d'] response: {'name': 'network-changed', 'server_uuid': '85f0d403-dd74-4bc9-a362-b5617575d5e8', 'tag': 'e988f8cd-405a-4c45-bf77-99ddc2463369', 'status': 'completed', 'code': 200}
2026-05-30 10:57:49.547 10 INFO neutron.db.ovn_revision_numbers_db [None req-fe29905c-e19b-4254-95ed-dce87a7ad69d 6f7bf6874e0a4d3f89e04ee9ec43a9cd f4bd1ca41a8b4fc1901b198d6f20dccf - - default default] Successfully bumped revision number for resource 0fc8f862-e3a4-41ad-b814-7f783f75640c (type: networks) to 1
2026-05-30 10:57:49.578 9 INFO neutron.wsgi [req-1aca9901-8e64-4ffe-8578-ea07aacd009f req-7beee778-0afc-4fe1-a879-7ddaec8f24ff 311de5a72440457a97db1b822ad5f654 a9b60b7a466b48e2b909e6c895221a61 - - 3934fa3f24dd44ae9602c404a4208d70 3934fa3f24dd44ae9602c404a4208d70] 199.204.45.140 "GET /v2.0/ports?tenant_id=bc02b8d5b1b6486da4cb5fe515b91766&device_id=85f0d403-dd74-4bc9-a362-b5617575d5e8 HTTP/1.1" status: 200 len: 1407 time: 0.0477087
2026-05-30 10:57:49.615 9 INFO neutron.wsgi [req-1aca9901-8e64-4ffe-8578-ea07aacd009f req-6d835aa2-9c37-4a96-9951-15dc4a1fdcba 311de5a72440457a97db1b822ad5f654 a9b60b7a466b48e2b909e6c895221a61 - - 3934fa3f24dd44ae9602c404a4208d70 3934fa3f24dd44ae9602c404a4208d70] 199.204.45.140 "GET /v2.0/floatingips?fixed_ip_address=10.100.0.6&port_id=e988f8cd-405a-4c45-bf77-99ddc2463369 HTTP/1.1" status: 200 len: 217 time: 0.0277810
2026-05-30 10:57:49.702 9 INFO neutron.wsgi [req-1aca9901-8e64-4ffe-8578-ea07aacd009f req-3d0de5eb-4091-4456-877c-7b70daf95bce 311de5a72440457a97db1b822ad5f654 a9b60b7a466b48e2b909e6c895221a61 - - 3934fa3f24dd44ae9602c404a4208d70 3934fa3f24dd44ae9602c404a4208d70] 199.204.45.140 "GET /v2.0/subnets?id=afa1bfbc-7857-4f54-be86-bddca828166b HTTP/1.1" status: 200 len: 866 time: 0.0748117
2026-05-30 10:57:49.731 9 INFO neutron.wsgi [req-1aca9901-8e64-4ffe-8578-ea07aacd009f req-44afcde3-eb67-40c3-a0e5-cb748fb8b870 311de5a72440457a97db1b822ad5f654 a9b60b7a466b48e2b909e6c895221a61 - - 3934fa3f24dd44ae9602c404a4208d70 3934fa3f24dd44ae9602c404a4208d70] 199.204.45.140 "GET /v2.0/ports?network_id=e03b7809-f96f-4568-8f55-683486ff6d93&device_owner=network%3Adhcp HTTP/1.1" status: 200 len: 210 time: 0.0225790
2026-05-30 10:57:49.803 10 WARNING neutron.scheduler.dhcp_agent_scheduler [None req-fe29905c-e19b-4254-95ed-dce87a7ad69d 6f7bf6874e0a4d3f89e04ee9ec43a9cd f4bd1ca41a8b4fc1901b198d6f20dccf - - default default] No more DHCP agents
2026-05-30 10:57:49.805 10 WARNING neutron.api.rpc.agentnotifiers.dhcp_rpc_agent_api [None req-fe29905c-e19b-4254-95ed-dce87a7ad69d 6f7bf6874e0a4d3f89e04ee9ec43a9cd f4bd1ca41a8b4fc1901b198d6f20dccf - - default default] Unable to schedule network 0fc8f862-e3a4-41ad-b814-7f783f75640c: no agents available; will retry on subsequent port and subnet creation events.
2026-05-30 10:57:49.811 9 INFO neutron.wsgi [req-1aca9901-8e64-4ffe-8578-ea07aacd009f req-8804e134-cdbc-47e4-81dd-98339e60e0fc 311de5a72440457a97db1b822ad5f654 a9b60b7a466b48e2b909e6c895221a61 - - 3934fa3f24dd44ae9602c404a4208d70 3934fa3f24dd44ae9602c404a4208d70] 199.204.45.140 "GET /v2.0/networks/e03b7809-f96f-4568-8f55-683486ff6d93?fields=segments HTTP/1.1" status: 200 len: 212 time: 0.0748038
2026-05-30 10:57:49.892 9 INFO neutron.wsgi [req-1aca9901-8e64-4ffe-8578-ea07aacd009f req-0d3be2cf-c90d-42f8-a633-ba629e021be1 311de5a72440457a97db1b822ad5f654 a9b60b7a466b48e2b909e6c895221a61 - - 3934fa3f24dd44ae9602c404a4208d70 3934fa3f24dd44ae9602c404a4208d70] 199.204.45.140 "GET /v2.0/networks/e03b7809-f96f-4568-8f55-683486ff6d93?fields=provider%3Aphysical_network&fields=provider%3Anetwork_type HTTP/1.1" status: 200 len: 277 time: 0.0768299
2026-05-30 10:57:49.909 10 INFO neutron.db.ovn_revision_numbers_db [None req-fe29905c-e19b-4254-95ed-dce87a7ad69d 6f7bf6874e0a4d3f89e04ee9ec43a9cd f4bd1ca41a8b4fc1901b198d6f20dccf - - default default] Successfully bumped revision number for resource 10e4dd02-f3fa-49aa-8d27-24f5fe066ddf (type: ports) to 1
2026-05-30 10:57:49.937 10 INFO neutron.wsgi [None req-fe29905c-e19b-4254-95ed-dce87a7ad69d 6f7bf6874e0a4d3f89e04ee9ec43a9cd f4bd1ca41a8b4fc1901b198d6f20dccf - - default default] 10.0.0.53 "POST /v2.0/networks HTTP/1.1" status: 201 len: 830 time: 0.6780236
2026-05-30 10:57:49.948 10 WARNING neutron_lib.context [None req-606521e6-c270-4a4e-9b52-c58fc13bad76 6f7bf6874e0a4d3f89e04ee9ec43a9cd f4bd1ca41a8b4fc1901b198d6f20dccf - - default default] Method 'is_advsvc' is deprecated since 2023.2 release (neutron-lib 3.8.0) and will be removed once support for the old RBAC API policies will be removed from Neutron. Please use method 'is_service_role' instead.
2026-05-30 10:57:49.998 9 INFO neutron.wsgi [req-02ee4205-6809-44e6-b2c8-1d712df8d640 req-fea28328-305c-40f7-a73c-b2883a40f6ac 311de5a72440457a97db1b822ad5f654 a9b60b7a466b48e2b909e6c895221a61 - - 3934fa3f24dd44ae9602c404a4208d70 3934fa3f24dd44ae9602c404a4208d70] 199.204.45.140 "GET /v2.0/ports?tenant_id=bc02b8d5b1b6486da4cb5fe515b91766&device_id=85f0d403-dd74-4bc9-a362-b5617575d5e8 HTTP/1.1" status: 200 len: 1407 time: 0.0561454
2026-05-30 10:57:50.156 9 INFO neutron.wsgi [req-02ee4205-6809-44e6-b2c8-1d712df8d640 req-dcc65373-788e-4c1f-bc8b-605151ccf6e5 311de5a72440457a97db1b822ad5f654 a9b60b7a466b48e2b909e6c895221a61 - - 3934fa3f24dd44ae9602c404a4208d70 3934fa3f24dd44ae9602c404a4208d70] 199.204.45.140 "GET /v2.0/networks?id=e03b7809-f96f-4568-8f55-683486ff6d93 HTTP/1.1" status: 200 len: 971 time: 0.1412034
2026-05-30 10:57:50.162 10 INFO neutron.plugins.ml2.drivers.ovn.mech_driver.mech_driver [None req-537163a6-de87-4853-a837-198c74967fcd - - - - - -] OVN reports status up for port: e988f8cd-405a-4c45-bf77-99ddc2463369
2026-05-30 10:57:50.179 10 INFO neutron.plugins.ml2.plugin [None req-537163a6-de87-4853-a837-198c74967fcd - - - - - -] Attempt 1 to provision port e988f8cd-405a-4c45-bf77-99ddc2463369
2026-05-30 10:57:50.181 9 INFO neutron.wsgi [req-f467b478-b095-47ea-8121-ff8079b28735 req-1243eaf0-e462-4af1-832a-4acd3d94628f 521eaf388cdf47cf855329ab4c1cb752 bc02b8d5b1b6486da4cb5fe515b91766 - - default default] 10.0.0.128 "GET /v2.0/ports?device_id=85f0d403-dd74-4bc9-a362-b5617575d5e8 HTTP/1.1" status: 200 len: 1168 time: 0.0948896
2026-05-30 10:57:50.204 9 INFO neutron.wsgi [req-02ee4205-6809-44e6-b2c8-1d712df8d640 req-eb2f189c-280a-4988-9f72-7ff181386e4c 311de5a72440457a97db1b822ad5f654 a9b60b7a466b48e2b909e6c895221a61 - - 3934fa3f24dd44ae9602c404a4208d70 3934fa3f24dd44ae9602c404a4208d70] 199.204.45.140 "GET /v2.0/floatingips?fixed_ip_address=10.100.0.6&port_id=e988f8cd-405a-4c45-bf77-99ddc2463369 HTTP/1.1" status: 200 len: 217 time: 0.0413685
2026-05-30 10:57:50.271 9 INFO neutron.wsgi [req-02ee4205-6809-44e6-b2c8-1d712df8d640 req-d7b99343-202f-4065-b61c-969b137c6a5e 311de5a72440457a97db1b822ad5f654 a9b60b7a466b48e2b909e6c895221a61 - - 3934fa3f24dd44ae9602c404a4208d70 3934fa3f24dd44ae9602c404a4208d70] 199.204.45.140 "GET /v2.0/subnets?id=afa1bfbc-7857-4f54-be86-bddca828166b HTTP/1.1" status: 200 len: 866 time: 0.0580254
2026-05-30 10:57:50.282 9 INFO neutron.wsgi [req-f467b478-b095-47ea-8121-ff8079b28735 req-fa6cc74f-18b3-4b51-a86f-3e1384280431 521eaf388cdf47cf855329ab4c1cb752 bc02b8d5b1b6486da4cb5fe515b91766 - - default default] 10.0.0.128 "GET /v2.0/security-groups?id=3d6950fa-7277-421b-8f3c-f67cd3fb94dd&fields=id&fields=name HTTP/1.1" status: 200 len: 286 time: 0.0798714
2026-05-30 10:57:50.312 9 INFO neutron.wsgi [req-02ee4205-6809-44e6-b2c8-1d712df8d640 req-c4a0eeb2-49cb-46a9-8592-56691bbe9fe5 311de5a72440457a97db1b822ad5f654 a9b60b7a466b48e2b909e6c895221a61 - - 3934fa3f24dd44ae9602c404a4208d70 3934fa3f24dd44ae9602c404a4208d70] 199.204.45.140 "GET /v2.0/ports?network_id=e03b7809-f96f-4568-8f55-683486ff6d93&device_owner=network%3Adhcp HTTP/1.1" status: 200 len: 210 time: 0.0342460
2026-05-30 10:57:50.377 9 INFO neutron.wsgi [req-02ee4205-6809-44e6-b2c8-1d712df8d640 req-c69d3d0e-0c41-44c0-a117-4ed162bc4437 311de5a72440457a97db1b822ad5f654 a9b60b7a466b48e2b909e6c895221a61 - - 3934fa3f24dd44ae9602c404a4208d70 3934fa3f24dd44ae9602c404a4208d70] 199.204.45.140 "GET /v2.0/networks/e03b7809-f96f-4568-8f55-683486ff6d93?fields=segments HTTP/1.1" status: 200 len: 212 time: 0.0579560
2026-05-30 10:57:50.411 10 WARNING neutron.scheduler.dhcp_agent_scheduler [None req-606521e6-c270-4a4e-9b52-c58fc13bad76 6f7bf6874e0a4d3f89e04ee9ec43a9cd f4bd1ca41a8b4fc1901b198d6f20dccf - - default default] No more DHCP agents
2026-05-30 10:57:50.413 10 WARNING neutron.api.rpc.agentnotifiers.dhcp_rpc_agent_api [None req-606521e6-c270-4a4e-9b52-c58fc13bad76 6f7bf6874e0a4d3f89e04ee9ec43a9cd f4bd1ca41a8b4fc1901b198d6f20dccf - - default default] Unable to schedule network 0fc8f862-e3a4-41ad-b814-7f783f75640c: no agents available; will retry on subsequent port and subnet creation events.
2026-05-30 10:57:50.465 9 INFO neutron.wsgi [req-02ee4205-6809-44e6-b2c8-1d712df8d640 req-311013df-418a-429f-bc4f-f5df32faae72 311de5a72440457a97db1b822ad5f654 a9b60b7a466b48e2b909e6c895221a61 - - 3934fa3f24dd44ae9602c404a4208d70 3934fa3f24dd44ae9602c404a4208d70] 199.204.45.140 "GET /v2.0/networks/e03b7809-f96f-4568-8f55-683486ff6d93?fields=provider%3Aphysical_network&fields=provider%3Anetwork_type HTTP/1.1" status: 200 len: 277 time: 0.0825911
2026-05-30 10:57:50.695 10 INFO neutron.notifiers.nova [-] Nova event matching ['req-18c17e13-88ac-4a15-bff8-e24f9f11ac4b'] response: {'server_uuid': '85f0d403-dd74-4bc9-a362-b5617575d5e8', 'name': 'network-vif-plugged', 'status': 'completed', 'tag': 'e988f8cd-405a-4c45-bf77-99ddc2463369', 'code': 200}
2026-05-30 10:57:50.793 10 INFO neutron.db.ovn_revision_numbers_db [None req-606521e6-c270-4a4e-9b52-c58fc13bad76 6f7bf6874e0a4d3f89e04ee9ec43a9cd f4bd1ca41a8b4fc1901b198d6f20dccf - - default default] Successfully bumped revision number for resource d1a76d82-5528-419b-800b-5721e3f71b2a (type: ports) to 1
2026-05-30 10:57:50.863 10 INFO neutron.wsgi [None req-606521e6-c270-4a4e-9b52-c58fc13bad76 6f7bf6874e0a4d3f89e04ee9ec43a9cd f4bd1ca41a8b4fc1901b198d6f20dccf - - default default] 10.0.0.53 "POST /v2.0/ports HTTP/1.1" status: 201 len: 942 time: 0.9195642
2026-05-30 10:57:50.876 9 WARNING neutron_lib.context [None req-a24dd27e-9106-496b-8605-b01c0b75791b 6f7bf6874e0a4d3f89e04ee9ec43a9cd f4bd1ca41a8b4fc1901b198d6f20dccf - - default default] Method 'is_advsvc' is deprecated since 2023.2 release (neutron-lib 3.8.0) and will be removed once support for the old RBAC API policies will be removed from Neutron. Please use method 'is_service_role' instead.
2026-05-30 10:57:50.939 10 INFO neutron.db.ovn_revision_numbers_db [None req-537163a6-de87-4853-a837-198c74967fcd - - - - - -] Successfully bumped revision number for resource e988f8cd-405a-4c45-bf77-99ddc2463369 (type: ports) to 4
2026-05-30 10:57:51.168 9 INFO neutron.wsgi [None req-a24dd27e-9106-496b-8605-b01c0b75791b 6f7bf6874e0a4d3f89e04ee9ec43a9cd f4bd1ca41a8b4fc1901b198d6f20dccf - - default default] 10.0.0.53 "POST /v2.0/trunks HTTP/1.1" status: 201 len: 608 time: 0.2985480
2026-05-30 10:57:51.212 9 INFO neutron.wsgi [None req-86b7ba1b-808a-4bce-b1df-25fe322b263d 6f7bf6874e0a4d3f89e04ee9ec43a9cd f4bd1ca41a8b4fc1901b198d6f20dccf - - default default] 10.0.0.53 "PUT /v2.0/trunks/2c390fbe-0a7c-4cf4-add2-e92b3b10f60d/tags HTTP/1.1" status: 200 len: 210 time: 0.0398180
2026-05-30 10:57:51.249 9 INFO neutron.wsgi [None req-e2b19ab1-6635-45b6-8f82-176ab2da8688 6f7bf6874e0a4d3f89e04ee9ec43a9cd f4bd1ca41a8b4fc1901b198d6f20dccf - - default default] 10.0.0.53 "PUT /v2.0/trunks/e82e8aa4-b7d7-48eb-b3fa-df2300c08065/tags HTTP/1.1" status: 200 len: 218 time: 0.0318568
2026-05-30 10:57:51.286 9 INFO neutron.wsgi [None req-0d4783f6-4abf-4142-9bbe-5b67622d78b3 6f7bf6874e0a4d3f89e04ee9ec43a9cd f4bd1ca41a8b4fc1901b198d6f20dccf - - default default] 10.0.0.53 "PUT /v2.0/trunks/72153d8d-a49e-49b2-a5b4-02e0ed841ebf/tags HTTP/1.1" status: 200 len: 227 time: 0.0326264
2026-05-30 10:57:51.321 9 INFO neutron.wsgi [None req-3dcf6835-d345-4496-90fa-00b3b927e689 6f7bf6874e0a4d3f89e04ee9ec43a9cd f4bd1ca41a8b4fc1901b198d6f20dccf - - default default] 10.0.0.53 "PUT /v2.0/trunks/bb92c645-02b2-40e6-8452-f72105d428c4/tags HTTP/1.1" status: 200 len: 212 time: 0.0306721
