2026-05-30 10:56:55.913 9 INFO neutron.db.segments_db [None req-34db85fd-23df-4878-ae4d-822208f5304e f27e5f27cf444a3cb1bad017d5d47c89 ec5c1bd7bbf74ff58ff2ea682322603a - - default default] Added segment e71e0dab-8df7-42ed-9b08-402813fa03a5 of type geneve for network a7a567e9-5ecd-4cb3-9dd1-d064a72d99e8
2026-05-30 10:56:55.919 10 WARNING neutron.scheduler.dhcp_agent_scheduler [None req-c469f1cd-de83-49ce-a047-f861c3232ab3 a30bf024dce448d49c9563876bf20b7b d23d2299de774be9b579c97284dc2e52 - - default default] No more DHCP agents
2026-05-30 10:56:55.921 10 WARNING neutron.api.rpc.agentnotifiers.dhcp_rpc_agent_api [None req-c469f1cd-de83-49ce-a047-f861c3232ab3 a30bf024dce448d49c9563876bf20b7b d23d2299de774be9b579c97284dc2e52 - - default default] Unable to schedule network 3b814314-3b88-4bfe-ac9c-1a2e66e6646a: no agents available; will retry on subsequent port and subnet creation events.
2026-05-30 10:56:55.951 10 INFO neutron.db.ovn_revision_numbers_db [None req-c469f1cd-de83-49ce-a047-f861c3232ab3 a30bf024dce448d49c9563876bf20b7b d23d2299de774be9b579c97284dc2e52 - - default default] Successfully bumped revision number for resource 91f60a85-7dfe-487f-a0de-204fdbc5b7fa (type: subnets) to 0
2026-05-30 10:56:55.967 10 INFO neutron.wsgi [None req-c469f1cd-de83-49ce-a047-f861c3232ab3 a30bf024dce448d49c9563876bf20b7b d23d2299de774be9b579c97284dc2e52 - - default default] 10.0.0.53 "POST /v2.0/subnets HTTP/1.1" status: 201 len: 821 time: 0.3315437
2026-05-30 10:56:55.977 10 WARNING neutron_lib.context [None req-e580fa2e-ed36-4347-83a9-6629041e3bdc a30bf024dce448d49c9563876bf20b7b d23d2299de774be9b579c97284dc2e52 - - default default] Method 'is_advsvc' is deprecated since 2023.2 release (neutron-lib 3.8.0) and will be removed once support for the old RBAC API policies will be removed from Neutron. Please use method 'is_service_role' instead.
2026-05-30 10:56:56.064 9 INFO neutron.db.ovn_revision_numbers_db [None req-34db85fd-23df-4878-ae4d-822208f5304e f27e5f27cf444a3cb1bad017d5d47c89 ec5c1bd7bbf74ff58ff2ea682322603a - - default default] Successfully bumped revision number for resource a7a567e9-5ecd-4cb3-9dd1-d064a72d99e8 (type: networks) to 1
2026-05-30 10:56:56.243 10 WARNING neutron.scheduler.dhcp_agent_scheduler [None req-e580fa2e-ed36-4347-83a9-6629041e3bdc a30bf024dce448d49c9563876bf20b7b d23d2299de774be9b579c97284dc2e52 - - default default] No more DHCP agents
2026-05-30 10:56:56.246 10 WARNING neutron.api.rpc.agentnotifiers.dhcp_rpc_agent_api [None req-e580fa2e-ed36-4347-83a9-6629041e3bdc a30bf024dce448d49c9563876bf20b7b d23d2299de774be9b579c97284dc2e52 - - default default] Unable to schedule network 71156964-9c8b-4131-a573-2747f6fbf13f: no agents available; will retry on subsequent port and subnet creation events.
2026-05-30 10:56:56.276 9 WARNING neutron.scheduler.dhcp_agent_scheduler [None req-34db85fd-23df-4878-ae4d-822208f5304e f27e5f27cf444a3cb1bad017d5d47c89 ec5c1bd7bbf74ff58ff2ea682322603a - - default default] No more DHCP agents
2026-05-30 10:56:56.278 9 WARNING neutron.api.rpc.agentnotifiers.dhcp_rpc_agent_api [None req-34db85fd-23df-4878-ae4d-822208f5304e f27e5f27cf444a3cb1bad017d5d47c89 ec5c1bd7bbf74ff58ff2ea682322603a - - default default] Unable to schedule network a7a567e9-5ecd-4cb3-9dd1-d064a72d99e8: no agents available; will retry on subsequent port and subnet creation events.
2026-05-30 10:56:56.279 10 INFO neutron.db.ovn_revision_numbers_db [None req-e580fa2e-ed36-4347-83a9-6629041e3bdc a30bf024dce448d49c9563876bf20b7b d23d2299de774be9b579c97284dc2e52 - - default default] Successfully bumped revision number for resource 2a9e4429-7687-4fb1-982d-537ec29e1385 (type: subnets) to 0
2026-05-30 10:56:56.296 10 INFO neutron.wsgi [None req-e580fa2e-ed36-4347-83a9-6629041e3bdc a30bf024dce448d49c9563876bf20b7b d23d2299de774be9b579c97284dc2e52 - - default default] 10.0.0.53 "POST /v2.0/subnets HTTP/1.1" status: 201 len: 830 time: 0.3240516
2026-05-30 10:56:56.311 10 WARNING neutron_lib.context [None req-e3666f9e-84ba-49de-8494-271a91de40f4 a30bf024dce448d49c9563876bf20b7b d23d2299de774be9b579c97284dc2e52 - - default default] Method 'is_advsvc' is deprecated since 2023.2 release (neutron-lib 3.8.0) and will be removed once support for the old RBAC API policies will be removed from Neutron. Please use method 'is_service_role' instead.
2026-05-30 10:56:56.381 9 INFO neutron.db.ovn_revision_numbers_db [None req-34db85fd-23df-4878-ae4d-822208f5304e f27e5f27cf444a3cb1bad017d5d47c89 ec5c1bd7bbf74ff58ff2ea682322603a - - default default] Successfully bumped revision number for resource 51c49a9c-6fe3-4796-9a7c-222138277967 (type: ports) to 1
2026-05-30 10:56:56.405 9 INFO neutron.wsgi [None req-34db85fd-23df-4878-ae4d-822208f5304e f27e5f27cf444a3cb1bad017d5d47c89 ec5c1bd7bbf74ff58ff2ea682322603a - - default default] 10.0.0.53 "POST /v2.0/networks HTTP/1.1" status: 201 len: 845 time: 0.9924452
2026-05-30 10:56:56.414 9 WARNING neutron_lib.context [None req-4f97f79d-8145-4b26-aaf8-27a99deafec3 f27e5f27cf444a3cb1bad017d5d47c89 ec5c1bd7bbf74ff58ff2ea682322603a - - default default] Method 'is_advsvc' is deprecated since 2023.2 release (neutron-lib 3.8.0) and will be removed once support for the old RBAC API policies will be removed from Neutron. Please use method 'is_service_role' instead.
2026-05-30 10:56:56.442 10 INFO neutron.db.ovn_revision_numbers_db [None req-e3666f9e-84ba-49de-8494-271a91de40f4 a30bf024dce448d49c9563876bf20b7b d23d2299de774be9b579c97284dc2e52 - - default default] Successfully bumped revision number for resource 745547bc-a189-405e-8abd-b5a23893ec4c (type: routers) to 1
2026-05-30 10:56:56.460 10 INFO neutron.wsgi [None req-e3666f9e-84ba-49de-8494-271a91de40f4 a30bf024dce448d49c9563876bf20b7b d23d2299de774be9b579c97284dc2e52 - - default default] 10.0.0.53 "POST /v2.0/routers HTTP/1.1" status: 201 len: 806 time: 0.1589794
2026-05-30 10:56:56.667 9 WARNING neutron.scheduler.dhcp_agent_scheduler [None req-4f97f79d-8145-4b26-aaf8-27a99deafec3 f27e5f27cf444a3cb1bad017d5d47c89 ec5c1bd7bbf74ff58ff2ea682322603a - - default default] No more DHCP agents
2026-05-30 10:56:56.669 9 WARNING neutron.api.rpc.agentnotifiers.dhcp_rpc_agent_api [None req-4f97f79d-8145-4b26-aaf8-27a99deafec3 f27e5f27cf444a3cb1bad017d5d47c89 ec5c1bd7bbf74ff58ff2ea682322603a - - default default] Unable to schedule network a7a567e9-5ecd-4cb3-9dd1-d064a72d99e8: no agents available; will retry on subsequent port and subnet creation events.
2026-05-30 10:56:56.766 9 INFO neutron.db.ovn_revision_numbers_db [None req-4f97f79d-8145-4b26-aaf8-27a99deafec3 f27e5f27cf444a3cb1bad017d5d47c89 ec5c1bd7bbf74ff58ff2ea682322603a - - default default] Successfully bumped revision number for resource 555a75e6-4adb-4c22-9f7b-2cbd136d015b (type: ports) to 1
2026-05-30 10:56:56.794 9 INFO neutron.wsgi [None req-4f97f79d-8145-4b26-aaf8-27a99deafec3 f27e5f27cf444a3cb1bad017d5d47c89 ec5c1bd7bbf74ff58ff2ea682322603a - - default default] 10.0.0.53 "POST /v2.0/ports HTTP/1.1" status: 201 len: 978 time: 0.3841302 /var/lib/openstack/lib/python3.10/site-packages/pycadf/identifier.py:71: UserWarning: Invalid uuid: neutron. To ensure interoperability, identifiers should be a valid uuid. warnings.warn(('Invalid uuid: %s. To ensure interoperability, '
2026-05-30 10:56:56.804 9 WARNING neutron_lib.context [None req-434c4d18-3698-4ea9-b243-91e6de6bacd0 f27e5f27cf444a3cb1bad017d5d47c89 ec5c1bd7bbf74ff58ff2ea682322603a - - default default] Method 'is_advsvc' is deprecated since 2023.2 release (neutron-lib 3.8.0) and will be removed once support for the old RBAC API policies will be removed from Neutron. Please use method 'is_service_role' instead.
2026-05-30 10:56:56.903 9 INFO neutron.db.segments_db [None req-434c4d18-3698-4ea9-b243-91e6de6bacd0 f27e5f27cf444a3cb1bad017d5d47c89 ec5c1bd7bbf74ff58ff2ea682322603a - - default default] Added segment 128100ba-e65c-4530-b786-d30bdcf55d90 of type geneve for network 5711cb25-a9ab-4866-9a8b-8d545c96431d
2026-05-30 10:56:56.968 10 WARNING neutron.scheduler.dhcp_agent_scheduler [None req-dcbd1ef8-4380-4a57-bf22-344fed5f8c93 a30bf024dce448d49c9563876bf20b7b d23d2299de774be9b579c97284dc2e52 - - default default] No more DHCP agents
2026-05-30 10:56:56.970 10 WARNING neutron.api.rpc.agentnotifiers.dhcp_rpc_agent_api [None req-dcbd1ef8-4380-4a57-bf22-344fed5f8c93 a30bf024dce448d49c9563876bf20b7b d23d2299de774be9b579c97284dc2e52 - - default default] Unable to schedule network 3b814314-3b88-4bfe-ac9c-1a2e66e6646a: no agents available; will retry on subsequent port and subnet creation events.
2026-05-30 10:56:57.041 9 INFO neutron.db.ovn_revision_numbers_db [None req-434c4d18-3698-4ea9-b243-91e6de6bacd0 f27e5f27cf444a3cb1bad017d5d47c89 ec5c1bd7bbf74ff58ff2ea682322603a - - default default] Successfully bumped revision number for resource 5711cb25-a9ab-4866-9a8b-8d545c96431d (type: networks) to 1
2026-05-30 10:56:57.081 10 INFO neutron.db.ovn_revision_numbers_db [None req-dcbd1ef8-4380-4a57-bf22-344fed5f8c93 a30bf024dce448d49c9563876bf20b7b d23d2299de774be9b579c97284dc2e52 - - default default] Successfully bumped revision number for resource 9956b646-f48b-460c-9856-95d62f8a013f (type: ports) to 1
2026-05-30 10:56:57.226 9 WARNING neutron.scheduler.dhcp_agent_scheduler [None req-434c4d18-3698-4ea9-b243-91e6de6bacd0 f27e5f27cf444a3cb1bad017d5d47c89 ec5c1bd7bbf74ff58ff2ea682322603a - - default default] No more DHCP agents
2026-05-30 10:56:57.228 9 WARNING neutron.api.rpc.agentnotifiers.dhcp_rpc_agent_api [None req-434c4d18-3698-4ea9-b243-91e6de6bacd0 f27e5f27cf444a3cb1bad017d5d47c89 ec5c1bd7bbf74ff58ff2ea682322603a - - default default] Unable to schedule network 5711cb25-a9ab-4866-9a8b-8d545c96431d: no agents available; will retry on subsequent port and subnet creation events.
2026-05-30 10:56:57.310 9 INFO neutron.db.ovn_revision_numbers_db [None req-434c4d18-3698-4ea9-b243-91e6de6bacd0 f27e5f27cf444a3cb1bad017d5d47c89 ec5c1bd7bbf74ff58ff2ea682322603a - - default default] Successfully bumped revision number for resource e0d04547-8817-4cf8-99a3-f8376db60d31 (type: ports) to 1
2026-05-30 10:56:57.330 9 INFO neutron.wsgi [None req-434c4d18-3698-4ea9-b243-91e6de6bacd0 f27e5f27cf444a3cb1bad017d5d47c89 ec5c1bd7bbf74ff58ff2ea682322603a - - default default] 10.0.0.53 "POST /v2.0/networks HTTP/1.1" status: 201 len: 834 time: 0.5310059
2026-05-30 10:56:57.346 9 WARNING neutron_lib.context [None req-5b64e2a2-c491-42e0-ac0f-85b4c08fb19f f27e5f27cf444a3cb1bad017d5d47c89 ec5c1bd7bbf74ff58ff2ea682322603a - - default default] Method 'is_advsvc' is deprecated since 2023.2 release (neutron-lib 3.8.0) and will be removed once support for the old RBAC API policies will be removed from Neutron. Please use method 'is_service_role' instead.
2026-05-30 10:56:57.548 9 WARNING neutron.scheduler.dhcp_agent_scheduler [None req-5b64e2a2-c491-42e0-ac0f-85b4c08fb19f f27e5f27cf444a3cb1bad017d5d47c89 ec5c1bd7bbf74ff58ff2ea682322603a - - default default] No more DHCP agents
2026-05-30 10:56:57.551 9 WARNING neutron.api.rpc.agentnotifiers.dhcp_rpc_agent_api [None req-5b64e2a2-c491-42e0-ac0f-85b4c08fb19f f27e5f27cf444a3cb1bad017d5d47c89 ec5c1bd7bbf74ff58ff2ea682322603a - - default default] Unable to schedule network 5711cb25-a9ab-4866-9a8b-8d545c96431d: no agents available; will retry on subsequent port and subnet creation events.
2026-05-30 10:56:57.582 9 INFO neutron.db.ovn_revision_numbers_db [None req-5b64e2a2-c491-42e0-ac0f-85b4c08fb19f f27e5f27cf444a3cb1bad017d5d47c89 ec5c1bd7bbf74ff58ff2ea682322603a - - default default] Successfully bumped revision number for resource d812b6aa-43aa-453c-a935-da3fe5eb4e90 (type: subnets) to 0
2026-05-30 10:56:57.599 9 INFO neutron.wsgi [None req-5b64e2a2-c491-42e0-ac0f-85b4c08fb19f f27e5f27cf444a3cb1bad017d5d47c89 ec5c1bd7bbf74ff58ff2ea682322603a - - default default] 10.0.0.53 "POST /v2.0/subnets HTTP/1.1" status: 201 len: 821 time: 0.2596326
2026-05-30 10:56:57.609 9 WARNING neutron_lib.context [None req-9053526e-f888-4251-9ebc-cd2d4c0dbb6d f27e5f27cf444a3cb1bad017d5d47c89 ec5c1bd7bbf74ff58ff2ea682322603a - - default default] Method 'is_advsvc' is deprecated since 2023.2 release (neutron-lib 3.8.0) and will be removed once support for the old RBAC API policies will be removed from Neutron. Please use method 'is_service_role' instead.
2026-05-30 10:56:57.805 10 ERROR ovsdbapp.backend.ovs_idl.command [None req-dcbd1ef8-4380-4a57-bf22-344fed5f8c93 a30bf024dce448d49c9563876bf20b7b d23d2299de774be9b579c97284dc2e52 - - default default] Error executing command (DbGetCommand): ovsdbapp.backend.ovs_idl.idlutils.RowNotFound: Cannot find Logical_Router_Port with name=lrp-9956b646-f48b-460c-9856-95d62f8a013f
2026-05-30 10:56:57.805 10 ERROR ovsdbapp.backend.ovs_idl.command
Traceback (most recent call last):
2026-05-30 10:56:57.805 10 ERROR ovsdbapp.backend.ovs_idl.command
File "/var/lib/openstack/lib/python3.10/site-packages/ovsdbapp/backend/ovs_idl/command.py", line 47, in execute
2026-05-30 10:56:57.805 10 ERROR ovsdbapp.backend.ovs_idl.command self.run_idl(None)
2026-05-30 10:56:57.805 10 ERROR ovsdbapp.backend.ovs_idl.command
File "/var/lib/openstack/lib/python3.10/site-packages/ovsdbapp/backend/ovs_idl/command.py", line 235, in run_idl
2026-05-30 10:56:57.805 10 ERROR ovsdbapp.backend.ovs_idl.command record = self.api.lookup(self.table, self.record)
2026-05-30 10:56:57.805 10 ERROR ovsdbapp.backend.ovs_idl.command
File "/var/lib/openstack/lib/python3.10/site-packages/ovsdbapp/backend/ovs_idl/__init__.py", line 184, in lookup
2026-05-30 10:56:57.805 10 ERROR ovsdbapp.backend.ovs_idl.command return self._lookup(table, record)
2026-05-30 10:56:57.805 10 ERROR ovsdbapp.backend.ovs_idl.command
File "/var/lib/openstack/lib/python3.10/site-packages/ovsdbapp/backend/ovs_idl/__init__.py", line 235, in _lookup
2026-05-30 10:56:57.805 10 ERROR ovsdbapp.backend.ovs_idl.command row = idlutils.row_by_value(self, rl.table, rl.column, record)
2026-05-30 10:56:57.805 10 ERROR ovsdbapp.backend.ovs_idl.command
File "/var/lib/openstack/lib/python3.10/site-packages/ovsdbapp/backend/ovs_idl/idlutils.py", line 114, in row_by_value
2026-05-30 10:56:57.805 10 ERROR ovsdbapp.backend.ovs_idl.command raise RowNotFound(table=table, col=column, match=match)
2026-05-30 10:56:57.805 10 ERROR ovsdbapp.backend.ovs_idl.command ovsdbapp.backend.ovs_idl.idlutils.RowNotFound: Cannot find Logical_Router_Port with name=lrp-9956b646-f48b-460c-9856-95d62f8a013f
2026-05-30 10:56:57.805 10 ERROR ovsdbapp.backend.ovs_idl.command 
2026-05-30 10:56:57.805 10 ERROR neutron_lib.callbacks.manager [None req-dcbd1ef8-4380-4a57-bf22-344fed5f8c93 a30bf024dce448d49c9563876bf20b7b d23d2299de774be9b579c97284dc2e52 - - default default] Error during notification for neutron.services.ovn_l3.plugin.OVNL3RouterPlugin._port_update-8767237304047 port, after_update: ovsdbapp.backend.ovs_idl.idlutils.RowNotFound: Cannot find Logical_Router_Port with name=lrp-9956b646-f48b-460c-9856-95d62f8a013f
2026-05-30 10:56:57.805 10 ERROR neutron_lib.callbacks.manager
Traceback (most recent call last):
2026-05-30 10:56:57.805 10 ERROR neutron_lib.callbacks.manager
File "/var/lib/openstack/lib/python3.10/site-packages/neutron_lib/callbacks/manager.py", line 189, in _notify_loop
2026-05-30 10:56:57.805 10 ERROR neutron_lib.callbacks.manager callback.method(resource, event, trigger, payload=payload)
2026-05-30 10:56:57.805 10 ERROR neutron_lib.callbacks.manager
File "/var/lib/openstack/lib/python3.10/site-packages/neutron/services/ovn_l3/plugin.py", line 391, in _port_update
2026-05-30 10:56:57.805 10 ERROR neutron_lib.callbacks.manager l3plugin._ovn_client.update_router_port(context,
2026-05-30 10:56:57.805 10 ERROR neutron_lib.callbacks.manager
File "/var/lib/openstack/lib/python3.10/site-packages/neutron/plugins/ml2/drivers/ovn/mech_driver/ovsdb/ovn_client.py", line 1878, in update_router_port
2026-05-30 10:56:57.805 10 ERROR neutron_lib.callbacks.manager self._update_lrouter_port(context, port, if_exists=if_exists,
2026-05-30 10:56:57.805 10 ERROR neutron_lib.callbacks.manager
File "/var/lib/openstack/lib/python3.10/site-packages/neutron/plugins/ml2/drivers/ovn/mech_driver/ovsdb/ovn_client.py", line 1855, in _update_lrouter_port
2026-05-30 10:56:57.805 10 ERROR neutron_lib.callbacks.manager external_ids = self._nb_idl.db_get(
2026-05-30 10:56:57.805 10 ERROR neutron_lib.callbacks.manager
File "/var/lib/openstack/lib/python3.10/site-packages/ovsdbapp/backend/ovs_idl/command.py", line 47, in execute
2026-05-30 10:56:57.805 10 ERROR neutron_lib.callbacks.manager self.run_idl(None)
2026-05-30 10:56:57.805 10 ERROR neutron_lib.callbacks.manager
File "/var/lib/openstack/lib/python3.10/site-packages/ovsdbapp/backend/ovs_idl/command.py", line 235, in run_idl
2026-05-30 10:56:57.805 10 ERROR neutron_lib.callbacks.manager record = self.api.lookup(self.table, self.record)
2026-05-30 10:56:57.805 10 ERROR neutron_lib.callbacks.manager
File "/var/lib/openstack/lib/python3.10/site-packages/ovsdbapp/backend/ovs_idl/__init__.py", line 184, in lookup
2026-05-30 10:56:57.805 10 ERROR neutron_lib.callbacks.manager return self._lookup(table, record)
2026-05-30 10:56:57.805 10 ERROR neutron_lib.callbacks.manager
File "/var/lib/openstack/lib/python3.10/site-packages/ovsdbapp/backend/ovs_idl/__init__.py", line 235, in _lookup
2026-05-30 10:56:57.805 10 ERROR neutron_lib.callbacks.manager row = idlutils.row_by_value(self, rl.table, rl.column, record)
2026-05-30 10:56:57.805 10 ERROR neutron_lib.callbacks.manager
File "/var/lib/openstack/lib/python3.10/site-packages/ovsdbapp/backend/ovs_idl/idlutils.py", line 114, in row_by_value
2026-05-30 10:56:57.805 10 ERROR neutron_lib.callbacks.manager raise RowNotFound(table=table, col=column, match=match)
2026-05-30 10:56:57.805 10 ERROR neutron_lib.callbacks.manager ovsdbapp.backend.ovs_idl.idlutils.RowNotFound: Cannot find Logical_Router_Port with name=lrp-9956b646-f48b-460c-9856-95d62f8a013f
2026-05-30 10:56:57.805 10 ERROR neutron_lib.callbacks.manager 
2026-05-30 10:56:57.973 9 INFO neutron.plugins.ml2.drivers.ovn.mech_driver.mech_driver [None req-48d70b58-30ac-4872-969f-fd49bcde0830 - - - - - -] OVN reports status up for port: 9956b646-f48b-460c-9856-95d62f8a013f
2026-05-30 10:56:57.982 9 INFO neutron.plugins.ml2.plugin [None req-48d70b58-30ac-4872-969f-fd49bcde0830 - - - - - -] Attempt 1 to provision port 9956b646-f48b-460c-9856-95d62f8a013f
2026-05-30 10:56:57.999 10 INFO neutron.db.ovn_revision_numbers_db [None req-dcbd1ef8-4380-4a57-bf22-344fed5f8c93 a30bf024dce448d49c9563876bf20b7b d23d2299de774be9b579c97284dc2e52 - - default default] Successfully bumped revision number for resource 9956b646-f48b-460c-9856-95d62f8a013f (type: ports) to 1
2026-05-30 10:56:58.016 9 WARNING neutron.scheduler.dhcp_agent_scheduler [None req-9053526e-f888-4251-9ebc-cd2d4c0dbb6d f27e5f27cf444a3cb1bad017d5d47c89 ec5c1bd7bbf74ff58ff2ea682322603a - - default default] No more DHCP agents
2026-05-30 10:56:58.018 9 WARNING neutron.api.rpc.agentnotifiers.dhcp_rpc_agent_api [None req-9053526e-f888-4251-9ebc-cd2d4c0dbb6d f27e5f27cf444a3cb1bad017d5d47c89 ec5c1bd7bbf74ff58ff2ea682322603a - - default default] Unable to schedule network 5711cb25-a9ab-4866-9a8b-8d545c96431d: no agents available; will retry on subsequent port and subnet creation events.
2026-05-30 10:56:58.068 10 WARNING neutron.scheduler.dhcp_agent_scheduler [None req-dcbd1ef8-4380-4a57-bf22-344fed5f8c93 a30bf024dce448d49c9563876bf20b7b d23d2299de774be9b579c97284dc2e52 - - default default] No more DHCP agents
2026-05-30 10:56:58.069 10 WARNING neutron.api.rpc.agentnotifiers.dhcp_rpc_agent_api [None req-dcbd1ef8-4380-4a57-bf22-344fed5f8c93 a30bf024dce448d49c9563876bf20b7b d23d2299de774be9b579c97284dc2e52 - - default default] Unable to schedule network 3b814314-3b88-4bfe-ac9c-1a2e66e6646a: no agents available; will retry on subsequent port and subnet creation events.
2026-05-30 10:56:58.179 9 INFO neutron.db.ovn_revision_numbers_db [None req-9053526e-f888-4251-9ebc-cd2d4c0dbb6d f27e5f27cf444a3cb1bad017d5d47c89 ec5c1bd7bbf74ff58ff2ea682322603a - - default default] Successfully bumped revision number for resource d89e70ab-6c5a-4740-aa70-2ae0fa9eaaa2 (type: ports) to 1
2026-05-30 10:56:58.214 9 INFO neutron.wsgi [None req-9053526e-f888-4251-9ebc-cd2d4c0dbb6d f27e5f27cf444a3cb1bad017d5d47c89 ec5c1bd7bbf74ff58ff2ea682322603a - - default default] 10.0.0.53 "POST /v2.0/ports HTTP/1.1" status: 201 len: 1165 time: 0.6091816 /var/lib/openstack/lib/python3.10/site-packages/pycadf/identifier.py:71: UserWarning: Invalid uuid: neutron. To ensure interoperability, identifiers should be a valid uuid. warnings.warn(('Invalid uuid: %s. To ensure interoperability, '
2026-05-30 10:56:58.239 10 INFO neutron.db.ovn_revision_numbers_db [None req-dcbd1ef8-4380-4a57-bf22-344fed5f8c93 a30bf024dce448d49c9563876bf20b7b d23d2299de774be9b579c97284dc2e52 - - default default] Successfully bumped revision number for resource 9956b646-f48b-460c-9856-95d62f8a013f (type: router_ports) to 1
2026-05-30 10:56:58.244 10 INFO neutron.wsgi [None req-dcbd1ef8-4380-4a57-bf22-344fed5f8c93 a30bf024dce448d49c9563876bf20b7b d23d2299de774be9b579c97284dc2e52 - - default default] 10.0.0.53 "PUT /v2.0/routers/745547bc-a189-405e-8abd-b5a23893ec4c/add_router_interface HTTP/1.1" status: 200 len: 503 time: 1.7790792
2026-05-30 10:56:58.284 10 INFO neutron.wsgi [None req-56a6c85b-2b5a-4286-bf6f-07f0f92b027c a30bf024dce448d49c9563876bf20b7b d23d2299de774be9b579c97284dc2e52 - - default default] 10.0.0.53 "GET /v2.0/ports/9956b646-f48b-460c-9856-95d62f8a013f HTTP/1.1" status: 200 len: 1141 time: 0.0349700
2026-05-30 10:56:58.540 9 INFO neutron.db.ovn_revision_numbers_db [None req-48d70b58-30ac-4872-969f-fd49bcde0830 - - - - - -] Successfully bumped revision number for resource 9956b646-f48b-460c-9856-95d62f8a013f (type: ports) to 2
2026-05-30 10:56:58.718 9 INFO neutron.wsgi [None req-c5f28376-71d2-4e34-9ef8-e9f8f7fd3d09 f27e5f27cf444a3cb1bad017d5d47c89 ec5c1bd7bbf74ff58ff2ea682322603a - - default default] 10.0.0.53 "DELETE /v2.0/ports/d89e70ab-6c5a-4740-aa70-2ae0fa9eaaa2 HTTP/1.1" status: 204 len: 168 time: 0.4990833
2026-05-30 10:56:58.732 9 INFO neutron.db.ovn_revision_numbers_db [None req-48d70b58-30ac-4872-969f-fd49bcde0830 - - - - - -] Successfully bumped revision number for resource 9956b646-f48b-460c-9856-95d62f8a013f (type: router_ports) to 2
2026-05-30 10:56:58.741 9 INFO neutron.pecan_wsgi.hooks.translation [None req-20aa9de8-21c3-4a57-b347-564c5bf96256 f27e5f27cf444a3cb1bad017d5d47c89 ec5c1bd7bbf74ff58ff2ea682322603a - - default default] DELETE failed (client error): The resource could not be found.
2026-05-30 10:56:58.750 9 INFO neutron.wsgi [None req-20aa9de8-21c3-4a57-b347-564c5bf96256 f27e5f27cf444a3cb1bad017d5d47c89 ec5c1bd7bbf74ff58ff2ea682322603a - - default default] 10.0.0.53 "DELETE /v2.0/ports/d89e70ab-6c5a-4740-aa70-2ae0fa9eaaa2 HTTP/1.1" status: 404 len: 333 time: 0.0239873
2026-05-30 10:56:58.774 10 INFO neutron.pecan_wsgi.hooks.translation [None req-c90d6fd9-b856-4de2-ab15-8a6f7c3da360 f27e5f27cf444a3cb1bad017d5d47c89 ec5c1bd7bbf74ff58ff2ea682322603a - - default default] GET failed (client error): The resource could not be found.
2026-05-30 10:56:58.776 10 INFO neutron.wsgi [None req-c90d6fd9-b856-4de2-ab15-8a6f7c3da360 f27e5f27cf444a3cb1bad017d5d47c89 ec5c1bd7bbf74ff58ff2ea682322603a - - default default] 10.0.0.53 "GET /v2.0/ports/d89e70ab-6c5a-4740-aa70-2ae0fa9eaaa2 HTTP/1.1" status: 404 len: 333 time: 0.0197687
2026-05-30 10:56:58.870 10 WARNING neutron.scheduler.dhcp_agent_scheduler [None req-1f5e2b7e-bcdb-4d1c-b31b-35c1ed1c3e40 a30bf024dce448d49c9563876bf20b7b d23d2299de774be9b579c97284dc2e52 - - default default] No more DHCP agents
2026-05-30 10:56:58.873 10 WARNING neutron.api.rpc.agentnotifiers.dhcp_rpc_agent_api [None req-1f5e2b7e-bcdb-4d1c-b31b-35c1ed1c3e40 a30bf024dce448d49c9563876bf20b7b d23d2299de774be9b579c97284dc2e52 - - default default] Unable to schedule network 71156964-9c8b-4131-a573-2747f6fbf13f: no agents available; will retry on subsequent port and subnet creation events.
2026-05-30 10:56:58.988 10 INFO neutron.db.ovn_revision_numbers_db [None req-1f5e2b7e-bcdb-4d1c-b31b-35c1ed1c3e40 a30bf024dce448d49c9563876bf20b7b d23d2299de774be9b579c97284dc2e52 - - default default] Successfully bumped revision number for resource 32b8a7b2-64c0-477a-9159-5b026a0278b4 (type: ports) to 1
2026-05-30 10:56:59.018 9 INFO neutron.wsgi [None req-6bb9aed5-5d56-4adc-b213-7d25c9eb5642 f27e5f27cf444a3cb1bad017d5d47c89 ec5c1bd7bbf74ff58ff2ea682322603a - - default default] 10.0.0.53 "DELETE /v2.0/subnets/d812b6aa-43aa-453c-a935-da3fe5eb4e90 HTTP/1.1" status: 204 len: 168 time: 0.2354953
2026-05-30 10:56:59.523 10 INFO neutron.services.segments.plugin [-] Segment 128100ba-e65c-4530-b786-d30bdcf55d90 resource provider aggregate not found
2026-05-30 10:56:59.527 10 INFO neutron.services.segments.plugin [-] Segment 128100ba-e65c-4530-b786-d30bdcf55d90 resource provider aggregate not found
2026-05-30 10:56:59.555 10 INFO neutron.services.segments.plugin [-] Segment 128100ba-e65c-4530-b786-d30bdcf55d90 resource provider not found; error: Placement Client Error (4xx): {"errors": [{"status": 404, "title": "Not Found", "detail": "The resource could not be found.\n\n No resource provider with uuid 128100ba-e65c-4530-b786-d30bdcf55d90 found for delete ", "request_id": "req-eb2bf3c6-e966-47fd-b9b4-8c0e92b9b5d8"}]}
2026-05-30 10:56:59.556 10 INFO neutron.services.segments.plugin [-] Segment 128100ba-e65c-4530-b786-d30bdcf55d90 resource provider not found; error: Placement Client Error (4xx): {"errors": [{"status": 404, "title": "Not Found", "detail": "The resource could not be found.\n\n No resource provider with uuid 128100ba-e65c-4530-b786-d30bdcf55d90 found for delete ", "request_id": "req-d9407088-47fb-44c5-af6e-6ccafa521860"}]}
2026-05-30 10:56:59.620 10 INFO neutron.wsgi [None req-79965c9c-6c55-4bb1-bfc9-8dc019f1a3c7 f27e5f27cf444a3cb1bad017d5d47c89 ec5c1bd7bbf74ff58ff2ea682322603a - - default default] 10.0.0.53 "DELETE /v2.0/networks/5711cb25-a9ab-4866-9a8b-8d545c96431d HTTP/1.1" status: 204 len: 168 time: 0.5837402
2026-05-30 10:56:59.633 10 WARNING neutron_lib.context [None req-4e5dfa6c-8121-4098-b629-dbb3d07c6d29 f27e5f27cf444a3cb1bad017d5d47c89 ec5c1bd7bbf74ff58ff2ea682322603a - - default default] Method 'is_advsvc' is deprecated since 2023.2 release (neutron-lib 3.8.0) and will be removed once support for the old RBAC API policies will be removed from Neutron. Please use method 'is_service_role' instead.
2026-05-30 10:56:59.636 9 INFO neutron.wsgi [req-dd61a384-8201-4928-aa4e-89cac2466dca req-3d4f06d4-18c8-4202-a907-aea5861a8030 311de5a72440457a97db1b822ad5f654 a9b60b7a466b48e2b909e6c895221a61 - - 3934fa3f24dd44ae9602c404a4208d70 3934fa3f24dd44ae9602c404a4208d70] 10.0.0.158 "GET /v2.0/ports?device_id=6c0ead84-3646-415c-a903-cb78892b17a5 HTTP/1.1" status: 200 len: 1642 time: 0.1714683
2026-05-30 10:56:59.658 10 ERROR ovsdbapp.backend.ovs_idl.command [None req-1f5e2b7e-bcdb-4d1c-b31b-35c1ed1c3e40 a30bf024dce448d49c9563876bf20b7b d23d2299de774be9b579c97284dc2e52 - - default default] Error executing command (DbGetCommand): ovsdbapp.backend.ovs_idl.idlutils.RowNotFound: Cannot find Logical_Router_Port with name=lrp-32b8a7b2-64c0-477a-9159-5b026a0278b4
2026-05-30 10:56:59.658 10 ERROR ovsdbapp.backend.ovs_idl.command
Traceback (most recent call last):
2026-05-30 10:56:59.658 10 ERROR ovsdbapp.backend.ovs_idl.command
File "/var/lib/openstack/lib/python3.10/site-packages/ovsdbapp/backend/ovs_idl/command.py", line 47, in execute
2026-05-30 10:56:59.658 10 ERROR ovsdbapp.backend.ovs_idl.command self.run_idl(None)
2026-05-30 10:56:59.658 10 ERROR ovsdbapp.backend.ovs_idl.command
File "/var/lib/openstack/lib/python3.10/site-packages/ovsdbapp/backend/ovs_idl/command.py", line 235, in run_idl
2026-05-30 10:56:59.658 10 ERROR ovsdbapp.backend.ovs_idl.command record = self.api.lookup(self.table, self.record)
2026-05-30 10:56:59.658 10 ERROR ovsdbapp.backend.ovs_idl.command
File "/var/lib/openstack/lib/python3.10/site-packages/ovsdbapp/backend/ovs_idl/__init__.py", line 184, in lookup
2026-05-30 10:56:59.658 10 ERROR ovsdbapp.backend.ovs_idl.command return self._lookup(table, record)
2026-05-30 10:56:59.658 10 ERROR ovsdbapp.backend.ovs_idl.command
File "/var/lib/openstack/lib/python3.10/site-packages/ovsdbapp/backend/ovs_idl/__init__.py", line 235, in _lookup
2026-05-30 10:56:59.658 10 ERROR ovsdbapp.backend.ovs_idl.command row = idlutils.row_by_value(self, rl.table, rl.column, record)
2026-05-30 10:56:59.658 10 ERROR ovsdbapp.backend.ovs_idl.command
File "/var/lib/openstack/lib/python3.10/site-packages/ovsdbapp/backend/ovs_idl/idlutils.py", line 114, in row_by_value
2026-05-30 10:56:59.658 10 ERROR ovsdbapp.backend.ovs_idl.command raise RowNotFound(table=table, col=column, match=match)
2026-05-30 10:56:59.658 10 ERROR ovsdbapp.backend.ovs_idl.command ovsdbapp.backend.ovs_idl.idlutils.RowNotFound: Cannot find Logical_Router_Port with name=lrp-32b8a7b2-64c0-477a-9159-5b026a0278b4
2026-05-30 10:56:59.658 10 ERROR ovsdbapp.backend.ovs_idl.command 
2026-05-30 10:56:59.659 10 ERROR neutron_lib.callbacks.manager [None req-1f5e2b7e-bcdb-4d1c-b31b-35c1ed1c3e40 a30bf024dce448d49c9563876bf20b7b d23d2299de774be9b579c97284dc2e52 - - default default] Error during notification for neutron.services.ovn_l3.plugin.OVNL3RouterPlugin._port_update-8767237304047 port, after_update: ovsdbapp.backend.ovs_idl.idlutils.RowNotFound: Cannot find Logical_Router_Port with name=lrp-32b8a7b2-64c0-477a-9159-5b026a0278b4
2026-05-30 10:56:59.659 10 ERROR neutron_lib.callbacks.manager
Traceback (most recent call last):
2026-05-30 10:56:59.659 10 ERROR neutron_lib.callbacks.manager
File "/var/lib/openstack/lib/python3.10/site-packages/neutron_lib/callbacks/manager.py", line 189, in _notify_loop
2026-05-30 10:56:59.659 10 ERROR neutron_lib.callbacks.manager callback.method(resource, event, trigger, payload=payload)
2026-05-30 10:56:59.659 10 ERROR neutron_lib.callbacks.manager
File "/var/lib/openstack/lib/python3.10/site-packages/neutron/services/ovn_l3/plugin.py", line 391, in _port_update
2026-05-30 10:56:59.659 10 ERROR neutron_lib.callbacks.manager l3plugin._ovn_client.update_router_port(context,
2026-05-30 10:56:59.659 10 ERROR neutron_lib.callbacks.manager
File "/var/lib/openstack/lib/python3.10/site-packages/neutron/plugins/ml2/drivers/ovn/mech_driver/ovsdb/ovn_client.py", line 1878, in update_router_port
2026-05-30 10:56:59.659 10 ERROR neutron_lib.callbacks.manager self._update_lrouter_port(context, port, if_exists=if_exists,
2026-05-30 10:56:59.659 10 ERROR neutron_lib.callbacks.manager
File "/var/lib/openstack/lib/python3.10/site-packages/neutron/plugins/ml2/drivers/ovn/mech_driver/ovsdb/ovn_client.py", line 1855, in _update_lrouter_port
2026-05-30 10:56:59.659 10 ERROR neutron_lib.callbacks.manager external_ids = self._nb_idl.db_get(
2026-05-30 10:56:59.659 10 ERROR neutron_lib.callbacks.manager
File "/var/lib/openstack/lib/python3.10/site-packages/ovsdbapp/backend/ovs_idl/command.py", line 47, in execute
2026-05-30 10:56:59.659 10 ERROR neutron_lib.callbacks.manager self.run_idl(None)
2026-05-30 10:56:59.659 10 ERROR neutron_lib.callbacks.manager
File "/var/lib/openstack/lib/python3.10/site-packages/ovsdbapp/backend/ovs_idl/command.py", line 235, in run_idl
2026-05-30 10:56:59.659 10 ERROR neutron_lib.callbacks.manager record = self.api.lookup(self.table, self.record)
2026-05-30 10:56:59.659 10 ERROR neutron_lib.callbacks.manager
File "/var/lib/openstack/lib/python3.10/site-packages/ovsdbapp/backend/ovs_idl/__init__.py", line 184, in lookup
2026-05-30 10:56:59.659 10 ERROR neutron_lib.callbacks.manager return self._lookup(table, record)
2026-05-30 10:56:59.659 10 ERROR neutron_lib.callbacks.manager
File "/var/lib/openstack/lib/python3.10/site-packages/ovsdbapp/backend/ovs_idl/__init__.py", line 235, in _lookup
2026-05-30 10:56:59.659 10 ERROR neutron_lib.callbacks.manager row = idlutils.row_by_value(self, rl.table, rl.column, record)
2026-05-30 10:56:59.659 10 ERROR neutron_lib.callbacks.manager
File "/var/lib/openstack/lib/python3.10/site-packages/ovsdbapp/backend/ovs_idl/idlutils.py", line 114, in row_by_value
2026-05-30 10:56:59.659 10 ERROR neutron_lib.callbacks.manager raise RowNotFound(table=table, col=column, match=match)
2026-05-30 10:56:59.659 10 ERROR neutron_lib.callbacks.manager ovsdbapp.backend.ovs_idl.idlutils.RowNotFound: Cannot find Logical_Router_Port with name=lrp-32b8a7b2-64c0-477a-9159-5b026a0278b4
2026-05-30 10:56:59.659 10 ERROR neutron_lib.callbacks.manager 
2026-05-30 10:56:59.694 9 INFO neutron.wsgi [req-dd61a384-8201-4928-aa4e-89cac2466dca req-8a44e73c-ea8a-4449-8a46-fba4618a8b2e 311de5a72440457a97db1b822ad5f654 a9b60b7a466b48e2b909e6c895221a61 - - 3934fa3f24dd44ae9602c404a4208d70 3934fa3f24dd44ae9602c404a4208d70] 10.0.0.158 "GET /v2.0/security-groups?id=3395acd4-2e0e-424c-b450-e244aca4fab0&fields=id&fields=name HTTP/1.1" status: 200 len: 310 time: 0.0507419
2026-05-30 10:56:59.762 10 INFO neutron.db.segments_db [None req-4e5dfa6c-8121-4098-b629-dbb3d07c6d29 f27e5f27cf444a3cb1bad017d5d47c89 ec5c1bd7bbf74ff58ff2ea682322603a - - default default] Added segment a54a3643-0dbf-40c4-9854-38ca69f24bdb of type geneve for network f49302f1-c4b6-4339-aeee-7b515655bd9f
2026-05-30 10:56:59.841 10 INFO neutron.plugins.ml2.drivers.ovn.mech_driver.mech_driver [None req-537163a6-de87-4853-a837-198c74967fcd - - - - - -] OVN reports status up for port: 32b8a7b2-64c0-477a-9159-5b026a0278b4
2026-05-30 10:56:59.851 10 INFO neutron.plugins.ml2.plugin [None req-537163a6-de87-4853-a837-198c74967fcd - - - - - -] Attempt 1 to provision port 32b8a7b2-64c0-477a-9159-5b026a0278b4
2026-05-30 10:56:59.894 10 INFO neutron.db.ovn_revision_numbers_db [None req-1f5e2b7e-bcdb-4d1c-b31b-35c1ed1c3e40 a30bf024dce448d49c9563876bf20b7b d23d2299de774be9b579c97284dc2e52 - - default default] Successfully bumped revision number for resource 32b8a7b2-64c0-477a-9159-5b026a0278b4 (type: ports) to 1
2026-05-30 10:56:59.990 10 INFO neutron.db.ovn_revision_numbers_db [None req-4e5dfa6c-8121-4098-b629-dbb3d07c6d29 f27e5f27cf444a3cb1bad017d5d47c89 ec5c1bd7bbf74ff58ff2ea682322603a - - default default] Successfully bumped revision number for resource f49302f1-c4b6-4339-aeee-7b515655bd9f (type: networks) to 1
2026-05-30 10:57:00.086 10 WARNING neutron.scheduler.dhcp_agent_scheduler [None req-1f5e2b7e-bcdb-4d1c-b31b-35c1ed1c3e40 a30bf024dce448d49c9563876bf20b7b d23d2299de774be9b579c97284dc2e52 - - default default] No more DHCP agents
2026-05-30 10:57:00.089 10 WARNING neutron.api.rpc.agentnotifiers.dhcp_rpc_agent_api [None req-1f5e2b7e-bcdb-4d1c-b31b-35c1ed1c3e40 a30bf024dce448d49c9563876bf20b7b d23d2299de774be9b579c97284dc2e52 - - default default] Unable to schedule network 71156964-9c8b-4131-a573-2747f6fbf13f: no agents available; will retry on subsequent port and subnet creation events.
2026-05-30 10:57:00.595 10 WARNING neutron.scheduler.dhcp_agent_scheduler [None req-4e5dfa6c-8121-4098-b629-dbb3d07c6d29 f27e5f27cf444a3cb1bad017d5d47c89 ec5c1bd7bbf74ff58ff2ea682322603a - - default default] No more DHCP agents
2026-05-30 10:57:00.601 10 WARNING neutron.api.rpc.agentnotifiers.dhcp_rpc_agent_api [None req-4e5dfa6c-8121-4098-b629-dbb3d07c6d29 f27e5f27cf444a3cb1bad017d5d47c89 ec5c1bd7bbf74ff58ff2ea682322603a - - default default] Unable to schedule network f49302f1-c4b6-4339-aeee-7b515655bd9f: no agents available; will retry on subsequent port and subnet creation events.
2026-05-30 10:57:00.679 10 INFO neutron.db.ovn_revision_numbers_db [None req-1f5e2b7e-bcdb-4d1c-b31b-35c1ed1c3e40 a30bf024dce448d49c9563876bf20b7b d23d2299de774be9b579c97284dc2e52 - - default default] Successfully bumped revision number for resource 32b8a7b2-64c0-477a-9159-5b026a0278b4 (type: router_ports) to 1
2026-05-30 10:57:00.686 10 INFO neutron.wsgi [None req-1f5e2b7e-bcdb-4d1c-b31b-35c1ed1c3e40 a30bf024dce448d49c9563876bf20b7b d23d2299de774be9b579c97284dc2e52 - - default default] 10.0.0.53 "PUT /v2.0/routers/745547bc-a189-405e-8abd-b5a23893ec4c/add_router_interface HTTP/1.1" status: 200 len: 503 time: 2.3979266
2026-05-30 10:57:00.768 10 INFO neutron.db.ovn_revision_numbers_db [None req-4e5dfa6c-8121-4098-b629-dbb3d07c6d29 f27e5f27cf444a3cb1bad017d5d47c89 ec5c1bd7bbf74ff58ff2ea682322603a - - default default] Successfully bumped revision number for resource 68250ebd-e5bd-42a2-83dc-e91f13298027 (type: ports) to 1
2026-05-30 10:57:00.799 10 INFO neutron.wsgi [None req-4e5dfa6c-8121-4098-b629-dbb3d07c6d29 f27e5f27cf444a3cb1bad017d5d47c89 ec5c1bd7bbf74ff58ff2ea682322603a - - default default] 10.0.0.53 "POST /v2.0/networks HTTP/1.1" status: 201 len: 834 time: 1.1696866
2026-05-30 10:57:00.804 9 INFO neutron.wsgi [None req-a42e9328-7325-4975-8344-0b9602d8751a a30bf024dce448d49c9563876bf20b7b d23d2299de774be9b579c97284dc2e52 - - default default] 10.0.0.53 "GET /v2.0/ports/32b8a7b2-64c0-477a-9159-5b026a0278b4 HTTP/1.1" status: 200 len: 1149 time: 0.1127508
2026-05-30 10:57:00.820 9 WARNING neutron_lib.context [None req-be189368-f660-4579-b53b-cdc4549fdb22 f27e5f27cf444a3cb1bad017d5d47c89 ec5c1bd7bbf74ff58ff2ea682322603a - - default default] Method 'is_advsvc' is deprecated since 2023.2 release (neutron-lib 3.8.0) and will be removed once support for the old RBAC API policies will be removed from Neutron. Please use method 'is_service_role' instead.
2026-05-30 10:57:00.852 10 INFO neutron.db.ovn_revision_numbers_db [None req-537163a6-de87-4853-a837-198c74967fcd - - - - - -] Successfully bumped revision number for resource 32b8a7b2-64c0-477a-9159-5b026a0278b4 (type: ports) to 2
2026-05-30 10:57:00.867 10 INFO neutron.wsgi [None req-a4880b7d-da37-4e62-ac25-1e739b9f7349 a30bf024dce448d49c9563876bf20b7b d23d2299de774be9b579c97284dc2e52 - - default default] 10.0.0.53 "GET /v2.0/ports/32b8a7b2-64c0-477a-9159-5b026a0278b4 HTTP/1.1" status: 200 len: 1149 time: 0.0466814
2026-05-30 10:57:00.995 10 INFO neutron.db.ovn_revision_numbers_db [None req-537163a6-de87-4853-a837-198c74967fcd - - - - - -] Successfully bumped revision number for resource 32b8a7b2-64c0-477a-9159-5b026a0278b4 (type: router_ports) to 2
2026-05-30 10:57:01.525 9 WARNING neutron.scheduler.dhcp_agent_scheduler [None req-be189368-f660-4579-b53b-cdc4549fdb22 f27e5f27cf444a3cb1bad017d5d47c89 ec5c1bd7bbf74ff58ff2ea682322603a - - default default] No more DHCP agents
2026-05-30 10:57:01.529 9 WARNING neutron.api.rpc.agentnotifiers.dhcp_rpc_agent_api [None req-be189368-f660-4579-b53b-cdc4549fdb22 f27e5f27cf444a3cb1bad017d5d47c89 ec5c1bd7bbf74ff58ff2ea682322603a - - default default] Unable to schedule network f49302f1-c4b6-4339-aeee-7b515655bd9f: no agents available; will retry on subsequent port and subnet creation events.
2026-05-30 10:57:01.576 9 INFO neutron.db.ovn_revision_numbers_db [None req-be189368-f660-4579-b53b-cdc4549fdb22 f27e5f27cf444a3cb1bad017d5d47c89 ec5c1bd7bbf74ff58ff2ea682322603a - - default default] Successfully bumped revision number for resource efd046b5-e71c-40ad-9f35-cc894444bdb2 (type: subnets) to 0
2026-05-30 10:57:01.596 9 INFO neutron.wsgi [None req-be189368-f660-4579-b53b-cdc4549fdb22 f27e5f27cf444a3cb1bad017d5d47c89 ec5c1bd7bbf74ff58ff2ea682322603a - - default default] 10.0.0.53 "POST /v2.0/subnets HTTP/1.1" status: 201 len: 821 time: 0.7874265
2026-05-30 10:57:01.617 9 WARNING neutron_lib.context [None req-1a21000f-6259-4236-a347-51e861598bf0 f27e5f27cf444a3cb1bad017d5d47c89 ec5c1bd7bbf74ff58ff2ea682322603a - - default default] Method 'is_advsvc' is deprecated since 2023.2 release (neutron-lib 3.8.0) and will be removed once support for the old RBAC API policies will be removed from Neutron. Please use method 'is_service_role' instead.
2026-05-30 10:57:01.879 10 INFO neutron.wsgi [-] 10.0.0.4 "GET / HTTP/1.1" status: 200 len: 247 time: 0.0033913
2026-05-30 10:57:01.882 10 INFO neutron.wsgi [-] 10.0.0.4 "GET / HTTP/1.1" status: 200 len: 247 time: 0.0021324
2026-05-30 10:57:02.129 9 WARNING neutron.scheduler.dhcp_agent_scheduler [None req-1a21000f-6259-4236-a347-51e861598bf0 f27e5f27cf444a3cb1bad017d5d47c89 ec5c1bd7bbf74ff58ff2ea682322603a - - default default] No more DHCP agents
2026-05-30 10:57:02.133 9 WARNING neutron.api.rpc.agentnotifiers.dhcp_rpc_agent_api [None req-1a21000f-6259-4236-a347-51e861598bf0 f27e5f27cf444a3cb1bad017d5d47c89 ec5c1bd7bbf74ff58ff2ea682322603a - - default default] Unable to schedule network f49302f1-c4b6-4339-aeee-7b515655bd9f: no agents available; will retry on subsequent port and subnet creation events.
2026-05-30 10:57:02.164 9 INFO neutron.wsgi [req-fc9ce33d-3a3f-44da-af1f-e9ab1f9f6f9c req-4da8b0ad-751e-4efc-9871-7353c188d19a 311de5a72440457a97db1b822ad5f654 a9b60b7a466b48e2b909e6c895221a61 - - 3934fa3f24dd44ae9602c404a4208d70 3934fa3f24dd44ae9602c404a4208d70] 199.204.45.140 "GET /v2.0/ports?device_id=dcee2631-598a-42c4-99da-6003a49186a5&fields=binding%3Ahost_id&fields=binding%3Avif_type HTTP/1.1" status: 200 len: 265 time: 0.0601001 /var/lib/openstack/lib/python3.10/site-packages/pycadf/identifier.py:71: UserWarning: Invalid uuid: neutron. To ensure interoperability, identifiers should be a valid uuid. warnings.warn(('Invalid uuid: %s. To ensure interoperability, '
2026-05-30 10:57:02.252 9 INFO neutron.wsgi [None req-a66f0b88-7e76-4533-b03f-1cc18436fde3 a30bf024dce448d49c9563876bf20b7b d23d2299de774be9b579c97284dc2e52 - - default default] 10.0.0.53 "PUT /v2.0/routers/745547bc-a189-405e-8abd-b5a23893ec4c/remove_router_interface HTTP/1.1" status: 200 len: 503 time: 1.3786306
2026-05-30 10:57:02.273 9 INFO neutron.wsgi [req-fc9ce33d-3a3f-44da-af1f-e9ab1f9f6f9c req-bbfb57c8-c458-40e9-ad98-745a00a93b9e 311de5a72440457a97db1b822ad5f654 a9b60b7a466b48e2b909e6c895221a61 - - 3934fa3f24dd44ae9602c404a4208d70 3934fa3f24dd44ae9602c404a4208d70] 199.204.45.140 "GET /v2.0/ports?tenant_id=386218916c0a4fdb8fad6a89e1244d42&device_id=dcee2631-598a-42c4-99da-6003a49186a5 HTTP/1.1" status: 200 len: 1634 time: 0.0598216
2026-05-30 10:57:02.361 10 INFO neutron.wsgi [None req-2bec6b2c-fce4-49b0-ac04-aaa9f61fa286 a30bf024dce448d49c9563876bf20b7b d23d2299de774be9b579c97284dc2e52 - - default default] 10.0.0.53 "GET /v2.0/ports/9956b646-f48b-460c-9856-95d62f8a013f HTTP/1.1" status: 200 len: 1141 time: 0.1028156
2026-05-30 10:57:02.361 9 INFO neutron.db.ovn_revision_numbers_db [None req-1a21000f-6259-4236-a347-51e861598bf0 f27e5f27cf444a3cb1bad017d5d47c89 ec5c1bd7bbf74ff58ff2ea682322603a - - default default] Successfully bumped revision number for resource cd330ca9-1a47-41a8-bea2-1737f0f13aaf (type: ports) to 1
2026-05-30 10:57:02.378 9 INFO neutron.wsgi [req-fc9ce33d-3a3f-44da-af1f-e9ab1f9f6f9c req-83007e39-9df7-40a3-8a31-b075f113a05b 311de5a72440457a97db1b822ad5f654 a9b60b7a466b48e2b909e6c895221a61 - - 3934fa3f24dd44ae9602c404a4208d70 3934fa3f24dd44ae9602c404a4208d70] 199.204.45.140 "GET /v2.0/networks?id=a48facf1-b00c-4137-a122-356036cf8c82 HTTP/1.1" status: 200 len: 1003 time: 0.0860415
2026-05-30 10:57:02.392 9 INFO neutron.wsgi [None req-1a21000f-6259-4236-a347-51e861598bf0 f27e5f27cf444a3cb1bad017d5d47c89 ec5c1bd7bbf74ff58ff2ea682322603a - - default default] 10.0.0.53 "POST /v2.0/ports HTTP/1.1" status: 201 len: 1126 time: 0.7879477
2026-05-30 10:57:02.435 9 INFO neutron.wsgi [req-fc9ce33d-3a3f-44da-af1f-e9ab1f9f6f9c req-20527fa8-7f3e-4800-adc7-2b43253f8ae1 311de5a72440457a97db1b822ad5f654 a9b60b7a466b48e2b909e6c895221a61 - - 3934fa3f24dd44ae9602c404a4208d70 3934fa3f24dd44ae9602c404a4208d70] 199.204.45.140 "GET /v2.0/floatingips?fixed_ip_address=10.2.1.119&port_id=2c033456-0dca-4841-8026-b97aa1cafe58 HTTP/1.1" status: 200 len: 1059 time: 0.0511086
2026-05-30 10:57:02.468 9 INFO neutron.wsgi [req-fc9ce33d-3a3f-44da-af1f-e9ab1f9f6f9c req-eebcb8c1-abd4-472e-88f4-83986f6cda21 311de5a72440457a97db1b822ad5f654 a9b60b7a466b48e2b909e6c895221a61 - - 3934fa3f24dd44ae9602c404a4208d70 3934fa3f24dd44ae9602c404a4208d70] 199.204.45.140 "GET /v2.0/floatingips?fixed_ip_address=fd7b%3Af9f7%3Afff%3A4eca%3A%3A96&port_id=2c033456-0dca-4841-8026-b97aa1cafe58 HTTP/1.1" status: 200 len: 217 time: 0.0258124
2026-05-30 10:57:02.517 9 INFO neutron.wsgi [req-fc9ce33d-3a3f-44da-af1f-e9ab1f9f6f9c req-83703a8c-7bc8-48c7-987d-7077059b83d2 311de5a72440457a97db1b822ad5f654 a9b60b7a466b48e2b909e6c895221a61 - - 3934fa3f24dd44ae9602c404a4208d70 3934fa3f24dd44ae9602c404a4208d70] 199.204.45.140 "GET /v2.0/subnets?id=87ddc982-c924-4506-9f2f-d3626cd2f345&id=dbbb209e-71b1-43f7-94f8-71d16180946c HTTP/1.1" status: 200 len: 1562 time: 0.0413895
2026-05-30 10:57:02.549 9 INFO neutron.wsgi [req-fc9ce33d-3a3f-44da-af1f-e9ab1f9f6f9c req-e9d045f2-2e86-4665-aa39-310d3b72a49d 311de5a72440457a97db1b822ad5f654 a9b60b7a466b48e2b909e6c895221a61 - - 3934fa3f24dd44ae9602c404a4208d70 3934fa3f24dd44ae9602c404a4208d70] 199.204.45.140 "GET /v2.0/ports?network_id=a48facf1-b00c-4137-a122-356036cf8c82&device_owner=network%3Adhcp HTTP/1.1" status: 200 len: 210 time: 0.0240684
2026-05-30 10:57:02.581 9 INFO neutron.wsgi [req-fc9ce33d-3a3f-44da-af1f-e9ab1f9f6f9c req-51f2aa4e-6e81-497b-bbe7-5a6a6abe8878 311de5a72440457a97db1b822ad5f654 a9b60b7a466b48e2b909e6c895221a61 - - 3934fa3f24dd44ae9602c404a4208d70 3934fa3f24dd44ae9602c404a4208d70] 199.204.45.140 "GET /v2.0/ports?network_id=a48facf1-b00c-4137-a122-356036cf8c82&device_owner=network%3Adhcp HTTP/1.1" status: 200 len: 210 time: 0.0243616
2026-05-30 10:57:02.651 9 INFO neutron.wsgi [req-fc9ce33d-3a3f-44da-af1f-e9ab1f9f6f9c req-0424c510-2cb2-44b9-94f8-49fd3a3ee62e 311de5a72440457a97db1b822ad5f654 a9b60b7a466b48e2b909e6c895221a61 - - 3934fa3f24dd44ae9602c404a4208d70 3934fa3f24dd44ae9602c404a4208d70] 199.204.45.140 "GET /v2.0/networks/a48facf1-b00c-4137-a122-356036cf8c82?fields=segments HTTP/1.1" status: 200 len: 212 time: 0.0635614
2026-05-30 10:57:02.726 9 INFO neutron.wsgi [req-fc9ce33d-3a3f-44da-af1f-e9ab1f9f6f9c req-c738a2a9-41cd-4300-ba3e-81d12f9fbed7 311de5a72440457a97db1b822ad5f654 a9b60b7a466b48e2b909e6c895221a61 - - 3934fa3f24dd44ae9602c404a4208d70 3934fa3f24dd44ae9602c404a4208d70] 199.204.45.140 "GET /v2.0/networks/a48facf1-b00c-4137-a122-356036cf8c82?fields=provider%3Aphysical_network&fields=provider%3Anetwork_type HTTP/1.1" status: 200 len: 277 time: 0.0657940
2026-05-30 10:57:02.793 9 INFO neutron.wsgi [None req-39cd59c6-58e8-48a4-a298-8db3a6fde397 8f9a18a4ad5f457ca0b5089f606f6d76 1719ee21b774411dbd9e147c65fd1dda - - default default] 10.0.0.53 "GET /v2.0/subnets/e84f5f19-78cf-41e6-990d-65622e0ccb5c HTTP/1.1" status: 200 len: 846 time: 0.0418179
2026-05-30 10:57:02.907 10 INFO neutron.wsgi [None req-25bc93e8-9f4c-486c-b1bc-516fba9e5c86 f27e5f27cf444a3cb1bad017d5d47c89 ec5c1bd7bbf74ff58ff2ea682322603a - - default default] 10.0.0.53 "DELETE /v2.0/ports/cd330ca9-1a47-41a8-bea2-1737f0f13aaf HTTP/1.1" status: 204 len: 168 time: 0.5091755
2026-05-30 10:57:02.935 9 INFO neutron.pecan_wsgi.hooks.translation [None req-efb28962-81cb-4d02-8343-5d7c809c911f f27e5f27cf444a3cb1bad017d5d47c89 ec5c1bd7bbf74ff58ff2ea682322603a - - default default] GET failed (client error): The resource could not be found.
2026-05-30 10:57:02.937 9 INFO neutron.wsgi [None req-efb28962-81cb-4d02-8343-5d7c809c911f f27e5f27cf444a3cb1bad017d5d47c89 ec5c1bd7bbf74ff58ff2ea682322603a - - default default] 10.0.0.53 "GET /v2.0/ports/cd330ca9-1a47-41a8-bea2-1737f0f13aaf HTTP/1.1" status: 404 len: 333 time: 0.0258675
2026-05-30 10:57:03.147 9 INFO neutron.wsgi [None req-43c27047-4eed-4c45-975e-4d6641f456ed f27e5f27cf444a3cb1bad017d5d47c89 ec5c1bd7bbf74ff58ff2ea682322603a - - default default] 10.0.0.53 "DELETE /v2.0/subnets/efd046b5-e71c-40ad-9f35-cc894444bdb2 HTTP/1.1" status: 204 len: 168 time: 0.2040975
2026-05-30 10:57:03.167 10 INFO neutron.wsgi [None req-cd56875f-9e59-4877-bdf8-fdc5f8fcb2ee a30bf024dce448d49c9563876bf20b7b d23d2299de774be9b579c97284dc2e52 - - default default] 10.0.0.53 "PUT /v2.0/routers/745547bc-a189-405e-8abd-b5a23893ec4c/remove_router_interface HTTP/1.1" status: 200 len: 503 time: 0.7999201 /var/lib/openstack/lib/python3.10/site-packages/pycadf/identifier.py:71: UserWarning: Invalid uuid: neutron. To ensure interoperability, identifiers should be a valid uuid. warnings.warn(('Invalid uuid: %s. To ensure interoperability, '
2026-05-30 10:57:03.201 10 INFO neutron.wsgi [None req-1de7d305-91a4-4e41-8db3-f883b2fc9419 a30bf024dce448d49c9563876bf20b7b d23d2299de774be9b579c97284dc2e52 - - default default] 10.0.0.53 "GET /v2.0/ports?device_id=745547bc-a189-405e-8abd-b5a23893ec4c HTTP/1.1" status: 200 len: 205 time: 0.0275683
2026-05-30 10:57:03.466 10 INFO neutron.wsgi [None req-3c2c003e-cf76-49d2-bd54-234b6e974b0b a30bf024dce448d49c9563876bf20b7b d23d2299de774be9b579c97284dc2e52 - - default default] 10.0.0.53 "DELETE /v2.0/routers/745547bc-a189-405e-8abd-b5a23893ec4c HTTP/1.1" status: 204 len: 168 time: 0.2613649
2026-05-30 10:57:03.553 9 INFO neutron.services.segments.plugin [-] Segment a54a3643-0dbf-40c4-9854-38ca69f24bdb resource provider aggregate not found
2026-05-30 10:57:03.557 9 INFO neutron.services.segments.plugin [-] Segment a54a3643-0dbf-40c4-9854-38ca69f24bdb resource provider aggregate not found
2026-05-30 10:57:03.574 9 INFO neutron.services.segments.plugin [-] Segment a54a3643-0dbf-40c4-9854-38ca69f24bdb resource provider not found; error: Placement Client Error (4xx): {"errors": [{"status": 404, "title": "Not Found", "detail": "The resource could not be found.\n\n No resource provider with uuid a54a3643-0dbf-40c4-9854-38ca69f24bdb found for delete ", "request_id": "req-4f40635e-f865-4863-aed2-40b5977a4985"}]}
2026-05-30 10:57:03.585 9 INFO neutron.services.segments.plugin [-] Segment a54a3643-0dbf-40c4-9854-38ca69f24bdb resource provider not found; error: Placement Client Error (4xx): {"errors": [{"status": 404, "title": "Not Found", "detail": "The resource could not be found.\n\n No resource provider with uuid a54a3643-0dbf-40c4-9854-38ca69f24bdb found for delete ", "request_id": "req-6578772b-36a7-499f-8227-775c20e2184f"}]}
