File "/var/lib/openstack/lib/python3.10/site-packages/neutron/db/ovn_revision_numbers_db.py", line 192, in bump_revision
2026-05-30 10:57:15.412 9 ERROR neutron_lib.callbacks.manager std_attr_id = _get_standard_attr_id(context, resource['id'],
2026-05-30 10:57:15.412 9 ERROR neutron_lib.callbacks.manager
File "/var/lib/openstack/lib/python3.10/site-packages/neutron/db/ovn_revision_numbers_db.py", line 109, in _get_standard_attr_id
2026-05-30 10:57:15.412 9 ERROR neutron_lib.callbacks.manager raise StandardAttributeIDNotFound(resource_uuid=resource_uuid)
2026-05-30 10:57:15.412 9 ERROR neutron_lib.callbacks.manager neutron.db.ovn_revision_numbers_db.StandardAttributeIDNotFound: Standard attribute ID not found for f721fc52-6816-4f4b-82c0-7e69426ed1cd
2026-05-30 10:57:15.412 9 ERROR neutron_lib.callbacks.manager 
2026-05-30 10:57:15.415 9 ERROR ovsdbapp.backend.ovs_idl.command [None req-48d70b58-30ac-4872-969f-fd49bcde0830 - - - - - -] Error executing command (LspGetUpCommand): ovsdbapp.backend.ovs_idl.idlutils.RowNotFound: Cannot find Logical_Switch_Port with name=f721fc52-6816-4f4b-82c0-7e69426ed1cd
2026-05-30 10:57:15.415 9 ERROR ovsdbapp.backend.ovs_idl.command
Traceback (most recent call last):
2026-05-30 10:57:15.415 9 ERROR ovsdbapp.backend.ovs_idl.command
File "/var/lib/openstack/lib/python3.10/site-packages/ovsdbapp/backend/ovs_idl/command.py", line 47, in execute
2026-05-30 10:57:15.415 9 ERROR ovsdbapp.backend.ovs_idl.command self.run_idl(None)
2026-05-30 10:57:15.415 9 ERROR ovsdbapp.backend.ovs_idl.command
File "/var/lib/openstack/lib/python3.10/site-packages/ovsdbapp/schema/ovn_northbound/commands.py", line 679, in run_idl
2026-05-30 10:57:15.415 9 ERROR ovsdbapp.backend.ovs_idl.command lsp = self.api.lookup('Logical_Switch_Port', self.port)
2026-05-30 10:57:15.415 9 ERROR ovsdbapp.backend.ovs_idl.command
File "/var/lib/openstack/lib/python3.10/site-packages/ovsdbapp/backend/ovs_idl/__init__.py", line 184, in lookup
2026-05-30 10:57:15.415 9 ERROR ovsdbapp.backend.ovs_idl.command return self._lookup(table, record)
2026-05-30 10:57:15.415 9 ERROR ovsdbapp.backend.ovs_idl.command
File "/var/lib/openstack/lib/python3.10/site-packages/ovsdbapp/backend/ovs_idl/__init__.py", line 235, in _lookup
2026-05-30 10:57:15.415 9 ERROR ovsdbapp.backend.ovs_idl.command row = idlutils.row_by_value(self, rl.table, rl.column, record)
2026-05-30 10:57:15.415 9 ERROR ovsdbapp.backend.ovs_idl.command
File "/var/lib/openstack/lib/python3.10/site-packages/ovsdbapp/backend/ovs_idl/idlutils.py", line 114, in row_by_value
2026-05-30 10:57:15.415 9 ERROR ovsdbapp.backend.ovs_idl.command raise RowNotFound(table=table, col=column, match=match)
2026-05-30 10:57:15.415 9 ERROR ovsdbapp.backend.ovs_idl.command ovsdbapp.backend.ovs_idl.idlutils.RowNotFound: Cannot find Logical_Switch_Port with name=f721fc52-6816-4f4b-82c0-7e69426ed1cd
2026-05-30 10:57:15.415 9 ERROR ovsdbapp.backend.ovs_idl.command 
2026-05-30 10:57:15.416 9 ERROR ovsdbapp.event [None req-48d70b58-30ac-4872-969f-fd49bcde0830 - - - - - -] Unexpected exception in notify_loop: ovsdbapp.backend.ovs_idl.idlutils.RowNotFound: Cannot find Logical_Switch_Port with name=f721fc52-6816-4f4b-82c0-7e69426ed1cd
2026-05-30 10:57:15.416 9 ERROR ovsdbapp.event
Traceback (most recent call last):
2026-05-30 10:57:15.416 9 ERROR ovsdbapp.event
File "/var/lib/openstack/lib/python3.10/site-packages/ovsdbapp/event.py", line 177, in notify_loop
2026-05-30 10:57:15.416 9 ERROR ovsdbapp.event match.run(event, row, updates)
2026-05-30 10:57:15.416 9 ERROR ovsdbapp.event
File "/var/lib/openstack/lib/python3.10/site-packages/neutron/plugins/ml2/drivers/ovn/mech_driver/ovsdb/ovsdb_monitor.py", line 508, in run
2026-05-30 10:57:15.416 9 ERROR ovsdbapp.event self.driver.set_port_status_up(row.name)
2026-05-30 10:57:15.416 9 ERROR ovsdbapp.event
File "/var/lib/openstack/lib/python3.10/site-packages/neutron/plugins/ml2/drivers/ovn/mech_driver/mech_driver.py", line 1278, in set_port_status_up
2026-05-30 10:57:15.416 9 ERROR ovsdbapp.event self._ovn_client.update_lsp_host_info(admin_context, db_port)
2026-05-30 10:57:15.416 9 ERROR ovsdbapp.event
File "/var/lib/openstack/lib/python3.10/site-packages/neutron/plugins/ml2/drivers/ovn/mech_driver/ovsdb/ovn_client.py", line 307, in update_lsp_host_info
2026-05-30 10:57:15.416 9 ERROR ovsdbapp.event port_up = self._nb_idl.lsp_get_up(db_port.id).execute(
2026-05-30 10:57:15.416 9 ERROR ovsdbapp.event
File "/var/lib/openstack/lib/python3.10/site-packages/ovsdbapp/backend/ovs_idl/command.py", line 47, in execute
2026-05-30 10:57:15.416 9 ERROR ovsdbapp.event self.run_idl(None)
2026-05-30 10:57:15.416 9 ERROR ovsdbapp.event
File "/var/lib/openstack/lib/python3.10/site-packages/ovsdbapp/schema/ovn_northbound/commands.py", line 679, in run_idl
2026-05-30 10:57:15.416 9 ERROR ovsdbapp.event lsp = self.api.lookup('Logical_Switch_Port', self.port)
2026-05-30 10:57:15.416 9 ERROR ovsdbapp.event
File "/var/lib/openstack/lib/python3.10/site-packages/ovsdbapp/backend/ovs_idl/__init__.py", line 184, in lookup
2026-05-30 10:57:15.416 9 ERROR ovsdbapp.event return self._lookup(table, record)
2026-05-30 10:57:15.416 9 ERROR ovsdbapp.event
File "/var/lib/openstack/lib/python3.10/site-packages/ovsdbapp/backend/ovs_idl/__init__.py", line 235, in _lookup
2026-05-30 10:57:15.416 9 ERROR ovsdbapp.event row = idlutils.row_by_value(self, rl.table, rl.column, record)
2026-05-30 10:57:15.416 9 ERROR ovsdbapp.event
File "/var/lib/openstack/lib/python3.10/site-packages/ovsdbapp/backend/ovs_idl/idlutils.py", line 114, in row_by_value
2026-05-30 10:57:15.416 9 ERROR ovsdbapp.event raise RowNotFound(table=table, col=column, match=match)
2026-05-30 10:57:15.416 9 ERROR ovsdbapp.event ovsdbapp.backend.ovs_idl.idlutils.RowNotFound: Cannot find Logical_Switch_Port with name=f721fc52-6816-4f4b-82c0-7e69426ed1cd
2026-05-30 10:57:15.416 9 ERROR ovsdbapp.event 
2026-05-30 10:57:15.485 9 INFO neutron.wsgi [None req-0585ad36-12af-4f20-9384-47b639a3035d 7d1fa76f769d41bea9c493f5ff0299ba 3b6c1c854c744b89b26af38715383b1d - - default default] 10.0.0.53 "DELETE /v2.0/routers/50c518a0-ebd1-4a47-b093-3a71c04b5e5d HTTP/1.1" status: 204 len: 168 time: 1.3528287
2026-05-30 10:57:15.635 10 INFO neutron.wsgi [None req-cf776477-e3b9-41ba-bcc0-98a3a33d7eb3 a30bf024dce448d49c9563876bf20b7b d23d2299de774be9b579c97284dc2e52 - - default default] 10.0.0.53 "PUT /v2.0/routers/7786be67-295d-40f5-bb88-053ae71fb1d9/remove_router_interface HTTP/1.1" status: 200 len: 503 time: 0.7652261 /var/lib/openstack/lib/python3.10/site-packages/pycadf/identifier.py:71: UserWarning: Invalid uuid: neutron. To ensure interoperability, identifiers should be a valid uuid. warnings.warn(('Invalid uuid: %s. To ensure interoperability, '
2026-05-30 10:57:15.667 10 INFO neutron.wsgi [None req-f7b393de-38ec-41e9-9d0c-9ead90a7d9d3 a30bf024dce448d49c9563876bf20b7b d23d2299de774be9b579c97284dc2e52 - - default default] 10.0.0.53 "GET /v2.0/ports?device_id=7786be67-295d-40f5-bb88-053ae71fb1d9 HTTP/1.1" status: 200 len: 205 time: 0.0277817
2026-05-30 10:57:15.723 9 INFO neutron.wsgi [None req-d4b7180b-4cfe-45e5-9f9a-87b3fb9c49bc 7d1fa76f769d41bea9c493f5ff0299ba 3b6c1c854c744b89b26af38715383b1d - - default default] 10.0.0.53 "DELETE /v2.0/subnets/b5722923-9fd3-4ba6-8cf7-7f2a072f340d HTTP/1.1" status: 204 len: 168 time: 0.2331815
2026-05-30 10:57:16.126 9 INFO neutron.services.segments.plugin [-] Segment 4545a905-8676-4643-8f8e-0230caf169ef resource provider aggregate not found
2026-05-30 10:57:16.131 9 INFO neutron.services.segments.plugin [-] Segment 4545a905-8676-4643-8f8e-0230caf169ef resource provider aggregate not found
2026-05-30 10:57:16.154 9 INFO neutron.services.segments.plugin [-] Segment 4545a905-8676-4643-8f8e-0230caf169ef resource provider not found; error: Placement Client Error (4xx): {"errors": [{"status": 404, "title": "Not Found", "detail": "The resource could not be found.\n\n No resource provider with uuid 4545a905-8676-4643-8f8e-0230caf169ef found for delete ", "request_id": "req-92c12265-671d-41a7-a486-3731366fc8f8"}]}
2026-05-30 10:57:16.155 9 INFO neutron.services.segments.plugin [-] Segment 4545a905-8676-4643-8f8e-0230caf169ef resource provider not found; error: Placement Client Error (4xx): {"errors": [{"status": 404, "title": "Not Found", "detail": "The resource could not be found.\n\n No resource provider with uuid 4545a905-8676-4643-8f8e-0230caf169ef found for delete ", "request_id": "req-4a02042e-a38f-4d5f-b1ab-63ff05189aec"}]}
2026-05-30 10:57:16.168 9 INFO neutron.wsgi [None req-c444c952-d6ff-40ae-a3c2-9bc5d7bc6902 7d1fa76f769d41bea9c493f5ff0299ba 3b6c1c854c744b89b26af38715383b1d - - default default] 10.0.0.53 "DELETE /v2.0/networks/295e49a4-a687-4228-b267-b123eab3686a HTTP/1.1" status: 204 len: 168 time: 0.4305091
2026-05-30 10:57:16.168 10 INFO neutron.wsgi [None req-6dd3dadf-f036-4224-897f-4aa4c10f1194 a30bf024dce448d49c9563876bf20b7b d23d2299de774be9b579c97284dc2e52 - - default default] 10.0.0.53 "DELETE /v2.0/routers/7786be67-295d-40f5-bb88-053ae71fb1d9 HTTP/1.1" status: 204 len: 168 time: 0.4962039
2026-05-30 10:57:16.379 10 INFO neutron.wsgi [None req-0ce759ff-b9d4-4bb4-8092-04cbb129f1c0 a30bf024dce448d49c9563876bf20b7b d23d2299de774be9b579c97284dc2e52 - - default default] 10.0.0.53 "DELETE /v2.0/subnets/b1dcbc7e-7b51-4646-8c9c-fda4ecd0320d HTTP/1.1" status: 204 len: 168 time: 0.2057545
2026-05-30 10:57:16.813 10 INFO neutron.services.segments.plugin [-] Segment b355db29-b3ad-4acc-b228-3cf679d8cb63 resource provider aggregate not found
2026-05-30 10:57:16.817 10 INFO neutron.services.segments.plugin [-] Segment b355db29-b3ad-4acc-b228-3cf679d8cb63 resource provider aggregate not found
2026-05-30 10:57:16.830 10 INFO neutron.services.segments.plugin [-] Segment b355db29-b3ad-4acc-b228-3cf679d8cb63 resource provider not found; error: Placement Client Error (4xx): {"errors": [{"status": 404, "title": "Not Found", "detail": "The resource could not be found.\n\n No resource provider with uuid b355db29-b3ad-4acc-b228-3cf679d8cb63 found for delete ", "request_id": "req-6914eda1-6f44-4d8e-a892-18c3868150b0"}]}
2026-05-30 10:57:16.836 10 INFO neutron.services.segments.plugin [-] Segment b355db29-b3ad-4acc-b228-3cf679d8cb63 resource provider not found; error: Placement Client Error (4xx): {"errors": [{"status": 404, "title": "Not Found", "detail": "The resource could not be found.\n\n No resource provider with uuid b355db29-b3ad-4acc-b228-3cf679d8cb63 found for delete ", "request_id": "req-62ffcb12-6853-400f-ba92-94909e2e569c"}]}
2026-05-30 10:57:16.853 10 INFO neutron.wsgi [None req-f31f86f4-d97b-44d6-87f6-47a9ac3470a6 a30bf024dce448d49c9563876bf20b7b d23d2299de774be9b579c97284dc2e52 - - default default] 10.0.0.53 "DELETE /v2.0/networks/7bb56778-88c9-40e0-b857-77de0ada60ce HTTP/1.1" status: 204 len: 168 time: 0.4676292
2026-05-30 10:57:16.864 10 WARNING neutron_lib.context [None req-c14d5b9f-8ac9-4596-8a49-1bd78ef887ed a30bf024dce448d49c9563876bf20b7b d23d2299de774be9b579c97284dc2e52 - - default default] Method 'is_advsvc' is deprecated since 2023.2 release (neutron-lib 3.8.0) and will be removed once support for the old RBAC API policies will be removed from Neutron. Please use method 'is_service_role' instead.
2026-05-30 10:57:16.874 10 INFO neutron.wsgi [-] 10.0.0.4 "GET / HTTP/1.1" status: 200 len: 247 time: 0.0011823
2026-05-30 10:57:16.876 10 INFO neutron.wsgi [-] 10.0.0.4 "GET / HTTP/1.1" status: 200 len: 247 time: 0.0009377
2026-05-30 10:57:17.519 10 WARNING neutron.scheduler.dhcp_agent_scheduler [None req-c14d5b9f-8ac9-4596-8a49-1bd78ef887ed a30bf024dce448d49c9563876bf20b7b d23d2299de774be9b579c97284dc2e52 - - default default] No more DHCP agents
2026-05-30 10:57:17.522 10 WARNING neutron.api.rpc.agentnotifiers.dhcp_rpc_agent_api [None req-c14d5b9f-8ac9-4596-8a49-1bd78ef887ed a30bf024dce448d49c9563876bf20b7b d23d2299de774be9b579c97284dc2e52 - - default default] Unable to schedule network 4903dbdc-7c38-4d3f-b4fc-00ee3387a22c: no agents available; will retry on subsequent port and subnet creation events.
2026-05-30 10:57:17.725 10 INFO neutron.db.ovn_revision_numbers_db [None req-c14d5b9f-8ac9-4596-8a49-1bd78ef887ed a30bf024dce448d49c9563876bf20b7b d23d2299de774be9b579c97284dc2e52 - - default default] Successfully bumped revision number for resource f391542e-1096-475f-b17e-06f63659e463 (type: ports) to 1
2026-05-30 10:57:17.843 9 INFO neutron.wsgi [None req-8b301e67-d077-472a-a1ec-7b359bbb709b 7d1fa76f769d41bea9c493f5ff0299ba 3b6c1c854c744b89b26af38715383b1d - - default default] 10.0.0.53 "PUT /v2.0/routers/cb1b5845-84ea-4e81-8d0a-8b922faeefb6/remove_router_interface HTTP/1.1" status: 200 len: 503 time: 1.6688566 /var/lib/openstack/lib/python3.10/site-packages/pycadf/identifier.py:71: UserWarning: Invalid uuid: neutron. To ensure interoperability, identifiers should be a valid uuid. warnings.warn(('Invalid uuid: %s. To ensure interoperability, '
2026-05-30 10:57:18.830 10 INFO neutron.plugins.ml2.drivers.ovn.mech_driver.ovsdb.commands [None req-947aaf40-9819-4026-b248-ef530c77f404 - - - - - -] Schedule LRP lrp-f391542e-1096-475f-b17e-06f63659e463 on gateway d3b68d65-ac6f-4900-b28b-354ab63efd72 with priority 1
2026-05-30 10:57:18.842 9 INFO neutron.plugins.ml2.drivers.ovn.mech_driver.mech_driver [None req-48d70b58-30ac-4872-969f-fd49bcde0830 - - - - - -] OVN reports status up for port: f391542e-1096-475f-b17e-06f63659e463
2026-05-30 10:57:18.860 9 INFO neutron.wsgi [None req-14ff95eb-b150-4a2f-8f1f-0ff20aec57a3 7d1fa76f769d41bea9c493f5ff0299ba 3b6c1c854c744b89b26af38715383b1d - - default default] 10.0.0.53 "DELETE /v2.0/routers/cb1b5845-84ea-4e81-8d0a-8b922faeefb6 HTTP/1.1" status: 204 len: 168 time: 1.0112710
2026-05-30 10:57:18.863 9 INFO neutron.plugins.ml2.plugin [None req-48d70b58-30ac-4872-969f-fd49bcde0830 - - - - - -] Attempt 1 to provision port f391542e-1096-475f-b17e-06f63659e463
2026-05-30 10:57:18.931 10 INFO neutron.db.ovn_revision_numbers_db [None req-c14d5b9f-8ac9-4596-8a49-1bd78ef887ed a30bf024dce448d49c9563876bf20b7b d23d2299de774be9b579c97284dc2e52 - - default default] Successfully bumped revision number for resource f391542e-1096-475f-b17e-06f63659e463 (type: router_ports) to 1
2026-05-30 10:57:19.063 10 INFO neutron.db.ovn_revision_numbers_db [None req-c14d5b9f-8ac9-4596-8a49-1bd78ef887ed a30bf024dce448d49c9563876bf20b7b d23d2299de774be9b579c97284dc2e52 - - default default] Successfully bumped revision number for resource 4a66ee9e-4ac7-492d-95b5-4f6c61e81cff (type: routers) to 2
2026-05-30 10:57:19.065 10 INFO neutron.db.ovn_revision_numbers_db [None req-3bccf549-8750-4ba7-bcf2-2765c25b56c5 7d1fa76f769d41bea9c493f5ff0299ba 3b6c1c854c744b89b26af38715383b1d - - default default] Successfully bumped revision number for resource 64fc8228-52ba-4e78-b857-091e6ed3a20b (type: security_groups) to 1
2026-05-30 10:57:19.077 9 INFO neutron.wsgi [None req-d4131679-2741-4963-a0fa-4e46773cd3d9 7d1fa76f769d41bea9c493f5ff0299ba 3b6c1c854c744b89b26af38715383b1d - - default default] 10.0.0.187 "GET /v2.0/agents HTTP/1.1" status: 200 len: 1390 time: 0.0989170
2026-05-30 10:57:19.099 10 INFO neutron.wsgi [None req-c14d5b9f-8ac9-4596-8a49-1bd78ef887ed a30bf024dce448d49c9563876bf20b7b d23d2299de774be9b579c97284dc2e52 - - default default] 10.0.0.53 "POST /v2.0/routers HTTP/1.1" status: 201 len: 1150 time: 2.2388654
2026-05-30 10:57:19.110 10 INFO neutron.db.ovn_revision_numbers_db [None req-3bccf549-8750-4ba7-bcf2-2765c25b56c5 7d1fa76f769d41bea9c493f5ff0299ba 3b6c1c854c744b89b26af38715383b1d - - default default] Successfully bumped revision number for resource 11329ae0-8a64-4b41-bd58-8e162fa3fe4a (type: security_group_rules) to 0
2026-05-30 10:57:19.132 10 INFO neutron.db.ovn_revision_numbers_db [None req-3bccf549-8750-4ba7-bcf2-2765c25b56c5 7d1fa76f769d41bea9c493f5ff0299ba 3b6c1c854c744b89b26af38715383b1d - - default default] Successfully bumped revision number for resource 404c8223-34ef-46ec-85d1-ade31f687548 (type: security_group_rules) to 0
2026-05-30 10:57:19.158 10 INFO neutron.db.ovn_revision_numbers_db [None req-3bccf549-8750-4ba7-bcf2-2765c25b56c5 7d1fa76f769d41bea9c493f5ff0299ba 3b6c1c854c744b89b26af38715383b1d - - default default] Successfully bumped revision number for resource be8afddd-4980-4f3e-916f-b80168367a34 (type: security_group_rules) to 0
2026-05-30 10:57:19.173 10 INFO neutron.db.ovn_revision_numbers_db [None req-3bccf549-8750-4ba7-bcf2-2765c25b56c5 7d1fa76f769d41bea9c493f5ff0299ba 3b6c1c854c744b89b26af38715383b1d - - default default] Successfully bumped revision number for resource ea37a068-765a-4753-9836-5c6381073cd8 (type: security_group_rules) to 0
2026-05-30 10:57:19.194 10 INFO neutron.wsgi [None req-3bccf549-8750-4ba7-bcf2-2765c25b56c5 7d1fa76f769d41bea9c493f5ff0299ba 3b6c1c854c744b89b26af38715383b1d - - default default] 10.0.0.53 "GET /v2.0/security-groups?tenant_id=752d0da04ea54894bf098c72c795f122&name=default HTTP/1.1" status: 200 len: 3120 time: 0.5427754
2026-05-30 10:57:19.228 10 INFO neutron.wsgi [None req-b2655908-1840-4f5c-b942-f094a5cba305 7d1fa76f769d41bea9c493f5ff0299ba 3b6c1c854c744b89b26af38715383b1d - - default default] 10.0.0.53 "DELETE /v2.0/subnets/270f46a9-24d6-412f-aa13-a68469f7c189 HTTP/1.1" status: 204 len: 168 time: 0.3600521
2026-05-30 10:57:19.275 9 INFO neutron.wsgi [None req-0253c8f1-ccda-4589-95c0-0f4fd19dcd48 7d1fa76f769d41bea9c493f5ff0299ba 3b6c1c854c744b89b26af38715383b1d - - default default] 10.0.0.187 "GET /v2.0/networks HTTP/1.1" status: 200 len: 5479 time: 0.1971140
2026-05-30 10:57:19.333 9 INFO neutron.wsgi [None req-97d94b8c-a2d1-4299-8e44-cf61b6740be5 a30bf024dce448d49c9563876bf20b7b d23d2299de774be9b579c97284dc2e52 - - default default] 10.0.0.53 "GET /v2.0/routers/4a66ee9e-4ac7-492d-95b5-4f6c61e81cff HTTP/1.1" status: 200 len: 1151 time: 0.2281640
2026-05-30 10:57:19.396 9 INFO neutron.wsgi [None req-62da1fee-2118-44cd-ab05-9fcc6d7b59a9 7d1fa76f769d41bea9c493f5ff0299ba 3b6c1c854c744b89b26af38715383b1d - - default default] 10.0.0.187 "GET /v2.0/ports HTTP/1.1" status: 200 len: 20582 time: 0.1159942
2026-05-30 10:57:19.436 9 INFO neutron.wsgi [None req-f88d14f5-560c-4b71-ad5a-96b863d018a0 7d1fa76f769d41bea9c493f5ff0299ba 3b6c1c854c744b89b26af38715383b1d - - default default] 10.0.0.187 "GET /v2.0/network-ip-availabilities HTTP/1.1" status: 200 len: 3645 time: 0.0249119
2026-05-30 10:57:19.511 10 INFO neutron.wsgi [None req-961ac214-eee0-47ef-9633-a3c5cffeb990 a30bf024dce448d49c9563876bf20b7b d23d2299de774be9b579c97284dc2e52 - - default default] 10.0.0.53 "GET /v2.0/routers HTTP/1.1" status: 200 len: 1154 time: 0.1720986
2026-05-30 10:57:19.521 9 INFO neutron.wsgi [None req-5ba31299-1015-4fa3-8729-cdade17eb0fc 7d1fa76f769d41bea9c493f5ff0299ba 3b6c1c854c744b89b26af38715383b1d - - default default] 10.0.0.187 "GET /v2.0/security-groups HTTP/1.1" status: 200 len: 42048 time: 0.0834267
2026-05-30 10:57:19.586 9 INFO neutron.wsgi [None req-cc6751ff-833c-4bce-97e5-aef25f902c85 7d1fa76f769d41bea9c493f5ff0299ba 3b6c1c854c744b89b26af38715383b1d - - default default] 10.0.0.187 "GET /v2.0/subnets HTTP/1.1" status: 200 len: 5497 time: 0.0548730
2026-05-30 10:57:19.660 9 INFO neutron.wsgi [None req-6de014ed-c64c-48aa-9a2d-00dc00bd595b 7d1fa76f769d41bea9c493f5ff0299ba 3b6c1c854c744b89b26af38715383b1d - - default default] 10.0.0.187 "GET /v2.0/floatingips HTTP/1.1" status: 200 len: 1879 time: 0.0706306
2026-05-30 10:57:19.665 10 INFO neutron.wsgi [None req-c50f6d23-3e6a-4fec-b7b3-403e5d0a8d4f 7d1fa76f769d41bea9c493f5ff0299ba 3b6c1c854c744b89b26af38715383b1d - - default default] 10.0.0.53 "DELETE /v2.0/security-groups/64fc8228-52ba-4e78-b857-091e6ed3a20b HTTP/1.1" status: 204 len: 168 time: 0.4633224
2026-05-30 10:57:19.878 10 INFO neutron.services.segments.plugin [-] Segment dceee93b-356b-49f8-a9b1-c7af77152e32 resource provider aggregate not found
2026-05-30 10:57:19.884 10 INFO neutron.services.segments.plugin [-] Segment dceee93b-356b-49f8-a9b1-c7af77152e32 resource provider aggregate not found
2026-05-30 10:57:19.894 10 INFO neutron.services.segments.plugin [-] Segment dceee93b-356b-49f8-a9b1-c7af77152e32 resource provider not found; error: Placement Client Error (4xx): {"errors": [{"status": 404, "title": "Not Found", "detail": "The resource could not be found.\n\n No resource provider with uuid dceee93b-356b-49f8-a9b1-c7af77152e32 found for delete ", "request_id": "req-cb96a777-fa8b-4f37-b5a9-3a46045595e6"}]}
2026-05-30 10:57:19.901 10 INFO neutron.services.segments.plugin [-] Segment dceee93b-356b-49f8-a9b1-c7af77152e32 resource provider not found; error: Placement Client Error (4xx): {"errors": [{"status": 404, "title": "Not Found", "detail": "The resource could not be found.\n\n No resource provider with uuid dceee93b-356b-49f8-a9b1-c7af77152e32 found for delete ", "request_id": "req-bba0bc7b-8413-46d1-85f4-e5d3e075a6ad"}]}
2026-05-30 10:57:19.932 10 INFO neutron.wsgi [None req-c1dab9f7-4723-464d-8f89-072cb88a5515 7d1fa76f769d41bea9c493f5ff0299ba 3b6c1c854c744b89b26af38715383b1d - - default default] 10.0.0.53 "DELETE /v2.0/networks/aa2d0811-05ec-4447-8835-eaff2b0148f9 HTTP/1.1" status: 204 len: 168 time: 0.6987479
2026-05-30 10:57:20.094 9 INFO neutron.wsgi [None req-893e63bc-88bb-46cc-8805-bad3c7582ca6 7d1fa76f769d41bea9c493f5ff0299ba 3b6c1c854c744b89b26af38715383b1d - - default default] 10.0.0.187 "GET /v2.0/routers HTTP/1.1" status: 200 len: 2101 time: 0.4323757
2026-05-30 10:57:20.112 9 INFO neutron.wsgi [None req-82cd1ea1-7e59-43fa-a60c-d6e40aa7fb61 7d1fa76f769d41bea9c493f5ff0299ba 3b6c1c854c744b89b26af38715383b1d - - default default] 10.0.0.187 "GET /v2.0/agents?binary=ovn-controller HTTP/1.1" status: 200 len: 591 time: 0.0174546
2026-05-30 10:57:20.160 10 INFO neutron.db.ovn_revision_numbers_db [None req-ccc830da-bf99-4781-9edc-9dd6cd95695b a30bf024dce448d49c9563876bf20b7b d23d2299de774be9b579c97284dc2e52 - - default default] Successfully bumped revision number for resource 4a66ee9e-4ac7-492d-95b5-4f6c61e81cff (type: routers) to 3
2026-05-30 10:57:20.163 9 INFO neutron.wsgi [None req-b6d76a4a-e97a-4149-a224-512c08b77d89 7d1fa76f769d41bea9c493f5ff0299ba 3b6c1c854c744b89b26af38715383b1d - - default default] 10.0.0.187 "GET /v2.0/subnets HTTP/1.1" status: 200 len: 5497 time: 0.0500607
2026-05-30 10:57:20.166 10 INFO neutron.wsgi [None req-ccc830da-bf99-4781-9edc-9dd6cd95695b a30bf024dce448d49c9563876bf20b7b d23d2299de774be9b579c97284dc2e52 - - default default] 10.0.0.53 "PUT /v2.0/routers/4a66ee9e-4ac7-492d-95b5-4f6c61e81cff HTTP/1.1" status: 200 len: 1158 time: 0.6478539
2026-05-30 10:57:20.178 9 INFO neutron.wsgi [None req-5c206100-1fcc-48bc-b17c-2d4c1e4f6502 7d1fa76f769d41bea9c493f5ff0299ba 3b6c1c854c744b89b26af38715383b1d - - default default] 10.0.0.187 "GET /v2.0/subnetpools HTTP/1.1" status: 200 len: 193 time: 0.0125940
2026-05-30 10:57:20.308 9 INFO neutron.wsgi [None req-8fcbb3b8-60ca-4547-9bb3-9e8052aef147 7d1fa76f769d41bea9c493f5ff0299ba 3b6c1c854c744b89b26af38715383b1d - - default default] 10.0.0.53 "GET /v2.0/security-groups?tenant_id=1e1b3b71e9324647864bbb049777af89&name=default HTTP/1.1" status: 200 len: 3120 time: 0.0407577
2026-05-30 10:57:20.456 10 INFO neutron.wsgi [None req-94ab14ae-731f-4dff-92e2-4c24ff6b0ed6 a30bf024dce448d49c9563876bf20b7b d23d2299de774be9b579c97284dc2e52 - - default default] 10.0.0.53 "GET /v2.0/routers/4a66ee9e-4ac7-492d-95b5-4f6c61e81cff HTTP/1.1" status: 200 len: 1158 time: 0.2841098
2026-05-30 10:57:20.482 9 INFO neutron.wsgi [None req-2ac2a523-9679-4167-8d4d-a7a78fcd19c0 a30bf024dce448d49c9563876bf20b7b d23d2299de774be9b579c97284dc2e52 - - default default] 10.0.0.53 "GET /v2.0/ports?device_id=4a66ee9e-4ac7-492d-95b5-4f6c61e81cff HTTP/1.1" status: 200 len: 205 time: 0.0198967
2026-05-30 10:57:20.589 9 INFO neutron.wsgi [None req-afd269d7-8052-443c-a4d0-a4eee24f52f9 7d1fa76f769d41bea9c493f5ff0299ba 3b6c1c854c744b89b26af38715383b1d - - default default] 10.0.0.53 "DELETE /v2.0/security-groups/616b7b2f-c7cd-4614-ba4e-4c7b946d1298 HTTP/1.1" status: 204 len: 168 time: 0.2754638
2026-05-30 10:57:20.732 10 INFO neutron.wsgi [None req-ce64a785-e0f9-4bf4-9fdc-44170710a13e 7d1fa76f769d41bea9c493f5ff0299ba 3b6c1c854c744b89b26af38715383b1d - - default default] 10.0.0.53 "GET /v2.0/security-groups?tenant_id=8628ca17d2ac4a55b77c98abe2110ca1&name=default HTTP/1.1" status: 200 len: 3120 time: 0.0417664
2026-05-30 10:57:20.950 10 INFO neutron.wsgi [None req-c211a55b-67a7-403a-a03d-b90cb0965ca3 7d1fa76f769d41bea9c493f5ff0299ba 3b6c1c854c744b89b26af38715383b1d - - default default] 10.0.0.53 "DELETE /v2.0/security-groups/99f91f4d-3429-4f78-b867-3a5a80ec87d5 HTTP/1.1" status: 204 len: 168 time: 0.2134080
2026-05-30 10:57:21.347 9 INFO neutron.wsgi [None req-6a27cd3d-13bb-4c01-a051-8420ba8d4257 a30bf024dce448d49c9563876bf20b7b d23d2299de774be9b579c97284dc2e52 - - default default] 10.0.0.53 "DELETE /v2.0/routers/4a66ee9e-4ac7-492d-95b5-4f6c61e81cff HTTP/1.1" status: 204 len: 168 time: 0.8585613
2026-05-30 10:57:21.374 9 INFO neutron.wsgi [None req-629d200c-0515-44af-b7cf-9571c18a7fa7 a30bf024dce448d49c9563876bf20b7b d23d2299de774be9b579c97284dc2e52 - - default default] 10.0.0.53 "GET /v2.0/ports?device_id=4a66ee9e-4ac7-492d-95b5-4f6c61e81cff HTTP/1.1" status: 200 len: 205 time: 0.0211961
2026-05-30 10:57:21.409 9 INFO neutron.api.v2.resource [None req-892abe73-fedb-4885-9e7d-8742ddd7a7db a30bf024dce448d49c9563876bf20b7b d23d2299de774be9b579c97284dc2e52 - - default default] delete failed (client error): The resource could not be found.
2026-05-30 10:57:21.411 9 INFO neutron.wsgi [None req-892abe73-fedb-4885-9e7d-8742ddd7a7db a30bf024dce448d49c9563876bf20b7b d23d2299de774be9b579c97284dc2e52 - - default default] 10.0.0.53 "DELETE /v2.0/routers/4a66ee9e-4ac7-492d-95b5-4f6c61e81cff HTTP/1.1" status: 404 len: 336 time: 0.0311582
2026-05-30 10:57:21.442 9 INFO neutron.wsgi [None req-235b3f8b-f414-4b4e-82d5-f09d6ed27494 a30bf024dce448d49c9563876bf20b7b d23d2299de774be9b579c97284dc2e52 - - default default] 10.0.0.53 "GET /v2.0/ports?device_id=7786be67-295d-40f5-bb88-053ae71fb1d9 HTTP/1.1" status: 200 len: 205 time: 0.0243309
2026-05-30 10:57:21.467 9 INFO neutron.api.v2.resource [None req-a4498e09-7baa-4f8c-9c89-3905db967a15 a30bf024dce448d49c9563876bf20b7b d23d2299de774be9b579c97284dc2e52 - - default default] delete failed (client error): The resource could not be found.
2026-05-30 10:57:21.469 9 INFO neutron.wsgi [None req-a4498e09-7baa-4f8c-9c89-3905db967a15 a30bf024dce448d49c9563876bf20b7b d23d2299de774be9b579c97284dc2e52 - - default default] 10.0.0.53 "DELETE /v2.0/routers/7786be67-295d-40f5-bb88-053ae71fb1d9 HTTP/1.1" status: 404 len: 336 time: 0.0231857
2026-05-30 10:57:21.492 9 INFO neutron.pecan_wsgi.hooks.translation [None req-2b11bf51-abc2-4077-adeb-9f0d179c7db1 a30bf024dce448d49c9563876bf20b7b d23d2299de774be9b579c97284dc2e52 - - default default] DELETE failed (client error): The resource could not be found.
2026-05-30 10:57:21.495 9 INFO neutron.wsgi [None req-2b11bf51-abc2-4077-adeb-9f0d179c7db1 a30bf024dce448d49c9563876bf20b7b d23d2299de774be9b579c97284dc2e52 - - default default] 10.0.0.53 "DELETE /v2.0/subnets/b1dcbc7e-7b51-4646-8c9c-fda4ecd0320d HTTP/1.1" status: 404 len: 337 time: 0.0208335
2026-05-30 10:57:21.520 9 INFO neutron.wsgi [None req-5643fdf2-5957-4bb9-b59e-313a6fa14a87 a30bf024dce448d49c9563876bf20b7b d23d2299de774be9b579c97284dc2e52 - - default default] 10.0.0.53 "GET /v2.0/ports?device_id=2834f43a-e3e7-4eba-b153-fb066e4b651d HTTP/1.1" status: 200 len: 205 time: 0.0216377
2026-05-30 10:57:21.548 9 INFO neutron.api.v2.resource [None req-a7b16f27-304d-4ec7-b3a0-966eb9d28311 a30bf024dce448d49c9563876bf20b7b d23d2299de774be9b579c97284dc2e52 - - default default] delete failed (client error): The resource could not be found.
2026-05-30 10:57:21.550 9 INFO neutron.wsgi [None req-a7b16f27-304d-4ec7-b3a0-966eb9d28311 a30bf024dce448d49c9563876bf20b7b d23d2299de774be9b579c97284dc2e52 - - default default] 10.0.0.53 "DELETE /v2.0/routers/2834f43a-e3e7-4eba-b153-fb066e4b651d HTTP/1.1" status: 404 len: 336 time: 0.0264299
2026-05-30 10:57:21.571 9 INFO neutron.pecan_wsgi.hooks.translation [None req-334e080b-f11c-4230-86cb-ae435db0f132 a30bf024dce448d49c9563876bf20b7b d23d2299de774be9b579c97284dc2e52 - - default default] DELETE failed (client error): The resource could not be found.
2026-05-30 10:57:21.576 9 INFO neutron.wsgi [None req-334e080b-f11c-4230-86cb-ae435db0f132 a30bf024dce448d49c9563876bf20b7b d23d2299de774be9b579c97284dc2e52 - - default default] 10.0.0.53 "DELETE /v2.0/subnets/b85128ca-5dc8-4696-8607-b00c3268893f HTTP/1.1" status: 404 len: 337 time: 0.0210760
2026-05-30 10:57:21.599 9 INFO neutron.wsgi [None req-ead68ad7-3600-454e-9b5b-c44b53594e68 a30bf024dce448d49c9563876bf20b7b d23d2299de774be9b579c97284dc2e52 - - default default] 10.0.0.53 "GET /v2.0/ports?device_id=745547bc-a189-405e-8abd-b5a23893ec4c HTTP/1.1" status: 200 len: 205 time: 0.0195990
2026-05-30 10:57:21.646 10 INFO neutron.api.v2.resource [None req-bca9862e-d22e-428f-9593-27eed084e86d a30bf024dce448d49c9563876bf20b7b d23d2299de774be9b579c97284dc2e52 - - default default] delete failed (client error): The resource could not be found.
2026-05-30 10:57:21.648 10 INFO neutron.wsgi [None req-bca9862e-d22e-428f-9593-27eed084e86d a30bf024dce448d49c9563876bf20b7b d23d2299de774be9b579c97284dc2e52 - - default default] 10.0.0.53 "DELETE /v2.0/routers/745547bc-a189-405e-8abd-b5a23893ec4c HTTP/1.1" status: 404 len: 336 time: 0.0392733
2026-05-30 10:57:21.690 9 INFO neutron.pecan_wsgi.hooks.translation [None req-7a47f4f1-8f27-4ecf-b0f3-bf6bef7cde8c a30bf024dce448d49c9563876bf20b7b d23d2299de774be9b579c97284dc2e52 - - default default] DELETE failed (client error): The resource could not be found.
2026-05-30 10:57:21.695 9 INFO neutron.wsgi [None req-7a47f4f1-8f27-4ecf-b0f3-bf6bef7cde8c a30bf024dce448d49c9563876bf20b7b d23d2299de774be9b579c97284dc2e52 - - default default] 10.0.0.53 "DELETE /v2.0/subnets/2a9e4429-7687-4fb1-982d-537ec29e1385 HTTP/1.1" status: 404 len: 337 time: 0.0379262
2026-05-30 10:57:21.703 10 INFO neutron.wsgi [req-e05886cd-687d-4bd8-b519-a3fc37392985 req-4adccb10-401a-4eba-aba3-881fecf5e9e5 7d1fa76f769d41bea9c493f5ff0299ba 3b6c1c854c744b89b26af38715383b1d - - default default] 10.0.0.128 "GET /v2.0/security-groups?id=ba6592d4-e2b9-4809-8b0f-9b002e2cb351&fields=id HTTP/1.1" status: 200 len: 267 time: 0.0540943
2026-05-30 10:57:21.718 9 INFO neutron.pecan_wsgi.hooks.translation [None req-7dce397a-eaf2-49b2-9620-20cb5c6a2675 a30bf024dce448d49c9563876bf20b7b d23d2299de774be9b579c97284dc2e52 - - default default] DELETE failed (client error): The resource could not be found.
2026-05-30 10:57:21.721 9 INFO neutron.wsgi [None req-7dce397a-eaf2-49b2-9620-20cb5c6a2675 a30bf024dce448d49c9563876bf20b7b d23d2299de774be9b579c97284dc2e52 - - default default] 10.0.0.53 "DELETE /v2.0/subnets/91f60a85-7dfe-487f-a0de-204fdbc5b7fa HTTP/1.1" status: 404 len: 337 time: 0.0187409
2026-05-30 10:57:21.807 10 INFO neutron.wsgi [req-e05886cd-687d-4bd8-b519-a3fc37392985 req-41509882-e286-4d1c-9135-1e485eb7edb3 7d1fa76f769d41bea9c493f5ff0299ba 3b6c1c854c744b89b26af38715383b1d - - default default] 10.0.0.128 "GET /v2.0/networks?id=4ed9c3d7-8d40-492e-bb1f-ca0a168f876a HTTP/1.1" status: 200 len: 937 time: 0.0930274
2026-05-30 10:57:21.824 10 INFO neutron.wsgi [req-e05886cd-687d-4bd8-b519-a3fc37392985 req-efaa89fd-c5e6-4c43-8e0d-8a3a0be01bef 7d1fa76f769d41bea9c493f5ff0299ba 3b6c1c854c744b89b26af38715383b1d - - default default] 10.0.0.128 "GET /v2.0/quotas/3b6c1c854c744b89b26af38715383b1d HTTP/1.1" status: 200 len: 490 time: 0.0109425
2026-05-30 10:57:21.900 10 INFO neutron.wsgi [req-e05886cd-687d-4bd8-b519-a3fc37392985 req-1a91e9c4-c6ca-4b61-a5e3-34c18dee0ba1 7d1fa76f769d41bea9c493f5ff0299ba 3b6c1c854c744b89b26af38715383b1d - - default default] 10.0.0.128 "GET /v2.0/ports?tenant_id=3b6c1c854c744b89b26af38715383b1d&fields=id HTTP/1.1" status: 200 len: 348 time: 0.0670621
2026-05-30 10:57:21.974 10 INFO neutron.wsgi [req-e05886cd-687d-4bd8-b519-a3fc37392985 req-3b604f74-378a-4f77-8a66-8ab945fc375b 311de5a72440457a97db1b822ad5f654 a9b60b7a466b48e2b909e6c895221a61 - - 3934fa3f24dd44ae9602c404a4208d70 3934fa3f24dd44ae9602c404a4208d70] 10.0.0.128 "GET /v2.0/networks/4ed9c3d7-8d40-492e-bb1f-ca0a168f876a?fields=segments HTTP/1.1" status: 200 len: 212 time: 0.0600631
2026-05-30 10:57:22.070 10 INFO neutron.wsgi [req-e05886cd-687d-4bd8-b519-a3fc37392985 req-a18b8b88-cd67-434e-8e7a-d7aa82311398 311de5a72440457a97db1b822ad5f654 a9b60b7a466b48e2b909e6c895221a61 - - 3934fa3f24dd44ae9602c404a4208d70 3934fa3f24dd44ae9602c404a4208d70] 10.0.0.128 "GET /v2.0/networks/4ed9c3d7-8d40-492e-bb1f-ca0a168f876a?fields=provider%3Aphysical_network&fields=provider%3Anetwork_type HTTP/1.1" status: 200 len: 277 time: 0.0765479
2026-05-30 10:57:22.385 10 INFO neutron.wsgi [None req-3808a347-b968-423d-ad83-b92cfe9d0042 7d1fa76f769d41bea9c493f5ff0299ba 3b6c1c854c744b89b26af38715383b1d - - default default] 10.0.0.53 "GET /v2.0/security-groups?tenant_id=d23d2299de774be9b579c97284dc2e52&name=default HTTP/1.1" status: 200 len: 3120 time: 0.2322383
2026-05-30 10:57:22.645 9 INFO neutron.wsgi [req-dba1e8ed-fea5-43f4-9562-f94e2783ec57 req-102410c9-20cb-4b3d-b5e1-6339f31da825 7d1fa76f769d41bea9c493f5ff0299ba 3b6c1c854c744b89b26af38715383b1d - - default default] 10.0.0.128 "GET /v2.0/ports?device_id=95020166-62be-4806-b2cb-7eb4af2c1de9 HTTP/1.1" status: 200 len: 210 time: 0.0221212
2026-05-30 10:57:22.654 9 INFO neutron.wsgi [None req-79e59f2d-a1bb-41a5-b913-cefb0885ff0e 7d1fa76f769d41bea9c493f5ff0299ba 3b6c1c854c744b89b26af38715383b1d - - default default] 10.0.0.53 "DELETE /v2.0/security-groups/3cce5b93-8cb5-4dd5-9f16-c18e421aac01 HTTP/1.1" status: 204 len: 168 time: 0.2639849
2026-05-30 10:57:22.723 10 INFO neutron.wsgi [req-efc11bac-a160-4816-a8d4-272349471a02 req-e0c45901-e75f-44e6-ae3c-14cdea80a6e1 7d1fa76f769d41bea9c493f5ff0299ba 3b6c1c854c744b89b26af38715383b1d - - default default] 10.0.0.128 "GET /v2.0/ports?device_id=95020166-62be-4806-b2cb-7eb4af2c1de9 HTTP/1.1" status: 200 len: 210 time: 0.0305159
2026-05-30 10:57:23.380 9 INFO neutron.wsgi [req-e05886cd-687d-4bd8-b519-a3fc37392985 req-e7f5ac4c-5ccc-4085-b0b5-1eb340442cdc 7d1fa76f769d41bea9c493f5ff0299ba 3b6c1c854c744b89b26af38715383b1d - - default default] 199.204.45.140 "GET /v2.0/networks?id=4ed9c3d7-8d40-492e-bb1f-ca0a168f876a HTTP/1.1" status: 200 len: 937 time: 0.0851154
2026-05-30 10:57:23.441 9 INFO neutron.wsgi [req-e05886cd-687d-4bd8-b519-a3fc37392985 req-3f41f30e-2460-456e-9fa9-4f55cbb34c02 7d1fa76f769d41bea9c493f5ff0299ba 3b6c1c854c744b89b26af38715383b1d - - default default] 199.204.45.140 "GET /v2.0/security-groups?fields=id&fields=name&tenant_id=3b6c1c854c744b89b26af38715383b1d HTTP/1.1" status: 200 len: 542 time: 0.0548999
2026-05-30 10:57:23.509 9 INFO neutron.db.ovn_revision_numbers_db [None req-0f3ed937-d427-4126-a06c-4160900378a1 7d1fa76f769d41bea9c493f5ff0299ba 3b6c1c854c744b89b26af38715383b1d - - default default] Successfully bumped revision number for resource 628a0b7b-162b-4a59-8d1a-33cb1d7a116d (type: security_groups) to 1
2026-05-30 10:57:23.553 9 INFO neutron.db.ovn_revision_numbers_db [None req-0f3ed937-d427-4126-a06c-4160900378a1 7d1fa76f769d41bea9c493f5ff0299ba 3b6c1c854c744b89b26af38715383b1d - - default default] Successfully bumped revision number for resource 0c6afd25-d310-46d3-b4e9-ddee21577092 (type: security_group_rules) to 0
2026-05-30 10:57:23.577 9 INFO neutron.db.ovn_revision_numbers_db [None req-0f3ed937-d427-4126-a06c-4160900378a1 7d1fa76f769d41bea9c493f5ff0299ba 3b6c1c854c744b89b26af38715383b1d - - default default] Successfully bumped revision number for resource 48fbe8f7-caa2-455a-91ff-b75a6c0b27d2 (type: security_group_rules) to 0
2026-05-30 10:57:23.598 9 INFO neutron.db.ovn_revision_numbers_db [None req-0f3ed937-d427-4126-a06c-4160900378a1 7d1fa76f769d41bea9c493f5ff0299ba 3b6c1c854c744b89b26af38715383b1d - - default default] Successfully bumped revision number for resource 762eac10-2399-4d2c-8251-05df07fafba2 (type: security_group_rules) to 0
2026-05-30 10:57:23.618 9 INFO neutron.db.ovn_revision_numbers_db [None req-0f3ed937-d427-4126-a06c-4160900378a1 7d1fa76f769d41bea9c493f5ff0299ba 3b6c1c854c744b89b26af38715383b1d - - default default] Successfully bumped revision number for resource 926671e3-a1fc-4c62-ae2c-6a58a47954e4 (type: security_group_rules) to 0
2026-05-30 10:57:23.644 9 INFO neutron.wsgi [None req-0f3ed937-d427-4126-a06c-4160900378a1 7d1fa76f769d41bea9c493f5ff0299ba 3b6c1c854c744b89b26af38715383b1d - - default default] 10.0.0.53 "GET /v2.0/security-groups?tenant_id=05e5c71b6c0340e5a17442cdfd24fe10&name=default HTTP/1.1" status: 200 len: 3120 time: 0.4450698
2026-05-30 10:57:23.769 9 WARNING neutron.scheduler.dhcp_agent_scheduler [req-e05886cd-687d-4bd8-b519-a3fc37392985 req-56bad71f-d53d-4480-8d4b-e258c88df640 7d1fa76f769d41bea9c493f5ff0299ba 3b6c1c854c744b89b26af38715383b1d - - default default] No more DHCP agents
2026-05-30 10:57:23.772 9 WARNING neutron.api.rpc.agentnotifiers.dhcp_rpc_agent_api [req-e05886cd-687d-4bd8-b519-a3fc37392985 req-56bad71f-d53d-4480-8d4b-e258c88df640 7d1fa76f769d41bea9c493f5ff0299ba 3b6c1c854c744b89b26af38715383b1d - - default default] Unable to schedule network 4ed9c3d7-8d40-492e-bb1f-ca0a168f876a: no agents available; will retry on subsequent port and subnet creation events.
2026-05-30 10:57:23.879 10 INFO neutron.wsgi [None req-d29fc74d-74b1-475b-8c07-91b7862eaf19 7d1fa76f769d41bea9c493f5ff0299ba 3b6c1c854c744b89b26af38715383b1d - - default default] 10.0.0.53 "DELETE /v2.0/security-groups/628a0b7b-162b-4a59-8d1a-33cb1d7a116d HTTP/1.1" status: 204 len: 168 time: 0.2294490
2026-05-30 10:57:23.936 9 INFO neutron.db.ovn_revision_numbers_db [req-e05886cd-687d-4bd8-b519-a3fc37392985 req-56bad71f-d53d-4480-8d4b-e258c88df640 7d1fa76f769d41bea9c493f5ff0299ba 3b6c1c854c744b89b26af38715383b1d - - default default] Successfully bumped revision number for resource 45127b1f-e7c6-42d8-84e0-4f8a7cb8d89c (type: ports) to 1
2026-05-30 10:57:23.965 9 INFO neutron.wsgi [req-e05886cd-687d-4bd8-b519-a3fc37392985 req-56bad71f-d53d-4480-8d4b-e258c88df640 7d1fa76f769d41bea9c493f5ff0299ba 3b6c1c854c744b89b26af38715383b1d - - default default] 199.204.45.140 "POST /v2.0/ports HTTP/1.1" status: 201 len: 1287 time: 0.5190206 /var/lib/openstack/lib/python3.10/site-packages/pycadf/identifier.py:71: UserWarning: Invalid uuid: neutron. To ensure interoperability, identifiers should be a valid uuid. warnings.warn(('Invalid uuid: %s. To ensure interoperability, '
2026-05-30 10:57:24.213 9 WARNING neutron.plugins.ml2.drivers.ovn.mech_driver.ovsdb.ovn_client [None req-48d70b58-30ac-4872-969f-fd49bcde0830 - - - - - -] No port found with ID f391542e-1096-475f-b17e-06f63659e463: RuntimeError: No port found with ID f391542e-1096-475f-b17e-06f63659e463
2026-05-30 10:57:24.501 9 INFO neutron.db.ovn_revision_numbers_db [req-e05886cd-687d-4bd8-b519-a3fc37392985 req-a24a5a43-62c4-41b3-a069-091a5527ff77 311de5a72440457a97db1b822ad5f654 a9b60b7a466b48e2b909e6c895221a61 - - 3934fa3f24dd44ae9602c404a4208d70 3934fa3f24dd44ae9602c404a4208d70] Successfully bumped revision number for resource 45127b1f-e7c6-42d8-84e0-4f8a7cb8d89c (type: ports) to 2
2026-05-30 10:57:24.863 10 WARNING neutron_lib.context [None req-5ceac742-4a84-45e9-8d14-79b0dbf957b2 29eba9f9168d4b9397581134a7ed1a58 598998abeedf432f883a5cbe041cb8ba - - default default] Method 'is_advsvc' is deprecated since 2023.2 release (neutron-lib 3.8.0) and will be removed once support for the old RBAC API policies will be removed from Neutron. Please use method 'is_service_role' instead.
2026-05-30 10:57:24.926 10 INFO neutron.wsgi [None req-5ceac742-4a84-45e9-8d14-79b0dbf957b2 29eba9f9168d4b9397581134a7ed1a58 598998abeedf432f883a5cbe041cb8ba - - default default] 10.0.0.53 "POST /v2.0/subnetpools HTTP/1.1" status: 201 len: 747 time: 0.3132381
2026-05-30 10:57:24.957 10 INFO neutron.wsgi [None req-9e0ffaf0-ece0-4c51-aa33-2440f1cf874c 29eba9f9168d4b9397581134a7ed1a58 598998abeedf432f883a5cbe041cb8ba - - default default] 10.0.0.53 "GET /v2.0/subnetpools/fda71389-eb6a-4e7d-82bf-f83a6927f4ed HTTP/1.1" status: 200 len: 742 time: 0.0236847
2026-05-30 10:57:25.000 9 INFO neutron.db.ovn_revision_numbers_db [req-e05886cd-687d-4bd8-b519-a3fc37392985 req-a24a5a43-62c4-41b3-a069-091a5527ff77 311de5a72440457a97db1b822ad5f654 a9b60b7a466b48e2b909e6c895221a61 - - 3934fa3f24dd44ae9602c404a4208d70 3934fa3f24dd44ae9602c404a4208d70] Successfully bumped revision number for resource 45127b1f-e7c6-42d8-84e0-4f8a7cb8d89c (type: ports) to 2
2026-05-30 10:57:25.025 9 INFO neutron.wsgi [req-e05886cd-687d-4bd8-b519-a3fc37392985 req-a24a5a43-62c4-41b3-a069-091a5527ff77 311de5a72440457a97db1b822ad5f654 a9b60b7a466b48e2b909e6c895221a61 - - 3934fa3f24dd44ae9602c404a4208d70 3934fa3f24dd44ae9602c404a4208d70] 199.204.45.140 "PUT /v2.0/ports/45127b1f-e7c6-42d8-84e0-4f8a7cb8d89c HTTP/1.1" status: 200 len: 1384 time: 1.0500436
2026-05-30 10:57:25.044 10 INFO neutron.wsgi [None req-a36c65a9-ade8-4005-a944-ec901bd06204 29eba9f9168d4b9397581134a7ed1a58 598998abeedf432f883a5cbe041cb8ba - - default default] 10.0.0.53 "PUT /v2.0/subnetpools/fda71389-eb6a-4e7d-82bf-f83a6927f4ed HTTP/1.1" status: 200 len: 694 time: 0.0816925
2026-05-30 10:57:25.065 9 INFO neutron.notifiers.nova [-] Nova event matching ['req-01c13f45-75d1-49e2-8890-b9e65f8b62dc'] response: {'name': 'network-changed', 'server_uuid': '95020166-62be-4806-b2cb-7eb4af2c1de9', 'tag': '45127b1f-e7c6-42d8-84e0-4f8a7cb8d89c', 'status': 'completed', 'code': 200} /var/lib/openstack/lib/python3.10/site-packages/pycadf/identifier.py:71: UserWarning: Invalid uuid: neutron. To ensure interoperability, identifiers should be a valid uuid. warnings.warn(('Invalid uuid: %s. To ensure interoperability, '
2026-05-30 10:57:25.120 10 INFO neutron.wsgi [None req-322c0e38-7ec1-4057-843b-a5012f33360b 29eba9f9168d4b9397581134a7ed1a58 598998abeedf432f883a5cbe041cb8ba - - default default] 10.0.0.53 "DELETE /v2.0/subnetpools/fda71389-eb6a-4e7d-82bf-f83a6927f4ed HTTP/1.1" status: 204 len: 168 time: 0.0716207
2026-05-30 10:57:25.137 9 INFO neutron.wsgi [req-e05886cd-687d-4bd8-b519-a3fc37392985 req-c53a6a56-f0d3-4edf-a117-9ce6ac2630fa 311de5a72440457a97db1b822ad5f654 a9b60b7a466b48e2b909e6c895221a61 - - 3934fa3f24dd44ae9602c404a4208d70 3934fa3f24dd44ae9602c404a4208d70] 199.204.45.140 "GET /v2.0/ports?tenant_id=3b6c1c854c744b89b26af38715383b1d&device_id=95020166-62be-4806-b2cb-7eb4af2c1de9 HTTP/1.1" status: 200 len: 1415 time: 0.0658755
2026-05-30 10:57:25.138 10 INFO neutron.api.v2.resource [None req-abb8fc79-af0f-4847-8917-3dad206ec5fb 29eba9f9168d4b9397581134a7ed1a58 598998abeedf432f883a5cbe041cb8ba - - default default] show failed (client error): The resource could not be found.
2026-05-30 10:57:25.139 10 INFO neutron.wsgi [None req-abb8fc79-af0f-4847-8917-3dad206ec5fb 29eba9f9168d4b9397581134a7ed1a58 598998abeedf432f883a5cbe041cb8ba - - default default] 10.0.0.53 "GET /v2.0/subnetpools/fda71389-eb6a-4e7d-82bf-f83a6927f4ed HTTP/1.1" status: 404 len: 346 time: 0.0139251
2026-05-30 10:57:25.154 10 INFO neutron.api.v2.resource [None req-1dd9d2fe-bdbd-4497-95cb-6dd8d6a51534 29eba9f9168d4b9397581134a7ed1a58 598998abeedf432f883a5cbe041cb8ba - - default default] delete failed (client error): The resource could not be found.
2026-05-30 10:57:25.156 10 INFO neutron.wsgi [None req-1dd9d2fe-bdbd-4497-95cb-6dd8d6a51534 29eba9f9168d4b9397581134a7ed1a58 598998abeedf432f883a5cbe041cb8ba - - default default] 10.0.0.53 "DELETE /v2.0/subnetpools/fda71389-eb6a-4e7d-82bf-f83a6927f4ed HTTP/1.1" status: 404 len: 346 time: 0.0126908
2026-05-30 10:57:25.169 9 INFO neutron.wsgi [req-e05886cd-687d-4bd8-b519-a3fc37392985 req-80ffa619-5246-4992-b15e-b8690c59da6d 311de5a72440457a97db1b822ad5f654 a9b60b7a466b48e2b909e6c895221a61 - - 3934fa3f24dd44ae9602c404a4208d70 3934fa3f24dd44ae9602c404a4208d70] 199.204.45.140 "GET /v2.0/floatingips?fixed_ip_address=172.24.0.122&port_id=45127b1f-e7c6-42d8-84e0-4f8a7cb8d89c HTTP/1.1" status: 200 len: 217 time: 0.0270972
2026-05-30 10:57:25.204 9 INFO neutron.wsgi [req-e05886cd-687d-4bd8-b519-a3fc37392985 req-de2c081a-f256-41ab-b635-8ea0a3af1b7d 311de5a72440457a97db1b822ad5f654 a9b60b7a466b48e2b909e6c895221a61 - - 3934fa3f24dd44ae9602c404a4208d70 3934fa3f24dd44ae9602c404a4208d70] 199.204.45.140 "GET /v2.0/subnets?id=8ca1687d-89b2-4911-b5be-d729f201b1f7 HTTP/1.1" status: 200 len: 829 time: 0.0297942
2026-05-30 10:57:25.235 9 INFO neutron.wsgi [req-e05886cd-687d-4bd8-b519-a3fc37392985 req-e981a198-8efc-4b71-9d2b-ade489e23c81 311de5a72440457a97db1b822ad5f654 a9b60b7a466b48e2b909e6c895221a61 - - 3934fa3f24dd44ae9602c404a4208d70 3934fa3f24dd44ae9602c404a4208d70] 199.204.45.140 "GET /v2.0/ports?network_id=4ed9c3d7-8d40-492e-bb1f-ca0a168f876a&device_owner=network%3Adhcp HTTP/1.1" status: 200 len: 210 time: 0.0236216
2026-05-30 10:57:25.320 9 INFO neutron.wsgi [req-e05886cd-687d-4bd8-b519-a3fc37392985 req-547cede2-55b4-4363-8afb-b9847b0219e8 311de5a72440457a97db1b822ad5f654 a9b60b7a466b48e2b909e6c895221a61 - - 3934fa3f24dd44ae9602c404a4208d70 3934fa3f24dd44ae9602c404a4208d70] 199.204.45.140 "GET /v2.0/networks/4ed9c3d7-8d40-492e-bb1f-ca0a168f876a?fields=segments HTTP/1.1" status: 200 len: 212 time: 0.0770233
2026-05-30 10:57:25.396 9 INFO neutron.wsgi [req-e05886cd-687d-4bd8-b519-a3fc37392985 req-9c6bdede-1caa-4049-b07c-ccd275855c80 311de5a72440457a97db1b822ad5f654 a9b60b7a466b48e2b909e6c895221a61 - - 3934fa3f24dd44ae9602c404a4208d70 3934fa3f24dd44ae9602c404a4208d70] 199.204.45.140 "GET /v2.0/networks/4ed9c3d7-8d40-492e-bb1f-ca0a168f876a?fields=provider%3Aphysical_network&fields=provider%3Anetwork_type HTTP/1.1" status: 200 len: 277 time: 0.0662551
2026-05-30 10:57:25.490 9 INFO neutron.wsgi [req-1be7c661-81d8-43aa-98f8-f9e442eda009 req-01cdebb4-026e-4fec-a0c1-582b5bc72a1f 311de5a72440457a97db1b822ad5f654 a9b60b7a466b48e2b909e6c895221a61 - - 3934fa3f24dd44ae9602c404a4208d70 3934fa3f24dd44ae9602c404a4208d70] 199.204.45.140 "GET /v2.0/ports?tenant_id=3b6c1c854c744b89b26af38715383b1d&device_id=95020166-62be-4806-b2cb-7eb4af2c1de9 HTTP/1.1" status: 200 len: 1415 time: 0.0436640
2026-05-30 10:57:25.567 10 INFO neutron.wsgi [req-916e69df-70ca-4c82-a24d-96c5f43bac69 req-0fe472ec-0dab-4da3-8b88-b01f63b5949a 7d1fa76f769d41bea9c493f5ff0299ba 3b6c1c854c744b89b26af38715383b1d - - default default] 10.0.0.128 "GET /v2.0/ports?device_id=95020166-62be-4806-b2cb-7eb4af2c1de9 HTTP/1.1" status: 200 len: 1415 time: 0.0405071
2026-05-30 10:57:25.584 9 INFO neutron.wsgi [req-1be7c661-81d8-43aa-98f8-f9e442eda009 req-c10d42c4-1444-4d5c-b92b-2c3d834bb5ba 311de5a72440457a97db1b822ad5f654 a9b60b7a466b48e2b909e6c895221a61 - - 3934fa3f24dd44ae9602c404a4208d70 3934fa3f24dd44ae9602c404a4208d70] 199.204.45.140 "GET /v2.0/networks?id=4ed9c3d7-8d40-492e-bb1f-ca0a168f876a HTTP/1.1" status: 200 len: 937 time: 0.0845654
2026-05-30 10:57:25.620 9 INFO neutron.wsgi [req-1be7c661-81d8-43aa-98f8-f9e442eda009 req-5765bee6-b28e-4a00-ab57-be352ff6dc64 311de5a72440457a97db1b822ad5f654 a9b60b7a466b48e2b909e6c895221a61 - - 3934fa3f24dd44ae9602c404a4208d70 3934fa3f24dd44ae9602c404a4208d70] 199.204.45.140 "GET /v2.0/floatingips?fixed_ip_address=172.24.0.122&port_id=45127b1f-e7c6-42d8-84e0-4f8a7cb8d89c HTTP/1.1" status: 200 len: 217 time: 0.0295994
2026-05-30 10:57:25.622 10 INFO neutron.wsgi [req-916e69df-70ca-4c82-a24d-96c5f43bac69 req-9401e627-8f5d-4fc2-8ec9-990cb368b44d 7d1fa76f769d41bea9c493f5ff0299ba 3b6c1c854c744b89b26af38715383b1d - - default default] 10.0.0.128 "GET /v2.0/security-groups?id=ba6592d4-e2b9-4809-8b0f-9b002e2cb351&fields=id&fields=name HTTP/1.1" status: 200 len: 294 time: 0.0503483
2026-05-30 10:57:25.635 10 WARNING neutron_lib.context [None req-7c000fa4-e6f3-433a-b458-9ebd8f195ca0 ca3daa13a3f84fb0ab88410b9cc4e277 1abdd57396a14af8bed7b901916ec523 - - default default] Method 'is_advsvc' is deprecated since 2023.2 release (neutron-lib 3.8.0) and will be removed once support for the old RBAC API policies will be removed from Neutron. Please use method 'is_service_role' instead.
2026-05-30 10:57:25.671 9 INFO neutron.wsgi [req-1be7c661-81d8-43aa-98f8-f9e442eda009 req-b9f723d8-966a-4296-8f4b-69bcb74ce16a 311de5a72440457a97db1b822ad5f654 a9b60b7a466b48e2b909e6c895221a61 - - 3934fa3f24dd44ae9602c404a4208d70 3934fa3f24dd44ae9602c404a4208d70] 199.204.45.140 "GET /v2.0/subnets?id=8ca1687d-89b2-4911-b5be-d729f201b1f7 HTTP/1.1" status: 200 len: 829 time: 0.0353868
2026-05-30 10:57:25.696 10 INFO neutron.wsgi [req-3d1de0ff-7b85-42df-8915-1a07ef82ff83 req-3051d87e-1494-4f10-95b6-0283af6ecb95 311de5a72440457a97db1b822ad5f654 a9b60b7a466b48e2b909e6c895221a61 - - 3934fa3f24dd44ae9602c404a4208d70 3934fa3f24dd44ae9602c404a4208d70] 199.204.45.140 "GET /v2.0/ports?device_id=95020166-62be-4806-b2cb-7eb4af2c1de9 HTTP/1.1" status: 200 len: 1415 time: 0.0563226
2026-05-30 10:57:25.703 9 INFO neutron.wsgi [req-1be7c661-81d8-43aa-98f8-f9e442eda009 req-7c3ad233-62e6-4c65-8d9f-6fb615236832 311de5a72440457a97db1b822ad5f654 a9b60b7a466b48e2b909e6c895221a61 - - 3934fa3f24dd44ae9602c404a4208d70 3934fa3f24dd44ae9602c404a4208d70] 199.204.45.140 "GET /v2.0/ports?network_id=4ed9c3d7-8d40-492e-bb1f-ca0a168f876a&device_owner=network%3Adhcp HTTP/1.1" status: 200 len: 210 time: 0.0239885
2026-05-30 10:57:25.769 10 INFO neutron.wsgi [req-3d1de0ff-7b85-42df-8915-1a07ef82ff83 req-79318370-0ce7-4d45-b483-bfd779bbc3d6 311de5a72440457a97db1b822ad5f654 a9b60b7a466b48e2b909e6c895221a61 - - 3934fa3f24dd44ae9602c404a4208d70 3934fa3f24dd44ae9602c404a4208d70] 199.204.45.140 "GET /v2.0/security-groups?id=ba6592d4-e2b9-4809-8b0f-9b002e2cb351&fields=id&fields=name HTTP/1.1" status: 200 len: 294 time: 0.0610473
2026-05-30 10:57:25.773 9 INFO neutron.wsgi [req-507ac95b-38ef-4ba5-8c7e-d22c019dd2d8 req-e0cc86a0-6431-4b83-81cc-b7af6b26e688 7d1fa76f769d41bea9c493f5ff0299ba 3b6c1c854c744b89b26af38715383b1d - - default default] 10.0.0.128 "GET /v2.0/ports?device_id=95020166-62be-4806-b2cb-7eb4af2c1de9 HTTP/1.1" status: 200 len: 1415 time: 0.0534990
