2026-05-30 10:58:49.093 9 INFO neutron.db.ovn_revision_numbers_db [None req-e69b7bae-9fde-4e91-993b-5aa1341f07fe eb70730eb95c46789cee3e01558c910a 4ef2b1f4331341d291ffb1ab8d191f6e - - default default] Successfully bumped revision number for resource cfc1aed8-c65b-4c91-afb6-d1eafe5e65ce (type: security_group_rules) to 0
2026-05-30 10:58:49.151 9 INFO neutron.db.segments_db [None req-e69b7bae-9fde-4e91-993b-5aa1341f07fe eb70730eb95c46789cee3e01558c910a 4ef2b1f4331341d291ffb1ab8d191f6e - - default default] Added segment c63ff386-a6dc-4600-a7aa-dc93316a46b3 of type geneve for network bdd27f1b-05d2-4a94-a9cc-125908c8a9d6
2026-05-30 10:58:49.314 9 INFO neutron.db.ovn_revision_numbers_db [None req-e69b7bae-9fde-4e91-993b-5aa1341f07fe eb70730eb95c46789cee3e01558c910a 4ef2b1f4331341d291ffb1ab8d191f6e - - default default] Successfully bumped revision number for resource bdd27f1b-05d2-4a94-a9cc-125908c8a9d6 (type: networks) to 1
2026-05-30 10:58:49.526 9 WARNING neutron.scheduler.dhcp_agent_scheduler [None req-e69b7bae-9fde-4e91-993b-5aa1341f07fe eb70730eb95c46789cee3e01558c910a 4ef2b1f4331341d291ffb1ab8d191f6e - - default default] No more DHCP agents
2026-05-30 10:58:49.527 9 WARNING neutron.api.rpc.agentnotifiers.dhcp_rpc_agent_api [None req-e69b7bae-9fde-4e91-993b-5aa1341f07fe eb70730eb95c46789cee3e01558c910a 4ef2b1f4331341d291ffb1ab8d191f6e - - default default] Unable to schedule network bdd27f1b-05d2-4a94-a9cc-125908c8a9d6: no agents available; will retry on subsequent port and subnet creation events.
2026-05-30 10:58:49.545 10 INFO neutron.db.ovn_revision_numbers_db [req-e9193306-89f1-4476-9682-55c6f6b72e61 req-6c6638a8-a807-43d1-a36d-d905e2d13b2e 311de5a72440457a97db1b822ad5f654 a9b60b7a466b48e2b909e6c895221a61 - - 3934fa3f24dd44ae9602c404a4208d70 3934fa3f24dd44ae9602c404a4208d70] Successfully bumped revision number for resource 3c43ca20-5e41-4d1f-a196-39b57d1e590b (type: ports) to 2
2026-05-30 10:58:49.617 9 INFO neutron.db.ovn_revision_numbers_db [None req-e69b7bae-9fde-4e91-993b-5aa1341f07fe eb70730eb95c46789cee3e01558c910a 4ef2b1f4331341d291ffb1ab8d191f6e - - default default] Successfully bumped revision number for resource 4e3ad44c-e00e-47eb-b92d-f8ac301488e3 (type: ports) to 1
2026-05-30 10:58:49.641 9 INFO neutron.wsgi [None req-e69b7bae-9fde-4e91-993b-5aa1341f07fe eb70730eb95c46789cee3e01558c910a 4ef2b1f4331341d291ffb1ab8d191f6e - - default default] 10.0.0.53 "POST /v2.0/networks HTTP/1.1" status: 201 len: 831 time: 0.9671953 /var/lib/openstack/lib/python3.10/site-packages/pycadf/identifier.py:71: UserWarning: Invalid uuid: neutron. To ensure interoperability, identifiers should be a valid uuid. warnings.warn(('Invalid uuid: %s. To ensure interoperability, '
2026-05-30 10:58:49.651 10 WARNING neutron_lib.context [None req-78dbd792-ac1d-4bf2-8e33-ef7161f32abe eb70730eb95c46789cee3e01558c910a 4ef2b1f4331341d291ffb1ab8d191f6e - - default default] Method 'is_advsvc' is deprecated since 2023.2 release (neutron-lib 3.8.0) and will be removed once support for the old RBAC API policies will be removed from Neutron. Please use method 'is_service_role' instead.
2026-05-30 10:58:49.777 10 INFO neutron.db.segments_db [None req-78dbd792-ac1d-4bf2-8e33-ef7161f32abe eb70730eb95c46789cee3e01558c910a 4ef2b1f4331341d291ffb1ab8d191f6e - - default default] Added segment 766cde32-1f68-4743-a553-2fc5d5f17a8d of type geneve for network 83213984-210d-44c4-9225-c7897530c995
2026-05-30 10:58:49.858 10 INFO neutron.db.ovn_revision_numbers_db [req-e9193306-89f1-4476-9682-55c6f6b72e61 req-6c6638a8-a807-43d1-a36d-d905e2d13b2e 311de5a72440457a97db1b822ad5f654 a9b60b7a466b48e2b909e6c895221a61 - - 3934fa3f24dd44ae9602c404a4208d70 3934fa3f24dd44ae9602c404a4208d70] Successfully bumped revision number for resource 3c43ca20-5e41-4d1f-a196-39b57d1e590b (type: ports) to 2
2026-05-30 10:58:49.902 10 INFO neutron.wsgi [req-e9193306-89f1-4476-9682-55c6f6b72e61 req-6c6638a8-a807-43d1-a36d-d905e2d13b2e 311de5a72440457a97db1b822ad5f654 a9b60b7a466b48e2b909e6c895221a61 - - 3934fa3f24dd44ae9602c404a4208d70 3934fa3f24dd44ae9602c404a4208d70] 199.204.45.140 "PUT /v2.0/ports/3c43ca20-5e41-4d1f-a196-39b57d1e590b HTTP/1.1" status: 200 len: 1605 time: 0.8644073 /var/lib/openstack/lib/python3.10/site-packages/pycadf/identifier.py:71: UserWarning: Invalid uuid: neutron. To ensure interoperability, identifiers should be a valid uuid. warnings.warn(('Invalid uuid: %s. To ensure interoperability, '
2026-05-30 10:58:49.952 10 INFO neutron.notifiers.nova [-] Nova event matching ['req-6197c147-8348-4a2d-9d31-c3796787202d'] response: {'name': 'network-changed', 'server_uuid': '95020166-62be-4806-b2cb-7eb4af2c1de9', 'tag': '3c43ca20-5e41-4d1f-a196-39b57d1e590b', 'status': 'completed', 'code': 200}
2026-05-30 10:58:49.981 10 INFO neutron.db.ovn_revision_numbers_db [None req-78dbd792-ac1d-4bf2-8e33-ef7161f32abe eb70730eb95c46789cee3e01558c910a 4ef2b1f4331341d291ffb1ab8d191f6e - - default default] Successfully bumped revision number for resource 83213984-210d-44c4-9225-c7897530c995 (type: networks) to 1
2026-05-30 10:58:50.025 10 INFO neutron.wsgi [req-e9193306-89f1-4476-9682-55c6f6b72e61 req-1b0394d7-b818-4bb7-9756-076571beea18 311de5a72440457a97db1b822ad5f654 a9b60b7a466b48e2b909e6c895221a61 - - 3934fa3f24dd44ae9602c404a4208d70 3934fa3f24dd44ae9602c404a4208d70] 199.204.45.140 "GET /v2.0/ports?tenant_id=3b6c1c854c744b89b26af38715383b1d&device_id=95020166-62be-4806-b2cb-7eb4af2c1de9 HTTP/1.1" status: 200 len: 5347 time: 0.0825722
2026-05-30 10:58:50.066 10 INFO neutron.wsgi [req-e9193306-89f1-4476-9682-55c6f6b72e61 req-cf63ef39-5d37-49eb-a187-448a3b39b9aa 311de5a72440457a97db1b822ad5f654 a9b60b7a466b48e2b909e6c895221a61 - - 3934fa3f24dd44ae9602c404a4208d70 3934fa3f24dd44ae9602c404a4208d70] 199.204.45.140 "GET /v2.0/floatingips?fixed_ip_address=172.24.0.122&port_id=45127b1f-e7c6-42d8-84e0-4f8a7cb8d89c HTTP/1.1" status: 200 len: 217 time: 0.0334370
2026-05-30 10:58:50.130 10 INFO neutron.wsgi [req-e9193306-89f1-4476-9682-55c6f6b72e61 req-84297932-5e67-4d71-a973-57d4a965bf7c 311de5a72440457a97db1b822ad5f654 a9b60b7a466b48e2b909e6c895221a61 - - 3934fa3f24dd44ae9602c404a4208d70 3934fa3f24dd44ae9602c404a4208d70] 199.204.45.140 "GET /v2.0/subnets?id=8ca1687d-89b2-4911-b5be-d729f201b1f7 HTTP/1.1" status: 200 len: 829 time: 0.0586989
2026-05-30 10:58:50.174 10 INFO neutron.wsgi [req-e9193306-89f1-4476-9682-55c6f6b72e61 req-c08e49f7-1440-4295-8f68-62e97345ce4c 311de5a72440457a97db1b822ad5f654 a9b60b7a466b48e2b909e6c895221a61 - - 3934fa3f24dd44ae9602c404a4208d70 3934fa3f24dd44ae9602c404a4208d70] 199.204.45.140 "GET /v2.0/ports?network_id=4ed9c3d7-8d40-492e-bb1f-ca0a168f876a&device_owner=network%3Adhcp HTTP/1.1" status: 200 len: 210 time: 0.0338912
2026-05-30 10:58:50.254 10 INFO neutron.wsgi [req-e9193306-89f1-4476-9682-55c6f6b72e61 req-a3928ee5-eaae-4113-9020-22bae07a0a42 311de5a72440457a97db1b822ad5f654 a9b60b7a466b48e2b909e6c895221a61 - - 3934fa3f24dd44ae9602c404a4208d70 3934fa3f24dd44ae9602c404a4208d70] 199.204.45.140 "GET /v2.0/networks/4ed9c3d7-8d40-492e-bb1f-ca0a168f876a?fields=segments HTTP/1.1" status: 200 len: 212 time: 0.0729594
2026-05-30 10:58:50.262 10 WARNING neutron.scheduler.dhcp_agent_scheduler [None req-78dbd792-ac1d-4bf2-8e33-ef7161f32abe eb70730eb95c46789cee3e01558c910a 4ef2b1f4331341d291ffb1ab8d191f6e - - default default] No more DHCP agents
2026-05-30 10:58:50.265 10 WARNING neutron.api.rpc.agentnotifiers.dhcp_rpc_agent_api [None req-78dbd792-ac1d-4bf2-8e33-ef7161f32abe eb70730eb95c46789cee3e01558c910a 4ef2b1f4331341d291ffb1ab8d191f6e - - default default] Unable to schedule network 83213984-210d-44c4-9225-c7897530c995: no agents available; will retry on subsequent port and subnet creation events.
2026-05-30 10:58:50.364 10 INFO neutron.wsgi [req-e9193306-89f1-4476-9682-55c6f6b72e61 req-8cae34ca-256b-4c0c-8277-5ad61b3bc699 311de5a72440457a97db1b822ad5f654 a9b60b7a466b48e2b909e6c895221a61 - - 3934fa3f24dd44ae9602c404a4208d70 3934fa3f24dd44ae9602c404a4208d70] 199.204.45.140 "GET /v2.0/networks/4ed9c3d7-8d40-492e-bb1f-ca0a168f876a?fields=provider%3Aphysical_network&fields=provider%3Anetwork_type HTTP/1.1" status: 200 len: 277 time: 0.0998697
2026-05-30 10:58:50.393 10 INFO neutron.wsgi [req-e9193306-89f1-4476-9682-55c6f6b72e61 req-de074702-30ea-4d07-8248-fda4bb982f16 311de5a72440457a97db1b822ad5f654 a9b60b7a466b48e2b909e6c895221a61 - - 3934fa3f24dd44ae9602c404a4208d70 3934fa3f24dd44ae9602c404a4208d70] 199.204.45.140 "GET /v2.0/floatingips?fixed_ip_address=10.1.1.95&port_id=e7e5c952-6b42-4858-bd18-a49e55852b67 HTTP/1.1" status: 200 len: 217 time: 0.0224602
2026-05-30 10:58:50.393 10 INFO neutron.db.ovn_revision_numbers_db [None req-78dbd792-ac1d-4bf2-8e33-ef7161f32abe eb70730eb95c46789cee3e01558c910a 4ef2b1f4331341d291ffb1ab8d191f6e - - default default] Successfully bumped revision number for resource fc80d35a-0ae4-45c9-9b4d-8d2ac9d1869b (type: ports) to 1
2026-05-30 10:58:50.423 10 INFO neutron.wsgi [None req-78dbd792-ac1d-4bf2-8e33-ef7161f32abe eb70730eb95c46789cee3e01558c910a 4ef2b1f4331341d291ffb1ab8d191f6e - - default default] 10.0.0.53 "POST /v2.0/networks HTTP/1.1" status: 201 len: 831 time: 0.7790666
2026-05-30 10:58:50.431 10 INFO neutron.wsgi [req-e9193306-89f1-4476-9682-55c6f6b72e61 req-8b11f343-0042-42ad-8219-79111dcf45c3 311de5a72440457a97db1b822ad5f654 a9b60b7a466b48e2b909e6c895221a61 - - 3934fa3f24dd44ae9602c404a4208d70 3934fa3f24dd44ae9602c404a4208d70] 199.204.45.140 "GET /v2.0/subnets?id=e84f5f19-78cf-41e6-990d-65622e0ccb5c HTTP/1.1" status: 200 len: 854 time: 0.0332918
2026-05-30 10:58:50.464 10 INFO neutron.wsgi [req-e9193306-89f1-4476-9682-55c6f6b72e61 req-931d2dce-b675-4202-b2c8-3f06c00116ea 311de5a72440457a97db1b822ad5f654 a9b60b7a466b48e2b909e6c895221a61 - - 3934fa3f24dd44ae9602c404a4208d70 3934fa3f24dd44ae9602c404a4208d70] 199.204.45.140 "GET /v2.0/ports?network_id=6d5ba96b-5f39-4256-b1dd-a1bb61099614&device_owner=network%3Adhcp HTTP/1.1" status: 200 len: 210 time: 0.0247819
2026-05-30 10:58:50.502 9 INFO neutron.wsgi [None req-81a0987b-08ee-4518-85e9-7b73dba3cc2e eb70730eb95c46789cee3e01558c910a 4ef2b1f4331341d291ffb1ab8d191f6e - - default default] 10.0.0.53 "PUT /v2.0/networks/bdd27f1b-05d2-4a94-a9cc-125908c8a9d6/tags HTTP/1.1" status: 200 len: 218 time: 0.0720308
2026-05-30 10:58:50.558 10 INFO neutron.wsgi [req-e9193306-89f1-4476-9682-55c6f6b72e61 req-32675871-c938-4b9b-9f49-25434221fcab 311de5a72440457a97db1b822ad5f654 a9b60b7a466b48e2b909e6c895221a61 - - 3934fa3f24dd44ae9602c404a4208d70 3934fa3f24dd44ae9602c404a4208d70] 199.204.45.140 "GET /v2.0/networks/6d5ba96b-5f39-4256-b1dd-a1bb61099614?fields=segments HTTP/1.1" status: 200 len: 212 time: 0.0874093
2026-05-30 10:58:50.567 10 INFO neutron.wsgi [None req-a899a150-59e3-4e48-8435-987ab97bc364 eb70730eb95c46789cee3e01558c910a 4ef2b1f4331341d291ffb1ab8d191f6e - - default default] 10.0.0.53 "GET /v2.0/networks/bdd27f1b-05d2-4a94-a9cc-125908c8a9d6/tags HTTP/1.1" status: 200 len: 218 time: 0.0610328
2026-05-30 10:58:50.631 10 INFO neutron.wsgi [req-e9193306-89f1-4476-9682-55c6f6b72e61 req-6daa8c55-b2d5-4aba-bc0c-373f7b86fb17 311de5a72440457a97db1b822ad5f654 a9b60b7a466b48e2b909e6c895221a61 - - 3934fa3f24dd44ae9602c404a4208d70 3934fa3f24dd44ae9602c404a4208d70] 199.204.45.140 "GET /v2.0/networks/6d5ba96b-5f39-4256-b1dd-a1bb61099614?fields=provider%3Aphysical_network&fields=provider%3Anetwork_type HTTP/1.1" status: 200 len: 277 time: 0.0616145
2026-05-30 10:58:50.637 9 INFO neutron.wsgi [None req-58fc751d-c9a8-4d3b-99f1-f65af0285620 eb70730eb95c46789cee3e01558c910a 4ef2b1f4331341d291ffb1ab8d191f6e - - default default] 10.0.0.53 "PUT /v2.0/networks/83213984-210d-44c4-9225-c7897530c995/tags HTTP/1.1" status: 200 len: 210 time: 0.0650239
2026-05-30 10:58:50.683 10 INFO neutron.wsgi [req-e9193306-89f1-4476-9682-55c6f6b72e61 req-4d970dbf-a393-458c-a2c5-d6e5c5499161 311de5a72440457a97db1b822ad5f654 a9b60b7a466b48e2b909e6c895221a61 - - 3934fa3f24dd44ae9602c404a4208d70 3934fa3f24dd44ae9602c404a4208d70] 199.204.45.140 "GET /v2.0/floatingips?fixed_ip_address=10.2.1.111&port_id=7fd2abc8-a4f0-41e3-9143-ff06fd6917f6 HTTP/1.1" status: 200 len: 217 time: 0.0373635
2026-05-30 10:58:50.691 9 INFO neutron.wsgi [None req-fb040658-649c-450e-9dbf-8179d77ac795 eb70730eb95c46789cee3e01558c910a 4ef2b1f4331341d291ffb1ab8d191f6e - - default default] 10.0.0.53 "GET /v2.0/networks/83213984-210d-44c4-9225-c7897530c995/tags HTTP/1.1" status: 200 len: 210 time: 0.0485418
2026-05-30 10:58:50.760 10 INFO neutron.wsgi [req-e9193306-89f1-4476-9682-55c6f6b72e61 req-8c456df2-5462-4c90-8bc8-cdc4fd61fa8f 311de5a72440457a97db1b822ad5f654 a9b60b7a466b48e2b909e6c895221a61 - - 3934fa3f24dd44ae9602c404a4208d70 3934fa3f24dd44ae9602c404a4208d70] 199.204.45.140 "GET /v2.0/subnets?id=dbbb209e-71b1-43f7-94f8-71d16180946c HTTP/1.1" status: 200 len: 851 time: 0.0549197
2026-05-30 10:58:50.772 10 INFO neutron.wsgi [None req-f16f0f68-21b1-4c88-a636-2e298bc3fe82 eb70730eb95c46789cee3e01558c910a 4ef2b1f4331341d291ffb1ab8d191f6e - - default default] 10.0.0.53 "PUT /v2.0/networks/83213984-210d-44c4-9225-c7897530c995/tags HTTP/1.1" status: 200 len: 205 time: 0.0762234
2026-05-30 10:58:50.794 10 INFO neutron.wsgi [req-e9193306-89f1-4476-9682-55c6f6b72e61 req-524ad924-bd50-460c-b8de-812e34c8b4e4 311de5a72440457a97db1b822ad5f654 a9b60b7a466b48e2b909e6c895221a61 - - 3934fa3f24dd44ae9602c404a4208d70 3934fa3f24dd44ae9602c404a4208d70] 199.204.45.140 "GET /v2.0/ports?network_id=a48facf1-b00c-4137-a122-356036cf8c82&device_owner=network%3Adhcp HTTP/1.1" status: 200 len: 210 time: 0.0262403
2026-05-30 10:58:50.842 9 INFO neutron.wsgi [None req-a8c8da62-bf8e-4d2f-9877-426d770d73ae eb70730eb95c46789cee3e01558c910a 4ef2b1f4331341d291ffb1ab8d191f6e - - default default] 10.0.0.53 "GET /v2.0/networks/83213984-210d-44c4-9225-c7897530c995/tags HTTP/1.1" status: 200 len: 205 time: 0.0643721
2026-05-30 10:58:50.887 10 INFO neutron.wsgi [req-e9193306-89f1-4476-9682-55c6f6b72e61 req-721a0689-1992-4654-a31b-3396115c9378 311de5a72440457a97db1b822ad5f654 a9b60b7a466b48e2b909e6c895221a61 - - 3934fa3f24dd44ae9602c404a4208d70 3934fa3f24dd44ae9602c404a4208d70] 199.204.45.140 "GET /v2.0/networks/a48facf1-b00c-4137-a122-356036cf8c82?fields=segments HTTP/1.1" status: 200 len: 212 time: 0.0648797
2026-05-30 10:58:50.889 9 INFO neutron.wsgi [None req-e0e87925-a18d-4a3a-b14f-a94391b39dd1 eb70730eb95c46789cee3e01558c910a 4ef2b1f4331341d291ffb1ab8d191f6e - - default default] 10.0.0.53 "GET /v2.0/networks/bdd27f1b-05d2-4a94-a9cc-125908c8a9d6/tags HTTP/1.1" status: 200 len: 218 time: 0.0411015
2026-05-30 10:58:50.968 10 INFO neutron.wsgi [req-e9193306-89f1-4476-9682-55c6f6b72e61 req-0767001a-2bd1-4750-92d1-0b27ef362eb2 311de5a72440457a97db1b822ad5f654 a9b60b7a466b48e2b909e6c895221a61 - - 3934fa3f24dd44ae9602c404a4208d70 3934fa3f24dd44ae9602c404a4208d70] 199.204.45.140 "GET /v2.0/networks/a48facf1-b00c-4137-a122-356036cf8c82?fields=provider%3Aphysical_network&fields=provider%3Anetwork_type HTTP/1.1" status: 200 len: 277 time: 0.0710042
2026-05-30 10:58:51.008 10 INFO neutron.wsgi [req-e9193306-89f1-4476-9682-55c6f6b72e61 req-268b80a5-3f85-484a-8118-282d8d26c58f 311de5a72440457a97db1b822ad5f654 a9b60b7a466b48e2b909e6c895221a61 - - 3934fa3f24dd44ae9602c404a4208d70 3934fa3f24dd44ae9602c404a4208d70] 199.204.45.140 "GET /v2.0/floatingips?fixed_ip_address=10.2.2.86&port_id=3c43ca20-5e41-4d1f-a196-39b57d1e590b HTTP/1.1" status: 200 len: 217 time: 0.0335152
2026-05-30 10:58:51.039 10 INFO neutron.wsgi [req-e9193306-89f1-4476-9682-55c6f6b72e61 req-60955985-d77e-4e6a-8808-b65e9e8e80b5 311de5a72440457a97db1b822ad5f654 a9b60b7a466b48e2b909e6c895221a61 - - 3934fa3f24dd44ae9602c404a4208d70 3934fa3f24dd44ae9602c404a4208d70] 199.204.45.140 "GET /v2.0/floatingips?fixed_ip_address=fd77%3A1457%3A4cf0%3A26a8%3A%3A36d&port_id=3c43ca20-5e41-4d1f-a196-39b57d1e590b HTTP/1.1" status: 200 len: 217 time: 0.0249014
2026-05-30 10:58:51.090 10 INFO neutron.wsgi [req-e9193306-89f1-4476-9682-55c6f6b72e61 req-656b8281-5df8-4950-8b79-65cb16f480bc 311de5a72440457a97db1b822ad5f654 a9b60b7a466b48e2b909e6c895221a61 - - 3934fa3f24dd44ae9602c404a4208d70 3934fa3f24dd44ae9602c404a4208d70] 199.204.45.140 "GET /v2.0/subnets?id=c4db3555-540c-499e-bd8d-5f0498a3b52e&id=e8b53fc4-fa1e-4b95-82e6-6dc389eba123 HTTP/1.1" status: 200 len: 1566 time: 0.0435832
2026-05-30 10:58:51.119 10 INFO neutron.wsgi [req-e9193306-89f1-4476-9682-55c6f6b72e61 req-a2a0904e-9633-4224-9b12-bf553a6630fc 311de5a72440457a97db1b822ad5f654 a9b60b7a466b48e2b909e6c895221a61 - - 3934fa3f24dd44ae9602c404a4208d70 3934fa3f24dd44ae9602c404a4208d70] 199.204.45.140 "GET /v2.0/ports?network_id=c500173e-703c-41e7-aaa0-34dc54dfccc9&device_owner=network%3Adhcp HTTP/1.1" status: 200 len: 210 time: 0.0241516
2026-05-30 10:58:51.149 10 INFO neutron.wsgi [req-e9193306-89f1-4476-9682-55c6f6b72e61 req-237a68de-8ab5-4de2-9ab9-32afd2282ef8 311de5a72440457a97db1b822ad5f654 a9b60b7a466b48e2b909e6c895221a61 - - 3934fa3f24dd44ae9602c404a4208d70 3934fa3f24dd44ae9602c404a4208d70] 199.204.45.140 "GET /v2.0/ports?network_id=c500173e-703c-41e7-aaa0-34dc54dfccc9&device_owner=network%3Adhcp HTTP/1.1" status: 200 len: 210 time: 0.0246568
2026-05-30 10:58:51.221 10 INFO neutron.wsgi [req-e9193306-89f1-4476-9682-55c6f6b72e61 req-20286491-4092-4843-9436-73d7d79bfd91 311de5a72440457a97db1b822ad5f654 a9b60b7a466b48e2b909e6c895221a61 - - 3934fa3f24dd44ae9602c404a4208d70 3934fa3f24dd44ae9602c404a4208d70] 199.204.45.140 "GET /v2.0/networks/c500173e-703c-41e7-aaa0-34dc54dfccc9?fields=segments HTTP/1.1" status: 200 len: 212 time: 0.0673485
2026-05-30 10:58:51.290 10 INFO neutron.wsgi [req-e9193306-89f1-4476-9682-55c6f6b72e61 req-975b6dab-04b8-403f-991c-d59a412163e3 311de5a72440457a97db1b822ad5f654 a9b60b7a466b48e2b909e6c895221a61 - - 3934fa3f24dd44ae9602c404a4208d70 3934fa3f24dd44ae9602c404a4208d70] 199.204.45.140 "GET /v2.0/networks/c500173e-703c-41e7-aaa0-34dc54dfccc9?fields=provider%3Aphysical_network&fields=provider%3Anetwork_type HTTP/1.1" status: 200 len: 277 time: 0.0633352
2026-05-30 10:58:51.307 9 INFO neutron.services.segments.plugin [-] Segment c63ff386-a6dc-4600-a7aa-dc93316a46b3 resource provider aggregate not found
2026-05-30 10:58:51.316 9 INFO neutron.services.segments.plugin [-] Segment c63ff386-a6dc-4600-a7aa-dc93316a46b3 resource provider aggregate not found
2026-05-30 10:58:51.326 9 INFO neutron.services.segments.plugin [-] Segment c63ff386-a6dc-4600-a7aa-dc93316a46b3 resource provider not found; error: Placement Client Error (4xx): {"errors": [{"status": 404, "title": "Not Found", "detail": "The resource could not be found.\n\n No resource provider with uuid c63ff386-a6dc-4600-a7aa-dc93316a46b3 found for delete ", "request_id": "req-96840aae-c58b-4e83-a016-ac70d858a5db"}]}
2026-05-30 10:58:51.331 9 INFO neutron.services.segments.plugin [-] Segment c63ff386-a6dc-4600-a7aa-dc93316a46b3 resource provider not found; error: Placement Client Error (4xx): {"errors": [{"status": 404, "title": "Not Found", "detail": "The resource could not be found.\n\n No resource provider with uuid c63ff386-a6dc-4600-a7aa-dc93316a46b3 found for delete ", "request_id": "req-6cbca5db-3aec-4e66-8a60-824528b0ee6b"}]}
2026-05-30 10:58:51.355 9 INFO neutron.wsgi [None req-f8266b92-9eb9-481e-b3bb-dffb1d165668 eb70730eb95c46789cee3e01558c910a 4ef2b1f4331341d291ffb1ab8d191f6e - - default default] 10.0.0.53 "DELETE /v2.0/networks/bdd27f1b-05d2-4a94-a9cc-125908c8a9d6 HTTP/1.1" status: 204 len: 168 time: 0.4513125
2026-05-30 10:58:51.412 9 INFO neutron.plugins.ml2.drivers.ovn.mech_driver.mech_driver [None req-48d70b58-30ac-4872-969f-fd49bcde0830 - - - - - -] OVN reports status up for port: 3c43ca20-5e41-4d1f-a196-39b57d1e590b
2026-05-30 10:58:51.430 9 INFO neutron.plugins.ml2.plugin [None req-48d70b58-30ac-4872-969f-fd49bcde0830 - - - - - -] Attempt 1 to provision port 3c43ca20-5e41-4d1f-a196-39b57d1e590b
2026-05-30 10:58:51.437 10 INFO neutron.wsgi [req-c9412ed7-3c9b-4f8d-92ff-2cae008b76dd req-c43d935f-9b5c-493c-9718-159d5519d6e2 311de5a72440457a97db1b822ad5f654 a9b60b7a466b48e2b909e6c895221a61 - - 3934fa3f24dd44ae9602c404a4208d70 3934fa3f24dd44ae9602c404a4208d70] 199.204.45.140 "GET /v2.0/ports?tenant_id=3b6c1c854c744b89b26af38715383b1d&device_id=95020166-62be-4806-b2cb-7eb4af2c1de9 HTTP/1.1" status: 200 len: 5347 time: 0.0951688
2026-05-30 10:58:51.539 10 INFO neutron.wsgi [req-c9412ed7-3c9b-4f8d-92ff-2cae008b76dd req-3473f845-1103-4bc0-bef8-94fa0f066d2f 311de5a72440457a97db1b822ad5f654 a9b60b7a466b48e2b909e6c895221a61 - - 3934fa3f24dd44ae9602c404a4208d70 3934fa3f24dd44ae9602c404a4208d70] 199.204.45.140 "GET /v2.0/networks?id=c500173e-703c-41e7-aaa0-34dc54dfccc9 HTTP/1.1" status: 200 len: 1002 time: 0.0926974
2026-05-30 10:58:51.579 10 INFO neutron.wsgi [req-c9412ed7-3c9b-4f8d-92ff-2cae008b76dd req-10f4b125-3460-4abe-86d7-8db4aacfcce4 311de5a72440457a97db1b822ad5f654 a9b60b7a466b48e2b909e6c895221a61 - - 3934fa3f24dd44ae9602c404a4208d70 3934fa3f24dd44ae9602c404a4208d70] 199.204.45.140 "GET /v2.0/floatingips?fixed_ip_address=10.2.2.86&port_id=3c43ca20-5e41-4d1f-a196-39b57d1e590b HTTP/1.1" status: 200 len: 217 time: 0.0327220
2026-05-30 10:58:51.616 10 INFO neutron.wsgi [req-c9412ed7-3c9b-4f8d-92ff-2cae008b76dd req-9e97eaaa-b403-4368-befb-0a89dba6667a 311de5a72440457a97db1b822ad5f654 a9b60b7a466b48e2b909e6c895221a61 - - 3934fa3f24dd44ae9602c404a4208d70 3934fa3f24dd44ae9602c404a4208d70] 199.204.45.140 "GET /v2.0/floatingips?fixed_ip_address=fd77%3A1457%3A4cf0%3A26a8%3A%3A36d&port_id=3c43ca20-5e41-4d1f-a196-39b57d1e590b HTTP/1.1" status: 200 len: 217 time: 0.0305758
2026-05-30 10:58:51.621 9 INFO neutron.notifiers.nova [-] Nova event matching ['req-da283036-3c35-4a30-9e42-9dd3f8315a17'] response: {'server_uuid': '95020166-62be-4806-b2cb-7eb4af2c1de9', 'name': 'network-vif-plugged', 'status': 'completed', 'tag': '3c43ca20-5e41-4d1f-a196-39b57d1e590b', 'code': 200}
2026-05-30 10:58:51.676 10 INFO neutron.wsgi [req-e9193306-89f1-4476-9682-55c6f6b72e61 req-f2c0c848-2967-4955-bb67-559518afa392 7d1fa76f769d41bea9c493f5ff0299ba 3b6c1c854c744b89b26af38715383b1d - - default default] 10.0.0.128 "GET /v2.0/ports/3c43ca20-5e41-4d1f-a196-39b57d1e590b HTTP/1.1" status: 200 len: 1635 time: 0.0684524
2026-05-30 10:58:51.688 10 INFO neutron.wsgi [req-c9412ed7-3c9b-4f8d-92ff-2cae008b76dd req-cf39e774-a692-42f6-b649-60fcc1fee348 311de5a72440457a97db1b822ad5f654 a9b60b7a466b48e2b909e6c895221a61 - - 3934fa3f24dd44ae9602c404a4208d70 3934fa3f24dd44ae9602c404a4208d70] 199.204.45.140 "GET /v2.0/subnets?id=c4db3555-540c-499e-bd8d-5f0498a3b52e&id=e8b53fc4-fa1e-4b95-82e6-6dc389eba123 HTTP/1.1" status: 200 len: 1566 time: 0.0549793
2026-05-30 10:58:51.717 10 INFO neutron.wsgi [req-c9412ed7-3c9b-4f8d-92ff-2cae008b76dd req-8548816a-5e2d-40ac-b7a1-a191308c3e27 311de5a72440457a97db1b822ad5f654 a9b60b7a466b48e2b909e6c895221a61 - - 3934fa3f24dd44ae9602c404a4208d70 3934fa3f24dd44ae9602c404a4208d70] 199.204.45.140 "GET /v2.0/ports?network_id=c500173e-703c-41e7-aaa0-34dc54dfccc9&device_owner=network%3Adhcp HTTP/1.1" status: 200 len: 210 time: 0.0242975
2026-05-30 10:58:51.740 9 INFO neutron.wsgi [None req-0b0a9b86-7431-44fa-a854-9c2aaecd2838 7d1fa76f769d41bea9c493f5ff0299ba 3b6c1c854c744b89b26af38715383b1d - - default default] 199.204.45.140 "GET /v2.0/ports/3c43ca20-5e41-4d1f-a196-39b57d1e590b HTTP/1.1" status: 200 len: 1635 time: 0.0506618
2026-05-30 10:58:51.750 10 INFO neutron.wsgi [req-c9412ed7-3c9b-4f8d-92ff-2cae008b76dd req-fbe47a9e-e473-4342-8f36-affa0d92447b 311de5a72440457a97db1b822ad5f654 a9b60b7a466b48e2b909e6c895221a61 - - 3934fa3f24dd44ae9602c404a4208d70 3934fa3f24dd44ae9602c404a4208d70] 199.204.45.140 "GET /v2.0/ports?network_id=c500173e-703c-41e7-aaa0-34dc54dfccc9&device_owner=network%3Adhcp HTTP/1.1" status: 200 len: 210 time: 0.0209236
2026-05-30 10:58:51.795 9 INFO neutron.wsgi [None req-5e7b4429-fe5e-49cc-a740-ed78724ba875 7d1fa76f769d41bea9c493f5ff0299ba 3b6c1c854c744b89b26af38715383b1d - - default default] 199.204.45.140 "GET /v2.0/ports/3c43ca20-5e41-4d1f-a196-39b57d1e590b HTTP/1.1" status: 200 len: 1635 time: 0.0479283
2026-05-30 10:58:51.834 9 INFO neutron.db.ovn_revision_numbers_db [None req-48d70b58-30ac-4872-969f-fd49bcde0830 - - - - - -] Successfully bumped revision number for resource 3c43ca20-5e41-4d1f-a196-39b57d1e590b (type: ports) to 4
2026-05-30 10:58:52.051 10 INFO neutron.wsgi [req-c9412ed7-3c9b-4f8d-92ff-2cae008b76dd req-6e0ac1a6-c29e-451f-a767-2b3e5a4a43d6 311de5a72440457a97db1b822ad5f654 a9b60b7a466b48e2b909e6c895221a61 - - 3934fa3f24dd44ae9602c404a4208d70 3934fa3f24dd44ae9602c404a4208d70] 199.204.45.140 "GET /v2.0/networks/c500173e-703c-41e7-aaa0-34dc54dfccc9?fields=segments HTTP/1.1" status: 200 len: 212 time: 0.2956784
2026-05-30 10:58:52.137 10 INFO neutron.wsgi [req-c9412ed7-3c9b-4f8d-92ff-2cae008b76dd req-cf13289a-de86-4802-b2de-09208a9727d7 311de5a72440457a97db1b822ad5f654 a9b60b7a466b48e2b909e6c895221a61 - - 3934fa3f24dd44ae9602c404a4208d70 3934fa3f24dd44ae9602c404a4208d70] 199.204.45.140 "GET /v2.0/networks/c500173e-703c-41e7-aaa0-34dc54dfccc9?fields=provider%3Aphysical_network&fields=provider%3Anetwork_type HTTP/1.1" status: 200 len: 277 time: 0.0803285
2026-05-30 10:58:52.186 10 INFO neutron.services.segments.plugin [-] Segment 766cde32-1f68-4743-a553-2fc5d5f17a8d resource provider aggregate not found
2026-05-30 10:58:52.190 10 INFO neutron.services.segments.plugin [-] Segment 766cde32-1f68-4743-a553-2fc5d5f17a8d resource provider aggregate not found
2026-05-30 10:58:52.202 10 INFO neutron.services.segments.plugin [-] Segment 766cde32-1f68-4743-a553-2fc5d5f17a8d resource provider not found; error: Placement Client Error (4xx): {"errors": [{"status": 404, "title": "Not Found", "detail": "The resource could not be found.\n\n No resource provider with uuid 766cde32-1f68-4743-a553-2fc5d5f17a8d found for delete ", "request_id": "req-88c8089c-6703-4844-ab52-9ee7115fafe5"}]}
2026-05-30 10:58:52.215 10 INFO neutron.services.segments.plugin [-] Segment 766cde32-1f68-4743-a553-2fc5d5f17a8d resource provider not found; error: Placement Client Error (4xx): {"errors": [{"status": 404, "title": "Not Found", "detail": "The resource could not be found.\n\n No resource provider with uuid 766cde32-1f68-4743-a553-2fc5d5f17a8d found for delete ", "request_id": "req-c3275fc8-23de-4f7d-b3f8-098449702c27"}]}
2026-05-30 10:58:52.231 10 INFO neutron.wsgi [None req-301c62f2-0e69-4c5e-825a-4687c44209bc eb70730eb95c46789cee3e01558c910a 4ef2b1f4331341d291ffb1ab8d191f6e - - default default] 10.0.0.53 "DELETE /v2.0/networks/83213984-210d-44c4-9225-c7897530c995 HTTP/1.1" status: 204 len: 168 time: 0.8689330
2026-05-30 10:58:52.412 9 INFO neutron.db.ovn_revision_numbers_db [None req-7afd757e-9345-436f-9721-a9aef8069ece 7d1fa76f769d41bea9c493f5ff0299ba 3b6c1c854c744b89b26af38715383b1d - - default default] Successfully bumped revision number for resource 3c43ca20-5e41-4d1f-a196-39b57d1e590b (type: ports) to 5
2026-05-30 10:58:52.427 9 INFO neutron.wsgi [None req-7afd757e-9345-436f-9721-a9aef8069ece 7d1fa76f769d41bea9c493f5ff0299ba 3b6c1c854c744b89b26af38715383b1d - - default default] 199.204.45.140 "PUT /v2.0/ports/3c43ca20-5e41-4d1f-a196-39b57d1e590b HTTP/1.1" status: 200 len: 1374 time: 0.6210539 /var/lib/openstack/lib/python3.10/site-packages/pycadf/identifier.py:71: UserWarning: Invalid uuid: neutron. To ensure interoperability, identifiers should be a valid uuid. warnings.warn(('Invalid uuid: %s. To ensure interoperability, '
2026-05-30 10:58:52.519 9 INFO neutron.wsgi [None req-0fd1fc42-fba3-492f-a29a-f23e21c3dd8f 7d1fa76f769d41bea9c493f5ff0299ba 3b6c1c854c744b89b26af38715383b1d - - default default] 199.204.45.140 "GET /v2.0/networks/c500173e-703c-41e7-aaa0-34dc54dfccc9 HTTP/1.1" status: 200 len: 999 time: 0.0847280
2026-05-30 10:58:52.555 9 INFO neutron.wsgi [None req-56783c9d-af26-457b-89aa-0f827219d9fd 7d1fa76f769d41bea9c493f5ff0299ba 3b6c1c854c744b89b26af38715383b1d - - default default] 199.204.45.140 "GET /v2.0/subnets/e8b53fc4-fa1e-4b95-82e6-6dc389eba123 HTTP/1.1" status: 200 len: 849 time: 0.0318458
2026-05-30 10:58:52.668 9 INFO neutron.wsgi [None req-1eba1337-37cc-4847-83e7-563fbf7e3e52 7d1fa76f769d41bea9c493f5ff0299ba 3b6c1c854c744b89b26af38715383b1d - - default default] 199.204.45.140 "GET /v2.0/extensions/security-group HTTP/1.1" status: 200 len: 369 time: 0.0043864
2026-05-30 10:58:52.676 9 INFO neutron.wsgi [None req-bb851aed-25a8-47a1-9129-7ac942042b26 7d1fa76f769d41bea9c493f5ff0299ba 3b6c1c854c744b89b26af38715383b1d - - default default] 199.204.45.140 "GET /v2.0/extensions/dns-integration HTTP/1.1" status: 200 len: 371 time: 0.0034602
2026-05-30 10:58:52.683 9 INFO neutron.wsgi [None req-594bf966-03ca-43f6-8546-b0a52cd1c0c5 7d1fa76f769d41bea9c493f5ff0299ba 3b6c1c854c744b89b26af38715383b1d - - default default] 199.204.45.140 "GET /v2.0/extensions/qos HTTP/1.1" status: 200 len: 365 time: 0.0042906
2026-05-30 10:58:52.691 9 INFO neutron.wsgi [None req-a7e05105-4e9e-4e46-a328-fb787f3c13b7 7d1fa76f769d41bea9c493f5ff0299ba 3b6c1c854c744b89b26af38715383b1d - - default default] 199.204.45.140 "GET /v2.0/extensions/allowed-address-pairs HTTP/1.1" status: 200 len: 383 time: 0.0042388
2026-05-30 10:58:52.745 9 INFO neutron.wsgi [None req-581363b1-a78a-4ed3-ae13-f403bc41f606 7d1fa76f769d41bea9c493f5ff0299ba 3b6c1c854c744b89b26af38715383b1d - - default default] 199.204.45.140 "GET /v2.0/subnets/e84f5f19-78cf-41e6-990d-65622e0ccb5c HTTP/1.1" status: 200 len: 851 time: 0.0492902
2026-05-30 10:58:52.792 9 INFO neutron.wsgi [None req-50a7df7c-a197-457d-bd21-8c78e7c3c46a 7d1fa76f769d41bea9c493f5ff0299ba 3b6c1c854c744b89b26af38715383b1d - - default default] 199.204.45.140 "GET /v2.0/ports/f0a32bb4-a5b1-4eef-a9ac-a1a0c602232e HTTP/1.1" status: 200 len: 1340 time: 0.0392811
2026-05-30 10:58:52.841 9 INFO neutron.wsgi [None req-9f974df9-e75f-4ec7-b26c-d2f1af9c85ee 7d1fa76f769d41bea9c493f5ff0299ba 3b6c1c854c744b89b26af38715383b1d - - default default] 199.204.45.140 "GET /v2.0/ports/e7e5c952-6b42-4858-bd18-a49e55852b67 HTTP/1.1" status: 200 len: 1515 time: 0.0373690
2026-05-30 10:58:52.888 9 INFO neutron.wsgi [None req-53cb4b46-ae40-4bc3-aff6-d5b0fcd298ce 7d1fa76f769d41bea9c493f5ff0299ba 3b6c1c854c744b89b26af38715383b1d - - default default] 199.204.45.140 "GET /v2.0/subnets/e84f5f19-78cf-41e6-990d-65622e0ccb5c HTTP/1.1" status: 200 len: 851 time: 0.0384078
2026-05-30 10:58:52.956 9 INFO neutron.wsgi [None req-5a439523-b71c-4564-8f90-0fc2f01f49bc 7d1fa76f769d41bea9c493f5ff0299ba 3b6c1c854c744b89b26af38715383b1d - - default default] 199.204.45.140 "GET /v2.0/networks/6d5ba96b-5f39-4256-b1dd-a1bb61099614 HTTP/1.1" status: 200 len: 1002 time: 0.0603504
2026-05-30 10:58:53.008 9 INFO neutron.wsgi [None req-f129bc56-550e-48c0-b5cb-c9a8c3f5563b 7d1fa76f769d41bea9c493f5ff0299ba 3b6c1c854c744b89b26af38715383b1d - - default default] 199.204.45.140 "GET /v2.0/ports/f0a32bb4-a5b1-4eef-a9ac-a1a0c602232e HTTP/1.1" status: 200 len: 1340 time: 0.0400229
2026-05-30 10:58:53.065 9 INFO neutron.wsgi [None req-e40a1077-95c8-43d5-9e74-dce04c89fb9d 7d1fa76f769d41bea9c493f5ff0299ba 3b6c1c854c744b89b26af38715383b1d - - default default] 199.204.45.140 "GET /v2.0/subnets/e84f5f19-78cf-41e6-990d-65622e0ccb5c HTTP/1.1" status: 200 len: 851 time: 0.0486281
2026-05-30 10:58:53.146 9 INFO neutron.wsgi [None req-27e37fdf-4214-4793-b7e8-b1ae90f994d4 7d1fa76f769d41bea9c493f5ff0299ba 3b6c1c854c744b89b26af38715383b1d - - default default] 10.0.0.53 "GET /v2.0/security-groups?tenant_id=4ef2b1f4331341d291ffb1ab8d191f6e&name=default HTTP/1.1" status: 200 len: 3120 time: 0.1712477
2026-05-30 10:58:53.409 10 INFO neutron.wsgi [None req-ed5910f3-7630-4f99-84ad-2bcf41d8e7ee 7d1fa76f769d41bea9c493f5ff0299ba 3b6c1c854c744b89b26af38715383b1d - - default default] 10.0.0.53 "DELETE /v2.0/security-groups/430ff80c-57a6-4cda-b6a3-13c80f0cb787 HTTP/1.1" status: 204 len: 168 time: 0.2588415
2026-05-30 10:58:53.666 9 INFO neutron.notifiers.nova [-] Nova event matching ['req-c8c176d2-c79d-4d5b-8073-95e654472d08'] response: {'server_uuid': '95020166-62be-4806-b2cb-7eb4af2c1de9', 'name': 'network-vif-plugged', 'status': 'completed', 'tag': '3c43ca20-5e41-4d1f-a196-39b57d1e590b', 'code': 200}
2026-05-30 10:58:53.666 9 INFO neutron.notifiers.nova [-] Nova event matching ['req-c8c176d2-c79d-4d5b-8073-95e654472d08'] response: {'name': 'network-changed', 'server_uuid': '95020166-62be-4806-b2cb-7eb4af2c1de9', 'tag': '3c43ca20-5e41-4d1f-a196-39b57d1e590b', 'status': 'completed', 'code': 200}
2026-05-30 10:58:53.682 9 INFO neutron.db.ovn_revision_numbers_db [None req-00ac48cf-8ef0-4016-9562-69342b5bd7c2 7d1fa76f769d41bea9c493f5ff0299ba 3b6c1c854c744b89b26af38715383b1d - - default default] Successfully bumped revision number for resource d0513647-a03f-498f-9061-781ad7b1e2ef (type: security_groups) to 1
2026-05-30 10:58:53.698 9 INFO neutron.db.ovn_revision_numbers_db [None req-00ac48cf-8ef0-4016-9562-69342b5bd7c2 7d1fa76f769d41bea9c493f5ff0299ba 3b6c1c854c744b89b26af38715383b1d - - default default] Successfully bumped revision number for resource 55ff0a47-4ed2-4ebf-9a7e-fba1c55b2465 (type: security_group_rules) to 0
2026-05-30 10:58:53.716 9 INFO neutron.db.ovn_revision_numbers_db [None req-00ac48cf-8ef0-4016-9562-69342b5bd7c2 7d1fa76f769d41bea9c493f5ff0299ba 3b6c1c854c744b89b26af38715383b1d - - default default] Successfully bumped revision number for resource 5b847b7e-d192-446d-968f-381b90e10029 (type: security_group_rules) to 0
2026-05-30 10:58:53.739 9 INFO neutron.db.ovn_revision_numbers_db [None req-00ac48cf-8ef0-4016-9562-69342b5bd7c2 7d1fa76f769d41bea9c493f5ff0299ba 3b6c1c854c744b89b26af38715383b1d - - default default] Successfully bumped revision number for resource 5f4c2ff6-f7ad-48b6-97aa-cd07898c96cc (type: security_group_rules) to 0
2026-05-30 10:58:53.758 9 INFO neutron.db.ovn_revision_numbers_db [None req-00ac48cf-8ef0-4016-9562-69342b5bd7c2 7d1fa76f769d41bea9c493f5ff0299ba 3b6c1c854c744b89b26af38715383b1d - - default default] Successfully bumped revision number for resource 6654f693-ee8d-432a-b3f3-21f30b159fac (type: security_group_rules) to 0
2026-05-30 10:58:53.768 10 INFO neutron.wsgi [req-7c08829b-9107-4c3b-b88b-33cddafbe608 req-e2f682ae-839f-4cbf-bc46-97c0b3575e33 311de5a72440457a97db1b822ad5f654 a9b60b7a466b48e2b909e6c895221a61 - - 3934fa3f24dd44ae9602c404a4208d70 3934fa3f24dd44ae9602c404a4208d70] 199.204.45.140 "GET /v2.0/ports?tenant_id=3b6c1c854c744b89b26af38715383b1d&device_id=95020166-62be-4806-b2cb-7eb4af2c1de9 HTTP/1.1" status: 200 len: 5116 time: 0.0800598
2026-05-30 10:58:53.780 9 INFO neutron.wsgi [None req-00ac48cf-8ef0-4016-9562-69342b5bd7c2 7d1fa76f769d41bea9c493f5ff0299ba 3b6c1c854c744b89b26af38715383b1d - - default default] 10.0.0.53 "GET /v2.0/security-groups?tenant_id=7ca7bd5df7944dbb8858a5f0ec57c733&name=default HTTP/1.1" status: 200 len: 3120 time: 0.2545321
2026-05-30 10:58:53.856 10 INFO neutron.wsgi [req-7c08829b-9107-4c3b-b88b-33cddafbe608 req-0db12ec3-3dcc-4e5f-bbe4-de3bd533ed30 311de5a72440457a97db1b822ad5f654 a9b60b7a466b48e2b909e6c895221a61 - - 3934fa3f24dd44ae9602c404a4208d70 3934fa3f24dd44ae9602c404a4208d70] 199.204.45.140 "GET /v2.0/networks?id=c500173e-703c-41e7-aaa0-34dc54dfccc9 HTTP/1.1" status: 200 len: 1002 time: 0.0804408
2026-05-30 10:58:53.890 10 INFO neutron.wsgi [req-7c08829b-9107-4c3b-b88b-33cddafbe608 req-f6587c2b-a308-44b3-a24c-dcf89cbef1bc 311de5a72440457a97db1b822ad5f654 a9b60b7a466b48e2b909e6c895221a61 - - 3934fa3f24dd44ae9602c404a4208d70 3934fa3f24dd44ae9602c404a4208d70] 199.204.45.140 "GET /v2.0/floatingips?fixed_ip_address=10.2.2.86&port_id=3c43ca20-5e41-4d1f-a196-39b57d1e590b HTTP/1.1" status: 200 len: 217 time: 0.0258236
2026-05-30 10:58:53.946 10 INFO neutron.wsgi [req-7c08829b-9107-4c3b-b88b-33cddafbe608 req-1fe9f9e7-f2cd-41a5-9873-83a5c1a2aa14 311de5a72440457a97db1b822ad5f654 a9b60b7a466b48e2b909e6c895221a61 - - 3934fa3f24dd44ae9602c404a4208d70 3934fa3f24dd44ae9602c404a4208d70] 199.204.45.140 "GET /v2.0/subnets?id=e8b53fc4-fa1e-4b95-82e6-6dc389eba123 HTTP/1.1" status: 200 len: 852 time: 0.0470412
2026-05-30 10:58:53.976 10 INFO neutron.wsgi [req-7c08829b-9107-4c3b-b88b-33cddafbe608 req-936fea45-fb0b-4d11-a9ed-c366816d5c9e 311de5a72440457a97db1b822ad5f654 a9b60b7a466b48e2b909e6c895221a61 - - 3934fa3f24dd44ae9602c404a4208d70 3934fa3f24dd44ae9602c404a4208d70] 199.204.45.140 "GET /v2.0/ports?network_id=c500173e-703c-41e7-aaa0-34dc54dfccc9&device_owner=network%3Adhcp HTTP/1.1" status: 200 len: 210 time: 0.0231495
2026-05-30 10:58:54.046 9 INFO neutron.wsgi [None req-c38fc54a-fff1-4b8a-b23a-b2da3bfc97d7 7d1fa76f769d41bea9c493f5ff0299ba 3b6c1c854c744b89b26af38715383b1d - - default default] 10.0.0.53 "DELETE /v2.0/security-groups/d0513647-a03f-498f-9061-781ad7b1e2ef HTTP/1.1" status: 204 len: 168 time: 0.2574153
2026-05-30 10:58:54.067 10 INFO neutron.wsgi [req-7c08829b-9107-4c3b-b88b-33cddafbe608 req-3db2f0b8-ddea-4539-92d9-967c67ccbdbc 311de5a72440457a97db1b822ad5f654 a9b60b7a466b48e2b909e6c895221a61 - - 3934fa3f24dd44ae9602c404a4208d70 3934fa3f24dd44ae9602c404a4208d70] 199.204.45.140 "GET /v2.0/networks/c500173e-703c-41e7-aaa0-34dc54dfccc9?fields=segments HTTP/1.1" status: 200 len: 212 time: 0.0821426
2026-05-30 10:58:54.147 10 INFO neutron.wsgi [req-7c08829b-9107-4c3b-b88b-33cddafbe608 req-030f84ea-8d05-46e3-9a89-a101fa75ada8 311de5a72440457a97db1b822ad5f654 a9b60b7a466b48e2b909e6c895221a61 - - 3934fa3f24dd44ae9602c404a4208d70 3934fa3f24dd44ae9602c404a4208d70] 199.204.45.140 "GET /v2.0/networks/c500173e-703c-41e7-aaa0-34dc54dfccc9?fields=provider%3Aphysical_network&fields=provider%3Anetwork_type HTTP/1.1" status: 200 len: 277 time: 0.0722034
2026-05-30 10:58:57.093 9 INFO neutron.wsgi [req-925fe620-5d85-43ee-9086-c208decb4069 req-eb19cb80-09fe-4b6d-84ac-77b44bba7d24 311de5a72440457a97db1b822ad5f654 a9b60b7a466b48e2b909e6c895221a61 - - 3934fa3f24dd44ae9602c404a4208d70 3934fa3f24dd44ae9602c404a4208d70] 10.0.0.158 "GET /v2.0/ports?device_id=a88596ff-9ee6-4e39-8777-00d883e751d1 HTTP/1.1" status: 200 len: 1409 time: 0.0457373
2026-05-30 10:58:57.144 9 INFO neutron.wsgi [req-925fe620-5d85-43ee-9086-c208decb4069 req-fbb3d423-c275-44a6-875a-107a50adf1a6 311de5a72440457a97db1b822ad5f654 a9b60b7a466b48e2b909e6c895221a61 - - 3934fa3f24dd44ae9602c404a4208d70 3934fa3f24dd44ae9602c404a4208d70] 10.0.0.158 "GET /v2.0/security-groups?id=9838991e-8971-4d55-a085-c1251afba4d6&fields=id&fields=name HTTP/1.1" status: 200 len: 313 time: 0.0452454
2026-05-30 10:58:58.709 9 INFO neutron.plugins.ml2.drivers.ovn.mech_driver.mech_driver [None req-48d70b58-30ac-4872-969f-fd49bcde0830 - - - - - -] OVN reports status down for port: 3da8e2f9-efd4-4b0a-86f7-f8692984a6a3
2026-05-30 10:58:58.798 10 INFO neutron.wsgi [req-9d7b7452-3fdc-4001-991d-eecfd8aeede7 req-0c5049eb-1668-485a-9160-3a0dfc86d306 30e4a0cef431432d8d898a348c0286bf bfd1610eb1554352b794f88ec6e09417 - - default default] 10.0.0.128 "GET /v2.0/ports?device_id=a88596ff-9ee6-4e39-8777-00d883e751d1 HTTP/1.1" status: 200 len: 1170 time: 0.1217098
2026-05-30 10:58:58.856 10 INFO neutron.wsgi [req-9d7b7452-3fdc-4001-991d-eecfd8aeede7 req-4203c7b3-df4f-4722-9cce-3f697be080ae 30e4a0cef431432d8d898a348c0286bf bfd1610eb1554352b794f88ec6e09417 - - default default] 10.0.0.128 "GET /v2.0/security-groups?id=9838991e-8971-4d55-a085-c1251afba4d6&fields=id&fields=name HTTP/1.1" status: 200 len: 313 time: 0.0496671
2026-05-30 10:58:58.934 9 INFO neutron.notifiers.nova [-] Nova event matching ['req-53dc8b09-ea3a-4f0a-ab52-0a83fe1976ed'] response: {'server_uuid': 'a88596ff-9ee6-4e39-8777-00d883e751d1', 'name': 'network-vif-unplugged', 'status': 'completed', 'tag': '3da8e2f9-efd4-4b0a-86f7-f8692984a6a3', 'code': 200}
2026-05-30 10:58:59.076 10 INFO neutron.wsgi [req-404f7f26-c783-4c3e-8541-00be6e66fbc1 req-5345fda0-c691-43f7-96ed-d8274c71aac9 30e4a0cef431432d8d898a348c0286bf bfd1610eb1554352b794f88ec6e09417 - - default default] 199.204.45.140 "GET /v2.0/ports?device_id=a88596ff-9ee6-4e39-8777-00d883e751d1 HTTP/1.1" status: 200 len: 1168 time: 0.0453820
2026-05-30 10:58:59.144 9 INFO neutron.db.ovn_revision_numbers_db [None req-48d70b58-30ac-4872-969f-fd49bcde0830 - - - - - -] Successfully bumped revision number for resource 3da8e2f9-efd4-4b0a-86f7-f8692984a6a3 (type: ports) to 5
2026-05-30 10:58:59.553 10 INFO neutron.db.l3_db [req-404f7f26-c783-4c3e-8541-00be6e66fbc1 req-1834a171-966f-43cc-bb55-e68cddde12bd 30e4a0cef431432d8d898a348c0286bf bfd1610eb1554352b794f88ec6e09417 - - default default] Floating IP 482dce9b-19e1-4f30-a5a3-99e092be0263 disassociated. External IP: 10.96.250.203, port: 3da8e2f9-efd4-4b0a-86f7-f8692984a6a3.
2026-05-30 10:58:59.722 10 INFO neutron.wsgi [req-404f7f26-c783-4c3e-8541-00be6e66fbc1 req-1834a171-966f-43cc-bb55-e68cddde12bd 30e4a0cef431432d8d898a348c0286bf bfd1610eb1554352b794f88ec6e09417 - - default default] 199.204.45.140 "DELETE /v2.0/ports/3da8e2f9-efd4-4b0a-86f7-f8692984a6a3 HTTP/1.1" status: 204 len: 173 time: 0.6427970
2026-05-30 10:58:59.771 10 INFO neutron.notifiers.nova [-] Nova event matching ['req-29633b66-c4e2-4746-b073-4d0f4067cd4e'] response: {'server_uuid': 'a88596ff-9ee6-4e39-8777-00d883e751d1', 'name': 'network-vif-deleted', 'tag': '3da8e2f9-efd4-4b0a-86f7-f8692984a6a3', 'status': 'completed', 'code': 200} /var/lib/openstack/lib/python3.10/site-packages/pycadf/identifier.py:71: UserWarning: Invalid uuid: neutron. To ensure interoperability, identifiers should be a valid uuid. warnings.warn(('Invalid uuid: %s. To ensure interoperability, '
2026-05-30 10:59:00.004 9 INFO neutron.wsgi [req-eefc7a2a-a07e-4291-a174-549339914416 req-cf4af816-a008-4658-a9f1-4d72f5667cb8 30e4a0cef431432d8d898a348c0286bf bfd1610eb1554352b794f88ec6e09417 - - default default] 10.0.0.128 "GET /v2.0/ports?device_id=a88596ff-9ee6-4e39-8777-00d883e751d1 HTTP/1.1" status: 200 len: 210 time: 0.0528920
2026-05-30 10:59:00.983 9 INFO neutron.notifiers.nova [-] Nova event matching ['req-8a6ef0e7-4f60-48ec-ab61-805439f97991'] response: {'server_uuid': 'a88596ff-9ee6-4e39-8777-00d883e751d1', 'name': 'network-vif-unplugged', 'status': 'completed', 'tag': '3da8e2f9-efd4-4b0a-86f7-f8692984a6a3', 'code': 200}
2026-05-30 10:59:01.033 9 INFO neutron.wsgi [None req-0541dda5-091b-49d0-bba7-365fc0b45a4d 7d1fa76f769d41bea9c493f5ff0299ba 3b6c1c854c744b89b26af38715383b1d - - default default] 199.204.45.140 "GET /v2.0/extensions/security-group HTTP/1.1" status: 200 len: 369 time: 0.0112352
2026-05-30 10:59:01.042 9 INFO neutron.wsgi [None req-624619fb-bd84-40c9-8112-5666390dc75d 7d1fa76f769d41bea9c493f5ff0299ba 3b6c1c854c744b89b26af38715383b1d - - default default] 199.204.45.140 "GET /v2.0/extensions/dns-integration HTTP/1.1" status: 200 len: 371 time: 0.0041785
2026-05-30 10:59:01.053 9 INFO neutron.wsgi [None req-f32f9f31-8ef2-47f7-be78-af0f465e141f 7d1fa76f769d41bea9c493f5ff0299ba 3b6c1c854c744b89b26af38715383b1d - - default default] 199.204.45.140 "GET /v2.0/extensions/qos HTTP/1.1" status: 200 len: 365 time: 0.0037541
2026-05-30 10:59:01.065 9 INFO neutron.wsgi [None req-089fa403-b5a2-4fe7-aa43-6f7529cb2d77 7d1fa76f769d41bea9c493f5ff0299ba 3b6c1c854c744b89b26af38715383b1d - - default default] 199.204.45.140 "GET /v2.0/extensions/allowed-address-pairs HTTP/1.1" status: 200 len: 383 time: 0.0064008
2026-05-30 10:59:01.109 9 INFO neutron.wsgi [None req-0e97afac-5cb5-4721-ae18-a6e5bb99b3ac 7d1fa76f769d41bea9c493f5ff0299ba 3b6c1c854c744b89b26af38715383b1d - - default default] 199.204.45.140 "GET /v2.0/subnets/dbbb209e-71b1-43f7-94f8-71d16180946c HTTP/1.1" status: 200 len: 848 time: 0.0400147
2026-05-30 10:59:01.170 9 INFO neutron.wsgi [None req-1ad35d4b-0d4b-43d2-bb95-c40346a76d1f 7d1fa76f769d41bea9c493f5ff0299ba 3b6c1c854c744b89b26af38715383b1d - - default default] 199.204.45.140 "GET /v2.0/ports?device_id=95020166-62be-4806-b2cb-7eb4af2c1de9 HTTP/1.1" status: 200 len: 5116 time: 0.0541711
2026-05-30 10:59:01.235 10 INFO neutron.wsgi [None req-d84144d4-43ba-4c8b-8538-e5d4339247be 30e4a0cef431432d8d898a348c0286bf bfd1610eb1554352b794f88ec6e09417 - - default default] 10.0.0.53 "DELETE /v2.0/security-groups/9838991e-8971-4d55-a085-c1251afba4d6 HTTP/1.1" status: 204 len: 168 time: 0.1752949
2026-05-30 10:59:01.339 9 INFO neutron.wsgi [None req-ab41d14c-51e9-4a9a-b7ff-d8f4b5f72e3c 7d1fa76f769d41bea9c493f5ff0299ba 3b6c1c854c744b89b26af38715383b1d - - default default] 199.204.45.140 "GET /v2.0/extensions/security-group HTTP/1.1" status: 200 len: 369 time: 0.0092597
2026-05-30 10:59:01.355 9 INFO neutron.wsgi [None req-6679deb5-ff68-4f8e-9137-ac0fddeec33b 7d1fa76f769d41bea9c493f5ff0299ba 3b6c1c854c744b89b26af38715383b1d - - default default] 199.204.45.140 "GET /v2.0/extensions/dns-integration HTTP/1.1" status: 200 len: 371 time: 0.0085368
2026-05-30 10:59:01.366 9 INFO neutron.wsgi [None req-c7e0a89f-318e-47fa-83bf-b6658c7b8183 7d1fa76f769d41bea9c493f5ff0299ba 3b6c1c854c744b89b26af38715383b1d - - default default] 199.204.45.140 "GET /v2.0/extensions/qos HTTP/1.1" status: 200 len: 365 time: 0.0041866
2026-05-30 10:59:01.379 9 INFO neutron.wsgi [None req-737c9dda-c04f-4825-88a6-42ed1020bc77 7d1fa76f769d41bea9c493f5ff0299ba 3b6c1c854c744b89b26af38715383b1d - - default default] 199.204.45.140 "GET /v2.0/extensions/allowed-address-pairs HTTP/1.1" status: 200 len: 383 time: 0.0060048
2026-05-30 10:59:01.425 9 INFO neutron.wsgi [None req-27edad96-ee2a-434a-8e52-9eadad889fa7 7d1fa76f769d41bea9c493f5ff0299ba 3b6c1c854c744b89b26af38715383b1d - - default default] 199.204.45.140 "GET /v2.0/ports/3c43ca20-5e41-4d1f-a196-39b57d1e590b HTTP/1.1" status: 200 len: 1402 time: 0.0399621
2026-05-30 10:59:01.602 10 INFO neutron.wsgi [None req-3e2ad003-2487-4313-a39c-dd068e18f54a 30e4a0cef431432d8d898a348c0286bf bfd1610eb1554352b794f88ec6e09417 - - default default] 10.0.0.53 "DELETE /v2.0/floatingips/482dce9b-19e1-4f30-a5a3-99e092be0263 HTTP/1.1" status: 204 len: 168 time: 0.3321784
2026-05-30 10:59:01.796 9 INFO neutron.plugins.ml2.drivers.ovn.mech_driver.mech_driver [None req-48d70b58-30ac-4872-969f-fd49bcde0830 - - - - - -] OVN reports status down for port: b5ccdb90-0c82-4686-9357-eba0eed1be0c
2026-05-30 10:59:01.799 10 INFO neutron.wsgi [req-b960908f-46fd-4457-a7cd-04d3c271a58e req-0a2bb3a8-6e5c-4307-9b2d-ff5390fbbf8d 30e4a0cef431432d8d898a348c0286bf bfd1610eb1554352b794f88ec6e09417 - - default default] 10.0.0.128 "GET /v2.0/ports?device_id=ec3689ba-621d-4138-9acc-f094c4ae5125 HTTP/1.1" status: 200 len: 1174 time: 0.0523894
2026-05-30 10:59:01.862 10 INFO neutron.wsgi [req-b960908f-46fd-4457-a7cd-04d3c271a58e req-d6f60ad8-481b-4747-84f1-1a193fc7596d 30e4a0cef431432d8d898a348c0286bf bfd1610eb1554352b794f88ec6e09417 - - default default] 10.0.0.128 "GET /v2.0/security-groups?id=14711903-5cf1-488c-9107-8b0a0412b565&fields=id&fields=name HTTP/1.1" status: 200 len: 313 time: 0.0547988
2026-05-30 10:59:01.875 10 INFO neutron.wsgi [-] 10.0.0.4 "GET / HTTP/1.1" status: 200 len: 247 time: 0.0016935
2026-05-30 10:59:01.877 10 INFO neutron.wsgi [-] 10.0.0.4 "GET / HTTP/1.1" status: 200 len: 247 time: 0.0011148
2026-05-30 10:59:01.990 9 INFO neutron.db.ovn_revision_numbers_db [None req-5de97102-091f-448d-bce2-e6e4ba8a262f 7d1fa76f769d41bea9c493f5ff0299ba 3b6c1c854c744b89b26af38715383b1d - - default default] Successfully bumped revision number for resource 3c43ca20-5e41-4d1f-a196-39b57d1e590b (type: ports) to 6
2026-05-30 10:59:02.007 9 INFO neutron.wsgi [None req-5de97102-091f-448d-bce2-e6e4ba8a262f 7d1fa76f769d41bea9c493f5ff0299ba 3b6c1c854c744b89b26af38715383b1d - - default default] 199.204.45.140 "PUT /v2.0/ports/3c43ca20-5e41-4d1f-a196-39b57d1e590b HTTP/1.1" status: 200 len: 1203 time: 0.5700037 /var/lib/openstack/lib/python3.10/site-packages/pycadf/identifier.py:71: UserWarning: Invalid uuid: neutron. To ensure interoperability, identifiers should be a valid uuid. warnings.warn(('Invalid uuid: %s. To ensure interoperability, '
2026-05-30 10:59:02.153 10 INFO neutron.wsgi [req-a6d107d8-3ec5-49ec-8969-e23feacdee10 req-4286cec2-1807-4cdb-a307-42898e025ff9 30e4a0cef431432d8d898a348c0286bf bfd1610eb1554352b794f88ec6e09417 - - default default] 199.204.45.140 "GET /v2.0/ports?device_id=ec3689ba-621d-4138-9acc-f094c4ae5125 HTTP/1.1" status: 200 len: 1172 time: 0.0615249
2026-05-30 10:59:02.327 9 INFO neutron.wsgi [None req-25ccd385-ee18-4205-98ad-1420dd94655e 7d1fa76f769d41bea9c493f5ff0299ba 3b6c1c854c744b89b26af38715383b1d - - default default] 199.204.45.140 "GET /v2.0/networks/c500173e-703c-41e7-aaa0-34dc54dfccc9 HTTP/1.1" status: 200 len: 999 time: 0.3123002
2026-05-30 10:59:02.390 9 INFO neutron.wsgi [None req-0f700916-61e9-4332-bba3-150d483873c9 7d1fa76f769d41bea9c493f5ff0299ba 3b6c1c854c744b89b26af38715383b1d - - default default] 199.204.45.140 "GET /v2.0/ports?device_id=95020166-62be-4806-b2cb-7eb4af2c1de9 HTTP/1.1" status: 200 len: 4945 time: 0.0555704
2026-05-30 10:59:02.462 9 INFO neutron.db.ovn_revision_numbers_db [None req-48d70b58-30ac-4872-969f-fd49bcde0830 - - - - - -] Successfully bumped revision number for resource b5ccdb90-0c82-4686-9357-eba0eed1be0c (type: ports) to 5
2026-05-30 10:59:02.469 9 ERROR ovsdbapp.backend.ovs_idl.command [None req-48d70b58-30ac-4872-969f-fd49bcde0830 - - - - - -] Error executing command (LspGetUpCommand): ovsdbapp.backend.ovs_idl.idlutils.RowNotFound: Cannot find Logical_Switch_Port with name=b5ccdb90-0c82-4686-9357-eba0eed1be0c
2026-05-30 10:59:02.469 9 ERROR ovsdbapp.backend.ovs_idl.command
Traceback (most recent call last):
2026-05-30 10:59:02.469 9 ERROR ovsdbapp.backend.ovs_idl.command
File "/var/lib/openstack/lib/python3.10/site-packages/ovsdbapp/backend/ovs_idl/command.py", line 47, in execute
2026-05-30 10:59:02.469 9 ERROR ovsdbapp.backend.ovs_idl.command self.run_idl(None)
2026-05-30 10:59:02.469 9 ERROR ovsdbapp.backend.ovs_idl.command
File "/var/lib/openstack/lib/python3.10/site-packages/ovsdbapp/schema/ovn_northbound/commands.py", line 679, in run_idl
2026-05-30 10:59:02.469 9 ERROR ovsdbapp.backend.ovs_idl.command lsp = self.api.lookup('Logical_Switch_Port', self.port)
2026-05-30 10:59:02.469 9 ERROR ovsdbapp.backend.ovs_idl.command
File "/var/lib/openstack/lib/python3.10/site-packages/ovsdbapp/backend/ovs_idl/__init__.py", line 184, in lookup
