2026-05-30 10:55:02.742 9 INFO neutron.db.ovn_revision_numbers_db [None req-79288019-e945-4a61-a35e-6c11af6a2f3d 7d1fa76f769d41bea9c493f5ff0299ba 3b6c1c854c744b89b26af38715383b1d - - default default] Successfully bumped revision number for resource 3923f8ee-62a0-4efb-a43c-d3fe498a6124 (type: security_groups) to 1
2026-05-30 10:55:02.756 9 INFO neutron.db.ovn_revision_numbers_db [None req-79288019-e945-4a61-a35e-6c11af6a2f3d 7d1fa76f769d41bea9c493f5ff0299ba 3b6c1c854c744b89b26af38715383b1d - - default default] Successfully bumped revision number for resource 7e2a6c6b-f1bd-4dcd-8d86-d274594cf445 (type: security_group_rules) to 0
2026-05-30 10:55:02.775 9 INFO neutron.db.ovn_revision_numbers_db [None req-79288019-e945-4a61-a35e-6c11af6a2f3d 7d1fa76f769d41bea9c493f5ff0299ba 3b6c1c854c744b89b26af38715383b1d - - default default] Successfully bumped revision number for resource de4b0e73-5b48-426d-a68a-778bc17920a6 (type: security_group_rules) to 0
2026-05-30 10:55:02.790 9 INFO neutron.db.ovn_revision_numbers_db [None req-79288019-e945-4a61-a35e-6c11af6a2f3d 7d1fa76f769d41bea9c493f5ff0299ba 3b6c1c854c744b89b26af38715383b1d - - default default] Successfully bumped revision number for resource e99f69d3-a844-4a06-a9e9-32db1d11e5ce (type: security_group_rules) to 0
2026-05-30 10:55:02.815 9 INFO neutron.db.ovn_revision_numbers_db [None req-79288019-e945-4a61-a35e-6c11af6a2f3d 7d1fa76f769d41bea9c493f5ff0299ba 3b6c1c854c744b89b26af38715383b1d - - default default] Successfully bumped revision number for resource f877459f-761d-453b-8e8e-322b8465768e (type: security_group_rules) to 0
2026-05-30 10:55:02.835 9 INFO neutron.wsgi [None req-79288019-e945-4a61-a35e-6c11af6a2f3d 7d1fa76f769d41bea9c493f5ff0299ba 3b6c1c854c744b89b26af38715383b1d - - default default] 10.0.0.53 "GET /v2.0/security-groups?tenant_id=229dd10894da4c74b96831cd6b64e68d&name=default HTTP/1.1" status: 200 len: 3120 time: 0.3225439
2026-05-30 10:55:02.837 9 INFO neutron.notifiers.nova [-] Nova event matching ['req-f5b7635f-c23d-4781-98e6-52cbc067742e'] response: {'name': 'network-changed', 'server_uuid': 'd7ce62c2-0aa5-43e5-b52d-aea0ade3062c', 'tag': '8cac1266-472e-401f-9e13-4f4d25714a4c', 'status': 'completed', 'code': 200}
2026-05-30 10:55:02.857 10 INFO neutron.db.ovn_revision_numbers_db [None req-2181826d-d90a-42f6-b20d-e0d5b838ff60 b3481020561241d8b6c18e31113e6eb8 d3ce4fb1bbb44a2ba63d976a542a9d6f - - default default] Successfully bumped revision number for resource 19aba343-137c-4cb2-822e-95457348a756 (type: ports) to 1
2026-05-30 10:55:02.880 10 INFO neutron.wsgi [None req-2181826d-d90a-42f6-b20d-e0d5b838ff60 b3481020561241d8b6c18e31113e6eb8 d3ce4fb1bbb44a2ba63d976a542a9d6f - - default default] 10.0.0.53 "POST /v2.0/networks HTTP/1.1" status: 201 len: 849 time: 1.4166667
2026-05-30 10:55:02.894 9 WARNING neutron_lib.context [None req-2d901780-76b9-4b64-a930-03b5b73442c4 b3481020561241d8b6c18e31113e6eb8 d3ce4fb1bbb44a2ba63d976a542a9d6f - - default default] Method 'is_advsvc' is deprecated since 2023.2 release (neutron-lib 3.8.0) and will be removed once support for the old RBAC API policies will be removed from Neutron. Please use method 'is_service_role' instead.
2026-05-30 10:55:02.922 9 INFO neutron.wsgi [req-099d4200-4690-4bd5-9d3e-a02287b54e0b req-d08b7bf6-7bb4-447c-94b0-af0061baecb2 311de5a72440457a97db1b822ad5f654 a9b60b7a466b48e2b909e6c895221a61 - - 3934fa3f24dd44ae9602c404a4208d70 3934fa3f24dd44ae9602c404a4208d70] 199.204.45.140 "GET /v2.0/ports?tenant_id=68f9027fb612461296d282125b56d452&device_id=d7ce62c2-0aa5-43e5-b52d-aea0ade3062c HTTP/1.1" status: 200 len: 1409 time: 0.0627551
2026-05-30 10:55:03.025 9 INFO neutron.wsgi [req-099d4200-4690-4bd5-9d3e-a02287b54e0b req-8a977823-823d-4b28-ab6d-82f1013604e1 311de5a72440457a97db1b822ad5f654 a9b60b7a466b48e2b909e6c895221a61 - - 3934fa3f24dd44ae9602c404a4208d70 3934fa3f24dd44ae9602c404a4208d70] 199.204.45.140 "GET /v2.0/networks?id=0f77d77b-1b2e-4f5e-8807-018f992566cf HTTP/1.1" status: 200 len: 981 time: 0.0966034
2026-05-30 10:55:03.091 10 INFO neutron.wsgi [None req-8d243361-bd89-4661-9944-d9a0f1b383b5 7d1fa76f769d41bea9c493f5ff0299ba 3b6c1c854c744b89b26af38715383b1d - - default default] 10.0.0.53 "PUT /v2.0/routers/74a4c4b9-abce-4d02-aa01-b2d79c76683a/remove_router_interface HTTP/1.1" status: 200 len: 503 time: 1.6629441 /var/lib/openstack/lib/python3.10/site-packages/pycadf/identifier.py:71: UserWarning: Invalid uuid: neutron. To ensure interoperability, identifiers should be a valid uuid. warnings.warn(('Invalid uuid: %s. To ensure interoperability, '
2026-05-30 10:55:03.106 9 INFO neutron.wsgi [req-099d4200-4690-4bd5-9d3e-a02287b54e0b req-9f46d5d4-0ae4-4e15-a0c2-1c7906c19a07 311de5a72440457a97db1b822ad5f654 a9b60b7a466b48e2b909e6c895221a61 - - 3934fa3f24dd44ae9602c404a4208d70 3934fa3f24dd44ae9602c404a4208d70] 199.204.45.140 "GET /v2.0/floatingips?fixed_ip_address=10.100.0.9&port_id=8cac1266-472e-401f-9e13-4f4d25714a4c HTTP/1.1" status: 200 len: 1059 time: 0.0718324
2026-05-30 10:55:03.159 9 INFO neutron.wsgi [req-099d4200-4690-4bd5-9d3e-a02287b54e0b req-2d0b2859-456a-4945-b351-1a96c9e0eb0f 311de5a72440457a97db1b822ad5f654 a9b60b7a466b48e2b909e6c895221a61 - - 3934fa3f24dd44ae9602c404a4208d70 3934fa3f24dd44ae9602c404a4208d70] 199.204.45.140 "GET /v2.0/subnets?id=c0e7b1f5-3911-4226-8935-15174a87d1df HTTP/1.1" status: 200 len: 876 time: 0.0446754
2026-05-30 10:55:03.193 9 INFO neutron.wsgi [req-099d4200-4690-4bd5-9d3e-a02287b54e0b req-2e5a5578-3b25-469b-a3b1-95a2ee977f54 311de5a72440457a97db1b822ad5f654 a9b60b7a466b48e2b909e6c895221a61 - - 3934fa3f24dd44ae9602c404a4208d70 3934fa3f24dd44ae9602c404a4208d70] 199.204.45.140 "GET /v2.0/ports?network_id=0f77d77b-1b2e-4f5e-8807-018f992566cf&device_owner=network%3Adhcp HTTP/1.1" status: 200 len: 210 time: 0.0210495
2026-05-30 10:55:03.304 10 INFO neutron.plugins.ml2.drivers.ovn.mech_driver.mech_driver [None req-537163a6-de87-4853-a837-198c74967fcd - - - - - -] OVN reports status down for port: 8cac1266-472e-401f-9e13-4f4d25714a4c
2026-05-30 10:55:03.317 9 INFO neutron.wsgi [req-099d4200-4690-4bd5-9d3e-a02287b54e0b req-2e94767e-77cf-403b-9b63-f43f28760111 311de5a72440457a97db1b822ad5f654 a9b60b7a466b48e2b909e6c895221a61 - - 3934fa3f24dd44ae9602c404a4208d70 3934fa3f24dd44ae9602c404a4208d70] 199.204.45.140 "GET /v2.0/networks/0f77d77b-1b2e-4f5e-8807-018f992566cf?fields=segments HTTP/1.1" status: 200 len: 212 time: 0.1142402
2026-05-30 10:55:03.396 9 WARNING neutron.scheduler.dhcp_agent_scheduler [None req-2d901780-76b9-4b64-a930-03b5b73442c4 b3481020561241d8b6c18e31113e6eb8 d3ce4fb1bbb44a2ba63d976a542a9d6f - - default default] No more DHCP agents
2026-05-30 10:55:03.406 9 WARNING neutron.api.rpc.agentnotifiers.dhcp_rpc_agent_api [None req-2d901780-76b9-4b64-a930-03b5b73442c4 b3481020561241d8b6c18e31113e6eb8 d3ce4fb1bbb44a2ba63d976a542a9d6f - - default default] Unable to schedule network 38e2d068-35c3-4c1d-8715-78607da6e119: no agents available; will retry on subsequent port and subnet creation events.
2026-05-30 10:55:03.424 9 INFO neutron.wsgi [None req-250b991f-5c96-42e5-bab6-83e9df8a702b 7d1fa76f769d41bea9c493f5ff0299ba 3b6c1c854c744b89b26af38715383b1d - - default default] 10.0.0.53 "DELETE /v2.0/security-groups/3923f8ee-62a0-4efb-a43c-d3fe498a6124 HTTP/1.1" status: 204 len: 168 time: 0.5789015
2026-05-30 10:55:03.471 9 INFO neutron.wsgi [req-5b3499af-3fa0-488d-af2a-458167102aab req-31b526d0-9cdb-40e5-a0a3-df6c5fe2aed1 7e8c3397ea244e30b50e76312efa1ae9 68f9027fb612461296d282125b56d452 - - default default] 10.0.0.128 "GET /v2.0/ports?device_id=d7ce62c2-0aa5-43e5-b52d-aea0ade3062c HTTP/1.1" status: 200 len: 1170 time: 0.2347226
2026-05-30 10:55:03.501 9 INFO neutron.wsgi [req-099d4200-4690-4bd5-9d3e-a02287b54e0b req-b668b32f-003c-4115-832d-34978392102a 311de5a72440457a97db1b822ad5f654 a9b60b7a466b48e2b909e6c895221a61 - - 3934fa3f24dd44ae9602c404a4208d70 3934fa3f24dd44ae9602c404a4208d70] 199.204.45.140 "GET /v2.0/networks/0f77d77b-1b2e-4f5e-8807-018f992566cf?fields=provider%3Aphysical_network&fields=provider%3Anetwork_type HTTP/1.1" status: 200 len: 277 time: 0.1728432
2026-05-30 10:55:03.504 9 INFO neutron.db.ovn_revision_numbers_db [None req-2d901780-76b9-4b64-a930-03b5b73442c4 b3481020561241d8b6c18e31113e6eb8 d3ce4fb1bbb44a2ba63d976a542a9d6f - - default default] Successfully bumped revision number for resource 8338fbbe-34ac-4102-bbb5-6da0eff2b24f (type: subnets) to 0
2026-05-30 10:55:03.534 9 INFO neutron.wsgi [None req-2d901780-76b9-4b64-a930-03b5b73442c4 b3481020561241d8b6c18e31113e6eb8 d3ce4fb1bbb44a2ba63d976a542a9d6f - - default default] 10.0.0.53 "POST /v2.0/subnets HTTP/1.1" status: 201 len: 802 time: 0.6483581
2026-05-30 10:55:03.546 9 WARNING neutron_lib.context [None req-2ab990d8-e8ba-4933-9a43-60f43ce9277f b3481020561241d8b6c18e31113e6eb8 d3ce4fb1bbb44a2ba63d976a542a9d6f - - default default] Method 'is_advsvc' is deprecated since 2023.2 release (neutron-lib 3.8.0) and will be removed once support for the old RBAC API policies will be removed from Neutron. Please use method 'is_service_role' instead.
2026-05-30 10:55:03.566 9 INFO neutron.wsgi [req-5b3499af-3fa0-488d-af2a-458167102aab req-aae5d359-dd6e-424e-83b3-720c88d37ebe 7e8c3397ea244e30b50e76312efa1ae9 68f9027fb612461296d282125b56d452 - - default default] 10.0.0.128 "GET /v2.0/security-groups?id=34cd2cd6-10eb-4126-94c3-79c6877a12df&fields=id&fields=name HTTP/1.1" status: 200 len: 312 time: 0.0827529
2026-05-30 10:55:03.586 10 INFO neutron.notifiers.nova [-] Nova event matching ['req-b08aca61-84c0-4f03-bcd7-af43c4b8f6f0'] response: {'server_uuid': 'd7ce62c2-0aa5-43e5-b52d-aea0ade3062c', 'name': 'network-vif-unplugged', 'status': 'completed', 'tag': '8cac1266-472e-401f-9e13-4f4d25714a4c', 'code': 200}
2026-05-30 10:55:03.686 9 INFO neutron.wsgi [req-dbe861c8-3034-4eb9-aaa6-3eed80d56f73 req-9e31aacb-8ad0-4ce4-acd6-6938f08fcfe5 7e8c3397ea244e30b50e76312efa1ae9 68f9027fb612461296d282125b56d452 - - default default] 199.204.45.140 "GET /v2.0/ports?device_id=d7ce62c2-0aa5-43e5-b52d-aea0ade3062c HTTP/1.1" status: 200 len: 1168 time: 0.1031559
2026-05-30 10:55:03.859 10 INFO neutron.db.ovn_revision_numbers_db [None req-537163a6-de87-4853-a837-198c74967fcd - - - - - -] Successfully bumped revision number for resource 8cac1266-472e-401f-9e13-4f4d25714a4c (type: ports) to 7
2026-05-30 10:55:04.151 9 INFO neutron.db.ovn_revision_numbers_db [None req-bd4a6ac4-49c2-424e-8552-968c13609d2a 7d1fa76f769d41bea9c493f5ff0299ba 3b6c1c854c744b89b26af38715383b1d - - default default] Successfully bumped revision number for resource 0e5c9343-cd17-4b98-bc50-af402ddc3a44 (type: security_groups) to 1
2026-05-30 10:55:04.196 9 INFO neutron.db.ovn_revision_numbers_db [None req-bd4a6ac4-49c2-424e-8552-968c13609d2a 7d1fa76f769d41bea9c493f5ff0299ba 3b6c1c854c744b89b26af38715383b1d - - default default] Successfully bumped revision number for resource 2802eae1-437e-4718-974b-54d79a85feaa (type: security_group_rules) to 0
2026-05-30 10:55:04.220 9 INFO neutron.db.ovn_revision_numbers_db [None req-bd4a6ac4-49c2-424e-8552-968c13609d2a 7d1fa76f769d41bea9c493f5ff0299ba 3b6c1c854c744b89b26af38715383b1d - - default default] Successfully bumped revision number for resource 8f6aa738-65c8-462a-916a-6dc101d85eb7 (type: security_group_rules) to 0
2026-05-30 10:55:04.254 10 INFO neutron.wsgi [None req-4d174d86-72bd-415e-b991-a987c8753933 7d1fa76f769d41bea9c493f5ff0299ba 3b6c1c854c744b89b26af38715383b1d - - default default] 10.0.0.53 "DELETE /v2.0/routers/74a4c4b9-abce-4d02-aa01-b2d79c76683a HTTP/1.1" status: 204 len: 168 time: 1.1586864 /var/lib/openstack/lib/python3.10/site-packages/pycadf/identifier.py:71: UserWarning: Invalid uuid: neutron. To ensure interoperability, identifiers should be a valid uuid. warnings.warn(('Invalid uuid: %s. To ensure interoperability, '
2026-05-30 10:55:04.266 9 INFO neutron.db.ovn_revision_numbers_db [None req-bd4a6ac4-49c2-424e-8552-968c13609d2a 7d1fa76f769d41bea9c493f5ff0299ba 3b6c1c854c744b89b26af38715383b1d - - default default] Successfully bumped revision number for resource aab05a6d-8b7c-44cc-aa6e-99ef33b0b2e4 (type: security_group_rules) to 0
2026-05-30 10:55:04.322 9 INFO neutron.db.ovn_revision_numbers_db [None req-bd4a6ac4-49c2-424e-8552-968c13609d2a 7d1fa76f769d41bea9c493f5ff0299ba 3b6c1c854c744b89b26af38715383b1d - - default default] Successfully bumped revision number for resource ee1a72fa-5b26-4efb-82f2-7b51994f1614 (type: security_group_rules) to 0
2026-05-30 10:55:04.369 9 INFO neutron.wsgi [None req-bd4a6ac4-49c2-424e-8552-968c13609d2a 7d1fa76f769d41bea9c493f5ff0299ba 3b6c1c854c744b89b26af38715383b1d - - default default] 10.0.0.53 "GET /v2.0/security-groups?tenant_id=13d4f74390754c038d88e10d1c433294&name=default HTTP/1.1" status: 200 len: 3120 time: 0.7944992
2026-05-30 10:55:04.505 10 INFO neutron.wsgi [None req-e85bb8a2-d850-484a-a438-b323520531ee 7d1fa76f769d41bea9c493f5ff0299ba 3b6c1c854c744b89b26af38715383b1d - - default default] 10.0.0.53 "DELETE /v2.0/subnets/207bafef-8555-4ac7-bd9d-e97cb6ecff64 HTTP/1.1" status: 204 len: 168 time: 0.2469621 /var/lib/openstack/lib/python3.10/site-packages/pycadf/identifier.py:71: UserWarning: Invalid uuid: neutron. To ensure interoperability, identifiers should be a valid uuid. warnings.warn(('Invalid uuid: %s. To ensure interoperability, '
2026-05-30 10:55:04.676 9 WARNING neutron.scheduler.dhcp_agent_scheduler [None req-2ab990d8-e8ba-4933-9a43-60f43ce9277f b3481020561241d8b6c18e31113e6eb8 d3ce4fb1bbb44a2ba63d976a542a9d6f - - default default] No more DHCP agents
2026-05-30 10:55:04.680 9 WARNING neutron.api.rpc.agentnotifiers.dhcp_rpc_agent_api [None req-2ab990d8-e8ba-4933-9a43-60f43ce9277f b3481020561241d8b6c18e31113e6eb8 d3ce4fb1bbb44a2ba63d976a542a9d6f - - default default] Unable to schedule network 4903dbdc-7c38-4d3f-b4fc-00ee3387a22c: no agents available; will retry on subsequent port and subnet creation events.
2026-05-30 10:55:04.688 9 INFO neutron.db.l3_db [req-dbe861c8-3034-4eb9-aaa6-3eed80d56f73 req-b756c8db-97a7-4463-b110-eb395724b668 7e8c3397ea244e30b50e76312efa1ae9 68f9027fb612461296d282125b56d452 - - default default] Floating IP de1f6c06-6a1f-4998-9e21-f93879dbca90 disassociated. External IP: 10.96.250.216, port: 8cac1266-472e-401f-9e13-4f4d25714a4c.
2026-05-30 10:55:04.711 10 INFO neutron.wsgi [None req-2626c211-4026-4f2e-ae68-3ec907217009 7d1fa76f769d41bea9c493f5ff0299ba 3b6c1c854c744b89b26af38715383b1d - - default default] 10.0.0.53 "DELETE /v2.0/security-groups/0e5c9343-cd17-4b98-bc50-af402ddc3a44 HTTP/1.1" status: 204 len: 168 time: 0.3314996
2026-05-30 10:55:04.720 9 INFO neutron.wsgi [req-97264e39-e1df-4f73-93da-bf16addab286 req-21b11527-8066-4652-83eb-3495f4a9ceb3 7e8c3397ea244e30b50e76312efa1ae9 68f9027fb612461296d282125b56d452 - - default default] 10.0.0.128 "GET /v2.0/ports?device_id=d7ce62c2-0aa5-43e5-b52d-aea0ade3062c HTTP/1.1" status: 200 len: 1168 time: 0.0802617
2026-05-30 10:55:04.803 9 INFO neutron.wsgi [req-97264e39-e1df-4f73-93da-bf16addab286 req-cd1485fe-7cdc-4f97-a5de-2b5c3effef74 7e8c3397ea244e30b50e76312efa1ae9 68f9027fb612461296d282125b56d452 - - default default] 10.0.0.128 "GET /v2.0/security-groups?id=34cd2cd6-10eb-4126-94c3-79c6877a12df&fields=id&fields=name HTTP/1.1" status: 200 len: 312 time: 0.0767136
2026-05-30 10:55:04.915 10 INFO neutron.services.segments.plugin [-] Segment 10f53333-1f39-429a-aeec-3befc6b180a2 resource provider aggregate not found
2026-05-30 10:55:04.932 10 INFO neutron.services.segments.plugin [-] Segment 10f53333-1f39-429a-aeec-3befc6b180a2 resource provider not found; error: Placement Client Error (4xx): {"errors": [{"status": 404, "title": "Not Found", "detail": "The resource could not be found.\n\n No resource provider with uuid 10f53333-1f39-429a-aeec-3befc6b180a2 found for delete ", "request_id": "req-52a6915f-b144-4c73-8560-a87589fd9957"}]}
2026-05-30 10:55:04.933 10 INFO neutron.services.segments.plugin [-] Segment 10f53333-1f39-429a-aeec-3befc6b180a2 resource provider aggregate not found
2026-05-30 10:55:04.937 9 INFO neutron.wsgi [req-dbe861c8-3034-4eb9-aaa6-3eed80d56f73 req-b756c8db-97a7-4463-b110-eb395724b668 7e8c3397ea244e30b50e76312efa1ae9 68f9027fb612461296d282125b56d452 - - default default] 199.204.45.140 "DELETE /v2.0/ports/8cac1266-472e-401f-9e13-4f4d25714a4c HTTP/1.1" status: 204 len: 173 time: 1.2446499
2026-05-30 10:55:04.946 9 INFO neutron.db.ovn_revision_numbers_db [None req-2ab990d8-e8ba-4933-9a43-60f43ce9277f b3481020561241d8b6c18e31113e6eb8 d3ce4fb1bbb44a2ba63d976a542a9d6f - - default default] Successfully bumped revision number for resource 1e1464a9-b106-41fa-900d-30a1459fdcd5 (type: ports) to 1
2026-05-30 10:55:04.958 10 INFO neutron.services.segments.plugin [-] Segment 10f53333-1f39-429a-aeec-3befc6b180a2 resource provider not found; error: Placement Client Error (4xx): {"errors": [{"status": 404, "title": "Not Found", "detail": "The resource could not be found.\n\n No resource provider with uuid 10f53333-1f39-429a-aeec-3befc6b180a2 found for delete ", "request_id": "req-9bfff4cc-9074-48c2-ad27-5f32df721358"}]}
2026-05-30 10:55:04.963 10 INFO neutron.wsgi [None req-f457298a-a87b-4c9d-adc3-61e6711c2cf1 7d1fa76f769d41bea9c493f5ff0299ba 3b6c1c854c744b89b26af38715383b1d - - default default] 10.0.0.53 "DELETE /v2.0/networks/6c746888-f8dd-46e6-ad09-05c564af0112 HTTP/1.1" status: 204 len: 168 time: 0.4484820
2026-05-30 10:55:04.995 9 INFO neutron.notifiers.nova [-] Nova event matching ['req-ecadbe82-12d5-42db-8f28-b60e7534c693'] response: {'server_uuid': 'd7ce62c2-0aa5-43e5-b52d-aea0ade3062c', 'name': 'network-vif-deleted', 'tag': '8cac1266-472e-401f-9e13-4f4d25714a4c', 'status': 'completed', 'code': 200}
2026-05-30 10:55:05.290 10 INFO neutron.wsgi [None req-b648d56b-e8ba-45e3-bddf-40ff1d374511 7d1fa76f769d41bea9c493f5ff0299ba 3b6c1c854c744b89b26af38715383b1d - - default default] 10.0.0.53 "GET /v2.0/security-groups?tenant_id=df3e2d529e1a43dc9aad57387629ffcd&name=default HTTP/1.1" status: 200 len: 3120 time: 0.0477548
2026-05-30 10:55:05.639 10 INFO neutron.notifiers.nova [-] Nova event matching ['req-2ad253a9-9d98-4e32-a835-59621d8dc331'] response: {'server_uuid': 'd7ce62c2-0aa5-43e5-b52d-aea0ade3062c', 'name': 'network-vif-unplugged', 'status': 'completed', 'tag': '8cac1266-472e-401f-9e13-4f4d25714a4c', 'code': 200}
2026-05-30 10:55:05.656 9 INFO neutron.wsgi [None req-6fb6b7de-e0b4-405a-982f-13160033bd6c 7d1fa76f769d41bea9c493f5ff0299ba 3b6c1c854c744b89b26af38715383b1d - - default default] 10.0.0.53 "DELETE /v2.0/security-groups/2784dcfd-dd20-490b-9849-06c059f135ff HTTP/1.1" status: 204 len: 168 time: 0.3592215
2026-05-30 10:55:05.778 9 INFO neutron.plugins.ml2.drivers.ovn.mech_driver.ovsdb.commands [None req-49c2247c-a079-4f1b-beb9-9c783cea9db1 - - - - - -] Schedule LRP lrp-1e1464a9-b106-41fa-900d-30a1459fdcd5 on gateway d3b68d65-ac6f-4900-b28b-354ab63efd72 with priority 1
2026-05-30 10:55:05.788 9 INFO neutron.plugins.ml2.drivers.ovn.mech_driver.mech_driver [None req-48d70b58-30ac-4872-969f-fd49bcde0830 - - - - - -] OVN reports status up for port: 1e1464a9-b106-41fa-900d-30a1459fdcd5
2026-05-30 10:55:05.799 9 INFO neutron.plugins.ml2.plugin [None req-48d70b58-30ac-4872-969f-fd49bcde0830 - - - - - -] Attempt 1 to provision port 1e1464a9-b106-41fa-900d-30a1459fdcd5
2026-05-30 10:55:06.058 10 INFO neutron.wsgi [None req-6cc7bd69-5abc-43c6-b11c-62aadb139131 7e8c3397ea244e30b50e76312efa1ae9 68f9027fb612461296d282125b56d452 - - default default] 10.0.0.53 "DELETE /v2.0/security-groups/34cd2cd6-10eb-4126-94c3-79c6877a12df HTTP/1.1" status: 204 len: 168 time: 0.1499825
2026-05-30 10:55:06.077 10 INFO neutron.api.v2.resource [None req-0f2e3e7d-1993-4ae4-b8d3-c34d51f1cac4 7e8c3397ea244e30b50e76312efa1ae9 68f9027fb612461296d282125b56d452 - - default default] show failed (client error): The resource could not be found.
2026-05-30 10:55:06.078 10 INFO neutron.wsgi [None req-0f2e3e7d-1993-4ae4-b8d3-c34d51f1cac4 7e8c3397ea244e30b50e76312efa1ae9 68f9027fb612461296d282125b56d452 - - default default] 10.0.0.53 "GET /v2.0/security-groups/34cd2cd6-10eb-4126-94c3-79c6877a12df HTTP/1.1" status: 404 len: 347 time: 0.0146596
2026-05-30 10:55:06.231 9 INFO neutron.db.ovn_revision_numbers_db [None req-2ab990d8-e8ba-4933-9a43-60f43ce9277f b3481020561241d8b6c18e31113e6eb8 d3ce4fb1bbb44a2ba63d976a542a9d6f - - default default] Successfully bumped revision number for resource 1e1464a9-b106-41fa-900d-30a1459fdcd5 (type: router_ports) to 1
2026-05-30 10:55:06.330 9 INFO neutron.db.ovn_revision_numbers_db [None req-2ab990d8-e8ba-4933-9a43-60f43ce9277f b3481020561241d8b6c18e31113e6eb8 d3ce4fb1bbb44a2ba63d976a542a9d6f - - default default] Successfully bumped revision number for resource 8c1fb3f7-9a09-468f-a7c6-21350822d02b (type: routers) to 2
2026-05-30 10:55:06.350 9 INFO neutron.wsgi [None req-2ab990d8-e8ba-4933-9a43-60f43ce9277f b3481020561241d8b6c18e31113e6eb8 d3ce4fb1bbb44a2ba63d976a542a9d6f - - default default] 10.0.0.53 "POST /v2.0/routers HTTP/1.1" status: 201 len: 1154 time: 2.8101978
2026-05-30 10:55:06.458 10 INFO neutron.wsgi [None req-33daf5af-aedb-4397-9387-337ebfe0b66a 7e8c3397ea244e30b50e76312efa1ae9 68f9027fb612461296d282125b56d452 - - default default] 10.0.0.53 "DELETE /v2.0/floatingips/de1f6c06-6a1f-4998-9e21-f93879dbca90 HTTP/1.1" status: 204 len: 168 time: 0.3764009
2026-05-30 10:55:07.547 9 WARNING neutron.scheduler.dhcp_agent_scheduler [None req-64af6d87-351f-4821-a241-b2e01efe4cf5 b3481020561241d8b6c18e31113e6eb8 d3ce4fb1bbb44a2ba63d976a542a9d6f - - default default] No more DHCP agents
2026-05-30 10:55:07.552 9 WARNING neutron.api.rpc.agentnotifiers.dhcp_rpc_agent_api [None req-64af6d87-351f-4821-a241-b2e01efe4cf5 b3481020561241d8b6c18e31113e6eb8 d3ce4fb1bbb44a2ba63d976a542a9d6f - - default default] Unable to schedule network 38e2d068-35c3-4c1d-8715-78607da6e119: no agents available; will retry on subsequent port and subnet creation events.
2026-05-30 10:55:07.784 10 INFO neutron.db.ovn_revision_numbers_db [None req-ad3228a8-b4f6-4ec6-9ed0-5d999cfc5d08 7d1fa76f769d41bea9c493f5ff0299ba 3b6c1c854c744b89b26af38715383b1d - - default default] Successfully bumped revision number for resource b2af0836-4390-4101-849c-bf57ada9526d (type: security_groups) to 1
2026-05-30 10:55:07.796 9 INFO neutron.db.ovn_revision_numbers_db [None req-64af6d87-351f-4821-a241-b2e01efe4cf5 b3481020561241d8b6c18e31113e6eb8 d3ce4fb1bbb44a2ba63d976a542a9d6f - - default default] Successfully bumped revision number for resource 730c350d-9d6d-4d90-ad8b-743874f19780 (type: ports) to 1
2026-05-30 10:55:07.799 10 INFO neutron.db.ovn_revision_numbers_db [None req-ad3228a8-b4f6-4ec6-9ed0-5d999cfc5d08 7d1fa76f769d41bea9c493f5ff0299ba 3b6c1c854c744b89b26af38715383b1d - - default default] Successfully bumped revision number for resource 222bb15d-2e54-447c-9bfb-f5c71ca2cd81 (type: security_group_rules) to 0
2026-05-30 10:55:07.814 10 INFO neutron.db.ovn_revision_numbers_db [None req-ad3228a8-b4f6-4ec6-9ed0-5d999cfc5d08 7d1fa76f769d41bea9c493f5ff0299ba 3b6c1c854c744b89b26af38715383b1d - - default default] Successfully bumped revision number for resource a847a987-7039-4533-8e59-87bb268840ff (type: security_group_rules) to 0
2026-05-30 10:55:07.832 10 INFO neutron.db.ovn_revision_numbers_db [None req-ad3228a8-b4f6-4ec6-9ed0-5d999cfc5d08 7d1fa76f769d41bea9c493f5ff0299ba 3b6c1c854c744b89b26af38715383b1d - - default default] Successfully bumped revision number for resource b74edae8-3e76-4823-b09d-8b9e3e1ccf7b (type: security_group_rules) to 0
2026-05-30 10:55:07.855 10 INFO neutron.db.ovn_revision_numbers_db [None req-ad3228a8-b4f6-4ec6-9ed0-5d999cfc5d08 7d1fa76f769d41bea9c493f5ff0299ba 3b6c1c854c744b89b26af38715383b1d - - default default] Successfully bumped revision number for resource be127851-4fe7-45d9-88ba-d3dea577016d (type: security_group_rules) to 0
2026-05-30 10:55:07.919 10 INFO neutron.db.segments_db [None req-ad3228a8-b4f6-4ec6-9ed0-5d999cfc5d08 7d1fa76f769d41bea9c493f5ff0299ba 3b6c1c854c744b89b26af38715383b1d - - default default] Added segment 33f83171-3477-42c6-9abd-c84d8c552475 of type geneve for network aa379350-4e16-448c-8fe2-430d3db41ec1
2026-05-30 10:55:08.059 10 INFO neutron.db.ovn_revision_numbers_db [None req-ad3228a8-b4f6-4ec6-9ed0-5d999cfc5d08 7d1fa76f769d41bea9c493f5ff0299ba 3b6c1c854c744b89b26af38715383b1d - - default default] Successfully bumped revision number for resource aa379350-4e16-448c-8fe2-430d3db41ec1 (type: networks) to 1
2026-05-30 10:55:08.270 10 WARNING neutron.scheduler.dhcp_agent_scheduler [None req-ad3228a8-b4f6-4ec6-9ed0-5d999cfc5d08 7d1fa76f769d41bea9c493f5ff0299ba 3b6c1c854c744b89b26af38715383b1d - - default default] No more DHCP agents
2026-05-30 10:55:08.272 10 WARNING neutron.api.rpc.agentnotifiers.dhcp_rpc_agent_api [None req-ad3228a8-b4f6-4ec6-9ed0-5d999cfc5d08 7d1fa76f769d41bea9c493f5ff0299ba 3b6c1c854c744b89b26af38715383b1d - - default default] Unable to schedule network aa379350-4e16-448c-8fe2-430d3db41ec1: no agents available; will retry on subsequent port and subnet creation events.
2026-05-30 10:55:08.370 10 INFO neutron.db.ovn_revision_numbers_db [None req-ad3228a8-b4f6-4ec6-9ed0-5d999cfc5d08 7d1fa76f769d41bea9c493f5ff0299ba 3b6c1c854c744b89b26af38715383b1d - - default default] Successfully bumped revision number for resource 91103f0c-be9f-46f2-b809-8f237060e47d (type: ports) to 1
2026-05-30 10:55:08.393 10 INFO neutron.wsgi [None req-ad3228a8-b4f6-4ec6-9ed0-5d999cfc5d08 7d1fa76f769d41bea9c493f5ff0299ba 3b6c1c854c744b89b26af38715383b1d - - default default] 10.0.0.53 "POST /v2.0/networks HTTP/1.1" status: 201 len: 945 time: 1.0250506
2026-05-30 10:55:08.592 10 WARNING neutron.scheduler.dhcp_agent_scheduler [None req-5174eaa1-0c26-466d-902f-f64966818bda 7d1fa76f769d41bea9c493f5ff0299ba 3b6c1c854c744b89b26af38715383b1d - - default default] No more DHCP agents
2026-05-30 10:55:08.594 10 WARNING neutron.api.rpc.agentnotifiers.dhcp_rpc_agent_api [None req-5174eaa1-0c26-466d-902f-f64966818bda 7d1fa76f769d41bea9c493f5ff0299ba 3b6c1c854c744b89b26af38715383b1d - - default default] Unable to schedule network aa379350-4e16-448c-8fe2-430d3db41ec1: no agents available; will retry on subsequent port and subnet creation events.
2026-05-30 10:55:08.601 9 INFO neutron.wsgi [None req-e548b8fe-9618-4af5-8183-d18819f2b118 7d1fa76f769d41bea9c493f5ff0299ba 3b6c1c854c744b89b26af38715383b1d - - default default] 10.0.0.53 "PUT /v2.0/routers/17e66ab5-bbf1-4844-83d1-5f583550288e/remove_router_interface HTTP/1.1" status: 200 len: 503 time: 2.0508599
2026-05-30 10:55:08.721 9 ERROR ovsdbapp.backend.ovs_idl.command [None req-64af6d87-351f-4821-a241-b2e01efe4cf5 b3481020561241d8b6c18e31113e6eb8 d3ce4fb1bbb44a2ba63d976a542a9d6f - - default default] Error executing command (DbGetCommand): ovsdbapp.backend.ovs_idl.idlutils.RowNotFound: Cannot find Logical_Router_Port with name=lrp-730c350d-9d6d-4d90-ad8b-743874f19780
2026-05-30 10:55:08.721 9 ERROR ovsdbapp.backend.ovs_idl.command
Traceback (most recent call last):
2026-05-30 10:55:08.721 9 ERROR ovsdbapp.backend.ovs_idl.command
File "/var/lib/openstack/lib/python3.10/site-packages/ovsdbapp/backend/ovs_idl/command.py", line 47, in execute
2026-05-30 10:55:08.721 9 ERROR ovsdbapp.backend.ovs_idl.command self.run_idl(None)
2026-05-30 10:55:08.721 9 ERROR ovsdbapp.backend.ovs_idl.command
File "/var/lib/openstack/lib/python3.10/site-packages/ovsdbapp/backend/ovs_idl/command.py", line 235, in run_idl
2026-05-30 10:55:08.721 9 ERROR ovsdbapp.backend.ovs_idl.command record = self.api.lookup(self.table, self.record)
2026-05-30 10:55:08.721 9 ERROR ovsdbapp.backend.ovs_idl.command
File "/var/lib/openstack/lib/python3.10/site-packages/ovsdbapp/backend/ovs_idl/__init__.py", line 184, in lookup
2026-05-30 10:55:08.721 9 ERROR ovsdbapp.backend.ovs_idl.command return self._lookup(table, record)
2026-05-30 10:55:08.721 9 ERROR ovsdbapp.backend.ovs_idl.command
File "/var/lib/openstack/lib/python3.10/site-packages/ovsdbapp/backend/ovs_idl/__init__.py", line 235, in _lookup
2026-05-30 10:55:08.721 9 ERROR ovsdbapp.backend.ovs_idl.command row = idlutils.row_by_value(self, rl.table, rl.column, record)
2026-05-30 10:55:08.721 9 ERROR ovsdbapp.backend.ovs_idl.command
File "/var/lib/openstack/lib/python3.10/site-packages/ovsdbapp/backend/ovs_idl/idlutils.py", line 114, in row_by_value
2026-05-30 10:55:08.721 9 ERROR ovsdbapp.backend.ovs_idl.command raise RowNotFound(table=table, col=column, match=match)
2026-05-30 10:55:08.721 9 ERROR ovsdbapp.backend.ovs_idl.command ovsdbapp.backend.ovs_idl.idlutils.RowNotFound: Cannot find Logical_Router_Port with name=lrp-730c350d-9d6d-4d90-ad8b-743874f19780
2026-05-30 10:55:08.721 9 ERROR ovsdbapp.backend.ovs_idl.command 
2026-05-30 10:55:08.722 9 ERROR neutron_lib.callbacks.manager [None req-64af6d87-351f-4821-a241-b2e01efe4cf5 b3481020561241d8b6c18e31113e6eb8 d3ce4fb1bbb44a2ba63d976a542a9d6f - - default default] Error during notification for neutron.services.ovn_l3.plugin.OVNL3RouterPlugin._port_update-8767237304047 port, after_update: ovsdbapp.backend.ovs_idl.idlutils.RowNotFound: Cannot find Logical_Router_Port with name=lrp-730c350d-9d6d-4d90-ad8b-743874f19780
2026-05-30 10:55:08.722 9 ERROR neutron_lib.callbacks.manager
Traceback (most recent call last):
2026-05-30 10:55:08.722 9 ERROR neutron_lib.callbacks.manager
File "/var/lib/openstack/lib/python3.10/site-packages/neutron_lib/callbacks/manager.py", line 189, in _notify_loop
2026-05-30 10:55:08.722 9 ERROR neutron_lib.callbacks.manager callback.method(resource, event, trigger, payload=payload)
2026-05-30 10:55:08.722 9 ERROR neutron_lib.callbacks.manager
File "/var/lib/openstack/lib/python3.10/site-packages/neutron/services/ovn_l3/plugin.py", line 391, in _port_update
2026-05-30 10:55:08.722 9 ERROR neutron_lib.callbacks.manager l3plugin._ovn_client.update_router_port(context,
2026-05-30 10:55:08.722 9 ERROR neutron_lib.callbacks.manager
File "/var/lib/openstack/lib/python3.10/site-packages/neutron/plugins/ml2/drivers/ovn/mech_driver/ovsdb/ovn_client.py", line 1878, in update_router_port
2026-05-30 10:55:08.722 9 ERROR neutron_lib.callbacks.manager self._update_lrouter_port(context, port, if_exists=if_exists,
2026-05-30 10:55:08.722 9 ERROR neutron_lib.callbacks.manager
File "/var/lib/openstack/lib/python3.10/site-packages/neutron/plugins/ml2/drivers/ovn/mech_driver/ovsdb/ovn_client.py", line 1855, in _update_lrouter_port
2026-05-30 10:55:08.722 9 ERROR neutron_lib.callbacks.manager external_ids = self._nb_idl.db_get(
2026-05-30 10:55:08.722 9 ERROR neutron_lib.callbacks.manager
File "/var/lib/openstack/lib/python3.10/site-packages/ovsdbapp/backend/ovs_idl/command.py", line 47, in execute
2026-05-30 10:55:08.722 9 ERROR neutron_lib.callbacks.manager self.run_idl(None)
2026-05-30 10:55:08.722 9 ERROR neutron_lib.callbacks.manager
File "/var/lib/openstack/lib/python3.10/site-packages/ovsdbapp/backend/ovs_idl/command.py", line 235, in run_idl
2026-05-30 10:55:08.722 9 ERROR neutron_lib.callbacks.manager record = self.api.lookup(self.table, self.record)
2026-05-30 10:55:08.722 9 ERROR neutron_lib.callbacks.manager
File "/var/lib/openstack/lib/python3.10/site-packages/ovsdbapp/backend/ovs_idl/__init__.py", line 184, in lookup
2026-05-30 10:55:08.722 9 ERROR neutron_lib.callbacks.manager return self._lookup(table, record)
2026-05-30 10:55:08.722 9 ERROR neutron_lib.callbacks.manager
File "/var/lib/openstack/lib/python3.10/site-packages/ovsdbapp/backend/ovs_idl/__init__.py", line 235, in _lookup
2026-05-30 10:55:08.722 9 ERROR neutron_lib.callbacks.manager row = idlutils.row_by_value(self, rl.table, rl.column, record)
2026-05-30 10:55:08.722 9 ERROR neutron_lib.callbacks.manager
File "/var/lib/openstack/lib/python3.10/site-packages/ovsdbapp/backend/ovs_idl/idlutils.py", line 114, in row_by_value
2026-05-30 10:55:08.722 9 ERROR neutron_lib.callbacks.manager raise RowNotFound(table=table, col=column, match=match)
2026-05-30 10:55:08.722 9 ERROR neutron_lib.callbacks.manager ovsdbapp.backend.ovs_idl.idlutils.RowNotFound: Cannot find Logical_Router_Port with name=lrp-730c350d-9d6d-4d90-ad8b-743874f19780
2026-05-30 10:55:08.722 9 ERROR neutron_lib.callbacks.manager 
2026-05-30 10:55:09.026 9 INFO neutron.db.ovn_revision_numbers_db [None req-64af6d87-351f-4821-a241-b2e01efe4cf5 b3481020561241d8b6c18e31113e6eb8 d3ce4fb1bbb44a2ba63d976a542a9d6f - - default default] Successfully bumped revision number for resource 730c350d-9d6d-4d90-ad8b-743874f19780 (type: ports) to 1 /var/lib/openstack/lib/python3.10/site-packages/pycadf/identifier.py:71: UserWarning: Invalid uuid: neutron. To ensure interoperability, identifiers should be a valid uuid. warnings.warn(('Invalid uuid: %s. To ensure interoperability, '
2026-05-30 10:55:09.145 9 WARNING neutron.scheduler.dhcp_agent_scheduler [None req-64af6d87-351f-4821-a241-b2e01efe4cf5 b3481020561241d8b6c18e31113e6eb8 d3ce4fb1bbb44a2ba63d976a542a9d6f - - default default] No more DHCP agents
2026-05-30 10:55:09.148 9 WARNING neutron.api.rpc.agentnotifiers.dhcp_rpc_agent_api [None req-64af6d87-351f-4821-a241-b2e01efe4cf5 b3481020561241d8b6c18e31113e6eb8 d3ce4fb1bbb44a2ba63d976a542a9d6f - - default default] Unable to schedule network 38e2d068-35c3-4c1d-8715-78607da6e119: no agents available; will retry on subsequent port and subnet creation events.
2026-05-30 10:55:09.247 9 INFO neutron.db.ovn_revision_numbers_db [None req-90af8c3f-7bf3-4d90-b0fa-d6c265e87a7f 7d1fa76f769d41bea9c493f5ff0299ba 3b6c1c854c744b89b26af38715383b1d - - default default] Successfully bumped revision number for resource acf6e426-6118-4ed2-9523-393cb7930136 (type: security_groups) to 1
2026-05-30 10:55:09.283 9 INFO neutron.db.ovn_revision_numbers_db [None req-90af8c3f-7bf3-4d90-b0fa-d6c265e87a7f 7d1fa76f769d41bea9c493f5ff0299ba 3b6c1c854c744b89b26af38715383b1d - - default default] Successfully bumped revision number for resource 3912eb1f-d618-4e7b-9b75-405f1dc3310d (type: security_group_rules) to 0
2026-05-30 10:55:09.302 9 INFO neutron.db.ovn_revision_numbers_db [None req-90af8c3f-7bf3-4d90-b0fa-d6c265e87a7f 7d1fa76f769d41bea9c493f5ff0299ba 3b6c1c854c744b89b26af38715383b1d - - default default] Successfully bumped revision number for resource 9d691410-b7db-430f-816e-c23909c8ae83 (type: security_group_rules) to 0
2026-05-30 10:55:09.321 9 INFO neutron.db.ovn_revision_numbers_db [None req-90af8c3f-7bf3-4d90-b0fa-d6c265e87a7f 7d1fa76f769d41bea9c493f5ff0299ba 3b6c1c854c744b89b26af38715383b1d - - default default] Successfully bumped revision number for resource b859321c-9f8f-42ce-bcbf-1e91eedd6274 (type: security_group_rules) to 0
2026-05-30 10:55:09.334 9 INFO neutron.db.ovn_revision_numbers_db [None req-90af8c3f-7bf3-4d90-b0fa-d6c265e87a7f 7d1fa76f769d41bea9c493f5ff0299ba 3b6c1c854c744b89b26af38715383b1d - - default default] Successfully bumped revision number for resource f357dc4a-ea2d-42de-916b-c922749f5b7c (type: security_group_rules) to 0
2026-05-30 10:55:09.357 9 INFO neutron.wsgi [None req-90af8c3f-7bf3-4d90-b0fa-d6c265e87a7f 7d1fa76f769d41bea9c493f5ff0299ba 3b6c1c854c744b89b26af38715383b1d - - default default] 10.0.0.53 "GET /v2.0/security-groups?tenant_id=d5d14c710ae14af09e68efb78ae20ebb&name=default HTTP/1.1" status: 200 len: 3120 time: 0.4490268
2026-05-30 10:55:09.821 9 INFO neutron.db.ovn_revision_numbers_db [None req-64af6d87-351f-4821-a241-b2e01efe4cf5 b3481020561241d8b6c18e31113e6eb8 d3ce4fb1bbb44a2ba63d976a542a9d6f - - default default] Successfully bumped revision number for resource 730c350d-9d6d-4d90-ad8b-743874f19780 (type: router_ports) to 1
2026-05-30 10:55:09.821 10 INFO neutron.db.ovn_revision_numbers_db [None req-5174eaa1-0c26-466d-902f-f64966818bda 7d1fa76f769d41bea9c493f5ff0299ba 3b6c1c854c744b89b26af38715383b1d - - default default] Successfully bumped revision number for resource 91103f0c-be9f-46f2-b809-8f237060e47d (type: ports) to 2
2026-05-30 10:55:09.830 9 INFO neutron.wsgi [None req-64af6d87-351f-4821-a241-b2e01efe4cf5 b3481020561241d8b6c18e31113e6eb8 d3ce4fb1bbb44a2ba63d976a542a9d6f - - default default] 10.0.0.53 "PUT /v2.0/routers/8c1fb3f7-9a09-468f-a7c6-21350822d02b/add_router_interface HTTP/1.1" status: 200 len: 503 time: 3.4750600
2026-05-30 10:55:09.839 9 WARNING neutron_lib.context [None req-03cb5332-5185-4cd2-80a8-210f0c012049 b3481020561241d8b6c18e31113e6eb8 d3ce4fb1bbb44a2ba63d976a542a9d6f - - default default] Method 'is_advsvc' is deprecated since 2023.2 release (neutron-lib 3.8.0) and will be removed once support for the old RBAC API policies will be removed from Neutron. Please use method 'is_service_role' instead.
2026-05-30 10:55:09.932 10 INFO neutron.wsgi [None req-91a7151e-4013-4513-8e99-9075b4077cbf 7d1fa76f769d41bea9c493f5ff0299ba 3b6c1c854c744b89b26af38715383b1d - - default default] 10.0.0.53 "DELETE /v2.0/security-groups/acf6e426-6118-4ed2-9523-393cb7930136 HTTP/1.1" status: 204 len: 168 time: 0.5701087
2026-05-30 10:55:09.934 10 INFO neutron.db.ovn_revision_numbers_db [None req-5174eaa1-0c26-466d-902f-f64966818bda 7d1fa76f769d41bea9c493f5ff0299ba 3b6c1c854c744b89b26af38715383b1d - - default default] Successfully bumped revision number for resource 882fc57b-22b1-4ccd-9a8f-3eff332e0ceb (type: subnets) to 0
2026-05-30 10:55:09.969 10 INFO neutron.wsgi [None req-5174eaa1-0c26-466d-902f-f64966818bda 7d1fa76f769d41bea9c493f5ff0299ba 3b6c1c854c744b89b26af38715383b1d - - default default] 10.0.0.53 "POST /v2.0/subnets HTTP/1.1" status: 201 len: 865 time: 1.5566077
2026-05-30 10:55:10.229 10 INFO neutron.wsgi [None req-afb67726-bf4e-4b27-9389-d079e4320494 7d1fa76f769d41bea9c493f5ff0299ba 3b6c1c854c744b89b26af38715383b1d - - default default] 10.0.0.53 "DELETE /v2.0/routers/17e66ab5-bbf1-4844-83d1-5f583550288e HTTP/1.1" status: 204 len: 168 time: 1.6202929
2026-05-30 10:55:10.272 10 INFO neutron.db.ovn_revision_numbers_db [None req-060a5f65-e06a-46b7-81de-7a4a1ddce060 7d1fa76f769d41bea9c493f5ff0299ba 3b6c1c854c744b89b26af38715383b1d - - default default] Successfully bumped revision number for resource 44578e6a-b480-4724-8930-fffea5ae7f9a (type: security_groups) to 1
2026-05-30 10:55:10.299 10 INFO neutron.db.ovn_revision_numbers_db [None req-060a5f65-e06a-46b7-81de-7a4a1ddce060 7d1fa76f769d41bea9c493f5ff0299ba 3b6c1c854c744b89b26af38715383b1d - - default default] Successfully bumped revision number for resource 1a2a2ec7-72f9-4b34-8453-35806e17a6dc (type: security_group_rules) to 0
2026-05-30 10:55:10.326 10 INFO neutron.db.ovn_revision_numbers_db [None req-060a5f65-e06a-46b7-81de-7a4a1ddce060 7d1fa76f769d41bea9c493f5ff0299ba 3b6c1c854c744b89b26af38715383b1d - - default default] Successfully bumped revision number for resource 4e56f634-1df7-4660-994e-4b2d1f48f7bc (type: security_group_rules) to 0
2026-05-30 10:55:10.346 10 INFO neutron.db.ovn_revision_numbers_db [None req-060a5f65-e06a-46b7-81de-7a4a1ddce060 7d1fa76f769d41bea9c493f5ff0299ba 3b6c1c854c744b89b26af38715383b1d - - default default] Successfully bumped revision number for resource 96db3b66-5f6a-459b-8e2d-c0225e07d4b3 (type: security_group_rules) to 0
2026-05-30 10:55:10.349 9 WARNING neutron.scheduler.dhcp_agent_scheduler [None req-03cb5332-5185-4cd2-80a8-210f0c012049 b3481020561241d8b6c18e31113e6eb8 d3ce4fb1bbb44a2ba63d976a542a9d6f - - default default] No more DHCP agents
2026-05-30 10:55:10.355 9 WARNING neutron.api.rpc.agentnotifiers.dhcp_rpc_agent_api [None req-03cb5332-5185-4cd2-80a8-210f0c012049 b3481020561241d8b6c18e31113e6eb8 d3ce4fb1bbb44a2ba63d976a542a9d6f - - default default] Unable to schedule network 38e2d068-35c3-4c1d-8715-78607da6e119: no agents available; will retry on subsequent port and subnet creation events.
2026-05-30 10:55:10.368 10 INFO neutron.db.ovn_revision_numbers_db [None req-060a5f65-e06a-46b7-81de-7a4a1ddce060 7d1fa76f769d41bea9c493f5ff0299ba 3b6c1c854c744b89b26af38715383b1d - - default default] Successfully bumped revision number for resource ccf9afb5-74d1-48e6-9503-066f7ee1b061 (type: security_group_rules) to 0
2026-05-30 10:55:10.402 10 INFO neutron.wsgi [None req-060a5f65-e06a-46b7-81de-7a4a1ddce060 7d1fa76f769d41bea9c493f5ff0299ba 3b6c1c854c744b89b26af38715383b1d - - default default] 10.0.0.53 "GET /v2.0/security-groups?tenant_id=546f6b94b7584916a52dcf50fe33ad80&name=default HTTP/1.1" status: 200 len: 3120 time: 0.3797545
2026-05-30 10:55:10.494 10 INFO neutron.wsgi [None req-d16748d4-285c-4316-973d-07a63215d999 7d1fa76f769d41bea9c493f5ff0299ba 3b6c1c854c744b89b26af38715383b1d - - default default] 10.0.0.53 "DELETE /v2.0/subnets/c0e7b1f5-3911-4226-8935-15174a87d1df HTTP/1.1" status: 204 len: 168 time: 0.2601695
2026-05-30 10:55:10.584 9 INFO neutron.db.ovn_revision_numbers_db [None req-03cb5332-5185-4cd2-80a8-210f0c012049 b3481020561241d8b6c18e31113e6eb8 d3ce4fb1bbb44a2ba63d976a542a9d6f - - default default] Successfully bumped revision number for resource df674757-6fc8-41a0-b677-460db2911717 (type: ports) to 1
2026-05-30 10:55:10.613 9 INFO neutron.wsgi [None req-03cb5332-5185-4cd2-80a8-210f0c012049 b3481020561241d8b6c18e31113e6eb8 d3ce4fb1bbb44a2ba63d976a542a9d6f - - default default] 10.0.0.53 "POST /v2.0/ports HTTP/1.1" status: 201 len: 1153 time: 0.7780554
2026-05-30 10:55:10.624 9 WARNING neutron.scheduler.dhcp_agent_scheduler [None req-840f6962-f42c-4f04-90b7-aff6cc07b912 7d1fa76f769d41bea9c493f5ff0299ba 3b6c1c854c744b89b26af38715383b1d - - default default] No more DHCP agents
2026-05-30 10:55:10.626 10 WARNING neutron_lib.context [None req-55c32a08-3482-4945-aa28-97320679ebaa b3481020561241d8b6c18e31113e6eb8 d3ce4fb1bbb44a2ba63d976a542a9d6f - - default default] Method 'is_advsvc' is deprecated since 2023.2 release (neutron-lib 3.8.0) and will be removed once support for the old RBAC API policies will be removed from Neutron. Please use method 'is_service_role' instead.
2026-05-30 10:55:10.627 9 WARNING neutron.api.rpc.agentnotifiers.dhcp_rpc_agent_api [None req-840f6962-f42c-4f04-90b7-aff6cc07b912 7d1fa76f769d41bea9c493f5ff0299ba 3b6c1c854c744b89b26af38715383b1d - - default default] Unable to schedule network 4903dbdc-7c38-4d3f-b4fc-00ee3387a22c: no agents available; will retry on subsequent port and subnet creation events.
2026-05-30 10:55:10.782 9 INFO neutron.db.ovn_revision_numbers_db [None req-840f6962-f42c-4f04-90b7-aff6cc07b912 7d1fa76f769d41bea9c493f5ff0299ba 3b6c1c854c744b89b26af38715383b1d - - default default] Successfully bumped revision number for resource dd20f2ab-76bd-4246-aec2-8689853d48bf (type: ports) to 1
2026-05-30 10:55:10.792 10 INFO neutron.wsgi [None req-b538caf9-479e-4bb3-979b-045d73c58c3a 7d1fa76f769d41bea9c493f5ff0299ba 3b6c1c854c744b89b26af38715383b1d - - default default] 10.0.0.53 "DELETE /v2.0/security-groups/44578e6a-b480-4724-8930-fffea5ae7f9a HTTP/1.1" status: 204 len: 168 time: 0.3824248
2026-05-30 10:55:11.066 10 INFO neutron.services.segments.plugin [-] Segment c5cf538e-d6b8-4fe7-8b9e-ab35a30b8448 resource provider aggregate not found
2026-05-30 10:55:11.074 10 INFO neutron.services.segments.plugin [-] Segment c5cf538e-d6b8-4fe7-8b9e-ab35a30b8448 resource provider aggregate not found
2026-05-30 10:55:11.086 10 INFO neutron.services.segments.plugin [-] Segment c5cf538e-d6b8-4fe7-8b9e-ab35a30b8448 resource provider not found; error: Placement Client Error (4xx): {"errors": [{"status": 404, "title": "Not Found", "detail": "The resource could not be found.\n\n No resource provider with uuid c5cf538e-d6b8-4fe7-8b9e-ab35a30b8448 found for delete ", "request_id": "req-d0d14337-3afa-4d9d-b9c5-721d0ed26a2b"}]}
2026-05-30 10:55:11.089 10 INFO neutron.services.segments.plugin [-] Segment c5cf538e-d6b8-4fe7-8b9e-ab35a30b8448 resource provider not found; error: Placement Client Error (4xx): {"errors": [{"status": 404, "title": "Not Found", "detail": "The resource could not be found.\n\n No resource provider with uuid c5cf538e-d6b8-4fe7-8b9e-ab35a30b8448 found for delete ", "request_id": "req-eb9a2805-6b40-47f0-ae3f-50cf0afba212"}]}
2026-05-30 10:55:11.124 10 INFO neutron.wsgi [None req-12eef128-637d-42f3-984b-374eb8ac556e 7d1fa76f769d41bea9c493f5ff0299ba 3b6c1c854c744b89b26af38715383b1d - - default default] 10.0.0.53 "DELETE /v2.0/networks/0f77d77b-1b2e-4f5e-8807-018f992566cf HTTP/1.1" status: 204 len: 168 time: 0.6219919
2026-05-30 10:55:11.181 10 WARNING neutron.scheduler.dhcp_agent_scheduler [None req-55c32a08-3482-4945-aa28-97320679ebaa b3481020561241d8b6c18e31113e6eb8 d3ce4fb1bbb44a2ba63d976a542a9d6f - - default default] No more DHCP agents
2026-05-30 10:55:11.182 10 WARNING neutron.api.rpc.agentnotifiers.dhcp_rpc_agent_api [None req-55c32a08-3482-4945-aa28-97320679ebaa b3481020561241d8b6c18e31113e6eb8 d3ce4fb1bbb44a2ba63d976a542a9d6f - - default default] Unable to schedule network 38e2d068-35c3-4c1d-8715-78607da6e119: no agents available; will retry on subsequent port and subnet creation events. /var/lib/openstack/lib/python3.10/site-packages/pycadf/identifier.py:71: UserWarning: Invalid uuid: neutron. To ensure interoperability, identifiers should be a valid uuid. warnings.warn(('Invalid uuid: %s. To ensure interoperability, '
2026-05-30 10:55:11.471 9 INFO neutron.plugins.ml2.drivers.ovn.mech_driver.ovsdb.commands [None req-49c2247c-a079-4f1b-beb9-9c783cea9db1 - - - - - -] Schedule LRP lrp-dd20f2ab-76bd-4246-aec2-8689853d48bf on gateway d3b68d65-ac6f-4900-b28b-354ab63efd72 with priority 1
2026-05-30 10:55:11.513 9 INFO neutron.plugins.ml2.drivers.ovn.mech_driver.ovsdb.ovsdb_monitor [None req-9fea9487-a31f-40c0-a065-064b768e3557 - - - - - -] Router 374cd99c-7ffa-4eac-b4c9-fc50580b0424 is bound to host instance
2026-05-30 10:55:11.553 9 INFO neutron.db.ovn_revision_numbers_db [None req-840f6962-f42c-4f04-90b7-aff6cc07b912 7d1fa76f769d41bea9c493f5ff0299ba 3b6c1c854c744b89b26af38715383b1d - - default default] Successfully bumped revision number for resource dd20f2ab-76bd-4246-aec2-8689853d48bf (type: router_ports) to 1
2026-05-30 10:55:11.558 10 INFO neutron.wsgi [None req-472fedb5-171b-495e-b240-f934c8e22fa5 7d1fa76f769d41bea9c493f5ff0299ba 3b6c1c854c744b89b26af38715383b1d - - default default] 10.0.0.53 "GET /v2.0/security-groups?tenant_id=68f9027fb612461296d282125b56d452&name=default HTTP/1.1" status: 200 len: 3116 time: 0.2659702
2026-05-30 10:55:11.561 10 INFO neutron.plugins.ml2.drivers.ovn.mech_driver.mech_driver [None req-537163a6-de87-4853-a837-198c74967fcd - - - - - -] OVN reports status up for port: dd20f2ab-76bd-4246-aec2-8689853d48bf
2026-05-30 10:55:11.579 10 INFO neutron.plugins.ml2.plugin [None req-537163a6-de87-4853-a837-198c74967fcd - - - - - -] Attempt 1 to provision port dd20f2ab-76bd-4246-aec2-8689853d48bf
2026-05-30 10:55:11.590 10 INFO neutron.db.ovn_revision_numbers_db [None req-55c32a08-3482-4945-aa28-97320679ebaa b3481020561241d8b6c18e31113e6eb8 d3ce4fb1bbb44a2ba63d976a542a9d6f - - default default] Successfully bumped revision number for resource b84e7994-2eca-4e5a-91c8-31152bb2b033 (type: ports) to 1
2026-05-30 10:55:11.628 10 INFO neutron.wsgi [None req-55c32a08-3482-4945-aa28-97320679ebaa b3481020561241d8b6c18e31113e6eb8 d3ce4fb1bbb44a2ba63d976a542a9d6f - - default default] 10.0.0.53 "POST /v2.0/ports HTTP/1.1" status: 201 len: 1153 time: 1.0075736
2026-05-30 10:55:11.640 10 WARNING neutron_lib.context [None req-049cc2cd-b39d-4d2d-9336-852a9c8d1c82 b3481020561241d8b6c18e31113e6eb8 d3ce4fb1bbb44a2ba63d976a542a9d6f - - default default] Method 'is_advsvc' is deprecated since 2023.2 release (neutron-lib 3.8.0) and will be removed once support for the old RBAC API policies will be removed from Neutron. Please use method 'is_service_role' instead.
2026-05-30 10:55:11.651 9 INFO neutron.db.ovn_revision_numbers_db [None req-840f6962-f42c-4f04-90b7-aff6cc07b912 7d1fa76f769d41bea9c493f5ff0299ba 3b6c1c854c744b89b26af38715383b1d - - default default] Successfully bumped revision number for resource 374cd99c-7ffa-4eac-b4c9-fc50580b0424 (type: routers) to 2
2026-05-30 10:55:11.671 9 INFO neutron.wsgi [None req-840f6962-f42c-4f04-90b7-aff6cc07b912 7d1fa76f769d41bea9c493f5ff0299ba 3b6c1c854c744b89b26af38715383b1d - - default default] 10.0.0.53 "POST /v2.0/routers HTTP/1.1" status: 201 len: 1167 time: 1.6960487 /var/lib/openstack/lib/python3.10/site-packages/pycadf/identifier.py:71: UserWarning: Invalid uuid: neutron. To ensure interoperability, identifiers should be a valid uuid. warnings.warn(('Invalid uuid: %s. To ensure interoperability, '
2026-05-30 10:55:11.910 10 INFO neutron.wsgi [None req-464864c6-f8ab-4624-aa9f-208ef11203b5 7d1fa76f769d41bea9c493f5ff0299ba 3b6c1c854c744b89b26af38715383b1d - - default default] 10.0.0.53 "DELETE /v2.0/security-groups/10fcf920-0cfb-45c2-85b2-e87103e3fc32 HTTP/1.1" status: 204 len: 168 time: 0.3445652
2026-05-30 10:55:11.984 10 WARNING neutron.scheduler.dhcp_agent_scheduler [None req-049cc2cd-b39d-4d2d-9336-852a9c8d1c82 b3481020561241d8b6c18e31113e6eb8 d3ce4fb1bbb44a2ba63d976a542a9d6f - - default default] No more DHCP agents
2026-05-30 10:55:11.987 10 WARNING neutron.api.rpc.agentnotifiers.dhcp_rpc_agent_api [None req-049cc2cd-b39d-4d2d-9336-852a9c8d1c82 b3481020561241d8b6c18e31113e6eb8 d3ce4fb1bbb44a2ba63d976a542a9d6f - - default default] Unable to schedule network 4903dbdc-7c38-4d3f-b4fc-00ee3387a22c: no agents available; will retry on subsequent port and subnet creation events.
2026-05-30 10:55:12.138 9 WARNING neutron.plugins.ml2.drivers.ovn.mech_driver.ovsdb.ovn_client [None req-48d70b58-30ac-4872-969f-fd49bcde0830 - - - - - -] No hosting information found for port 1e1464a9-b106-41fa-900d-30a1459fdcd5: RuntimeError: No hosting information found for port 1e1464a9-b106-41fa-900d-30a1459fdcd5
2026-05-30 10:55:12.139 9 INFO neutron.plugins.ml2.drivers.ovn.mech_driver.mech_driver [None req-48d70b58-30ac-4872-969f-fd49bcde0830 - - - - - -] OVN reports status up for port: 730c350d-9d6d-4d90-ad8b-743874f19780
2026-05-30 10:55:12.168 9 INFO neutron.plugins.ml2.plugin [None req-48d70b58-30ac-4872-969f-fd49bcde0830 - - - - - -] Attempt 1 to provision port 730c350d-9d6d-4d90-ad8b-743874f19780
