2026-05-30 10:55:12.683 10 INFO neutron.db.ovn_revision_numbers_db [None req-049cc2cd-b39d-4d2d-9336-852a9c8d1c82 b3481020561241d8b6c18e31113e6eb8 d3ce4fb1bbb44a2ba63d976a542a9d6f - - default default] Successfully bumped revision number for resource e620fe8a-2abb-4a5b-9474-6fd231d705d4 (type: floatingips) to -1
2026-05-30 10:55:12.806 10 INFO neutron.db.ovn_revision_numbers_db [None req-049cc2cd-b39d-4d2d-9336-852a9c8d1c82 b3481020561241d8b6c18e31113e6eb8 d3ce4fb1bbb44a2ba63d976a542a9d6f - - default default] Successfully bumped revision number for resource e620fe8a-2abb-4a5b-9474-6fd231d705d4 (type: floatingips) to 1
2026-05-30 10:55:12.806 10 INFO neutron.db.l3_db [None req-049cc2cd-b39d-4d2d-9336-852a9c8d1c82 b3481020561241d8b6c18e31113e6eb8 d3ce4fb1bbb44a2ba63d976a542a9d6f - - default default] Floating IP e620fe8a-2abb-4a5b-9474-6fd231d705d4 associated. External IP: 10.96.250.205, port: b84e7994-2eca-4e5a-91c8-31152bb2b033.
2026-05-30 10:55:12.845 9 WARNING neutron.scheduler.dhcp_agent_scheduler [None req-cffd8440-995e-4548-95a4-efda4d09546b 7d1fa76f769d41bea9c493f5ff0299ba 3b6c1c854c744b89b26af38715383b1d - - default default] No more DHCP agents
2026-05-30 10:55:12.849 10 INFO neutron.wsgi [None req-049cc2cd-b39d-4d2d-9336-852a9c8d1c82 b3481020561241d8b6c18e31113e6eb8 d3ce4fb1bbb44a2ba63d976a542a9d6f - - default default] 10.0.0.53 "POST /v2.0/floatingips HTTP/1.1" status: 201 len: 1040 time: 1.2152152
2026-05-30 10:55:12.850 9 WARNING neutron.api.rpc.agentnotifiers.dhcp_rpc_agent_api [None req-cffd8440-995e-4548-95a4-efda4d09546b 7d1fa76f769d41bea9c493f5ff0299ba 3b6c1c854c744b89b26af38715383b1d - - default default] Unable to schedule network aa379350-4e16-448c-8fe2-430d3db41ec1: no agents available; will retry on subsequent port and subnet creation events.
2026-05-30 10:55:12.945 9 INFO neutron.db.ovn_revision_numbers_db [None req-9fea9487-a31f-40c0-a065-064b768e3557 - - - - - -] Successfully bumped revision number for resource dd20f2ab-76bd-4246-aec2-8689853d48bf (type: ports) to 1
2026-05-30 10:55:12.989 9 INFO neutron.db.ovn_revision_numbers_db [None req-48d70b58-30ac-4872-969f-fd49bcde0830 - - - - - -] Successfully bumped revision number for resource 730c350d-9d6d-4d90-ad8b-743874f19780 (type: ports) to 2
2026-05-30 10:55:13.045 10 INFO neutron.db.ovn_revision_numbers_db [None req-27a2911e-ad90-42c8-9fea-059afb6a29ac b3481020561241d8b6c18e31113e6eb8 d3ce4fb1bbb44a2ba63d976a542a9d6f - - default default] Successfully bumped revision number for resource e620fe8a-2abb-4a5b-9474-6fd231d705d4 (type: floatingips) to 2
2026-05-30 10:55:13.107 10 INFO neutron.db.l3_db [None req-27a2911e-ad90-42c8-9fea-059afb6a29ac b3481020561241d8b6c18e31113e6eb8 d3ce4fb1bbb44a2ba63d976a542a9d6f - - default default] Floating IP e620fe8a-2abb-4a5b-9474-6fd231d705d4 disassociated. External IP: 10.96.250.205, port: b84e7994-2eca-4e5a-91c8-31152bb2b033.
2026-05-30 10:55:13.137 10 INFO neutron.wsgi [None req-27a2911e-ad90-42c8-9fea-059afb6a29ac b3481020561241d8b6c18e31113e6eb8 d3ce4fb1bbb44a2ba63d976a542a9d6f - - default default] 10.0.0.53 "PUT /v2.0/floatingips/e620fe8a-2abb-4a5b-9474-6fd231d705d4 HTTP/1.1" status: 200 len: 748 time: 0.2780261
2026-05-30 10:55:13.401 9 INFO neutron.db.ovn_revision_numbers_db [None req-cffd8440-995e-4548-95a4-efda4d09546b 7d1fa76f769d41bea9c493f5ff0299ba 3b6c1c854c744b89b26af38715383b1d - - default default] Successfully bumped revision number for resource dfaaf40b-87f4-4ace-8e95-99b1899905f2 (type: ports) to 1
2026-05-30 10:55:13.476 9 INFO neutron.db.ovn_revision_numbers_db [None req-48d70b58-30ac-4872-969f-fd49bcde0830 - - - - - -] Successfully bumped revision number for resource 730c350d-9d6d-4d90-ad8b-743874f19780 (type: router_ports) to 2
2026-05-30 10:55:13.494 10 INFO neutron.wsgi [None req-4f4dda80-f06d-4785-b149-186c7a331ba4 b3481020561241d8b6c18e31113e6eb8 d3ce4fb1bbb44a2ba63d976a542a9d6f - - default default] 10.0.0.53 "DELETE /v2.0/floatingips/e620fe8a-2abb-4a5b-9474-6fd231d705d4 HTTP/1.1" status: 204 len: 168 time: 0.3515859
2026-05-30 10:55:13.506 10 WARNING neutron_lib.context [None req-bae7aae4-bdd7-431a-9760-2663d704a680 b3481020561241d8b6c18e31113e6eb8 d3ce4fb1bbb44a2ba63d976a542a9d6f - - default default] Method 'is_advsvc' is deprecated since 2023.2 release (neutron-lib 3.8.0) and will be removed once support for the old RBAC API policies will be removed from Neutron. Please use method 'is_service_role' instead.
2026-05-30 10:55:13.811 10 INFO neutron.db.ovn_revision_numbers_db [None req-b0df37e6-312e-412f-b145-856aab8be3f7 7d1fa76f769d41bea9c493f5ff0299ba 3b6c1c854c744b89b26af38715383b1d - - default default] Successfully bumped revision number for resource 017770a8-7aa2-474e-9df0-214706651d6b (type: security_groups) to 1
2026-05-30 10:55:13.833 9 INFO neutron.db.ovn_revision_numbers_db [None req-9fea9487-a31f-40c0-a065-064b768e3557 - - - - - -] Successfully bumped revision number for resource dd20f2ab-76bd-4246-aec2-8689853d48bf (type: router_ports) to 3
2026-05-30 10:55:13.838 10 INFO neutron.db.ovn_revision_numbers_db [None req-b0df37e6-312e-412f-b145-856aab8be3f7 7d1fa76f769d41bea9c493f5ff0299ba 3b6c1c854c744b89b26af38715383b1d - - default default] Successfully bumped revision number for resource 029871e9-295b-4c5f-894d-796bdae46cc4 (type: security_group_rules) to 0
2026-05-30 10:55:13.872 10 WARNING neutron.scheduler.dhcp_agent_scheduler [None req-bae7aae4-bdd7-431a-9760-2663d704a680 b3481020561241d8b6c18e31113e6eb8 d3ce4fb1bbb44a2ba63d976a542a9d6f - - default default] No more DHCP agents
2026-05-30 10:55:13.876 10 WARNING neutron.api.rpc.agentnotifiers.dhcp_rpc_agent_api [None req-bae7aae4-bdd7-431a-9760-2663d704a680 b3481020561241d8b6c18e31113e6eb8 d3ce4fb1bbb44a2ba63d976a542a9d6f - - default default] Unable to schedule network 4903dbdc-7c38-4d3f-b4fc-00ee3387a22c: no agents available; will retry on subsequent port and subnet creation events.
2026-05-30 10:55:13.877 10 INFO neutron.db.ovn_revision_numbers_db [None req-b0df37e6-312e-412f-b145-856aab8be3f7 7d1fa76f769d41bea9c493f5ff0299ba 3b6c1c854c744b89b26af38715383b1d - - default default] Successfully bumped revision number for resource 14c10437-1c36-48b4-8a94-0898e89ddcfe (type: security_group_rules) to 0
2026-05-30 10:55:13.910 10 INFO neutron.db.ovn_revision_numbers_db [None req-b0df37e6-312e-412f-b145-856aab8be3f7 7d1fa76f769d41bea9c493f5ff0299ba 3b6c1c854c744b89b26af38715383b1d - - default default] Successfully bumped revision number for resource 43e61424-cd05-46a1-a2ac-cd818fbd9d7f (type: security_group_rules) to 0
2026-05-30 10:55:13.948 10 INFO neutron.db.ovn_revision_numbers_db [None req-b0df37e6-312e-412f-b145-856aab8be3f7 7d1fa76f769d41bea9c493f5ff0299ba 3b6c1c854c744b89b26af38715383b1d - - default default] Successfully bumped revision number for resource e87ac36a-4ce0-4832-83ee-970eb4cbf1de (type: security_group_rules) to 0
2026-05-30 10:55:13.958 10 INFO neutron.db.ovn_revision_numbers_db [None req-8615bc5e-aaf2-465a-acd4-d30ee7aa32a7 7d1fa76f769d41bea9c493f5ff0299ba 3b6c1c854c744b89b26af38715383b1d - - default default] Successfully bumped revision number for resource 48f89700-8090-4434-a1b1-e32924783c06 (type: security_groups) to 1
2026-05-30 10:55:13.995 10 INFO neutron.wsgi [None req-b0df37e6-312e-412f-b145-856aab8be3f7 7d1fa76f769d41bea9c493f5ff0299ba 3b6c1c854c744b89b26af38715383b1d - - default default] 10.0.0.53 "GET /v2.0/security-groups?tenant_id=ccc0152799954f69a2ed4b1b4661e5b7&name=default HTTP/1.1" status: 200 len: 3120 time: 0.6915286
2026-05-30 10:55:14.025 10 INFO neutron.db.ovn_revision_numbers_db [None req-8615bc5e-aaf2-465a-acd4-d30ee7aa32a7 7d1fa76f769d41bea9c493f5ff0299ba 3b6c1c854c744b89b26af38715383b1d - - default default] Successfully bumped revision number for resource 3417a8df-938f-4b72-8db3-596d37bfa604 (type: security_group_rules) to 0
2026-05-30 10:55:14.076 10 INFO neutron.db.ovn_revision_numbers_db [None req-8615bc5e-aaf2-465a-acd4-d30ee7aa32a7 7d1fa76f769d41bea9c493f5ff0299ba 3b6c1c854c744b89b26af38715383b1d - - default default] Successfully bumped revision number for resource 6dff92e2-0768-4937-b204-59ecfcdc979e (type: security_group_rules) to 0
2026-05-30 10:55:14.103 10 INFO neutron.db.ovn_revision_numbers_db [None req-8615bc5e-aaf2-465a-acd4-d30ee7aa32a7 7d1fa76f769d41bea9c493f5ff0299ba 3b6c1c854c744b89b26af38715383b1d - - default default] Successfully bumped revision number for resource 91697074-c0e6-441a-a2ae-cf96623ffbef (type: security_group_rules) to 0
2026-05-30 10:55:14.140 10 INFO neutron.db.ovn_revision_numbers_db [None req-8615bc5e-aaf2-465a-acd4-d30ee7aa32a7 7d1fa76f769d41bea9c493f5ff0299ba 3b6c1c854c744b89b26af38715383b1d - - default default] Successfully bumped revision number for resource ecbc84bb-9b5a-4df2-b165-f407d2b34944 (type: security_group_rules) to 0
2026-05-30 10:55:14.180 9 INFO neutron.db.ovn_revision_numbers_db [None req-9fea9487-a31f-40c0-a065-064b768e3557 - - - - - -] Successfully bumped revision number for resource dd20f2ab-76bd-4246-aec2-8689853d48bf (type: ports) to 2
2026-05-30 10:55:14.198 9 ERROR ovsdbapp.backend.ovs_idl.command [None req-cffd8440-995e-4548-95a4-efda4d09546b 7d1fa76f769d41bea9c493f5ff0299ba 3b6c1c854c744b89b26af38715383b1d - - default default] Error executing command (DbGetCommand): ovsdbapp.backend.ovs_idl.idlutils.RowNotFound: Cannot find Logical_Router_Port with name=lrp-dfaaf40b-87f4-4ace-8e95-99b1899905f2
2026-05-30 10:55:14.198 9 ERROR ovsdbapp.backend.ovs_idl.command
Traceback (most recent call last):
2026-05-30 10:55:14.198 9 ERROR ovsdbapp.backend.ovs_idl.command
File "/var/lib/openstack/lib/python3.10/site-packages/ovsdbapp/backend/ovs_idl/command.py", line 47, in execute
2026-05-30 10:55:14.198 9 ERROR ovsdbapp.backend.ovs_idl.command self.run_idl(None)
2026-05-30 10:55:14.198 9 ERROR ovsdbapp.backend.ovs_idl.command
File "/var/lib/openstack/lib/python3.10/site-packages/ovsdbapp/backend/ovs_idl/command.py", line 235, in run_idl
2026-05-30 10:55:14.198 9 ERROR ovsdbapp.backend.ovs_idl.command record = self.api.lookup(self.table, self.record)
2026-05-30 10:55:14.198 9 ERROR ovsdbapp.backend.ovs_idl.command
File "/var/lib/openstack/lib/python3.10/site-packages/ovsdbapp/backend/ovs_idl/__init__.py", line 184, in lookup
2026-05-30 10:55:14.198 9 ERROR ovsdbapp.backend.ovs_idl.command return self._lookup(table, record)
2026-05-30 10:55:14.198 9 ERROR ovsdbapp.backend.ovs_idl.command
File "/var/lib/openstack/lib/python3.10/site-packages/ovsdbapp/backend/ovs_idl/__init__.py", line 235, in _lookup
2026-05-30 10:55:14.198 9 ERROR ovsdbapp.backend.ovs_idl.command row = idlutils.row_by_value(self, rl.table, rl.column, record)
2026-05-30 10:55:14.198 9 ERROR ovsdbapp.backend.ovs_idl.command
File "/var/lib/openstack/lib/python3.10/site-packages/ovsdbapp/backend/ovs_idl/idlutils.py", line 114, in row_by_value
2026-05-30 10:55:14.198 9 ERROR ovsdbapp.backend.ovs_idl.command raise RowNotFound(table=table, col=column, match=match)
2026-05-30 10:55:14.198 9 ERROR ovsdbapp.backend.ovs_idl.command ovsdbapp.backend.ovs_idl.idlutils.RowNotFound: Cannot find Logical_Router_Port with name=lrp-dfaaf40b-87f4-4ace-8e95-99b1899905f2
2026-05-30 10:55:14.198 9 ERROR ovsdbapp.backend.ovs_idl.command 
2026-05-30 10:55:14.198 9 ERROR neutron_lib.callbacks.manager [None req-cffd8440-995e-4548-95a4-efda4d09546b 7d1fa76f769d41bea9c493f5ff0299ba 3b6c1c854c744b89b26af38715383b1d - - default default] Error during notification for neutron.services.ovn_l3.plugin.OVNL3RouterPlugin._port_update-8767237304047 port, after_update: ovsdbapp.backend.ovs_idl.idlutils.RowNotFound: Cannot find Logical_Router_Port with name=lrp-dfaaf40b-87f4-4ace-8e95-99b1899905f2
2026-05-30 10:55:14.198 9 ERROR neutron_lib.callbacks.manager
Traceback (most recent call last):
2026-05-30 10:55:14.198 9 ERROR neutron_lib.callbacks.manager
File "/var/lib/openstack/lib/python3.10/site-packages/neutron_lib/callbacks/manager.py", line 189, in _notify_loop
2026-05-30 10:55:14.198 9 ERROR neutron_lib.callbacks.manager callback.method(resource, event, trigger, payload=payload)
2026-05-30 10:55:14.198 9 ERROR neutron_lib.callbacks.manager
File "/var/lib/openstack/lib/python3.10/site-packages/neutron/services/ovn_l3/plugin.py", line 391, in _port_update
2026-05-30 10:55:14.198 9 ERROR neutron_lib.callbacks.manager l3plugin._ovn_client.update_router_port(context,
2026-05-30 10:55:14.198 9 ERROR neutron_lib.callbacks.manager
File "/var/lib/openstack/lib/python3.10/site-packages/neutron/plugins/ml2/drivers/ovn/mech_driver/ovsdb/ovn_client.py", line 1878, in update_router_port
2026-05-30 10:55:14.198 9 ERROR neutron_lib.callbacks.manager self._update_lrouter_port(context, port, if_exists=if_exists,
2026-05-30 10:55:14.198 9 ERROR neutron_lib.callbacks.manager
File "/var/lib/openstack/lib/python3.10/site-packages/neutron/plugins/ml2/drivers/ovn/mech_driver/ovsdb/ovn_client.py", line 1855, in _update_lrouter_port
2026-05-30 10:55:14.198 9 ERROR neutron_lib.callbacks.manager external_ids = self._nb_idl.db_get(
2026-05-30 10:55:14.198 9 ERROR neutron_lib.callbacks.manager
File "/var/lib/openstack/lib/python3.10/site-packages/ovsdbapp/backend/ovs_idl/command.py", line 47, in execute
2026-05-30 10:55:14.198 9 ERROR neutron_lib.callbacks.manager self.run_idl(None)
2026-05-30 10:55:14.198 9 ERROR neutron_lib.callbacks.manager
File "/var/lib/openstack/lib/python3.10/site-packages/ovsdbapp/backend/ovs_idl/command.py", line 235, in run_idl
2026-05-30 10:55:14.198 9 ERROR neutron_lib.callbacks.manager record = self.api.lookup(self.table, self.record)
2026-05-30 10:55:14.198 9 ERROR neutron_lib.callbacks.manager
File "/var/lib/openstack/lib/python3.10/site-packages/ovsdbapp/backend/ovs_idl/__init__.py", line 184, in lookup
2026-05-30 10:55:14.198 9 ERROR neutron_lib.callbacks.manager return self._lookup(table, record)
2026-05-30 10:55:14.198 9 ERROR neutron_lib.callbacks.manager
File "/var/lib/openstack/lib/python3.10/site-packages/ovsdbapp/backend/ovs_idl/__init__.py", line 235, in _lookup
2026-05-30 10:55:14.198 9 ERROR neutron_lib.callbacks.manager row = idlutils.row_by_value(self, rl.table, rl.column, record)
2026-05-30 10:55:14.198 9 ERROR neutron_lib.callbacks.manager
File "/var/lib/openstack/lib/python3.10/site-packages/ovsdbapp/backend/ovs_idl/idlutils.py", line 114, in row_by_value
2026-05-30 10:55:14.198 9 ERROR neutron_lib.callbacks.manager raise RowNotFound(table=table, col=column, match=match)
2026-05-30 10:55:14.198 9 ERROR neutron_lib.callbacks.manager ovsdbapp.backend.ovs_idl.idlutils.RowNotFound: Cannot find Logical_Router_Port with name=lrp-dfaaf40b-87f4-4ace-8e95-99b1899905f2
2026-05-30 10:55:14.198 9 ERROR neutron_lib.callbacks.manager 
2026-05-30 10:55:14.202 10 INFO neutron.db.segments_db [None req-8615bc5e-aaf2-465a-acd4-d30ee7aa32a7 7d1fa76f769d41bea9c493f5ff0299ba 3b6c1c854c744b89b26af38715383b1d - - default default] Added segment 4fcb2d73-2907-4b04-aca3-03eaaf78e535 of type geneve for network 384c1eb1-38eb-4858-8630-0ca59c79a816
2026-05-30 10:55:14.504 10 INFO neutron.db.ovn_revision_numbers_db [None req-8615bc5e-aaf2-465a-acd4-d30ee7aa32a7 7d1fa76f769d41bea9c493f5ff0299ba 3b6c1c854c744b89b26af38715383b1d - - default default] Successfully bumped revision number for resource 384c1eb1-38eb-4858-8630-0ca59c79a816 (type: networks) to 1
2026-05-30 10:55:14.563 10 INFO neutron.plugins.ml2.drivers.ovn.mech_driver.mech_driver [None req-537163a6-de87-4853-a837-198c74967fcd - - - - - -] OVN reports status up for port: dfaaf40b-87f4-4ace-8e95-99b1899905f2
2026-05-30 10:55:14.579 10 INFO neutron.plugins.ml2.plugin [None req-537163a6-de87-4853-a837-198c74967fcd - - - - - -] Attempt 1 to provision port dfaaf40b-87f4-4ace-8e95-99b1899905f2
2026-05-30 10:55:14.597 9 INFO neutron.db.ovn_revision_numbers_db [None req-cffd8440-995e-4548-95a4-efda4d09546b 7d1fa76f769d41bea9c493f5ff0299ba 3b6c1c854c744b89b26af38715383b1d - - default default] Successfully bumped revision number for resource dfaaf40b-87f4-4ace-8e95-99b1899905f2 (type: ports) to 1
2026-05-30 10:55:14.642 10 INFO neutron.wsgi [None req-f9c6c1e0-f48f-4879-ae9e-aade3c56a234 7d1fa76f769d41bea9c493f5ff0299ba 3b6c1c854c744b89b26af38715383b1d - - default default] 10.0.0.53 "DELETE /v2.0/security-groups/017770a8-7aa2-474e-9df0-214706651d6b HTTP/1.1" status: 204 len: 168 time: 0.6379611
2026-05-30 10:55:14.722 9 WARNING neutron.scheduler.dhcp_agent_scheduler [None req-cffd8440-995e-4548-95a4-efda4d09546b 7d1fa76f769d41bea9c493f5ff0299ba 3b6c1c854c744b89b26af38715383b1d - - default default] No more DHCP agents
2026-05-30 10:55:14.723 9 WARNING neutron.api.rpc.agentnotifiers.dhcp_rpc_agent_api [None req-cffd8440-995e-4548-95a4-efda4d09546b 7d1fa76f769d41bea9c493f5ff0299ba 3b6c1c854c744b89b26af38715383b1d - - default default] Unable to schedule network aa379350-4e16-448c-8fe2-430d3db41ec1: no agents available; will retry on subsequent port and subnet creation events.
2026-05-30 10:55:15.005 10 WARNING neutron.scheduler.dhcp_agent_scheduler [None req-8615bc5e-aaf2-465a-acd4-d30ee7aa32a7 7d1fa76f769d41bea9c493f5ff0299ba 3b6c1c854c744b89b26af38715383b1d - - default default] No more DHCP agents
2026-05-30 10:55:15.009 10 WARNING neutron.api.rpc.agentnotifiers.dhcp_rpc_agent_api [None req-8615bc5e-aaf2-465a-acd4-d30ee7aa32a7 7d1fa76f769d41bea9c493f5ff0299ba 3b6c1c854c744b89b26af38715383b1d - - default default] Unable to schedule network 384c1eb1-38eb-4858-8630-0ca59c79a816: no agents available; will retry on subsequent port and subnet creation events.
2026-05-30 10:55:15.057 9 INFO neutron.db.ovn_revision_numbers_db [None req-9fea9487-a31f-40c0-a065-064b768e3557 - - - - - -] Successfully bumped revision number for resource dd20f2ab-76bd-4246-aec2-8689853d48bf (type: ports) to 4
2026-05-30 10:55:15.186 10 INFO neutron.db.ovn_revision_numbers_db [None req-8615bc5e-aaf2-465a-acd4-d30ee7aa32a7 7d1fa76f769d41bea9c493f5ff0299ba 3b6c1c854c744b89b26af38715383b1d - - default default] Successfully bumped revision number for resource 8e9a58f7-dbbc-452b-be0e-4e55d39abfa6 (type: ports) to 1
2026-05-30 10:55:15.220 10 INFO neutron.wsgi [None req-8615bc5e-aaf2-465a-acd4-d30ee7aa32a7 7d1fa76f769d41bea9c493f5ff0299ba 3b6c1c854c744b89b26af38715383b1d - - default default] 10.0.0.53 "POST /v2.0/networks HTTP/1.1" status: 201 len: 939 time: 1.5958126
2026-05-30 10:55:15.423 9 INFO neutron.db.ovn_revision_numbers_db [None req-9fea9487-a31f-40c0-a065-064b768e3557 - - - - - -] Successfully bumped revision number for resource dd20f2ab-76bd-4246-aec2-8689853d48bf (type: router_ports) to 4
2026-05-30 10:55:15.507 10 INFO neutron.db.ovn_revision_numbers_db [None req-bae7aae4-bdd7-431a-9760-2663d704a680 b3481020561241d8b6c18e31113e6eb8 d3ce4fb1bbb44a2ba63d976a542a9d6f - - default default] Successfully bumped revision number for resource 8d407c25-1962-463a-bfd3-58ed65adfb8a (type: floatingips) to -1
2026-05-30 10:55:15.575 10 INFO neutron.db.ovn_revision_numbers_db [None req-537163a6-de87-4853-a837-198c74967fcd - - - - - -] Successfully bumped revision number for resource dfaaf40b-87f4-4ace-8e95-99b1899905f2 (type: ports) to 2
2026-05-30 10:55:15.589 10 WARNING neutron.scheduler.dhcp_agent_scheduler [None req-32d98ce5-c4ff-46b0-9d8f-8cfb8211ef9b 7d1fa76f769d41bea9c493f5ff0299ba 3b6c1c854c744b89b26af38715383b1d - - default default] No more DHCP agents
2026-05-30 10:55:15.596 10 WARNING neutron.api.rpc.agentnotifiers.dhcp_rpc_agent_api [None req-32d98ce5-c4ff-46b0-9d8f-8cfb8211ef9b 7d1fa76f769d41bea9c493f5ff0299ba 3b6c1c854c744b89b26af38715383b1d - - default default] Unable to schedule network 384c1eb1-38eb-4858-8630-0ca59c79a816: no agents available; will retry on subsequent port and subnet creation events.
2026-05-30 10:55:15.726 9 INFO neutron.db.ovn_revision_numbers_db [None req-cffd8440-995e-4548-95a4-efda4d09546b 7d1fa76f769d41bea9c493f5ff0299ba 3b6c1c854c744b89b26af38715383b1d - - default default] Successfully bumped revision number for resource dfaaf40b-87f4-4ace-8e95-99b1899905f2 (type: router_ports) to 1
2026-05-30 10:55:15.732 9 INFO neutron.wsgi [None req-cffd8440-995e-4548-95a4-efda4d09546b 7d1fa76f769d41bea9c493f5ff0299ba 3b6c1c854c744b89b26af38715383b1d - - default default] 10.0.0.53 "PUT /v2.0/routers/374cd99c-7ffa-4eac-b4c9-fc50580b0424/add_router_interface HTTP/1.1" status: 200 len: 503 time: 4.0552297
2026-05-30 10:55:15.787 10 INFO neutron.db.ovn_revision_numbers_db [None req-bae7aae4-bdd7-431a-9760-2663d704a680 b3481020561241d8b6c18e31113e6eb8 d3ce4fb1bbb44a2ba63d976a542a9d6f - - default default] Successfully bumped revision number for resource 8d407c25-1962-463a-bfd3-58ed65adfb8a (type: floatingips) to 1
2026-05-30 10:55:15.787 10 INFO neutron.db.l3_db [None req-bae7aae4-bdd7-431a-9760-2663d704a680 b3481020561241d8b6c18e31113e6eb8 d3ce4fb1bbb44a2ba63d976a542a9d6f - - default default] Floating IP 8d407c25-1962-463a-bfd3-58ed65adfb8a associated. External IP: 10.96.250.214, port: df674757-6fc8-41a0-b677-460db2911717.
2026-05-30 10:55:15.848 10 INFO neutron.db.ovn_revision_numbers_db [None req-537163a6-de87-4853-a837-198c74967fcd - - - - - -] Successfully bumped revision number for resource dfaaf40b-87f4-4ace-8e95-99b1899905f2 (type: router_ports) to 2
2026-05-30 10:55:15.868 10 INFO neutron.wsgi [None req-bae7aae4-bdd7-431a-9760-2663d704a680 b3481020561241d8b6c18e31113e6eb8 d3ce4fb1bbb44a2ba63d976a542a9d6f - - default default] 10.0.0.53 "POST /v2.0/floatingips HTTP/1.1" status: 201 len: 1040 time: 2.3673308
2026-05-30 10:55:15.913 9 INFO neutron.wsgi [None req-9264bd58-bc6a-4889-b5ac-835fcf0f6d04 b3481020561241d8b6c18e31113e6eb8 d3ce4fb1bbb44a2ba63d976a542a9d6f - - default default] 10.0.0.53 "GET /v2.0/floatingips/8d407c25-1962-463a-bfd3-58ed65adfb8a HTTP/1.1" status: 200 len: 1037 time: 0.0397546
2026-05-30 10:55:15.994 9 INFO neutron.wsgi [None req-a1e84ba8-b687-42b3-9b7a-88ee343b58da b3481020561241d8b6c18e31113e6eb8 d3ce4fb1bbb44a2ba63d976a542a9d6f - - default default] 10.0.0.53 "GET /v2.0/floatingips HTTP/1.1" status: 200 len: 1040 time: 0.0684295
2026-05-30 10:55:16.326 10 INFO neutron.db.ovn_revision_numbers_db [None req-32d98ce5-c4ff-46b0-9d8f-8cfb8211ef9b 7d1fa76f769d41bea9c493f5ff0299ba 3b6c1c854c744b89b26af38715383b1d - - default default] Successfully bumped revision number for resource 8e9a58f7-dbbc-452b-be0e-4e55d39abfa6 (type: ports) to 2
2026-05-30 10:55:16.373 10 INFO neutron.db.ovn_revision_numbers_db [None req-32d98ce5-c4ff-46b0-9d8f-8cfb8211ef9b 7d1fa76f769d41bea9c493f5ff0299ba 3b6c1c854c744b89b26af38715383b1d - - default default] Successfully bumped revision number for resource 050e40cc-999a-452b-89c2-68d48ce0f676 (type: subnets) to 0
2026-05-30 10:55:16.389 10 INFO neutron.wsgi [None req-32d98ce5-c4ff-46b0-9d8f-8cfb8211ef9b 7d1fa76f769d41bea9c493f5ff0299ba 3b6c1c854c744b89b26af38715383b1d - - default default] 10.0.0.53 "POST /v2.0/subnets HTTP/1.1" status: 201 len: 860 time: 1.1549220
2026-05-30 10:55:16.425 10 WARNING neutron_lib.context [None req-500efdf9-e55b-44cc-b97e-4d5b88524bed 0c355dda600c4521a7f185aba2fa25ef 93930841a82f4f00855dc580157452e3 - - default default] Method 'is_advsvc' is deprecated since 2023.2 release (neutron-lib 3.8.0) and will be removed once support for the old RBAC API policies will be removed from Neutron. Please use method 'is_service_role' instead.
2026-05-30 10:55:16.651 10 INFO neutron.db.ovn_revision_numbers_db [None req-500efdf9-e55b-44cc-b97e-4d5b88524bed 0c355dda600c4521a7f185aba2fa25ef 93930841a82f4f00855dc580157452e3 - - default default] Successfully bumped revision number for resource 0569fd56-7298-4cab-9078-3d07b35af09a (type: security_groups) to 1
2026-05-30 10:55:16.687 10 INFO neutron.db.ovn_revision_numbers_db [None req-500efdf9-e55b-44cc-b97e-4d5b88524bed 0c355dda600c4521a7f185aba2fa25ef 93930841a82f4f00855dc580157452e3 - - default default] Successfully bumped revision number for resource 67319057-32a2-4964-a909-cf400480b5da (type: security_group_rules) to 0
2026-05-30 10:55:16.706 10 INFO neutron.db.ovn_revision_numbers_db [None req-500efdf9-e55b-44cc-b97e-4d5b88524bed 0c355dda600c4521a7f185aba2fa25ef 93930841a82f4f00855dc580157452e3 - - default default] Successfully bumped revision number for resource dbd8d600-fc77-483d-b4db-74479aea429e (type: security_group_rules) to 0
2026-05-30 10:55:16.731 10 INFO neutron.wsgi [None req-500efdf9-e55b-44cc-b97e-4d5b88524bed 0c355dda600c4521a7f185aba2fa25ef 93930841a82f4f00855dc580157452e3 - - default default] 10.0.0.53 "POST /v2.0/security-groups HTTP/1.1" status: 201 len: 1860 time: 0.3113263
2026-05-30 10:55:16.746 10 WARNING neutron_lib.context [None req-eb536688-b3b3-4490-8895-0d9b8bef7a71 0c355dda600c4521a7f185aba2fa25ef 93930841a82f4f00855dc580157452e3 - - default default] Method 'is_advsvc' is deprecated since 2023.2 release (neutron-lib 3.8.0) and will be removed once support for the old RBAC API policies will be removed from Neutron. Please use method 'is_service_role' instead.
2026-05-30 10:55:16.878 10 INFO neutron.wsgi [-] 10.0.0.4 "GET / HTTP/1.1" status: 200 len: 247 time: 0.0012326
2026-05-30 10:55:16.880 10 INFO neutron.wsgi [-] 10.0.0.4 "GET / HTTP/1.1" status: 200 len: 247 time: 0.0009859
2026-05-30 10:55:16.950 10 INFO neutron.db.ovn_revision_numbers_db [None req-eb536688-b3b3-4490-8895-0d9b8bef7a71 0c355dda600c4521a7f185aba2fa25ef 93930841a82f4f00855dc580157452e3 - - default default] Successfully bumped revision number for resource 936b8ec9-e285-4669-9f96-92bff7a37d45 (type: security_group_rules) to 0
2026-05-30 10:55:16.980 10 WARNING neutron.scheduler.dhcp_agent_scheduler [None req-5fa14d42-f9d1-47cf-8997-718c1a94af65 7d1fa76f769d41bea9c493f5ff0299ba 3b6c1c854c744b89b26af38715383b1d - - default default] No more DHCP agents
2026-05-30 10:55:16.983 10 WARNING neutron.api.rpc.agentnotifiers.dhcp_rpc_agent_api [None req-5fa14d42-f9d1-47cf-8997-718c1a94af65 7d1fa76f769d41bea9c493f5ff0299ba 3b6c1c854c744b89b26af38715383b1d - - default default] Unable to schedule network 4903dbdc-7c38-4d3f-b4fc-00ee3387a22c: no agents available; will retry on subsequent port and subnet creation events.
2026-05-30 10:55:17.010 10 INFO neutron.wsgi [None req-eb536688-b3b3-4490-8895-0d9b8bef7a71 0c355dda600c4521a7f185aba2fa25ef 93930841a82f4f00855dc580157452e3 - - default default] 10.0.0.53 "POST /v2.0/security-group-rules HTTP/1.1" status: 201 len: 796 time: 0.2681379
2026-05-30 10:55:17.022 10 WARNING neutron_lib.context [None req-9dab79c8-86a8-4d27-893c-bbda10922fa8 0c355dda600c4521a7f185aba2fa25ef 93930841a82f4f00855dc580157452e3 - - default default] Method 'is_advsvc' is deprecated since 2023.2 release (neutron-lib 3.8.0) and will be removed once support for the old RBAC API policies will be removed from Neutron. Please use method 'is_service_role' instead.
2026-05-30 10:55:17.040 9 INFO neutron.db.ovn_revision_numbers_db [None req-52313494-1b36-4f31-974b-d1d2df8cc254 b3481020561241d8b6c18e31113e6eb8 d3ce4fb1bbb44a2ba63d976a542a9d6f - - default default] Successfully bumped revision number for resource 8d407c25-1962-463a-bfd3-58ed65adfb8a (type: floatingips) to 2
2026-05-30 10:55:17.206 9 INFO neutron.db.ovn_revision_numbers_db [None req-52313494-1b36-4f31-974b-d1d2df8cc254 b3481020561241d8b6c18e31113e6eb8 d3ce4fb1bbb44a2ba63d976a542a9d6f - - default default] Successfully bumped revision number for resource 8d407c25-1962-463a-bfd3-58ed65adfb8a (type: floatingips) to 2
2026-05-30 10:55:17.206 9 INFO neutron.db.l3_db [None req-52313494-1b36-4f31-974b-d1d2df8cc254 b3481020561241d8b6c18e31113e6eb8 d3ce4fb1bbb44a2ba63d976a542a9d6f - - default default] Floating IP 8d407c25-1962-463a-bfd3-58ed65adfb8a associated. External IP: 10.96.250.214, port: df674757-6fc8-41a0-b677-460db2911717.
2026-05-30 10:55:17.210 10 INFO neutron.db.ovn_revision_numbers_db [None req-5fa14d42-f9d1-47cf-8997-718c1a94af65 7d1fa76f769d41bea9c493f5ff0299ba 3b6c1c854c744b89b26af38715383b1d - - default default] Successfully bumped revision number for resource 6fd3b108-7ecc-42dc-9975-7e3b66f8d3ad (type: ports) to 1
2026-05-30 10:55:17.215 10 INFO neutron.db.ovn_revision_numbers_db [None req-9dab79c8-86a8-4d27-893c-bbda10922fa8 0c355dda600c4521a7f185aba2fa25ef 93930841a82f4f00855dc580157452e3 - - default default] Successfully bumped revision number for resource 63643f18-8a79-406f-bbd8-ec6b57cd6a85 (type: security_group_rules) to 0
2026-05-30 10:55:17.262 9 INFO neutron.wsgi [None req-52313494-1b36-4f31-974b-d1d2df8cc254 b3481020561241d8b6c18e31113e6eb8 d3ce4fb1bbb44a2ba63d976a542a9d6f - - default default] 10.0.0.53 "PUT /v2.0/floatingips/8d407c25-1962-463a-bfd3-58ed65adfb8a HTTP/1.1" status: 200 len: 1037 time: 1.2628894
2026-05-30 10:55:17.346 9 INFO neutron.db.ovn_revision_numbers_db [None req-9c4179ae-661d-48a1-b2c6-88d0c144c33b 7d1fa76f769d41bea9c493f5ff0299ba 3b6c1c854c744b89b26af38715383b1d - - default default] Successfully bumped revision number for resource 9e4cdc21-c07b-45d2-a8d9-8d7740aba071 (type: security_groups) to 1
2026-05-30 10:55:17.372 9 INFO neutron.db.ovn_revision_numbers_db [None req-9c4179ae-661d-48a1-b2c6-88d0c144c33b 7d1fa76f769d41bea9c493f5ff0299ba 3b6c1c854c744b89b26af38715383b1d - - default default] Successfully bumped revision number for resource 67c1048a-b10b-4a93-8848-c4a6d0534673 (type: security_group_rules) to 0
2026-05-30 10:55:17.405 9 INFO neutron.db.ovn_revision_numbers_db [None req-9c4179ae-661d-48a1-b2c6-88d0c144c33b 7d1fa76f769d41bea9c493f5ff0299ba 3b6c1c854c744b89b26af38715383b1d - - default default] Successfully bumped revision number for resource d89a4329-7f15-4a01-8f72-011ffedf72ce (type: security_group_rules) to 0
2026-05-30 10:55:17.425 9 INFO neutron.db.ovn_revision_numbers_db [None req-9c4179ae-661d-48a1-b2c6-88d0c144c33b 7d1fa76f769d41bea9c493f5ff0299ba 3b6c1c854c744b89b26af38715383b1d - - default default] Successfully bumped revision number for resource dcdf1393-7fb8-4dc3-84ed-c6d0994b8ed2 (type: security_group_rules) to 0
2026-05-30 10:55:17.466 9 INFO neutron.db.ovn_revision_numbers_db [None req-9c4179ae-661d-48a1-b2c6-88d0c144c33b 7d1fa76f769d41bea9c493f5ff0299ba 3b6c1c854c744b89b26af38715383b1d - - default default] Successfully bumped revision number for resource e8812c41-7d88-4d54-a2dc-6fa0698c050f (type: security_group_rules) to 0
2026-05-30 10:55:17.469 9 INFO neutron.db.ovn_revision_numbers_db [None req-c5cd9d35-1243-4d0b-8f9f-2b5046dcd0f8 b3481020561241d8b6c18e31113e6eb8 d3ce4fb1bbb44a2ba63d976a542a9d6f - - default default] Successfully bumped revision number for resource 8d407c25-1962-463a-bfd3-58ed65adfb8a (type: floatingips) to 3
2026-05-30 10:55:17.489 10 INFO neutron.wsgi [None req-9dab79c8-86a8-4d27-893c-bbda10922fa8 0c355dda600c4521a7f185aba2fa25ef 93930841a82f4f00855dc580157452e3 - - default default] 10.0.0.53 "POST /v2.0/security-group-rules HTTP/1.1" status: 201 len: 801 time: 0.4725869
2026-05-30 10:55:17.501 10 WARNING neutron_lib.context [None req-7f2088d5-9478-4b1d-b177-e10e679e0d5b 0c355dda600c4521a7f185aba2fa25ef 93930841a82f4f00855dc580157452e3 - - default default] Method 'is_advsvc' is deprecated since 2023.2 release (neutron-lib 3.8.0) and will be removed once support for the old RBAC API policies will be removed from Neutron. Please use method 'is_service_role' instead.
2026-05-30 10:55:17.524 9 INFO neutron.wsgi [None req-9c4179ae-661d-48a1-b2c6-88d0c144c33b 7d1fa76f769d41bea9c493f5ff0299ba 3b6c1c854c744b89b26af38715383b1d - - default default] 10.0.0.53 "GET /v2.0/security-groups?tenant_id=30082a8c4b4146e9b6f16257dca54684&name=default HTTP/1.1" status: 200 len: 3120 time: 0.5411184
2026-05-30 10:55:17.572 9 INFO neutron.db.l3_db [None req-c5cd9d35-1243-4d0b-8f9f-2b5046dcd0f8 b3481020561241d8b6c18e31113e6eb8 d3ce4fb1bbb44a2ba63d976a542a9d6f - - default default] Floating IP 8d407c25-1962-463a-bfd3-58ed65adfb8a disassociated. External IP: 10.96.250.214, port: b84e7994-2eca-4e5a-91c8-31152bb2b033.
2026-05-30 10:55:17.610 9 INFO neutron.wsgi [None req-c5cd9d35-1243-4d0b-8f9f-2b5046dcd0f8 b3481020561241d8b6c18e31113e6eb8 d3ce4fb1bbb44a2ba63d976a542a9d6f - - default default] 10.0.0.53 "PUT /v2.0/floatingips/8d407c25-1962-463a-bfd3-58ed65adfb8a HTTP/1.1" status: 200 len: 748 time: 0.3419483
2026-05-30 10:55:17.852 9 INFO neutron.wsgi [None req-da98c8cb-e601-4d98-8e32-2cb89298a2cf 7d1fa76f769d41bea9c493f5ff0299ba 3b6c1c854c744b89b26af38715383b1d - - default default] 10.0.0.53 "DELETE /v2.0/security-groups/9e4cdc21-c07b-45d2-a8d9-8d7740aba071 HTTP/1.1" status: 204 len: 168 time: 0.3182497
2026-05-30 10:55:17.890 10 WARNING neutron.scheduler.dhcp_agent_scheduler [None req-7f2088d5-9478-4b1d-b177-e10e679e0d5b 0c355dda600c4521a7f185aba2fa25ef 93930841a82f4f00855dc580157452e3 - - default default] No more DHCP agents
2026-05-30 10:55:17.893 10 WARNING neutron.api.rpc.agentnotifiers.dhcp_rpc_agent_api [None req-7f2088d5-9478-4b1d-b177-e10e679e0d5b 0c355dda600c4521a7f185aba2fa25ef 93930841a82f4f00855dc580157452e3 - - default default] Unable to schedule network 4903dbdc-7c38-4d3f-b4fc-00ee3387a22c: no agents available; will retry on subsequent port and subnet creation events.
2026-05-30 10:55:18.043 9 INFO neutron.wsgi [None req-506b5951-92df-4fc7-90bd-67ee0b6fa61c b3481020561241d8b6c18e31113e6eb8 d3ce4fb1bbb44a2ba63d976a542a9d6f - - default default] 10.0.0.53 "DELETE /v2.0/floatingips/8d407c25-1962-463a-bfd3-58ed65adfb8a HTTP/1.1" status: 204 len: 168 time: 0.4266295
2026-05-30 10:55:18.071 9 INFO neutron.api.v2.resource [None req-9e61bdd1-e57f-4ffc-820a-1b74066f9d4e b3481020561241d8b6c18e31113e6eb8 d3ce4fb1bbb44a2ba63d976a542a9d6f - - default default] delete failed (client error): The resource could not be found.
2026-05-30 10:55:18.072 9 INFO neutron.wsgi [None req-9e61bdd1-e57f-4ffc-820a-1b74066f9d4e b3481020561241d8b6c18e31113e6eb8 d3ce4fb1bbb44a2ba63d976a542a9d6f - - default default] 10.0.0.53 "DELETE /v2.0/floatingips/8d407c25-1962-463a-bfd3-58ed65adfb8a HTTP/1.1" status: 404 len: 345 time: 0.0245914
2026-05-30 10:55:18.302 10 INFO neutron.plugins.ml2.drivers.ovn.mech_driver.ovsdb.commands [None req-947aaf40-9819-4026-b248-ef530c77f404 - - - - - -] Schedule LRP lrp-6fd3b108-7ecc-42dc-9975-7e3b66f8d3ad on gateway d3b68d65-ac6f-4900-b28b-354ab63efd72 with priority 1
2026-05-30 10:55:18.344 10 INFO neutron.plugins.ml2.drivers.ovn.mech_driver.ovsdb.ovsdb_monitor [None req-d5420bde-e0a9-44ab-a41b-1859088034e2 - - - - - -] Router 8a41b751-d73d-4f37-a23b-050f1ce24d9e is bound to host instance
2026-05-30 10:55:18.350 10 INFO neutron.wsgi [None req-7f2088d5-9478-4b1d-b177-e10e679e0d5b 0c355dda600c4521a7f185aba2fa25ef 93930841a82f4f00855dc580157452e3 - - default default] 10.0.0.53 "POST /v2.0/floatingips HTTP/1.1" status: 201 len: 751 time: 0.8547931
2026-05-30 10:55:18.371 10 INFO neutron.db.ovn_revision_numbers_db [None req-5fa14d42-f9d1-47cf-8997-718c1a94af65 7d1fa76f769d41bea9c493f5ff0299ba 3b6c1c854c744b89b26af38715383b1d - - default default] Successfully bumped revision number for resource 6fd3b108-7ecc-42dc-9975-7e3b66f8d3ad (type: router_ports) to 1
2026-05-30 10:55:18.469 10 INFO neutron.db.ovn_revision_numbers_db [None req-5fa14d42-f9d1-47cf-8997-718c1a94af65 7d1fa76f769d41bea9c493f5ff0299ba 3b6c1c854c744b89b26af38715383b1d - - default default] Successfully bumped revision number for resource 8a41b751-d73d-4f37-a23b-050f1ce24d9e (type: routers) to 2
2026-05-30 10:55:18.490 10 INFO neutron.wsgi [None req-5fa14d42-f9d1-47cf-8997-718c1a94af65 7d1fa76f769d41bea9c493f5ff0299ba 3b6c1c854c744b89b26af38715383b1d - - default default] 10.0.0.53 "POST /v2.0/routers HTTP/1.1" status: 201 len: 1162 time: 2.0937724
2026-05-30 10:55:18.530 9 INFO neutron.wsgi [None req-d8fedc28-2240-4aff-a30a-246e1fa7d44a b3481020561241d8b6c18e31113e6eb8 d3ce4fb1bbb44a2ba63d976a542a9d6f - - default default] 10.0.0.53 "DELETE /v2.0/ports/b84e7994-2eca-4e5a-91c8-31152bb2b033 HTTP/1.1" status: 204 len: 168 time: 0.4521575
2026-05-30 10:55:18.884 9 INFO neutron.wsgi [req-2ef6c2e6-c832-4f86-9a54-2aec53f82eeb req-95356c97-5e4c-4014-a461-5c0faa0e469d 0c355dda600c4521a7f185aba2fa25ef 93930841a82f4f00855dc580157452e3 - - default default] 10.0.0.128 "GET /v2.0/security-groups?name=tempest-securitygroup--1073812683&fields=id&tenant_id=93930841a82f4f00855dc580157452e3 HTTP/1.1" status: 200 len: 267 time: 0.0496998
2026-05-30 10:55:18.911 9 INFO neutron.wsgi [None req-26816254-6498-428f-9964-190d731108c8 b3481020561241d8b6c18e31113e6eb8 d3ce4fb1bbb44a2ba63d976a542a9d6f - - default default] 10.0.0.53 "DELETE /v2.0/ports/df674757-6fc8-41a0-b677-460db2911717 HTTP/1.1" status: 204 len: 168 time: 0.3766239
2026-05-30 10:55:18.982 9 INFO neutron.wsgi [None req-58677305-5cae-424f-83a0-2b4e7e8d4422 b3481020561241d8b6c18e31113e6eb8 d3ce4fb1bbb44a2ba63d976a542a9d6f - - default default] 10.0.0.53 "GET /v2.0/ports?device_id=8c1fb3f7-9a09-468f-a7c6-21350822d02b HTTP/1.1" status: 200 len: 1140 time: 0.0636985
2026-05-30 10:55:19.016 9 INFO neutron.wsgi [req-2ef6c2e6-c832-4f86-9a54-2aec53f82eeb req-a156e247-682f-42be-90e2-9d14a395d29f 0c355dda600c4521a7f185aba2fa25ef 93930841a82f4f00855dc580157452e3 - - default default] 10.0.0.128 "GET /v2.0/networks?id=aa379350-4e16-448c-8fe2-430d3db41ec1 HTTP/1.1" status: 200 len: 874 time: 0.1101601
2026-05-30 10:55:19.057 9 INFO neutron.wsgi [req-2ef6c2e6-c832-4f86-9a54-2aec53f82eeb req-6cffddf4-631c-4a19-bf31-5cd7ad17b8a9 0c355dda600c4521a7f185aba2fa25ef 93930841a82f4f00855dc580157452e3 - - default default] 10.0.0.128 "GET /v2.0/quotas/93930841a82f4f00855dc580157452e3 HTTP/1.1" status: 200 len: 491 time: 0.0330367
2026-05-30 10:55:19.185 9 INFO neutron.wsgi [None req-5dc67ac1-511a-4a35-85f0-b46de430af26 7d1fa76f769d41bea9c493f5ff0299ba 3b6c1c854c744b89b26af38715383b1d - - default default] 10.0.0.187 "GET /v2.0/security-groups HTTP/1.1" status: 200 len: 29155 time: 0.2869375
2026-05-30 10:55:19.296 9 INFO neutron.wsgi [None req-757f53ac-daf0-4f0d-9298-d0e43e2348ad 7d1fa76f769d41bea9c493f5ff0299ba 3b6c1c854c744b89b26af38715383b1d - - default default] 10.0.0.187 "GET /v2.0/subnets HTTP/1.1" status: 200 len: 3355 time: 0.0978429
2026-05-30 10:55:19.337 9 INFO neutron.wsgi [req-2ef6c2e6-c832-4f86-9a54-2aec53f82eeb req-cbc4fa29-92e1-40bd-8682-5d887a7003e2 0c355dda600c4521a7f185aba2fa25ef 93930841a82f4f00855dc580157452e3 - - default default] 10.0.0.128 "GET /v2.0/ports?tenant_id=93930841a82f4f00855dc580157452e3&fields=id HTTP/1.1" status: 200 len: 302 time: 0.2720304
2026-05-30 10:55:19.456 9 WARNING neutron.plugins.ml2.drivers.ovn.mech_driver.ovsdb.ovn_client [None req-48d70b58-30ac-4872-969f-fd49bcde0830 - - - - - -] No hosting information found for port 730c350d-9d6d-4d90-ad8b-743874f19780: RuntimeError: No hosting information found for port 730c350d-9d6d-4d90-ad8b-743874f19780
2026-05-30 10:55:19.524 10 WARNING neutron.scheduler.dhcp_agent_scheduler [None req-9042bcc0-86c7-449e-8498-487bbcd3a80d 7d1fa76f769d41bea9c493f5ff0299ba 3b6c1c854c744b89b26af38715383b1d - - default default] No more DHCP agents
2026-05-30 10:55:19.533 10 WARNING neutron.api.rpc.agentnotifiers.dhcp_rpc_agent_api [None req-9042bcc0-86c7-449e-8498-487bbcd3a80d 7d1fa76f769d41bea9c493f5ff0299ba 3b6c1c854c744b89b26af38715383b1d - - default default] Unable to schedule network 384c1eb1-38eb-4858-8630-0ca59c79a816: no agents available; will retry on subsequent port and subnet creation events.
2026-05-30 10:55:19.558 10 INFO neutron.db.ovn_revision_numbers_db [None req-d5420bde-e0a9-44ab-a41b-1859088034e2 - - - - - -] Successfully bumped revision number for resource 6fd3b108-7ecc-42dc-9975-7e3b66f8d3ad (type: ports) to 1
2026-05-30 10:55:19.798 10 WARNING neutron_lib.context [None req-cb9db111-9d2e-4fe0-910e-a57b99276ff2 041db2b498a74ffcaf6f3399495601b8 fac91ac1b5cb452e903e0e45a7c9579a - - default default] Method 'is_advsvc' is deprecated since 2023.2 release (neutron-lib 3.8.0) and will be removed once support for the old RBAC API policies will be removed from Neutron. Please use method 'is_service_role' instead.
2026-05-30 10:55:19.811 10 INFO neutron.db.ovn_revision_numbers_db [None req-9042bcc0-86c7-449e-8498-487bbcd3a80d 7d1fa76f769d41bea9c493f5ff0299ba 3b6c1c854c744b89b26af38715383b1d - - default default] Successfully bumped revision number for resource 58a89b2b-dc5d-4045-8329-45e1480919b4 (type: ports) to 1
2026-05-30 10:55:19.826 9 INFO neutron.plugins.ml2.drivers.ovn.mech_driver.mech_driver [None req-48d70b58-30ac-4872-969f-fd49bcde0830 - - - - - -] OVN reports status up for port: 6fd3b108-7ecc-42dc-9975-7e3b66f8d3ad
2026-05-30 10:55:19.864 9 INFO neutron.wsgi [None req-4aba84e9-48bc-4d8c-9533-aa72c4dd8f02 7d1fa76f769d41bea9c493f5ff0299ba 3b6c1c854c744b89b26af38715383b1d - - default default] 10.0.0.187 "GET /v2.0/routers HTTP/1.1" status: 200 len: 3075 time: 0.5644529 /var/lib/openstack/lib/python3.10/site-packages/pycadf/identifier.py:71: UserWarning: Invalid uuid: neutron. To ensure interoperability, identifiers should be a valid uuid. warnings.warn(('Invalid uuid: %s. To ensure interoperability, '
2026-05-30 10:55:19.881 9 INFO neutron.wsgi [req-2ef6c2e6-c832-4f86-9a54-2aec53f82eeb req-e520c62d-e57b-4eb2-af27-b7aae163f178 311de5a72440457a97db1b822ad5f654 a9b60b7a466b48e2b909e6c895221a61 - - 3934fa3f24dd44ae9602c404a4208d70 3934fa3f24dd44ae9602c404a4208d70] 10.0.0.128 "GET /v2.0/networks/aa379350-4e16-448c-8fe2-430d3db41ec1?fields=segments HTTP/1.1" status: 200 len: 212 time: 0.5256348
2026-05-30 10:55:19.886 9 INFO neutron.plugins.ml2.plugin [None req-48d70b58-30ac-4872-969f-fd49bcde0830 - - - - - -] Attempt 1 to provision port 6fd3b108-7ecc-42dc-9975-7e3b66f8d3ad
2026-05-30 10:55:19.894 9 INFO neutron.wsgi [None req-b66543fa-5899-45e4-91a0-394f67b4a9f7 7d1fa76f769d41bea9c493f5ff0299ba 3b6c1c854c744b89b26af38715383b1d - - default default] 10.0.0.187 "GET /v2.0/agents?binary=ovn-controller HTTP/1.1" status: 200 len: 591 time: 0.0242853
2026-05-30 10:55:19.963 9 INFO neutron.wsgi [None req-adcf2cc1-8d7c-4729-bc27-00e365c7e7ca 7d1fa76f769d41bea9c493f5ff0299ba 3b6c1c854c744b89b26af38715383b1d - - default default] 10.0.0.187 "GET /v2.0/floatingips HTTP/1.1" status: 200 len: 730 time: 0.0556817
2026-05-30 10:55:19.998 9 INFO neutron.wsgi [None req-98d1584a-5add-4760-b54f-70721ed48018 7d1fa76f769d41bea9c493f5ff0299ba 3b6c1c854c744b89b26af38715383b1d - - default default] 10.0.0.187 "GET /v2.0/network-ip-availabilities HTTP/1.1" status: 200 len: 2655 time: 0.0301516
2026-05-30 10:55:20.059 9 INFO neutron.wsgi [req-2ef6c2e6-c832-4f86-9a54-2aec53f82eeb req-fb4a7ed2-615d-4f6c-b99d-41a9d364d979 311de5a72440457a97db1b822ad5f654 a9b60b7a466b48e2b909e6c895221a61 - - 3934fa3f24dd44ae9602c404a4208d70 3934fa3f24dd44ae9602c404a4208d70] 10.0.0.128 "GET /v2.0/networks/aa379350-4e16-448c-8fe2-430d3db41ec1?fields=provider%3Aphysical_network&fields=provider%3Anetwork_type HTTP/1.1" status: 200 len: 277 time: 0.1688948
2026-05-30 10:55:20.070 9 INFO neutron.wsgi [None req-9f87c49c-bb69-4599-a3c9-9cc4f3fd7f6f 7d1fa76f769d41bea9c493f5ff0299ba 3b6c1c854c744b89b26af38715383b1d - - default default] 10.0.0.187 "GET /v2.0/subnets HTTP/1.1" status: 200 len: 3355 time: 0.0696483
2026-05-30 10:55:20.079 10 INFO neutron.db.ovn_revision_numbers_db [None req-cb9db111-9d2e-4fe0-910e-a57b99276ff2 041db2b498a74ffcaf6f3399495601b8 fac91ac1b5cb452e903e0e45a7c9579a - - default default] Successfully bumped revision number for resource 723b0339-53c8-441c-8cc5-2e8011715528 (type: security_groups) to 1
2026-05-30 10:55:20.098 9 INFO neutron.wsgi [None req-1d04fe88-0ecc-482a-be5f-906f4a893c37 7d1fa76f769d41bea9c493f5ff0299ba 3b6c1c854c744b89b26af38715383b1d - - default default] 10.0.0.187 "GET /v2.0/subnetpools HTTP/1.1" status: 200 len: 193 time: 0.0218225
2026-05-30 10:55:20.109 10 INFO neutron.db.ovn_revision_numbers_db [None req-cb9db111-9d2e-4fe0-910e-a57b99276ff2 041db2b498a74ffcaf6f3399495601b8 fac91ac1b5cb452e903e0e45a7c9579a - - default default] Successfully bumped revision number for resource 19c488bd-74fa-41b3-9a8c-e5908ee77cda (type: security_group_rules) to 0
2026-05-30 10:55:20.121 10 INFO neutron.db.ovn_revision_numbers_db [None req-d5420bde-e0a9-44ab-a41b-1859088034e2 - - - - - -] Successfully bumped revision number for resource 6fd3b108-7ecc-42dc-9975-7e3b66f8d3ad (type: router_ports) to 3
2026-05-30 10:55:20.146 10 INFO neutron.db.ovn_revision_numbers_db [None req-cb9db111-9d2e-4fe0-910e-a57b99276ff2 041db2b498a74ffcaf6f3399495601b8 fac91ac1b5cb452e903e0e45a7c9579a - - default default] Successfully bumped revision number for resource 8f50fbb3-5f17-4dbb-937d-82e4da11088f (type: security_group_rules) to 0
2026-05-30 10:55:20.168 10 INFO neutron.db.ovn_revision_numbers_db [None req-cb9db111-9d2e-4fe0-910e-a57b99276ff2 041db2b498a74ffcaf6f3399495601b8 fac91ac1b5cb452e903e0e45a7c9579a - - default default] Successfully bumped revision number for resource c1ad0168-5c5e-46ae-8bd7-5886c440d01d (type: security_group_rules) to 0
2026-05-30 10:55:20.205 10 INFO neutron.db.ovn_revision_numbers_db [None req-cb9db111-9d2e-4fe0-910e-a57b99276ff2 041db2b498a74ffcaf6f3399495601b8 fac91ac1b5cb452e903e0e45a7c9579a - - default default] Successfully bumped revision number for resource e5495e27-499a-48e0-a4cb-051e0d468553 (type: security_group_rules) to 0
2026-05-30 10:55:20.223 10 INFO neutron.wsgi [req-c333dfd0-01e0-41f4-b21f-8a17eee18fb1 req-5c8de36c-502e-4ca4-bde3-7fbb505281f2 0c355dda600c4521a7f185aba2fa25ef 93930841a82f4f00855dc580157452e3 - - default default] 10.0.0.128 "GET /v2.0/ports?device_id=26574a78-b39a-40a9-94d0-39ad8e6adf85 HTTP/1.1" status: 200 len: 210 time: 0.0354693
2026-05-30 10:55:20.265 9 INFO neutron.wsgi [None req-8657dfad-2ef7-44aa-bd9a-61e5e3906fac 7d1fa76f769d41bea9c493f5ff0299ba 3b6c1c854c744b89b26af38715383b1d - - default default] 10.0.0.187 "GET /v2.0/networks HTTP/1.1" status: 200 len: 4627 time: 0.1633046
2026-05-30 10:55:20.284 10 INFO neutron.db.segments_db [None req-cb9db111-9d2e-4fe0-910e-a57b99276ff2 041db2b498a74ffcaf6f3399495601b8 fac91ac1b5cb452e903e0e45a7c9579a - - default default] Added segment 7e7f064b-d3cd-499c-9b2e-ece936e63363 of type geneve for network 0d854c65-3c53-4061-90ba-f49c80de07f2
2026-05-30 10:55:20.394 9 INFO neutron.wsgi [None req-2842ff82-b6d5-4b78-8de3-d9bdb6278985 7d1fa76f769d41bea9c493f5ff0299ba 3b6c1c854c744b89b26af38715383b1d - - default default] 10.0.0.187 "GET /v2.0/ports HTTP/1.1" status: 200 len: 15722 time: 0.1255612
2026-05-30 10:55:20.445 9 INFO neutron.wsgi [None req-54ec655c-9cc3-4369-b863-7701f8c5d075 7d1fa76f769d41bea9c493f5ff0299ba 3b6c1c854c744b89b26af38715383b1d - - default default] 10.0.0.187 "GET /v2.0/agents HTTP/1.1" status: 200 len: 1390 time: 0.0348263
2026-05-30 10:55:20.543 10 INFO neutron.db.ovn_revision_numbers_db [None req-cb9db111-9d2e-4fe0-910e-a57b99276ff2 041db2b498a74ffcaf6f3399495601b8 fac91ac1b5cb452e903e0e45a7c9579a - - default default] Successfully bumped revision number for resource 0d854c65-3c53-4061-90ba-f49c80de07f2 (type: networks) to 1
2026-05-30 10:55:20.756 9 INFO neutron.db.ovn_revision_numbers_db [None req-48d70b58-30ac-4872-969f-fd49bcde0830 - - - - - -] Successfully bumped revision number for resource 6fd3b108-7ecc-42dc-9975-7e3b66f8d3ad (type: ports) to 4
2026-05-30 10:55:20.795 10 INFO neutron.db.ovn_revision_numbers_db [None req-d5420bde-e0a9-44ab-a41b-1859088034e2 - - - - - -] Successfully bumped revision number for resource 6fd3b108-7ecc-42dc-9975-7e3b66f8d3ad (type: ports) to 2
2026-05-30 10:55:20.935 10 ERROR ovsdbapp.backend.ovs_idl.command [None req-9042bcc0-86c7-449e-8498-487bbcd3a80d 7d1fa76f769d41bea9c493f5ff0299ba 3b6c1c854c744b89b26af38715383b1d - - default default] Error executing command (DbGetCommand): ovsdbapp.backend.ovs_idl.idlutils.RowNotFound: Cannot find Logical_Router_Port with name=lrp-58a89b2b-dc5d-4045-8329-45e1480919b4
2026-05-30 10:55:20.935 10 ERROR ovsdbapp.backend.ovs_idl.command
Traceback (most recent call last):
2026-05-30 10:55:20.935 10 ERROR ovsdbapp.backend.ovs_idl.command
File "/var/lib/openstack/lib/python3.10/site-packages/ovsdbapp/backend/ovs_idl/command.py", line 47, in execute
2026-05-30 10:55:20.935 10 ERROR ovsdbapp.backend.ovs_idl.command self.run_idl(None)
2026-05-30 10:55:20.935 10 ERROR ovsdbapp.backend.ovs_idl.command
File "/var/lib/openstack/lib/python3.10/site-packages/ovsdbapp/backend/ovs_idl/command.py", line 235, in run_idl
2026-05-30 10:55:20.935 10 ERROR ovsdbapp.backend.ovs_idl.command record = self.api.lookup(self.table, self.record)
2026-05-30 10:55:20.935 10 ERROR ovsdbapp.backend.ovs_idl.command
File "/var/lib/openstack/lib/python3.10/site-packages/ovsdbapp/backend/ovs_idl/__init__.py", line 184, in lookup
2026-05-30 10:55:20.935 10 ERROR ovsdbapp.backend.ovs_idl.command return self._lookup(table, record)
2026-05-30 10:55:20.935 10 ERROR ovsdbapp.backend.ovs_idl.command
File "/var/lib/openstack/lib/python3.10/site-packages/ovsdbapp/backend/ovs_idl/__init__.py", line 235, in _lookup
2026-05-30 10:55:20.935 10 ERROR ovsdbapp.backend.ovs_idl.command row = idlutils.row_by_value(self, rl.table, rl.column, record)
2026-05-30 10:55:20.935 10 ERROR ovsdbapp.backend.ovs_idl.command
File "/var/lib/openstack/lib/python3.10/site-packages/ovsdbapp/backend/ovs_idl/idlutils.py", line 114, in row_by_value
2026-05-30 10:55:20.935 10 ERROR ovsdbapp.backend.ovs_idl.command raise RowNotFound(table=table, col=column, match=match)
2026-05-30 10:55:20.935 10 ERROR ovsdbapp.backend.ovs_idl.command ovsdbapp.backend.ovs_idl.idlutils.RowNotFound: Cannot find Logical_Router_Port with name=lrp-58a89b2b-dc5d-4045-8329-45e1480919b4
2026-05-30 10:55:20.935 10 ERROR ovsdbapp.backend.ovs_idl.command 
2026-05-30 10:55:20.935 10 ERROR neutron_lib.callbacks.manager [None req-9042bcc0-86c7-449e-8498-487bbcd3a80d 7d1fa76f769d41bea9c493f5ff0299ba 3b6c1c854c744b89b26af38715383b1d - - default default] Error during notification for neutron.services.ovn_l3.plugin.OVNL3RouterPlugin._port_update-8767237304047 port, after_update: ovsdbapp.backend.ovs_idl.idlutils.RowNotFound: Cannot find Logical_Router_Port with name=lrp-58a89b2b-dc5d-4045-8329-45e1480919b4
2026-05-30 10:55:20.935 10 ERROR neutron_lib.callbacks.manager
Traceback (most recent call last):
2026-05-30 10:55:20.935 10 ERROR neutron_lib.callbacks.manager
File "/var/lib/openstack/lib/python3.10/site-packages/neutron_lib/callbacks/manager.py", line 189, in _notify_loop
