2026-05-30 10:47:19.213 9 INFO neutron.wsgi [None req-b80ad0d6-d234-4642-bdbe-8058e473b353 7d1fa76f769d41bea9c493f5ff0299ba 3b6c1c854c744b89b26af38715383b1d - - default default] 10.0.0.187 "GET /v2.0/security-groups HTTP/1.1" status: 200 len: 17578 time: 0.0458679
2026-05-30 10:47:19.250 9 INFO neutron.wsgi [None req-4aeabf1b-18a9-4f27-97b2-cb64268e3016 7d1fa76f769d41bea9c493f5ff0299ba 3b6c1c854c744b89b26af38715383b1d - - default default] 10.0.0.187 "GET /v2.0/routers HTTP/1.1" status: 200 len: 189 time: 0.0275550
2026-05-30 10:47:19.285 9 INFO neutron.wsgi [None req-5ae57f86-2ab5-4fd0-8446-fc74ee47643e 7d1fa76f769d41bea9c493f5ff0299ba 3b6c1c854c744b89b26af38715383b1d - - default default] 10.0.0.187 "GET /v2.0/agents?binary=ovn-controller HTTP/1.1" status: 200 len: 591 time: 0.0343709
2026-05-30 10:47:19.309 9 INFO neutron.wsgi [None req-a52f144a-9688-4f0d-8631-05988bae4ff4 7d1fa76f769d41bea9c493f5ff0299ba 3b6c1c854c744b89b26af38715383b1d - - default default] 10.0.0.187 "GET /v2.0/floatingips HTTP/1.1" status: 200 len: 193 time: 0.0228965
2026-05-30 10:47:19.340 9 INFO neutron.wsgi [None req-1d9a6545-34c5-47d3-8441-f55dbede1006 7d1fa76f769d41bea9c493f5ff0299ba 3b6c1c854c744b89b26af38715383b1d - - default default] 10.0.0.187 "GET /v2.0/subnets HTTP/1.1" status: 200 len: 1437 time: 0.0304356
2026-05-30 10:47:19.372 9 INFO neutron.wsgi [None req-d59c0c5a-d664-4a71-a082-fe384c5640bc 7d1fa76f769d41bea9c493f5ff0299ba 3b6c1c854c744b89b26af38715383b1d - - default default] 10.0.0.187 "GET /v2.0/subnets HTTP/1.1" status: 200 len: 1437 time: 0.0307639
2026-05-30 10:47:19.387 9 INFO neutron.wsgi [None req-07f5c679-f902-42c9-9933-b237983e36be 7d1fa76f769d41bea9c493f5ff0299ba 3b6c1c854c744b89b26af38715383b1d - - default default] 10.0.0.187 "GET /v2.0/subnetpools HTTP/1.1" status: 200 len: 193 time: 0.0133414
2026-05-30 10:47:19.403 9 INFO neutron.wsgi [None req-7e6d6247-f915-4257-b006-302b66ca350e 7d1fa76f769d41bea9c493f5ff0299ba 3b6c1c854c744b89b26af38715383b1d - - default default] 10.0.0.187 "GET /v2.0/agents HTTP/1.1" status: 200 len: 1390 time: 0.0150852
2026-05-30 10:47:31.877 10 INFO neutron.wsgi [-] 10.0.0.4 "GET / HTTP/1.1" status: 200 len: 247 time: 0.0024619
2026-05-30 10:47:31.879 10 INFO neutron.wsgi [-] 10.0.0.4 "GET / HTTP/1.1" status: 200 len: 247 time: 0.0017171
2026-05-30 10:47:46.876 9 INFO neutron.wsgi [-] 10.0.0.4 "GET / HTTP/1.1" status: 200 len: 247 time: 0.0026126
2026-05-30 10:47:46.877 10 INFO neutron.wsgi [-] 10.0.0.4 "GET / HTTP/1.1" status: 200 len: 247 time: 0.0033836
2026-05-30 10:48:01.877 9 INFO neutron.wsgi [-] 10.0.0.4 "GET / HTTP/1.1" status: 200 len: 247 time: 0.0032310
2026-05-30 10:48:01.880 9 INFO neutron.wsgi [-] 10.0.0.4 "GET / HTTP/1.1" status: 200 len: 247 time: 0.0019968
2026-05-30 10:48:16.875 9 INFO neutron.wsgi [-] 10.0.0.4 "GET / HTTP/1.1" status: 200 len: 247 time: 0.0017667
2026-05-30 10:48:16.876 10 INFO neutron.wsgi [-] 10.0.0.4 "GET / HTTP/1.1" status: 200 len: 247 time: 0.0025513
2026-05-30 10:48:19.008 9 INFO neutron.wsgi [None req-523edccd-3837-4bf4-b936-c75ed20ff3a2 7d1fa76f769d41bea9c493f5ff0299ba 3b6c1c854c744b89b26af38715383b1d - - default default] 10.0.0.187 "GET /v2.0/floatingips HTTP/1.1" status: 200 len: 193 time: 0.0815268
2026-05-30 10:48:19.049 9 INFO neutron.wsgi [None req-68316c96-a5e9-419f-9040-c512487aa322 7d1fa76f769d41bea9c493f5ff0299ba 3b6c1c854c744b89b26af38715383b1d - - default default] 10.0.0.187 "GET /v2.0/ports HTTP/1.1" status: 200 len: 5351 time: 0.0404501
2026-05-30 10:48:19.094 9 INFO neutron.wsgi [None req-3c7b9354-4149-4bec-a477-f26343a9c30a 7d1fa76f769d41bea9c493f5ff0299ba 3b6c1c854c744b89b26af38715383b1d - - default default] 10.0.0.187 "GET /v2.0/agents HTTP/1.1" status: 200 len: 1390 time: 0.0412257
2026-05-30 10:48:19.107 9 INFO neutron.wsgi [None req-d9084846-b1ca-4b9d-a8b2-21fd25159e38 7d1fa76f769d41bea9c493f5ff0299ba 3b6c1c854c744b89b26af38715383b1d - - default default] 10.0.0.187 "GET /v2.0/network-ip-availabilities HTTP/1.1" status: 200 len: 1280 time: 0.0115280
2026-05-30 10:48:19.140 9 INFO neutron.wsgi [None req-ddf02b9b-79a5-426e-b2da-4383fb24be60 7d1fa76f769d41bea9c493f5ff0299ba 3b6c1c854c744b89b26af38715383b1d - - default default] 10.0.0.187 "GET /v2.0/subnets HTTP/1.1" status: 200 len: 1437 time: 0.0308967
2026-05-30 10:48:19.150 9 INFO neutron.wsgi [None req-dfb087be-af96-42d0-abe0-3a2a6d944b54 7d1fa76f769d41bea9c493f5ff0299ba 3b6c1c854c744b89b26af38715383b1d - - default default] 10.0.0.187 "GET /v2.0/subnetpools HTTP/1.1" status: 200 len: 193 time: 0.0083354
2026-05-30 10:48:19.229 9 INFO neutron.wsgi [None req-5f1fd3ed-a4cd-4c2a-8fe4-351240c1a068 7d1fa76f769d41bea9c493f5ff0299ba 3b6c1c854c744b89b26af38715383b1d - - default default] 10.0.0.187 "GET /v2.0/networks HTTP/1.1" status: 200 len: 2350 time: 0.0767565
2026-05-30 10:48:19.272 9 INFO neutron.wsgi [None req-786a8903-e350-45b1-9cb9-910fd9426d20 7d1fa76f769d41bea9c493f5ff0299ba 3b6c1c854c744b89b26af38715383b1d - - default default] 10.0.0.187 "GET /v2.0/subnets HTTP/1.1" status: 200 len: 1437 time: 0.0391734
2026-05-30 10:48:19.333 9 INFO neutron.wsgi [None req-03b9294a-cee5-4354-aa5b-29be714c1c00 7d1fa76f769d41bea9c493f5ff0299ba 3b6c1c854c744b89b26af38715383b1d - - default default] 10.0.0.187 "GET /v2.0/security-groups HTTP/1.1" status: 200 len: 17578 time: 0.0480869
2026-05-30 10:48:19.357 9 INFO neutron.wsgi [None req-5c5d9d80-e4e2-4b71-91e2-e2a5eed79da7 7d1fa76f769d41bea9c493f5ff0299ba 3b6c1c854c744b89b26af38715383b1d - - default default] 10.0.0.187 "GET /v2.0/routers HTTP/1.1" status: 200 len: 189 time: 0.0202823
2026-05-30 10:48:19.367 9 INFO neutron.wsgi [None req-3195975c-c0d2-41fa-a103-7f27cbfea61e 7d1fa76f769d41bea9c493f5ff0299ba 3b6c1c854c744b89b26af38715383b1d - - default default] 10.0.0.187 "GET /v2.0/agents?binary=ovn-controller HTTP/1.1" status: 200 len: 591 time: 0.0098658
2026-05-30 10:48:31.875 10 INFO neutron.wsgi [-] 10.0.0.4 "GET / HTTP/1.1" status: 200 len: 247 time: 0.0017731
2026-05-30 10:48:31.877 9 INFO neutron.wsgi [-] 10.0.0.4 "GET / HTTP/1.1" status: 200 len: 247 time: 0.0031729
2026-05-30 10:48:46.876 10 INFO neutron.wsgi [-] 10.0.0.4 "GET / HTTP/1.1" status: 200 len: 247 time: 0.0023503
2026-05-30 10:48:46.877 9 INFO neutron.wsgi [-] 10.0.0.4 "GET / HTTP/1.1" status: 200 len: 247 time: 0.0026734
2026-05-30 10:49:01.877 10 INFO neutron.wsgi [-] 10.0.0.4 "GET / HTTP/1.1" status: 200 len: 247 time: 0.0033948
2026-05-30 10:49:01.881 10 INFO neutron.wsgi [-] 10.0.0.4 "GET / HTTP/1.1" status: 200 len: 247 time: 0.0027678
2026-05-30 10:49:16.875 9 INFO neutron.wsgi [-] 10.0.0.4 "GET / HTTP/1.1" status: 200 len: 247 time: 0.0018032
2026-05-30 10:49:16.876 10 INFO neutron.wsgi [-] 10.0.0.4 "GET / HTTP/1.1" status: 200 len: 247 time: 0.0029049
2026-05-30 10:49:19.032 9 INFO neutron.wsgi [None req-43a426f9-ad87-44d5-bb8e-bde02bcf7f62 7d1fa76f769d41bea9c493f5ff0299ba 3b6c1c854c744b89b26af38715383b1d - - default default] 10.0.0.187 "GET /v2.0/floatingips HTTP/1.1" status: 200 len: 193 time: 0.1533241
2026-05-30 10:49:19.093 9 INFO neutron.wsgi [None req-aeb54328-4ec5-4464-afde-3af4d5ab01e8 7d1fa76f769d41bea9c493f5ff0299ba 3b6c1c854c744b89b26af38715383b1d - - default default] 10.0.0.187 "GET /v2.0/security-groups HTTP/1.1" status: 200 len: 17578 time: 0.0600417
2026-05-30 10:49:19.148 9 INFO neutron.wsgi [None req-4abcf7dd-3cd6-434d-bdb5-15c02b5e48be 7d1fa76f769d41bea9c493f5ff0299ba 3b6c1c854c744b89b26af38715383b1d - - default default] 10.0.0.187 "GET /v2.0/ports HTTP/1.1" status: 200 len: 5351 time: 0.0507276
2026-05-30 10:49:19.185 9 INFO neutron.wsgi [None req-f19aa336-d38a-4287-ac65-5b459df9f24f 7d1fa76f769d41bea9c493f5ff0299ba 3b6c1c854c744b89b26af38715383b1d - - default default] 10.0.0.187 "GET /v2.0/agents HTTP/1.1" status: 200 len: 1390 time: 0.0305867
2026-05-30 10:49:19.262 9 INFO neutron.wsgi [None req-84f8928c-8ee2-4338-9880-ef7fb147c531 7d1fa76f769d41bea9c493f5ff0299ba 3b6c1c854c744b89b26af38715383b1d - - default default] 10.0.0.187 "GET /v2.0/networks HTTP/1.1" status: 200 len: 2350 time: 0.0758030
2026-05-30 10:49:19.309 9 INFO neutron.wsgi [None req-8cb3c7ee-b4ad-49ff-83e3-d8f21fc507df 7d1fa76f769d41bea9c493f5ff0299ba 3b6c1c854c744b89b26af38715383b1d - - default default] 10.0.0.187 "GET /v2.0/subnets HTTP/1.1" status: 200 len: 1437 time: 0.0447917
2026-05-30 10:49:19.347 9 INFO neutron.wsgi [None req-ae990545-ec15-49d1-bd08-3084ff355a5b 7d1fa76f769d41bea9c493f5ff0299ba 3b6c1c854c744b89b26af38715383b1d - - default default] 10.0.0.187 "GET /v2.0/subnets HTTP/1.1" status: 200 len: 1437 time: 0.0362232
2026-05-30 10:49:19.358 9 INFO neutron.wsgi [None req-bdbff3f4-2c2d-4e84-938f-4a1d5911e863 7d1fa76f769d41bea9c493f5ff0299ba 3b6c1c854c744b89b26af38715383b1d - - default default] 10.0.0.187 "GET /v2.0/subnetpools HTTP/1.1" status: 200 len: 193 time: 0.0100455
2026-05-30 10:49:19.383 9 INFO neutron.wsgi [None req-0ab61c7c-a48f-4945-ac2d-6521d1411fe1 7d1fa76f769d41bea9c493f5ff0299ba 3b6c1c854c744b89b26af38715383b1d - - default default] 10.0.0.187 "GET /v2.0/routers HTTP/1.1" status: 200 len: 189 time: 0.0247738
2026-05-30 10:49:19.395 9 INFO neutron.wsgi [None req-c77b3a49-7169-4a48-a43a-5e94cf97b3c4 7d1fa76f769d41bea9c493f5ff0299ba 3b6c1c854c744b89b26af38715383b1d - - default default] 10.0.0.187 "GET /v2.0/agents?binary=ovn-controller HTTP/1.1" status: 200 len: 591 time: 0.0109909
2026-05-30 10:49:19.407 9 INFO neutron.wsgi [None req-78ddf202-e6aa-4062-b0d9-3469c4eff84e 7d1fa76f769d41bea9c493f5ff0299ba 3b6c1c854c744b89b26af38715383b1d - - default default] 10.0.0.187 "GET /v2.0/network-ip-availabilities HTTP/1.1" status: 200 len: 1280 time: 0.0114870
2026-05-30 10:49:31.875 9 INFO neutron.wsgi [-] 10.0.0.4 "GET / HTTP/1.1" status: 200 len: 247 time: 0.0016408
2026-05-30 10:49:31.876 10 INFO neutron.wsgi [-] 10.0.0.4 "GET / HTTP/1.1" status: 200 len: 247 time: 0.0026052
2026-05-30 10:49:46.877 10 INFO neutron.wsgi [-] 10.0.0.4 "GET / HTTP/1.1" status: 200 len: 247 time: 0.0033116
2026-05-30 10:49:46.877 9 INFO neutron.wsgi [-] 10.0.0.4 "GET / HTTP/1.1" status: 200 len: 247 time: 0.0033112
2026-05-30 10:50:01.876 9 INFO neutron.wsgi [-] 10.0.0.4 "GET / HTTP/1.1" status: 200 len: 247 time: 0.0025041
2026-05-30 10:50:01.877 10 INFO neutron.wsgi [-] 10.0.0.4 "GET / HTTP/1.1" status: 200 len: 247 time: 0.0038197
2026-05-30 10:50:16.876 9 INFO neutron.wsgi [-] 10.0.0.4 "GET / HTTP/1.1" status: 200 len: 247 time: 0.0023458
2026-05-30 10:50:16.876 10 INFO neutron.wsgi [-] 10.0.0.4 "GET / HTTP/1.1" status: 200 len: 247 time: 0.0027015
2026-05-30 10:50:19.014 9 INFO neutron.wsgi [None req-3cb08cbb-ef57-45fc-adf6-4c2fdfa4ce78 7d1fa76f769d41bea9c493f5ff0299ba 3b6c1c854c744b89b26af38715383b1d - - default default] 10.0.0.187 "GET /v2.0/agents HTTP/1.1" status: 200 len: 1390 time: 0.1160624
2026-05-30 10:50:19.049 9 INFO neutron.wsgi [None req-f4fdb220-eab2-4880-99d6-a049a180e592 7d1fa76f769d41bea9c493f5ff0299ba 3b6c1c854c744b89b26af38715383b1d - - default default] 10.0.0.187 "GET /v2.0/subnets HTTP/1.1" status: 200 len: 1437 time: 0.0335109
2026-05-30 10:50:19.060 9 INFO neutron.wsgi [None req-b8a287b1-3f0f-4f1f-8898-644a6ac4cc0e 7d1fa76f769d41bea9c493f5ff0299ba 3b6c1c854c744b89b26af38715383b1d - - default default] 10.0.0.187 "GET /v2.0/subnetpools HTTP/1.1" status: 200 len: 193 time: 0.0094135
2026-05-30 10:50:19.116 9 INFO neutron.wsgi [None req-0f314a25-308b-443f-b551-ba37884b32c2 7d1fa76f769d41bea9c493f5ff0299ba 3b6c1c854c744b89b26af38715383b1d - - default default] 10.0.0.187 "GET /v2.0/ports HTTP/1.1" status: 200 len: 5351 time: 0.0549209
2026-05-30 10:50:19.203 9 INFO neutron.wsgi [None req-31e209e6-ac63-425b-800c-4e3b48dc9524 7d1fa76f769d41bea9c493f5ff0299ba 3b6c1c854c744b89b26af38715383b1d - - default default] 10.0.0.187 "GET /v2.0/security-groups HTTP/1.1" status: 200 len: 17578 time: 0.0843048
2026-05-30 10:50:19.253 9 INFO neutron.wsgi [None req-f7276d3f-83b7-4770-943e-087a31fd3043 7d1fa76f769d41bea9c493f5ff0299ba 3b6c1c854c744b89b26af38715383b1d - - default default] 10.0.0.187 "GET /v2.0/subnets HTTP/1.1" status: 200 len: 1437 time: 0.0467217
2026-05-30 10:50:19.275 9 INFO neutron.wsgi [None req-50a5a1ba-d45e-4619-abac-053bd220603b 7d1fa76f769d41bea9c493f5ff0299ba 3b6c1c854c744b89b26af38715383b1d - - default default] 10.0.0.187 "GET /v2.0/routers HTTP/1.1" status: 200 len: 189 time: 0.0201788
2026-05-30 10:50:19.286 9 INFO neutron.wsgi [None req-07b475b9-4fc7-45c2-8dc7-8eb026c8b8b1 7d1fa76f769d41bea9c493f5ff0299ba 3b6c1c854c744b89b26af38715383b1d - - default default] 10.0.0.187 "GET /v2.0/agents?binary=ovn-controller HTTP/1.1" status: 200 len: 591 time: 0.0105448
2026-05-30 10:50:19.369 9 INFO neutron.wsgi [None req-0a4bcfb7-c7f2-4e70-8717-a8870766cf22 7d1fa76f769d41bea9c493f5ff0299ba 3b6c1c854c744b89b26af38715383b1d - - default default] 10.0.0.187 "GET /v2.0/networks HTTP/1.1" status: 200 len: 2350 time: 0.0824509
2026-05-30 10:50:19.392 9 INFO neutron.wsgi [None req-69d9c97d-ce56-4e21-822c-f4da22277657 7d1fa76f769d41bea9c493f5ff0299ba 3b6c1c854c744b89b26af38715383b1d - - default default] 10.0.0.187 "GET /v2.0/floatingips HTTP/1.1" status: 200 len: 193 time: 0.0207231
2026-05-30 10:50:19.404 9 INFO neutron.wsgi [None req-04009b33-40b5-4571-8bc7-4d03bbd2beaf 7d1fa76f769d41bea9c493f5ff0299ba 3b6c1c854c744b89b26af38715383b1d - - default default] 10.0.0.187 "GET /v2.0/network-ip-availabilities HTTP/1.1" status: 200 len: 1280 time: 0.0112562
2026-05-30 10:50:22.477 10 INFO neutron.pecan_wsgi.hooks.translation [None req-b6f49ecd-5f64-4a4e-a3e1-f7bacf20114a 7d1fa76f769d41bea9c493f5ff0299ba 3b6c1c854c744b89b26af38715383b1d - - default default] GET failed (client error): The resource could not be found.
2026-05-30 10:50:22.479 10 INFO neutron.wsgi [None req-b6f49ecd-5f64-4a4e-a3e1-f7bacf20114a 7d1fa76f769d41bea9c493f5ff0299ba 3b6c1c854c744b89b26af38715383b1d - - default default] 199.204.45.140,10.0.0.4 "GET /v2.0/networks/public HTTP/1.1" status: 404 len: 290 time: 0.0872266
2026-05-30 10:50:22.556 10 INFO neutron.wsgi [None req-3d54c755-248e-4192-84fa-378b0afd339d 7d1fa76f769d41bea9c493f5ff0299ba 3b6c1c854c744b89b26af38715383b1d - - default default] 199.204.45.140,10.0.0.4 "GET /v2.0/networks?name=public HTTP/1.1" status: 200 len: 928 time: 0.0727768
2026-05-30 10:50:23.620 10 INFO neutron.pecan_wsgi.hooks.translation [None req-557bfc40-5b7a-479b-b0e6-23e5896f4e57 7d1fa76f769d41bea9c493f5ff0299ba 3b6c1c854c744b89b26af38715383b1d - - default default] GET failed (client error): The resource could not be found.
2026-05-30 10:50:23.621 10 INFO neutron.wsgi [None req-557bfc40-5b7a-479b-b0e6-23e5896f4e57 7d1fa76f769d41bea9c493f5ff0299ba 3b6c1c854c744b89b26af38715383b1d - - default default] 199.204.45.140,10.0.0.4 "GET /v2.0/networks/public HTTP/1.1" status: 404 len: 290 time: 0.0482070
2026-05-30 10:50:23.685 10 INFO neutron.wsgi [None req-a809bff4-6001-4510-9fcd-744dd90ba46f 7d1fa76f769d41bea9c493f5ff0299ba 3b6c1c854c744b89b26af38715383b1d - - default default] 199.204.45.140,10.0.0.4 "GET /v2.0/networks?name=public HTTP/1.1" status: 200 len: 928 time: 0.0587971
2026-05-30 10:50:23.710 10 INFO neutron.pecan_wsgi.hooks.translation [None req-85fc9383-26ba-40e9-bdd4-5bbefe64874b 7d1fa76f769d41bea9c493f5ff0299ba 3b6c1c854c744b89b26af38715383b1d - - default default] GET failed (client error): The resource could not be found.
2026-05-30 10:50:23.711 10 INFO neutron.wsgi [None req-85fc9383-26ba-40e9-bdd4-5bbefe64874b 7d1fa76f769d41bea9c493f5ff0299ba 3b6c1c854c744b89b26af38715383b1d - - default default] 199.204.45.140,10.0.0.4 "GET /v2.0/subnets/public-subnet?network_id=4903dbdc-7c38-4d3f-b4fc-00ee3387a22c HTTP/1.1" status: 404 len: 295 time: 0.0179801
2026-05-30 10:50:23.761 10 INFO neutron.wsgi [None req-deb96589-8db1-46df-bf1b-41e2fa61215a 7d1fa76f769d41bea9c493f5ff0299ba 3b6c1c854c744b89b26af38715383b1d - - default default] 199.204.45.140,10.0.0.4 "GET /v2.0/subnets?name=public-subnet&network_id=4903dbdc-7c38-4d3f-b4fc-00ee3387a22c HTTP/1.1" status: 200 len: 819 time: 0.0464880
2026-05-30 10:50:31.877 9 INFO neutron.wsgi [-] 10.0.0.4 "GET / HTTP/1.1" status: 200 len: 247 time: 0.0025263
2026-05-30 10:50:31.881 9 INFO neutron.wsgi [-] 10.0.0.4 "GET / HTTP/1.1" status: 200 len: 247 time: 0.0028534
2026-05-30 10:50:46.877 10 INFO neutron.wsgi [-] 10.0.0.4 "GET / HTTP/1.1" status: 200 len: 247 time: 0.0026398
2026-05-30 10:50:46.877 9 INFO neutron.wsgi [-] 10.0.0.4 "GET / HTTP/1.1" status: 200 len: 247 time: 0.0031755
2026-05-30 10:50:57.309 10 INFO neutron.pecan_wsgi.hooks.translation [None req-7f7bdc2b-a750-4deb-937e-ea5a6d173fd5 7d1fa76f769d41bea9c493f5ff0299ba 3b6c1c854c744b89b26af38715383b1d - - default default] GET failed (client error): The resource could not be found.
2026-05-30 10:50:57.311 10 INFO neutron.wsgi [None req-7f7bdc2b-a750-4deb-937e-ea5a6d173fd5 7d1fa76f769d41bea9c493f5ff0299ba 3b6c1c854c744b89b26af38715383b1d - - default default] 199.204.45.140,10.0.0.4 "GET /v2.0/networks/lb-mgmt-net HTTP/1.1" status: 404 len: 295 time: 0.0629926
2026-05-30 10:50:57.382 10 INFO neutron.wsgi [None req-5598cce9-3834-4e4d-abd5-835aee22223d 7d1fa76f769d41bea9c493f5ff0299ba 3b6c1c854c744b89b26af38715383b1d - - default default] 199.204.45.140,10.0.0.4 "GET /v2.0/networks?name=lb-mgmt-net HTTP/1.1" status: 200 len: 913 time: 0.0650020
2026-05-30 10:50:58.378 10 INFO neutron.pecan_wsgi.hooks.translation [None req-1b3a7831-023a-4955-9831-0b9373ef6f1a 7d1fa76f769d41bea9c493f5ff0299ba 3b6c1c854c744b89b26af38715383b1d - - default default] GET failed (client error): The resource could not be found.
2026-05-30 10:50:58.379 10 INFO neutron.wsgi [None req-1b3a7831-023a-4955-9831-0b9373ef6f1a 7d1fa76f769d41bea9c493f5ff0299ba 3b6c1c854c744b89b26af38715383b1d - - default default] 199.204.45.140,10.0.0.4 "GET /v2.0/networks/lb-mgmt-net HTTP/1.1" status: 404 len: 295 time: 0.0492058
2026-05-30 10:50:58.441 10 INFO neutron.wsgi [None req-3cbc2ed0-d52d-4b3f-bf7b-2deec2f1e5d0 7d1fa76f769d41bea9c493f5ff0299ba 3b6c1c854c744b89b26af38715383b1d - - default default] 199.204.45.140,10.0.0.4 "GET /v2.0/networks?name=lb-mgmt-net HTTP/1.1" status: 200 len: 913 time: 0.0575147
2026-05-30 10:50:58.470 10 INFO neutron.pecan_wsgi.hooks.translation [None req-29578e69-b843-4ca7-b7ef-a050ae9ce446 7d1fa76f769d41bea9c493f5ff0299ba 3b6c1c854c744b89b26af38715383b1d - - default default] GET failed (client error): The resource could not be found.
2026-05-30 10:50:58.472 10 INFO neutron.wsgi [None req-29578e69-b843-4ca7-b7ef-a050ae9ce446 7d1fa76f769d41bea9c493f5ff0299ba 3b6c1c854c744b89b26af38715383b1d - - default default] 199.204.45.140,10.0.0.4 "GET /v2.0/subnets/lb-mgmt-subnet?network_id=4ed9c3d7-8d40-492e-bb1f-ca0a168f876a HTTP/1.1" status: 404 len: 296 time: 0.0208819
2026-05-30 10:50:58.514 10 INFO neutron.wsgi [None req-cd9a7918-e557-4ced-91bd-89ef37d59c7a 7d1fa76f769d41bea9c493f5ff0299ba 3b6c1c854c744b89b26af38715383b1d - - default default] 199.204.45.140,10.0.0.4 "GET /v2.0/subnets?name=lb-mgmt-subnet&network_id=4ed9c3d7-8d40-492e-bb1f-ca0a168f876a HTTP/1.1" status: 200 len: 805 time: 0.0381498
2026-05-30 10:50:59.620 9 INFO neutron.api.v2.resource [None req-d6dcdba1-5bd4-4659-8164-8da10ffcefd0 7d1fa76f769d41bea9c493f5ff0299ba 3b6c1c854c744b89b26af38715383b1d - - default default] show failed (client error): The resource could not be found.
2026-05-30 10:50:59.621 9 INFO neutron.wsgi [None req-d6dcdba1-5bd4-4659-8164-8da10ffcefd0 7d1fa76f769d41bea9c493f5ff0299ba 3b6c1c854c744b89b26af38715383b1d - - default default] 199.204.45.140,10.0.0.4 "GET /v2.0/security-groups/lb-health-mgr-sec-grp HTTP/1.1" status: 404 len: 313 time: 0.0589426
2026-05-30 10:50:59.666 9 INFO neutron.wsgi [None req-beff40c6-b120-4986-956f-915f689130ce 7d1fa76f769d41bea9c493f5ff0299ba 3b6c1c854c744b89b26af38715383b1d - - default default] 199.204.45.140,10.0.0.4 "GET /v2.0/security-groups?name=lb-health-mgr-sec-grp HTTP/1.1" status: 200 len: 4866 time: 0.0405545
2026-05-30 10:51:00.746 10 INFO neutron.wsgi [None req-88984c1b-dfa7-4895-af7a-dc42301bdfba 7d1fa76f769d41bea9c493f5ff0299ba 3b6c1c854c744b89b26af38715383b1d - - default default] 199.204.45.140,10.0.0.4 "GET /v2.0/security-groups/37cc28c1-5e52-48d6-b195-92840ab2ed36 HTTP/1.1" status: 200 len: 4870 time: 0.0651240
2026-05-30 10:51:00.794 10 INFO neutron.wsgi [None req-91b40b7a-004c-4221-ba29-6af0507cd2a7 7d1fa76f769d41bea9c493f5ff0299ba 3b6c1c854c744b89b26af38715383b1d - - default default] 199.204.45.140,10.0.0.4 "GET /v2.0/security-groups/37cc28c1-5e52-48d6-b195-92840ab2ed36 HTTP/1.1" status: 200 len: 4870 time: 0.0407910
2026-05-30 10:51:00.822 10 INFO neutron.wsgi [None req-59242afe-f285-4ada-97a5-2699cd339a27 7d1fa76f769d41bea9c493f5ff0299ba 3b6c1c854c744b89b26af38715383b1d - - default default] 199.204.45.140,10.0.0.4 "GET /v2.0/security-group-rules/709ca584-3426-4011-8398-bb040ab0aeed HTTP/1.1" status: 200 len: 776 time: 0.0199151
2026-05-30 10:51:01.710 10 INFO neutron.wsgi [None req-c71e1b72-5d08-42be-923d-3b37f01ffdd1 7d1fa76f769d41bea9c493f5ff0299ba 3b6c1c854c744b89b26af38715383b1d - - default default] 199.204.45.140,10.0.0.4 "GET /v2.0/security-groups/37cc28c1-5e52-48d6-b195-92840ab2ed36 HTTP/1.1" status: 200 len: 4870 time: 0.0794830
2026-05-30 10:51:01.757 10 INFO neutron.wsgi [None req-4e1b451f-3a92-4c66-83ba-ae4de9310181 7d1fa76f769d41bea9c493f5ff0299ba 3b6c1c854c744b89b26af38715383b1d - - default default] 199.204.45.140,10.0.0.4 "GET /v2.0/security-groups/37cc28c1-5e52-48d6-b195-92840ab2ed36 HTTP/1.1" status: 200 len: 4870 time: 0.0405335
2026-05-30 10:51:01.788 10 INFO neutron.wsgi [None req-2567e34f-9755-4784-bb6a-b58a0f071fb2 7d1fa76f769d41bea9c493f5ff0299ba 3b6c1c854c744b89b26af38715383b1d - - default default] 199.204.45.140,10.0.0.4 "GET /v2.0/security-group-rules/52483401-dafc-4872-bf1a-4d24e1cffca9 HTTP/1.1" status: 200 len: 778 time: 0.0212445
2026-05-30 10:51:01.877 9 INFO neutron.wsgi [-] 10.0.0.4 "GET / HTTP/1.1" status: 200 len: 247 time: 0.0024309
2026-05-30 10:51:01.878 10 INFO neutron.wsgi [-] 10.0.0.4 "GET / HTTP/1.1" status: 200 len: 247 time: 0.0037069
2026-05-30 10:51:02.681 9 INFO neutron.wsgi [None req-7b2499c9-70f6-4568-b095-c2ae352dd4fc 7d1fa76f769d41bea9c493f5ff0299ba 3b6c1c854c744b89b26af38715383b1d - - default default] 199.204.45.140,10.0.0.4 "GET /v2.0/security-groups/37cc28c1-5e52-48d6-b195-92840ab2ed36 HTTP/1.1" status: 200 len: 4870 time: 0.0777891
2026-05-30 10:51:02.728 9 INFO neutron.wsgi [None req-f42ec208-9d15-4ef6-aac6-38229a67335e 7d1fa76f769d41bea9c493f5ff0299ba 3b6c1c854c744b89b26af38715383b1d - - default default] 199.204.45.140,10.0.0.4 "GET /v2.0/security-groups/37cc28c1-5e52-48d6-b195-92840ab2ed36 HTTP/1.1" status: 200 len: 4870 time: 0.0396435
2026-05-30 10:51:02.749 9 INFO neutron.wsgi [None req-3a78a186-4614-40f2-887f-d06f6c0944ea 7d1fa76f769d41bea9c493f5ff0299ba 3b6c1c854c744b89b26af38715383b1d - - default default] 199.204.45.140,10.0.0.4 "GET /v2.0/security-group-rules/163c2675-f52f-43e5-a2bd-7add4a3ace48 HTTP/1.1" status: 200 len: 778 time: 0.0174792
2026-05-30 10:51:03.661 10 INFO neutron.wsgi [None req-e9607004-1dd9-4db5-84e4-7023423091d0 7d1fa76f769d41bea9c493f5ff0299ba 3b6c1c854c744b89b26af38715383b1d - - default default] 199.204.45.140,10.0.0.4 "GET /v2.0/security-groups/37cc28c1-5e52-48d6-b195-92840ab2ed36 HTTP/1.1" status: 200 len: 4870 time: 0.0767992
2026-05-30 10:51:03.705 10 INFO neutron.wsgi [None req-cec9b2cf-e5f2-4005-b4b0-f00fa29606de 7d1fa76f769d41bea9c493f5ff0299ba 3b6c1c854c744b89b26af38715383b1d - - default default] 199.204.45.140,10.0.0.4 "GET /v2.0/security-groups/37cc28c1-5e52-48d6-b195-92840ab2ed36 HTTP/1.1" status: 200 len: 4870 time: 0.0369186
2026-05-30 10:51:03.731 10 INFO neutron.wsgi [None req-f33cbe54-7d52-4f54-9403-8bdaf94c3323 7d1fa76f769d41bea9c493f5ff0299ba 3b6c1c854c744b89b26af38715383b1d - - default default] 199.204.45.140,10.0.0.4 "GET /v2.0/security-group-rules/c5930423-8e4e-4b5a-ac18-313ba769beb3 HTTP/1.1" status: 200 len: 778 time: 0.0175469
2026-05-30 10:51:04.650 9 INFO neutron.wsgi [None req-6e3101c1-f194-4aa5-90e3-5e8a4d02f92b 7d1fa76f769d41bea9c493f5ff0299ba 3b6c1c854c744b89b26af38715383b1d - - default default] 199.204.45.140,10.0.0.4 "GET /v2.0/security-groups/37cc28c1-5e52-48d6-b195-92840ab2ed36 HTTP/1.1" status: 200 len: 4870 time: 0.0640399
2026-05-30 10:51:04.692 9 INFO neutron.wsgi [None req-74455e4e-7132-43ab-88a8-c4adac618188 7d1fa76f769d41bea9c493f5ff0299ba 3b6c1c854c744b89b26af38715383b1d - - default default] 199.204.45.140,10.0.0.4 "GET /v2.0/security-groups/37cc28c1-5e52-48d6-b195-92840ab2ed36 HTTP/1.1" status: 200 len: 4870 time: 0.0341551
2026-05-30 10:51:04.718 9 INFO neutron.wsgi [None req-516c7259-143b-4e45-a296-9c38ed1ba6b2 7d1fa76f769d41bea9c493f5ff0299ba 3b6c1c854c744b89b26af38715383b1d - - default default] 199.204.45.140,10.0.0.4 "GET /v2.0/security-group-rules/25df7055-130f-44e7-8f41-a027d23654a1 HTTP/1.1" status: 200 len: 778 time: 0.0172250
2026-05-30 10:51:05.897 9 INFO neutron.wsgi [None req-e8d644f0-cd64-405b-a63d-71893a8d1c25 7d1fa76f769d41bea9c493f5ff0299ba 3b6c1c854c744b89b26af38715383b1d - - default default] 199.204.45.140,10.0.0.4 "GET /v2.0/networks/4ed9c3d7-8d40-492e-bb1f-ca0a168f876a HTTP/1.1" status: 200 len: 910 time: 0.0908430
2026-05-30 10:51:05.922 9 INFO neutron.pecan_wsgi.hooks.translation [None req-0262652a-df49-43ab-8aab-91b99af6c139 7d1fa76f769d41bea9c493f5ff0299ba 3b6c1c854c744b89b26af38715383b1d - - default default] GET failed (client error): The resource could not be found.
2026-05-30 10:51:05.924 9 INFO neutron.wsgi [None req-0262652a-df49-43ab-8aab-91b99af6c139 7d1fa76f769d41bea9c493f5ff0299ba 3b6c1c854c744b89b26af38715383b1d - - default default] 199.204.45.140,10.0.0.4 "GET /v2.0/ports/octavia-health-manager-port-instance?network_id=4ed9c3d7-8d40-492e-bb1f-ca0a168f876a HTTP/1.1" status: 404 len: 314 time: 0.0223079
2026-05-30 10:51:05.968 9 INFO neutron.wsgi [None req-87a57484-97f7-4858-9ee2-a34231161405 7d1fa76f769d41bea9c493f5ff0299ba 3b6c1c854c744b89b26af38715383b1d - - default default] 199.204.45.140,10.0.0.4 "GET /v2.0/ports?name=octavia-health-manager-port-instance&network_id=4ed9c3d7-8d40-492e-bb1f-ca0a168f876a HTTP/1.1" status: 200 len: 1399 time: 0.0396681
2026-05-30 10:51:06.028 9 INFO neutron.wsgi [None req-cb1b54f2-1fc2-4909-ad2f-f4a753b5ebd8 7d1fa76f769d41bea9c493f5ff0299ba 3b6c1c854c744b89b26af38715383b1d - - default default] 199.204.45.140,10.0.0.4 "GET /v2.0/security-groups/37cc28c1-5e52-48d6-b195-92840ab2ed36 HTTP/1.1" status: 200 len: 4870 time: 0.0523376
2026-05-30 10:51:12.235 10 INFO neutron.pecan_wsgi.hooks.translation [None req-d5003870-eaca-4a5b-b8db-722eb843b17e 7d1fa76f769d41bea9c493f5ff0299ba 3b6c1c854c744b89b26af38715383b1d - - default default] GET failed (client error): The resource could not be found.
2026-05-30 10:51:12.237 10 INFO neutron.wsgi [None req-d5003870-eaca-4a5b-b8db-722eb843b17e 7d1fa76f769d41bea9c493f5ff0299ba 3b6c1c854c744b89b26af38715383b1d - - default default] 199.204.45.140,10.0.0.4 "GET /v2.0/ports/octavia-health-manager-port-instance HTTP/1.1" status: 404 len: 314 time: 0.0600438
2026-05-30 10:51:12.278 10 INFO neutron.wsgi [None req-d24c3af6-e750-4d2b-b750-136f9c67210e 7d1fa76f769d41bea9c493f5ff0299ba 3b6c1c854c744b89b26af38715383b1d - - default default] 199.204.45.140,10.0.0.4 "GET /v2.0/ports?name=octavia-health-manager-port-instance HTTP/1.1" status: 200 len: 1399 time: 0.0369265
2026-05-30 10:51:13.871 10 INFO neutron.wsgi [None req-59b70b47-b637-4aa2-837b-dc1ed633f2de 7d1fa76f769d41bea9c493f5ff0299ba 3b6c1c854c744b89b26af38715383b1d - - default default] 199.204.45.140,10.0.0.4 "GET /v2.0/ports HTTP/1.1" status: 200 len: 5351 time: 0.1984727
2026-05-30 10:51:14.930 10 INFO neutron.api.v2.resource [None req-e43a2c10-71b4-42e1-b26a-fd80b741a3c1 7d1fa76f769d41bea9c493f5ff0299ba 3b6c1c854c744b89b26af38715383b1d - - default default] show failed (client error): The resource could not be found.
2026-05-30 10:51:14.932 10 INFO neutron.wsgi [None req-e43a2c10-71b4-42e1-b26a-fd80b741a3c1 7d1fa76f769d41bea9c493f5ff0299ba 3b6c1c854c744b89b26af38715383b1d - - default default] 199.204.45.140,10.0.0.4 "GET /v2.0/security-groups/lb-mgmt-sec-grp HTTP/1.1" status: 404 len: 307 time: 0.0439856
2026-05-30 10:51:14.975 10 INFO neutron.wsgi [None req-bea029ed-850a-495d-9626-8299545ee3f1 7d1fa76f769d41bea9c493f5ff0299ba 3b6c1c854c744b89b26af38715383b1d - - default default] 199.204.45.140,10.0.0.4 "GET /v2.0/security-groups?name=lb-mgmt-sec-grp HTTP/1.1" status: 200 len: 3061 time: 0.0397074
2026-05-30 10:51:15.929 10 INFO neutron.wsgi [None req-fb1197bd-89d6-4662-9a1d-275a4233e7e9 7d1fa76f769d41bea9c493f5ff0299ba 3b6c1c854c744b89b26af38715383b1d - - default default] 199.204.45.140,10.0.0.4 "GET /v2.0/security-groups/ba6592d4-e2b9-4809-8b0f-9b002e2cb351 HTTP/1.1" status: 200 len: 3062 time: 0.0618732
2026-05-30 10:51:15.969 10 INFO neutron.wsgi [None req-13cf0911-356b-4e2f-87cf-0462e7818f78 7d1fa76f769d41bea9c493f5ff0299ba 3b6c1c854c744b89b26af38715383b1d - - default default] 199.204.45.140,10.0.0.4 "GET /v2.0/security-groups/ba6592d4-e2b9-4809-8b0f-9b002e2cb351 HTTP/1.1" status: 200 len: 3062 time: 0.0324035
2026-05-30 10:51:15.997 10 INFO neutron.wsgi [None req-943ff841-5c25-43d0-b829-f687e8723f88 7d1fa76f769d41bea9c493f5ff0299ba 3b6c1c854c744b89b26af38715383b1d - - default default] 199.204.45.140,10.0.0.4 "GET /v2.0/security-group-rules/035a82d3-583e-434e-a97c-b27626ae277e HTTP/1.1" status: 200 len: 798 time: 0.0194786
2026-05-30 10:51:16.876 10 INFO neutron.wsgi [-] 10.0.0.4 "GET / HTTP/1.1" status: 200 len: 247 time: 0.0014818
2026-05-30 10:51:16.878 10 INFO neutron.wsgi [-] 10.0.0.4 "GET / HTTP/1.1" status: 200 len: 247 time: 0.0011747
2026-05-30 10:51:16.889 10 INFO neutron.wsgi [None req-454c1c2e-804c-413b-a687-0bbbfac38be0 7d1fa76f769d41bea9c493f5ff0299ba 3b6c1c854c744b89b26af38715383b1d - - default default] 199.204.45.140,10.0.0.4 "GET /v2.0/security-groups/ba6592d4-e2b9-4809-8b0f-9b002e2cb351 HTTP/1.1" status: 200 len: 3062 time: 0.0681317
2026-05-30 10:51:16.929 10 INFO neutron.wsgi [None req-e2a84eab-eeb2-42bd-ae37-664cbbc31189 7d1fa76f769d41bea9c493f5ff0299ba 3b6c1c854c744b89b26af38715383b1d - - default default] 199.204.45.140,10.0.0.4 "GET /v2.0/security-groups/ba6592d4-e2b9-4809-8b0f-9b002e2cb351 HTTP/1.1" status: 200 len: 3062 time: 0.0316527
2026-05-30 10:51:16.956 10 INFO neutron.wsgi [None req-a403342c-321f-476c-9fe4-47fb5fca9da6 7d1fa76f769d41bea9c493f5ff0299ba 3b6c1c854c744b89b26af38715383b1d - - default default] 199.204.45.140,10.0.0.4 "GET /v2.0/security-group-rules/813f4f4e-7674-4e5b-baba-03f93502efbd HTTP/1.1" status: 200 len: 802 time: 0.0182660
2026-05-30 10:51:18.981 9 INFO neutron.wsgi [None req-bdc5cb26-6ada-4e78-b02b-6e4a10a0362d 7d1fa76f769d41bea9c493f5ff0299ba 3b6c1c854c744b89b26af38715383b1d - - default default] 10.0.0.187 "GET /v2.0/security-groups HTTP/1.1" status: 200 len: 17578 time: 0.0985751
2026-05-30 10:51:19.015 9 INFO neutron.wsgi [None req-31f07c34-e6e3-444a-a072-e98fcba5bc6d 7d1fa76f769d41bea9c493f5ff0299ba 3b6c1c854c744b89b26af38715383b1d - - default default] 10.0.0.187 "GET /v2.0/subnets HTTP/1.1" status: 200 len: 1437 time: 0.0309243
2026-05-30 10:51:19.026 9 INFO neutron.wsgi [None req-18e971f7-fefd-48cf-8d8e-b4e05c1ce85f 7d1fa76f769d41bea9c493f5ff0299ba 3b6c1c854c744b89b26af38715383b1d - - default default] 10.0.0.187 "GET /v2.0/subnetpools HTTP/1.1" status: 200 len: 193 time: 0.0097592
2026-05-30 10:51:19.061 9 INFO neutron.wsgi [None req-75b9d5f3-56d3-48c7-9605-861e509926a1 7d1fa76f769d41bea9c493f5ff0299ba 3b6c1c854c744b89b26af38715383b1d - - default default] 10.0.0.187 "GET /v2.0/floatingips HTTP/1.1" status: 200 len: 193 time: 0.0346444
2026-05-30 10:51:19.175 9 INFO neutron.wsgi [None req-b38b57a9-4a6a-4bbc-a292-56fd9b122454 7d1fa76f769d41bea9c493f5ff0299ba 3b6c1c854c744b89b26af38715383b1d - - default default] 10.0.0.187 "GET /v2.0/ports HTTP/1.1" status: 200 len: 5351 time: 0.1134014
2026-05-30 10:51:19.209 9 INFO neutron.wsgi [None req-8e427da4-c63d-4c2b-8114-e1541acbb28d 7d1fa76f769d41bea9c493f5ff0299ba 3b6c1c854c744b89b26af38715383b1d - - default default] 10.0.0.187 "GET /v2.0/subnets HTTP/1.1" status: 200 len: 1437 time: 0.0318911
2026-05-30 10:51:19.261 9 INFO neutron.wsgi [None req-dfe64314-33e8-4785-a144-402c3d3dc10e 7d1fa76f769d41bea9c493f5ff0299ba 3b6c1c854c744b89b26af38715383b1d - - default default] 10.0.0.187 "GET /v2.0/agents HTTP/1.1" status: 200 len: 1390 time: 0.0445561
2026-05-30 10:51:19.276 9 INFO neutron.wsgi [None req-fdf744c5-077c-4dcb-9b78-2bf4bef837e2 7d1fa76f769d41bea9c493f5ff0299ba 3b6c1c854c744b89b26af38715383b1d - - default default] 10.0.0.187 "GET /v2.0/network-ip-availabilities HTTP/1.1" status: 200 len: 1280 time: 0.0136297
2026-05-30 10:51:19.355 9 INFO neutron.wsgi [None req-3626bbe2-a900-445f-8085-101746dd5f59 7d1fa76f769d41bea9c493f5ff0299ba 3b6c1c854c744b89b26af38715383b1d - - default default] 10.0.0.187 "GET /v2.0/networks HTTP/1.1" status: 200 len: 2350 time: 0.0776494
2026-05-30 10:51:19.378 9 INFO neutron.wsgi [None req-863390fe-09ad-4325-a949-eb1e3463d1a7 7d1fa76f769d41bea9c493f5ff0299ba 3b6c1c854c744b89b26af38715383b1d - - default default] 10.0.0.187 "GET /v2.0/routers HTTP/1.1" status: 200 len: 189 time: 0.0207493
2026-05-30 10:51:19.390 9 INFO neutron.wsgi [None req-11d5d124-18ae-4311-bdab-8b823a3bdce7 7d1fa76f769d41bea9c493f5ff0299ba 3b6c1c854c744b89b26af38715383b1d - - default default] 10.0.0.187 "GET /v2.0/agents?binary=ovn-controller HTTP/1.1" status: 200 len: 591 time: 0.0117612
2026-05-30 10:51:29.390 10 INFO neutron.wsgi [None req-cc2c1734-ec27-4e87-a15a-809717024b9c 7d1fa76f769d41bea9c493f5ff0299ba 3b6c1c854c744b89b26af38715383b1d - - default default] 199.204.45.140,10.0.0.4 "GET /v2.0/quotas/3b6c1c854c744b89b26af38715383b1d HTTP/1.1" status: 200 len: 466 time: 0.0119064
2026-05-30 10:51:31.875 9 INFO neutron.wsgi [-] 10.0.0.4 "GET / HTTP/1.1" status: 200 len: 247 time: 0.0019376
2026-05-30 10:51:31.877 10 INFO neutron.wsgi [-] 10.0.0.4 "GET / HTTP/1.1" status: 200 len: 247 time: 0.0029464
2026-05-30 10:51:46.876 10 INFO neutron.wsgi [-] 10.0.0.4 "GET / HTTP/1.1" status: 200 len: 247 time: 0.0030992
2026-05-30 10:51:46.877 9 INFO neutron.wsgi [-] 10.0.0.4 "GET / HTTP/1.1" status: 200 len: 247 time: 0.0035868
2026-05-30 10:52:01.877 9 INFO neutron.wsgi [-] 10.0.0.4 "GET / HTTP/1.1" status: 200 len: 247 time: 0.0029206
2026-05-30 10:52:01.877 10 INFO neutron.wsgi [-] 10.0.0.4 "GET / HTTP/1.1" status: 200 len: 247 time: 0.0030260
2026-05-30 10:52:16.875 9 INFO neutron.wsgi [-] 10.0.0.4 "GET / HTTP/1.1" status: 200 len: 247 time: 0.0020254
2026-05-30 10:52:16.876 10 INFO neutron.wsgi [-] 10.0.0.4 "GET / HTTP/1.1" status: 200 len: 247 time: 0.0023615
2026-05-30 10:52:18.974 9 INFO neutron.wsgi [None req-4d70b381-5270-4bac-8dcc-9f23522482b0 7d1fa76f769d41bea9c493f5ff0299ba 3b6c1c854c744b89b26af38715383b1d - - default default] 10.0.0.187 "GET /v2.0/subnets HTTP/1.1" status: 200 len: 1437 time: 0.0870719
2026-05-30 10:52:18.986 9 INFO neutron.wsgi [None req-abd55c38-e826-4379-a17c-3187cf420272 7d1fa76f769d41bea9c493f5ff0299ba 3b6c1c854c744b89b26af38715383b1d - - default default] 10.0.0.187 "GET /v2.0/subnetpools HTTP/1.1" status: 200 len: 193 time: 0.0099113
2026-05-30 10:52:19.024 9 INFO neutron.wsgi [None req-8a6f096f-a2f6-44ad-a14a-f1658b15751b 7d1fa76f769d41bea9c493f5ff0299ba 3b6c1c854c744b89b26af38715383b1d - - default default] 10.0.0.187 "GET /v2.0/agents HTTP/1.1" status: 200 len: 1390 time: 0.0371747
2026-05-30 10:52:19.053 9 INFO neutron.wsgi [None req-cb15f658-4b91-4103-91a8-a8d6f6faa2ed 7d1fa76f769d41bea9c493f5ff0299ba 3b6c1c854c744b89b26af38715383b1d - - default default] 10.0.0.187 "GET /v2.0/routers HTTP/1.1" status: 200 len: 189 time: 0.0279486
2026-05-30 10:52:19.067 9 INFO neutron.wsgi [None req-b778cb0e-6045-4128-90cc-9816bb3ee743 7d1fa76f769d41bea9c493f5ff0299ba 3b6c1c854c744b89b26af38715383b1d - - default default] 10.0.0.187 "GET /v2.0/agents?binary=ovn-controller HTTP/1.1" status: 200 len: 591 time: 0.0129907
2026-05-30 10:52:19.135 9 INFO neutron.wsgi [None req-ac61c49d-30bc-4029-b98e-f85bc750298e 7d1fa76f769d41bea9c493f5ff0299ba 3b6c1c854c744b89b26af38715383b1d - - default default] 10.0.0.187 "GET /v2.0/networks HTTP/1.1" status: 200 len: 2350 time: 0.0676961
2026-05-30 10:52:19.174 9 INFO neutron.wsgi [None req-630b4533-68c8-41d4-9d59-493fcb20311e 7d1fa76f769d41bea9c493f5ff0299ba 3b6c1c854c744b89b26af38715383b1d - - default default] 10.0.0.187 "GET /v2.0/subnets HTTP/1.1" status: 200 len: 1437 time: 0.0351100
2026-05-30 10:52:19.195 9 INFO neutron.wsgi [None req-1eaea5ff-50e8-44fe-a8da-f3cd8c08ec60 7d1fa76f769d41bea9c493f5ff0299ba 3b6c1c854c744b89b26af38715383b1d - - default default] 10.0.0.187 "GET /v2.0/floatingips HTTP/1.1" status: 200 len: 193 time: 0.0199380
2026-05-30 10:52:19.259 9 INFO neutron.wsgi [None req-2994cdf5-4ed4-49ec-a564-c0df92055dbf 7d1fa76f769d41bea9c493f5ff0299ba 3b6c1c854c744b89b26af38715383b1d - - default default] 10.0.0.187 "GET /v2.0/ports HTTP/1.1" status: 200 len: 5351 time: 0.0441179
2026-05-30 10:52:19.275 9 INFO neutron.wsgi [None req-77e306d8-3b38-49ea-b2d7-e8a6f4b17c18 7d1fa76f769d41bea9c493f5ff0299ba 3b6c1c854c744b89b26af38715383b1d - - default default] 10.0.0.187 "GET /v2.0/network-ip-availabilities HTTP/1.1" status: 200 len: 1280 time: 0.0109551
2026-05-30 10:52:19.333 9 INFO neutron.wsgi [None req-7bbe92fe-174b-4388-8047-4ca08c4de811 7d1fa76f769d41bea9c493f5ff0299ba 3b6c1c854c744b89b26af38715383b1d - - default default] 10.0.0.187 "GET /v2.0/security-groups HTTP/1.1" status: 200 len: 17578 time: 0.0571396
2026-05-30 10:52:20.623 10 INFO neutron.api.v2.resource [None req-09d2850b-6d45-49ab-9191-2ea68e8b3575 7d1fa76f769d41bea9c493f5ff0299ba 3b6c1c854c744b89b26af38715383b1d - - default default] show failed (client error): The resource could not be found.
2026-05-30 10:52:20.624 10 INFO neutron.wsgi [None req-09d2850b-6d45-49ab-9191-2ea68e8b3575 7d1fa76f769d41bea9c493f5ff0299ba 3b6c1c854c744b89b26af38715383b1d - - default default] 199.204.45.140,10.0.0.4 "GET /v2.0/security-groups/manila-service-security-group?project_id=a9b60b7a466b48e2b909e6c895221a61 HTTP/1.1" status: 404 len: 321 time: 0.0496953
2026-05-30 10:52:20.683 10 INFO neutron.wsgi [None req-2276a593-37fd-439a-9746-8991d4adc0e6 7d1fa76f769d41bea9c493f5ff0299ba 3b6c1c854c744b89b26af38715383b1d - - default default] 199.204.45.140,10.0.0.4 "GET /v2.0/security-groups?name=manila-service-security-group&project_id=a9b60b7a466b48e2b909e6c895221a61 HTTP/1.1" status: 200 len: 4248 time: 0.0537348
2026-05-30 10:52:21.767 9 INFO neutron.wsgi [None req-a1e2231f-3e6b-4322-9dc0-8ee7acaf2855 7d1fa76f769d41bea9c493f5ff0299ba 3b6c1c854c744b89b26af38715383b1d - - default default] 199.204.45.140,10.0.0.4 "GET /v2.0/security-groups/13b90ea6-de37-47e4-a0c6-244aad29cc67?project_id=a9b60b7a466b48e2b909e6c895221a61 HTTP/1.1" status: 200 len: 4251 time: 0.0695150
2026-05-30 10:52:21.807 9 INFO neutron.wsgi [None req-a0047118-5ae7-4689-ae88-645c0f82bd17 7d1fa76f769d41bea9c493f5ff0299ba 3b6c1c854c744b89b26af38715383b1d - - default default] 199.204.45.140,10.0.0.4 "GET /v2.0/security-groups/13b90ea6-de37-47e4-a0c6-244aad29cc67 HTTP/1.1" status: 200 len: 4251 time: 0.0327060
2026-05-30 10:52:21.830 9 INFO neutron.wsgi [None req-e8921437-04b1-4258-9ba7-821904403381 7d1fa76f769d41bea9c493f5ff0299ba 3b6c1c854c744b89b26af38715383b1d - - default default] 199.204.45.140,10.0.0.4 "GET /v2.0/security-group-rules/3c0fc15d-32df-405b-b586-0a0ff71dd3e4 HTTP/1.1" status: 200 len: 772 time: 0.0163245
2026-05-30 10:52:22.793 9 INFO neutron.wsgi [None req-4115da86-ced5-4d47-8e2b-137c8044b00e 7d1fa76f769d41bea9c493f5ff0299ba 3b6c1c854c744b89b26af38715383b1d - - default default] 199.204.45.140,10.0.0.4 "GET /v2.0/security-groups/13b90ea6-de37-47e4-a0c6-244aad29cc67?project_id=a9b60b7a466b48e2b909e6c895221a61 HTTP/1.1" status: 200 len: 4251 time: 0.0666180
2026-05-30 10:52:22.837 9 INFO neutron.wsgi [None req-d8764907-ff46-49a6-a893-4688bed15b3e 7d1fa76f769d41bea9c493f5ff0299ba 3b6c1c854c744b89b26af38715383b1d - - default default] 199.204.45.140,10.0.0.4 "GET /v2.0/security-groups/13b90ea6-de37-47e4-a0c6-244aad29cc67 HTTP/1.1" status: 200 len: 4251 time: 0.0352225
2026-05-30 10:52:22.863 9 INFO neutron.wsgi [None req-bd14935d-cc72-4682-9071-b30de277e20c 7d1fa76f769d41bea9c493f5ff0299ba 3b6c1c854c744b89b26af38715383b1d - - default default] 199.204.45.140,10.0.0.4 "GET /v2.0/security-group-rules/d5cd7a8e-84b8-48aa-b3a1-c1dde37201ce HTTP/1.1" status: 200 len: 774 time: 0.0186062
2026-05-30 10:52:23.836 10 INFO neutron.wsgi [None req-7846f4a5-c41e-4c77-937e-de135259a634 7d1fa76f769d41bea9c493f5ff0299ba 3b6c1c854c744b89b26af38715383b1d - - default default] 199.204.45.140,10.0.0.4 "GET /v2.0/security-groups/13b90ea6-de37-47e4-a0c6-244aad29cc67?project_id=a9b60b7a466b48e2b909e6c895221a61 HTTP/1.1" status: 200 len: 4251 time: 0.0614436
2026-05-30 10:52:23.874 10 INFO neutron.wsgi [None req-04f37d04-e85a-4984-b2b0-324303e93522 7d1fa76f769d41bea9c493f5ff0299ba 3b6c1c854c744b89b26af38715383b1d - - default default] 199.204.45.140,10.0.0.4 "GET /v2.0/security-groups/13b90ea6-de37-47e4-a0c6-244aad29cc67 HTTP/1.1" status: 200 len: 4251 time: 0.0290086
2026-05-30 10:52:23.904 10 INFO neutron.wsgi [None req-9b02ee88-4774-4bc5-9bfd-5334567d1377 7d1fa76f769d41bea9c493f5ff0299ba 3b6c1c854c744b89b26af38715383b1d - - default default] 199.204.45.140,10.0.0.4 "GET /v2.0/security-group-rules/f4af01e3-0191-497f-966b-017e90f9b949 HTTP/1.1" status: 200 len: 776 time: 0.0226598
2026-05-30 10:52:24.961 10 INFO neutron.wsgi [None req-278d4b84-c5a5-4840-acc1-b1ac7b970487 7d1fa76f769d41bea9c493f5ff0299ba 3b6c1c854c744b89b26af38715383b1d - - default default] 199.204.45.140,10.0.0.4 "GET /v2.0/security-groups/13b90ea6-de37-47e4-a0c6-244aad29cc67?project_id=a9b60b7a466b48e2b909e6c895221a61 HTTP/1.1" status: 200 len: 4251 time: 0.0722973
2026-05-30 10:52:25.012 10 INFO neutron.wsgi [None req-02e0f62a-7e69-4c19-8d42-7c864e8217f2 7d1fa76f769d41bea9c493f5ff0299ba 3b6c1c854c744b89b26af38715383b1d - - default default] 199.204.45.140,10.0.0.4 "GET /v2.0/security-groups/13b90ea6-de37-47e4-a0c6-244aad29cc67 HTTP/1.1" status: 200 len: 4251 time: 0.0434902
2026-05-30 10:52:25.042 10 INFO neutron.wsgi [None req-2a5ea03c-d6a7-42d1-9303-51bb87258e31 7d1fa76f769d41bea9c493f5ff0299ba 3b6c1c854c744b89b26af38715383b1d - - default default] 199.204.45.140,10.0.0.4 "GET /v2.0/security-group-rules/ac6ac1f1-e47b-48be-9d4c-fa86b60f60b7 HTTP/1.1" status: 200 len: 777 time: 0.0193231
2026-05-30 10:52:31.877 10 INFO neutron.wsgi [-] 10.0.0.4 "GET / HTTP/1.1" status: 200 len: 247 time: 0.0026278
2026-05-30 10:52:31.877 9 INFO neutron.wsgi [-] 10.0.0.4 "GET / HTTP/1.1" status: 200 len: 247 time: 0.0029864
2026-05-30 10:52:32.363 10 INFO neutron.wsgi [None req-e92b0b14-f58f-4843-a17f-3d1dee3f9092 7d1fa76f769d41bea9c493f5ff0299ba 3b6c1c854c744b89b26af38715383b1d - - default default] 199.204.45.140,10.0.0.4 "GET /v2.0/quotas/a9b60b7a466b48e2b909e6c895221a61 HTTP/1.1" status: 200 len: 466 time: 0.0141532
2026-05-30 10:52:46.877 9 INFO neutron.wsgi [-] 10.0.0.4 "GET / HTTP/1.1" status: 200 len: 247 time: 0.0034804
2026-05-30 10:52:46.882 9 INFO neutron.wsgi [-] 10.0.0.4 "GET / HTTP/1.1" status: 200 len: 247 time: 0.0031078
2026-05-30 10:53:01.878 10 INFO neutron.wsgi [-] 10.0.0.4 "GET / HTTP/1.1" status: 200 len: 247 time: 0.0032079
2026-05-30 10:53:01.878 9 INFO neutron.wsgi [-] 10.0.0.4 "GET / HTTP/1.1" status: 200 len: 247 time: 0.0037572
2026-05-30 10:53:16.875 10 INFO neutron.wsgi [-] 10.0.0.4 "GET / HTTP/1.1" status: 200 len: 247 time: 0.0018268
2026-05-30 10:53:16.876 9 INFO neutron.wsgi [-] 10.0.0.4 "GET / HTTP/1.1" status: 200 len: 247 time: 0.0022569
2026-05-30 10:53:19.132 9 INFO neutron.wsgi [None req-d8eb782f-1e95-4d3e-bfe2-7c42f28ca884 7d1fa76f769d41bea9c493f5ff0299ba 3b6c1c854c744b89b26af38715383b1d - - default default] 10.0.0.187 "GET /v2.0/network-ip-availabilities HTTP/1.1" status: 200 len: 1280 time: 0.1279984
2026-05-30 10:53:19.190 9 INFO neutron.wsgi [None req-ef94eedd-5f98-47d9-a4bd-e1367821a1e8 7d1fa76f769d41bea9c493f5ff0299ba 3b6c1c854c744b89b26af38715383b1d - - default default] 10.0.0.187 "GET /v2.0/security-groups HTTP/1.1" status: 200 len: 17578 time: 0.0575972
2026-05-30 10:53:19.248 9 INFO neutron.wsgi [None req-162fa5b8-48ff-4e56-8af1-1a8d519dd4ba 7d1fa76f769d41bea9c493f5ff0299ba 3b6c1c854c744b89b26af38715383b1d - - default default] 10.0.0.187 "GET /v2.0/subnets HTTP/1.1" status: 200 len: 1437 time: 0.0414209
2026-05-30 10:53:19.258 9 INFO neutron.wsgi [None req-c3c1cfa7-3d62-4747-9ce9-acf89f3b8aa9 7d1fa76f769d41bea9c493f5ff0299ba 3b6c1c854c744b89b26af38715383b1d - - default default] 10.0.0.187 "GET /v2.0/subnetpools HTTP/1.1" status: 200 len: 193 time: 0.0082495
2026-05-30 10:53:19.312 9 INFO neutron.wsgi [None req-dd4572c6-8085-49af-8706-872fd003ee84 7d1fa76f769d41bea9c493f5ff0299ba 3b6c1c854c744b89b26af38715383b1d - - default default] 10.0.0.187 "GET /v2.0/subnets HTTP/1.1" status: 200 len: 1437 time: 0.0446553
2026-05-30 10:53:19.367 9 INFO neutron.wsgi [None req-12e91028-e8c0-4af4-b805-580c3b41ecd5 7d1fa76f769d41bea9c493f5ff0299ba 3b6c1c854c744b89b26af38715383b1d - - default default] 10.0.0.187 "GET /v2.0/ports HTTP/1.1" status: 200 len: 5351 time: 0.0529668
2026-05-30 10:53:19.398 9 INFO neutron.wsgi [None req-23d9f84a-f9ca-453b-a058-737e6ca3a162 7d1fa76f769d41bea9c493f5ff0299ba 3b6c1c854c744b89b26af38715383b1d - - default default] 10.0.0.187 "GET /v2.0/routers HTTP/1.1" status: 200 len: 189 time: 0.0281649
2026-05-30 10:53:19.470 9 INFO neutron.wsgi [None req-e4787a1d-1778-41bd-b97d-2bff5004359f 7d1fa76f769d41bea9c493f5ff0299ba 3b6c1c854c744b89b26af38715383b1d - - default default] 10.0.0.187 "GET /v2.0/agents?binary=ovn-controller HTTP/1.1" status: 200 len: 591 time: 0.0719149
2026-05-30 10:53:19.549 9 INFO neutron.wsgi [None req-2e7ee85f-48d0-4590-a156-f4c9fdad1ac9 7d1fa76f769d41bea9c493f5ff0299ba 3b6c1c854c744b89b26af38715383b1d - - default default] 10.0.0.187 "GET /v2.0/networks HTTP/1.1" status: 200 len: 2350 time: 0.0776644
2026-05-30 10:53:19.586 9 INFO neutron.wsgi [None req-cd1edbdc-d472-4ccd-b5b6-ee5fd9ea3266 7d1fa76f769d41bea9c493f5ff0299ba 3b6c1c854c744b89b26af38715383b1d - - default default] 10.0.0.187 "GET /v2.0/agents HTTP/1.1" status: 200 len: 1390 time: 0.0335059
2026-05-30 10:53:19.608 9 INFO neutron.wsgi [None req-8a2ea64c-3c61-4f43-afd4-9387abfdf6f6 7d1fa76f769d41bea9c493f5ff0299ba 3b6c1c854c744b89b26af38715383b1d - - default default] 10.0.0.187 "GET /v2.0/floatingips HTTP/1.1" status: 200 len: 193 time: 0.0208399
2026-05-30 10:53:22.774 10 INFO neutron.wsgi [None req-896d3719-e1a3-4db4-94b8-5421d9b5978d 7d1fa76f769d41bea9c493f5ff0299ba 3b6c1c854c744b89b26af38715383b1d - - default default] 199.204.45.140,10.0.0.4 "GET /v2.0/networks?name=public HTTP/1.1" status: 200 len: 928 time: 0.1192861
2026-05-30 10:53:31.876 9 INFO neutron.wsgi [-] 10.0.0.4 "GET / HTTP/1.1" status: 200 len: 247 time: 0.0026231
2026-05-30 10:53:31.879 9 INFO neutron.wsgi [-] 10.0.0.4 "GET / HTTP/1.1" status: 200 len: 247 time: 0.0014324
2026-05-30 10:53:46.876 10 INFO neutron.wsgi [-] 10.0.0.4 "GET / HTTP/1.1" status: 200 len: 247 time: 0.0018744
2026-05-30 10:53:46.877 9 INFO neutron.wsgi [-] 10.0.0.4 "GET / HTTP/1.1" status: 200 len: 247 time: 0.0034666
2026-05-30 10:54:01.492 9 INFO neutron.wsgi [None req-22ef6fc6-62d7-427d-94eb-05d48290079e 7d1fa76f769d41bea9c493f5ff0299ba 3b6c1c854c744b89b26af38715383b1d - - default default] 10.0.0.53 "GET /v2.0/networks HTTP/1.1" status: 200 len: 2369 time: 0.1802247
2026-05-30 10:54:01.876 10 INFO neutron.wsgi [-] 10.0.0.4 "GET / HTTP/1.1" status: 200 len: 247 time: 0.0025418
2026-05-30 10:54:01.876 9 INFO neutron.wsgi [-] 10.0.0.4 "GET / HTTP/1.1" status: 200 len: 247 time: 0.0026553
2026-05-30 10:54:02.635 10 INFO neutron.wsgi [None req-99c7df90-c5cb-405c-9b40-37a27a735050 7d1fa76f769d41bea9c493f5ff0299ba 3b6c1c854c744b89b26af38715383b1d - - default default] 10.0.0.53 "GET /v2.0/floatingips HTTP/1.1" status: 200 len: 212 time: 0.0343080
2026-05-30 10:54:02.677 10 INFO neutron.wsgi [None req-ef543f93-f3af-484c-9a6a-7b91c9dff7ed 7d1fa76f769d41bea9c493f5ff0299ba 3b6c1c854c744b89b26af38715383b1d - - default default] 10.0.0.53 "GET /v2.0/routers HTTP/1.1" status: 200 len: 208 time: 0.0365193
2026-05-30 10:54:02.731 10 INFO neutron.wsgi [None req-600ede0f-9bb9-4665-b3d4-2b08abba52aa 7d1fa76f769d41bea9c493f5ff0299ba 3b6c1c854c744b89b26af38715383b1d - - default default] 10.0.0.53 "GET /v2.0/ports HTTP/1.1" status: 200 len: 5370 time: 0.0493426
2026-05-30 10:54:02.781 10 INFO neutron.wsgi [None req-f6525acf-9c42-45ef-bdce-dea6eaeb66d5 7d1fa76f769d41bea9c493f5ff0299ba 3b6c1c854c744b89b26af38715383b1d - - default default] 10.0.0.53 "GET /v2.0/subnets HTTP/1.1" status: 200 len: 1456 time: 0.0448084
2026-05-30 10:54:02.881 10 INFO neutron.wsgi [None req-31b7a5e0-ebe8-4b8f-9273-ab6d628b98dc 7d1fa76f769d41bea9c493f5ff0299ba 3b6c1c854c744b89b26af38715383b1d - - default default] 10.0.0.53 "GET /v2.0/networks HTTP/1.1" status: 200 len: 2369 time: 0.0960042
2026-05-30 10:54:02.940 10 INFO neutron.wsgi [None req-20678a2f-8f27-45ea-ae97-17d004c05656 7d1fa76f769d41bea9c493f5ff0299ba 3b6c1c854c744b89b26af38715383b1d - - default default] 10.0.0.53 "GET /v2.0/security-groups HTTP/1.1" status: 200 len: 17597 time: 0.0530169
2026-05-30 10:54:02.961 10 INFO neutron.wsgi [None req-c421aeca-e2c4-4c89-a076-fa784fa8562f 7d1fa76f769d41bea9c493f5ff0299ba 3b6c1c854c744b89b26af38715383b1d - - default default] 10.0.0.53 "GET /v2.0/subnetpools HTTP/1.1" status: 200 len: 212 time: 0.0163620
2026-05-30 10:54:14.237 9 INFO neutron.db.ovn_revision_numbers_db [None req-aecf646a-a7f2-4d51-b603-6e4679c47055 7d1fa76f769d41bea9c493f5ff0299ba 3b6c1c854c744b89b26af38715383b1d - - default default] Successfully bumped revision number for resource e9b4ded0-77dc-40a5-bbda-16f1966f3ee0 (type: security_groups) to 1
