2026-05-30 10:59:40.068 9 INFO neutron.wsgi [None req-e9106353-5834-4eb3-b59d-e227e8239687 7d1fa76f769d41bea9c493f5ff0299ba 3b6c1c854c744b89b26af38715383b1d - - default default] 199.204.45.140 "GET /v2.0/ports?device_id=95020166-62be-4806-b2cb-7eb4af2c1de9 HTTP/1.1" status: 200 len: 3745 time: 0.0520396
2026-05-30 10:59:40.106 10 INFO neutron.wsgi [None req-96817882-ec1f-4087-9258-86fe933d603b 7d1fa76f769d41bea9c493f5ff0299ba 3b6c1c854c744b89b26af38715383b1d - - default default] 10.0.0.53 "DELETE /v2.0/security-groups/a07a1b43-5c4b-4ee9-88a9-19c82d93ecbc HTTP/1.1" status: 204 len: 168 time: 0.2090170
2026-05-30 10:59:41.136 9 INFO neutron.wsgi [None req-5024bd4b-d820-4aec-8fb4-646ea8580eaa 7d1fa76f769d41bea9c493f5ff0299ba 3b6c1c854c744b89b26af38715383b1d - - default default] 199.204.45.140 "GET /v2.0/ports?device_id=95020166-62be-4806-b2cb-7eb4af2c1de9 HTTP/1.1" status: 200 len: 3745 time: 0.0526958
2026-05-30 10:59:42.201 9 INFO neutron.wsgi [None req-bda20378-ef42-46eb-a1df-f000629ef1b8 7d1fa76f769d41bea9c493f5ff0299ba 3b6c1c854c744b89b26af38715383b1d - - default default] 199.204.45.140 "GET /v2.0/ports?device_id=95020166-62be-4806-b2cb-7eb4af2c1de9 HTTP/1.1" status: 200 len: 3745 time: 0.0503511
2026-05-30 10:59:43.274 9 INFO neutron.wsgi [None req-1e92db9b-b491-479b-9a95-bd851d0d04d2 7d1fa76f769d41bea9c493f5ff0299ba 3b6c1c854c744b89b26af38715383b1d - - default default] 199.204.45.140 "GET /v2.0/ports?device_id=95020166-62be-4806-b2cb-7eb4af2c1de9 HTTP/1.1" status: 200 len: 3745 time: 0.0586905
2026-05-30 10:59:44.348 9 INFO neutron.wsgi [None req-1bbe6d80-92c8-4cc2-b11c-3e36df09c190 7d1fa76f769d41bea9c493f5ff0299ba 3b6c1c854c744b89b26af38715383b1d - - default default] 199.204.45.140 "GET /v2.0/ports?device_id=95020166-62be-4806-b2cb-7eb4af2c1de9 HTTP/1.1" status: 200 len: 3745 time: 0.0586243
2026-05-30 10:59:45.401 9 INFO neutron.wsgi [None req-b32288b5-d3f9-45fb-b746-4c66efae358f 7d1fa76f769d41bea9c493f5ff0299ba 3b6c1c854c744b89b26af38715383b1d - - default default] 199.204.45.140 "GET /v2.0/ports?device_id=95020166-62be-4806-b2cb-7eb4af2c1de9 HTTP/1.1" status: 200 len: 3745 time: 0.0406127
2026-05-30 10:59:46.467 9 INFO neutron.wsgi [None req-b6698382-5cd4-4257-9b76-82b76c3005e6 7d1fa76f769d41bea9c493f5ff0299ba 3b6c1c854c744b89b26af38715383b1d - - default default] 199.204.45.140 "GET /v2.0/ports?device_id=95020166-62be-4806-b2cb-7eb4af2c1de9 HTTP/1.1" status: 200 len: 3745 time: 0.0504827
2026-05-30 10:59:46.876 10 INFO neutron.wsgi [-] 10.0.0.4 "GET / HTTP/1.1" status: 200 len: 247 time: 0.0025232
2026-05-30 10:59:46.877 9 INFO neutron.wsgi [-] 10.0.0.4 "GET / HTTP/1.1" status: 200 len: 247 time: 0.0030651
2026-05-30 10:59:47.550 9 INFO neutron.wsgi [None req-a1dd6368-f354-446f-a299-52b067e22118 7d1fa76f769d41bea9c493f5ff0299ba 3b6c1c854c744b89b26af38715383b1d - - default default] 199.204.45.140 "GET /v2.0/ports?device_id=95020166-62be-4806-b2cb-7eb4af2c1de9 HTTP/1.1" status: 200 len: 3745 time: 0.0673227
2026-05-30 10:59:48.612 9 INFO neutron.wsgi [None req-f8bb82f3-e860-4882-81c3-69d162bd4fae 7d1fa76f769d41bea9c493f5ff0299ba 3b6c1c854c744b89b26af38715383b1d - - default default] 199.204.45.140 "GET /v2.0/ports?device_id=95020166-62be-4806-b2cb-7eb4af2c1de9 HTTP/1.1" status: 200 len: 3745 time: 0.0454097
2026-05-30 10:59:48.839 10 INFO neutron.wsgi [req-0770cf03-dbb2-41ff-89f4-14a57e5e6540 req-998d8cff-a183-4a09-b22b-9f309cd14fd1 311de5a72440457a97db1b822ad5f654 a9b60b7a466b48e2b909e6c895221a61 - - 3934fa3f24dd44ae9602c404a4208d70 3934fa3f24dd44ae9602c404a4208d70] 199.204.45.140 "GET /v2.0/ports/7fd2abc8-a4f0-41e3-9143-ff06fd6917f6 HTTP/1.1" status: 200 len: 1229 time: 0.3283162
2026-05-30 10:59:49.120 10 INFO neutron.wsgi [req-0770cf03-dbb2-41ff-89f4-14a57e5e6540 req-4aaf3e61-2215-446e-a9ea-77dd634f3cef 7d1fa76f769d41bea9c493f5ff0299ba 3b6c1c854c744b89b26af38715383b1d - - default default] 199.204.45.140 "DELETE /v2.0/ports/7fd2abc8-a4f0-41e3-9143-ff06fd6917f6 HTTP/1.1" status: 204 len: 173 time: 0.2772725
2026-05-30 10:59:49.230 10 INFO neutron.wsgi [req-0770cf03-dbb2-41ff-89f4-14a57e5e6540 req-472ff806-137e-4296-b54a-d95bbae6106f 311de5a72440457a97db1b822ad5f654 a9b60b7a466b48e2b909e6c895221a61 - - 3934fa3f24dd44ae9602c404a4208d70 3934fa3f24dd44ae9602c404a4208d70] 199.204.45.140 "GET /v2.0/ports?tenant_id=3b6c1c854c744b89b26af38715383b1d&device_id=95020166-62be-4806-b2cb-7eb4af2c1de9 HTTP/1.1" status: 200 len: 2724 time: 0.0508630
2026-05-30 10:59:49.299 10 INFO neutron.notifiers.nova [-] Nova event matching ['req-205c6884-9b85-4e0d-9d58-ef13b8f33f37'] response: {'server_uuid': '95020166-62be-4806-b2cb-7eb4af2c1de9', 'name': 'network-vif-deleted', 'tag': '7fd2abc8-a4f0-41e3-9143-ff06fd6917f6', 'status': 'completed', 'code': 200}
2026-05-30 10:59:49.314 10 INFO neutron.wsgi [req-0770cf03-dbb2-41ff-89f4-14a57e5e6540 req-b5020ad7-4166-4dc9-9ecf-52917cf70991 311de5a72440457a97db1b822ad5f654 a9b60b7a466b48e2b909e6c895221a61 - - 3934fa3f24dd44ae9602c404a4208d70 3934fa3f24dd44ae9602c404a4208d70] 199.204.45.140 "GET /v2.0/networks?id=4ed9c3d7-8d40-492e-bb1f-ca0a168f876a&id=6d5ba96b-5f39-4256-b1dd-a1bb61099614&id=a48facf1-b00c-4137-a122-356036cf8c82 HTTP/1.1" status: 200 len: 2520 time: 0.0766740
2026-05-30 10:59:49.348 10 INFO neutron.wsgi [req-0770cf03-dbb2-41ff-89f4-14a57e5e6540 req-0b40b77f-958f-42ee-b6cc-59a365f34af6 311de5a72440457a97db1b822ad5f654 a9b60b7a466b48e2b909e6c895221a61 - - 3934fa3f24dd44ae9602c404a4208d70 3934fa3f24dd44ae9602c404a4208d70] 199.204.45.140 "GET /v2.0/floatingips?fixed_ip_address=172.24.0.122&port_id=45127b1f-e7c6-42d8-84e0-4f8a7cb8d89c HTTP/1.1" status: 200 len: 217 time: 0.0260403
2026-05-30 10:59:49.396 10 INFO neutron.wsgi [req-0770cf03-dbb2-41ff-89f4-14a57e5e6540 req-732dff8c-da71-4f25-ba6f-ec700705597d 311de5a72440457a97db1b822ad5f654 a9b60b7a466b48e2b909e6c895221a61 - - 3934fa3f24dd44ae9602c404a4208d70 3934fa3f24dd44ae9602c404a4208d70] 199.204.45.140 "GET /v2.0/subnets?id=8ca1687d-89b2-4911-b5be-d729f201b1f7 HTTP/1.1" status: 200 len: 829 time: 0.0417154
2026-05-30 10:59:49.424 10 INFO neutron.wsgi [req-0770cf03-dbb2-41ff-89f4-14a57e5e6540 req-69e0ff04-9789-4316-b40a-34a864be95a7 311de5a72440457a97db1b822ad5f654 a9b60b7a466b48e2b909e6c895221a61 - - 3934fa3f24dd44ae9602c404a4208d70 3934fa3f24dd44ae9602c404a4208d70] 199.204.45.140 "GET /v2.0/ports?network_id=4ed9c3d7-8d40-492e-bb1f-ca0a168f876a&device_owner=network%3Adhcp HTTP/1.1" status: 200 len: 210 time: 0.0185575
2026-05-30 10:59:49.498 10 INFO neutron.wsgi [req-0770cf03-dbb2-41ff-89f4-14a57e5e6540 req-b55e09d5-2427-464c-a54e-9bd5b88b79c4 311de5a72440457a97db1b822ad5f654 a9b60b7a466b48e2b909e6c895221a61 - - 3934fa3f24dd44ae9602c404a4208d70 3934fa3f24dd44ae9602c404a4208d70] 199.204.45.140 "GET /v2.0/networks/4ed9c3d7-8d40-492e-bb1f-ca0a168f876a?fields=segments HTTP/1.1" status: 200 len: 212 time: 0.0621822
2026-05-30 10:59:49.580 10 INFO neutron.wsgi [req-0770cf03-dbb2-41ff-89f4-14a57e5e6540 req-868ffc4f-be61-42fd-9430-59a6a19adf93 311de5a72440457a97db1b822ad5f654 a9b60b7a466b48e2b909e6c895221a61 - - 3934fa3f24dd44ae9602c404a4208d70 3934fa3f24dd44ae9602c404a4208d70] 199.204.45.140 "GET /v2.0/networks/4ed9c3d7-8d40-492e-bb1f-ca0a168f876a?fields=provider%3Aphysical_network&fields=provider%3Anetwork_type HTTP/1.1" status: 200 len: 277 time: 0.0751758
2026-05-30 10:59:49.610 10 INFO neutron.wsgi [req-0770cf03-dbb2-41ff-89f4-14a57e5e6540 req-47541011-b9b2-4788-b03e-1c60a2a4435e 311de5a72440457a97db1b822ad5f654 a9b60b7a466b48e2b909e6c895221a61 - - 3934fa3f24dd44ae9602c404a4208d70 3934fa3f24dd44ae9602c404a4208d70] 199.204.45.140 "GET /v2.0/floatingips?fixed_ip_address=10.1.1.95&port_id=e7e5c952-6b42-4858-bd18-a49e55852b67 HTTP/1.1" status: 200 len: 217 time: 0.0225608
2026-05-30 10:59:49.653 10 INFO neutron.wsgi [req-0770cf03-dbb2-41ff-89f4-14a57e5e6540 req-28b07fe2-15b0-4861-b137-970582ea5a33 311de5a72440457a97db1b822ad5f654 a9b60b7a466b48e2b909e6c895221a61 - - 3934fa3f24dd44ae9602c404a4208d70 3934fa3f24dd44ae9602c404a4208d70] 199.204.45.140 "GET /v2.0/subnets?id=e84f5f19-78cf-41e6-990d-65622e0ccb5c HTTP/1.1" status: 200 len: 854 time: 0.0360978
2026-05-30 10:59:49.670 9 INFO neutron.wsgi [None req-b44028ff-dbc5-46f6-86e2-5d2d79c07396 7d1fa76f769d41bea9c493f5ff0299ba 3b6c1c854c744b89b26af38715383b1d - - default default] 199.204.45.140 "GET /v2.0/ports?device_id=95020166-62be-4806-b2cb-7eb4af2c1de9 HTTP/1.1" status: 200 len: 2724 time: 0.0471256
2026-05-30 10:59:49.684 10 INFO neutron.wsgi [req-0770cf03-dbb2-41ff-89f4-14a57e5e6540 req-5bf804ff-b332-48e3-8032-2af4937e67cc 311de5a72440457a97db1b822ad5f654 a9b60b7a466b48e2b909e6c895221a61 - - 3934fa3f24dd44ae9602c404a4208d70 3934fa3f24dd44ae9602c404a4208d70] 199.204.45.140 "GET /v2.0/ports?network_id=6d5ba96b-5f39-4256-b1dd-a1bb61099614&device_owner=network%3Adhcp HTTP/1.1" status: 200 len: 210 time: 0.0258913
2026-05-30 10:59:49.707 9 INFO neutron.pecan_wsgi.hooks.translation [None req-30ff12b0-6df2-475d-9806-f15ed1ad09b9 7d1fa76f769d41bea9c493f5ff0299ba 3b6c1c854c744b89b26af38715383b1d - - default default] DELETE failed (client error): The resource could not be found.
2026-05-30 10:59:49.710 9 INFO neutron.wsgi [None req-30ff12b0-6df2-475d-9806-f15ed1ad09b9 7d1fa76f769d41bea9c493f5ff0299ba 3b6c1c854c744b89b26af38715383b1d - - default default] 199.204.45.140 "DELETE /v2.0/ports/7fd2abc8-a4f0-41e3-9143-ff06fd6917f6 HTTP/1.1" status: 404 len: 338 time: 0.0299208
2026-05-30 10:59:49.771 10 INFO neutron.wsgi [req-0770cf03-dbb2-41ff-89f4-14a57e5e6540 req-b99c26ce-407c-4eeb-a9a9-85bb65505ad3 311de5a72440457a97db1b822ad5f654 a9b60b7a466b48e2b909e6c895221a61 - - 3934fa3f24dd44ae9602c404a4208d70 3934fa3f24dd44ae9602c404a4208d70] 199.204.45.140 "GET /v2.0/networks/6d5ba96b-5f39-4256-b1dd-a1bb61099614?fields=segments HTTP/1.1" status: 200 len: 212 time: 0.0751450
2026-05-30 10:59:49.838 9 INFO neutron.wsgi [None req-b03cd1a6-3b5e-40f7-98f9-cf00d3104dc6 7d1fa76f769d41bea9c493f5ff0299ba 3b6c1c854c744b89b26af38715383b1d - - default default] 199.204.45.140 "GET /v2.0/extensions/security-group HTTP/1.1" status: 200 len: 369 time: 0.0082264
2026-05-30 10:59:49.846 10 INFO neutron.wsgi [req-0770cf03-dbb2-41ff-89f4-14a57e5e6540 req-3f83d59e-29b4-4ce1-972a-35dabf44c761 311de5a72440457a97db1b822ad5f654 a9b60b7a466b48e2b909e6c895221a61 - - 3934fa3f24dd44ae9602c404a4208d70 3934fa3f24dd44ae9602c404a4208d70] 199.204.45.140 "GET /v2.0/networks/6d5ba96b-5f39-4256-b1dd-a1bb61099614?fields=provider%3Aphysical_network&fields=provider%3Anetwork_type HTTP/1.1" status: 200 len: 277 time: 0.0682750
2026-05-30 10:59:49.854 9 INFO neutron.wsgi [None req-f6c3fba6-1489-428d-8d20-91a70428adcc 7d1fa76f769d41bea9c493f5ff0299ba 3b6c1c854c744b89b26af38715383b1d - - default default] 199.204.45.140 "GET /v2.0/extensions/dns-integration HTTP/1.1" status: 200 len: 371 time: 0.0080173
2026-05-30 10:59:49.864 9 INFO neutron.wsgi [None req-51d4cab9-a17e-4c1c-844a-4c5869c696ce 7d1fa76f769d41bea9c493f5ff0299ba 3b6c1c854c744b89b26af38715383b1d - - default default] 199.204.45.140 "GET /v2.0/extensions/qos HTTP/1.1" status: 200 len: 365 time: 0.0035443
2026-05-30 10:59:49.874 9 INFO neutron.wsgi [None req-0929fcd1-dd61-4218-ae82-d952993028cb 7d1fa76f769d41bea9c493f5ff0299ba 3b6c1c854c744b89b26af38715383b1d - - default default] 199.204.45.140 "GET /v2.0/extensions/allowed-address-pairs HTTP/1.1" status: 200 len: 383 time: 0.0045047
2026-05-30 10:59:49.913 9 INFO neutron.wsgi [None req-65c5b101-2643-46cc-973d-c84b51aa4620 7d1fa76f769d41bea9c493f5ff0299ba 3b6c1c854c744b89b26af38715383b1d - - default default] 199.204.45.140 "GET /v2.0/subnets/e84f5f19-78cf-41e6-990d-65622e0ccb5c HTTP/1.1" status: 200 len: 851 time: 0.0356419
2026-05-30 10:59:49.964 9 INFO neutron.wsgi [None req-b5f13c30-5c2c-45a2-889a-f3c511331441 7d1fa76f769d41bea9c493f5ff0299ba 3b6c1c854c744b89b26af38715383b1d - - default default] 199.204.45.140 "GET /v2.0/ports/f0a32bb4-a5b1-4eef-a9ac-a1a0c602232e HTTP/1.1" status: 200 len: 1340 time: 0.0428371
2026-05-30 10:59:50.013 9 INFO neutron.wsgi [None req-eca7399e-f31c-4337-afa7-2c27e0e21af0 7d1fa76f769d41bea9c493f5ff0299ba 3b6c1c854c744b89b26af38715383b1d - - default default] 199.204.45.140 "GET /v2.0/ports/e7e5c952-6b42-4858-bd18-a49e55852b67 HTTP/1.1" status: 200 len: 1515 time: 0.0408952
2026-05-30 10:59:50.062 9 INFO neutron.wsgi [None req-8c03161d-2ec6-422e-be95-9b50aeb4c0da 7d1fa76f769d41bea9c493f5ff0299ba 3b6c1c854c744b89b26af38715383b1d - - default default] 199.204.45.140 "GET /v2.0/subnets/e84f5f19-78cf-41e6-990d-65622e0ccb5c HTTP/1.1" status: 200 len: 851 time: 0.0391638
2026-05-30 10:59:50.140 9 INFO neutron.wsgi [None req-f8dea0aa-3669-44fd-977c-14e5392df80f 7d1fa76f769d41bea9c493f5ff0299ba 3b6c1c854c744b89b26af38715383b1d - - default default] 199.204.45.140 "GET /v2.0/networks/6d5ba96b-5f39-4256-b1dd-a1bb61099614 HTTP/1.1" status: 200 len: 1002 time: 0.0703239
2026-05-30 10:59:50.194 9 INFO neutron.wsgi [None req-3609201f-9c97-42e1-b62d-d14272e90ab7 7d1fa76f769d41bea9c493f5ff0299ba 3b6c1c854c744b89b26af38715383b1d - - default default] 199.204.45.140 "GET /v2.0/ports/f0a32bb4-a5b1-4eef-a9ac-a1a0c602232e HTTP/1.1" status: 200 len: 1340 time: 0.0462461
2026-05-30 10:59:50.247 9 INFO neutron.wsgi [None req-7e934946-2760-4a96-b3ac-a09857c12576 7d1fa76f769d41bea9c493f5ff0299ba 3b6c1c854c744b89b26af38715383b1d - - default default] 199.204.45.140 "GET /v2.0/subnets/e84f5f19-78cf-41e6-990d-65622e0ccb5c HTTP/1.1" status: 200 len: 851 time: 0.0416148
2026-05-30 11:00:01.876 9 INFO neutron.wsgi [-] 10.0.0.4 "GET / HTTP/1.1" status: 200 len: 247 time: 0.0025690
2026-05-30 11:00:01.877 10 INFO neutron.wsgi [-] 10.0.0.4 "GET / HTTP/1.1" status: 200 len: 247 time: 0.0033128
2026-05-30 11:00:03.402 10 INFO neutron.wsgi [req-7cd19529-1f27-409c-9149-4dd63a8a0f2f req-8a6bbccc-ec91-4350-8612-b40429941d30 311de5a72440457a97db1b822ad5f654 a9b60b7a466b48e2b909e6c895221a61 - - 3934fa3f24dd44ae9602c404a4208d70 3934fa3f24dd44ae9602c404a4208d70] 199.204.45.140 "GET /v2.0/ports?device_id=dcee2631-598a-42c4-99da-6003a49186a5&fields=binding%3Ahost_id&fields=binding%3Avif_type HTTP/1.1" status: 200 len: 265 time: 0.0381546
2026-05-30 11:00:03.490 10 INFO neutron.wsgi [req-7cd19529-1f27-409c-9149-4dd63a8a0f2f req-8ff7956a-22cd-4338-84c4-c49a5e5a8340 311de5a72440457a97db1b822ad5f654 a9b60b7a466b48e2b909e6c895221a61 - - 3934fa3f24dd44ae9602c404a4208d70 3934fa3f24dd44ae9602c404a4208d70] 199.204.45.140 "GET /v2.0/ports?tenant_id=386218916c0a4fdb8fad6a89e1244d42&device_id=dcee2631-598a-42c4-99da-6003a49186a5 HTTP/1.1" status: 200 len: 1634 time: 0.0428591
2026-05-30 11:00:03.577 10 INFO neutron.wsgi [req-7cd19529-1f27-409c-9149-4dd63a8a0f2f req-c08e9a72-22c4-42db-9e06-84bd1a63e4ff 311de5a72440457a97db1b822ad5f654 a9b60b7a466b48e2b909e6c895221a61 - - 3934fa3f24dd44ae9602c404a4208d70 3934fa3f24dd44ae9602c404a4208d70] 199.204.45.140 "GET /v2.0/networks?id=a48facf1-b00c-4137-a122-356036cf8c82 HTTP/1.1" status: 200 len: 1003 time: 0.0643044
2026-05-30 11:00:03.656 10 INFO neutron.wsgi [req-7cd19529-1f27-409c-9149-4dd63a8a0f2f req-16a99c8f-6dbb-4a58-97f5-0e02ab6d1e21 311de5a72440457a97db1b822ad5f654 a9b60b7a466b48e2b909e6c895221a61 - - 3934fa3f24dd44ae9602c404a4208d70 3934fa3f24dd44ae9602c404a4208d70] 199.204.45.140 "GET /v2.0/floatingips?fixed_ip_address=10.2.1.119&port_id=2c033456-0dca-4841-8026-b97aa1cafe58 HTTP/1.1" status: 200 len: 1059 time: 0.0721664
2026-05-30 11:00:03.688 10 INFO neutron.wsgi [req-7cd19529-1f27-409c-9149-4dd63a8a0f2f req-d5344b5c-b783-4e38-bc7c-e84e99530118 311de5a72440457a97db1b822ad5f654 a9b60b7a466b48e2b909e6c895221a61 - - 3934fa3f24dd44ae9602c404a4208d70 3934fa3f24dd44ae9602c404a4208d70] 199.204.45.140 "GET /v2.0/floatingips?fixed_ip_address=fd7b%3Af9f7%3Afff%3A4eca%3A%3A96&port_id=2c033456-0dca-4841-8026-b97aa1cafe58 HTTP/1.1" status: 200 len: 217 time: 0.0253513
2026-05-30 11:00:03.736 10 INFO neutron.wsgi [req-7cd19529-1f27-409c-9149-4dd63a8a0f2f req-7faf915e-415b-47c9-9dcc-4bb89ee05bdb 311de5a72440457a97db1b822ad5f654 a9b60b7a466b48e2b909e6c895221a61 - - 3934fa3f24dd44ae9602c404a4208d70 3934fa3f24dd44ae9602c404a4208d70] 199.204.45.140 "GET /v2.0/subnets?id=87ddc982-c924-4506-9f2f-d3626cd2f345&id=dbbb209e-71b1-43f7-94f8-71d16180946c HTTP/1.1" status: 200 len: 1562 time: 0.0391355
2026-05-30 11:00:03.769 10 INFO neutron.wsgi [req-7cd19529-1f27-409c-9149-4dd63a8a0f2f req-ca2b4298-b2a9-4a29-ad49-392ab1aeac3e 311de5a72440457a97db1b822ad5f654 a9b60b7a466b48e2b909e6c895221a61 - - 3934fa3f24dd44ae9602c404a4208d70 3934fa3f24dd44ae9602c404a4208d70] 199.204.45.140 "GET /v2.0/ports?network_id=a48facf1-b00c-4137-a122-356036cf8c82&device_owner=network%3Adhcp HTTP/1.1" status: 200 len: 210 time: 0.0241535
2026-05-30 11:00:03.816 10 INFO neutron.wsgi [req-7cd19529-1f27-409c-9149-4dd63a8a0f2f req-eb12c785-b10a-48c6-86c9-6f29ed01d819 311de5a72440457a97db1b822ad5f654 a9b60b7a466b48e2b909e6c895221a61 - - 3934fa3f24dd44ae9602c404a4208d70 3934fa3f24dd44ae9602c404a4208d70] 199.204.45.140 "GET /v2.0/ports?network_id=a48facf1-b00c-4137-a122-356036cf8c82&device_owner=network%3Adhcp HTTP/1.1" status: 200 len: 210 time: 0.0384836
2026-05-30 11:00:03.909 10 INFO neutron.wsgi [req-7cd19529-1f27-409c-9149-4dd63a8a0f2f req-4693743f-bde2-425f-84d4-8a44fd705510 311de5a72440457a97db1b822ad5f654 a9b60b7a466b48e2b909e6c895221a61 - - 3934fa3f24dd44ae9602c404a4208d70 3934fa3f24dd44ae9602c404a4208d70] 199.204.45.140 "GET /v2.0/networks/a48facf1-b00c-4137-a122-356036cf8c82?fields=segments HTTP/1.1" status: 200 len: 212 time: 0.0832241
2026-05-30 11:00:04.246 10 INFO neutron.wsgi [req-7cd19529-1f27-409c-9149-4dd63a8a0f2f req-474098e3-1ad4-4cb5-9c69-9acaa1d6c567 311de5a72440457a97db1b822ad5f654 a9b60b7a466b48e2b909e6c895221a61 - - 3934fa3f24dd44ae9602c404a4208d70 3934fa3f24dd44ae9602c404a4208d70] 199.204.45.140 "GET /v2.0/networks/a48facf1-b00c-4137-a122-356036cf8c82?fields=provider%3Aphysical_network&fields=provider%3Anetwork_type HTTP/1.1" status: 200 len: 277 time: 0.3266573
2026-05-30 11:00:04.423 9 INFO neutron.wsgi [None req-f8c579fd-094a-40f4-91fc-bb62ed2c0d57 7d1fa76f769d41bea9c493f5ff0299ba 3b6c1c854c744b89b26af38715383b1d - - default default] 199.204.45.140 "GET /v2.0/extensions/security-group HTTP/1.1" status: 200 len: 369 time: 0.0068126
2026-05-30 11:00:04.439 9 INFO neutron.wsgi [None req-85839631-4a14-42f5-a8b7-d29c2d085e19 7d1fa76f769d41bea9c493f5ff0299ba 3b6c1c854c744b89b26af38715383b1d - - default default] 199.204.45.140 "GET /v2.0/extensions/dns-integration HTTP/1.1" status: 200 len: 371 time: 0.0105875
2026-05-30 11:00:04.450 9 INFO neutron.wsgi [None req-96474407-8ecf-44ae-bf7c-ee0e1bc4ba1f 7d1fa76f769d41bea9c493f5ff0299ba 3b6c1c854c744b89b26af38715383b1d - - default default] 199.204.45.140 "GET /v2.0/extensions/qos HTTP/1.1" status: 200 len: 365 time: 0.0056086
2026-05-30 11:00:04.460 9 INFO neutron.wsgi [None req-f6d6b796-9bcb-4948-a3f2-2682766c9b01 7d1fa76f769d41bea9c493f5ff0299ba 3b6c1c854c744b89b26af38715383b1d - - default default] 199.204.45.140 "GET /v2.0/extensions/allowed-address-pairs HTTP/1.1" status: 200 len: 383 time: 0.0050132
2026-05-30 11:00:04.477 9 INFO neutron.api.v2.resource [None req-7714ef8b-b559-422b-94ee-9c0e4dd268a1 7d1fa76f769d41bea9c493f5ff0299ba 3b6c1c854c744b89b26af38715383b1d - - default default] show failed (client error): The resource could not be found.
2026-05-30 11:00:04.479 9 INFO neutron.wsgi [None req-7714ef8b-b559-422b-94ee-9c0e4dd268a1 7d1fa76f769d41bea9c493f5ff0299ba 3b6c1c854c744b89b26af38715383b1d - - default default] 199.204.45.140 "GET /v2.0/security-groups/lb-9166362a-b726-4435-bd02-7239009ac2d2 HTTP/1.1" status: 404 len: 355 time: 0.0132148
2026-05-30 11:00:04.534 9 INFO neutron.wsgi [None req-901c2c9d-124b-44f3-83d2-1d4e14d06e0d 7d1fa76f769d41bea9c493f5ff0299ba 3b6c1c854c744b89b26af38715383b1d - - default default] 199.204.45.140 "GET /v2.0/security-groups?name=lb-9166362a-b726-4435-bd02-7239009ac2d2 HTTP/1.1" status: 200 len: 3061 time: 0.0496876
2026-05-30 11:00:04.608 9 INFO neutron.wsgi [None req-eb9dfa3f-bb50-4494-abf3-5a66247e39bf 7d1fa76f769d41bea9c493f5ff0299ba 3b6c1c854c744b89b26af38715383b1d - - default default] 199.204.45.140 "GET /v2.0/security-group-rules?security_group_id=6dd4bcb4-fb9c-484b-b323-591767263c0d HTTP/1.1" status: 200 len: 2534 time: 0.0684097
2026-05-30 11:00:04.796 9 INFO neutron.wsgi [None req-ff13c76d-2f46-4f1e-b7c5-9e83a559a605 7d1fa76f769d41bea9c493f5ff0299ba 3b6c1c854c744b89b26af38715383b1d - - default default] 199.204.45.140 "DELETE /v2.0/security-group-rules/1d846cb2-d9e4-42e9-8b4b-92cef8930b06 HTTP/1.1" status: 204 len: 173 time: 0.1747057
2026-05-30 11:00:04.941 9 INFO neutron.wsgi [None req-912b02ef-1ac5-4ee5-bc12-01eb5f0aac9d 7d1fa76f769d41bea9c493f5ff0299ba 3b6c1c854c744b89b26af38715383b1d - - default default] 199.204.45.140 "DELETE /v2.0/security-group-rules/dfbb4ca0-9a98-4da9-9ea2-57ca9aaaadd4 HTTP/1.1" status: 204 len: 173 time: 0.1387162
2026-05-30 11:00:07.775 10 INFO neutron.db.l3_db [None req-3e9aea2a-d116-4e95-a40a-f6705103a998 3dbf15a5da3a42d9915a0439ddb0d717 386218916c0a4fdb8fad6a89e1244d42 - - default default] Floating IP e544f513-e9fd-4a84-9322-660e5539efd0 disassociated (deleted). External IP: 10.96.250.209, port: f0a32bb4-a5b1-4eef-a9ac-a1a0c602232e.
2026-05-30 11:00:07.816 10 INFO neutron.wsgi [None req-3e9aea2a-d116-4e95-a40a-f6705103a998 3dbf15a5da3a42d9915a0439ddb0d717 386218916c0a4fdb8fad6a89e1244d42 - - default default] 10.0.0.53 "DELETE /v2.0/floatingips/e544f513-e9fd-4a84-9322-660e5539efd0 HTTP/1.1" status: 204 len: 168 time: 0.6262860 /var/lib/openstack/lib/python3.10/site-packages/pycadf/identifier.py:71: UserWarning: Invalid uuid: neutron. To ensure interoperability, identifiers should be a valid uuid. warnings.warn(('Invalid uuid: %s. To ensure interoperability, '
2026-05-30 11:00:07.852 10 INFO neutron.api.v2.resource [None req-36e959a7-1d38-4002-9d83-edc7cc57e208 3dbf15a5da3a42d9915a0439ddb0d717 386218916c0a4fdb8fad6a89e1244d42 - - default default] show failed (client error): The resource could not be found.
2026-05-30 11:00:07.853 10 INFO neutron.wsgi [None req-36e959a7-1d38-4002-9d83-edc7cc57e208 3dbf15a5da3a42d9915a0439ddb0d717 386218916c0a4fdb8fad6a89e1244d42 - - default default] 10.0.0.53 "GET /v2.0/floatingips/e544f513-e9fd-4a84-9322-660e5539efd0 HTTP/1.1" status: 404 len: 345 time: 0.0304096
2026-05-30 11:00:08.497 9 INFO neutron.wsgi [None req-cda7abaf-946c-4ded-99da-f6cd20033e66 7d1fa76f769d41bea9c493f5ff0299ba 3b6c1c854c744b89b26af38715383b1d - - default default] 199.204.45.140 "GET /v2.0/extensions/security-group HTTP/1.1" status: 200 len: 369 time: 0.0060458
2026-05-30 11:00:08.509 9 INFO neutron.wsgi [None req-24dbe4cf-b048-4c3a-829f-ffc8252bf5e6 7d1fa76f769d41bea9c493f5ff0299ba 3b6c1c854c744b89b26af38715383b1d - - default default] 199.204.45.140 "GET /v2.0/extensions/dns-integration HTTP/1.1" status: 200 len: 371 time: 0.0064042
2026-05-30 11:00:08.519 9 INFO neutron.wsgi [None req-70573def-addc-497c-9376-afc1a18462f6 7d1fa76f769d41bea9c493f5ff0299ba 3b6c1c854c744b89b26af38715383b1d - - default default] 199.204.45.140 "GET /v2.0/extensions/qos HTTP/1.1" status: 200 len: 365 time: 0.0051332
2026-05-30 11:00:08.528 9 INFO neutron.wsgi [None req-1fafbb96-c655-44aa-9987-ce66991fc23d 7d1fa76f769d41bea9c493f5ff0299ba 3b6c1c854c744b89b26af38715383b1d - - default default] 199.204.45.140 "GET /v2.0/extensions/allowed-address-pairs HTTP/1.1" status: 200 len: 383 time: 0.0055308
2026-05-30 11:00:08.568 9 INFO neutron.wsgi [None req-3968b668-195c-43ea-9ab2-6370b081213b 7d1fa76f769d41bea9c493f5ff0299ba 3b6c1c854c744b89b26af38715383b1d - - default default] 199.204.45.140 "GET /v2.0/subnets/e84f5f19-78cf-41e6-990d-65622e0ccb5c HTTP/1.1" status: 200 len: 851 time: 0.0345907
2026-05-30 11:00:08.614 9 INFO neutron.wsgi [None req-7b4f3506-ef6d-465a-aa79-fad893954218 7d1fa76f769d41bea9c493f5ff0299ba 3b6c1c854c744b89b26af38715383b1d - - default default] 199.204.45.140 "GET /v2.0/ports?device_id=95020166-62be-4806-b2cb-7eb4af2c1de9 HTTP/1.1" status: 200 len: 2724 time: 0.0426722
2026-05-30 11:00:08.681 9 INFO neutron.wsgi [None req-642e744c-0804-4247-bf80-4911f260e513 7d1fa76f769d41bea9c493f5ff0299ba 3b6c1c854c744b89b26af38715383b1d - - default default] 199.204.45.140 "GET /v2.0/ports?device_id=95020166-62be-4806-b2cb-7eb4af2c1de9 HTTP/1.1" status: 200 len: 2724 time: 0.0539684
2026-05-30 11:00:08.804 9 INFO neutron.wsgi [None req-388d0f68-131a-4fec-8494-88ac4f80cff2 7d1fa76f769d41bea9c493f5ff0299ba 3b6c1c854c744b89b26af38715383b1d - - default default] 199.204.45.140 "GET /v2.0/ports?device_id=95020166-62be-4806-b2cb-7eb4af2c1de9 HTTP/1.1" status: 200 len: 2724 time: 0.0641530
2026-05-30 11:00:09.024 9 INFO neutron.plugins.ml2.drivers.ovn.mech_driver.mech_driver [None req-48d70b58-30ac-4872-969f-fd49bcde0830 - - - - - -] OVN reports status down for port: f0a32bb4-a5b1-4eef-a9ac-a1a0c602232e
2026-05-30 11:00:09.168 9 INFO neutron.plugins.ml2.drivers.ovn.mech_driver.mech_driver [None req-48d70b58-30ac-4872-969f-fd49bcde0830 - - - - - -] OVN reports status down for port: e7e5c952-6b42-4858-bd18-a49e55852b67
2026-05-30 11:00:09.261 9 INFO neutron.db.ovn_revision_numbers_db [None req-9fea9487-a31f-40c0-a065-064b768e3557 - - - - - -] Successfully bumped revision number for resource f0a32bb4-a5b1-4eef-a9ac-a1a0c602232e (type: ports) to 6
2026-05-30 11:00:09.382 9 INFO neutron.notifiers.nova [-] Nova event matching ['req-a576e7f4-fcdb-4035-92a8-d220c77d6084'] response: {'server_uuid': '95020166-62be-4806-b2cb-7eb4af2c1de9', 'name': 'network-vif-unplugged', 'status': 'completed', 'tag': 'e7e5c952-6b42-4858-bd18-a49e55852b67', 'code': 200}
2026-05-30 11:00:09.572 9 INFO neutron.db.ovn_revision_numbers_db [None req-48d70b58-30ac-4872-969f-fd49bcde0830 - - - - - -] Successfully bumped revision number for resource e7e5c952-6b42-4858-bd18-a49e55852b67 (type: ports) to 7 /var/lib/openstack/lib/python3.10/site-packages/pycadf/identifier.py:71: UserWarning: Invalid uuid: neutron. To ensure interoperability, identifiers should be a valid uuid. warnings.warn(('Invalid uuid: %s. To ensure interoperability, '
2026-05-30 11:00:10.140 9 INFO neutron.wsgi [None req-5e09dfdb-777e-4692-b209-eda41dffeb68 7d1fa76f769d41bea9c493f5ff0299ba 3b6c1c854c744b89b26af38715383b1d - - default default] 199.204.45.140 "GET /v2.0/ports?device_id=95020166-62be-4806-b2cb-7eb4af2c1de9 HTTP/1.1" status: 200 len: 2722 time: 0.3246913
2026-05-30 11:00:11.203 9 INFO neutron.wsgi [None req-f14a8409-fa93-4600-bd05-bdb068a8a276 7d1fa76f769d41bea9c493f5ff0299ba 3b6c1c854c744b89b26af38715383b1d - - default default] 199.204.45.140 "GET /v2.0/ports?device_id=95020166-62be-4806-b2cb-7eb4af2c1de9 HTTP/1.1" status: 200 len: 2722 time: 0.0518408
2026-05-30 11:00:11.421 9 INFO neutron.notifiers.nova [-] Nova event matching ['req-c1ac7be4-f0ea-41f9-b7e8-06736558f01e'] response: {'server_uuid': '95020166-62be-4806-b2cb-7eb4af2c1de9', 'name': 'network-vif-unplugged', 'status': 'completed', 'tag': 'e7e5c952-6b42-4858-bd18-a49e55852b67', 'code': 200}
2026-05-30 11:00:12.261 9 INFO neutron.wsgi [None req-fa4b3ff4-a9f6-4937-b234-e8a7664cc036 7d1fa76f769d41bea9c493f5ff0299ba 3b6c1c854c744b89b26af38715383b1d - - default default] 199.204.45.140 "GET /v2.0/ports?device_id=95020166-62be-4806-b2cb-7eb4af2c1de9 HTTP/1.1" status: 200 len: 2722 time: 0.0469401
2026-05-30 11:00:13.322 9 INFO neutron.wsgi [None req-9c465609-f0a1-43be-9e80-1d1b37a92b9e 7d1fa76f769d41bea9c493f5ff0299ba 3b6c1c854c744b89b26af38715383b1d - - default default] 199.204.45.140 "GET /v2.0/ports?device_id=95020166-62be-4806-b2cb-7eb4af2c1de9 HTTP/1.1" status: 200 len: 2722 time: 0.0477550
2026-05-30 11:00:14.397 9 INFO neutron.wsgi [None req-6c26b547-3ba1-432d-bd3e-a92f9599e14a 7d1fa76f769d41bea9c493f5ff0299ba 3b6c1c854c744b89b26af38715383b1d - - default default] 199.204.45.140 "GET /v2.0/ports?device_id=95020166-62be-4806-b2cb-7eb4af2c1de9 HTTP/1.1" status: 200 len: 2722 time: 0.0584023
2026-05-30 11:00:15.461 9 INFO neutron.wsgi [None req-13d9358e-f9fa-4597-9410-ad2eded9c851 7d1fa76f769d41bea9c493f5ff0299ba 3b6c1c854c744b89b26af38715383b1d - - default default] 199.204.45.140 "GET /v2.0/ports?device_id=95020166-62be-4806-b2cb-7eb4af2c1de9 HTTP/1.1" status: 200 len: 2722 time: 0.0481672
2026-05-30 11:00:16.540 9 INFO neutron.wsgi [None req-236305cf-d473-437d-a970-8e14649a76cd 7d1fa76f769d41bea9c493f5ff0299ba 3b6c1c854c744b89b26af38715383b1d - - default default] 199.204.45.140 "GET /v2.0/ports?device_id=95020166-62be-4806-b2cb-7eb4af2c1de9 HTTP/1.1" status: 200 len: 2722 time: 0.0665567
2026-05-30 11:00:16.876 10 INFO neutron.wsgi [-] 10.0.0.4 "GET / HTTP/1.1" status: 200 len: 247 time: 0.0024493
2026-05-30 11:00:16.879 10 INFO neutron.wsgi [-] 10.0.0.4 "GET / HTTP/1.1" status: 200 len: 247 time: 0.0013804
2026-05-30 11:00:17.609 9 INFO neutron.wsgi [None req-c65e4884-bbea-4adf-b54d-6672bf9b4511 7d1fa76f769d41bea9c493f5ff0299ba 3b6c1c854c744b89b26af38715383b1d - - default default] 199.204.45.140 "GET /v2.0/ports?device_id=95020166-62be-4806-b2cb-7eb4af2c1de9 HTTP/1.1" status: 200 len: 2722 time: 0.0557418
2026-05-30 11:00:18.668 9 INFO neutron.wsgi [None req-ee1d8b3e-90c1-48b5-b282-d266eec65650 7d1fa76f769d41bea9c493f5ff0299ba 3b6c1c854c744b89b26af38715383b1d - - default default] 199.204.45.140 "GET /v2.0/ports?device_id=95020166-62be-4806-b2cb-7eb4af2c1de9 HTTP/1.1" status: 200 len: 2722 time: 0.0501537
2026-05-30 11:00:19.124 9 INFO neutron.wsgi [None req-82bc2cb6-809d-4f95-bef8-5c424bfae728 7d1fa76f769d41bea9c493f5ff0299ba 3b6c1c854c744b89b26af38715383b1d - - default default] 10.0.0.187 "GET /v2.0/subnets HTTP/1.1" status: 200 len: 5497 time: 0.1320059
2026-05-30 11:00:19.136 9 INFO neutron.wsgi [None req-6a5703c7-cc30-4032-a38c-a7190dce0e71 7d1fa76f769d41bea9c493f5ff0299ba 3b6c1c854c744b89b26af38715383b1d - - default default] 10.0.0.187 "GET /v2.0/subnetpools HTTP/1.1" status: 200 len: 193 time: 0.0104349
2026-05-30 11:00:19.231 9 INFO neutron.wsgi [None req-f2dee040-2e1e-466b-acd3-149772b238ac 7d1fa76f769d41bea9c493f5ff0299ba 3b6c1c854c744b89b26af38715383b1d - - default default] 10.0.0.187 "GET /v2.0/routers HTTP/1.1" status: 200 len: 1141 time: 0.0942700
2026-05-30 11:00:19.249 9 INFO neutron.wsgi [None req-84bbc45e-7361-4f4d-8934-4818dc08015a 7d1fa76f769d41bea9c493f5ff0299ba 3b6c1c854c744b89b26af38715383b1d - - default default] 10.0.0.187 "GET /v2.0/agents?binary=ovn-controller HTTP/1.1" status: 200 len: 591 time: 0.0157874
2026-05-30 11:00:19.266 9 INFO neutron.wsgi [None req-4ed896e6-ba60-4d62-b5e3-1907947782a2 7d1fa76f769d41bea9c493f5ff0299ba 3b6c1c854c744b89b26af38715383b1d - - default default] 10.0.0.187 "GET /v2.0/agents HTTP/1.1" status: 200 len: 1390 time: 0.0132742
2026-05-30 11:00:19.315 9 INFO neutron.wsgi [None req-9dee8fab-c0e5-4acd-ae5a-6d960a5ed9d7 7d1fa76f769d41bea9c493f5ff0299ba 3b6c1c854c744b89b26af38715383b1d - - default default] 10.0.0.187 "GET /v2.0/floatingips HTTP/1.1" status: 200 len: 1879 time: 0.0481417
2026-05-30 11:00:19.420 9 INFO neutron.wsgi [None req-3f7c67a9-64a9-4937-9edf-f51c57f1880d 7d1fa76f769d41bea9c493f5ff0299ba 3b6c1c854c744b89b26af38715383b1d - - default default] 10.0.0.187 "GET /v2.0/ports HTTP/1.1" status: 200 len: 21218 time: 0.1030736
2026-05-30 11:00:19.449 9 INFO neutron.wsgi [None req-36d5813e-d456-4364-a539-35b6dd64278c 7d1fa76f769d41bea9c493f5ff0299ba 3b6c1c854c744b89b26af38715383b1d - - default default] 10.0.0.187 "GET /v2.0/network-ip-availabilities HTTP/1.1" status: 200 len: 3364 time: 0.0152481
2026-05-30 11:00:19.532 9 INFO neutron.wsgi [None req-f0cad948-3835-451c-8f60-24b50dc8092c 7d1fa76f769d41bea9c493f5ff0299ba 3b6c1c854c744b89b26af38715383b1d - - default default] 10.0.0.187 "GET /v2.0/networks HTTP/1.1" status: 200 len: 4721 time: 0.0806320
2026-05-30 11:00:19.584 9 INFO neutron.wsgi [None req-cb1da2a7-dc42-4270-a9ba-9110692fd408 7d1fa76f769d41bea9c493f5ff0299ba 3b6c1c854c744b89b26af38715383b1d - - default default] 10.0.0.187 "GET /v2.0/subnets HTTP/1.1" status: 200 len: 5497 time: 0.0485201
2026-05-30 11:00:19.647 9 INFO neutron.wsgi [None req-54c0bc64-1fa8-47d8-8abf-dd580a0c7ae1 7d1fa76f769d41bea9c493f5ff0299ba 3b6c1c854c744b89b26af38715383b1d - - default default] 10.0.0.187 "GET /v2.0/security-groups HTTP/1.1" status: 200 len: 30432 time: 0.0591578
2026-05-30 11:00:19.744 9 INFO neutron.wsgi [None req-940c7b8d-df14-463e-a5ea-3645c95dd4a8 7d1fa76f769d41bea9c493f5ff0299ba 3b6c1c854c744b89b26af38715383b1d - - default default] 199.204.45.140 "GET /v2.0/ports?device_id=95020166-62be-4806-b2cb-7eb4af2c1de9 HTTP/1.1" status: 200 len: 2722 time: 0.0685692
2026-05-30 11:00:20.812 9 INFO neutron.wsgi [None req-cce27a8c-3424-4a50-816e-f57e0741b1a6 7d1fa76f769d41bea9c493f5ff0299ba 3b6c1c854c744b89b26af38715383b1d - - default default] 199.204.45.140 "GET /v2.0/ports?device_id=95020166-62be-4806-b2cb-7eb4af2c1de9 HTTP/1.1" status: 200 len: 2722 time: 0.0577743
2026-05-30 11:00:21.866 9 INFO neutron.wsgi [None req-606ab3a2-680f-4b76-b47f-3cfbc2bd3c42 7d1fa76f769d41bea9c493f5ff0299ba 3b6c1c854c744b89b26af38715383b1d - - default default] 199.204.45.140 "GET /v2.0/ports?device_id=95020166-62be-4806-b2cb-7eb4af2c1de9 HTTP/1.1" status: 200 len: 2722 time: 0.0422568
2026-05-30 11:00:22.926 9 INFO neutron.wsgi [None req-80560169-3160-438c-854c-390b7803a0f2 7d1fa76f769d41bea9c493f5ff0299ba 3b6c1c854c744b89b26af38715383b1d - - default default] 199.204.45.140 "GET /v2.0/ports?device_id=95020166-62be-4806-b2cb-7eb4af2c1de9 HTTP/1.1" status: 200 len: 2722 time: 0.0499716
2026-05-30 11:00:23.987 9 INFO neutron.wsgi [None req-56f405b6-88d2-420f-b0c9-4118d76d505b 7d1fa76f769d41bea9c493f5ff0299ba 3b6c1c854c744b89b26af38715383b1d - - default default] 199.204.45.140 "GET /v2.0/ports?device_id=95020166-62be-4806-b2cb-7eb4af2c1de9 HTTP/1.1" status: 200 len: 2722 time: 0.0516770
2026-05-30 11:00:25.047 9 INFO neutron.wsgi [None req-deb641b2-c8ce-4dd6-a91a-e92641a9ad37 7d1fa76f769d41bea9c493f5ff0299ba 3b6c1c854c744b89b26af38715383b1d - - default default] 199.204.45.140 "GET /v2.0/ports?device_id=95020166-62be-4806-b2cb-7eb4af2c1de9 HTTP/1.1" status: 200 len: 2722 time: 0.0473740
2026-05-30 11:00:26.109 9 INFO neutron.wsgi [None req-6d5c579a-9df6-4963-a485-7dd2d32e6812 7d1fa76f769d41bea9c493f5ff0299ba 3b6c1c854c744b89b26af38715383b1d - - default default] 199.204.45.140 "GET /v2.0/ports?device_id=95020166-62be-4806-b2cb-7eb4af2c1de9 HTTP/1.1" status: 200 len: 2722 time: 0.0502594
2026-05-30 11:00:27.163 9 INFO neutron.wsgi [None req-7ca732b7-3fb3-4efb-8841-321bbc569c58 7d1fa76f769d41bea9c493f5ff0299ba 3b6c1c854c744b89b26af38715383b1d - - default default] 199.204.45.140 "GET /v2.0/ports?device_id=95020166-62be-4806-b2cb-7eb4af2c1de9 HTTP/1.1" status: 200 len: 2722 time: 0.0408556
2026-05-30 11:00:28.226 9 INFO neutron.wsgi [None req-78604eb4-2792-4747-bf12-8f56f062bf90 7d1fa76f769d41bea9c493f5ff0299ba 3b6c1c854c744b89b26af38715383b1d - - default default] 199.204.45.140 "GET /v2.0/ports?device_id=95020166-62be-4806-b2cb-7eb4af2c1de9 HTTP/1.1" status: 200 len: 2722 time: 0.0501385
2026-05-30 11:00:29.092 10 INFO neutron.wsgi [req-38b31963-a9dc-4cd1-80b4-ea30eda02ed4 req-9daaccd3-e503-4941-8578-865b227694da 311de5a72440457a97db1b822ad5f654 a9b60b7a466b48e2b909e6c895221a61 - - 3934fa3f24dd44ae9602c404a4208d70 3934fa3f24dd44ae9602c404a4208d70] 199.204.45.140 "GET /v2.0/ports/e7e5c952-6b42-4858-bd18-a49e55852b67 HTTP/1.1" status: 200 len: 1513 time: 0.0403111
2026-05-30 11:00:29.125 10 INFO neutron.wsgi [req-38b31963-a9dc-4cd1-80b4-ea30eda02ed4 req-77118394-fc75-400b-a59a-7bdd313778c5 7d1fa76f769d41bea9c493f5ff0299ba 3b6c1c854c744b89b26af38715383b1d - - default default] 199.204.45.140 "GET /v2.0/ports/e7e5c952-6b42-4858-bd18-a49e55852b67?fields=binding%3Aprofile&fields=network_id HTTP/1.1" status: 200 len: 281 time: 0.0288708
2026-05-30 11:00:29.177 10 INFO neutron.wsgi [req-38b31963-a9dc-4cd1-80b4-ea30eda02ed4 req-40d67972-7015-4a2b-af32-26e68a234005 7d1fa76f769d41bea9c493f5ff0299ba 3b6c1c854c744b89b26af38715383b1d - - default default] 199.204.45.140 "GET /v2.0/networks/6d5ba96b-5f39-4256-b1dd-a1bb61099614?fields=dns_domain HTTP/1.1" status: 200 len: 227 time: 0.0492613
2026-05-30 11:00:29.280 9 INFO neutron.wsgi [None req-1f60d0ed-52f1-466f-8a68-ca95b99cdc88 7d1fa76f769d41bea9c493f5ff0299ba 3b6c1c854c744b89b26af38715383b1d - - default default] 199.204.45.140 "GET /v2.0/ports?device_id=95020166-62be-4806-b2cb-7eb4af2c1de9 HTTP/1.1" status: 200 len: 2722 time: 0.0425642
2026-05-30 11:00:29.620 10 INFO neutron.db.ovn_revision_numbers_db [req-38b31963-a9dc-4cd1-80b4-ea30eda02ed4 req-899925ec-3d50-48ed-a0d0-d1c4e905eba7 311de5a72440457a97db1b822ad5f654 a9b60b7a466b48e2b909e6c895221a61 - - 3934fa3f24dd44ae9602c404a4208d70 3934fa3f24dd44ae9602c404a4208d70] Successfully bumped revision number for resource e7e5c952-6b42-4858-bd18-a49e55852b67 (type: ports) to 8
2026-05-30 11:00:29.639 10 INFO neutron.wsgi [req-38b31963-a9dc-4cd1-80b4-ea30eda02ed4 req-899925ec-3d50-48ed-a0d0-d1c4e905eba7 311de5a72440457a97db1b822ad5f654 a9b60b7a466b48e2b909e6c895221a61 - - 3934fa3f24dd44ae9602c404a4208d70 3934fa3f24dd44ae9602c404a4208d70] 199.204.45.140 "PUT /v2.0/ports/e7e5c952-6b42-4858-bd18-a49e55852b67 HTTP/1.1" status: 200 len: 1347 time: 0.4585443 /var/lib/openstack/lib/python3.10/site-packages/pycadf/identifier.py:71: UserWarning: Invalid uuid: neutron. To ensure interoperability, identifiers should be a valid uuid. warnings.warn(('Invalid uuid: %s. To ensure interoperability, '
2026-05-30 11:00:29.747 10 INFO neutron.wsgi [req-38b31963-a9dc-4cd1-80b4-ea30eda02ed4 req-23a99082-5c17-4cd1-907e-12a326e32cc8 311de5a72440457a97db1b822ad5f654 a9b60b7a466b48e2b909e6c895221a61 - - 3934fa3f24dd44ae9602c404a4208d70 3934fa3f24dd44ae9602c404a4208d70] 199.204.45.140 "GET /v2.0/ports?tenant_id=3b6c1c854c744b89b26af38715383b1d&device_id=95020166-62be-4806-b2cb-7eb4af2c1de9 HTTP/1.1" status: 200 len: 1417 time: 0.0608985
2026-05-30 11:00:29.812 10 INFO neutron.wsgi [req-38b31963-a9dc-4cd1-80b4-ea30eda02ed4 req-eb72de30-bb86-4529-8925-a292de158e30 311de5a72440457a97db1b822ad5f654 a9b60b7a466b48e2b909e6c895221a61 - - 3934fa3f24dd44ae9602c404a4208d70 3934fa3f24dd44ae9602c404a4208d70] 199.204.45.140 "GET /v2.0/networks?id=4ed9c3d7-8d40-492e-bb1f-ca0a168f876a&id=6d5ba96b-5f39-4256-b1dd-a1bb61099614 HTTP/1.1" status: 200 len: 1730 time: 0.0604832
2026-05-30 11:00:29.848 10 INFO neutron.wsgi [req-38b31963-a9dc-4cd1-80b4-ea30eda02ed4 req-86fda68e-280d-431a-8e9d-a94b9a02a7ce 311de5a72440457a97db1b822ad5f654 a9b60b7a466b48e2b909e6c895221a61 - - 3934fa3f24dd44ae9602c404a4208d70 3934fa3f24dd44ae9602c404a4208d70] 199.204.45.140 "GET /v2.0/floatingips?fixed_ip_address=172.24.0.122&port_id=45127b1f-e7c6-42d8-84e0-4f8a7cb8d89c HTTP/1.1" status: 200 len: 217 time: 0.0283239
2026-05-30 11:00:29.896 10 INFO neutron.wsgi [req-38b31963-a9dc-4cd1-80b4-ea30eda02ed4 req-29810da6-2ea7-4c5c-af69-ad3f689b96a6 311de5a72440457a97db1b822ad5f654 a9b60b7a466b48e2b909e6c895221a61 - - 3934fa3f24dd44ae9602c404a4208d70 3934fa3f24dd44ae9602c404a4208d70] 199.204.45.140 "GET /v2.0/subnets?id=8ca1687d-89b2-4911-b5be-d729f201b1f7 HTTP/1.1" status: 200 len: 829 time: 0.0413001
2026-05-30 11:00:29.928 10 INFO neutron.wsgi [req-38b31963-a9dc-4cd1-80b4-ea30eda02ed4 req-83adc679-928d-4435-ace7-818da0b1efdc 311de5a72440457a97db1b822ad5f654 a9b60b7a466b48e2b909e6c895221a61 - - 3934fa3f24dd44ae9602c404a4208d70 3934fa3f24dd44ae9602c404a4208d70] 199.204.45.140 "GET /v2.0/ports?network_id=4ed9c3d7-8d40-492e-bb1f-ca0a168f876a&device_owner=network%3Adhcp HTTP/1.1" status: 200 len: 210 time: 0.0243888
2026-05-30 11:00:29.990 10 INFO neutron.wsgi [req-38b31963-a9dc-4cd1-80b4-ea30eda02ed4 req-a34125d6-a1c8-4010-adb8-4586c9a2f136 311de5a72440457a97db1b822ad5f654 a9b60b7a466b48e2b909e6c895221a61 - - 3934fa3f24dd44ae9602c404a4208d70 3934fa3f24dd44ae9602c404a4208d70] 199.204.45.140 "GET /v2.0/networks/4ed9c3d7-8d40-492e-bb1f-ca0a168f876a?fields=segments HTTP/1.1" status: 200 len: 212 time: 0.0540717
2026-05-30 11:00:30.050 10 INFO neutron.wsgi [req-38b31963-a9dc-4cd1-80b4-ea30eda02ed4 req-bc34b8fb-0472-4f55-861b-86f9e2ca905d 311de5a72440457a97db1b822ad5f654 a9b60b7a466b48e2b909e6c895221a61 - - 3934fa3f24dd44ae9602c404a4208d70 3934fa3f24dd44ae9602c404a4208d70] 199.204.45.140 "GET /v2.0/networks/4ed9c3d7-8d40-492e-bb1f-ca0a168f876a?fields=provider%3Aphysical_network&fields=provider%3Anetwork_type HTTP/1.1" status: 200 len: 277 time: 0.0535288
2026-05-30 11:00:30.332 9 INFO neutron.wsgi [None req-3da71d7f-89e4-4bf7-8474-452023eecccf 7d1fa76f769d41bea9c493f5ff0299ba 3b6c1c854c744b89b26af38715383b1d - - default default] 199.204.45.140 "GET /v2.0/ports?device_id=95020166-62be-4806-b2cb-7eb4af2c1de9 HTTP/1.1" status: 200 len: 1417 time: 0.0402350
2026-05-30 11:00:30.782 9 INFO neutron.db.ovn_revision_numbers_db [None req-fe30bd46-85d3-45bb-876d-e8f28880eddf 7d1fa76f769d41bea9c493f5ff0299ba 3b6c1c854c744b89b26af38715383b1d - - default default] Successfully bumped revision number for resource e7e5c952-6b42-4858-bd18-a49e55852b67 (type: ports) to 9
2026-05-30 11:00:30.808 9 INFO neutron.wsgi [None req-fe30bd46-85d3-45bb-876d-e8f28880eddf 7d1fa76f769d41bea9c493f5ff0299ba 3b6c1c854c744b89b26af38715383b1d - - default default] 199.204.45.140 "PUT /v2.0/ports/e7e5c952-6b42-4858-bd18-a49e55852b67 HTTP/1.1" status: 200 len: 1286 time: 0.4658740 /var/lib/openstack/lib/python3.10/site-packages/pycadf/identifier.py:71: UserWarning: Invalid uuid: neutron. To ensure interoperability, identifiers should be a valid uuid. warnings.warn(('Invalid uuid: %s. To ensure interoperability, '
2026-05-30 11:00:30.862 9 INFO neutron.wsgi [None req-f9b07699-07fe-4990-aad8-dc4c94e8d142 7d1fa76f769d41bea9c493f5ff0299ba 3b6c1c854c744b89b26af38715383b1d - - default default] 199.204.45.140 "GET /v2.0/ports/e7e5c952-6b42-4858-bd18-a49e55852b67 HTTP/1.1" status: 200 len: 1286 time: 0.0457156
2026-05-30 11:00:30.916 9 INFO neutron.db.ovn_revision_numbers_db [None req-9fea9487-a31f-40c0-a065-064b768e3557 - - - - - -] Successfully bumped revision number for resource f0a32bb4-a5b1-4eef-a9ac-a1a0c602232e (type: ports) to 8
2026-05-30 11:00:31.237 9 INFO neutron.wsgi [None req-a064145b-3dc1-4376-bd00-750706612c87 7d1fa76f769d41bea9c493f5ff0299ba 3b6c1c854c744b89b26af38715383b1d - - default default] 199.204.45.140 "DELETE /v2.0/ports/e7e5c952-6b42-4858-bd18-a49e55852b67 HTTP/1.1" status: 204 len: 173 time: 0.3665719
2026-05-30 11:00:31.326 9 INFO neutron.wsgi [None req-246b15ad-67c7-4a4a-aef6-a94818ed9b87 7d1fa76f769d41bea9c493f5ff0299ba 3b6c1c854c744b89b26af38715383b1d - - default default] 199.204.45.140 "GET /v2.0/extensions/security-group HTTP/1.1" status: 200 len: 369 time: 0.0080476
2026-05-30 11:00:31.340 9 INFO neutron.wsgi [None req-1cb854d4-0bd8-40e1-b36a-7b69ecefd1d5 7d1fa76f769d41bea9c493f5ff0299ba 3b6c1c854c744b89b26af38715383b1d - - default default] 199.204.45.140 "GET /v2.0/extensions/dns-integration HTTP/1.1" status: 200 len: 371 time: 0.0087492
2026-05-30 11:00:31.349 9 INFO neutron.wsgi [None req-cbd086d9-776b-4c48-9167-79d7e289100c 7d1fa76f769d41bea9c493f5ff0299ba 3b6c1c854c744b89b26af38715383b1d - - default default] 199.204.45.140 "GET /v2.0/extensions/qos HTTP/1.1" status: 200 len: 365 time: 0.0035198
2026-05-30 11:00:31.358 9 INFO neutron.wsgi [None req-f89d151a-2e76-427a-b5b6-d88a20bc7f65 7d1fa76f769d41bea9c493f5ff0299ba 3b6c1c854c744b89b26af38715383b1d - - default default] 199.204.45.140 "GET /v2.0/extensions/allowed-address-pairs HTTP/1.1" status: 200 len: 383 time: 0.0045829
2026-05-30 11:00:31.384 9 INFO neutron.pecan_wsgi.hooks.translation [None req-acbbff8a-6151-484e-bb32-e4f84f91a6a2 7d1fa76f769d41bea9c493f5ff0299ba 3b6c1c854c744b89b26af38715383b1d - - default default] DELETE failed (client error): The resource could not be found.
2026-05-30 11:00:31.387 9 INFO neutron.wsgi [None req-acbbff8a-6151-484e-bb32-e4f84f91a6a2 7d1fa76f769d41bea9c493f5ff0299ba 3b6c1c854c744b89b26af38715383b1d - - default default] 199.204.45.140 "DELETE /v2.0/ports/e7e5c952-6b42-4858-bd18-a49e55852b67 HTTP/1.1" status: 404 len: 338 time: 0.0227218
2026-05-30 11:00:31.431 9 INFO neutron.wsgi [None req-f652e0ef-a522-4bc7-a668-4f11b028b5a7 7d1fa76f769d41bea9c493f5ff0299ba 3b6c1c854c744b89b26af38715383b1d - - default default] 199.204.45.140 "GET /v2.0/ports/f0a32bb4-a5b1-4eef-a9ac-a1a0c602232e HTTP/1.1" status: 200 len: 1332 time: 0.0365186
2026-05-30 11:00:31.446 9 INFO neutron.api.v2.resource [None req-03fbf33e-d711-4c40-aba5-9d4160414139 7d1fa76f769d41bea9c493f5ff0299ba 3b6c1c854c744b89b26af38715383b1d - - default default] show failed (client error): The resource could not be found.
2026-05-30 11:00:31.447 9 INFO neutron.wsgi [None req-03fbf33e-d711-4c40-aba5-9d4160414139 7d1fa76f769d41bea9c493f5ff0299ba 3b6c1c854c744b89b26af38715383b1d - - default default] 199.204.45.140 "GET /v2.0/security-groups/lb-9166362a-b726-4435-bd02-7239009ac2d2 HTTP/1.1" status: 404 len: 355 time: 0.0102727
2026-05-30 11:00:31.487 9 INFO neutron.wsgi [None req-74311f45-12bd-4f91-a974-c5fee2d7b8ab 7d1fa76f769d41bea9c493f5ff0299ba 3b6c1c854c744b89b26af38715383b1d - - default default] 199.204.45.140 "GET /v2.0/security-groups?name=lb-9166362a-b726-4435-bd02-7239009ac2d2 HTTP/1.1" status: 200 len: 1837 time: 0.0363889
2026-05-30 11:00:31.534 9 INFO neutron.wsgi [None req-ec357cf7-6c57-4c39-be97-98e0dda8b036 7d1fa76f769d41bea9c493f5ff0299ba 3b6c1c854c744b89b26af38715383b1d - - default default] 199.204.45.140 "GET /v2.0/ports/f0a32bb4-a5b1-4eef-a9ac-a1a0c602232e HTTP/1.1" status: 200 len: 1332 time: 0.0362129
2026-05-30 11:00:31.876 9 INFO neutron.wsgi [-] 10.0.0.4 "GET / HTTP/1.1" status: 200 len: 247 time: 0.0018156
2026-05-30 11:00:31.878 10 INFO neutron.wsgi [-] 10.0.0.4 "GET / HTTP/1.1" status: 200 len: 247 time: 0.0036397
2026-05-30 11:00:31.952 9 INFO neutron.db.ovn_revision_numbers_db [None req-1fc3b0f9-bd71-4e9e-8a10-cdc73e0d3a86 7d1fa76f769d41bea9c493f5ff0299ba 3b6c1c854c744b89b26af38715383b1d - - default default] Successfully bumped revision number for resource f0a32bb4-a5b1-4eef-a9ac-a1a0c602232e (type: ports) to 9
2026-05-30 11:00:31.972 9 INFO neutron.wsgi [None req-1fc3b0f9-bd71-4e9e-8a10-cdc73e0d3a86 7d1fa76f769d41bea9c493f5ff0299ba 3b6c1c854c744b89b26af38715383b1d - - default default] 199.204.45.140 "PUT /v2.0/ports/f0a32bb4-a5b1-4eef-a9ac-a1a0c602232e HTTP/1.1" status: 200 len: 1294 time: 0.4313967
2026-05-30 11:00:32.112 9 INFO neutron.wsgi [None req-6d2204d1-b1b0-4f36-a469-441059ced5f6 7d1fa76f769d41bea9c493f5ff0299ba 3b6c1c854c744b89b26af38715383b1d - - default default] 199.204.45.140 "DELETE /v2.0/security-groups/6dd4bcb4-fb9c-484b-b323-591767263c0d HTTP/1.1" status: 204 len: 173 time: 0.1297464
2026-05-30 11:00:32.441 9 INFO neutron.wsgi [None req-9005f4ef-691a-4ae3-b2b9-9601c6b7bfb1 7d1fa76f769d41bea9c493f5ff0299ba 3b6c1c854c744b89b26af38715383b1d - - default default] 199.204.45.140 "DELETE /v2.0/ports/f0a32bb4-a5b1-4eef-a9ac-a1a0c602232e HTTP/1.1" status: 204 len: 173 time: 0.3216717
2026-05-30 11:00:32.777 10 INFO neutron.plugins.ml2.drivers.ovn.mech_driver.mech_driver [None req-537163a6-de87-4853-a837-198c74967fcd - - - - - -] OVN reports status down for port: 45127b1f-e7c6-42d8-84e0-4f8a7cb8d89c
2026-05-30 11:00:32.933 10 INFO neutron.notifiers.nova [-] Nova event matching ['req-a5cdaf4e-4baf-4c01-8dbd-20bb57e812df'] response: {'server_uuid': '95020166-62be-4806-b2cb-7eb4af2c1de9', 'name': 'network-vif-unplugged', 'status': 'completed', 'tag': '45127b1f-e7c6-42d8-84e0-4f8a7cb8d89c', 'code': 200}
2026-05-30 11:00:33.082 10 INFO neutron.wsgi [req-5b165136-6274-440b-bf2c-71bcf0ef2632 req-7789f6eb-efd5-4e8d-a349-4ba16748d8fe 7d1fa76f769d41bea9c493f5ff0299ba 3b6c1c854c744b89b26af38715383b1d - - default default] 199.204.45.140 "GET /v2.0/ports?device_id=95020166-62be-4806-b2cb-7eb4af2c1de9 HTTP/1.1" status: 200 len: 1415 time: 0.0482750
2026-05-30 11:00:33.144 10 INFO neutron.db.ovn_revision_numbers_db [None req-537163a6-de87-4853-a837-198c74967fcd - - - - - -] Successfully bumped revision number for resource 45127b1f-e7c6-42d8-84e0-4f8a7cb8d89c (type: ports) to 5
2026-05-30 11:00:33.422 10 INFO neutron.wsgi [req-5b165136-6274-440b-bf2c-71bcf0ef2632 req-e6cee7b4-87d0-4126-9f76-2297f752258d 7d1fa76f769d41bea9c493f5ff0299ba 3b6c1c854c744b89b26af38715383b1d - - default default] 199.204.45.140 "DELETE /v2.0/ports/45127b1f-e7c6-42d8-84e0-4f8a7cb8d89c HTTP/1.1" status: 204 len: 173 time: 0.3324521
2026-05-30 11:00:33.658 9 INFO neutron.db.l3_db [None req-deb92fd9-dc50-495d-b264-b5598a6ca80f 3dbf15a5da3a42d9915a0439ddb0d717 386218916c0a4fdb8fad6a89e1244d42 - - default default] Floating IP 72da15db-1c37-46eb-880c-33b65efabdf1 disassociated (deleted). External IP: 10.96.250.218, port: ff974767-c341-4a88-a88f-7164bd4494dd.
2026-05-30 11:00:33.690 9 INFO neutron.wsgi [None req-deb92fd9-dc50-495d-b264-b5598a6ca80f 3dbf15a5da3a42d9915a0439ddb0d717 386218916c0a4fdb8fad6a89e1244d42 - - default default] 10.0.0.53 "DELETE /v2.0/floatingips/72da15db-1c37-46eb-880c-33b65efabdf1 HTTP/1.1" status: 204 len: 168 time: 0.4755776 /var/lib/openstack/lib/python3.10/site-packages/pycadf/identifier.py:71: UserWarning: Invalid uuid: neutron. To ensure interoperability, identifiers should be a valid uuid. warnings.warn(('Invalid uuid: %s. To ensure interoperability, '
2026-05-30 11:00:33.728 10 INFO neutron.api.v2.resource [None req-9b0a447b-a01c-4c82-8c29-bfb89fdefaf3 3dbf15a5da3a42d9915a0439ddb0d717 386218916c0a4fdb8fad6a89e1244d42 - - default default] show failed (client error): The resource could not be found.
2026-05-30 11:00:33.729 10 INFO neutron.wsgi [None req-9b0a447b-a01c-4c82-8c29-bfb89fdefaf3 3dbf15a5da3a42d9915a0439ddb0d717 386218916c0a4fdb8fad6a89e1244d42 - - default default] 10.0.0.53 "GET /v2.0/floatingips/72da15db-1c37-46eb-880c-33b65efabdf1 HTTP/1.1" status: 404 len: 345 time: 0.0329785
2026-05-30 11:00:33.736 9 INFO neutron.notifiers.nova [-] Nova event matching ['req-7fe97846-f612-480d-960c-161d0d5b42a2'] response: {'name': 'network-changed', 'server_uuid': '6c0ead84-3646-415c-a903-cb78892b17a5', 'tag': 'ff974767-c341-4a88-a88f-7164bd4494dd', 'status': 'completed', 'code': 200}
