2026-05-30 10:55:43.330 9 INFO neutron.db.ovn_revision_numbers_db [None req-1166ebe4-5453-4f0e-9d33-4cae7ed202bf 361a70df43034f0abfb876d3fbd3c46e 5d1fdf1e28f04900a27f3a4e94eca8ab - - default default] Successfully bumped revision number for resource e9c4216c-d6e9-4023-b3a2-8c3f7ebe3292 (type: security_group_rules) to 0
2026-05-30 10:55:43.340 10 INFO neutron.db.ovn_revision_numbers_db [None req-d927d149-e766-4b7e-8f25-a1b0894456be 7d1fa76f769d41bea9c493f5ff0299ba 3b6c1c854c744b89b26af38715383b1d - - default default] Successfully bumped revision number for resource 8de22975-9f13-48c9-afba-5a0bb37fcae7 (type: security_group_rules) to 0
2026-05-30 10:55:43.349 9 INFO neutron.wsgi [None req-1166ebe4-5453-4f0e-9d33-4cae7ed202bf 361a70df43034f0abfb876d3fbd3c46e 5d1fdf1e28f04900a27f3a4e94eca8ab - - default default] 10.0.0.53 "POST /v2.0/security-groups HTTP/1.1" status: 201 len: 1825 time: 0.1870062
2026-05-30 10:55:43.361 10 WARNING neutron_lib.context [None req-d4756cd8-826b-43a1-80b0-9b27c0b33635 361a70df43034f0abfb876d3fbd3c46e 5d1fdf1e28f04900a27f3a4e94eca8ab - - default default] Method 'is_advsvc' is deprecated since 2023.2 release (neutron-lib 3.8.0) and will be removed once support for the old RBAC API policies will be removed from Neutron. Please use method 'is_service_role' instead.
2026-05-30 10:55:43.363 10 INFO neutron.db.ovn_revision_numbers_db [None req-d927d149-e766-4b7e-8f25-a1b0894456be 7d1fa76f769d41bea9c493f5ff0299ba 3b6c1c854c744b89b26af38715383b1d - - default default] Successfully bumped revision number for resource c3588bde-2e86-4830-9db5-31fd476ba454 (type: security_group_rules) to 0
2026-05-30 10:55:43.426 10 INFO neutron.db.segments_db [None req-d927d149-e766-4b7e-8f25-a1b0894456be 7d1fa76f769d41bea9c493f5ff0299ba 3b6c1c854c744b89b26af38715383b1d - - default default] Added segment bece3f6c-3a13-49ea-b650-35ef9a69454a of type geneve for network 154d884b-04d5-406a-8918-a095c5131c6b
2026-05-30 10:55:43.489 9 WARNING neutron.plugins.ml2.drivers.ovn.mech_driver.ovsdb.ovn_client [None req-48d70b58-30ac-4872-969f-fd49bcde0830 - - - - - -] No hosting information found for port 3aa4e406-b1af-4ccf-aada-2227051e3664: RuntimeError: No hosting information found for port 3aa4e406-b1af-4ccf-aada-2227051e3664
2026-05-30 10:55:43.489 9 INFO neutron.plugins.ml2.drivers.ovn.mech_driver.mech_driver [None req-48d70b58-30ac-4872-969f-fd49bcde0830 - - - - - -] OVN reports status down for port: 28cf59d3-67b3-4076-9363-839db1185222
2026-05-30 10:55:43.501 9 INFO neutron.plugins.ml2.drivers.ovn.mech_driver.mech_driver [None req-48d70b58-30ac-4872-969f-fd49bcde0830 - - - - - -] OVN reports status up for port: 1bb1e1fb-a24e-4058-bfad-9c0c91884b1e
2026-05-30 10:55:43.508 9 INFO neutron.plugins.ml2.plugin [None req-48d70b58-30ac-4872-969f-fd49bcde0830 - - - - - -] Attempt 1 to provision port 1bb1e1fb-a24e-4058-bfad-9c0c91884b1e
2026-05-30 10:55:43.599 10 INFO neutron.db.ovn_revision_numbers_db [None req-d927d149-e766-4b7e-8f25-a1b0894456be 7d1fa76f769d41bea9c493f5ff0299ba 3b6c1c854c744b89b26af38715383b1d - - default default] Successfully bumped revision number for resource 154d884b-04d5-406a-8918-a095c5131c6b (type: networks) to 1
2026-05-30 10:55:43.611 10 INFO neutron.db.ovn_revision_numbers_db [None req-d4756cd8-826b-43a1-80b0-9b27c0b33635 361a70df43034f0abfb876d3fbd3c46e 5d1fdf1e28f04900a27f3a4e94eca8ab - - default default] Successfully bumped revision number for resource 04552912-586d-4396-9d17-c79aaec5d12a (type: security_group_rules) to 0
2026-05-30 10:55:43.651 10 INFO neutron.wsgi [None req-d4756cd8-826b-43a1-80b0-9b27c0b33635 361a70df43034f0abfb876d3fbd3c46e 5d1fdf1e28f04900a27f3a4e94eca8ab - - default default] 10.0.0.53 "POST /v2.0/security-group-rules HTTP/1.1" status: 201 len: 800 time: 0.2958441
2026-05-30 10:55:43.699 9 INFO neutron.wsgi [None req-5f5b071d-f073-4d52-8071-657fff1ce436 361a70df43034f0abfb876d3fbd3c46e 5d1fdf1e28f04900a27f3a4e94eca8ab - - default default] 10.0.0.53 "GET /v2.0/security-group-rules/04552912-586d-4396-9d17-c79aaec5d12a HTTP/1.1" status: 200 len: 795 time: 0.0445187
2026-05-30 10:55:43.851 10 WARNING neutron.scheduler.dhcp_agent_scheduler [None req-d927d149-e766-4b7e-8f25-a1b0894456be 7d1fa76f769d41bea9c493f5ff0299ba 3b6c1c854c744b89b26af38715383b1d - - default default] No more DHCP agents
2026-05-30 10:55:43.861 10 INFO neutron.wsgi [None req-97884d34-432e-4e85-a689-d5a40d7d292d 361a70df43034f0abfb876d3fbd3c46e 5d1fdf1e28f04900a27f3a4e94eca8ab - - default default] 10.0.0.53 "GET /v2.0/security-group-rules HTTP/1.1" status: 200 len: 4333 time: 0.1560974
2026-05-30 10:55:43.864 10 WARNING neutron.api.rpc.agentnotifiers.dhcp_rpc_agent_api [None req-d927d149-e766-4b7e-8f25-a1b0894456be 7d1fa76f769d41bea9c493f5ff0299ba 3b6c1c854c744b89b26af38715383b1d - - default default] Unable to schedule network 154d884b-04d5-406a-8918-a095c5131c6b: no agents available; will retry on subsequent port and subnet creation events.
2026-05-30 10:55:43.986 10 INFO neutron.db.ovn_revision_numbers_db [None req-d927d149-e766-4b7e-8f25-a1b0894456be 7d1fa76f769d41bea9c493f5ff0299ba 3b6c1c854c744b89b26af38715383b1d - - default default] Successfully bumped revision number for resource b72c84f8-d6d1-42b0-b77c-39c6e57b6c23 (type: ports) to 1
2026-05-30 10:55:44.011 10 INFO neutron.wsgi [None req-d927d149-e766-4b7e-8f25-a1b0894456be 7d1fa76f769d41bea9c493f5ff0299ba 3b6c1c854c744b89b26af38715383b1d - - default default] 10.0.0.53 "POST /v2.0/networks HTTP/1.1" status: 201 len: 947 time: 1.0097139
2026-05-30 10:55:44.187 10 WARNING neutron.scheduler.dhcp_agent_scheduler [None req-34cebcb8-b80d-49ad-b483-8965d4f4db5d 7d1fa76f769d41bea9c493f5ff0299ba 3b6c1c854c744b89b26af38715383b1d - - default default] No more DHCP agents
2026-05-30 10:55:44.208 10 WARNING neutron.api.rpc.agentnotifiers.dhcp_rpc_agent_api [None req-34cebcb8-b80d-49ad-b483-8965d4f4db5d 7d1fa76f769d41bea9c493f5ff0299ba 3b6c1c854c744b89b26af38715383b1d - - default default] Unable to schedule network 154d884b-04d5-406a-8918-a095c5131c6b: no agents available; will retry on subsequent port and subnet creation events.
2026-05-30 10:55:44.214 10 INFO neutron.wsgi [None req-53a0af11-3432-4d16-b104-a393afc0f5e1 ccdcf414eafc4de8a9a72e740867b544 4365835b8d2d4bfbab608f86f337fdff - - default default] 10.0.0.53 "GET /v2.0/ports/1bb1e1fb-a24e-4058-bfad-9c0c91884b1e HTTP/1.1" status: 200 len: 1137 time: 0.0568361
2026-05-30 10:55:44.279 9 INFO neutron.db.ovn_revision_numbers_db [None req-48d70b58-30ac-4872-969f-fd49bcde0830 - - - - - -] Successfully bumped revision number for resource 1bb1e1fb-a24e-4058-bfad-9c0c91884b1e (type: ports) to 2
2026-05-30 10:55:44.293 9 INFO neutron.wsgi [None req-97599046-1550-49a1-9023-07ee2ae0b6ee 361a70df43034f0abfb876d3fbd3c46e 5d1fdf1e28f04900a27f3a4e94eca8ab - - default default] 10.0.0.53 "DELETE /v2.0/security-group-rules/04552912-586d-4396-9d17-c79aaec5d12a HTTP/1.1" status: 204 len: 168 time: 0.4248900
2026-05-30 10:55:44.475 9 INFO neutron.wsgi [None req-14eb68bf-ebb8-449f-820f-682e4d920ce3 361a70df43034f0abfb876d3fbd3c46e 5d1fdf1e28f04900a27f3a4e94eca8ab - - default default] 10.0.0.53 "GET /v2.0/security-group-rules HTTP/1.1" status: 200 len: 3755 time: 0.1738741
2026-05-30 10:55:44.486 9 WARNING neutron_lib.context [None req-470ecea1-515a-4aa0-a3a4-4e9eae3334ee 361a70df43034f0abfb876d3fbd3c46e 5d1fdf1e28f04900a27f3a4e94eca8ab - - default default] Method 'is_advsvc' is deprecated since 2023.2 release (neutron-lib 3.8.0) and will be removed once support for the old RBAC API policies will be removed from Neutron. Please use method 'is_service_role' instead.
2026-05-30 10:55:44.498 9 INFO neutron.db.ovn_revision_numbers_db [None req-48d70b58-30ac-4872-969f-fd49bcde0830 - - - - - -] Successfully bumped revision number for resource 1bb1e1fb-a24e-4058-bfad-9c0c91884b1e (type: router_ports) to 2
2026-05-30 10:55:44.665 9 INFO neutron.db.ovn_revision_numbers_db [None req-470ecea1-515a-4aa0-a3a4-4e9eae3334ee 361a70df43034f0abfb876d3fbd3c46e 5d1fdf1e28f04900a27f3a4e94eca8ab - - default default] Successfully bumped revision number for resource 59450613-92ee-4b75-b05e-0c5fa34cdfa9 (type: security_group_rules) to 0
2026-05-30 10:55:44.691 9 INFO neutron.wsgi [None req-470ecea1-515a-4aa0-a3a4-4e9eae3334ee 361a70df43034f0abfb876d3fbd3c46e 5d1fdf1e28f04900a27f3a4e94eca8ab - - default default] 10.0.0.53 "POST /v2.0/security-group-rules HTTP/1.1" status: 201 len: 800 time: 0.2103076
2026-05-30 10:55:44.726 9 INFO neutron.wsgi [None req-bd0e9f6e-637e-4464-9974-704c6a07eea5 361a70df43034f0abfb876d3fbd3c46e 5d1fdf1e28f04900a27f3a4e94eca8ab - - default default] 10.0.0.53 "GET /v2.0/security-group-rules/59450613-92ee-4b75-b05e-0c5fa34cdfa9 HTTP/1.1" status: 200 len: 795 time: 0.0197420
2026-05-30 10:55:44.798 9 INFO neutron.wsgi [None req-16489a31-104e-46de-a875-9560b08e7b10 361a70df43034f0abfb876d3fbd3c46e 5d1fdf1e28f04900a27f3a4e94eca8ab - - default default] 10.0.0.53 "GET /v2.0/security-group-rules HTTP/1.1" status: 200 len: 4333 time: 0.0679867
2026-05-30 10:55:44.918 9 INFO neutron.wsgi [None req-b2a50289-43cf-48c3-a60b-0488b643fdeb 361a70df43034f0abfb876d3fbd3c46e 5d1fdf1e28f04900a27f3a4e94eca8ab - - default default] 10.0.0.53 "DELETE /v2.0/security-group-rules/59450613-92ee-4b75-b05e-0c5fa34cdfa9 HTTP/1.1" status: 204 len: 168 time: 0.1151032
2026-05-30 10:55:44.984 9 INFO neutron.wsgi [None req-5eb170a5-05f5-4ef5-9c6f-4a85c3a4156f 361a70df43034f0abfb876d3fbd3c46e 5d1fdf1e28f04900a27f3a4e94eca8ab - - default default] 10.0.0.53 "GET /v2.0/security-group-rules HTTP/1.1" status: 200 len: 3755 time: 0.0610158
2026-05-30 10:55:44.993 9 WARNING neutron_lib.context [None req-fd9bd08d-b6ae-462d-9df4-52d452759b6b 361a70df43034f0abfb876d3fbd3c46e 5d1fdf1e28f04900a27f3a4e94eca8ab - - default default] Method 'is_advsvc' is deprecated since 2023.2 release (neutron-lib 3.8.0) and will be removed once support for the old RBAC API policies will be removed from Neutron. Please use method 'is_service_role' instead.
2026-05-30 10:55:45.028 9 INFO neutron.db.securitygroups_db [None req-fd9bd08d-b6ae-462d-9df4-52d452759b6b 361a70df43034f0abfb876d3fbd3c46e 5d1fdf1e28f04900a27f3a4e94eca8ab - - default default] Project 5d1fdf1e28f04900a27f3a4e94eca8ab added a security group rule with legacy IPv6 ICMP protocol name icmp, ipv6-icmp should be used instead. It was automatically converted.
2026-05-30 10:55:45.108 9 INFO neutron.db.ovn_revision_numbers_db [None req-fd9bd08d-b6ae-462d-9df4-52d452759b6b 361a70df43034f0abfb876d3fbd3c46e 5d1fdf1e28f04900a27f3a4e94eca8ab - - default default] Successfully bumped revision number for resource 2d0bf665-a11c-4755-bcfa-ce237b737741 (type: security_group_rules) to 0
2026-05-30 10:55:45.133 9 INFO neutron.wsgi [None req-fd9bd08d-b6ae-462d-9df4-52d452759b6b 361a70df43034f0abfb876d3fbd3c46e 5d1fdf1e28f04900a27f3a4e94eca8ab - - default default] 10.0.0.53 "POST /v2.0/security-group-rules HTTP/1.1" status: 201 len: 806 time: 0.1440940
2026-05-30 10:55:45.158 9 INFO neutron.wsgi [None req-b7841e94-57a2-4023-8cd9-7b21a40cc03d 361a70df43034f0abfb876d3fbd3c46e 5d1fdf1e28f04900a27f3a4e94eca8ab - - default default] 10.0.0.53 "GET /v2.0/security-group-rules/2d0bf665-a11c-4755-bcfa-ce237b737741 HTTP/1.1" status: 200 len: 801 time: 0.0188460
2026-05-30 10:55:45.185 10 INFO neutron.db.ovn_revision_numbers_db [None req-34cebcb8-b80d-49ad-b483-8965d4f4db5d 7d1fa76f769d41bea9c493f5ff0299ba 3b6c1c854c744b89b26af38715383b1d - - default default] Successfully bumped revision number for resource b72c84f8-d6d1-42b0-b77c-39c6e57b6c23 (type: ports) to 2
2026-05-30 10:55:45.227 9 INFO neutron.wsgi [None req-f512d7da-58f4-4a4e-a7a4-c97a7d5116ce 361a70df43034f0abfb876d3fbd3c46e 5d1fdf1e28f04900a27f3a4e94eca8ab - - default default] 10.0.0.53 "GET /v2.0/security-group-rules HTTP/1.1" status: 200 len: 4339 time: 0.0628655
2026-05-30 10:55:45.250 10 INFO neutron.db.ovn_revision_numbers_db [None req-34cebcb8-b80d-49ad-b483-8965d4f4db5d 7d1fa76f769d41bea9c493f5ff0299ba 3b6c1c854c744b89b26af38715383b1d - - default default] Successfully bumped revision number for resource bb062a5f-eec5-42d6-9965-e083bb7abedd (type: subnets) to 0
2026-05-30 10:55:45.269 10 INFO neutron.wsgi [None req-34cebcb8-b80d-49ad-b483-8965d4f4db5d 7d1fa76f769d41bea9c493f5ff0299ba 3b6c1c854c744b89b26af38715383b1d - - default default] 10.0.0.53 "POST /v2.0/subnets HTTP/1.1" status: 201 len: 867 time: 1.2531552
2026-05-30 10:55:45.436 10 INFO neutron.wsgi [None req-82a64e26-fb71-4c8e-b8c3-6d425443ea6a ccdcf414eafc4de8a9a72e740867b544 4365835b8d2d4bfbab608f86f337fdff - - default default] 10.0.0.53 "PUT /v2.0/routers/c49bac35-a2f5-4dfc-afbe-dec7c5f6170e/remove_router_interface HTTP/1.1" status: 200 len: 503 time: 1.1984277
2026-05-30 10:55:45.459 10 INFO neutron.wsgi [None req-fffcca7e-31ca-4674-8129-1d7483882ab6 361a70df43034f0abfb876d3fbd3c46e 5d1fdf1e28f04900a27f3a4e94eca8ab - - default default] 10.0.0.53 "DELETE /v2.0/security-group-rules/2d0bf665-a11c-4755-bcfa-ce237b737741 HTTP/1.1" status: 204 len: 168 time: 0.2262039 /var/lib/openstack/lib/python3.10/site-packages/pycadf/identifier.py:71: UserWarning: Invalid uuid: neutron. To ensure interoperability, identifiers should be a valid uuid. warnings.warn(('Invalid uuid: %s. To ensure interoperability, '
2026-05-30 10:55:45.528 10 INFO neutron.wsgi [None req-9d7803e9-3d88-4510-824a-b8410f40d9a2 361a70df43034f0abfb876d3fbd3c46e 5d1fdf1e28f04900a27f3a4e94eca8ab - - default default] 10.0.0.53 "GET /v2.0/security-group-rules HTTP/1.1" status: 200 len: 3755 time: 0.0638101
2026-05-30 10:55:45.610 9 INFO neutron.wsgi [None req-3bc7aac7-7330-489a-b3c4-83328c7868e3 ccdcf414eafc4de8a9a72e740867b544 4365835b8d2d4bfbab608f86f337fdff - - default default] 10.0.0.53 "GET /v2.0/ports/3aa4e406-b1af-4ccf-aada-2227051e3664 HTTP/1.1" status: 200 len: 1137 time: 0.1684332
2026-05-30 10:55:45.695 10 INFO neutron.wsgi [None req-af868dc7-9577-43d9-8da3-da2267cddc16 361a70df43034f0abfb876d3fbd3c46e 5d1fdf1e28f04900a27f3a4e94eca8ab - - default default] 10.0.0.53 "DELETE /v2.0/security-groups/eca27ecc-cb6a-4f42-bffa-f939fe4947ff HTTP/1.1" status: 204 len: 168 time: 0.1604428
2026-05-30 10:55:45.747 9 INFO neutron.wsgi [None req-b919bd72-7232-4ec0-b5ea-095ef6f700c0 361a70df43034f0abfb876d3fbd3c46e 5d1fdf1e28f04900a27f3a4e94eca8ab - - default default] 10.0.0.53 "GET /v2.0/security-groups HTTP/1.1" status: 200 len: 3120 time: 0.0470934
2026-05-30 10:55:45.802 10 INFO neutron.wsgi [None req-7ca538ea-adf0-4c4e-8102-3b985e2141c4 361a70df43034f0abfb876d3fbd3c46e 5d1fdf1e28f04900a27f3a4e94eca8ab - - default default] 10.0.0.53 "GET /v2.0/security-groups HTTP/1.1" status: 200 len: 3120 time: 0.0480063
2026-05-30 10:55:45.836 9 WARNING neutron.scheduler.dhcp_agent_scheduler [None req-b99c9327-ba52-4bb3-b5c0-e753f884300e 7d1fa76f769d41bea9c493f5ff0299ba 3b6c1c854c744b89b26af38715383b1d - - default default] No more DHCP agents
2026-05-30 10:55:45.838 9 WARNING neutron.api.rpc.agentnotifiers.dhcp_rpc_agent_api [None req-b99c9327-ba52-4bb3-b5c0-e753f884300e 7d1fa76f769d41bea9c493f5ff0299ba 3b6c1c854c744b89b26af38715383b1d - - default default] Unable to schedule network 4903dbdc-7c38-4d3f-b4fc-00ee3387a22c: no agents available; will retry on subsequent port and subnet creation events.
2026-05-30 10:55:46.014 9 INFO neutron.db.ovn_revision_numbers_db [None req-b99c9327-ba52-4bb3-b5c0-e753f884300e 7d1fa76f769d41bea9c493f5ff0299ba 3b6c1c854c744b89b26af38715383b1d - - default default] Successfully bumped revision number for resource 59290fd0-cac1-42a4-8ad6-457c13c9e960 (type: ports) to 1 /var/lib/openstack/lib/python3.10/site-packages/pycadf/identifier.py:71: UserWarning: Invalid uuid: neutron. To ensure interoperability, identifiers should be a valid uuid. warnings.warn(('Invalid uuid: %s. To ensure interoperability, '
2026-05-30 10:55:46.434 10 INFO neutron.wsgi [None req-7a223219-08a0-46b8-95e4-49ca3fb4f588 ccdcf414eafc4de8a9a72e740867b544 4365835b8d2d4bfbab608f86f337fdff - - default default] 10.0.0.53 "PUT /v2.0/routers/c49bac35-a2f5-4dfc-afbe-dec7c5f6170e/remove_router_interface HTTP/1.1" status: 200 len: 503 time: 0.8174467
2026-05-30 10:55:46.460 10 INFO neutron.wsgi [None req-a37a98d7-355b-4066-a04c-fa59e3bdacf3 7d1fa76f769d41bea9c493f5ff0299ba 3b6c1c854c744b89b26af38715383b1d - - default default] 10.0.0.53 "GET /v2.0/security-groups?tenant_id=5d1fdf1e28f04900a27f3a4e94eca8ab&name=default HTTP/1.1" status: 200 len: 3120 time: 0.1890142
2026-05-30 10:55:46.472 9 INFO neutron.wsgi [None req-90a6ed5c-7108-49dd-b9c2-328be88d77e7 ccdcf414eafc4de8a9a72e740867b544 4365835b8d2d4bfbab608f86f337fdff - - default default] 10.0.0.53 "GET /v2.0/ports?device_id=c49bac35-a2f5-4dfc-afbe-dec7c5f6170e HTTP/1.1" status: 200 len: 205 time: 0.0323455
2026-05-30 10:55:46.738 10 INFO neutron.wsgi [None req-723ffa2d-88d4-4ea3-9c14-6095c0f1eef1 ccdcf414eafc4de8a9a72e740867b544 4365835b8d2d4bfbab608f86f337fdff - - default default] 10.0.0.53 "DELETE /v2.0/routers/c49bac35-a2f5-4dfc-afbe-dec7c5f6170e HTTP/1.1" status: 204 len: 168 time: 0.2571831
2026-05-30 10:55:46.758 9 INFO neutron.plugins.ml2.drivers.ovn.mech_driver.ovsdb.commands [None req-49c2247c-a079-4f1b-beb9-9c783cea9db1 - - - - - -] Schedule LRP lrp-59290fd0-cac1-42a4-8ad6-457c13c9e960 on gateway d3b68d65-ac6f-4900-b28b-354ab63efd72 with priority 1
2026-05-30 10:55:46.787 9 INFO neutron.plugins.ml2.drivers.ovn.mech_driver.ovsdb.ovsdb_monitor [None req-9fea9487-a31f-40c0-a065-064b768e3557 - - - - - -] Router f6e545e0-6717-46f0-86af-28579355b247 is bound to host instance
2026-05-30 10:55:46.871 10 INFO neutron.wsgi [None req-ebaeffeb-8a13-48c6-9a40-212d09cadf1d 7d1fa76f769d41bea9c493f5ff0299ba 3b6c1c854c744b89b26af38715383b1d - - default default] 10.0.0.53 "DELETE /v2.0/security-groups/731e51b9-22e5-41cb-bc1c-5f5d85f61207 HTTP/1.1" status: 204 len: 168 time: 0.4064238
2026-05-30 10:55:46.876 10 INFO neutron.wsgi [-] 10.0.0.4 "GET / HTTP/1.1" status: 200 len: 247 time: 0.0013461
2026-05-30 10:55:46.878 10 INFO neutron.wsgi [-] 10.0.0.4 "GET / HTTP/1.1" status: 200 len: 247 time: 0.0009651
2026-05-30 10:55:46.984 10 INFO neutron.wsgi [None req-c03bbd2f-4958-420d-90c8-546be98bb87c ccdcf414eafc4de8a9a72e740867b544 4365835b8d2d4bfbab608f86f337fdff - - default default] 10.0.0.53 "DELETE /v2.0/subnets/caa11c74-0103-4103-9d51-e97ca7930b9a HTTP/1.1" status: 204 len: 168 time: 0.2422490
2026-05-30 10:55:47.070 9 INFO neutron.db.ovn_revision_numbers_db [None req-b99c9327-ba52-4bb3-b5c0-e753f884300e 7d1fa76f769d41bea9c493f5ff0299ba 3b6c1c854c744b89b26af38715383b1d - - default default] Successfully bumped revision number for resource 59290fd0-cac1-42a4-8ad6-457c13c9e960 (type: router_ports) to 1
2026-05-30 10:55:47.178 9 INFO neutron.db.ovn_revision_numbers_db [None req-b99c9327-ba52-4bb3-b5c0-e753f884300e 7d1fa76f769d41bea9c493f5ff0299ba 3b6c1c854c744b89b26af38715383b1d - - default default] Successfully bumped revision number for resource f6e545e0-6717-46f0-86af-28579355b247 (type: routers) to 2
2026-05-30 10:55:47.198 9 INFO neutron.wsgi [None req-b99c9327-ba52-4bb3-b5c0-e753f884300e 7d1fa76f769d41bea9c493f5ff0299ba 3b6c1c854c744b89b26af38715383b1d - - default default] 10.0.0.53 "POST /v2.0/routers HTTP/1.1" status: 201 len: 1169 time: 1.9223180
2026-05-30 10:55:47.518 10 INFO neutron.wsgi [None req-83e66c50-eaa2-4ea8-8086-b39b7f19dcc1 ccdcf414eafc4de8a9a72e740867b544 4365835b8d2d4bfbab608f86f337fdff - - default default] 10.0.0.53 "DELETE /v2.0/subnets/6f6853b8-1d49-4918-a240-64a11404d3da HTTP/1.1" status: 204 len: 168 time: 0.5260134
2026-05-30 10:55:47.770 9 INFO neutron.db.ovn_revision_numbers_db [None req-9fea9487-a31f-40c0-a065-064b768e3557 - - - - - -] Successfully bumped revision number for resource 59290fd0-cac1-42a4-8ad6-457c13c9e960 (type: ports) to 1
2026-05-30 10:55:48.099 10 INFO neutron.services.segments.plugin [-] Segment 69767835-99d9-4427-a565-5cce9f371547 resource provider aggregate not found
2026-05-30 10:55:48.119 10 INFO neutron.services.segments.plugin [-] Segment 69767835-99d9-4427-a565-5cce9f371547 resource provider not found; error: Placement Client Error (4xx): {"errors": [{"status": 404, "title": "Not Found", "detail": "The resource could not be found.\n\n No resource provider with uuid 69767835-99d9-4427-a565-5cce9f371547 found for delete ", "request_id": "req-69231d4e-2a91-49e6-ad7a-593a860a2920"}]}
2026-05-30 10:55:48.120 10 INFO neutron.services.segments.plugin [-] Segment 69767835-99d9-4427-a565-5cce9f371547 resource provider aggregate not found
2026-05-30 10:55:48.146 10 INFO neutron.services.segments.plugin [-] Segment 69767835-99d9-4427-a565-5cce9f371547 resource provider not found; error: Placement Client Error (4xx): {"errors": [{"status": 404, "title": "Not Found", "detail": "The resource could not be found.\n\n No resource provider with uuid 69767835-99d9-4427-a565-5cce9f371547 found for delete ", "request_id": "req-d0ebd7ac-951e-410b-9694-93bfafb603ce"}]}
2026-05-30 10:55:48.179 10 INFO neutron.wsgi [None req-bf58b48a-ce68-483b-93e2-8ee9981ae302 ccdcf414eafc4de8a9a72e740867b544 4365835b8d2d4bfbab608f86f337fdff - - default default] 10.0.0.53 "DELETE /v2.0/networks/cf6eed26-f1b3-4a79-a9f7-865c4e775c09 HTTP/1.1" status: 204 len: 168 time: 0.6472900
2026-05-30 10:55:48.187 10 WARNING neutron.scheduler.dhcp_agent_scheduler [None req-491c154c-04b9-4833-8b7a-3dd10cd324f3 7d1fa76f769d41bea9c493f5ff0299ba 3b6c1c854c744b89b26af38715383b1d - - default default] No more DHCP agents
2026-05-30 10:55:48.197 10 WARNING neutron.api.rpc.agentnotifiers.dhcp_rpc_agent_api [None req-491c154c-04b9-4833-8b7a-3dd10cd324f3 7d1fa76f769d41bea9c493f5ff0299ba 3b6c1c854c744b89b26af38715383b1d - - default default] Unable to schedule network 154d884b-04d5-406a-8918-a095c5131c6b: no agents available; will retry on subsequent port and subnet creation events.
2026-05-30 10:55:48.199 9 INFO neutron.db.ovn_revision_numbers_db [None req-9fea9487-a31f-40c0-a065-064b768e3557 - - - - - -] Successfully bumped revision number for resource 59290fd0-cac1-42a4-8ad6-457c13c9e960 (type: router_ports) to 3
2026-05-30 10:55:48.465 9 INFO neutron.db.ovn_revision_numbers_db [None req-9fea9487-a31f-40c0-a065-064b768e3557 - - - - - -] Successfully bumped revision number for resource 59290fd0-cac1-42a4-8ad6-457c13c9e960 (type: ports) to 2
2026-05-30 10:55:48.495 10 INFO neutron.db.ovn_revision_numbers_db [None req-491c154c-04b9-4833-8b7a-3dd10cd324f3 7d1fa76f769d41bea9c493f5ff0299ba 3b6c1c854c744b89b26af38715383b1d - - default default] Successfully bumped revision number for resource 9a84f401-0f56-42d3-8a4c-9b3e9e68be3d (type: ports) to 1
2026-05-30 10:55:48.504 10 INFO neutron.wsgi [req-236f8636-8ec3-4b0d-87f2-3a41446222dd req-7ea94f76-2575-4416-bc43-41c65fc631b2 0c355dda600c4521a7f185aba2fa25ef 93930841a82f4f00855dc580157452e3 - - default default] 10.0.0.128 "GET /v2.0/ports?device_id=26574a78-b39a-40a9-94d0-39ad8e6adf85 HTTP/1.1" status: 200 len: 1174 time: 0.1777401
2026-05-30 10:55:48.614 10 INFO neutron.wsgi [req-236f8636-8ec3-4b0d-87f2-3a41446222dd req-a5a10987-9a2b-4545-b7c9-26a7de7f046e 0c355dda600c4521a7f185aba2fa25ef 93930841a82f4f00855dc580157452e3 - - default default] 10.0.0.128 "GET /v2.0/security-groups?id=0569fd56-7298-4cab-9078-3d07b35af09a&fields=id&fields=name HTTP/1.1" status: 200 len: 313 time: 0.1031229
2026-05-30 10:55:48.807 9 INFO neutron.wsgi [req-48d6f739-c5cf-4703-8af8-ef4a2e9681c4 req-22b27a33-d56b-47e2-8680-cef1fb173f18 0c355dda600c4521a7f185aba2fa25ef 93930841a82f4f00855dc580157452e3 - - default default] 10.0.0.128 "GET /v2.0/ports?device_id=26574a78-b39a-40a9-94d0-39ad8e6adf85 HTTP/1.1" status: 200 len: 1174 time: 0.1174986
2026-05-30 10:55:48.831 10 INFO neutron.wsgi [None req-109e4eba-7467-468b-8bb5-d5f9a638cc2c ccdcf414eafc4de8a9a72e740867b544 4365835b8d2d4bfbab608f86f337fdff - - default default] 10.0.0.53 "DELETE /v2.0/networks/bbaa7d04-7392-475e-93e9-2e4f66963b91 HTTP/1.1" status: 204 len: 168 time: 0.6453471
2026-05-30 10:55:48.850 9 WARNING neutron_lib.context [None req-123da691-2a13-4a0f-9eb4-bad9c9e800b2 ccdcf414eafc4de8a9a72e740867b544 4365835b8d2d4bfbab608f86f337fdff - - default default] Method 'is_advsvc' is deprecated since 2023.2 release (neutron-lib 3.8.0) and will be removed once support for the old RBAC API policies will be removed from Neutron. Please use method 'is_service_role' instead.
2026-05-30 10:55:48.906 9 INFO neutron.wsgi [req-48d6f739-c5cf-4703-8af8-ef4a2e9681c4 req-bf145df9-2f6e-4e14-bd3c-1926247f2aa6 0c355dda600c4521a7f185aba2fa25ef 93930841a82f4f00855dc580157452e3 - - default default] 10.0.0.128 "GET /v2.0/security-groups?id=0569fd56-7298-4cab-9078-3d07b35af09a&fields=id&fields=name HTTP/1.1" status: 200 len: 313 time: 0.0929298
2026-05-30 10:55:48.943 9 INFO neutron.db.ovn_revision_numbers_db [None req-9fea9487-a31f-40c0-a065-064b768e3557 - - - - - -] Successfully bumped revision number for resource 59290fd0-cac1-42a4-8ad6-457c13c9e960 (type: ports) to 4
2026-05-30 10:55:48.993 9 INFO neutron.db.segments_db [None req-123da691-2a13-4a0f-9eb4-bad9c9e800b2 ccdcf414eafc4de8a9a72e740867b544 4365835b8d2d4bfbab608f86f337fdff - - default default] Added segment e54a5446-e8a8-4738-a989-8ef968c5f445 of type geneve for network 49701a05-2a4d-4345-a8d0-00bf58bf3986
2026-05-30 10:55:49.219 10 ERROR ovsdbapp.backend.ovs_idl.command [None req-491c154c-04b9-4833-8b7a-3dd10cd324f3 7d1fa76f769d41bea9c493f5ff0299ba 3b6c1c854c744b89b26af38715383b1d - - default default] Error executing command (DbGetCommand): ovsdbapp.backend.ovs_idl.idlutils.RowNotFound: Cannot find Logical_Router_Port with name=lrp-9a84f401-0f56-42d3-8a4c-9b3e9e68be3d
2026-05-30 10:55:49.219 10 ERROR ovsdbapp.backend.ovs_idl.command
Traceback (most recent call last):
2026-05-30 10:55:49.219 10 ERROR ovsdbapp.backend.ovs_idl.command
File "/var/lib/openstack/lib/python3.10/site-packages/ovsdbapp/backend/ovs_idl/command.py", line 47, in execute
2026-05-30 10:55:49.219 10 ERROR ovsdbapp.backend.ovs_idl.command self.run_idl(None)
2026-05-30 10:55:49.219 10 ERROR ovsdbapp.backend.ovs_idl.command
File "/var/lib/openstack/lib/python3.10/site-packages/ovsdbapp/backend/ovs_idl/command.py", line 235, in run_idl
2026-05-30 10:55:49.219 10 ERROR ovsdbapp.backend.ovs_idl.command record = self.api.lookup(self.table, self.record)
2026-05-30 10:55:49.219 10 ERROR ovsdbapp.backend.ovs_idl.command
File "/var/lib/openstack/lib/python3.10/site-packages/ovsdbapp/backend/ovs_idl/__init__.py", line 184, in lookup
2026-05-30 10:55:49.219 10 ERROR ovsdbapp.backend.ovs_idl.command return self._lookup(table, record)
2026-05-30 10:55:49.219 10 ERROR ovsdbapp.backend.ovs_idl.command
File "/var/lib/openstack/lib/python3.10/site-packages/ovsdbapp/backend/ovs_idl/__init__.py", line 235, in _lookup
2026-05-30 10:55:49.219 10 ERROR ovsdbapp.backend.ovs_idl.command row = idlutils.row_by_value(self, rl.table, rl.column, record)
2026-05-30 10:55:49.219 10 ERROR ovsdbapp.backend.ovs_idl.command
File "/var/lib/openstack/lib/python3.10/site-packages/ovsdbapp/backend/ovs_idl/idlutils.py", line 114, in row_by_value
2026-05-30 10:55:49.219 10 ERROR ovsdbapp.backend.ovs_idl.command raise RowNotFound(table=table, col=column, match=match)
2026-05-30 10:55:49.219 10 ERROR ovsdbapp.backend.ovs_idl.command ovsdbapp.backend.ovs_idl.idlutils.RowNotFound: Cannot find Logical_Router_Port with name=lrp-9a84f401-0f56-42d3-8a4c-9b3e9e68be3d
2026-05-30 10:55:49.219 10 ERROR ovsdbapp.backend.ovs_idl.command 
2026-05-30 10:55:49.220 10 ERROR neutron_lib.callbacks.manager [None req-491c154c-04b9-4833-8b7a-3dd10cd324f3 7d1fa76f769d41bea9c493f5ff0299ba 3b6c1c854c744b89b26af38715383b1d - - default default] Error during notification for neutron.services.ovn_l3.plugin.OVNL3RouterPlugin._port_update-8767237304047 port, after_update: ovsdbapp.backend.ovs_idl.idlutils.RowNotFound: Cannot find Logical_Router_Port with name=lrp-9a84f401-0f56-42d3-8a4c-9b3e9e68be3d
2026-05-30 10:55:49.220 10 ERROR neutron_lib.callbacks.manager
Traceback (most recent call last):
2026-05-30 10:55:49.220 10 ERROR neutron_lib.callbacks.manager
File "/var/lib/openstack/lib/python3.10/site-packages/neutron_lib/callbacks/manager.py", line 189, in _notify_loop
2026-05-30 10:55:49.220 10 ERROR neutron_lib.callbacks.manager callback.method(resource, event, trigger, payload=payload)
2026-05-30 10:55:49.220 10 ERROR neutron_lib.callbacks.manager
File "/var/lib/openstack/lib/python3.10/site-packages/neutron/services/ovn_l3/plugin.py", line 391, in _port_update
2026-05-30 10:55:49.220 10 ERROR neutron_lib.callbacks.manager l3plugin._ovn_client.update_router_port(context,
2026-05-30 10:55:49.220 10 ERROR neutron_lib.callbacks.manager
File "/var/lib/openstack/lib/python3.10/site-packages/neutron/plugins/ml2/drivers/ovn/mech_driver/ovsdb/ovn_client.py", line 1878, in update_router_port
2026-05-30 10:55:49.220 10 ERROR neutron_lib.callbacks.manager self._update_lrouter_port(context, port, if_exists=if_exists,
2026-05-30 10:55:49.220 10 ERROR neutron_lib.callbacks.manager
File "/var/lib/openstack/lib/python3.10/site-packages/neutron/plugins/ml2/drivers/ovn/mech_driver/ovsdb/ovn_client.py", line 1855, in _update_lrouter_port
2026-05-30 10:55:49.220 10 ERROR neutron_lib.callbacks.manager external_ids = self._nb_idl.db_get(
2026-05-30 10:55:49.220 10 ERROR neutron_lib.callbacks.manager
File "/var/lib/openstack/lib/python3.10/site-packages/ovsdbapp/backend/ovs_idl/command.py", line 47, in execute
2026-05-30 10:55:49.220 10 ERROR neutron_lib.callbacks.manager self.run_idl(None)
2026-05-30 10:55:49.220 10 ERROR neutron_lib.callbacks.manager
File "/var/lib/openstack/lib/python3.10/site-packages/ovsdbapp/backend/ovs_idl/command.py", line 235, in run_idl
2026-05-30 10:55:49.220 10 ERROR neutron_lib.callbacks.manager record = self.api.lookup(self.table, self.record)
2026-05-30 10:55:49.220 10 ERROR neutron_lib.callbacks.manager
File "/var/lib/openstack/lib/python3.10/site-packages/ovsdbapp/backend/ovs_idl/__init__.py", line 184, in lookup
2026-05-30 10:55:49.220 10 ERROR neutron_lib.callbacks.manager return self._lookup(table, record)
2026-05-30 10:55:49.220 10 ERROR neutron_lib.callbacks.manager
File "/var/lib/openstack/lib/python3.10/site-packages/ovsdbapp/backend/ovs_idl/__init__.py", line 235, in _lookup
2026-05-30 10:55:49.220 10 ERROR neutron_lib.callbacks.manager row = idlutils.row_by_value(self, rl.table, rl.column, record)
2026-05-30 10:55:49.220 10 ERROR neutron_lib.callbacks.manager
File "/var/lib/openstack/lib/python3.10/site-packages/ovsdbapp/backend/ovs_idl/idlutils.py", line 114, in row_by_value
2026-05-30 10:55:49.220 10 ERROR neutron_lib.callbacks.manager raise RowNotFound(table=table, col=column, match=match)
2026-05-30 10:55:49.220 10 ERROR neutron_lib.callbacks.manager ovsdbapp.backend.ovs_idl.idlutils.RowNotFound: Cannot find Logical_Router_Port with name=lrp-9a84f401-0f56-42d3-8a4c-9b3e9e68be3d
2026-05-30 10:55:49.220 10 ERROR neutron_lib.callbacks.manager 
2026-05-30 10:55:49.363 9 INFO neutron.wsgi [req-0d4fa121-7b50-48f6-84e8-a5e04c749c9b req-226563af-2f5e-4261-9d97-939695817e39 0c355dda600c4521a7f185aba2fa25ef 93930841a82f4f00855dc580157452e3 - - default default] 10.0.0.128 "GET /v2.0/ports?device_id=26574a78-b39a-40a9-94d0-39ad8e6adf85 HTTP/1.1" status: 200 len: 1174 time: 0.0660913
2026-05-30 10:55:49.378 9 INFO neutron.wsgi [req-fb95e32c-66d0-47a6-a9ed-bc447fe8e1bd req-88bb5b5f-a1b7-489a-b0ce-f56d42424fc0 311de5a72440457a97db1b822ad5f654 a9b60b7a466b48e2b909e6c895221a61 - - 3934fa3f24dd44ae9602c404a4208d70 3934fa3f24dd44ae9602c404a4208d70] 199.204.45.140 "GET /v2.0/ports?tenant_id=93930841a82f4f00855dc580157452e3&device_id=26574a78-b39a-40a9-94d0-39ad8e6adf85 HTTP/1.1" status: 200 len: 1413 time: 0.0791912
2026-05-30 10:55:49.481 10 INFO neutron.db.ovn_revision_numbers_db [None req-491c154c-04b9-4833-8b7a-3dd10cd324f3 7d1fa76f769d41bea9c493f5ff0299ba 3b6c1c854c744b89b26af38715383b1d - - default default] Successfully bumped revision number for resource 9a84f401-0f56-42d3-8a4c-9b3e9e68be3d (type: ports) to 1
2026-05-30 10:55:49.512 9 INFO neutron.wsgi [req-0d4fa121-7b50-48f6-84e8-a5e04c749c9b req-e66c4c48-45b2-4a55-a221-f9f0564b61fc 0c355dda600c4521a7f185aba2fa25ef 93930841a82f4f00855dc580157452e3 - - default default] 10.0.0.128 "GET /v2.0/security-groups?id=0569fd56-7298-4cab-9078-3d07b35af09a&fields=id&fields=name HTTP/1.1" status: 200 len: 313 time: 0.1416388
2026-05-30 10:55:49.539 9 INFO neutron.db.ovn_revision_numbers_db [None req-123da691-2a13-4a0f-9eb4-bad9c9e800b2 ccdcf414eafc4de8a9a72e740867b544 4365835b8d2d4bfbab608f86f337fdff - - default default] Successfully bumped revision number for resource 49701a05-2a4d-4345-a8d0-00bf58bf3986 (type: networks) to 1
2026-05-30 10:55:49.566 9 INFO neutron.wsgi [req-fb95e32c-66d0-47a6-a9ed-bc447fe8e1bd req-5c06925a-2708-4cf3-b0a0-6b224def3bda 311de5a72440457a97db1b822ad5f654 a9b60b7a466b48e2b909e6c895221a61 - - 3934fa3f24dd44ae9602c404a4208d70 3934fa3f24dd44ae9602c404a4208d70] 199.204.45.140 "GET /v2.0/networks?id=aa379350-4e16-448c-8fe2-430d3db41ec1 HTTP/1.1" status: 200 len: 973 time: 0.1748018
2026-05-30 10:55:49.583 10 WARNING neutron.scheduler.dhcp_agent_scheduler [None req-491c154c-04b9-4833-8b7a-3dd10cd324f3 7d1fa76f769d41bea9c493f5ff0299ba 3b6c1c854c744b89b26af38715383b1d - - default default] No more DHCP agents
2026-05-30 10:55:49.585 10 WARNING neutron.api.rpc.agentnotifiers.dhcp_rpc_agent_api [None req-491c154c-04b9-4833-8b7a-3dd10cd324f3 7d1fa76f769d41bea9c493f5ff0299ba 3b6c1c854c744b89b26af38715383b1d - - default default] Unable to schedule network 154d884b-04d5-406a-8918-a095c5131c6b: no agents available; will retry on subsequent port and subnet creation events.
2026-05-30 10:55:49.665 9 INFO neutron.wsgi [req-fb95e32c-66d0-47a6-a9ed-bc447fe8e1bd req-7008c181-f196-4c22-83d0-6542f6fcb708 311de5a72440457a97db1b822ad5f654 a9b60b7a466b48e2b909e6c895221a61 - - 3934fa3f24dd44ae9602c404a4208d70 3934fa3f24dd44ae9602c404a4208d70] 199.204.45.140 "GET /v2.0/floatingips?fixed_ip_address=10.100.0.10&port_id=6ee574c7-b7fe-4ab6-b71f-69dedd2dfee6 HTTP/1.1" status: 200 len: 1060 time: 0.0883029
2026-05-30 10:55:49.741 9 INFO neutron.wsgi [req-fb95e32c-66d0-47a6-a9ed-bc447fe8e1bd req-046f2db2-701e-430b-815b-0743c5d825f2 311de5a72440457a97db1b822ad5f654 a9b60b7a466b48e2b909e6c895221a61 - - 3934fa3f24dd44ae9602c404a4208d70 3934fa3f24dd44ae9602c404a4208d70] 199.204.45.140 "GET /v2.0/subnets?id=882fc57b-22b1-4ccd-9a8f-3eff332e0ceb HTTP/1.1" status: 200 len: 868 time: 0.0703802
2026-05-30 10:55:49.775 9 INFO neutron.wsgi [req-fb95e32c-66d0-47a6-a9ed-bc447fe8e1bd req-1f3e7535-8844-4817-838f-20c4475886fb 311de5a72440457a97db1b822ad5f654 a9b60b7a466b48e2b909e6c895221a61 - - 3934fa3f24dd44ae9602c404a4208d70 3934fa3f24dd44ae9602c404a4208d70] 199.204.45.140 "GET /v2.0/ports?network_id=aa379350-4e16-448c-8fe2-430d3db41ec1&device_owner=network%3Adhcp HTTP/1.1" status: 200 len: 210 time: 0.0285840
2026-05-30 10:55:49.793 9 INFO neutron.db.ovn_revision_numbers_db [None req-9fea9487-a31f-40c0-a065-064b768e3557 - - - - - -] Successfully bumped revision number for resource 59290fd0-cac1-42a4-8ad6-457c13c9e960 (type: router_ports) to 4
2026-05-30 10:55:49.884 9 WARNING neutron.scheduler.dhcp_agent_scheduler [None req-123da691-2a13-4a0f-9eb4-bad9c9e800b2 ccdcf414eafc4de8a9a72e740867b544 4365835b8d2d4bfbab608f86f337fdff - - default default] No more DHCP agents
2026-05-30 10:55:49.887 9 WARNING neutron.api.rpc.agentnotifiers.dhcp_rpc_agent_api [None req-123da691-2a13-4a0f-9eb4-bad9c9e800b2 ccdcf414eafc4de8a9a72e740867b544 4365835b8d2d4bfbab608f86f337fdff - - default default] Unable to schedule network 49701a05-2a4d-4345-a8d0-00bf58bf3986: no agents available; will retry on subsequent port and subnet creation events.
2026-05-30 10:55:49.892 9 INFO neutron.wsgi [req-fb95e32c-66d0-47a6-a9ed-bc447fe8e1bd req-b6416eea-22ea-4d6e-b1c4-51c7a1743de4 311de5a72440457a97db1b822ad5f654 a9b60b7a466b48e2b909e6c895221a61 - - 3934fa3f24dd44ae9602c404a4208d70 3934fa3f24dd44ae9602c404a4208d70] 199.204.45.140 "GET /v2.0/networks/aa379350-4e16-448c-8fe2-430d3db41ec1?fields=segments HTTP/1.1" status: 200 len: 212 time: 0.1080418
2026-05-30 10:55:49.993 9 INFO neutron.wsgi [req-fb95e32c-66d0-47a6-a9ed-bc447fe8e1bd req-52e65879-9ebe-43b3-98c8-663bd9272a3d 311de5a72440457a97db1b822ad5f654 a9b60b7a466b48e2b909e6c895221a61 - - 3934fa3f24dd44ae9602c404a4208d70 3934fa3f24dd44ae9602c404a4208d70] 199.204.45.140 "GET /v2.0/networks/aa379350-4e16-448c-8fe2-430d3db41ec1?fields=provider%3Aphysical_network&fields=provider%3Anetwork_type HTTP/1.1" status: 200 len: 277 time: 0.0915968
2026-05-30 10:55:50.023 9 INFO neutron.db.ovn_revision_numbers_db [None req-123da691-2a13-4a0f-9eb4-bad9c9e800b2 ccdcf414eafc4de8a9a72e740867b544 4365835b8d2d4bfbab608f86f337fdff - - default default] Successfully bumped revision number for resource 8909e455-536f-4fe8-9d3e-01d39f68b158 (type: ports) to 1
2026-05-30 10:55:50.048 9 INFO neutron.wsgi [None req-123da691-2a13-4a0f-9eb4-bad9c9e800b2 ccdcf414eafc4de8a9a72e740867b544 4365835b8d2d4bfbab608f86f337fdff - - default default] 10.0.0.53 "POST /v2.0/networks HTTP/1.1" status: 201 len: 828 time: 1.2036798
2026-05-30 10:55:50.056 9 WARNING neutron_lib.context [None req-a486c44a-497b-45ec-84a2-c7f15a2950aa ccdcf414eafc4de8a9a72e740867b544 4365835b8d2d4bfbab608f86f337fdff - - default default] Method 'is_advsvc' is deprecated since 2023.2 release (neutron-lib 3.8.0) and will be removed once support for the old RBAC API policies will be removed from Neutron. Please use method 'is_service_role' instead.
2026-05-30 10:55:50.139 10 INFO neutron.services.segments.plugin [-] Segment 51184daa-9238-4b1f-9ea5-e965ed473b5b resource provider aggregate not found
2026-05-30 10:55:50.158 10 INFO neutron.services.segments.plugin [-] Segment 51184daa-9238-4b1f-9ea5-e965ed473b5b resource provider not found; error: Placement Client Error (4xx): {"errors": [{"status": 404, "title": "Not Found", "detail": "The resource could not be found.\n\n No resource provider with uuid 51184daa-9238-4b1f-9ea5-e965ed473b5b found for delete ", "request_id": "req-4f119145-d8e5-4735-a702-12d9a49a659c"}]}
2026-05-30 10:55:50.169 10 INFO neutron.services.segments.plugin [-] Segment 51184daa-9238-4b1f-9ea5-e965ed473b5b resource provider aggregate not found
2026-05-30 10:55:50.187 10 INFO neutron.services.segments.plugin [-] Segment 51184daa-9238-4b1f-9ea5-e965ed473b5b resource provider not found; error: Placement Client Error (4xx): {"errors": [{"status": 404, "title": "Not Found", "detail": "The resource could not be found.\n\n No resource provider with uuid 51184daa-9238-4b1f-9ea5-e965ed473b5b found for delete ", "request_id": "req-087bddda-d2a4-4477-bac1-f69dec40d5b4"}]}
2026-05-30 10:55:50.313 10 INFO neutron.db.ovn_revision_numbers_db [None req-491c154c-04b9-4833-8b7a-3dd10cd324f3 7d1fa76f769d41bea9c493f5ff0299ba 3b6c1c854c744b89b26af38715383b1d - - default default] Successfully bumped revision number for resource 9a84f401-0f56-42d3-8a4c-9b3e9e68be3d (type: router_ports) to 1
2026-05-30 10:55:50.320 10 INFO neutron.wsgi [None req-491c154c-04b9-4833-8b7a-3dd10cd324f3 7d1fa76f769d41bea9c493f5ff0299ba 3b6c1c854c744b89b26af38715383b1d - - default default] 10.0.0.53 "PUT /v2.0/routers/f6e545e0-6717-46f0-86af-28579355b247/add_router_interface HTTP/1.1" status: 200 len: 503 time: 3.1161017
2026-05-30 10:55:50.355 9 WARNING neutron.scheduler.dhcp_agent_scheduler [None req-a486c44a-497b-45ec-84a2-c7f15a2950aa ccdcf414eafc4de8a9a72e740867b544 4365835b8d2d4bfbab608f86f337fdff - - default default] No more DHCP agents
2026-05-30 10:55:50.359 9 WARNING neutron.api.rpc.agentnotifiers.dhcp_rpc_agent_api [None req-a486c44a-497b-45ec-84a2-c7f15a2950aa ccdcf414eafc4de8a9a72e740867b544 4365835b8d2d4bfbab608f86f337fdff - - default default] Unable to schedule network 49701a05-2a4d-4345-a8d0-00bf58bf3986: no agents available; will retry on subsequent port and subnet creation events.
2026-05-30 10:55:50.566 9 WARNING neutron.plugins.ml2.drivers.ovn.mech_driver.ovsdb.ovn_client [None req-48d70b58-30ac-4872-969f-fd49bcde0830 - - - - - -] No port found with ID 1bb1e1fb-a24e-4058-bfad-9c0c91884b1e: RuntimeError: No port found with ID 1bb1e1fb-a24e-4058-bfad-9c0c91884b1e
2026-05-30 10:55:50.566 9 INFO neutron.plugins.ml2.drivers.ovn.mech_driver.mech_driver [None req-48d70b58-30ac-4872-969f-fd49bcde0830 - - - - - -] OVN reports status up for port: 59290fd0-cac1-42a4-8ad6-457c13c9e960
2026-05-30 10:55:50.586 9 INFO neutron.plugins.ml2.plugin [None req-48d70b58-30ac-4872-969f-fd49bcde0830 - - - - - -] Attempt 1 to provision port 59290fd0-cac1-42a4-8ad6-457c13c9e960
2026-05-30 10:55:50.625 10 INFO neutron.wsgi [req-39a66e02-6b6e-4d31-81eb-4a43684965c0 req-fe6cfa70-71bc-4a5c-8e5b-a5f1039ba463 0c355dda600c4521a7f185aba2fa25ef 93930841a82f4f00855dc580157452e3 - - default default] 10.0.0.128 "GET /v2.0/ports?device_id=26574a78-b39a-40a9-94d0-39ad8e6adf85 HTTP/1.1" status: 200 len: 1174 time: 0.0414767
2026-05-30 10:55:50.692 10 INFO neutron.wsgi [req-39a66e02-6b6e-4d31-81eb-4a43684965c0 req-03211c5a-373b-4ad4-979d-23092644d1ef 0c355dda600c4521a7f185aba2fa25ef 93930841a82f4f00855dc580157452e3 - - default default] 10.0.0.128 "GET /v2.0/security-groups?id=0569fd56-7298-4cab-9078-3d07b35af09a&fields=id&fields=name HTTP/1.1" status: 200 len: 313 time: 0.0584476
2026-05-30 10:55:50.750 9 INFO neutron.plugins.ml2.drivers.ovn.mech_driver.mech_driver [None req-48d70b58-30ac-4872-969f-fd49bcde0830 - - - - - -] OVN reports status up for port: 9a84f401-0f56-42d3-8a4c-9b3e9e68be3d
2026-05-30 10:55:50.761 9 INFO neutron.plugins.ml2.plugin [None req-48d70b58-30ac-4872-969f-fd49bcde0830 - - - - - -] Attempt 1 to provision port 9a84f401-0f56-42d3-8a4c-9b3e9e68be3d
2026-05-30 10:55:51.150 9 INFO neutron.db.ovn_revision_numbers_db [None req-a486c44a-497b-45ec-84a2-c7f15a2950aa ccdcf414eafc4de8a9a72e740867b544 4365835b8d2d4bfbab608f86f337fdff - - default default] Successfully bumped revision number for resource 8909e455-536f-4fe8-9d3e-01d39f68b158 (type: ports) to 2
2026-05-30 10:55:51.217 9 INFO neutron.db.ovn_revision_numbers_db [None req-a486c44a-497b-45ec-84a2-c7f15a2950aa ccdcf414eafc4de8a9a72e740867b544 4365835b8d2d4bfbab608f86f337fdff - - default default] Successfully bumped revision number for resource 3ba0fa6f-1d59-4bef-93d0-8b8cd2f9fcf9 (type: subnets) to 0
2026-05-30 10:55:51.247 9 INFO neutron.wsgi [None req-a486c44a-497b-45ec-84a2-c7f15a2950aa ccdcf414eafc4de8a9a72e740867b544 4365835b8d2d4bfbab608f86f337fdff - - default default] 10.0.0.53 "POST /v2.0/subnets HTTP/1.1" status: 201 len: 801 time: 1.1955352
2026-05-30 10:55:51.260 10 WARNING neutron_lib.context [None req-187d7a54-0063-4db3-a5f9-dccda5cea3ed ccdcf414eafc4de8a9a72e740867b544 4365835b8d2d4bfbab608f86f337fdff - - default default] Method 'is_advsvc' is deprecated since 2023.2 release (neutron-lib 3.8.0) and will be removed once support for the old RBAC API policies will be removed from Neutron. Please use method 'is_service_role' instead.
2026-05-30 10:55:51.350 9 INFO neutron.db.ovn_revision_numbers_db [None req-649dbbd6-1564-44ae-ac9a-2e72a624071d 7d1fa76f769d41bea9c493f5ff0299ba 3b6c1c854c744b89b26af38715383b1d - - default default] Successfully bumped revision number for resource c418896b-5d39-429d-9d50-65695e03e718 (type: security_groups) to 1
2026-05-30 10:55:51.383 9 INFO neutron.db.ovn_revision_numbers_db [None req-649dbbd6-1564-44ae-ac9a-2e72a624071d 7d1fa76f769d41bea9c493f5ff0299ba 3b6c1c854c744b89b26af38715383b1d - - default default] Successfully bumped revision number for resource 30d96808-612e-4a9e-ba32-ce15a84c514c (type: security_group_rules) to 0
2026-05-30 10:55:51.391 10 INFO neutron.db.ovn_revision_numbers_db [None req-187d7a54-0063-4db3-a5f9-dccda5cea3ed ccdcf414eafc4de8a9a72e740867b544 4365835b8d2d4bfbab608f86f337fdff - - default default] Successfully bumped revision number for resource f1cb9143-f3bc-4037-b09e-03a4271b83ff (type: routers) to 1
2026-05-30 10:55:51.417 10 INFO neutron.wsgi [None req-187d7a54-0063-4db3-a5f9-dccda5cea3ed ccdcf414eafc4de8a9a72e740867b544 4365835b8d2d4bfbab608f86f337fdff - - default default] 10.0.0.53 "POST /v2.0/routers HTTP/1.1" status: 201 len: 801 time: 0.1633866
2026-05-30 10:55:51.431 10 WARNING neutron_lib.context [None req-3f415b1c-9bd6-479e-932e-6f6392204c13 ccdcf414eafc4de8a9a72e740867b544 4365835b8d2d4bfbab608f86f337fdff - - default default] Method 'is_advsvc' is deprecated since 2023.2 release (neutron-lib 3.8.0) and will be removed once support for the old RBAC API policies will be removed from Neutron. Please use method 'is_service_role' instead.
2026-05-30 10:55:51.640 9 INFO neutron.db.ovn_revision_numbers_db [None req-48d70b58-30ac-4872-969f-fd49bcde0830 - - - - - -] Successfully bumped revision number for resource 9a84f401-0f56-42d3-8a4c-9b3e9e68be3d (type: ports) to 2
2026-05-30 10:55:51.646 9 INFO neutron.db.ovn_revision_numbers_db [None req-649dbbd6-1564-44ae-ac9a-2e72a624071d 7d1fa76f769d41bea9c493f5ff0299ba 3b6c1c854c744b89b26af38715383b1d - - default default] Successfully bumped revision number for resource 3b99b4ef-3425-4aae-bcc8-ad284857adad (type: security_group_rules) to 0
2026-05-30 10:55:51.684 9 INFO neutron.wsgi [req-3ae8f448-bdde-4838-848f-86ea0e90c906 req-138e372e-572b-4942-8861-3712ba3764c2 d9b34921760544d19083439ff1f6c723 de2edcafa8bf4f9195c3f804af71c62e - - default default] 10.0.0.128 "GET /v2.0/networks?id=154d884b-04d5-406a-8918-a095c5131c6b HTTP/1.1" status: 200 len: 876 time: 0.3460701
2026-05-30 10:55:51.688 9 INFO neutron.db.ovn_revision_numbers_db [None req-649dbbd6-1564-44ae-ac9a-2e72a624071d 7d1fa76f769d41bea9c493f5ff0299ba 3b6c1c854c744b89b26af38715383b1d - - default default] Successfully bumped revision number for resource 459316c7-cf6d-4a6d-8074-4aafe95dc6f0 (type: security_group_rules) to 0
2026-05-30 10:55:51.712 9 INFO neutron.wsgi [req-3ae8f448-bdde-4838-848f-86ea0e90c906 req-f44bf3ba-9d66-45e7-9fbb-2c3fcca57abf d9b34921760544d19083439ff1f6c723 de2edcafa8bf4f9195c3f804af71c62e - - default default] 10.0.0.128 "GET /v2.0/quotas/de2edcafa8bf4f9195c3f804af71c62e HTTP/1.1" status: 200 len: 491 time: 0.0171638
2026-05-30 10:55:51.735 9 INFO neutron.db.ovn_revision_numbers_db [None req-649dbbd6-1564-44ae-ac9a-2e72a624071d 7d1fa76f769d41bea9c493f5ff0299ba 3b6c1c854c744b89b26af38715383b1d - - default default] Successfully bumped revision number for resource eec1e624-5862-4dca-bf03-c4d406e4bfca (type: security_group_rules) to 0
2026-05-30 10:55:51.777 9 INFO neutron.wsgi [None req-649dbbd6-1564-44ae-ac9a-2e72a624071d 7d1fa76f769d41bea9c493f5ff0299ba 3b6c1c854c744b89b26af38715383b1d - - default default] 10.0.0.53 "GET /v2.0/security-groups?tenant_id=46d7b95c50144c80973d84d554588df0&name=default HTTP/1.1" status: 200 len: 3120 time: 0.7518444
2026-05-30 10:55:51.830 10 INFO neutron.wsgi [req-b5201852-364e-4e47-a5f7-178ac82f8616 req-5014a831-bd47-435e-b3ec-8fee8a14d234 0c355dda600c4521a7f185aba2fa25ef 93930841a82f4f00855dc580157452e3 - - default default] 10.0.0.128 "GET /v2.0/ports?device_id=26574a78-b39a-40a9-94d0-39ad8e6adf85 HTTP/1.1" status: 200 len: 1174 time: 0.0735176
2026-05-30 10:55:51.884 9 INFO neutron.wsgi [req-3ae8f448-bdde-4838-848f-86ea0e90c906 req-331dbdf6-bc5a-4367-8c74-2416ede9d49a d9b34921760544d19083439ff1f6c723 de2edcafa8bf4f9195c3f804af71c62e - - default default] 10.0.0.128 "GET /v2.0/ports?tenant_id=de2edcafa8bf4f9195c3f804af71c62e&fields=id HTTP/1.1" status: 200 len: 302 time: 0.1563869
2026-05-30 10:55:51.888 10 WARNING neutron.scheduler.dhcp_agent_scheduler [None req-3f415b1c-9bd6-479e-932e-6f6392204c13 ccdcf414eafc4de8a9a72e740867b544 4365835b8d2d4bfbab608f86f337fdff - - default default] No more DHCP agents
2026-05-30 10:55:51.895 10 WARNING neutron.api.rpc.agentnotifiers.dhcp_rpc_agent_api [None req-3f415b1c-9bd6-479e-932e-6f6392204c13 ccdcf414eafc4de8a9a72e740867b544 4365835b8d2d4bfbab608f86f337fdff - - default default] Unable to schedule network 49701a05-2a4d-4345-a8d0-00bf58bf3986: no agents available; will retry on subsequent port and subnet creation events.
2026-05-30 10:55:51.905 9 INFO neutron.db.ovn_revision_numbers_db [None req-48d70b58-30ac-4872-969f-fd49bcde0830 - - - - - -] Successfully bumped revision number for resource 9a84f401-0f56-42d3-8a4c-9b3e9e68be3d (type: router_ports) to 2
2026-05-30 10:55:51.910 10 INFO neutron.wsgi [req-b5201852-364e-4e47-a5f7-178ac82f8616 req-201fde2d-9133-4b03-b11c-a75a87f6f551 0c355dda600c4521a7f185aba2fa25ef 93930841a82f4f00855dc580157452e3 - - default default] 10.0.0.128 "GET /v2.0/security-groups?id=0569fd56-7298-4cab-9078-3d07b35af09a&fields=id&fields=name HTTP/1.1" status: 200 len: 313 time: 0.0717506
2026-05-30 10:55:51.993 9 INFO neutron.wsgi [req-3ae8f448-bdde-4838-848f-86ea0e90c906 req-c3806fb8-2fab-4b3b-a5e0-15e64accf4a1 311de5a72440457a97db1b822ad5f654 a9b60b7a466b48e2b909e6c895221a61 - - 3934fa3f24dd44ae9602c404a4208d70 3934fa3f24dd44ae9602c404a4208d70] 10.0.0.128 "GET /v2.0/networks/154d884b-04d5-406a-8918-a095c5131c6b?fields=segments HTTP/1.1" status: 200 len: 212 time: 0.0979543
2026-05-30 10:55:52.085 10 INFO neutron.db.ovn_revision_numbers_db [None req-3f415b1c-9bd6-479e-932e-6f6392204c13 ccdcf414eafc4de8a9a72e740867b544 4365835b8d2d4bfbab608f86f337fdff - - default default] Successfully bumped revision number for resource 21583538-9726-4e10-ac86-6d3fb0dd2381 (type: ports) to 1
2026-05-30 10:55:52.089 9 INFO neutron.wsgi [req-3ae8f448-bdde-4838-848f-86ea0e90c906 req-ffea64af-78e6-466d-a035-0ecc27c62b5d 311de5a72440457a97db1b822ad5f654 a9b60b7a466b48e2b909e6c895221a61 - - 3934fa3f24dd44ae9602c404a4208d70 3934fa3f24dd44ae9602c404a4208d70] 10.0.0.128 "GET /v2.0/networks/154d884b-04d5-406a-8918-a095c5131c6b?fields=provider%3Aphysical_network&fields=provider%3Anetwork_type HTTP/1.1" status: 200 len: 277 time: 0.0779588
