May 19 05:19:44.968699 np0000174642 systemd[1]: Starting devstack@n-api-meta.service - Devstack devstack@n-api-meta.service...
May 19 05:19:44.975654 np0000174642 devstack@n-api-meta.service[108007]: [uWSGI] getting INI configuration from /etc/nova/nova-metadata-uwsgi.ini
May 19 05:19:44.978770 np0000174642 devstack@n-api-meta.service[108007]: *** Starting uWSGI 2.0.24-debian (64bit) on [Tue May 19 05:19:44 2026] ***
May 19 05:19:44.978770 np0000174642 devstack@n-api-meta.service[108007]: compiled with version: 13.2.0 on 17 April 2024 16:23:48
May 19 05:19:44.978770 np0000174642 devstack@n-api-meta.service[108007]: os: Linux-6.8.0-111-generic #111-Ubuntu SMP PREEMPT_DYNAMIC Sat Apr 11 23:16:02 UTC 2026
May 19 05:19:44.978770 np0000174642 devstack@n-api-meta.service[108007]: nodename: np0000174642
May 19 05:19:44.978770 np0000174642 devstack@n-api-meta.service[108007]: machine: x86_64
May 19 05:19:44.978770 np0000174642 devstack@n-api-meta.service[108007]: clock source: unix
May 19 05:19:44.978770 np0000174642 devstack@n-api-meta.service[108007]: pcre jit disabled
May 19 05:19:44.978770 np0000174642 devstack@n-api-meta.service[108007]: detected number of CPU cores: 16
May 19 05:19:44.978770 np0000174642 devstack@n-api-meta.service[108007]: current working directory: /
May 19 05:19:44.978770 np0000174642 devstack@n-api-meta.service[108007]: detected binary path: /usr/bin/uwsgi-core
May 19 05:19:44.978770 np0000174642 devstack@n-api-meta.service[108007]: your processes number limit is 256917
May 19 05:19:44.978770 np0000174642 devstack@n-api-meta.service[108007]: your memory page size is 4096 bytes
May 19 05:19:44.978770 np0000174642 devstack@n-api-meta.service[108007]: detected max file descriptor number: 2048
May 19 05:19:44.978770 np0000174642 devstack@n-api-meta.service[108007]: lock engine: pthread robust mutexes
May 19 05:19:44.979609 np0000174642 devstack@n-api-meta.service[108007]: thunder lock: enabled
May 19 05:19:44.979609 np0000174642 devstack@n-api-meta.service[108007]: uWSGI http bound on 0.0.0.0:8775 fd 5
May 19 05:19:44.979609 np0000174642 devstack@n-api-meta.service[108007]: uwsgi socket 0 bound to TCP address 127.0.0.1:36011 (port auto-assigned) fd 4
May 19 05:19:44.979609 np0000174642 devstack@n-api-meta.service[108007]: Python version: 3.12.3 (main, Mar 23 2026, 19:04:32) [GCC 13.3.0]
May 19 05:19:44.979609 np0000174642 devstack@n-api-meta.service[108007]: PEP 405 virtualenv detected: /opt/stack/data/venv
May 19 05:19:44.979609 np0000174642 devstack@n-api-meta.service[108007]: Set PythonHome to /opt/stack/data/venv
May 19 05:19:45.014156 np0000174642 devstack@n-api-meta.service[108007]: Python main interpreter initialized at 0x77d662ea3668
May 19 05:19:45.014156 np0000174642 devstack@n-api-meta.service[108007]: python threads support enabled
May 19 05:19:45.014156 np0000174642 devstack@n-api-meta.service[108007]: your server socket listen backlog is limited to 100 connections
May 19 05:19:45.014156 np0000174642 devstack@n-api-meta.service[108007]: your mercy for graceful operations on workers is 80 seconds
May 19 05:19:45.014651 np0000174642 devstack@n-api-meta.service[108007]: mapped 671795 bytes (656 KB) for 4 cores
May 19 05:19:45.014764 np0000174642 devstack@n-api-meta.service[108007]: *** Operational MODE: preforking ***
May 19 05:19:45.014929 np0000174642 devstack@n-api-meta.service[108007]: *** uWSGI is running in multiple interpreter mode ***
May 19 05:19:45.014929 np0000174642 devstack@n-api-meta.service[108007]: spawned uWSGI master process (pid: 108007)
May 19 05:19:45.015199 np0000174642 systemd[1]: Started devstack@n-api-meta.service - Devstack devstack@n-api-meta.service.
May 19 05:19:45.015627 np0000174642 devstack@n-api-meta.service[108007]: spawned uWSGI worker 1 (pid: 108008, cores: 1)
May 19 05:19:45.016317 np0000174642 devstack@n-api-meta.service[108007]: spawned uWSGI worker 2 (pid: 108009, cores: 1)
May 19 05:19:45.016775 np0000174642 devstack@n-api-meta.service[108007]: spawned uWSGI worker 3 (pid: 108010, cores: 1)
May 19 05:19:45.017301 np0000174642 devstack@n-api-meta.service[108007]: spawned uWSGI worker 4 (pid: 108011, cores: 1)
May 19 05:19:45.017761 np0000174642 devstack@n-api-meta.service[108007]: spawned uWSGI http 1 (pid: 108012)
May 19 05:19:45.017761 np0000174642 devstack@n-api-meta.service[108007]: running "unix_signal:15 gracefully_kill_them_all" (master-start)...
May 19 05:19:45.433950 np0000174642 devstack@n-api-meta.service[108008]: /opt/stack/data/venv/lib/python3.12/site-packages/oslo_concurrency/lockutils.py:41: EventletDeprecationWarning:
May 19 05:19:45.433950 np0000174642 devstack@n-api-meta.service[108008]: Eventlet is deprecated. It is currently being maintained in bugfix mode, and
May 19 05:19:45.433950 np0000174642 devstack@n-api-meta.service[108008]: we strongly recommend against using it for new projects.
May 19 05:19:45.433950 np0000174642 devstack@n-api-meta.service[108008]: If you are already using Eventlet, we recommend migrating to a different
May 19 05:19:45.433950 np0000174642 devstack@n-api-meta.service[108008]: framework. For more detail see
May 19 05:19:45.433950 np0000174642 devstack@n-api-meta.service[108008]: https://eventlet.readthedocs.io/en/latest/asyncio/migration.html
May 19 05:19:45.433950 np0000174642 devstack@n-api-meta.service[108008]: import eventlet
May 19 05:19:45.436305 np0000174642 devstack@n-api-meta.service[108010]: /opt/stack/data/venv/lib/python3.12/site-packages/oslo_concurrency/lockutils.py:41: EventletDeprecationWarning:
May 19 05:19:45.436305 np0000174642 devstack@n-api-meta.service[108010]: Eventlet is deprecated. It is currently being maintained in bugfix mode, and
May 19 05:19:45.436305 np0000174642 devstack@n-api-meta.service[108010]: we strongly recommend against using it for new projects.
May 19 05:19:45.436305 np0000174642 devstack@n-api-meta.service[108010]: If you are already using Eventlet, we recommend migrating to a different
May 19 05:19:45.436305 np0000174642 devstack@n-api-meta.service[108010]: framework. For more detail see
May 19 05:19:45.436305 np0000174642 devstack@n-api-meta.service[108010]: https://eventlet.readthedocs.io/en/latest/asyncio/migration.html
May 19 05:19:45.436305 np0000174642 devstack@n-api-meta.service[108010]: import eventlet
May 19 05:19:45.437384 np0000174642 devstack@n-api-meta.service[108009]: /opt/stack/data/venv/lib/python3.12/site-packages/oslo_concurrency/lockutils.py:41: EventletDeprecationWarning:
May 19 05:19:45.437384 np0000174642 devstack@n-api-meta.service[108009]: Eventlet is deprecated. It is currently being maintained in bugfix mode, and
May 19 05:19:45.437384 np0000174642 devstack@n-api-meta.service[108009]: we strongly recommend against using it for new projects.
May 19 05:19:45.437384 np0000174642 devstack@n-api-meta.service[108009]: If you are already using Eventlet, we recommend migrating to a different
May 19 05:19:45.437384 np0000174642 devstack@n-api-meta.service[108009]: framework. For more detail see
May 19 05:19:45.437384 np0000174642 devstack@n-api-meta.service[108009]: https://eventlet.readthedocs.io/en/latest/asyncio/migration.html
May 19 05:19:45.437384 np0000174642 devstack@n-api-meta.service[108009]: import eventlet
May 19 05:19:45.500814 np0000174642 devstack@n-api-meta.service[108011]: /opt/stack/data/venv/lib/python3.12/site-packages/oslo_concurrency/lockutils.py:41: EventletDeprecationWarning:
May 19 05:19:45.500814 np0000174642 devstack@n-api-meta.service[108011]: Eventlet is deprecated. It is currently being maintained in bugfix mode, and
May 19 05:19:45.500814 np0000174642 devstack@n-api-meta.service[108011]: we strongly recommend against using it for new projects.
May 19 05:19:45.500814 np0000174642 devstack@n-api-meta.service[108011]: If you are already using Eventlet, we recommend migrating to a different
May 19 05:19:45.500814 np0000174642 devstack@n-api-meta.service[108011]: framework. For more detail see
May 19 05:19:45.500814 np0000174642 devstack@n-api-meta.service[108011]: https://eventlet.readthedocs.io/en/latest/asyncio/migration.html
May 19 05:19:45.500814 np0000174642 devstack@n-api-meta.service[108011]: import eventlet
May 19 05:19:46.887262 np0000174642 devstack@n-api-meta.service[108010]: INFO dbcounter [None req-1d1df077-a32f-472b-8197-041b08f4b87a None None] Registered counter for database nova_api
May 19 05:19:46.903056 np0000174642 devstack@n-api-meta.service[108010]: DEBUG oslo_db.sqlalchemy.engines [None req-1d1df077-a32f-472b-8197-041b08f4b87a None None] MySQL server mode set to STRICT_TRANS_TABLES,STRICT_ALL_TABLES,NO_ZERO_IN_DATE,NO_ZERO_DATE,ERROR_FOR_DIVISION_BY_ZERO,TRADITIONAL,NO_ENGINE_SUBSTITUTION {{(pid=108010) _check_effective_sql_mode /opt/stack/data/venv/lib/python3.12/site-packages/oslo_db/sqlalchemy/engines.py:325}}
May 19 05:19:46.905407 np0000174642 devstack@n-api-meta.service[108008]: INFO dbcounter [None req-90693758-029b-42f0-ac97-df919713f124 None None] Registered counter for database nova_api
May 19 05:19:46.923687 np0000174642 devstack@n-api-meta.service[108008]: DEBUG oslo_db.sqlalchemy.engines [None req-90693758-029b-42f0-ac97-df919713f124 None None] MySQL server mode set to STRICT_TRANS_TABLES,STRICT_ALL_TABLES,NO_ZERO_IN_DATE,NO_ZERO_DATE,ERROR_FOR_DIVISION_BY_ZERO,TRADITIONAL,NO_ENGINE_SUBSTITUTION {{(pid=108008) _check_effective_sql_mode /opt/stack/data/venv/lib/python3.12/site-packages/oslo_db/sqlalchemy/engines.py:325}}
May 19 05:19:46.942232 np0000174642 devstack@n-api-meta.service[108010]: DEBUG dbcounter [-] [108010] Writer thread running {{(pid=108010) stat_writer /opt/stack/data/venv/lib/python3.12/site-packages/dbcounter.py:102}}
May 19 05:19:46.944775 np0000174642 devstack@n-api-meta.service[108010]: DEBUG nova.context [None req-1d1df077-a32f-472b-8197-041b08f4b87a None None] Found 2 cells: 00000000-0000-0000-0000-000000000000(cell0),2bed1583-20ba-427a-b638-8998001f872f(cell1) {{(pid=108010) load_cells /opt/stack/nova/nova/context.py:509}}
May 19 05:19:46.944990 np0000174642 devstack@n-api-meta.service[108010]: INFO nova.utils [None req-1d1df077-a32f-472b-8197-041b08f4b87a None None] The cell worker thread pool MainProcess.cell_worker is initialized
May 19 05:19:46.946737 np0000174642 devstack@n-api-meta.service[108010]: DEBUG oslo_concurrency.lockutils [None req-1d1df077-a32f-472b-8197-041b08f4b87a None None] Acquiring lock "00000000-0000-0000-0000-000000000000" by "nova.context.set_target_cell..get_or_set_cached_cell_and_set_connections" {{(pid=108010) inner /opt/stack/data/venv/lib/python3.12/site-packages/oslo_concurrency/lockutils.py:506}}
May 19 05:19:46.946895 np0000174642 devstack@n-api-meta.service[108010]: DEBUG oslo_concurrency.lockutils [None req-1d1df077-a32f-472b-8197-041b08f4b87a None None] Lock "00000000-0000-0000-0000-000000000000" acquired by "nova.context.set_target_cell..get_or_set_cached_cell_and_set_connections" :: waited 0.000s {{(pid=108010) inner /opt/stack/data/venv/lib/python3.12/site-packages/oslo_concurrency/lockutils.py:519}}
May 19 05:19:46.947273 np0000174642 devstack@n-api-meta.service[108010]: DEBUG oslo_concurrency.lockutils [None req-1d1df077-a32f-472b-8197-041b08f4b87a None None] Lock "00000000-0000-0000-0000-000000000000" "released" by "nova.context.set_target_cell..get_or_set_cached_cell_and_set_connections" :: held 0.000s {{(pid=108010) inner /opt/stack/data/venv/lib/python3.12/site-packages/oslo_concurrency/lockutils.py:538}}
May 19 05:19:46.947457 np0000174642 devstack@n-api-meta.service[108009]: INFO dbcounter [None req-efe91d2b-80f2-4e52-a510-2567dd4159c9 None None] Registered counter for database nova_api
May 19 05:19:46.947909 np0000174642 devstack@n-api-meta.service[108010]: DEBUG oslo_concurrency.lockutils [None req-1d1df077-a32f-472b-8197-041b08f4b87a None None] Acquiring lock "2bed1583-20ba-427a-b638-8998001f872f" by "nova.context.set_target_cell..get_or_set_cached_cell_and_set_connections" {{(pid=108010) inner /opt/stack/data/venv/lib/python3.12/site-packages/oslo_concurrency/lockutils.py:506}}
May 19 05:19:46.948562 np0000174642 devstack@n-api-meta.service[108010]: DEBUG oslo_concurrency.lockutils [None req-1d1df077-a32f-472b-8197-041b08f4b87a None None] Lock "2bed1583-20ba-427a-b638-8998001f872f" acquired by "nova.context.set_target_cell..get_or_set_cached_cell_and_set_connections" :: waited 0.000s {{(pid=108010) inner /opt/stack/data/venv/lib/python3.12/site-packages/oslo_concurrency/lockutils.py:519}}
May 19 05:19:46.948875 np0000174642 devstack@n-api-meta.service[108010]: DEBUG oslo_concurrency.lockutils [None req-1d1df077-a32f-472b-8197-041b08f4b87a None None] Lock "2bed1583-20ba-427a-b638-8998001f872f" "released" by "nova.context.set_target_cell..get_or_set_cached_cell_and_set_connections" :: held 0.001s {{(pid=108010) inner /opt/stack/data/venv/lib/python3.12/site-packages/oslo_concurrency/lockutils.py:538}}
May 19 05:19:46.951478 np0000174642 devstack@n-api-meta.service[108010]: INFO dbcounter [None req-1d1df077-a32f-472b-8197-041b08f4b87a None None] Registered counter for database nova_cell0
May 19 05:19:46.953936 np0000174642 devstack@n-api-meta.service[108008]: DEBUG dbcounter [-] [108008] Writer thread running {{(pid=108008) stat_writer /opt/stack/data/venv/lib/python3.12/site-packages/dbcounter.py:102}}
May 19 05:19:46.955813 np0000174642 devstack@n-api-meta.service[108010]: INFO dbcounter [None req-1d1df077-a32f-472b-8197-041b08f4b87a None None] Registered counter for database nova_cell1
May 19 05:19:46.956513 np0000174642 devstack@n-api-meta.service[108008]: DEBUG nova.context [None req-90693758-029b-42f0-ac97-df919713f124 None None] Found 2 cells: 00000000-0000-0000-0000-000000000000(cell0),2bed1583-20ba-427a-b638-8998001f872f(cell1) {{(pid=108008) load_cells /opt/stack/nova/nova/context.py:509}}
May 19 05:19:46.956741 np0000174642 devstack@n-api-meta.service[108008]: INFO nova.utils [None req-90693758-029b-42f0-ac97-df919713f124 None None] The cell worker thread pool MainProcess.cell_worker is initialized
May 19 05:19:46.962099 np0000174642 devstack@n-api-meta.service[108008]: DEBUG oslo_concurrency.lockutils [None req-90693758-029b-42f0-ac97-df919713f124 None None] Acquiring lock "00000000-0000-0000-0000-000000000000" by "nova.context.set_target_cell..get_or_set_cached_cell_and_set_connections" {{(pid=108008) inner /opt/stack/data/venv/lib/python3.12/site-packages/oslo_concurrency/lockutils.py:506}}
May 19 05:19:46.962099 np0000174642 devstack@n-api-meta.service[108008]: DEBUG oslo_concurrency.lockutils [None req-90693758-029b-42f0-ac97-df919713f124 None None] Lock "00000000-0000-0000-0000-000000000000" acquired by "nova.context.set_target_cell..get_or_set_cached_cell_and_set_connections" :: waited 0.000s {{(pid=108008) inner /opt/stack/data/venv/lib/python3.12/site-packages/oslo_concurrency/lockutils.py:519}}
May 19 05:19:46.962099 np0000174642 devstack@n-api-meta.service[108008]: DEBUG oslo_concurrency.lockutils [None req-90693758-029b-42f0-ac97-df919713f124 None None] Lock "00000000-0000-0000-0000-000000000000" "released" by "nova.context.set_target_cell..get_or_set_cached_cell_and_set_connections" :: held 0.001s {{(pid=108008) inner /opt/stack/data/venv/lib/python3.12/site-packages/oslo_concurrency/lockutils.py:538}}
May 19 05:19:46.962099 np0000174642 devstack@n-api-meta.service[108008]: DEBUG oslo_concurrency.lockutils [None req-90693758-029b-42f0-ac97-df919713f124 None None] Acquiring lock "2bed1583-20ba-427a-b638-8998001f872f" by "nova.context.set_target_cell..get_or_set_cached_cell_and_set_connections" {{(pid=108008) inner /opt/stack/data/venv/lib/python3.12/site-packages/oslo_concurrency/lockutils.py:506}}
May 19 05:19:46.962099 np0000174642 devstack@n-api-meta.service[108008]: DEBUG oslo_concurrency.lockutils [None req-90693758-029b-42f0-ac97-df919713f124 None None] Lock "2bed1583-20ba-427a-b638-8998001f872f" acquired by "nova.context.set_target_cell..get_or_set_cached_cell_and_set_connections" :: waited 0.000s {{(pid=108008) inner /opt/stack/data/venv/lib/python3.12/site-packages/oslo_concurrency/lockutils.py:519}}
May 19 05:19:46.962433 np0000174642 devstack@n-api-meta.service[108008]: DEBUG oslo_concurrency.lockutils [None req-90693758-029b-42f0-ac97-df919713f124 None None] Lock "2bed1583-20ba-427a-b638-8998001f872f" "released" by "nova.context.set_target_cell..get_or_set_cached_cell_and_set_connections" :: held 0.001s {{(pid=108008) inner /opt/stack/data/venv/lib/python3.12/site-packages/oslo_concurrency/lockutils.py:538}}
May 19 05:19:46.963805 np0000174642 devstack@n-api-meta.service[108008]: INFO dbcounter [None req-90693758-029b-42f0-ac97-df919713f124 None None] Registered counter for database nova_cell0
May 19 05:19:46.965330 np0000174642 devstack@n-api-meta.service[108009]: DEBUG oslo_db.sqlalchemy.engines [None req-efe91d2b-80f2-4e52-a510-2567dd4159c9 None None] MySQL server mode set to STRICT_TRANS_TABLES,STRICT_ALL_TABLES,NO_ZERO_IN_DATE,NO_ZERO_DATE,ERROR_FOR_DIVISION_BY_ZERO,TRADITIONAL,NO_ENGINE_SUBSTITUTION {{(pid=108009) _check_effective_sql_mode /opt/stack/data/venv/lib/python3.12/site-packages/oslo_db/sqlalchemy/engines.py:325}}
May 19 05:19:46.968111 np0000174642 devstack@n-api-meta.service[108008]: INFO dbcounter [None req-90693758-029b-42f0-ac97-df919713f124 None None] Registered counter for database nova_cell1
May 19 05:19:46.968580 np0000174642 devstack@n-api-meta.service[108010]: DEBUG oslo_db.sqlalchemy.engines [None req-1d1df077-a32f-472b-8197-041b08f4b87a None None] MySQL server mode set to STRICT_TRANS_TABLES,STRICT_ALL_TABLES,NO_ZERO_IN_DATE,NO_ZERO_DATE,ERROR_FOR_DIVISION_BY_ZERO,TRADITIONAL,NO_ENGINE_SUBSTITUTION {{(pid=108010) _check_effective_sql_mode /opt/stack/data/venv/lib/python3.12/site-packages/oslo_db/sqlalchemy/engines.py:325}}
May 19 05:19:46.982102 np0000174642 devstack@n-api-meta.service[108008]: DEBUG oslo_db.sqlalchemy.engines [None req-90693758-029b-42f0-ac97-df919713f124 None None] MySQL server mode set to STRICT_TRANS_TABLES,STRICT_ALL_TABLES,NO_ZERO_IN_DATE,NO_ZERO_DATE,ERROR_FOR_DIVISION_BY_ZERO,TRADITIONAL,NO_ENGINE_SUBSTITUTION {{(pid=108008) _check_effective_sql_mode /opt/stack/data/venv/lib/python3.12/site-packages/oslo_db/sqlalchemy/engines.py:325}}
May 19 05:19:46.983561 np0000174642 devstack@n-api-meta.service[108010]: DEBUG oslo_db.sqlalchemy.engines [None req-1d1df077-a32f-472b-8197-041b08f4b87a None None] MySQL server mode set to STRICT_TRANS_TABLES,STRICT_ALL_TABLES,NO_ZERO_IN_DATE,NO_ZERO_DATE,ERROR_FOR_DIVISION_BY_ZERO,TRADITIONAL,NO_ENGINE_SUBSTITUTION {{(pid=108010) _check_effective_sql_mode /opt/stack/data/venv/lib/python3.12/site-packages/oslo_db/sqlalchemy/engines.py:325}}
May 19 05:19:46.984052 np0000174642 devstack@n-api-meta.service[108008]: DEBUG oslo_db.sqlalchemy.engines [None req-90693758-029b-42f0-ac97-df919713f124 None None] MySQL server mode set to STRICT_TRANS_TABLES,STRICT_ALL_TABLES,NO_ZERO_IN_DATE,NO_ZERO_DATE,ERROR_FOR_DIVISION_BY_ZERO,TRADITIONAL,NO_ENGINE_SUBSTITUTION {{(pid=108008) _check_effective_sql_mode /opt/stack/data/venv/lib/python3.12/site-packages/oslo_db/sqlalchemy/engines.py:325}}
May 19 05:19:47.001400 np0000174642 devstack@n-api-meta.service[108009]: DEBUG dbcounter [-] [108009] Writer thread running {{(pid=108009) stat_writer /opt/stack/data/venv/lib/python3.12/site-packages/dbcounter.py:102}}
May 19 05:19:47.004039 np0000174642 devstack@n-api-meta.service[108009]: DEBUG nova.context [None req-efe91d2b-80f2-4e52-a510-2567dd4159c9 None None] Found 2 cells: 00000000-0000-0000-0000-000000000000(cell0),2bed1583-20ba-427a-b638-8998001f872f(cell1) {{(pid=108009) load_cells /opt/stack/nova/nova/context.py:509}}
May 19 05:19:47.004346 np0000174642 devstack@n-api-meta.service[108009]: INFO nova.utils [None req-efe91d2b-80f2-4e52-a510-2567dd4159c9 None None] The cell worker thread pool MainProcess.cell_worker is initialized
May 19 05:19:47.006873 np0000174642 devstack@n-api-meta.service[108009]: DEBUG oslo_concurrency.lockutils [None req-efe91d2b-80f2-4e52-a510-2567dd4159c9 None None] Acquiring lock "00000000-0000-0000-0000-000000000000" by "nova.context.set_target_cell..get_or_set_cached_cell_and_set_connections" {{(pid=108009) inner /opt/stack/data/venv/lib/python3.12/site-packages/oslo_concurrency/lockutils.py:506}}
May 19 05:19:47.007086 np0000174642 devstack@n-api-meta.service[108009]: DEBUG oslo_concurrency.lockutils [None req-efe91d2b-80f2-4e52-a510-2567dd4159c9 None None] Lock "00000000-0000-0000-0000-000000000000" acquired by "nova.context.set_target_cell..get_or_set_cached_cell_and_set_connections" :: waited 0.000s {{(pid=108009) inner /opt/stack/data/venv/lib/python3.12/site-packages/oslo_concurrency/lockutils.py:519}}
May 19 05:19:47.007633 np0000174642 devstack@n-api-meta.service[108009]: DEBUG oslo_concurrency.lockutils [None req-efe91d2b-80f2-4e52-a510-2567dd4159c9 None None] Lock "00000000-0000-0000-0000-000000000000" "released" by "nova.context.set_target_cell..get_or_set_cached_cell_and_set_connections" :: held 0.001s {{(pid=108009) inner /opt/stack/data/venv/lib/python3.12/site-packages/oslo_concurrency/lockutils.py:538}}
May 19 05:19:47.008578 np0000174642 devstack@n-api-meta.service[108009]: DEBUG oslo_concurrency.lockutils [None req-efe91d2b-80f2-4e52-a510-2567dd4159c9 None None] Acquiring lock "2bed1583-20ba-427a-b638-8998001f872f" by "nova.context.set_target_cell..get_or_set_cached_cell_and_set_connections" {{(pid=108009) inner /opt/stack/data/venv/lib/python3.12/site-packages/oslo_concurrency/lockutils.py:506}}
May 19 05:19:47.008880 np0000174642 devstack@n-api-meta.service[108009]: DEBUG oslo_concurrency.lockutils [None req-efe91d2b-80f2-4e52-a510-2567dd4159c9 None None] Lock "2bed1583-20ba-427a-b638-8998001f872f" acquired by "nova.context.set_target_cell..get_or_set_cached_cell_and_set_connections" :: waited 0.000s {{(pid=108009) inner /opt/stack/data/venv/lib/python3.12/site-packages/oslo_concurrency/lockutils.py:519}}
May 19 05:19:47.010272 np0000174642 devstack@n-api-meta.service[108009]: DEBUG oslo_concurrency.lockutils [None req-efe91d2b-80f2-4e52-a510-2567dd4159c9 None None] Lock "2bed1583-20ba-427a-b638-8998001f872f" "released" by "nova.context.set_target_cell..get_or_set_cached_cell_and_set_connections" :: held 0.001s {{(pid=108009) inner /opt/stack/data/venv/lib/python3.12/site-packages/oslo_concurrency/lockutils.py:538}}
May 19 05:19:47.013248 np0000174642 devstack@n-api-meta.service[108009]: INFO dbcounter [None req-efe91d2b-80f2-4e52-a510-2567dd4159c9 None None] Registered counter for database nova_cell0
May 19 05:19:47.018839 np0000174642 devstack@n-api-meta.service[108009]: INFO dbcounter [None req-efe91d2b-80f2-4e52-a510-2567dd4159c9 None None] Registered counter for database nova_cell1
May 19 05:19:47.029763 np0000174642 devstack@n-api-meta.service[108009]: DEBUG oslo_db.sqlalchemy.engines [None req-efe91d2b-80f2-4e52-a510-2567dd4159c9 None None] MySQL server mode set to STRICT_TRANS_TABLES,STRICT_ALL_TABLES,NO_ZERO_IN_DATE,NO_ZERO_DATE,ERROR_FOR_DIVISION_BY_ZERO,TRADITIONAL,NO_ENGINE_SUBSTITUTION {{(pid=108009) _check_effective_sql_mode /opt/stack/data/venv/lib/python3.12/site-packages/oslo_db/sqlalchemy/engines.py:325}}
May 19 05:19:47.036186 np0000174642 devstack@n-api-meta.service[108009]: DEBUG oslo_db.sqlalchemy.engines [None req-efe91d2b-80f2-4e52-a510-2567dd4159c9 None None] MySQL server mode set to STRICT_TRANS_TABLES,STRICT_ALL_TABLES,NO_ZERO_IN_DATE,NO_ZERO_DATE,ERROR_FOR_DIVISION_BY_ZERO,TRADITIONAL,NO_ENGINE_SUBSTITUTION {{(pid=108009) _check_effective_sql_mode /opt/stack/data/venv/lib/python3.12/site-packages/oslo_db/sqlalchemy/engines.py:325}}
May 19 05:19:47.065494 np0000174642 devstack@n-api-meta.service[108010]: DEBUG dbcounter [-] [108010] Writer thread running {{(pid=108010) stat_writer /opt/stack/data/venv/lib/python3.12/site-packages/dbcounter.py:102}}
May 19 05:19:47.070808 np0000174642 devstack@n-api-meta.service[108010]: DEBUG dbcounter [-] [108010] Writer thread running {{(pid=108010) stat_writer /opt/stack/data/venv/lib/python3.12/site-packages/dbcounter.py:102}}
May 19 05:19:47.079052 np0000174642 devstack@n-api-meta.service[108010]: INFO dbcounter [None req-1d1df077-a32f-472b-8197-041b08f4b87a None None] Registered counter for database nova_cell0
May 19 05:19:47.083151 np0000174642 devstack@n-api-meta.service[108008]: DEBUG dbcounter [-] [108008] Writer thread running {{(pid=108008) stat_writer /opt/stack/data/venv/lib/python3.12/site-packages/dbcounter.py:102}}
May 19 05:19:47.083579 np0000174642 devstack@n-api-meta.service[108008]: DEBUG dbcounter [-] [108008] Writer thread running {{(pid=108008) stat_writer /opt/stack/data/venv/lib/python3.12/site-packages/dbcounter.py:102}}
May 19 05:19:47.087836 np0000174642 devstack@n-api-meta.service[108010]: DEBUG oslo_db.sqlalchemy.engines [None req-1d1df077-a32f-472b-8197-041b08f4b87a None None] MySQL server mode set to STRICT_TRANS_TABLES,STRICT_ALL_TABLES,NO_ZERO_IN_DATE,NO_ZERO_DATE,ERROR_FOR_DIVISION_BY_ZERO,TRADITIONAL,NO_ENGINE_SUBSTITUTION {{(pid=108010) _check_effective_sql_mode /opt/stack/data/venv/lib/python3.12/site-packages/oslo_db/sqlalchemy/engines.py:325}}
May 19 05:19:47.091036 np0000174642 devstack@n-api-meta.service[108008]: INFO dbcounter [None req-90693758-029b-42f0-ac97-df919713f124 None None] Registered counter for database nova_cell0
May 19 05:19:47.093455 np0000174642 devstack@n-api-meta.service[108011]: INFO dbcounter [None req-f2645afa-c8b8-4891-af35-2cec3cd2bb55 None None] Registered counter for database nova_api
May 19 05:19:47.096865 np0000174642 devstack@n-api-meta.service[108010]: DEBUG dbcounter [-] [108010] Writer thread running {{(pid=108010) stat_writer /opt/stack/data/venv/lib/python3.12/site-packages/dbcounter.py:102}}
May 19 05:19:47.101921 np0000174642 devstack@n-api-meta.service[108008]: DEBUG oslo_db.sqlalchemy.engines [None req-90693758-029b-42f0-ac97-df919713f124 None None] MySQL server mode set to STRICT_TRANS_TABLES,STRICT_ALL_TABLES,NO_ZERO_IN_DATE,NO_ZERO_DATE,ERROR_FOR_DIVISION_BY_ZERO,TRADITIONAL,NO_ENGINE_SUBSTITUTION {{(pid=108008) _check_effective_sql_mode /opt/stack/data/venv/lib/python3.12/site-packages/oslo_db/sqlalchemy/engines.py:325}}
May 19 05:19:47.110330 np0000174642 devstack@n-api-meta.service[108011]: DEBUG oslo_db.sqlalchemy.engines [None req-f2645afa-c8b8-4891-af35-2cec3cd2bb55 None None] MySQL server mode set to STRICT_TRANS_TABLES,STRICT_ALL_TABLES,NO_ZERO_IN_DATE,NO_ZERO_DATE,ERROR_FOR_DIVISION_BY_ZERO,TRADITIONAL,NO_ENGINE_SUBSTITUTION {{(pid=108011) _check_effective_sql_mode /opt/stack/data/venv/lib/python3.12/site-packages/oslo_db/sqlalchemy/engines.py:325}}
May 19 05:19:47.112956 np0000174642 devstack@n-api-meta.service[108008]: DEBUG dbcounter [-] [108008] Writer thread running {{(pid=108008) stat_writer /opt/stack/data/venv/lib/python3.12/site-packages/dbcounter.py:102}}
May 19 05:19:47.135140 np0000174642 devstack@n-api-meta.service[108009]: DEBUG dbcounter [-] [108009] Writer thread running {{(pid=108009) stat_writer /opt/stack/data/venv/lib/python3.12/site-packages/dbcounter.py:102}}
May 19 05:19:47.135807 np0000174642 devstack@n-api-meta.service[108009]: DEBUG dbcounter [-] [108009] Writer thread running {{(pid=108009) stat_writer /opt/stack/data/venv/lib/python3.12/site-packages/dbcounter.py:102}}
May 19 05:19:47.140727 np0000174642 devstack@n-api-meta.service[108009]: INFO dbcounter [None req-efe91d2b-80f2-4e52-a510-2567dd4159c9 None None] Registered counter for database nova_cell0
May 19 05:19:47.143163 np0000174642 devstack@n-api-meta.service[108008]: WARNING nova.api.metadata.handler [None req-90693758-029b-42f0-ac97-df919713f124 None None] metadata_proxy_shared_secret is not configured, the metadata information returned by the proxy cannot be trusted
May 19 05:19:47.146914 np0000174642 devstack@n-api-meta.service[108011]: DEBUG dbcounter [-] [108011] Writer thread running {{(pid=108011) stat_writer /opt/stack/data/venv/lib/python3.12/site-packages/dbcounter.py:102}}
May 19 05:19:47.147157 np0000174642 devstack@n-api-meta.service[108008]: DEBUG nova.api.openstack.wsgi_app [None req-90693758-029b-42f0-ac97-df919713f124 None None] ******************************************************************************** {{(pid=108008) log_opt_values /opt/stack/data/venv/lib/python3.12/site-packages/oslo_config/cfg.py:2979}}
May 19 05:19:47.147157 np0000174642 devstack@n-api-meta.service[108008]: DEBUG nova.api.openstack.wsgi_app [None req-90693758-029b-42f0-ac97-df919713f124 None None] Configuration options gathered from: {{(pid=108008) log_opt_values /opt/stack/data/venv/lib/python3.12/site-packages/oslo_config/cfg.py:2980}}
May 19 05:19:47.147157 np0000174642 devstack@n-api-meta.service[108008]: DEBUG nova.api.openstack.wsgi_app [None req-90693758-029b-42f0-ac97-df919713f124 None None] command line args: [] {{(pid=108008) log_opt_values /opt/stack/data/venv/lib/python3.12/site-packages/oslo_config/cfg.py:2981}}
May 19 05:19:47.147157 np0000174642 devstack@n-api-meta.service[108008]: DEBUG nova.api.openstack.wsgi_app [None req-90693758-029b-42f0-ac97-df919713f124 None None] config files: ['/etc/nova/api-paste.ini', '/etc/nova/nova.conf'] {{(pid=108008) log_opt_values /opt/stack/data/venv/lib/python3.12/site-packages/oslo_config/cfg.py:2982}}
May 19 05:19:47.147157 np0000174642 devstack@n-api-meta.service[108008]: DEBUG nova.api.openstack.wsgi_app [None req-90693758-029b-42f0-ac97-df919713f124 None None] ================================================================================ {{(pid=108008) log_opt_values /opt/stack/data/venv/lib/python3.12/site-packages/oslo_config/cfg.py:2987}}
May 19 05:19:47.147157 np0000174642 devstack@n-api-meta.service[108008]: DEBUG nova.api.openstack.wsgi_app [None req-90693758-029b-42f0-ac97-df919713f124 None None] allow_resize_to_same_host = True {{(pid=108008) log_opt_values /opt/stack/data/venv/lib/python3.12/site-packages/oslo_config/cfg.py:2995}}
May 19 05:19:47.147157 np0000174642 devstack@n-api-meta.service[108008]: DEBUG nova.api.openstack.wsgi_app [None req-90693758-029b-42f0-ac97-df919713f124 None None] arq_binding_timeout = 300 {{(pid=108008) log_opt_values /opt/stack/data/venv/lib/python3.12/site-packages/oslo_config/cfg.py:2995}}
May 19 05:19:47.147710 np0000174642 devstack@n-api-meta.service[108008]: DEBUG nova.api.openstack.wsgi_app [None req-90693758-029b-42f0-ac97-df919713f124 None None] block_device_allocate_retries = 60 {{(pid=108008) log_opt_values /opt/stack/data/venv/lib/python3.12/site-packages/oslo_config/cfg.py:2995}}
May 19 05:19:47.147710 np0000174642 devstack@n-api-meta.service[108008]: DEBUG nova.api.openstack.wsgi_app [None req-90693758-029b-42f0-ac97-df919713f124 None None] block_device_allocate_retries_interval = 3 {{(pid=108008) log_opt_values /opt/stack/data/venv/lib/python3.12/site-packages/oslo_config/cfg.py:2995}}
May 19 05:19:47.147710 np0000174642 devstack@n-api-meta.service[108008]: DEBUG nova.api.openstack.wsgi_app [None req-90693758-029b-42f0-ac97-df919713f124 None None] cell_worker_thread_pool_size = 5 {{(pid=108008) log_opt_values /opt/stack/data/venv/lib/python3.12/site-packages/oslo_config/cfg.py:2995}}
May 19 05:19:47.147943 np0000174642 devstack@n-api-meta.service[108011]: DEBUG nova.context [None req-f2645afa-c8b8-4891-af35-2cec3cd2bb55 None None] Found 2 cells: 00000000-0000-0000-0000-000000000000(cell0),2bed1583-20ba-427a-b638-8998001f872f(cell1) {{(pid=108011) load_cells /opt/stack/nova/nova/context.py:509}}
May 19 05:19:47.148026 np0000174642 devstack@n-api-meta.service[108008]: DEBUG nova.api.openstack.wsgi_app [None req-90693758-029b-42f0-ac97-df919713f124 None None] cert = self.pem {{(pid=108008) log_opt_values /opt/stack/data/venv/lib/python3.12/site-packages/oslo_config/cfg.py:2995}}
May 19 05:19:47.148026 np0000174642 devstack@n-api-meta.service[108008]: DEBUG nova.api.openstack.wsgi_app [None req-90693758-029b-42f0-ac97-df919713f124 None None] compute_driver = libvirt.LibvirtDriver {{(pid=108008) log_opt_values /opt/stack/data/venv/lib/python3.12/site-packages/oslo_config/cfg.py:2995}}
May 19 05:19:47.148364 np0000174642 devstack@n-api-meta.service[108011]: INFO nova.utils [None req-f2645afa-c8b8-4891-af35-2cec3cd2bb55 None None] The cell worker thread pool MainProcess.cell_worker is initialized
May 19 05:19:47.148449 np0000174642 devstack@n-api-meta.service[108008]: DEBUG nova.api.openstack.wsgi_app [None req-90693758-029b-42f0-ac97-df919713f124 None None] compute_monitors = [] {{(pid=108008) log_opt_values /opt/stack/data/venv/lib/python3.12/site-packages/oslo_config/cfg.py:2995}}
May 19 05:19:47.148449 np0000174642 devstack@n-api-meta.service[108008]: DEBUG nova.api.openstack.wsgi_app [None req-90693758-029b-42f0-ac97-df919713f124 None None] config_dir = [] {{(pid=108008) log_opt_values /opt/stack/data/venv/lib/python3.12/site-packages/oslo_config/cfg.py:2995}}
May 19 05:19:47.148596 np0000174642 devstack@n-api-meta.service[108009]: DEBUG oslo_db.sqlalchemy.engines [None req-efe91d2b-80f2-4e52-a510-2567dd4159c9 None None] MySQL server mode set to STRICT_TRANS_TABLES,STRICT_ALL_TABLES,NO_ZERO_IN_DATE,NO_ZERO_DATE,ERROR_FOR_DIVISION_BY_ZERO,TRADITIONAL,NO_ENGINE_SUBSTITUTION {{(pid=108009) _check_effective_sql_mode /opt/stack/data/venv/lib/python3.12/site-packages/oslo_db/sqlalchemy/engines.py:325}}
May 19 05:19:47.148664 np0000174642 devstack@n-api-meta.service[108008]: DEBUG nova.api.openstack.wsgi_app [None req-90693758-029b-42f0-ac97-df919713f124 None None] config_drive_format = iso9660 {{(pid=108008) log_opt_values /opt/stack/data/venv/lib/python3.12/site-packages/oslo_config/cfg.py:2995}}
May 19 05:19:47.148664 np0000174642 devstack@n-api-meta.service[108008]: DEBUG nova.api.openstack.wsgi_app [None req-90693758-029b-42f0-ac97-df919713f124 None None] config_file = ['/etc/nova/api-paste.ini', '/etc/nova/nova.conf'] {{(pid=108008) log_opt_values /opt/stack/data/venv/lib/python3.12/site-packages/oslo_config/cfg.py:2995}}
May 19 05:19:47.148664 np0000174642 devstack@n-api-meta.service[108008]: DEBUG nova.api.openstack.wsgi_app [None req-90693758-029b-42f0-ac97-df919713f124 None None] config_source = [] {{(pid=108008) log_opt_values /opt/stack/data/venv/lib/python3.12/site-packages/oslo_config/cfg.py:2995}}
May 19 05:19:47.148664 np0000174642 devstack@n-api-meta.service[108008]: DEBUG nova.api.openstack.wsgi_app [None req-90693758-029b-42f0-ac97-df919713f124 None None] console_host = np0000174642 {{(pid=108008) log_opt_values /opt/stack/data/venv/lib/python3.12/site-packages/oslo_config/cfg.py:2995}}
May 19 05:19:47.148664 np0000174642 devstack@n-api-meta.service[108008]: DEBUG nova.api.openstack.wsgi_app [None req-90693758-029b-42f0-ac97-df919713f124 None None] control_exchange = nova {{(pid=108008) log_opt_values /opt/stack/data/venv/lib/python3.12/site-packages/oslo_config/cfg.py:2995}}
May 19 05:19:47.148664 np0000174642 devstack@n-api-meta.service[108008]: DEBUG nova.api.openstack.wsgi_app [None req-90693758-029b-42f0-ac97-df919713f124 None None] cpu_allocation_ratio = None {{(pid=108008) log_opt_values /opt/stack/data/venv/lib/python3.12/site-packages/oslo_config/cfg.py:2995}}
May 19 05:19:47.148664 np0000174642 devstack@n-api-meta.service[108008]: DEBUG nova.api.openstack.wsgi_app [None req-90693758-029b-42f0-ac97-df919713f124 None None] daemon = False {{(pid=108008) log_opt_values /opt/stack/data/venv/lib/python3.12/site-packages/oslo_config/cfg.py:2995}}
May 19 05:19:47.149158 np0000174642 devstack@n-api-meta.service[108008]: DEBUG nova.api.openstack.wsgi_app [None req-90693758-029b-42f0-ac97-df919713f124 None None] debug = True {{(pid=108008) log_opt_values /opt/stack/data/venv/lib/python3.12/site-packages/oslo_config/cfg.py:2995}}
May 19 05:19:47.149158 np0000174642 devstack@n-api-meta.service[108008]: DEBUG nova.api.openstack.wsgi_app [None req-90693758-029b-42f0-ac97-df919713f124 None None] default_access_ip_network_name = None {{(pid=108008) log_opt_values /opt/stack/data/venv/lib/python3.12/site-packages/oslo_config/cfg.py:2995}}
May 19 05:19:47.149158 np0000174642 devstack@n-api-meta.service[108008]: DEBUG nova.api.openstack.wsgi_app [None req-90693758-029b-42f0-ac97-df919713f124 None None] default_availability_zone = nova {{(pid=108008) log_opt_values /opt/stack/data/venv/lib/python3.12/site-packages/oslo_config/cfg.py:2995}}
May 19 05:19:47.149158 np0000174642 devstack@n-api-meta.service[108008]: DEBUG nova.api.openstack.wsgi_app [None req-90693758-029b-42f0-ac97-df919713f124 None None] default_ephemeral_format = ext4 {{(pid=108008) log_opt_values /opt/stack/data/venv/lib/python3.12/site-packages/oslo_config/cfg.py:2995}}
May 19 05:19:47.149158 np0000174642 devstack@n-api-meta.service[108008]: DEBUG nova.api.openstack.wsgi_app [None req-90693758-029b-42f0-ac97-df919713f124 None None] default_green_pool_size = 1000 {{(pid=108008) log_opt_values /opt/stack/data/venv/lib/python3.12/site-packages/oslo_config/cfg.py:2995}}
May 19 05:19:47.149476 np0000174642 devstack@n-api-meta.service[108011]: DEBUG oslo_concurrency.lockutils [None req-f2645afa-c8b8-4891-af35-2cec3cd2bb55 None None] Acquiring lock "00000000-0000-0000-0000-000000000000" by "nova.context.set_target_cell..get_or_set_cached_cell_and_set_connections" {{(pid=108011) inner /opt/stack/data/venv/lib/python3.12/site-packages/oslo_concurrency/lockutils.py:506}}
May 19 05:19:47.149573 np0000174642 devstack@n-api-meta.service[108008]: DEBUG nova.api.openstack.wsgi_app [None req-90693758-029b-42f0-ac97-df919713f124 None None] default_log_levels = ['amqp=WARN', 'boto=WARN', 'sqlalchemy=WARN', 'suds=INFO', 'oslo.messaging=INFO', 'oslo_messaging=INFO', 'iso8601=WARN', 'requests.packages.urllib3.connectionpool=WARN', 'urllib3.connectionpool=WARN', 'websocket=WARN', 'requests.packages.urllib3.util.retry=WARN', 'urllib3.util.retry=WARN', 'keystonemiddleware=WARN', 'routes.middleware=WARN', 'stevedore=WARN', 'taskflow=WARN', 'keystoneauth=WARN', 'oslo.cache=INFO', 'oslo_policy=INFO', 'dogpile.core.dogpile=INFO', 'glanceclient=WARN', 'oslo.privsep.daemon=INFO'] {{(pid=108008) log_opt_values /opt/stack/data/venv/lib/python3.12/site-packages/oslo_config/cfg.py:2995}}
May 19 05:19:47.149573 np0000174642 devstack@n-api-meta.service[108008]: DEBUG nova.api.openstack.wsgi_app [None req-90693758-029b-42f0-ac97-df919713f124 None None] default_schedule_zone = None {{(pid=108008) log_opt_values /opt/stack/data/venv/lib/python3.12/site-packages/oslo_config/cfg.py:2995}}
May 19 05:19:47.149817 np0000174642 devstack@n-api-meta.service[108011]: DEBUG oslo_concurrency.lockutils [None req-f2645afa-c8b8-4891-af35-2cec3cd2bb55 None None] Lock "00000000-0000-0000-0000-000000000000" acquired by "nova.context.set_target_cell..get_or_set_cached_cell_and_set_connections" :: waited 0.000s {{(pid=108011) inner /opt/stack/data/venv/lib/python3.12/site-packages/oslo_concurrency/lockutils.py:519}}
May 19 05:19:47.149899 np0000174642 devstack@n-api-meta.service[108008]: DEBUG nova.api.openstack.wsgi_app [None req-90693758-029b-42f0-ac97-df919713f124 None None] default_thread_pool_size = 10 {{(pid=108008) log_opt_values /opt/stack/data/venv/lib/python3.12/site-packages/oslo_config/cfg.py:2995}}
May 19 05:19:47.149899 np0000174642 devstack@n-api-meta.service[108008]: DEBUG nova.api.openstack.wsgi_app [None req-90693758-029b-42f0-ac97-df919713f124 None None] disk_allocation_ratio = None {{(pid=108008) log_opt_values /opt/stack/data/venv/lib/python3.12/site-packages/oslo_config/cfg.py:2995}}
May 19 05:19:47.149899 np0000174642 devstack@n-api-meta.service[108008]: DEBUG nova.api.openstack.wsgi_app [None req-90693758-029b-42f0-ac97-df919713f124 None None] enable_new_services = True {{(pid=108008) log_opt_values /opt/stack/data/venv/lib/python3.12/site-packages/oslo_config/cfg.py:2995}}
May 19 05:19:47.150121 np0000174642 devstack@n-api-meta.service[108011]: DEBUG oslo_concurrency.lockutils [None req-f2645afa-c8b8-4891-af35-2cec3cd2bb55 None None] Lock "00000000-0000-0000-0000-000000000000" "released" by "nova.context.set_target_cell..get_or_set_cached_cell_and_set_connections" :: held 0.000s {{(pid=108011) inner /opt/stack/data/venv/lib/python3.12/site-packages/oslo_concurrency/lockutils.py:538}}
May 19 05:19:47.150189 np0000174642 devstack@n-api-meta.service[108008]: DEBUG nova.api.openstack.wsgi_app [None req-90693758-029b-42f0-ac97-df919713f124 None None] flat_injected = False {{(pid=108008) log_opt_values /opt/stack/data/venv/lib/python3.12/site-packages/oslo_config/cfg.py:2995}}
May 19 05:19:47.150189 np0000174642 devstack@n-api-meta.service[108008]: DEBUG nova.api.openstack.wsgi_app [None req-90693758-029b-42f0-ac97-df919713f124 None None] force_config_drive = False {{(pid=108008) log_opt_values /opt/stack/data/venv/lib/python3.12/site-packages/oslo_config/cfg.py:2995}}
May 19 05:19:47.150189 np0000174642 devstack@n-api-meta.service[108008]: DEBUG nova.api.openstack.wsgi_app [None req-90693758-029b-42f0-ac97-df919713f124 None None] force_raw_images = True {{(pid=108008) log_opt_values /opt/stack/data/venv/lib/python3.12/site-packages/oslo_config/cfg.py:2995}}
May 19 05:19:47.150189 np0000174642 devstack@n-api-meta.service[108008]: DEBUG nova.api.openstack.wsgi_app [None req-90693758-029b-42f0-ac97-df919713f124 None None] graceful_shutdown_timeout = 5 {{(pid=108008) log_opt_values /opt/stack/data/venv/lib/python3.12/site-packages/oslo_config/cfg.py:2995}}
May 19 05:19:47.150189 np0000174642 devstack@n-api-meta.service[108008]: DEBUG nova.api.openstack.wsgi_app [None req-90693758-029b-42f0-ac97-df919713f124 None None] heal_instance_info_cache_interval = -1 {{(pid=108008) log_opt_values /opt/stack/data/venv/lib/python3.12/site-packages/oslo_config/cfg.py:2995}}
May 19 05:19:47.150462 np0000174642 devstack@n-api-meta.service[108011]: DEBUG oslo_concurrency.lockutils [None req-f2645afa-c8b8-4891-af35-2cec3cd2bb55 None None] Acquiring lock "2bed1583-20ba-427a-b638-8998001f872f" by "nova.context.set_target_cell..get_or_set_cached_cell_and_set_connections" {{(pid=108011) inner /opt/stack/data/venv/lib/python3.12/site-packages/oslo_concurrency/lockutils.py:506}}
May 19 05:19:47.150524 np0000174642 devstack@n-api-meta.service[108008]: DEBUG nova.api.openstack.wsgi_app [None req-90693758-029b-42f0-ac97-df919713f124 None None] host = np0000174642 {{(pid=108008) log_opt_values /opt/stack/data/venv/lib/python3.12/site-packages/oslo_config/cfg.py:2995}}
May 19 05:19:47.150598 np0000174642 devstack@n-api-meta.service[108011]: DEBUG oslo_concurrency.lockutils [None req-f2645afa-c8b8-4891-af35-2cec3cd2bb55 None None] Lock "2bed1583-20ba-427a-b638-8998001f872f" acquired by "nova.context.set_target_cell..get_or_set_cached_cell_and_set_connections" :: waited 0.000s {{(pid=108011) inner /opt/stack/data/venv/lib/python3.12/site-packages/oslo_concurrency/lockutils.py:519}}
May 19 05:19:47.150658 np0000174642 devstack@n-api-meta.service[108008]: DEBUG nova.api.openstack.wsgi_app [None req-90693758-029b-42f0-ac97-df919713f124 None None] initial_cpu_allocation_ratio = 4.0 {{(pid=108008) log_opt_values /opt/stack/data/venv/lib/python3.12/site-packages/oslo_config/cfg.py:2995}}
May 19 05:19:47.150658 np0000174642 devstack@n-api-meta.service[108008]: DEBUG nova.api.openstack.wsgi_app [None req-90693758-029b-42f0-ac97-df919713f124 None None] initial_disk_allocation_ratio = 1.0 {{(pid=108008) log_opt_values /opt/stack/data/venv/lib/python3.12/site-packages/oslo_config/cfg.py:2995}}
May 19 05:19:47.150658 np0000174642 devstack@n-api-meta.service[108008]: DEBUG nova.api.openstack.wsgi_app [None req-90693758-029b-42f0-ac97-df919713f124 None None] initial_ram_allocation_ratio = 1.0 {{(pid=108008) log_opt_values /opt/stack/data/venv/lib/python3.12/site-packages/oslo_config/cfg.py:2995}}
May 19 05:19:47.150658 np0000174642 devstack@n-api-meta.service[108008]: DEBUG nova.api.openstack.wsgi_app [None req-90693758-029b-42f0-ac97-df919713f124 None None] injected_network_template = /opt/stack/nova/nova/virt/interfaces.template {{(pid=108008) log_opt_values /opt/stack/data/venv/lib/python3.12/site-packages/oslo_config/cfg.py:2995}}
May 19 05:19:47.150867 np0000174642 devstack@n-api-meta.service[108008]: DEBUG nova.api.openstack.wsgi_app [None req-90693758-029b-42f0-ac97-df919713f124 None None] instance_build_timeout = 0 {{(pid=108008) log_opt_values /opt/stack/data/venv/lib/python3.12/site-packages/oslo_config/cfg.py:2995}}
May 19 05:19:47.150867 np0000174642 devstack@n-api-meta.service[108008]: DEBUG nova.api.openstack.wsgi_app [None req-90693758-029b-42f0-ac97-df919713f124 None None] instance_delete_interval = 300 {{(pid=108008) log_opt_values /opt/stack/data/venv/lib/python3.12/site-packages/oslo_config/cfg.py:2995}}
May 19 05:19:47.150972 np0000174642 devstack@n-api-meta.service[108011]: DEBUG oslo_concurrency.lockutils [None req-f2645afa-c8b8-4891-af35-2cec3cd2bb55 None None] Lock "2bed1583-20ba-427a-b638-8998001f872f" "released" by "nova.context.set_target_cell..get_or_set_cached_cell_and_set_connections" :: held 0.001s {{(pid=108011) inner /opt/stack/data/venv/lib/python3.12/site-packages/oslo_concurrency/lockutils.py:538}}
May 19 05:19:47.151040 np0000174642 devstack@n-api-meta.service[108008]: DEBUG nova.api.openstack.wsgi_app [None req-90693758-029b-42f0-ac97-df919713f124 None None] instance_format = [instance: %(uuid)s] {{(pid=108008) log_opt_values /opt/stack/data/venv/lib/python3.12/site-packages/oslo_config/cfg.py:2995}}
May 19 05:19:47.151134 np0000174642 devstack@n-api-meta.service[108008]: DEBUG nova.api.openstack.wsgi_app [None req-90693758-029b-42f0-ac97-df919713f124 None None] instance_name_template = instance-%08x {{(pid=108008) log_opt_values /opt/stack/data/venv/lib/python3.12/site-packages/oslo_config/cfg.py:2995}}
May 19 05:19:47.151201 np0000174642 devstack@n-api-meta.service[108008]: DEBUG nova.api.openstack.wsgi_app [None req-90693758-029b-42f0-ac97-df919713f124 None None] instance_usage_audit = False {{(pid=108008) log_opt_values /opt/stack/data/venv/lib/python3.12/site-packages/oslo_config/cfg.py:2995}}
May 19 05:19:47.151362 np0000174642 devstack@n-api-meta.service[108008]: DEBUG nova.api.openstack.wsgi_app [None req-90693758-029b-42f0-ac97-df919713f124 None None] instance_usage_audit_period = month {{(pid=108008) log_opt_values /opt/stack/data/venv/lib/python3.12/site-packages/oslo_config/cfg.py:2995}}
May 19 05:19:47.151481 np0000174642 devstack@n-api-meta.service[108008]: DEBUG nova.api.openstack.wsgi_app [None req-90693758-029b-42f0-ac97-df919713f124 None None] instance_uuid_format = [instance: %(uuid)s] {{(pid=108008) log_opt_values /opt/stack/data/venv/lib/python3.12/site-packages/oslo_config/cfg.py:2995}}
May 19 05:19:47.151638 np0000174642 devstack@n-api-meta.service[108008]: DEBUG nova.api.openstack.wsgi_app [None req-90693758-029b-42f0-ac97-df919713f124 None None] instances_path = /opt/stack/data/nova/instances {{(pid=108008) log_opt_values /opt/stack/data/venv/lib/python3.12/site-packages/oslo_config/cfg.py:2995}}
May 19 05:19:47.151748 np0000174642 devstack@n-api-meta.service[108008]: DEBUG nova.api.openstack.wsgi_app [None req-90693758-029b-42f0-ac97-df919713f124 None None] internal_service_availability_zone = internal {{(pid=108008) log_opt_values /opt/stack/data/venv/lib/python3.12/site-packages/oslo_config/cfg.py:2995}}
May 19 05:19:47.151881 np0000174642 devstack@n-api-meta.service[108008]: DEBUG nova.api.openstack.wsgi_app [None req-90693758-029b-42f0-ac97-df919713f124 None None] key = None {{(pid=108008) log_opt_values /opt/stack/data/venv/lib/python3.12/site-packages/oslo_config/cfg.py:2995}}
May 19 05:19:47.152003 np0000174642 devstack@n-api-meta.service[108008]: DEBUG nova.api.openstack.wsgi_app [None req-90693758-029b-42f0-ac97-df919713f124 None None] live_migration_retry_count = 30 {{(pid=108008) log_opt_values /opt/stack/data/venv/lib/python3.12/site-packages/oslo_config/cfg.py:2995}}
May 19 05:19:47.152138 np0000174642 devstack@n-api-meta.service[108008]: DEBUG nova.api.openstack.wsgi_app [None req-90693758-029b-42f0-ac97-df919713f124 None None] log_color = False {{(pid=108008) log_opt_values /opt/stack/data/venv/lib/python3.12/site-packages/oslo_config/cfg.py:2995}}
May 19 05:19:47.152275 np0000174642 devstack@n-api-meta.service[108008]: DEBUG nova.api.openstack.wsgi_app [None req-90693758-029b-42f0-ac97-df919713f124 None None] log_config_append = None {{(pid=108008) log_opt_values /opt/stack/data/venv/lib/python3.12/site-packages/oslo_config/cfg.py:2995}}
May 19 05:19:47.152414 np0000174642 devstack@n-api-meta.service[108008]: DEBUG nova.api.openstack.wsgi_app [None req-90693758-029b-42f0-ac97-df919713f124 None None] log_date_format = %Y-%m-%d %H:%M:%S {{(pid=108008) log_opt_values /opt/stack/data/venv/lib/python3.12/site-packages/oslo_config/cfg.py:2995}}
May 19 05:19:47.152533 np0000174642 devstack@n-api-meta.service[108008]: DEBUG nova.api.openstack.wsgi_app [None req-90693758-029b-42f0-ac97-df919713f124 None None] log_dir = None {{(pid=108008) log_opt_values /opt/stack/data/venv/lib/python3.12/site-packages/oslo_config/cfg.py:2995}}
May 19 05:19:47.152660 np0000174642 devstack@n-api-meta.service[108008]: DEBUG nova.api.openstack.wsgi_app [None req-90693758-029b-42f0-ac97-df919713f124 None None] log_file = None {{(pid=108008) log_opt_values /opt/stack/data/venv/lib/python3.12/site-packages/oslo_config/cfg.py:2995}}
May 19 05:19:47.152761 np0000174642 devstack@n-api-meta.service[108008]: DEBUG nova.api.openstack.wsgi_app [None req-90693758-029b-42f0-ac97-df919713f124 None None] log_options = True {{(pid=108008) log_opt_values /opt/stack/data/venv/lib/python3.12/site-packages/oslo_config/cfg.py:2995}}
May 19 05:19:47.152886 np0000174642 devstack@n-api-meta.service[108008]: DEBUG nova.api.openstack.wsgi_app [None req-90693758-029b-42f0-ac97-df919713f124 None None] log_rotate_interval = 1 {{(pid=108008) log_opt_values /opt/stack/data/venv/lib/python3.12/site-packages/oslo_config/cfg.py:2995}}
