May 05 01:32:25.261477 np0000171615 devstack@n-api-meta.service[108559]: DEBUG nova.api.openstack.wsgi_app [None req-331e142e-d3c4-4d01-bcfa-d572636469c6 None None] oslo_limit.endpoint_service_type = None {{(pid=108559) log_opt_values /opt/stack/data/venv/lib/python3.12/site-packages/oslo_config/cfg.py:3006}}
May 05 01:32:25.261708 np0000171615 devstack@n-api-meta.service[108559]: DEBUG nova.api.openstack.wsgi_app [None req-331e142e-d3c4-4d01-bcfa-d572636469c6 None None] oslo_limit.insecure = False {{(pid=108559) log_opt_values /opt/stack/data/venv/lib/python3.12/site-packages/oslo_config/cfg.py:3006}}
May 05 01:32:25.261911 np0000171615 devstack@n-api-meta.service[108559]: DEBUG nova.api.openstack.wsgi_app [None req-331e142e-d3c4-4d01-bcfa-d572636469c6 None None] oslo_limit.keyfile = None {{(pid=108559) log_opt_values /opt/stack/data/venv/lib/python3.12/site-packages/oslo_config/cfg.py:3006}}
May 05 01:32:25.262113 np0000171615 devstack@n-api-meta.service[108559]: DEBUG nova.api.openstack.wsgi_app [None req-331e142e-d3c4-4d01-bcfa-d572636469c6 None None] oslo_limit.max_version = None {{(pid=108559) log_opt_values /opt/stack/data/venv/lib/python3.12/site-packages/oslo_config/cfg.py:3006}}
May 05 01:32:25.262307 np0000171615 devstack@n-api-meta.service[108559]: DEBUG nova.api.openstack.wsgi_app [None req-331e142e-d3c4-4d01-bcfa-d572636469c6 None None] oslo_limit.min_version = None {{(pid=108559) log_opt_values /opt/stack/data/venv/lib/python3.12/site-packages/oslo_config/cfg.py:3006}}
May 05 01:32:25.262496 np0000171615 devstack@n-api-meta.service[108559]: DEBUG nova.api.openstack.wsgi_app [None req-331e142e-d3c4-4d01-bcfa-d572636469c6 None None] oslo_limit.region_name = None {{(pid=108559) log_opt_values /opt/stack/data/venv/lib/python3.12/site-packages/oslo_config/cfg.py:3006}}
May 05 01:32:25.262640 np0000171615 devstack@n-api-meta.service[108559]: DEBUG nova.api.openstack.wsgi_app [None req-331e142e-d3c4-4d01-bcfa-d572636469c6 None None] oslo_limit.retriable_status_codes = None {{(pid=108559) log_opt_values /opt/stack/data/venv/lib/python3.12/site-packages/oslo_config/cfg.py:3006}}
May 05 01:32:25.262766 np0000171615 devstack@n-api-meta.service[108559]: DEBUG nova.api.openstack.wsgi_app [None req-331e142e-d3c4-4d01-bcfa-d572636469c6 None None] oslo_limit.service_name = None {{(pid=108559) log_opt_values /opt/stack/data/venv/lib/python3.12/site-packages/oslo_config/cfg.py:3006}}
May 05 01:32:25.262885 np0000171615 devstack@n-api-meta.service[108559]: DEBUG nova.api.openstack.wsgi_app [None req-331e142e-d3c4-4d01-bcfa-d572636469c6 None None] oslo_limit.service_type = None {{(pid=108559) log_opt_values /opt/stack/data/venv/lib/python3.12/site-packages/oslo_config/cfg.py:3006}}
May 05 01:32:25.263018 np0000171615 devstack@n-api-meta.service[108559]: DEBUG nova.api.openstack.wsgi_app [None req-331e142e-d3c4-4d01-bcfa-d572636469c6 None None] oslo_limit.split_loggers = False {{(pid=108559) log_opt_values /opt/stack/data/venv/lib/python3.12/site-packages/oslo_config/cfg.py:3006}}
May 05 01:32:25.263142 np0000171615 devstack@n-api-meta.service[108559]: DEBUG nova.api.openstack.wsgi_app [None req-331e142e-d3c4-4d01-bcfa-d572636469c6 None None] oslo_limit.status_code_retries = None {{(pid=108559) log_opt_values /opt/stack/data/venv/lib/python3.12/site-packages/oslo_config/cfg.py:3006}}
May 05 01:32:25.263265 np0000171615 devstack@n-api-meta.service[108559]: DEBUG nova.api.openstack.wsgi_app [None req-331e142e-d3c4-4d01-bcfa-d572636469c6 None None] oslo_limit.status_code_retry_delay = None {{(pid=108559) log_opt_values /opt/stack/data/venv/lib/python3.12/site-packages/oslo_config/cfg.py:3006}}
May 05 01:32:25.263423 np0000171615 devstack@n-api-meta.service[108559]: DEBUG nova.api.openstack.wsgi_app [None req-331e142e-d3c4-4d01-bcfa-d572636469c6 None None] oslo_limit.timeout = None {{(pid=108559) log_opt_values /opt/stack/data/venv/lib/python3.12/site-packages/oslo_config/cfg.py:3006}}
May 05 01:32:25.263554 np0000171615 devstack@n-api-meta.service[108559]: DEBUG nova.api.openstack.wsgi_app [None req-331e142e-d3c4-4d01-bcfa-d572636469c6 None None] oslo_limit.valid_interfaces = None {{(pid=108559) log_opt_values /opt/stack/data/venv/lib/python3.12/site-packages/oslo_config/cfg.py:3006}}
May 05 01:32:25.263696 np0000171615 devstack@n-api-meta.service[108559]: DEBUG nova.api.openstack.wsgi_app [None req-331e142e-d3c4-4d01-bcfa-d572636469c6 None None] oslo_limit.version = None {{(pid=108559) log_opt_values /opt/stack/data/venv/lib/python3.12/site-packages/oslo_config/cfg.py:3006}}
May 05 01:32:25.263835 np0000171615 devstack@n-api-meta.service[108559]: DEBUG nova.api.openstack.wsgi_app [None req-331e142e-d3c4-4d01-bcfa-d572636469c6 None None] oslo_messaging_rabbit.amqp_auto_delete = False {{(pid=108559) log_opt_values /opt/stack/data/venv/lib/python3.12/site-packages/oslo_config/cfg.py:3006}}
May 05 01:32:25.264005 np0000171615 devstack@n-api-meta.service[108559]: DEBUG nova.api.openstack.wsgi_app [None req-331e142e-d3c4-4d01-bcfa-d572636469c6 None None] oslo_messaging_rabbit.amqp_durable_queues = False {{(pid=108559) log_opt_values /opt/stack/data/venv/lib/python3.12/site-packages/oslo_config/cfg.py:3006}}
May 05 01:32:25.264129 np0000171615 devstack@n-api-meta.service[108559]: DEBUG nova.api.openstack.wsgi_app [None req-331e142e-d3c4-4d01-bcfa-d572636469c6 None None] oslo_messaging_rabbit.conn_pool_min_size = 2 {{(pid=108559) log_opt_values /opt/stack/data/venv/lib/python3.12/site-packages/oslo_config/cfg.py:3006}}
May 05 01:32:25.264267 np0000171615 devstack@n-api-meta.service[108559]: DEBUG nova.api.openstack.wsgi_app [None req-331e142e-d3c4-4d01-bcfa-d572636469c6 None None] oslo_messaging_rabbit.conn_pool_ttl = 1200 {{(pid=108559) log_opt_values /opt/stack/data/venv/lib/python3.12/site-packages/oslo_config/cfg.py:3006}}
May 05 01:32:25.264430 np0000171615 devstack@n-api-meta.service[108559]: DEBUG nova.api.openstack.wsgi_app [None req-331e142e-d3c4-4d01-bcfa-d572636469c6 None None] oslo_messaging_rabbit.direct_mandatory_flag = True {{(pid=108559) log_opt_values /opt/stack/data/venv/lib/python3.12/site-packages/oslo_config/cfg.py:3006}}
May 05 01:32:25.264655 np0000171615 devstack@n-api-meta.service[108559]: DEBUG nova.api.openstack.wsgi_app [None req-331e142e-d3c4-4d01-bcfa-d572636469c6 None None] oslo_messaging_rabbit.enable_cancel_on_failover = False {{(pid=108559) log_opt_values /opt/stack/data/venv/lib/python3.12/site-packages/oslo_config/cfg.py:3006}}
May 05 01:32:25.264825 np0000171615 devstack@n-api-meta.service[108559]: DEBUG nova.api.openstack.wsgi_app [None req-331e142e-d3c4-4d01-bcfa-d572636469c6 None None] oslo_messaging_rabbit.heartbeat_in_pthread = False {{(pid=108559) log_opt_values /opt/stack/data/venv/lib/python3.12/site-packages/oslo_config/cfg.py:3006}}
May 05 01:32:25.264991 np0000171615 devstack@n-api-meta.service[108559]: DEBUG nova.api.openstack.wsgi_app [None req-331e142e-d3c4-4d01-bcfa-d572636469c6 None None] oslo_messaging_rabbit.heartbeat_rate = 3 {{(pid=108559) log_opt_values /opt/stack/data/venv/lib/python3.12/site-packages/oslo_config/cfg.py:3006}}
May 05 01:32:25.265121 np0000171615 devstack@n-api-meta.service[108559]: DEBUG nova.api.openstack.wsgi_app [None req-331e142e-d3c4-4d01-bcfa-d572636469c6 None None] oslo_messaging_rabbit.heartbeat_timeout_threshold = 60 {{(pid=108559) log_opt_values /opt/stack/data/venv/lib/python3.12/site-packages/oslo_config/cfg.py:3006}}
May 05 01:32:25.265261 np0000171615 devstack@n-api-meta.service[108559]: DEBUG nova.api.openstack.wsgi_app [None req-331e142e-d3c4-4d01-bcfa-d572636469c6 None None] oslo_messaging_rabbit.hostname = np0000171615 {{(pid=108559) log_opt_values /opt/stack/data/venv/lib/python3.12/site-packages/oslo_config/cfg.py:3006}}
May 05 01:32:25.265398 np0000171615 devstack@n-api-meta.service[108559]: DEBUG nova.api.openstack.wsgi_app [None req-331e142e-d3c4-4d01-bcfa-d572636469c6 None None] oslo_messaging_rabbit.kombu_compression = None {{(pid=108559) log_opt_values /opt/stack/data/venv/lib/python3.12/site-packages/oslo_config/cfg.py:3006}}
May 05 01:32:25.265522 np0000171615 devstack@n-api-meta.service[108559]: DEBUG nova.api.openstack.wsgi_app [None req-331e142e-d3c4-4d01-bcfa-d572636469c6 None None] oslo_messaging_rabbit.kombu_failover_strategy = round-robin {{(pid=108559) log_opt_values /opt/stack/data/venv/lib/python3.12/site-packages/oslo_config/cfg.py:3006}}
May 05 01:32:25.265671 np0000171615 devstack@n-api-meta.service[108559]: DEBUG nova.api.openstack.wsgi_app [None req-331e142e-d3c4-4d01-bcfa-d572636469c6 None None] oslo_messaging_rabbit.kombu_missing_consumer_retry_timeout = 60 {{(pid=108559) log_opt_values /opt/stack/data/venv/lib/python3.12/site-packages/oslo_config/cfg.py:3006}}
May 05 01:32:25.265800 np0000171615 devstack@n-api-meta.service[108559]: DEBUG nova.api.openstack.wsgi_app [None req-331e142e-d3c4-4d01-bcfa-d572636469c6 None None] oslo_messaging_rabbit.kombu_reconnect_delay = 1.0 {{(pid=108559) log_opt_values /opt/stack/data/venv/lib/python3.12/site-packages/oslo_config/cfg.py:3006}}
May 05 01:32:25.265959 np0000171615 devstack@n-api-meta.service[108559]: DEBUG nova.api.openstack.wsgi_app [None req-331e142e-d3c4-4d01-bcfa-d572636469c6 None None] oslo_messaging_rabbit.kombu_reconnect_splay = 0.0 {{(pid=108559) log_opt_values /opt/stack/data/venv/lib/python3.12/site-packages/oslo_config/cfg.py:3006}}
May 05 01:32:25.266121 np0000171615 devstack@n-api-meta.service[108559]: DEBUG nova.api.openstack.wsgi_app [None req-331e142e-d3c4-4d01-bcfa-d572636469c6 None None] oslo_messaging_rabbit.processname = uwsgi {{(pid=108559) log_opt_values /opt/stack/data/venv/lib/python3.12/site-packages/oslo_config/cfg.py:3006}}
May 05 01:32:25.266259 np0000171615 devstack@n-api-meta.service[108559]: DEBUG nova.api.openstack.wsgi_app [None req-331e142e-d3c4-4d01-bcfa-d572636469c6 None None] oslo_messaging_rabbit.rabbit_ha_queues = False {{(pid=108559) log_opt_values /opt/stack/data/venv/lib/python3.12/site-packages/oslo_config/cfg.py:3006}}
May 05 01:32:25.266390 np0000171615 devstack@n-api-meta.service[108559]: DEBUG nova.api.openstack.wsgi_app [None req-331e142e-d3c4-4d01-bcfa-d572636469c6 None None] oslo_messaging_rabbit.rabbit_interval_max = 30 {{(pid=108559) log_opt_values /opt/stack/data/venv/lib/python3.12/site-packages/oslo_config/cfg.py:3006}}
May 05 01:32:25.266509 np0000171615 devstack@n-api-meta.service[108559]: DEBUG nova.api.openstack.wsgi_app [None req-331e142e-d3c4-4d01-bcfa-d572636469c6 None None] oslo_messaging_rabbit.rabbit_login_method = AMQPLAIN {{(pid=108559) log_opt_values /opt/stack/data/venv/lib/python3.12/site-packages/oslo_config/cfg.py:3006}}
May 05 01:32:25.266654 np0000171615 devstack@n-api-meta.service[108559]: DEBUG nova.api.openstack.wsgi_app [None req-331e142e-d3c4-4d01-bcfa-d572636469c6 None None] oslo_messaging_rabbit.rabbit_qos_prefetch_count = 0 {{(pid=108559) log_opt_values /opt/stack/data/venv/lib/python3.12/site-packages/oslo_config/cfg.py:3006}}
May 05 01:32:25.266777 np0000171615 devstack@n-api-meta.service[108559]: DEBUG nova.api.openstack.wsgi_app [None req-331e142e-d3c4-4d01-bcfa-d572636469c6 None None] oslo_messaging_rabbit.rabbit_quorum_delivery_limit = 0 {{(pid=108559) log_opt_values /opt/stack/data/venv/lib/python3.12/site-packages/oslo_config/cfg.py:3006}}
May 05 01:32:25.266916 np0000171615 devstack@n-api-meta.service[108559]: DEBUG nova.api.openstack.wsgi_app [None req-331e142e-d3c4-4d01-bcfa-d572636469c6 None None] oslo_messaging_rabbit.rabbit_quorum_max_memory_bytes = 0 {{(pid=108559) log_opt_values /opt/stack/data/venv/lib/python3.12/site-packages/oslo_config/cfg.py:3006}}
May 05 01:32:25.267024 np0000171615 devstack@n-api-meta.service[108559]: DEBUG nova.api.openstack.wsgi_app [None req-331e142e-d3c4-4d01-bcfa-d572636469c6 None None] oslo_messaging_rabbit.rabbit_quorum_max_memory_length = 0 {{(pid=108559) log_opt_values /opt/stack/data/venv/lib/python3.12/site-packages/oslo_config/cfg.py:3006}}
May 05 01:32:25.267160 np0000171615 devstack@n-api-meta.service[108559]: DEBUG nova.api.openstack.wsgi_app [None req-331e142e-d3c4-4d01-bcfa-d572636469c6 None None] oslo_messaging_rabbit.rabbit_quorum_queue = False {{(pid=108559) log_opt_values /opt/stack/data/venv/lib/python3.12/site-packages/oslo_config/cfg.py:3006}}
May 05 01:32:25.267294 np0000171615 devstack@n-api-meta.service[108559]: DEBUG nova.api.openstack.wsgi_app [None req-331e142e-d3c4-4d01-bcfa-d572636469c6 None None] oslo_messaging_rabbit.rabbit_retry_backoff = 2 {{(pid=108559) log_opt_values /opt/stack/data/venv/lib/python3.12/site-packages/oslo_config/cfg.py:3006}}
May 05 01:32:25.267403 np0000171615 devstack@n-api-meta.service[108559]: DEBUG nova.api.openstack.wsgi_app [None req-331e142e-d3c4-4d01-bcfa-d572636469c6 None None] oslo_messaging_rabbit.rabbit_retry_interval = 1 {{(pid=108559) log_opt_values /opt/stack/data/venv/lib/python3.12/site-packages/oslo_config/cfg.py:3006}}
May 05 01:32:25.267539 np0000171615 devstack@n-api-meta.service[108559]: DEBUG nova.api.openstack.wsgi_app [None req-331e142e-d3c4-4d01-bcfa-d572636469c6 None None] oslo_messaging_rabbit.rabbit_stream_fanout = False {{(pid=108559) log_opt_values /opt/stack/data/venv/lib/python3.12/site-packages/oslo_config/cfg.py:3006}}
May 05 01:32:25.267673 np0000171615 devstack@n-api-meta.service[108559]: DEBUG nova.api.openstack.wsgi_app [None req-331e142e-d3c4-4d01-bcfa-d572636469c6 None None] oslo_messaging_rabbit.rabbit_transient_queues_ttl = 1800 {{(pid=108559) log_opt_values /opt/stack/data/venv/lib/python3.12/site-packages/oslo_config/cfg.py:3006}}
May 05 01:32:25.267792 np0000171615 devstack@n-api-meta.service[108559]: DEBUG nova.api.openstack.wsgi_app [None req-331e142e-d3c4-4d01-bcfa-d572636469c6 None None] oslo_messaging_rabbit.rabbit_transient_quorum_queue = False {{(pid=108559) log_opt_values /opt/stack/data/venv/lib/python3.12/site-packages/oslo_config/cfg.py:3006}}
May 05 01:32:25.267979 np0000171615 devstack@n-api-meta.service[108559]: DEBUG nova.api.openstack.wsgi_app [None req-331e142e-d3c4-4d01-bcfa-d572636469c6 None None] oslo_messaging_rabbit.rpc_conn_pool_size = 30 {{(pid=108559) log_opt_values /opt/stack/data/venv/lib/python3.12/site-packages/oslo_config/cfg.py:3006}}
May 05 01:32:25.268201 np0000171615 devstack@n-api-meta.service[108559]: DEBUG nova.api.openstack.wsgi_app [None req-331e142e-d3c4-4d01-bcfa-d572636469c6 None None] oslo_messaging_rabbit.ssl = False {{(pid=108559) log_opt_values /opt/stack/data/venv/lib/python3.12/site-packages/oslo_config/cfg.py:3006}}
May 05 01:32:25.268338 np0000171615 devstack@n-api-meta.service[108559]: DEBUG nova.api.openstack.wsgi_app [None req-331e142e-d3c4-4d01-bcfa-d572636469c6 None None] oslo_messaging_rabbit.ssl_ca_file = {{(pid=108559) log_opt_values /opt/stack/data/venv/lib/python3.12/site-packages/oslo_config/cfg.py:3006}}
May 05 01:32:25.268494 np0000171615 devstack@n-api-meta.service[108559]: DEBUG nova.api.openstack.wsgi_app [None req-331e142e-d3c4-4d01-bcfa-d572636469c6 None None] oslo_messaging_rabbit.ssl_cert_file = {{(pid=108559) log_opt_values /opt/stack/data/venv/lib/python3.12/site-packages/oslo_config/cfg.py:3006}}
May 05 01:32:25.268620 np0000171615 devstack@n-api-meta.service[108559]: DEBUG nova.api.openstack.wsgi_app [None req-331e142e-d3c4-4d01-bcfa-d572636469c6 None None] oslo_messaging_rabbit.ssl_enforce_fips_mode = False {{(pid=108559) log_opt_values /opt/stack/data/venv/lib/python3.12/site-packages/oslo_config/cfg.py:3006}}
May 05 01:32:25.268766 np0000171615 devstack@n-api-meta.service[108559]: DEBUG nova.api.openstack.wsgi_app [None req-331e142e-d3c4-4d01-bcfa-d572636469c6 None None] oslo_messaging_rabbit.ssl_key_file = {{(pid=108559) log_opt_values /opt/stack/data/venv/lib/python3.12/site-packages/oslo_config/cfg.py:3006}}
May 05 01:32:25.268952 np0000171615 devstack@n-api-meta.service[108559]: DEBUG nova.api.openstack.wsgi_app [None req-331e142e-d3c4-4d01-bcfa-d572636469c6 None None] oslo_messaging_rabbit.ssl_version = {{(pid=108559) log_opt_values /opt/stack/data/venv/lib/python3.12/site-packages/oslo_config/cfg.py:3006}}
May 05 01:32:25.269148 np0000171615 devstack@n-api-meta.service[108559]: DEBUG nova.api.openstack.wsgi_app [None req-331e142e-d3c4-4d01-bcfa-d572636469c6 None None] oslo_messaging_rabbit.use_queue_manager = False {{(pid=108559) log_opt_values /opt/stack/data/venv/lib/python3.12/site-packages/oslo_config/cfg.py:3006}}
May 05 01:32:25.269380 np0000171615 devstack@n-api-meta.service[108559]: DEBUG nova.api.openstack.wsgi_app [None req-331e142e-d3c4-4d01-bcfa-d572636469c6 None None] oslo_messaging_notifications.driver = ['messagingv2'] {{(pid=108559) log_opt_values /opt/stack/data/venv/lib/python3.12/site-packages/oslo_config/cfg.py:3006}}
May 05 01:32:25.269613 np0000171615 devstack@n-api-meta.service[108559]: DEBUG nova.api.openstack.wsgi_app [None req-331e142e-d3c4-4d01-bcfa-d572636469c6 None None] oslo_messaging_notifications.retry = -1 {{(pid=108559) log_opt_values /opt/stack/data/venv/lib/python3.12/site-packages/oslo_config/cfg.py:3006}}
May 05 01:32:25.269824 np0000171615 devstack@n-api-meta.service[108559]: DEBUG nova.api.openstack.wsgi_app [None req-331e142e-d3c4-4d01-bcfa-d572636469c6 None None] oslo_messaging_notifications.topics = ['notifications'] {{(pid=108559) log_opt_values /opt/stack/data/venv/lib/python3.12/site-packages/oslo_config/cfg.py:3006}}
May 05 01:32:25.270080 np0000171615 devstack@n-api-meta.service[108559]: DEBUG nova.api.openstack.wsgi_app [None req-331e142e-d3c4-4d01-bcfa-d572636469c6 None None] oslo_messaging_notifications.transport_url = **** {{(pid=108559) log_opt_values /opt/stack/data/venv/lib/python3.12/site-packages/oslo_config/cfg.py:3006}}
May 05 01:32:25.270220 np0000171615 devstack@n-api-meta.service[108559]: DEBUG nova.api.openstack.wsgi_app [None req-331e142e-d3c4-4d01-bcfa-d572636469c6 None None] oslo_reports.file_event_handler = None {{(pid=108559) log_opt_values /opt/stack/data/venv/lib/python3.12/site-packages/oslo_config/cfg.py:3006}}
May 05 01:32:25.270365 np0000171615 devstack@n-api-meta.service[108559]: DEBUG nova.api.openstack.wsgi_app [None req-331e142e-d3c4-4d01-bcfa-d572636469c6 None None] oslo_reports.file_event_handler_interval = 1 {{(pid=108559) log_opt_values /opt/stack/data/venv/lib/python3.12/site-packages/oslo_config/cfg.py:3006}}
May 05 01:32:25.270513 np0000171615 devstack@n-api-meta.service[108559]: DEBUG nova.api.openstack.wsgi_app [None req-331e142e-d3c4-4d01-bcfa-d572636469c6 None None] oslo_reports.log_dir = None {{(pid=108559) log_opt_values /opt/stack/data/venv/lib/python3.12/site-packages/oslo_config/cfg.py:3006}}
May 05 01:32:25.270685 np0000171615 devstack@n-api-meta.service[108559]: DEBUG nova.api.openstack.wsgi_app [None req-331e142e-d3c4-4d01-bcfa-d572636469c6 None None] ******************************************************************************** {{(pid=108559) log_opt_values /opt/stack/data/venv/lib/python3.12/site-packages/oslo_config/cfg.py:3013}}
May 05 01:32:25.270843 np0000171615 devstack@n-api-meta.service[108559]: WSGI app 0 (mountpoint='') ready in 3 seconds on interpreter 0x7ff674aa3668 pid: 108559 (default app)
May 05 01:32:34.860022 np0000171615 devstack@n-api-meta.service[108557]: DEBUG dbcounter [-] [108557] Writing DB stats nova_api:SELECT=1 {{(pid=108557) stat_writer /opt/stack/data/venv/lib/python3.12/site-packages/dbcounter.py:115}}
May 05 01:32:34.893176 np0000171615 devstack@n-api-meta.service[108560]: DEBUG dbcounter [-] [108560] Writing DB stats nova_api:SELECT=1 {{(pid=108560) stat_writer /opt/stack/data/venv/lib/python3.12/site-packages/dbcounter.py:115}}
May 05 01:32:34.903060 np0000171615 devstack@n-api-meta.service[108558]: DEBUG dbcounter [-] [108558] Writing DB stats nova_api:SELECT=1 {{(pid=108558) stat_writer /opt/stack/data/venv/lib/python3.12/site-packages/dbcounter.py:115}}
May 05 01:32:34.933303 np0000171615 devstack@n-api-meta.service[108559]: DEBUG dbcounter [-] [108559] Writing DB stats nova_api:SELECT=1 {{(pid=108559) stat_writer /opt/stack/data/venv/lib/python3.12/site-packages/dbcounter.py:115}}
May 05 01:32:34.981568 np0000171615 devstack@n-api-meta.service[108557]: DEBUG dbcounter [-] [108557] Writing DB stats nova_cell0:SELECT=1 {{(pid=108557) stat_writer /opt/stack/data/venv/lib/python3.12/site-packages/dbcounter.py:115}}
May 05 01:32:34.986218 np0000171615 devstack@n-api-meta.service[108557]: DEBUG dbcounter [-] [108557] Writing DB stats nova_cell1:SELECT=1 {{(pid=108557) stat_writer /opt/stack/data/venv/lib/python3.12/site-packages/dbcounter.py:115}}
May 05 01:32:35.009845 np0000171615 devstack@n-api-meta.service[108560]: DEBUG dbcounter [-] [108560] Writing DB stats nova_cell0:SELECT=1 {{(pid=108560) stat_writer /opt/stack/data/venv/lib/python3.12/site-packages/dbcounter.py:115}}
May 05 01:32:35.017634 np0000171615 devstack@n-api-meta.service[108557]: DEBUG dbcounter [-] [108557] Writing DB stats nova_cell0:SELECT=2,nova_cell0:INSERT=1 {{(pid=108557) stat_writer /opt/stack/data/venv/lib/python3.12/site-packages/dbcounter.py:115}}
May 05 01:32:35.018738 np0000171615 devstack@n-api-meta.service[108560]: DEBUG dbcounter [-] [108560] Writing DB stats nova_cell1:SELECT=1 {{(pid=108560) stat_writer /opt/stack/data/venv/lib/python3.12/site-packages/dbcounter.py:115}}
May 05 01:32:35.047751 np0000171615 devstack@n-api-meta.service[108558]: DEBUG dbcounter [-] [108558] Writing DB stats nova_cell0:SELECT=1 {{(pid=108558) stat_writer /opt/stack/data/venv/lib/python3.12/site-packages/dbcounter.py:115}}
May 05 01:32:35.048447 np0000171615 devstack@n-api-meta.service[108558]: DEBUG dbcounter [-] [108558] Writing DB stats nova_cell1:SELECT=1 {{(pid=108558) stat_writer /opt/stack/data/venv/lib/python3.12/site-packages/dbcounter.py:115}}
May 05 01:32:35.051019 np0000171615 devstack@n-api-meta.service[108560]: DEBUG dbcounter [-] [108560] Writing DB stats nova_cell0:SELECT=1 {{(pid=108560) stat_writer /opt/stack/data/venv/lib/python3.12/site-packages/dbcounter.py:115}}
May 05 01:32:35.069547 np0000171615 devstack@n-api-meta.service[108559]: DEBUG dbcounter [-] [108559] Writing DB stats nova_cell0:SELECT=1 {{(pid=108559) stat_writer /opt/stack/data/venv/lib/python3.12/site-packages/dbcounter.py:115}}
May 05 01:32:35.070210 np0000171615 devstack@n-api-meta.service[108559]: DEBUG dbcounter [-] [108559] Writing DB stats nova_cell1:SELECT=1 {{(pid=108559) stat_writer /opt/stack/data/venv/lib/python3.12/site-packages/dbcounter.py:115}}
May 05 01:32:35.078034 np0000171615 devstack@n-api-meta.service[108558]: DEBUG dbcounter [-] [108558] Writing DB stats nova_cell0:SELECT=1 {{(pid=108558) stat_writer /opt/stack/data/venv/lib/python3.12/site-packages/dbcounter.py:115}}
May 05 01:32:35.088942 np0000171615 devstack@n-api-meta.service[108559]: DEBUG dbcounter [-] [108559] Writing DB stats nova_cell0:SELECT=1 {{(pid=108559) stat_writer /opt/stack/data/venv/lib/python3.12/site-packages/dbcounter.py:115}}
May 05 01:37:25.621027 np0000171615 devstack@n-api-meta.service[108557]: DEBUG nova.api.metadata.handler [None req-0ede5c25-c81f-4ec5-bf3e-2bef3f06724c None None] Metadata request headers: {'Host': '199.204.45.4:8775', 'User-Agent': 'python-requests/2.33.1', 'Accept-Encoding': 'gzip, deflate', 'Accept': '*/*', 'Connection': 'keep-alive', 'X-Forwarded-For': '192.168.24.207', 'X-Instance-Id': '5111f48a-79d4-4bb3-ac62-c22ef0b7e95b', 'X-Tenant-Id': '8ad3e115eb474820ba35d2ec49281c82', 'X-Instance-Id-Signature': '098e3c862d7b80e714c49102e0f92da898fada86060b265e0300416cb38d6022'} {{(pid=108557) __call__ /opt/stack/nova/nova/api/metadata/handler.py:109}}
May 05 01:37:25.633963 np0000171615 devstack@n-api-meta.service[108557]: DEBUG oslo_concurrency.lockutils [None req-7ffe949c-d85e-417b-9021-3b88adc117e1 None None] Acquiring lock "314e4966-bf0a-49d5-a4e8-d96fadbc07bf" by "nova.context.set_target_cell..get_or_set_cached_cell_and_set_connections" {{(pid=108557) inner /opt/stack/data/venv/lib/python3.12/site-packages/oslo_concurrency/lockutils.py:506}}
May 05 01:37:25.634111 np0000171615 devstack@n-api-meta.service[108557]: DEBUG oslo_concurrency.lockutils [None req-7ffe949c-d85e-417b-9021-3b88adc117e1 None None] Lock "314e4966-bf0a-49d5-a4e8-d96fadbc07bf" acquired by "nova.context.set_target_cell..get_or_set_cached_cell_and_set_connections" :: waited 0.000s {{(pid=108557) inner /opt/stack/data/venv/lib/python3.12/site-packages/oslo_concurrency/lockutils.py:519}}
May 05 01:37:25.634269 np0000171615 devstack@n-api-meta.service[108557]: DEBUG oslo_concurrency.lockutils [None req-7ffe949c-d85e-417b-9021-3b88adc117e1 None None] Lock "314e4966-bf0a-49d5-a4e8-d96fadbc07bf" "released" by "nova.context.set_target_cell..get_or_set_cached_cell_and_set_connections" :: held 0.000s {{(pid=108557) inner /opt/stack/data/venv/lib/python3.12/site-packages/oslo_concurrency/lockutils.py:538}}
May 05 01:37:25.684496 np0000171615 devstack@n-api-meta.service[108557]: WARNING neutronclient.v2_0.client [None req-7ffe949c-d85e-417b-9021-3b88adc117e1 None None] The python binding code in neutronclient is deprecated in favor of OpenstackSDK, please use that as this will be removed in a future release.
May 05 01:37:26.102809 np0000171615 devstack@n-api-meta.service[108557]: [pid: 108557|app: 0|req: 1/1] 199.204.45.4 () {40 vars in 639 bytes} [Tue May 5 01:37:25 2026] GET /openstack => generated 116 bytes in 483 msecs (HTTP/1.1 200) 3 headers in 100 bytes (1 switches on core 0)
May 05 01:37:26.115116 np0000171615 devstack@n-api-meta.service[108560]: DEBUG nova.api.metadata.handler [None req-4a9a23e0-3005-4926-8703-a28adefcf5ab None None] Metadata request headers: {'Host': '199.204.45.4:8775', 'User-Agent': 'python-requests/2.33.1', 'Accept-Encoding': 'gzip, deflate', 'Accept': '*/*', 'Connection': 'keep-alive', 'X-Forwarded-For': '192.168.24.207', 'X-Instance-Id': '5111f48a-79d4-4bb3-ac62-c22ef0b7e95b', 'X-Tenant-Id': '8ad3e115eb474820ba35d2ec49281c82', 'X-Instance-Id-Signature': '098e3c862d7b80e714c49102e0f92da898fada86060b265e0300416cb38d6022'} {{(pid=108560) __call__ /opt/stack/nova/nova/api/metadata/handler.py:109}}
May 05 01:37:26.120271 np0000171615 devstack@n-api-meta.service[108560]: DEBUG nova.api.metadata.handler [None req-4a9a23e0-3005-4926-8703-a28adefcf5ab None None] Using cached metadata for instance 5111f48a-79d4-4bb3-ac62-c22ef0b7e95b {{(pid=108560) get_metadata_by_instance_id /opt/stack/nova/nova/api/metadata/handler.py:84}}
May 05 01:37:26.120727 np0000171615 devstack@n-api-meta.service[108560]: [pid: 108560|app: 0|req: 1/2] 199.204.45.4 () {40 vars in 639 bytes} [Tue May 5 01:37:26 2026] GET /openstack => generated 116 bytes in 7 msecs (HTTP/1.1 200) 3 headers in 100 bytes (1 switches on core 0)
May 05 01:37:26.129359 np0000171615 devstack@n-api-meta.service[108558]: DEBUG nova.api.metadata.handler [None req-d2474402-18e1-49db-b0c6-9adc64481edf None None] Metadata request headers: {'Host': '199.204.45.4:8775', 'User-Agent': 'python-requests/2.33.1', 'Accept-Encoding': 'gzip, deflate', 'Accept': '*/*', 'Connection': 'keep-alive', 'X-Forwarded-For': '192.168.24.207', 'X-Instance-Id': '5111f48a-79d4-4bb3-ac62-c22ef0b7e95b', 'X-Tenant-Id': '8ad3e115eb474820ba35d2ec49281c82', 'X-Instance-Id-Signature': '098e3c862d7b80e714c49102e0f92da898fada86060b265e0300416cb38d6022'} {{(pid=108558) __call__ /opt/stack/nova/nova/api/metadata/handler.py:109}}
May 05 01:37:26.132995 np0000171615 devstack@n-api-meta.service[108558]: DEBUG nova.api.metadata.handler [None req-d2474402-18e1-49db-b0c6-9adc64481edf None None] Using cached metadata for instance 5111f48a-79d4-4bb3-ac62-c22ef0b7e95b {{(pid=108558) get_metadata_by_instance_id /opt/stack/nova/nova/api/metadata/handler.py:84}}
May 05 01:37:26.133782 np0000171615 devstack@n-api-meta.service[108558]: [pid: 108558|app: 0|req: 1/3] 199.204.45.4 () {40 vars in 691 bytes} [Tue May 5 01:37:26 2026] GET /openstack/2018-08-27/meta_data.json => generated 946 bytes in 5 msecs (HTTP/1.1 200) 3 headers in 91 bytes (1 switches on core 0)
May 05 01:37:26.141153 np0000171615 devstack@n-api-meta.service[108559]: DEBUG nova.api.metadata.handler [None req-331e142e-d3c4-4d01-bcfa-d572636469c6 None None] Metadata request headers: {'Host': '199.204.45.4:8775', 'User-Agent': 'python-requests/2.33.1', 'Accept-Encoding': 'gzip, deflate', 'Accept': '*/*', 'Connection': 'keep-alive', 'X-Forwarded-For': '192.168.24.207', 'X-Instance-Id': '5111f48a-79d4-4bb3-ac62-c22ef0b7e95b', 'X-Tenant-Id': '8ad3e115eb474820ba35d2ec49281c82', 'X-Instance-Id-Signature': '098e3c862d7b80e714c49102e0f92da898fada86060b265e0300416cb38d6022'} {{(pid=108559) __call__ /opt/stack/nova/nova/api/metadata/handler.py:109}}
May 05 01:37:26.146808 np0000171615 devstack@n-api-meta.service[108559]: DEBUG nova.api.metadata.handler [None req-331e142e-d3c4-4d01-bcfa-d572636469c6 None None] Using cached metadata for instance 5111f48a-79d4-4bb3-ac62-c22ef0b7e95b {{(pid=108559) get_metadata_by_instance_id /opt/stack/nova/nova/api/metadata/handler.py:84}}
May 05 01:37:26.147322 np0000171615 devstack@n-api-meta.service[108559]: [pid: 108559|app: 0|req: 1/4] 199.204.45.4 () {40 vars in 681 bytes} [Tue May 5 01:37:26 2026] GET /openstack/2018-08-27/user_data => generated 26437 bytes in 7 msecs (HTTP/1.1 200) 3 headers in 102 bytes (1 switches on core 0)
May 05 01:37:26.157150 np0000171615 devstack@n-api-meta.service[108557]: DEBUG nova.api.metadata.handler [None req-7ffe949c-d85e-417b-9021-3b88adc117e1 None None] Metadata request headers: {'Host': '199.204.45.4:8775', 'User-Agent': 'python-requests/2.33.1', 'Accept-Encoding': 'gzip, deflate', 'Accept': '*/*', 'Connection': 'keep-alive', 'X-Forwarded-For': '192.168.24.207', 'X-Instance-Id': '5111f48a-79d4-4bb3-ac62-c22ef0b7e95b', 'X-Tenant-Id': '8ad3e115eb474820ba35d2ec49281c82', 'X-Instance-Id-Signature': '098e3c862d7b80e714c49102e0f92da898fada86060b265e0300416cb38d6022'} {{(pid=108557) __call__ /opt/stack/nova/nova/api/metadata/handler.py:109}}
May 05 01:37:26.159289 np0000171615 devstack@n-api-meta.service[108557]: DEBUG nova.api.metadata.handler [None req-7ffe949c-d85e-417b-9021-3b88adc117e1 None None] Using cached metadata for instance 5111f48a-79d4-4bb3-ac62-c22ef0b7e95b {{(pid=108557) get_metadata_by_instance_id /opt/stack/nova/nova/api/metadata/handler.py:84}}
May 05 01:37:26.159828 np0000171615 devstack@n-api-meta.service[108557]: [pid: 108557|app: 0|req: 2/5] 199.204.45.4 () {40 vars in 695 bytes} [Tue May 5 01:37:26 2026] GET /openstack/2018-08-27/vendor_data.json => generated 2 bytes in 3 msecs (HTTP/1.1 200) 3 headers in 89 bytes (1 switches on core 0)
May 05 01:37:26.168917 np0000171615 devstack@n-api-meta.service[108560]: DEBUG nova.api.metadata.handler [None req-4a9a23e0-3005-4926-8703-a28adefcf5ab None None] Metadata request headers: {'Host': '199.204.45.4:8775', 'User-Agent': 'python-requests/2.33.1', 'Accept-Encoding': 'gzip, deflate', 'Accept': '*/*', 'Connection': 'keep-alive', 'X-Forwarded-For': '192.168.24.207', 'X-Instance-Id': '5111f48a-79d4-4bb3-ac62-c22ef0b7e95b', 'X-Tenant-Id': '8ad3e115eb474820ba35d2ec49281c82', 'X-Instance-Id-Signature': '098e3c862d7b80e714c49102e0f92da898fada86060b265e0300416cb38d6022'} {{(pid=108560) __call__ /opt/stack/nova/nova/api/metadata/handler.py:109}}
May 05 01:37:26.171433 np0000171615 devstack@n-api-meta.service[108560]: DEBUG nova.api.metadata.handler [None req-4a9a23e0-3005-4926-8703-a28adefcf5ab None None] Using cached metadata for instance 5111f48a-79d4-4bb3-ac62-c22ef0b7e95b {{(pid=108560) get_metadata_by_instance_id /opt/stack/nova/nova/api/metadata/handler.py:84}}
May 05 01:37:26.172046 np0000171615 devstack@n-api-meta.service[108560]: [pid: 108560|app: 0|req: 2/6] 199.204.45.4 () {40 vars in 697 bytes} [Tue May 5 01:37:26 2026] GET /openstack/2018-08-27/vendor_data2.json => generated 14 bytes in 4 msecs (HTTP/1.1 200) 3 headers in 90 bytes (1 switches on core 0)
May 05 01:37:26.180242 np0000171615 devstack@n-api-meta.service[108558]: DEBUG nova.api.metadata.handler [None req-d2474402-18e1-49db-b0c6-9adc64481edf None None] Metadata request headers: {'Host': '199.204.45.4:8775', 'User-Agent': 'python-requests/2.33.1', 'Accept-Encoding': 'gzip, deflate', 'Accept': '*/*', 'Connection': 'keep-alive', 'X-Forwarded-For': '192.168.24.207', 'X-Instance-Id': '5111f48a-79d4-4bb3-ac62-c22ef0b7e95b', 'X-Tenant-Id': '8ad3e115eb474820ba35d2ec49281c82', 'X-Instance-Id-Signature': '098e3c862d7b80e714c49102e0f92da898fada86060b265e0300416cb38d6022'} {{(pid=108558) __call__ /opt/stack/nova/nova/api/metadata/handler.py:109}}
May 05 01:37:26.183220 np0000171615 devstack@n-api-meta.service[108558]: DEBUG nova.api.metadata.handler [None req-d2474402-18e1-49db-b0c6-9adc64481edf None None] Using cached metadata for instance 5111f48a-79d4-4bb3-ac62-c22ef0b7e95b {{(pid=108558) get_metadata_by_instance_id /opt/stack/nova/nova/api/metadata/handler.py:84}}
May 05 01:37:26.183730 np0000171615 devstack@n-api-meta.service[108558]: [pid: 108558|app: 0|req: 2/7] 199.204.45.4 () {40 vars in 695 bytes} [Tue May 5 01:37:26 2026] GET /openstack/2018-08-27/network_data.json => generated 348 bytes in 4 msecs (HTTP/1.1 200) 3 headers in 100 bytes (1 switches on core 0)
May 05 01:37:26.191727 np0000171615 devstack@n-api-meta.service[108559]: DEBUG nova.api.metadata.handler [None req-331e142e-d3c4-4d01-bcfa-d572636469c6 None None] Metadata request headers: {'Host': '199.204.45.4:8775', 'User-Agent': 'python-requests/2.33.1', 'Accept-Encoding': 'gzip, deflate', 'Accept': '*/*', 'Connection': 'keep-alive', 'X-Forwarded-For': '192.168.24.207', 'X-Instance-Id': '5111f48a-79d4-4bb3-ac62-c22ef0b7e95b', 'X-Tenant-Id': '8ad3e115eb474820ba35d2ec49281c82', 'X-Instance-Id-Signature': '098e3c862d7b80e714c49102e0f92da898fada86060b265e0300416cb38d6022'} {{(pid=108559) __call__ /opt/stack/nova/nova/api/metadata/handler.py:109}}
May 05 01:37:26.195031 np0000171615 devstack@n-api-meta.service[108559]: DEBUG nova.api.metadata.handler [None req-331e142e-d3c4-4d01-bcfa-d572636469c6 None None] Using cached metadata for instance 5111f48a-79d4-4bb3-ac62-c22ef0b7e95b {{(pid=108559) get_metadata_by_instance_id /opt/stack/nova/nova/api/metadata/handler.py:84}}
May 05 01:37:26.195840 np0000171615 devstack@n-api-meta.service[108559]: [pid: 108559|app: 0|req: 2/8] 199.204.45.4 () {40 vars in 654 bytes} [Tue May 5 01:37:26 2026] GET /latest/meta-data/ => generated 210 bytes in 5 msecs (HTTP/1.1 200) 3 headers in 100 bytes (1 switches on core 0)
May 05 01:37:26.204458 np0000171615 devstack@n-api-meta.service[108557]: DEBUG nova.api.metadata.handler [None req-7ffe949c-d85e-417b-9021-3b88adc117e1 None None] Metadata request headers: {'Host': '199.204.45.4:8775', 'User-Agent': 'python-requests/2.33.1', 'Accept-Encoding': 'gzip, deflate', 'Accept': '*/*', 'Connection': 'keep-alive', 'X-Forwarded-For': '192.168.24.207', 'X-Instance-Id': '5111f48a-79d4-4bb3-ac62-c22ef0b7e95b', 'X-Tenant-Id': '8ad3e115eb474820ba35d2ec49281c82', 'X-Instance-Id-Signature': '098e3c862d7b80e714c49102e0f92da898fada86060b265e0300416cb38d6022'} {{(pid=108557) __call__ /opt/stack/nova/nova/api/metadata/handler.py:109}}
May 05 01:37:26.207174 np0000171615 devstack@n-api-meta.service[108557]: DEBUG nova.api.metadata.handler [None req-7ffe949c-d85e-417b-9021-3b88adc117e1 None None] Using cached metadata for instance 5111f48a-79d4-4bb3-ac62-c22ef0b7e95b {{(pid=108557) get_metadata_by_instance_id /opt/stack/nova/nova/api/metadata/handler.py:84}}
May 05 01:37:26.207987 np0000171615 devstack@n-api-meta.service[108557]: [pid: 108557|app: 0|req: 3/9] 199.204.45.4 () {40 vars in 696 bytes} [Tue May 5 01:37:26 2026] GET /latest/meta-data/block-device-mapping/ => generated 8 bytes in 4 msecs (HTTP/1.1 200) 3 headers in 98 bytes (1 switches on core 0)
May 05 01:37:26.216191 np0000171615 devstack@n-api-meta.service[108560]: DEBUG nova.api.metadata.handler [None req-4a9a23e0-3005-4926-8703-a28adefcf5ab None None] Metadata request headers: {'Host': '199.204.45.4:8775', 'User-Agent': 'python-requests/2.33.1', 'Accept-Encoding': 'gzip, deflate', 'Accept': '*/*', 'Connection': 'keep-alive', 'X-Forwarded-For': '192.168.24.207', 'X-Instance-Id': '5111f48a-79d4-4bb3-ac62-c22ef0b7e95b', 'X-Tenant-Id': '8ad3e115eb474820ba35d2ec49281c82', 'X-Instance-Id-Signature': '098e3c862d7b80e714c49102e0f92da898fada86060b265e0300416cb38d6022'} {{(pid=108560) __call__ /opt/stack/nova/nova/api/metadata/handler.py:109}}
May 05 01:37:26.219408 np0000171615 devstack@n-api-meta.service[108560]: DEBUG nova.api.metadata.handler [None req-4a9a23e0-3005-4926-8703-a28adefcf5ab None None] Using cached metadata for instance 5111f48a-79d4-4bb3-ac62-c22ef0b7e95b {{(pid=108560) get_metadata_by_instance_id /opt/stack/nova/nova/api/metadata/handler.py:84}}
May 05 01:37:26.220202 np0000171615 devstack@n-api-meta.service[108560]: [pid: 108560|app: 0|req: 3/10] 199.204.45.4 () {40 vars in 702 bytes} [Tue May 5 01:37:26 2026] GET /latest/meta-data/block-device-mapping/ami => generated 3 bytes in 5 msecs (HTTP/1.1 200) 3 headers in 98 bytes (1 switches on core 0)
May 05 01:37:26.229085 np0000171615 devstack@n-api-meta.service[108558]: DEBUG nova.api.metadata.handler [None req-d2474402-18e1-49db-b0c6-9adc64481edf None None] Metadata request headers: {'Host': '199.204.45.4:8775', 'User-Agent': 'python-requests/2.33.1', 'Accept-Encoding': 'gzip, deflate', 'Accept': '*/*', 'Connection': 'keep-alive', 'X-Forwarded-For': '192.168.24.207', 'X-Instance-Id': '5111f48a-79d4-4bb3-ac62-c22ef0b7e95b', 'X-Tenant-Id': '8ad3e115eb474820ba35d2ec49281c82', 'X-Instance-Id-Signature': '098e3c862d7b80e714c49102e0f92da898fada86060b265e0300416cb38d6022'} {{(pid=108558) __call__ /opt/stack/nova/nova/api/metadata/handler.py:109}}
May 05 01:37:26.232059 np0000171615 devstack@n-api-meta.service[108558]: DEBUG nova.api.metadata.handler [None req-d2474402-18e1-49db-b0c6-9adc64481edf None None] Using cached metadata for instance 5111f48a-79d4-4bb3-ac62-c22ef0b7e95b {{(pid=108558) get_metadata_by_instance_id /opt/stack/nova/nova/api/metadata/handler.py:84}}
May 05 01:37:26.233127 np0000171615 devstack@n-api-meta.service[108558]: [pid: 108558|app: 0|req: 3/11] 199.204.45.4 () {40 vars in 705 bytes} [Tue May 5 01:37:26 2026] GET /latest/meta-data/block-device-mapping/root => generated 8 bytes in 5 msecs (HTTP/1.1 200) 3 headers in 98 bytes (1 switches on core 0)
May 05 01:37:26.240705 np0000171615 devstack@n-api-meta.service[108559]: DEBUG nova.api.metadata.handler [None req-331e142e-d3c4-4d01-bcfa-d572636469c6 None None] Metadata request headers: {'Host': '199.204.45.4:8775', 'User-Agent': 'python-requests/2.33.1', 'Accept-Encoding': 'gzip, deflate', 'Accept': '*/*', 'Connection': 'keep-alive', 'X-Forwarded-For': '192.168.24.207', 'X-Instance-Id': '5111f48a-79d4-4bb3-ac62-c22ef0b7e95b', 'X-Tenant-Id': '8ad3e115eb474820ba35d2ec49281c82', 'X-Instance-Id-Signature': '098e3c862d7b80e714c49102e0f92da898fada86060b265e0300416cb38d6022'} {{(pid=108559) __call__ /opt/stack/nova/nova/api/metadata/handler.py:109}}
May 05 01:37:26.242488 np0000171615 devstack@n-api-meta.service[108559]: DEBUG nova.api.metadata.handler [None req-331e142e-d3c4-4d01-bcfa-d572636469c6 None None] Using cached metadata for instance 5111f48a-79d4-4bb3-ac62-c22ef0b7e95b {{(pid=108559) get_metadata_by_instance_id /opt/stack/nova/nova/api/metadata/handler.py:84}}
May 05 01:37:26.242942 np0000171615 devstack@n-api-meta.service[108559]: [pid: 108559|app: 0|req: 3/12] 199.204.45.4 () {40 vars in 675 bytes} [Tue May 5 01:37:26 2026] GET /latest/meta-data/placement/ => generated 17 bytes in 2 msecs (HTTP/1.1 200) 3 headers in 99 bytes (1 switches on core 0)
May 05 01:37:26.248972 np0000171615 devstack@n-api-meta.service[108557]: DEBUG nova.api.metadata.handler [None req-7ffe949c-d85e-417b-9021-3b88adc117e1 None None] Metadata request headers: {'Host': '199.204.45.4:8775', 'User-Agent': 'python-requests/2.33.1', 'Accept-Encoding': 'gzip, deflate', 'Accept': '*/*', 'Connection': 'keep-alive', 'X-Forwarded-For': '192.168.24.207', 'X-Instance-Id': '5111f48a-79d4-4bb3-ac62-c22ef0b7e95b', 'X-Tenant-Id': '8ad3e115eb474820ba35d2ec49281c82', 'X-Instance-Id-Signature': '098e3c862d7b80e714c49102e0f92da898fada86060b265e0300416cb38d6022'} {{(pid=108557) __call__ /opt/stack/nova/nova/api/metadata/handler.py:109}}
May 05 01:37:26.251703 np0000171615 devstack@n-api-meta.service[108557]: DEBUG nova.api.metadata.handler [None req-7ffe949c-d85e-417b-9021-3b88adc117e1 None None] Using cached metadata for instance 5111f48a-79d4-4bb3-ac62-c22ef0b7e95b {{(pid=108557) get_metadata_by_instance_id /opt/stack/nova/nova/api/metadata/handler.py:84}}
May 05 01:37:26.252312 np0000171615 devstack@n-api-meta.service[108557]: [pid: 108557|app: 0|req: 4/13] 199.204.45.4 () {40 vars in 709 bytes} [Tue May 5 01:37:26 2026] GET /latest/meta-data/placement/availability-zone => generated 4 bytes in 4 msecs (HTTP/1.1 200) 3 headers in 98 bytes (1 switches on core 0)
May 05 01:37:26.260733 np0000171615 devstack@n-api-meta.service[108560]: DEBUG nova.api.metadata.handler [None req-4a9a23e0-3005-4926-8703-a28adefcf5ab None None] Metadata request headers: {'Host': '199.204.45.4:8775', 'User-Agent': 'python-requests/2.33.1', 'Accept-Encoding': 'gzip, deflate', 'Accept': '*/*', 'Connection': 'keep-alive', 'X-Forwarded-For': '192.168.24.207', 'X-Instance-Id': '5111f48a-79d4-4bb3-ac62-c22ef0b7e95b', 'X-Tenant-Id': '8ad3e115eb474820ba35d2ec49281c82', 'X-Instance-Id-Signature': '098e3c862d7b80e714c49102e0f92da898fada86060b265e0300416cb38d6022'} {{(pid=108560) __call__ /opt/stack/nova/nova/api/metadata/handler.py:109}}
May 05 01:37:26.263511 np0000171615 devstack@n-api-meta.service[108560]: DEBUG nova.api.metadata.handler [None req-4a9a23e0-3005-4926-8703-a28adefcf5ab None None] Using cached metadata for instance 5111f48a-79d4-4bb3-ac62-c22ef0b7e95b {{(pid=108560) get_metadata_by_instance_id /opt/stack/nova/nova/api/metadata/handler.py:84}}
May 05 01:37:26.264214 np0000171615 devstack@n-api-meta.service[108560]: [pid: 108560|app: 0|req: 4/14] 199.204.45.4 () {40 vars in 667 bytes} [Tue May 5 01:37:26 2026] GET /latest/meta-data/ami-id => generated 12 bytes in 4 msecs (HTTP/1.1 200) 3 headers in 99 bytes (1 switches on core 0)
May 05 01:37:26.273447 np0000171615 devstack@n-api-meta.service[108558]: DEBUG nova.api.metadata.handler [None req-d2474402-18e1-49db-b0c6-9adc64481edf None None] Metadata request headers: {'Host': '199.204.45.4:8775', 'User-Agent': 'python-requests/2.33.1', 'Accept-Encoding': 'gzip, deflate', 'Accept': '*/*', 'Connection': 'keep-alive', 'X-Forwarded-For': '192.168.24.207', 'X-Instance-Id': '5111f48a-79d4-4bb3-ac62-c22ef0b7e95b', 'X-Tenant-Id': '8ad3e115eb474820ba35d2ec49281c82', 'X-Instance-Id-Signature': '098e3c862d7b80e714c49102e0f92da898fada86060b265e0300416cb38d6022'} {{(pid=108558) __call__ /opt/stack/nova/nova/api/metadata/handler.py:109}}
May 05 01:37:26.277113 np0000171615 devstack@n-api-meta.service[108558]: DEBUG nova.api.metadata.handler [None req-d2474402-18e1-49db-b0c6-9adc64481edf None None] Using cached metadata for instance 5111f48a-79d4-4bb3-ac62-c22ef0b7e95b {{(pid=108558) get_metadata_by_instance_id /opt/stack/nova/nova/api/metadata/handler.py:84}}
May 05 01:37:26.278217 np0000171615 devstack@n-api-meta.service[108558]: [pid: 108558|app: 0|req: 4/15] 199.204.45.4 () {40 vars in 687 bytes} [Tue May 5 01:37:26 2026] GET /latest/meta-data/ami-launch-index => generated 1 bytes in 5 msecs (HTTP/1.1 200) 3 headers in 98 bytes (1 switches on core 0)
May 05 01:37:26.287248 np0000171615 devstack@n-api-meta.service[108559]: DEBUG nova.api.metadata.handler [None req-331e142e-d3c4-4d01-bcfa-d572636469c6 None None] Metadata request headers: {'Host': '199.204.45.4:8775', 'User-Agent': 'python-requests/2.33.1', 'Accept-Encoding': 'gzip, deflate', 'Accept': '*/*', 'Connection': 'keep-alive', 'X-Forwarded-For': '192.168.24.207', 'X-Instance-Id': '5111f48a-79d4-4bb3-ac62-c22ef0b7e95b', 'X-Tenant-Id': '8ad3e115eb474820ba35d2ec49281c82', 'X-Instance-Id-Signature': '098e3c862d7b80e714c49102e0f92da898fada86060b265e0300416cb38d6022'} {{(pid=108559) __call__ /opt/stack/nova/nova/api/metadata/handler.py:109}}
May 05 01:37:26.289194 np0000171615 devstack@n-api-meta.service[108559]: DEBUG nova.api.metadata.handler [None req-331e142e-d3c4-4d01-bcfa-d572636469c6 None None] Using cached metadata for instance 5111f48a-79d4-4bb3-ac62-c22ef0b7e95b {{(pid=108559) get_metadata_by_instance_id /opt/stack/nova/nova/api/metadata/handler.py:84}}
May 05 01:37:26.289684 np0000171615 devstack@n-api-meta.service[108559]: [pid: 108559|app: 0|req: 4/16] 199.204.45.4 () {40 vars in 689 bytes} [Tue May 5 01:37:26 2026] GET /latest/meta-data/ami-manifest-path => generated 5 bytes in 3 msecs (HTTP/1.1 200) 3 headers in 98 bytes (1 switches on core 0)
May 05 01:37:26.298869 np0000171615 devstack@n-api-meta.service[108557]: DEBUG nova.api.metadata.handler [None req-7ffe949c-d85e-417b-9021-3b88adc117e1 None None] Metadata request headers: {'Host': '199.204.45.4:8775', 'User-Agent': 'python-requests/2.33.1', 'Accept-Encoding': 'gzip, deflate', 'Accept': '*/*', 'Connection': 'keep-alive', 'X-Forwarded-For': '192.168.24.207', 'X-Instance-Id': '5111f48a-79d4-4bb3-ac62-c22ef0b7e95b', 'X-Tenant-Id': '8ad3e115eb474820ba35d2ec49281c82', 'X-Instance-Id-Signature': '098e3c862d7b80e714c49102e0f92da898fada86060b265e0300416cb38d6022'} {{(pid=108557) __call__ /opt/stack/nova/nova/api/metadata/handler.py:109}}
May 05 01:37:26.301501 np0000171615 devstack@n-api-meta.service[108557]: DEBUG nova.api.metadata.handler [None req-7ffe949c-d85e-417b-9021-3b88adc117e1 None None] Using cached metadata for instance 5111f48a-79d4-4bb3-ac62-c22ef0b7e95b {{(pid=108557) get_metadata_by_instance_id /opt/stack/nova/nova/api/metadata/handler.py:84}}
May 05 01:37:26.302266 np0000171615 devstack@n-api-meta.service[108557]: [pid: 108557|app: 0|req: 5/17] 199.204.45.4 () {40 vars in 671 bytes} [Tue May 5 01:37:26 2026] GET /latest/meta-data/hostname => generated 32 bytes in 4 msecs (HTTP/1.1 200) 3 headers in 99 bytes (1 switches on core 0)
May 05 01:37:26.308695 np0000171615 devstack@n-api-meta.service[108560]: DEBUG nova.api.metadata.handler [None req-4a9a23e0-3005-4926-8703-a28adefcf5ab None None] Metadata request headers: {'Host': '199.204.45.4:8775', 'User-Agent': 'python-requests/2.33.1', 'Accept-Encoding': 'gzip, deflate', 'Accept': '*/*', 'Connection': 'keep-alive', 'X-Forwarded-For': '192.168.24.207', 'X-Instance-Id': '5111f48a-79d4-4bb3-ac62-c22ef0b7e95b', 'X-Tenant-Id': '8ad3e115eb474820ba35d2ec49281c82', 'X-Instance-Id-Signature': '098e3c862d7b80e714c49102e0f92da898fada86060b265e0300416cb38d6022'} {{(pid=108560) __call__ /opt/stack/nova/nova/api/metadata/handler.py:109}}
May 05 01:37:26.310487 np0000171615 devstack@n-api-meta.service[108560]: DEBUG nova.api.metadata.handler [None req-4a9a23e0-3005-4926-8703-a28adefcf5ab None None] Using cached metadata for instance 5111f48a-79d4-4bb3-ac62-c22ef0b7e95b {{(pid=108560) get_metadata_by_instance_id /opt/stack/nova/nova/api/metadata/handler.py:84}}
May 05 01:37:26.310900 np0000171615 devstack@n-api-meta.service[108560]: [pid: 108560|app: 0|req: 5/18] 199.204.45.4 () {40 vars in 685 bytes} [Tue May 5 01:37:26 2026] GET /latest/meta-data/instance-action => generated 4 bytes in 2 msecs (HTTP/1.1 200) 3 headers in 98 bytes (1 switches on core 0)
May 05 01:37:26.317664 np0000171615 devstack@n-api-meta.service[108558]: DEBUG nova.api.metadata.handler [None req-d2474402-18e1-49db-b0c6-9adc64481edf None None] Metadata request headers: {'Host': '199.204.45.4:8775', 'User-Agent': 'python-requests/2.33.1', 'Accept-Encoding': 'gzip, deflate', 'Accept': '*/*', 'Connection': 'keep-alive', 'X-Forwarded-For': '192.168.24.207', 'X-Instance-Id': '5111f48a-79d4-4bb3-ac62-c22ef0b7e95b', 'X-Tenant-Id': '8ad3e115eb474820ba35d2ec49281c82', 'X-Instance-Id-Signature': '098e3c862d7b80e714c49102e0f92da898fada86060b265e0300416cb38d6022'} {{(pid=108558) __call__ /opt/stack/nova/nova/api/metadata/handler.py:109}}
May 05 01:37:26.319756 np0000171615 devstack@n-api-meta.service[108558]: DEBUG nova.api.metadata.handler [None req-d2474402-18e1-49db-b0c6-9adc64481edf None None] Using cached metadata for instance 5111f48a-79d4-4bb3-ac62-c22ef0b7e95b {{(pid=108558) get_metadata_by_instance_id /opt/stack/nova/nova/api/metadata/handler.py:84}}
May 05 01:37:26.320197 np0000171615 devstack@n-api-meta.service[108558]: [pid: 108558|app: 0|req: 5/19] 199.204.45.4 () {40 vars in 677 bytes} [Tue May 5 01:37:26 2026] GET /latest/meta-data/instance-id => generated 10 bytes in 3 msecs (HTTP/1.1 200) 3 headers in 99 bytes (1 switches on core 0)
May 05 01:37:26.330534 np0000171615 devstack@n-api-meta.service[108559]: DEBUG nova.api.metadata.handler [None req-331e142e-d3c4-4d01-bcfa-d572636469c6 None None] Metadata request headers: {'Host': '199.204.45.4:8775', 'User-Agent': 'python-requests/2.33.1', 'Accept-Encoding': 'gzip, deflate', 'Accept': '*/*', 'Connection': 'keep-alive', 'X-Forwarded-For': '192.168.24.207', 'X-Instance-Id': '5111f48a-79d4-4bb3-ac62-c22ef0b7e95b', 'X-Tenant-Id': '8ad3e115eb474820ba35d2ec49281c82', 'X-Instance-Id-Signature': '098e3c862d7b80e714c49102e0f92da898fada86060b265e0300416cb38d6022'} {{(pid=108559) __call__ /opt/stack/nova/nova/api/metadata/handler.py:109}}
May 05 01:37:26.333415 np0000171615 devstack@n-api-meta.service[108559]: DEBUG nova.api.metadata.handler [None req-331e142e-d3c4-4d01-bcfa-d572636469c6 None None] Using cached metadata for instance 5111f48a-79d4-4bb3-ac62-c22ef0b7e95b {{(pid=108559) get_metadata_by_instance_id /opt/stack/nova/nova/api/metadata/handler.py:84}}
May 05 01:37:26.333866 np0000171615 devstack@n-api-meta.service[108559]: [pid: 108559|app: 0|req: 5/20] 199.204.45.4 () {40 vars in 681 bytes} [Tue May 5 01:37:26 2026] GET /latest/meta-data/instance-type => generated 8 bytes in 4 msecs (HTTP/1.1 200) 3 headers in 98 bytes (1 switches on core 0)
