+ COMMAND=start + start + for KEYSTONE_WSGI_SCRIPT in keystone-wsgi-public ++ type -p keystone-wsgi-public + cp -a /var/lib/openstack/bin/keystone-wsgi-public /var/www/cgi-bin/keystone/ + '[' -f /etc/apache2/envvars ']' + source /etc/apache2/envvars ++ unset HOME ++ '[' '' '!=' '' ']' ++ SUFFIX= ++ export APACHE_RUN_USER=www-data ++ APACHE_RUN_USER=www-data ++ export APACHE_RUN_GROUP=www-data ++ APACHE_RUN_GROUP=www-data ++ export APACHE_PID_FILE=/var/run/apache2/apache2.pid ++ APACHE_PID_FILE=/var/run/apache2/apache2.pid ++ export APACHE_RUN_DIR=/var/run/apache2 ++ APACHE_RUN_DIR=/var/run/apache2 ++ export APACHE_LOCK_DIR=/var/lock/apache2 ++ APACHE_LOCK_DIR=/var/lock/apache2 ++ export APACHE_LOG_DIR=/var/log/apache2 ++ APACHE_LOG_DIR=/var/log/apache2 ++ export LANG=C ++ LANG=C ++ export LANG + '[' -f /var/run/apache2/apache2.pid ']' + exec apache2 -DFOREGROUND AH00558: apache2: Could not reliably determine the server's fully qualified domain name, using 10.0.0.244. Set the 'ServerName' directive globally to suppress this message AH00558: apache2: Could not reliably determine the server's fully qualified domain name, using 10.0.0.244. Set the 'ServerName' directive globally to suppress this message
[Tue Sep 01 04:35:50.222611 2026] [mpm_event:notice] [pid 1:tid 139698271033216] AH00489: Apache/2.4.58 (Ubuntu) mod_wsgi/5.0.0 Python/3.12 configured -- resuming normal operations
[Tue Sep 01 04:35:50.222771 2026] [core:notice] [pid 1:tid 139698271033216] AH00094: Command line: 'apache2 -D FOREGROUND'
[Tue Sep 01 04:36:45.307820 2026] [wsgi:error] [pid 11:tid 139697633212096] /var/lib/openstack/lib/python3.12/site-packages/oslo_utils/importutils.py:77: EventletDeprecationWarning:
[Tue Sep 01 04:36:45.307865 2026] [wsgi:error] [pid 11:tid 139697633212096] Eventlet is deprecated. It is currently being maintained in bugfix mode, and
[Tue Sep 01 04:36:45.307867 2026] [wsgi:error] [pid 11:tid 139697633212096] we strongly recommend against using it for new projects.
[Tue Sep 01 04:36:45.307868 2026] [wsgi:error] [pid 11:tid 139697633212096]
[Tue Sep 01 04:36:45.307869 2026] [wsgi:error] [pid 11:tid 139697633212096] If you are already using Eventlet, we recommend migrating to a different
[Tue Sep 01 04:36:45.307870 2026] [wsgi:error] [pid 11:tid 139697633212096] framework. For more detail see
[Tue Sep 01 04:36:45.307872 2026] [wsgi:error] [pid 11:tid 139697633212096] https://eventlet.readthedocs.io/en/latest/asyncio/migration.html
[Tue Sep 01 04:36:45.307873 2026] [wsgi:error] [pid 11:tid 139697633212096]
[Tue Sep 01 04:36:45.307874 2026] [wsgi:error] [pid 11:tid 139697633212096] __import__(import_str)
[Tue Sep 01 04:36:45.357642 2026] [wsgi:error] [pid 10:tid 139697633212096] /var/lib/openstack/lib/python3.12/site-packages/oslo_utils/importutils.py:77: EventletDeprecationWarning:
[Tue Sep 01 04:36:45.357677 2026] [wsgi:error] [pid 10:tid 139697633212096] Eventlet is deprecated. It is currently being maintained in bugfix mode, and
[Tue Sep 01 04:36:45.357679 2026] [wsgi:error] [pid 10:tid 139697633212096] we strongly recommend against using it for new projects.
[Tue Sep 01 04:36:45.357680 2026] [wsgi:error] [pid 10:tid 139697633212096]
[Tue Sep 01 04:36:45.357682 2026] [wsgi:error] [pid 10:tid 139697633212096] If you are already using Eventlet, we recommend migrating to a different
[Tue Sep 01 04:36:45.357683 2026] [wsgi:error] [pid 10:tid 139697633212096] framework. For more detail see
[Tue Sep 01 04:36:45.357684 2026] [wsgi:error] [pid 10:tid 139697633212096] https://eventlet.readthedocs.io/en/latest/asyncio/migration.html
[Tue Sep 01 04:36:45.357685 2026] [wsgi:error] [pid 10:tid 139697633212096]
[Tue Sep 01 04:36:45.357686 2026] [wsgi:error] [pid 10:tid 139697633212096] __import__(import_str) 10.0.0.73 - - [01/Sep/2026:04:36:44 +0000] "GET /v3/ HTTP/1.1" 200 250 10.0.0.73 - - [01/Sep/2026:04:36:44 +0000] "GET /v3/ HTTP/1.1" 200 250
[Tue Sep 01 04:36:59.297000 2026] [wsgi:error] [pid 9:tid 139697633212096] /var/lib/openstack/lib/python3.12/site-packages/oslo_utils/importutils.py:77: EventletDeprecationWarning:
[Tue Sep 01 04:36:59.297061 2026] [wsgi:error] [pid 9:tid 139697633212096] Eventlet is deprecated. It is currently being maintained in bugfix mode, and
[Tue Sep 01 04:36:59.297063 2026] [wsgi:error] [pid 9:tid 139697633212096] we strongly recommend against using it for new projects.
[Tue Sep 01 04:36:59.297065 2026] [wsgi:error] [pid 9:tid 139697633212096]
[Tue Sep 01 04:36:59.297066 2026] [wsgi:error] [pid 9:tid 139697633212096] If you are already using Eventlet, we recommend migrating to a different
[Tue Sep 01 04:36:59.297067 2026] [wsgi:error] [pid 9:tid 139697633212096] framework. For more detail see
[Tue Sep 01 04:36:59.297068 2026] [wsgi:error] [pid 9:tid 139697633212096] https://eventlet.readthedocs.io/en/latest/asyncio/migration.html
[Tue Sep 01 04:36:59.297069 2026] [wsgi:error] [pid 9:tid 139697633212096]
[Tue Sep 01 04:36:59.297070 2026] [wsgi:error] [pid 9:tid 139697633212096] __import__(import_str) 10.0.0.51 - - [01/Sep/2026:04:36:58 +0000] "GET / HTTP/1.1" 300 295
[Tue Sep 01 04:37:05.410131 2026] [wsgi:error] [pid 12:tid 139697633212096] /var/lib/openstack/lib/python3.12/site-packages/oslo_utils/importutils.py:77: EventletDeprecationWarning:
[Tue Sep 01 04:37:05.410170 2026] [wsgi:error] [pid 12:tid 139697633212096] Eventlet is deprecated. It is currently being maintained in bugfix mode, and
[Tue Sep 01 04:37:05.410172 2026] [wsgi:error] [pid 12:tid 139697633212096] we strongly recommend against using it for new projects.
[Tue Sep 01 04:37:05.410173 2026] [wsgi:error] [pid 12:tid 139697633212096]
[Tue Sep 01 04:37:05.410174 2026] [wsgi:error] [pid 12:tid 139697633212096] If you are already using Eventlet, we recommend migrating to a different
[Tue Sep 01 04:37:05.410175 2026] [wsgi:error] [pid 12:tid 139697633212096] framework. For more detail see
[Tue Sep 01 04:37:05.410176 2026] [wsgi:error] [pid 12:tid 139697633212096] https://eventlet.readthedocs.io/en/latest/asyncio/migration.html
[Tue Sep 01 04:37:05.410177 2026] [wsgi:error] [pid 12:tid 139697633212096]
[Tue Sep 01 04:37:05.410178 2026] [wsgi:error] [pid 12:tid 139697633212096] __import__(import_str)
[Tue Sep 01 04:37:10.568354 2026] [wsgi:error] [pid 12:tid 139697633212096] [remote 10.0.0.51:60048] 2026-09-01 04:37:10.564 12 WARNING keystone.identity.core [None req-2c8510db-93f2-4acb-8ba6-f8cef0590db7 - - - - - -] Invalid domain name (atmosphere) found in config file name: keystone.exception.DomainNotFound: Could not find domain: atmosphere.
[Tue Sep 01 04:37:10.626907 2026] [wsgi:error] [pid 12:tid 139697633212096] [remote 10.0.0.51:60048] 2026-09-01 04:37:10.626 12 WARNING keystone.common.password_hashing [None req-2c8510db-93f2-4acb-8ba6-f8cef0590db7 - - - - - -] Truncating password to algorithm specific maximum length 72 characters.
[Tue Sep 01 04:37:10.940170 2026] [wsgi:error] [pid 12:tid 139697633212096] [remote 10.0.0.51:60048] 2026-09-01 04:37:10.940 12 WARNING keystone.common.fernet_utils [None req-2c8510db-93f2-4acb-8ba6-f8cef0590db7 - - - - - -] key_repository is world readable: /etc/keystone/fernet-keys/ 10.0.0.51 - - [01/Sep/2026:04:37:04 +0000] "POST /v3/auth/tokens HTTP/1.1" 201 1360
[Tue Sep 01 04:37:11.425785 2026] [wsgi:error] [pid 10:tid 139697633212096] [remote 10.0.0.51:60048] 2026-09-01 04:37:11.422 10 WARNING keystone.identity.core [None req-4784a51e-7946-4717-b7cb-a9e0aa2935fd - - - - - -] Invalid domain name (atmosphere) found in config file name: keystone.exception.DomainNotFound: Could not find domain: atmosphere. 10.0.0.51 - - [01/Sep/2026:04:37:11 +0000] "POST /v3/domains HTTP/1.1" 201 261 10.0.0.149 - - [01/Sep/2026:04:37:23 +0000] "GET / HTTP/1.1" 300 295
[Tue Sep 01 04:37:23.975026 2026] [wsgi:error] [pid 9:tid 139697633212096] [remote 10.0.0.149:33274] 2026-09-01 04:37:23.974 9 WARNING keystone.common.password_hashing [None req-ec79073a-d663-46bd-bf75-aaaf0745dc16 - - - - - -] Truncating password to algorithm specific maximum length 72 characters.
[Tue Sep 01 04:37:24.249901 2026] [wsgi:error] [pid 9:tid 139697633212096] [remote 10.0.0.149:33274] 2026-09-01 04:37:24.249 9 WARNING keystone.common.fernet_utils [None req-ec79073a-d663-46bd-bf75-aaaf0745dc16 - - - - - -] key_repository is world readable: /etc/keystone/fernet-keys/ 10.0.0.149 - - [01/Sep/2026:04:37:23 +0000] "POST /v3/auth/tokens HTTP/1.1" 201 1360 10.0.0.149 - - [01/Sep/2026:04:37:24 +0000] "GET /v3/roles/admin HTTP/1.1" 404 83
[Tue Sep 01 04:37:24.575571 2026] [wsgi:error] [pid 10:tid 139697633212096] [remote 10.0.0.149:33274] 2026-09-01 04:37:24.575 10 WARNING keystone.common.rbac_enforcer.enforcer [None req-37ba2204-d6cb-43f9-8587-7e4ccb5d25d9 a9d95e318ea249a4b2b46d5a25c8b143 8b086adbe1c9432b85733a313665d272 - - default default] Deprecated policy rules found. Use oslopolicy-policy-generator and oslopolicy-policy-upgrade to detect and resolve deprecated policies in your configuration. 10.0.0.149 - - [01/Sep/2026:04:37:24 +0000] "GET /v3/roles?name=admin HTTP/1.1" 200 389
[Tue Sep 01 04:37:25.155857 2026] [wsgi:error] [pid 11:tid 139697633212096] [remote 10.0.0.149:33274] 2026-09-01 04:37:25.155 11 WARNING keystone.common.rbac_enforcer.enforcer [None req-4688046b-a32f-4b37-a31b-497d83aeae12 a9d95e318ea249a4b2b46d5a25c8b143 8b086adbe1c9432b85733a313665d272 - - default default] Deprecated policy rules found. Use oslopolicy-policy-generator and oslopolicy-policy-upgrade to detect and resolve deprecated policies in your configuration. 10.0.0.149 - - [01/Sep/2026:04:37:24 +0000] "GET /v3/users/admin-RegionOne HTTP/1.1" 404 93
[Tue Sep 01 04:37:25.420824 2026] [wsgi:error] [pid 9:tid 139697633212096] [remote 10.0.0.149:33274] 2026-09-01 04:37:25.420 9 WARNING keystone.common.rbac_enforcer.enforcer [None req-541f6b2a-b3ab-4b46-8cef-a565a8c48188 a9d95e318ea249a4b2b46d5a25c8b143 8b086adbe1c9432b85733a313665d272 - - default default] Deprecated policy rules found. Use oslopolicy-policy-generator and oslopolicy-policy-upgrade to detect and resolve deprecated policies in your configuration. 10.0.0.149 - - [01/Sep/2026:04:37:25 +0000] "GET /v3/users?name=admin-RegionOne HTTP/1.1" 200 422
[Tue Sep 01 04:37:25.605389 2026] [wsgi:error] [pid 12:tid 139697633212096] [remote 10.0.0.149:33274] 2026-09-01 04:37:25.605 12 WARNING keystone.common.rbac_enforcer.enforcer [None req-8d38febd-7b88-4a40-900e-c8c3f9ac7b3b a9d95e318ea249a4b2b46d5a25c8b143 8b086adbe1c9432b85733a313665d272 - - default default] Deprecated policy rules found. Use oslopolicy-policy-generator and oslopolicy-policy-upgrade to detect and resolve deprecated policies in your configuration. 10.0.0.149 - - [01/Sep/2026:04:37:25 +0000] "GET /v3/domains/default HTTP/1.1" 200 224 10.0.0.149 - - [01/Sep/2026:04:37:25 +0000] "PUT /v3/domains/default/users/a9d95e318ea249a4b2b46d5a25c8b143/roles/c80633c41cbe48f196eb7a40f33607b0 HTTP/1.1" 204 - 10.0.0.73 - - [01/Sep/2026:04:37:33 +0000] "GET / HTTP/1.1" 300 281 10.0.0.73 - - [01/Sep/2026:04:37:35 +0000] "GET /v3 HTTP/1.1" 200 266
[Tue Sep 01 04:37:35.485468 2026] [wsgi:error] [pid 12:tid 139697633212096] [remote 10.0.0.73:41904] 2026-09-01 04:37:35.485 12 WARNING keystone.common.password_hashing [None req-b66afb66-10a8-47d6-b460-dc93db798162 - - - - - -] Truncating password to algorithm specific maximum length 72 characters.
[Tue Sep 01 04:37:35.771747 2026] [wsgi:error] [pid 12:tid 139697633212096] [remote 10.0.0.73:41904] 2026-09-01 04:37:35.771 12 WARNING keystone.common.fernet_utils [None req-b66afb66-10a8-47d6-b460-dc93db798162 - - - - - -] key_repository is world readable: /etc/keystone/fernet-keys/ 10.0.0.73 - - [01/Sep/2026:04:37:35 +0000] "POST /v3/auth/tokens HTTP/1.1" 201 1360 10.0.0.73 - - [01/Sep/2026:04:37:35 +0000] "GET / HTTP/1.1" 300 281 10.0.0.73 - - [01/Sep/2026:04:37:35 +0000] "GET /v3/domains/atmosphere HTTP/1.1" 404 90 10.0.0.73 - - [01/Sep/2026:04:37:36 +0000] "GET /v3/domains?name=atmosphere HTTP/1.1" 200 370 10.0.0.73 - - [01/Sep/2026:04:37:36 +0000] "GET /v3/domains/cfec2480ea554455bf873843d9cfbe0f HTTP/1.1" 200 247 10.0.0.73 - - [01/Sep/2026:04:37:37 +0000] "GET /v3 HTTP/1.1" 200 266
[Tue Sep 01 04:37:37.168093 2026] [wsgi:error] [pid 11:tid 139697633212096] [remote 10.0.0.73:41918] 2026-09-01 04:37:37.167 11 WARNING keystone.common.password_hashing [None req-92e7f5a5-dcae-4f16-b948-6b3882d2bc2e - - - - - -] Truncating password to algorithm specific maximum length 72 characters.
[Tue Sep 01 04:37:37.470218 2026] [wsgi:error] [pid 11:tid 139697633212096] [remote 10.0.0.73:41918] 2026-09-01 04:37:37.469 11 WARNING keystone.common.fernet_utils [None req-92e7f5a5-dcae-4f16-b948-6b3882d2bc2e - - - - - -] key_repository is world readable: /etc/keystone/fernet-keys/ 10.0.0.73 - - [01/Sep/2026:04:37:37 +0000] "POST /v3/auth/tokens HTTP/1.1" 201 1360 10.0.0.73 - - [01/Sep/2026:04:37:37 +0000] "GET / HTTP/1.1" 300 281 10.0.0.73 - - [01/Sep/2026:04:37:37 +0000] "GET /v3/OS-FEDERATION/identity_providers/atmosphere HTTP/1.1" 404 101 10.0.0.73 - - [01/Sep/2026:04:37:37 +0000] "GET /v3/OS-FEDERATION/identity_providers HTTP/1.1" 200 156 10.0.0.73 - - [01/Sep/2026:04:37:37 +0000] "PUT /v3/OS-FEDERATION/identity_providers/atmosphere HTTP/1.1" 201 342 10.0.0.73 - - [01/Sep/2026:04:37:38 +0000] "GET /v3 HTTP/1.1" 200 266
[Tue Sep 01 04:37:38.427471 2026] [wsgi:error] [pid 12:tid 139697633212096] [remote 10.0.0.73:41904] 2026-09-01 04:37:38.427 12 WARNING keystone.common.password_hashing [None req-f27c1054-8ca8-4e38-a7b3-6d0e3843d0e2 - - - - - -] Truncating password to algorithm specific maximum length 72 characters.
[Tue Sep 01 04:37:38.730950 2026] [wsgi:error] [pid 12:tid 139697633212096] [remote 10.0.0.73:41904] 2026-09-01 04:37:38.730 12 WARNING keystone.common.fernet_utils [None req-f27c1054-8ca8-4e38-a7b3-6d0e3843d0e2 - - - - - -] key_repository is world readable: /etc/keystone/fernet-keys/ 10.0.0.73 - - [01/Sep/2026:04:37:38 +0000] "POST /v3/auth/tokens HTTP/1.1" 201 1360 10.0.0.73 - - [01/Sep/2026:04:37:38 +0000] "GET / HTTP/1.1" 300 281 10.0.0.73 - - [01/Sep/2026:04:37:38 +0000] "GET /v3/OS-FEDERATION/mappings/atmosphere-openid HTTP/1.1" 404 98 10.0.0.73 - - [01/Sep/2026:04:37:38 +0000] "GET /v3/OS-FEDERATION/mappings HTTP/1.1" 200 136 10.0.0.73 - - [01/Sep/2026:04:37:38 +0000] "PUT /v3/OS-FEDERATION/mappings/atmosphere-openid HTTP/1.1" 201 357 10.0.0.73 - - [01/Sep/2026:04:37:39 +0000] "GET /v3 HTTP/1.1" 200 266
[Tue Sep 01 04:37:39.669886 2026] [wsgi:error] [pid 11:tid 139697633212096] [remote 10.0.0.73:41918] 2026-09-01 04:37:39.669 11 WARNING keystone.common.password_hashing [None req-cd2c339f-fc4d-49ef-a336-efa51a5c8e6a - - - - - -] Truncating password to algorithm specific maximum length 72 characters.
[Tue Sep 01 04:37:39.948727 2026] [wsgi:error] [pid 11:tid 139697633212096] [remote 10.0.0.73:41918] 2026-09-01 04:37:39.948 11 WARNING keystone.common.fernet_utils [None req-cd2c339f-fc4d-49ef-a336-efa51a5c8e6a - - - - - -] key_repository is world readable: /etc/keystone/fernet-keys/ 10.0.0.73 - - [01/Sep/2026:04:37:39 +0000] "POST /v3/auth/tokens HTTP/1.1" 201 1360 10.0.0.73 - - [01/Sep/2026:04:37:39 +0000] "GET / HTTP/1.1" 300 281 10.0.0.73 - - [01/Sep/2026:04:37:39 +0000] "GET /v3/OS-FEDERATION/identity_providers/atmosphere/protocols/openid?idp_id=atmosphere HTTP/1.1" 404 131 10.0.0.73 - - [01/Sep/2026:04:37:40 +0000] "GET /v3/OS-FEDERATION/identity_providers/atmosphere/protocols HTTP/1.1" 200 168 10.0.0.73 - - [01/Sep/2026:04:37:40 +0000] "PUT /v3/OS-FEDERATION/identity_providers/atmosphere/protocols/openid HTTP/1.1" 201 224 10.0.0.73 - - [01/Sep/2026:04:37:44 +0000] "GET /v3/ HTTP/1.1" 200 250 10.0.0.73 - - [01/Sep/2026:04:37:44 +0000] "GET /v3/ HTTP/1.1" 200 250 10.0.0.73 - - [01/Sep/2026:04:38:44 +0000] "GET /v3/ HTTP/1.1" 200 250 10.0.0.73 - - [01/Sep/2026:04:38:44 +0000] "GET /v3/ HTTP/1.1" 200 250 10.0.0.136 - - [01/Sep/2026:04:39:07 +0000] "GET / HTTP/1.1" 300 295
[Tue Sep 01 04:39:07.521166 2026] [wsgi:error] [pid 9:tid 139697633212096] [remote 10.0.0.136:37066] 2026-09-01 04:39:07.520 9 WARNING keystone.common.password_hashing [None req-2352479a-1d78-4893-8db8-32f1950abcd0 - - - - - -] Truncating password to algorithm specific maximum length 72 characters.
[Tue Sep 01 04:39:07.821867 2026] [wsgi:error] [pid 9:tid 139697633212096] [remote 10.0.0.136:37066] 2026-09-01 04:39:07.821 9 WARNING keystone.common.fernet_utils [None req-2352479a-1d78-4893-8db8-32f1950abcd0 - - - - - -] key_repository is world readable: /etc/keystone/fernet-keys/ 10.0.0.136 - - [01/Sep/2026:04:39:07 +0000] "POST /v3/auth/tokens HTTP/1.1" 201 1360 10.0.0.136 - - [01/Sep/2026:04:39:07 +0000] "GET /v3/services HTTP/1.1" 200 355 10.0.0.136 - - [01/Sep/2026:04:39:11 +0000] "GET / HTTP/1.1" 300 295
[Tue Sep 01 04:39:11.640907 2026] [wsgi:error] [pid 12:tid 139697633212096] [remote 10.0.0.136:52588] 2026-09-01 04:39:11.640 12 WARNING keystone.common.password_hashing [None req-39076cd1-a1c4-4ea8-9be3-428636323b25 - - - - - -] Truncating password to algorithm specific maximum length 72 characters.
[Tue Sep 01 04:39:11.926225 2026] [wsgi:error] [pid 12:tid 139697633212096] [remote 10.0.0.136:52588] 2026-09-01 04:39:11.926 12 WARNING keystone.common.fernet_utils [None req-39076cd1-a1c4-4ea8-9be3-428636323b25 - - - - - -] key_repository is world readable: /etc/keystone/fernet-keys/ 10.0.0.136 - - [01/Sep/2026:04:39:11 +0000] "POST /v3/auth/tokens HTTP/1.1" 201 1360 10.0.0.136 - - [01/Sep/2026:04:39:12 +0000] "GET /v3/services HTTP/1.1" 200 355 10.0.0.136 - - [01/Sep/2026:04:39:15 +0000] "GET / HTTP/1.1" 300 295
[Tue Sep 01 04:39:15.517574 2026] [wsgi:error] [pid 11:tid 139697633212096] [remote 10.0.0.136:52594] 2026-09-01 04:39:15.517 11 WARNING keystone.common.password_hashing [None req-698a2a3c-f9c7-4b61-bce1-2ab25ff50525 - - - - - -] Truncating password to algorithm specific maximum length 72 characters.
[Tue Sep 01 04:39:15.822240 2026] [wsgi:error] [pid 11:tid 139697633212096] [remote 10.0.0.136:52594] 2026-09-01 04:39:15.822 11 WARNING keystone.common.fernet_utils [None req-698a2a3c-f9c7-4b61-bce1-2ab25ff50525 - - - - - -] key_repository is world readable: /etc/keystone/fernet-keys/ 10.0.0.136 - - [01/Sep/2026:04:39:15 +0000] "POST /v3/auth/tokens HTTP/1.1" 201 1360 10.0.0.136 - - [01/Sep/2026:04:39:15 +0000] "GET /v3/services HTTP/1.1" 200 355 10.0.0.136 - - [01/Sep/2026:04:39:19 +0000] "GET / HTTP/1.1" 300 295
[Tue Sep 01 04:39:19.508708 2026] [wsgi:error] [pid 10:tid 139697633212096] [remote 10.0.0.136:52606] 2026-09-01 04:39:19.508 10 WARNING keystone.common.password_hashing [None req-d84ea8be-5790-4eec-9139-94fac23068a0 - - - - - -] Truncating password to algorithm specific maximum length 72 characters.
[Tue Sep 01 04:39:19.796551 2026] [wsgi:error] [pid 10:tid 139697633212096] [remote 10.0.0.136:52606] 2026-09-01 04:39:19.796 10 WARNING keystone.common.fernet_utils [None req-d84ea8be-5790-4eec-9139-94fac23068a0 - - - - - -] key_repository is world readable: /etc/keystone/fernet-keys/ 10.0.0.136 - - [01/Sep/2026:04:39:19 +0000] "POST /v3/auth/tokens HTTP/1.1" 201 1360 10.0.0.136 - - [01/Sep/2026:04:39:19 +0000] "POST /v3/services HTTP/1.1" 201 296 10.0.0.176 - - [01/Sep/2026:04:39:31 +0000] "GET / HTTP/1.1" 300 295
[Tue Sep 01 04:39:31.911372 2026] [wsgi:error] [pid 9:tid 139697633212096] [remote 10.0.0.176:41130] 2026-09-01 04:39:31.911 9 WARNING keystone.common.password_hashing [None req-d7dfa595-e61f-4055-add8-625ce906aaa6 - - - - - -] Truncating password to algorithm specific maximum length 72 characters. 10.0.0.176 - - [01/Sep/2026:04:39:31 +0000] "GET / HTTP/1.1" 300 295
[Tue Sep 01 04:39:32.015085 2026] [wsgi:error] [pid 11:tid 139697633212096] [remote 10.0.0.176:41146] 2026-09-01 04:39:32.014 11 WARNING keystone.common.password_hashing [None req-869b0ecf-1194-45d8-bd1a-53ffc7ff223c - - - - - -] Truncating password to algorithm specific maximum length 72 characters. 10.0.0.176 - - [01/Sep/2026:04:39:32 +0000] "GET / HTTP/1.1" 300 295
[Tue Sep 01 04:39:32.195634 2026] [wsgi:error] [pid 12:tid 139697633212096] [remote 10.0.0.176:41148] 2026-09-01 04:39:32.195 12 WARNING keystone.common.password_hashing [None req-2dfbc589-d445-4ac8-92b3-2b78c13b3ecb - - - - - -] Truncating password to algorithm specific maximum length 72 characters.
[Tue Sep 01 04:39:32.244493 2026] [wsgi:error] [pid 9:tid 139697633212096] [remote 10.0.0.176:41130] 2026-09-01 04:39:32.244 9 WARNING keystone.common.fernet_utils [None req-d7dfa595-e61f-4055-add8-625ce906aaa6 - - - - - -] key_repository is world readable: /etc/keystone/fernet-keys/ 10.0.0.176 - - [01/Sep/2026:04:39:31 +0000] "POST /v3/auth/tokens HTTP/1.1" 201 1464
[Tue Sep 01 04:39:32.316981 2026] [wsgi:error] [pid 11:tid 139697633212096] [remote 10.0.0.176:41146] 2026-09-01 04:39:32.316 11 WARNING keystone.common.fernet_utils [None req-869b0ecf-1194-45d8-bd1a-53ffc7ff223c - - - - - -] key_repository is world readable: /etc/keystone/fernet-keys/ 10.0.0.176 - - [01/Sep/2026:04:39:31 +0000] "POST /v3/auth/tokens HTTP/1.1" 201 1464 10.0.0.176 - - [01/Sep/2026:04:39:32 +0000] "GET /v3/services HTTP/1.1" 200 639 10.0.0.176 - - [01/Sep/2026:04:39:32 +0000] "GET /v3/services HTTP/1.1" 200 639
[Tue Sep 01 04:39:32.529256 2026] [wsgi:error] [pid 12:tid 139697633212096] [remote 10.0.0.176:41148] 2026-09-01 04:39:32.529 12 WARNING keystone.common.fernet_utils [None req-2dfbc589-d445-4ac8-92b3-2b78c13b3ecb - - - - - -] key_repository is world readable: /etc/keystone/fernet-keys/ 10.0.0.176 - - [01/Sep/2026:04:39:32 +0000] "POST /v3/auth/tokens HTTP/1.1" 201 1464 10.0.0.176 - - [01/Sep/2026:04:39:32 +0000] "GET /v3/services HTTP/1.1" 200 639 10.0.0.176 - - [01/Sep/2026:04:39:34 +0000] "GET / HTTP/1.1" 300 295
[Tue Sep 01 04:39:34.035380 2026] [wsgi:error] [pid 9:tid 139697633212096] [remote 10.0.0.176:41160] 2026-09-01 04:39:34.035 9 WARNING keystone.common.password_hashing [None req-6c31b5bc-4b39-44b2-9692-ec9c4c7299d4 - - - - - -] Truncating password to algorithm specific maximum length 72 characters. 10.0.0.176 - - [01/Sep/2026:04:39:34 +0000] "GET / HTTP/1.1" 300 295
[Tue Sep 01 04:39:34.083614 2026] [wsgi:error] [pid 11:tid 139697633212096] [remote 10.0.0.176:41170] 2026-09-01 04:39:34.083 11 WARNING keystone.common.password_hashing [None req-481aafef-17a8-48bb-aac6-4f1bc9bc94b8 - - - - - -] Truncating password to algorithm specific maximum length 72 characters. 10.0.0.176 - - [01/Sep/2026:04:39:34 +0000] "GET / HTTP/1.1" 300 295
[Tue Sep 01 04:39:34.255659 2026] [wsgi:error] [pid 12:tid 139697633212096] [remote 10.0.0.176:41186] 2026-09-01 04:39:34.255 12 WARNING keystone.common.password_hashing [None req-84d44eeb-7c2c-40f5-91fb-1ffc0823576c - - - - - -] Truncating password to algorithm specific maximum length 72 characters.
[Tue Sep 01 04:39:34.354240 2026] [wsgi:error] [pid 9:tid 139697633212096] [remote 10.0.0.176:41160] 2026-09-01 04:39:34.353 9 WARNING keystone.common.fernet_utils [None req-6c31b5bc-4b39-44b2-9692-ec9c4c7299d4 - - - - - -] key_repository is world readable: /etc/keystone/fernet-keys/ 10.0.0.176 - - [01/Sep/2026:04:39:34 +0000] "POST /v3/auth/tokens HTTP/1.1" 201 1464
[Tue Sep 01 04:39:34.410781 2026] [wsgi:error] [pid 11:tid 139697633212096] [remote 10.0.0.176:41170] 2026-09-01 04:39:34.410 11 WARNING keystone.common.fernet_utils [None req-481aafef-17a8-48bb-aac6-4f1bc9bc94b8 - - - - - -] key_repository is world readable: /etc/keystone/fernet-keys/ 10.0.0.176 - - [01/Sep/2026:04:39:34 +0000] "POST /v3/auth/tokens HTTP/1.1" 201 1464 10.0.0.176 - - [01/Sep/2026:04:39:34 +0000] "GET /v3/endpoints HTTP/1.1" 200 1227 10.0.0.176 - - [01/Sep/2026:04:39:34 +0000] "GET /v3/services/b33e16552b4d4ba98dba5082d8526c0b HTTP/1.1" 200 233 10.0.0.176 - - [01/Sep/2026:04:39:34 +0000] "GET /v3/endpoints HTTP/1.1" 200 1227
[Tue Sep 01 04:39:34.562478 2026] [wsgi:error] [pid 12:tid 139697633212096] [remote 10.0.0.176:41186] 2026-09-01 04:39:34.562 12 WARNING keystone.common.fernet_utils [None req-84d44eeb-7c2c-40f5-91fb-1ffc0823576c - - - - - -] key_repository is world readable: /etc/keystone/fernet-keys/ 10.0.0.176 - - [01/Sep/2026:04:39:34 +0000] "POST /v3/auth/tokens HTTP/1.1" 201 1464 10.0.0.176 - - [01/Sep/2026:04:39:34 +0000] "GET /v3/services/b33e16552b4d4ba98dba5082d8526c0b HTTP/1.1" 200 233 10.0.0.176 - - [01/Sep/2026:04:39:34 +0000] "GET /v3/services/b33e16552b4d4ba98dba5082d8526c0b HTTP/1.1" 200 233 10.0.0.176 - - [01/Sep/2026:04:39:34 +0000] "GET /v3/services/b33e16552b4d4ba98dba5082d8526c0b HTTP/1.1" 200 233 10.0.0.176 - - [01/Sep/2026:04:39:34 +0000] "GET /v3/services/b33e16552b4d4ba98dba5082d8526c0b HTTP/1.1" 200 233 10.0.0.176 - - [01/Sep/2026:04:39:34 +0000] "GET /v3/services/b33e16552b4d4ba98dba5082d8526c0b HTTP/1.1" 200 233 10.0.0.176 - - [01/Sep/2026:04:39:34 +0000] "GET /v3/endpoints HTTP/1.1" 200 1227 10.0.0.176 - - [01/Sep/2026:04:39:34 +0000] "GET /v3/services/b33e16552b4d4ba98dba5082d8526c0b HTTP/1.1" 200 233 10.0.0.176 - - [01/Sep/2026:04:39:34 +0000] "GET /v3/services/b33e16552b4d4ba98dba5082d8526c0b HTTP/1.1" 200 233 10.0.0.176 - - [01/Sep/2026:04:39:34 +0000] "GET /v3/services/b33e16552b4d4ba98dba5082d8526c0b HTTP/1.1" 200 233 10.0.0.176 - - [01/Sep/2026:04:39:36 +0000] "GET / HTTP/1.1" 300 295
[Tue Sep 01 04:39:36.080510 2026] [wsgi:error] [pid 12:tid 139697633212096] [remote 10.0.0.176:41200] 2026-09-01 04:39:36.080 12 WARNING keystone.common.password_hashing [None req-fafd5527-8947-4d41-96e2-1cd3c965c662 - - - - - -] Truncating password to algorithm specific maximum length 72 characters. 10.0.0.176 - - [01/Sep/2026:04:39:36 +0000] "GET / HTTP/1.1" 300 295
[Tue Sep 01 04:39:36.122862 2026] [wsgi:error] [pid 10:tid 139697633212096] [remote 10.0.0.176:41210] 2026-09-01 04:39:36.122 10 WARNING keystone.common.password_hashing [None req-03a85161-016c-4d6a-ba03-ccf7bae4567a - - - - - -] Truncating password to algorithm specific maximum length 72 characters. 10.0.0.176 - - [01/Sep/2026:04:39:36 +0000] "GET / HTTP/1.1" 300 295
[Tue Sep 01 04:39:36.392915 2026] [wsgi:error] [pid 11:tid 139697633212096] [remote 10.0.0.176:41220] 2026-09-01 04:39:36.392 11 WARNING keystone.common.password_hashing [None req-62d14d2b-ad84-4460-913b-a0ce341996b5 - - - - - -] Truncating password to algorithm specific maximum length 72 characters.
[Tue Sep 01 04:39:36.403970 2026] [wsgi:error] [pid 12:tid 139697633212096] [remote 10.0.0.176:41200] 2026-09-01 04:39:36.403 12 WARNING keystone.common.fernet_utils [None req-fafd5527-8947-4d41-96e2-1cd3c965c662 - - - - - -] key_repository is world readable: /etc/keystone/fernet-keys/ 10.0.0.176 - - [01/Sep/2026:04:39:36 +0000] "POST /v3/auth/tokens HTTP/1.1" 201 1464
[Tue Sep 01 04:39:36.456207 2026] [wsgi:error] [pid 10:tid 139697633212096] [remote 10.0.0.176:41210] 2026-09-01 04:39:36.456 10 WARNING keystone.common.fernet_utils [None req-03a85161-016c-4d6a-ba03-ccf7bae4567a - - - - - -] key_repository is world readable: /etc/keystone/fernet-keys/ 10.0.0.176 - - [01/Sep/2026:04:39:36 +0000] "POST /v3/auth/tokens HTTP/1.1" 201 1464 10.0.0.176 - - [01/Sep/2026:04:39:36 +0000] "GET /v3/services/bf56927724c848579990dd6440da14dd HTTP/1.1" 200 296 10.0.0.176 - - [01/Sep/2026:04:39:36 +0000] "GET /v3/services/bf56927724c848579990dd6440da14dd HTTP/1.1" 200 296 10.0.0.176 - - [01/Sep/2026:04:39:36 +0000] "GET /v3/regions/RegionOne HTTP/1.1" 200 173 10.0.0.176 - - [01/Sep/2026:04:39:36 +0000] "GET /v3/regions/RegionOne HTTP/1.1" 200 173 10.0.0.176 - - [01/Sep/2026:04:39:36 +0000] "POST /v3/endpoints HTTP/1.1" 201 383
[Tue Sep 01 04:39:36.692237 2026] [wsgi:error] [pid 11:tid 139697633212096] [remote 10.0.0.176:41220] 2026-09-01 04:39:36.692 11 WARNING keystone.common.fernet_utils [None req-62d14d2b-ad84-4460-913b-a0ce341996b5 - - - - - -] key_repository is world readable: /etc/keystone/fernet-keys/ 10.0.0.176 - - [01/Sep/2026:04:39:36 +0000] "POST /v3/auth/tokens HTTP/1.1" 201 1823 10.0.0.176 - - [01/Sep/2026:04:39:36 +0000] "POST /v3/endpoints HTTP/1.1" 201 380 10.0.0.176 - - [01/Sep/2026:04:39:36 +0000] "GET /v3/services/bf56927724c848579990dd6440da14dd HTTP/1.1" 200 296 10.0.0.176 - - [01/Sep/2026:04:39:36 +0000] "GET /v3/regions/RegionOne HTTP/1.1" 200 173 10.0.0.176 - - [01/Sep/2026:04:39:36 +0000] "POST /v3/endpoints HTTP/1.1" 201 370 10.0.0.176 - - [01/Sep/2026:04:39:38 +0000] "GET / HTTP/1.1" 300 295
[Tue Sep 01 04:39:38.142710 2026] [wsgi:error] [pid 9:tid 139697633212096] [remote 10.0.0.176:41232] 2026-09-01 04:39:38.142 9 WARNING keystone.common.password_hashing [None req-e59b85c6-332b-4dc7-9910-a9ecf2a2dfc4 - - - - - -] Truncating password to algorithm specific maximum length 72 characters. 10.0.0.176 - - [01/Sep/2026:04:39:38 +0000] "GET / HTTP/1.1" 300 295
[Tue Sep 01 04:39:38.291675 2026] [wsgi:error] [pid 11:tid 139697633212096] [remote 10.0.0.176:41246] 2026-09-01 04:39:38.291 11 WARNING keystone.common.password_hashing [None req-aa10dd12-b7ea-4f7f-8c37-f751f5e33a97 - - - - - -] Truncating password to algorithm specific maximum length 72 characters. 10.0.0.176 - - [01/Sep/2026:04:39:38 +0000] "GET / HTTP/1.1" 300 295
[Tue Sep 01 04:39:38.413372 2026] [wsgi:error] [pid 10:tid 139697633212096] [remote 10.0.0.176:41254] 2026-09-01 04:39:38.413 10 WARNING keystone.common.password_hashing [None req-3ea751d0-11cc-48fc-82a0-d8a184ee6e02 - - - - - -] Truncating password to algorithm specific maximum length 72 characters.
[Tue Sep 01 04:39:38.458521 2026] [wsgi:error] [pid 9:tid 139697633212096] [remote 10.0.0.176:41232] 2026-09-01 04:39:38.458 9 WARNING keystone.common.fernet_utils [None req-e59b85c6-332b-4dc7-9910-a9ecf2a2dfc4 - - - - - -] key_repository is world readable: /etc/keystone/fernet-keys/ 10.0.0.176 - - [01/Sep/2026:04:39:38 +0000] "POST /v3/auth/tokens HTTP/1.1" 201 1992
[Tue Sep 01 04:39:38.589197 2026] [wsgi:error] [pid 11:tid 139697633212096] [remote 10.0.0.176:41246] 2026-09-01 04:39:38.589 11 WARNING keystone.common.fernet_utils [None req-aa10dd12-b7ea-4f7f-8c37-f751f5e33a97 - - - - - -] key_repository is world readable: /etc/keystone/fernet-keys/ 10.0.0.176 - - [01/Sep/2026:04:39:38 +0000] "POST /v3/auth/tokens HTTP/1.1" 201 1992 10.0.0.176 - - [01/Sep/2026:04:39:38 +0000] "GET /v3/endpoints/018b818be1c34cf0b6cc1e6554dbd5f4 HTTP/1.1" 200 383 10.0.0.176 - - [01/Sep/2026:04:39:38 +0000] "GET /v3/services/bf56927724c848579990dd6440da14dd HTTP/1.1" 200 296
[Tue Sep 01 04:39:38.693985 2026] [wsgi:error] [pid 10:tid 139697633212096] [remote 10.0.0.176:41254] 2026-09-01 04:39:38.693 10 WARNING keystone.common.fernet_utils [None req-3ea751d0-11cc-48fc-82a0-d8a184ee6e02 - - - - - -] key_repository is world readable: /etc/keystone/fernet-keys/ 10.0.0.176 - - [01/Sep/2026:04:39:38 +0000] "POST /v3/auth/tokens HTTP/1.1" 201 1992 10.0.0.176 - - [01/Sep/2026:04:39:38 +0000] "GET /v3/endpoints/2545ed51060545a4a6992b0dfc85fd97 HTTP/1.1" 200 380 10.0.0.176 - - [01/Sep/2026:04:39:38 +0000] "GET /v3/services/bf56927724c848579990dd6440da14dd HTTP/1.1" 200 296 10.0.0.176 - - [01/Sep/2026:04:39:38 +0000] "GET /v3/endpoints/96a6408f1c384094b73d775d98d8d0c5 HTTP/1.1" 200 370 10.0.0.176 - - [01/Sep/2026:04:39:38 +0000] "GET /v3/services/bf56927724c848579990dd6440da14dd HTTP/1.1" 200 296 10.0.0.73 - - [01/Sep/2026:04:39:44 +0000] "GET /v3/ HTTP/1.1" 200 250 10.0.0.73 - - [01/Sep/2026:04:39:44 +0000] "GET /v3/ HTTP/1.1" 200 250 10.0.0.142 - - [01/Sep/2026:04:39:49 +0000] "GET / HTTP/1.1" 300 295
[Tue Sep 01 04:39:50.026406 2026] [wsgi:error] [pid 10:tid 139697633212096] [remote 10.0.0.142:43698] 2026-09-01 04:39:50.026 10 WARNING keystone.common.password_hashing [None req-c5187bba-cae9-4990-bb64-08c45b27f159 - - - - - -] Truncating password to algorithm specific maximum length 72 characters.
[Tue Sep 01 04:39:50.345905 2026] [wsgi:error] [pid 10:tid 139697633212096] [remote 10.0.0.142:43698] 2026-09-01 04:39:50.345 10 WARNING keystone.common.fernet_utils [None req-c5187bba-cae9-4990-bb64-08c45b27f159 - - - - - -] key_repository is world readable: /etc/keystone/fernet-keys/ 10.0.0.142 - - [01/Sep/2026:04:39:49 +0000] "POST /v3/auth/tokens HTTP/1.1" 201 1992 10.0.0.142 - - [01/Sep/2026:04:39:50 +0000] "POST /v3/domains HTTP/1.1" 201 284 10.0.0.142 - - [01/Sep/2026:04:39:52 +0000] "GET / HTTP/1.1" 300 295
[Tue Sep 01 04:39:52.067838 2026] [wsgi:error] [pid 9:tid 139697633212096] [remote 10.0.0.142:44314] 2026-09-01 04:39:52.067 9 WARNING keystone.common.password_hashing [None req-2dc28608-0159-47c7-acdd-b0c8a581f023 - - - - - -] Truncating password to algorithm specific maximum length 72 characters.
[Tue Sep 01 04:39:52.351200 2026] [wsgi:error] [pid 9:tid 139697633212096] [remote 10.0.0.142:44314] 2026-09-01 04:39:52.350 9 WARNING keystone.common.fernet_utils [None req-2dc28608-0159-47c7-acdd-b0c8a581f023 - - - - - -] key_repository is world readable: /etc/keystone/fernet-keys/ 10.0.0.142 - - [01/Sep/2026:04:39:52 +0000] "POST /v3/auth/tokens HTTP/1.1" 201 1992
[Tue Sep 01 04:39:52.582721 2026] [wsgi:error] [pid 10:tid 139697633212096] [remote 10.0.0.142:44314] 2026-09-01 04:39:52.561 10 ERROR keystone.server.flask.application [None req-6e263563-9765-4c82-aafe-ca3f2d7eeb20 a9d95e318ea249a4b2b46d5a25c8b143 8b086adbe1c9432b85733a313665d272 - - default default] Conflict occurred attempting to store project - it is not permitted to have two projects acting as domains with the same name: service.: keystone.exception.Conflict: Conflict occurred attempting to store project - it is not permitted to have two projects acting as domains with the same name: service.
[Tue Sep 01 04:39:52.582753 2026] [wsgi:error] [pid 10:tid 139697633212096] [remote 10.0.0.142:44314] 2026-09-01 04:39:52.561 10 ERROR keystone.server.flask.application
Traceback (most recent call last):
[Tue Sep 01 04:39:52.582756 2026] [wsgi:error] [pid 10:tid 139697633212096] [remote 10.0.0.142:44314] 2026-09-01 04:39:52.561 10 ERROR keystone.server.flask.application
File "/var/lib/openstack/lib/python3.12/site-packages/sqlalchemy/engine/base.py", line 1969, in _exec_single_context
[Tue Sep 01 04:39:52.582758 2026] [wsgi:error] [pid 10:tid 139697633212096] [remote 10.0.0.142:44314] 2026-09-01 04:39:52.561 10 ERROR keystone.server.flask.application self.dialect.do_execute(
[Tue Sep 01 04:39:52.582760 2026] [wsgi:error] [pid 10:tid 139697633212096] [remote 10.0.0.142:44314] 2026-09-01 04:39:52.561 10 ERROR keystone.server.flask.application
File "/var/lib/openstack/lib/python3.12/site-packages/sqlalchemy/engine/default.py", line 952, in do_execute
[Tue Sep 01 04:39:52.582763 2026] [wsgi:error] [pid 10:tid 139697633212096] [remote 10.0.0.142:44314] 2026-09-01 04:39:52.561 10 ERROR keystone.server.flask.application cursor.execute(statement, parameters)
[Tue Sep 01 04:39:52.582765 2026] [wsgi:error] [pid 10:tid 139697633212096] [remote 10.0.0.142:44314] 2026-09-01 04:39:52.561 10 ERROR keystone.server.flask.application
File "/var/lib/openstack/lib/python3.12/site-packages/pymysql/cursors.py", line 159, in execute
[Tue Sep 01 04:39:52.582767 2026] [wsgi:error] [pid 10:tid 139697633212096] [remote 10.0.0.142:44314] 2026-09-01 04:39:52.561 10 ERROR keystone.server.flask.application result = self._query(query)
[Tue Sep 01 04:39:52.582769 2026] [wsgi:error] [pid 10:tid 139697633212096] [remote 10.0.0.142:44314] 2026-09-01 04:39:52.561 10 ERROR keystone.server.flask.application ^^^^^^^^^^^^^^^^^^
[Tue Sep 01 04:39:52.582771 2026] [wsgi:error] [pid 10:tid 139697633212096] [remote 10.0.0.142:44314] 2026-09-01 04:39:52.561 10 ERROR keystone.server.flask.application
File "/var/lib/openstack/lib/python3.12/site-packages/pymysql/cursors.py", line 330, in _query
[Tue Sep 01 04:39:52.582773 2026] [wsgi:error] [pid 10:tid 139697633212096] [remote 10.0.0.142:44314] 2026-09-01 04:39:52.561 10 ERROR keystone.server.flask.application conn.query(q)
[Tue Sep 01 04:39:52.582775 2026] [wsgi:error] [pid 10:tid 139697633212096] [remote 10.0.0.142:44314] 2026-09-01 04:39:52.561 10 ERROR keystone.server.flask.application
File "/var/lib/openstack/lib/python3.12/site-packages/pymysql/connections.py", line 582, in query
[Tue Sep 01 04:39:52.582777 2026] [wsgi:error] [pid 10:tid 139697633212096] [remote 10.0.0.142:44314] 2026-09-01 04:39:52.561 10 ERROR keystone.server.flask.application self._affected_rows = self._read_query_result(unbuffered=unbuffered)
[Tue Sep 01 04:39:52.582779 2026] [wsgi:error] [pid 10:tid 139697633212096] [remote 10.0.0.142:44314] 2026-09-01 04:39:52.561 10 ERROR keystone.server.flask.application ^^^^^^^^^^^^^^^^^^^^^^^^^^^^^^^^^^^^^^^^^^^^^^
[Tue Sep 01 04:39:52.582781 2026] [wsgi:error] [pid 10:tid 139697633212096] [remote 10.0.0.142:44314] 2026-09-01 04:39:52.561 10 ERROR keystone.server.flask.application
File "/var/lib/openstack/lib/python3.12/site-packages/pymysql/connections.py", line 847, in _read_query_result
[Tue Sep 01 04:39:52.582783 2026] [wsgi:error] [pid 10:tid 139697633212096] [remote 10.0.0.142:44314] 2026-09-01 04:39:52.561 10 ERROR keystone.server.flask.application result.read()
[Tue Sep 01 04:39:52.582802 2026] [wsgi:error] [pid 10:tid 139697633212096] [remote 10.0.0.142:44314] 2026-09-01 04:39:52.561 10 ERROR keystone.server.flask.application
File "/var/lib/openstack/lib/python3.12/site-packages/pymysql/connections.py", line 1245, in read
[Tue Sep 01 04:39:52.582804 2026] [wsgi:error] [pid 10:tid 139697633212096] [remote 10.0.0.142:44314] 2026-09-01 04:39:52.561 10 ERROR keystone.server.flask.application first_packet = self.connection._read_packet()
[Tue Sep 01 04:39:52.582806 2026] [wsgi:error] [pid 10:tid 139697633212096] [remote 10.0.0.142:44314] 2026-09-01 04:39:52.561 10 ERROR keystone.server.flask.application ^^^^^^^^^^^^^^^^^^^^^^^^^^^^^^
[Tue Sep 01 04:39:52.582808 2026] [wsgi:error] [pid 10:tid 139697633212096] [remote 10.0.0.142:44314] 2026-09-01 04:39:52.561 10 ERROR keystone.server.flask.application
File "/var/lib/openstack/lib/python3.12/site-packages/pymysql/connections.py", line 803, in _read_packet
[Tue Sep 01 04:39:52.582810 2026] [wsgi:error] [pid 10:tid 139697633212096] [remote 10.0.0.142:44314] 2026-09-01 04:39:52.561 10 ERROR keystone.server.flask.application packet.raise_for_error()
[Tue Sep 01 04:39:52.582812 2026] [wsgi:error] [pid 10:tid 139697633212096] [remote 10.0.0.142:44314] 2026-09-01 04:39:52.561 10 ERROR keystone.server.flask.application
File "/var/lib/openstack/lib/python3.12/site-packages/pymysql/protocol.py", line 219, in raise_for_error
[Tue Sep 01 04:39:52.582814 2026] [wsgi:error] [pid 10:tid 139697633212096] [remote 10.0.0.142:44314] 2026-09-01 04:39:52.561 10 ERROR keystone.server.flask.application err.raise_mysql_exception(self._data)
[Tue Sep 01 04:39:52.582815 2026] [wsgi:error] [pid 10:tid 139697633212096] [remote 10.0.0.142:44314] 2026-09-01 04:39:52.561 10 ERROR keystone.server.flask.application
File "/var/lib/openstack/lib/python3.12/site-packages/pymysql/err.py", line 154, in raise_mysql_exception
[Tue Sep 01 04:39:52.582818 2026] [wsgi:error] [pid 10:tid 139697633212096] [remote 10.0.0.142:44314] 2026-09-01 04:39:52.561 10 ERROR keystone.server.flask.application raise errorclass(errno, errval, sqlstate=sqlstate)
[Tue Sep 01 04:39:52.582820 2026] [wsgi:error] [pid 10:tid 139697633212096] [remote 10.0.0.142:44314] 2026-09-01 04:39:52.561 10 ERROR keystone.server.flask.application pymysql.err.IntegrityError: (1062, "Duplicate entry '<>-service' for key 'project.ixu_project_name_domain_id'")
[Tue Sep 01 04:39:52.582822 2026] [wsgi:error] [pid 10:tid 139697633212096] [remote 10.0.0.142:44314] 2026-09-01 04:39:52.561 10 ERROR keystone.server.flask.application
[Tue Sep 01 04:39:52.582824 2026] [wsgi:error] [pid 10:tid 139697633212096] [remote 10.0.0.142:44314] 2026-09-01 04:39:52.561 10 ERROR keystone.server.flask.application The above exception was the direct cause of the following exception:
[Tue Sep 01 04:39:52.582826 2026] [wsgi:error] [pid 10:tid 139697633212096] [remote 10.0.0.142:44314] 2026-09-01 04:39:52.561 10 ERROR keystone.server.flask.application
[Tue Sep 01 04:39:52.582828 2026] [wsgi:error] [pid 10:tid 139697633212096] [remote 10.0.0.142:44314] 2026-09-01 04:39:52.561 10 ERROR keystone.server.flask.application
Traceback (most recent call last):
[Tue Sep 01 04:39:52.582830 2026] [wsgi:error] [pid 10:tid 139697633212096] [remote 10.0.0.142:44314] 2026-09-01 04:39:52.561 10 ERROR keystone.server.flask.application
File "/var/lib/openstack/lib/python3.12/site-packages/keystone/common/sql/core.py", line 575, in wrapper
[Tue Sep 01 04:39:52.582832 2026] [wsgi:error] [pid 10:tid 139697633212096] [remote 10.0.0.142:44314] 2026-09-01 04:39:52.561 10 ERROR keystone.server.flask.application return method(*args, **kwargs)
[Tue Sep 01 04:39:52.582833 2026] [wsgi:error] [pid 10:tid 139697633212096] [remote 10.0.0.142:44314] 2026-09-01 04:39:52.561 10 ERROR keystone.server.flask.application ^^^^^^^^^^^^^^^^^^^^^^^
[Tue Sep 01 04:39:52.582836 2026] [wsgi:error] [pid 10:tid 139697633212096] [remote 10.0.0.142:44314] 2026-09-01 04:39:52.561 10 ERROR keystone.server.flask.application
File "/var/lib/openstack/lib/python3.12/site-packages/keystone/resource/backends/sql.py", line 278, in create_project
[Tue Sep 01 04:39:52.582838 2026] [wsgi:error] [pid 10:tid 139697633212096] [remote 10.0.0.142:44314] 2026-09-01 04:39:52.561 10 ERROR keystone.server.flask.application with sql.session_for_write() as session:
[Tue Sep 01 04:39:52.582840 2026] [wsgi:error] [pid 10:tid 139697633212096] [remote 10.0.0.142:44314] 2026-09-01 04:39:52.561 10 ERROR keystone.server.flask.application
File "/usr/lib/python3.12/contextlib.py", line 144, in __exit__
[Tue Sep 01 04:39:52.582842 2026] [wsgi:error] [pid 10:tid 139697633212096] [remote 10.0.0.142:44314] 2026-09-01 04:39:52.561 10 ERROR keystone.server.flask.application next(self.gen)
[Tue Sep 01 04:39:52.582844 2026] [wsgi:error] [pid 10:tid 139697633212096] [remote 10.0.0.142:44314] 2026-09-01 04:39:52.561 10 ERROR keystone.server.flask.application
File "/var/lib/openstack/lib/python3.12/site-packages/oslo_db/sqlalchemy/enginefacade.py", line 1175, in _transaction_scope
[Tue Sep 01 04:39:52.582846 2026] [wsgi:error] [pid 10:tid 139697633212096] [remote 10.0.0.142:44314] 2026-09-01 04:39:52.561 10 ERROR keystone.server.flask.application with current._produce_block(
[Tue Sep 01 04:39:52.582848 2026] [wsgi:error] [pid 10:tid 139697633212096] [remote 10.0.0.142:44314] 2026-09-01 04:39:52.561 10 ERROR keystone.server.flask.application
File "/usr/lib/python3.12/contextlib.py", line 144, in __exit__
[Tue Sep 01 04:39:52.582850 2026] [wsgi:error] [pid 10:tid 139697633212096] [remote 10.0.0.142:44314] 2026-09-01 04:39:52.561 10 ERROR keystone.server.flask.application next(self.gen)
[Tue Sep 01 04:39:52.582852 2026] [wsgi:error] [pid 10:tid 139697633212096] [remote 10.0.0.142:44314] 2026-09-01 04:39:52.561 10 ERROR keystone.server.flask.application
File "/var/lib/openstack/lib/python3.12/site-packages/oslo_db/sqlalchemy/enginefacade.py", line 837, in _session
[Tue Sep 01 04:39:52.582854 2026] [wsgi:error] [pid 10:tid 139697633212096] [remote 10.0.0.142:44314] 2026-09-01 04:39:52.561 10 ERROR keystone.server.flask.application with excutils.save_and_reraise_exception():
[Tue Sep 01 04:39:52.582855 2026] [wsgi:error] [pid 10:tid 139697633212096] [remote 10.0.0.142:44314] 2026-09-01 04:39:52.561 10 ERROR keystone.server.flask.application
File "/var/lib/openstack/lib/python3.12/site-packages/oslo_utils/excutils.py", line 266, in __exit__
[Tue Sep 01 04:39:52.582857 2026] [wsgi:error] [pid 10:tid 139697633212096] [remote 10.0.0.142:44314] 2026-09-01 04:39:52.561 10 ERROR keystone.server.flask.application self.force_reraise()
[Tue Sep 01 04:39:52.582859 2026] [wsgi:error] [pid 10:tid 139697633212096] [remote 10.0.0.142:44314] 2026-09-01 04:39:52.561 10 ERROR keystone.server.flask.application
File "/var/lib/openstack/lib/python3.12/site-packages/oslo_utils/excutils.py", line 232, in force_reraise
[Tue Sep 01 04:39:52.582885 2026] [wsgi:error] [pid 10:tid 139697633212096] [remote 10.0.0.142:44314] 2026-09-01 04:39:52.561 10 ERROR keystone.server.flask.application raise self.value
[Tue Sep 01 04:39:52.582887 2026] [wsgi:error] [pid 10:tid 139697633212096] [remote 10.0.0.142:44314] 2026-09-01 04:39:52.561 10 ERROR keystone.server.flask.application
File "/var/lib/openstack/lib/python3.12/site-packages/oslo_db/sqlalchemy/enginefacade.py", line 835, in _session
[Tue Sep 01 04:39:52.582889 2026] [wsgi:error] [pid 10:tid 139697633212096] [remote 10.0.0.142:44314] 2026-09-01 04:39:52.561 10 ERROR keystone.server.flask.application self._end_session_transaction(self.session)
[Tue Sep 01 04:39:52.582890 2026] [wsgi:error] [pid 10:tid 139697633212096] [remote 10.0.0.142:44314] 2026-09-01 04:39:52.561 10 ERROR keystone.server.flask.application
File "/var/lib/openstack/lib/python3.12/site-packages/oslo_db/sqlalchemy/enginefacade.py", line 748, in _end_session_transaction
[Tue Sep 01 04:39:52.582892 2026] [wsgi:error] [pid 10:tid 139697633212096] [remote 10.0.0.142:44314] 2026-09-01 04:39:52.561 10 ERROR keystone.server.flask.application session.commit()
[Tue Sep 01 04:39:52.582894 2026] [wsgi:error] [pid 10:tid 139697633212096] [remote 10.0.0.142:44314] 2026-09-01 04:39:52.561 10 ERROR keystone.server.flask.application
File "/var/lib/openstack/lib/python3.12/site-packages/sqlalchemy/orm/session.py", line 2034, in commit
[Tue Sep 01 04:39:52.582896 2026] [wsgi:error] [pid 10:tid 139697633212096] [remote 10.0.0.142:44314] 2026-09-01 04:39:52.561 10 ERROR keystone.server.flask.application trans.commit(_to_root=True)
[Tue Sep 01 04:39:52.582898 2026] [wsgi:error] [pid 10:tid 139697633212096] [remote 10.0.0.142:44314] 2026-09-01 04:39:52.561 10 ERROR keystone.server.flask.application File "", line 2, in commit
[Tue Sep 01 04:39:52.582900 2026] [wsgi:error] [pid 10:tid 139697633212096] [remote 10.0.0.142:44314] 2026-09-01 04:39:52.561 10 ERROR keystone.server.flask.application
File "/var/lib/openstack/lib/python3.12/site-packages/sqlalchemy/orm/state_changes.py", line 137, in _go
[Tue Sep 01 04:39:52.582902 2026] [wsgi:error] [pid 10:tid 139697633212096] [remote 10.0.0.142:44314] 2026-09-01 04:39:52.561 10 ERROR keystone.server.flask.application ret_value = fn(self, *arg, **kw)
[Tue Sep 01 04:39:52.582904 2026] [wsgi:error] [pid 10:tid 139697633212096] [remote 10.0.0.142:44314] 2026-09-01 04:39:52.561 10 ERROR keystone.server.flask.application ^^^^^^^^^^^^^^^^^^^^
[Tue Sep 01 04:39:52.582906 2026] [wsgi:error] [pid 10:tid 139697633212096] [remote 10.0.0.142:44314] 2026-09-01 04:39:52.561 10 ERROR keystone.server.flask.application
File "/var/lib/openstack/lib/python3.12/site-packages/sqlalchemy/orm/session.py", line 1315, in commit
[Tue Sep 01 04:39:52.582908 2026] [wsgi:error] [pid 10:tid 139697633212096] [remote 10.0.0.142:44314] 2026-09-01 04:39:52.561 10 ERROR keystone.server.flask.application self._prepare_impl()
[Tue Sep 01 04:39:52.582909 2026] [wsgi:error] [pid 10:tid 139697633212096] [remote 10.0.0.142:44314] 2026-09-01 04:39:52.561 10 ERROR keystone.server.flask.application File "", line 2, in _prepare_impl
[Tue Sep 01 04:39:52.582911 2026] [wsgi:error] [pid 10:tid 139697633212096] [remote 10.0.0.142:44314] 2026-09-01 04:39:52.561 10 ERROR keystone.server.flask.application
File "/var/lib/openstack/lib/python3.12/site-packages/sqlalchemy/orm/state_changes.py", line 137, in _go
[Tue Sep 01 04:39:52.582913 2026] [wsgi:error] [pid 10:tid 139697633212096] [remote 10.0.0.142:44314] 2026-09-01 04:39:52.561 10 ERROR keystone.server.flask.application ret_value = fn(self, *arg, **kw)
[Tue Sep 01 04:39:52.582916 2026] [wsgi:error] [pid 10:tid 139697633212096] [remote 10.0.0.142:44314] 2026-09-01 04:39:52.561 10 ERROR keystone.server.flask.application ^^^^^^^^^^^^^^^^^^^^
[Tue Sep 01 04:39:52.582917 2026] [wsgi:error] [pid 10:tid 139697633212096] [remote 10.0.0.142:44314] 2026-09-01 04:39:52.561 10 ERROR keystone.server.flask.application
File "/var/lib/openstack/lib/python3.12/site-packages/sqlalchemy/orm/session.py", line 1290, in _prepare_impl
[Tue Sep 01 04:39:52.582920 2026] [wsgi:error] [pid 10:tid 139697633212096] [remote 10.0.0.142:44314] 2026-09-01 04:39:52.561 10 ERROR keystone.server.flask.application self.session.flush()
[Tue Sep 01 04:39:52.582922 2026] [wsgi:error] [pid 10:tid 139697633212096] [remote 10.0.0.142:44314] 2026-09-01 04:39:52.561 10 ERROR keystone.server.flask.application
File "/var/lib/openstack/lib/python3.12/site-packages/sqlalchemy/orm/session.py", line 4352, in flush
[Tue Sep 01 04:39:52.582924 2026] [wsgi:error] [pid 10:tid 139697633212096] [remote 10.0.0.142:44314] 2026-09-01 04:39:52.561 10 ERROR keystone.server.flask.application self._flush(objects)
[Tue Sep 01 04:39:52.582926 2026] [wsgi:error] [pid 10:tid 139697633212096] [remote 10.0.0.142:44314] 2026-09-01 04:39:52.561 10 ERROR keystone.server.flask.application
File "/var/lib/openstack/lib/python3.12/site-packages/sqlalchemy/orm/session.py", line 4487, in _flush
[Tue Sep 01 04:39:52.582928 2026] [wsgi:error] [pid 10:tid 139697633212096] [remote 10.0.0.142:44314] 2026-09-01 04:39:52.561 10 ERROR keystone.server.flask.application with util.safe_reraise():
[Tue Sep 01 04:39:52.582930 2026] [wsgi:error] [pid 10:tid 139697633212096] [remote 10.0.0.142:44314] 2026-09-01 04:39:52.561 10 ERROR keystone.server.flask.application
File "/var/lib/openstack/lib/python3.12/site-packages/sqlalchemy/util/langhelpers.py", line 122, in __exit__
[Tue Sep 01 04:39:52.582932 2026] [wsgi:error] [pid 10:tid 139697633212096] [remote 10.0.0.142:44314] 2026-09-01 04:39:52.561 10 ERROR keystone.server.flask.application raise exc_value.with_traceback(exc_tb)
[Tue Sep 01 04:39:52.582934 2026] [wsgi:error] [pid 10:tid 139697633212096] [remote 10.0.0.142:44314] 2026-09-01 04:39:52.561 10 ERROR keystone.server.flask.application
File "/var/lib/openstack/lib/python3.12/site-packages/sqlalchemy/orm/session.py", line 4448, in _flush
[Tue Sep 01 04:39:52.582936 2026] [wsgi:error] [pid 10:tid 139697633212096] [remote 10.0.0.142:44314] 2026-09-01 04:39:52.561 10 ERROR keystone.server.flask.application flush_context.execute()
