199.204.45.250 - - [21/Apr/2026:06:22:23 +0000] "GET /networking/v2.0/ports?device_id=b1cb9160-36ef-42d9-a8e1-91dbdc30d979 HTTP/1.1" 200 3731 "-" "python-neutronclient"
199.204.45.250 - - [21/Apr/2026:06:22:23 +0000] "GET /networking/v2.0/ports?device_id=b1cb9160-36ef-42d9-a8e1-91dbdc30d979 HTTP/1.1" 200 3731 "-" "python-neutronclient"
199.204.45.250 - - [21/Apr/2026:06:22:23 +0000] "GET /networking/v2.0/security-groups?id=87d4d605-37b2-47c4-993c-bbf0745dadfe&fields=id&fields=name HTTP/1.1" 200 3010 "-" "python-neutronclient"
199.204.45.250 - - [21/Apr/2026:06:22:23 +0000] "GET /networking/v2.0/ports?device_id=117eee7a-84cf-4112-a085-4d791d52e59e HTTP/1.1" 200 3732 "-" "python-neutronclient"
172.18.0.2 - - [21/Apr/2026:06:22:23 +0000] "GET /compute/v2.1/servers/b1cb9160-36ef-42d9-a8e1-91dbdc30d979 HTTP/1.1" 200 4645 "-" "cluster-api-provider-openstack/v0.12.4 gophercloud/v2.7.0"
199.204.45.250 - - [21/Apr/2026:06:22:23 +0000] "GET /networking/v2.0/security-groups?id=87d4d605-37b2-47c4-993c-bbf0745dadfe&fields=id&fields=name HTTP/1.1" 200 3010 "-" "python-neutronclient"
199.204.45.250 - - [21/Apr/2026:06:22:23 +0000] "GET /networking/v2.0/ports?device_id=117eee7a-84cf-4112-a085-4d791d52e59e HTTP/1.1" 200 3732 "-" "python-neutronclient"
172.18.0.2 - - [21/Apr/2026:06:22:23 +0000] "GET /compute/v2.1/servers/b1cb9160-36ef-42d9-a8e1-91dbdc30d979 HTTP/1.1" 200 4645 "-" "cluster-api-provider-openstack/v0.12.4 gophercloud/v2.7.0"
199.204.45.250 - - [21/Apr/2026:06:22:23 +0000] "GET /networking/v2.0/security-groups?id=87d4d605-37b2-47c4-993c-bbf0745dadfe&fields=id&fields=name HTTP/1.1" 200 3010 "-" "python-neutronclient"
172.18.0.2 - - [21/Apr/2026:06:22:23 +0000] "GET /compute/v2.1/servers/117eee7a-84cf-4112-a085-4d791d52e59e HTTP/1.1" 200 4646 "-" "cluster-api-provider-openstack/v0.12.4 gophercloud/v2.7.0"
199.204.45.250 - - [21/Apr/2026:06:22:23 +0000] "GET /networking/v2.0/security-groups?id=87d4d605-37b2-47c4-993c-bbf0745dadfe&fields=id&fields=name HTTP/1.1" 200 3010 "-" "python-neutronclient"
172.18.0.2 - - [21/Apr/2026:06:22:23 +0000] "GET /compute/v2.1/servers/117eee7a-84cf-4112-a085-4d791d52e59e HTTP/1.1" 200 4646 "-" "cluster-api-provider-openstack/v0.12.4 gophercloud/v2.7.0"
172.18.0.2 - - [21/Apr/2026:06:22:23 +0000] "GET /compute/v2.1/ HTTP/1.1" 200 3432 "-" "cluster-api-provider-openstack/v0.12.4 gophercloud/v2.7.0"
172.18.0.2 - - [21/Apr/2026:06:22:23 +0000] "GET /compute/v2.1/ HTTP/1.1" 200 3432 "-" "cluster-api-provider-openstack/v0.12.4 gophercloud/v2.7.0"
172.18.0.2 - - [21/Apr/2026:06:22:23 +0000] "GET /networking/v2.0/ports?id=abc87a35-d0fd-42ac-9f08-00525e5bdc51&name=kube-mdzwb-default-worker-rmrkl-6wgm5-jbzwh-0&network_id=51bd7069-1a77-48b5-a042-2484492b35b6 HTTP/1.1" 200 3700 "-" "cluster-api-provider-openstack/v0.12.4 gophercloud/v2.7.0"
172.18.0.2 - - [21/Apr/2026:06:22:23 +0000] "GET /compute/v2.1/ HTTP/1.1" 200 3432 "-" "cluster-api-provider-openstack/v0.12.4 gophercloud/v2.7.0"
199.204.45.250 - - [21/Apr/2026:06:22:23 +0000] "GET /networking/v2.0/ports?device_id=117eee7a-84cf-4112-a085-4d791d52e59e HTTP/1.1" 200 3732 "-" "python-neutronclient"
199.204.45.250 - - [21/Apr/2026:06:22:23 +0000] "GET /networking/v2.0/ports?device_id=b1cb9160-36ef-42d9-a8e1-91dbdc30d979 HTTP/1.1" 200 3731 "-" "python-neutronclient"
199.204.45.250 - - [21/Apr/2026:06:22:23 +0000] "GET /networking/v2.0/ports?device_id=b1cb9160-36ef-42d9-a8e1-91dbdc30d979 HTTP/1.1" 200 3731 "-" "python-neutronclient"
199.204.45.250 - - [21/Apr/2026:06:22:24 +0000] "GET /networking/v2.0/security-groups?id=87d4d605-37b2-47c4-993c-bbf0745dadfe&fields=id&fields=name HTTP/1.1" 200 3010 "-" "python-neutronclient"
172.18.0.2 - - [21/Apr/2026:06:22:23 +0000] "GET /compute/v2.1/servers/117eee7a-84cf-4112-a085-4d791d52e59e HTTP/1.1" 200 4646 "-" "cluster-api-provider-openstack/v0.12.4 gophercloud/v2.7.0"
199.204.45.250 - - [21/Apr/2026:06:22:24 +0000] "GET /networking/v2.0/security-groups?id=87d4d605-37b2-47c4-993c-bbf0745dadfe&fields=id&fields=name HTTP/1.1" 200 3010 "-" "python-neutronclient"
172.18.0.2 - - [21/Apr/2026:06:22:23 +0000] "GET /compute/v2.1/servers/b1cb9160-36ef-42d9-a8e1-91dbdc30d979 HTTP/1.1" 200 4645 "-" "cluster-api-provider-openstack/v0.12.4 gophercloud/v2.7.0"
199.204.45.250 - - [21/Apr/2026:06:22:24 +0000] "GET /networking/v2.0/security-groups?id=87d4d605-37b2-47c4-993c-bbf0745dadfe&fields=id&fields=name HTTP/1.1" 200 3010 "-" "python-neutronclient"
172.18.0.2 - - [21/Apr/2026:06:22:23 +0000] "GET /compute/v2.1/servers/b1cb9160-36ef-42d9-a8e1-91dbdc30d979 HTTP/1.1" 200 4645 "-" "cluster-api-provider-openstack/v0.12.4 gophercloud/v2.7.0"
172.18.0.2 - - [21/Apr/2026:06:22:24 +0000] "GET /compute/v2.1/ HTTP/1.1" 200 3432 "-" "cluster-api-provider-openstack/v0.12.4 gophercloud/v2.7.0"
199.204.45.250 - - [21/Apr/2026:06:22:24 +0000] "GET /networking/v2.0/ports?device_id=b1cb9160-36ef-42d9-a8e1-91dbdc30d979 HTTP/1.1" 200 3731 "-" "python-neutronclient"
199.204.45.250 - - [21/Apr/2026:06:22:24 +0000] "GET /networking/v2.0/security-groups?id=87d4d605-37b2-47c4-993c-bbf0745dadfe&fields=id&fields=name HTTP/1.1" 200 3010 "-" "python-neutronclient"
172.18.0.2 - - [21/Apr/2026:06:22:24 +0000] "GET /compute/v2.1/servers/b1cb9160-36ef-42d9-a8e1-91dbdc30d979 HTTP/1.1" 200 4645 "-" "cluster-api-provider-openstack/v0.12.4 gophercloud/v2.7.0"
199.204.45.250 - - [21/Apr/2026:06:22:29 +0000] "GET /identity HTTP/1.1" 300 3232 "-" "openstacksdk/4.11.0 keystoneauth1/5.13.1 python-requests/2.33.1 CPython/3.12.3"
199.204.45.250 - - [21/Apr/2026:06:22:29 +0000] "POST /identity/v3/auth/tokens HTTP/1.1" 201 8058 "-" "openstacksdk/4.11.0 keystoneauth1/5.13.1 python-requests/2.33.1 CPython/3.12.3"
199.204.45.250 - - [21/Apr/2026:06:22:30 +0000] "GET /identity/v3/auth/tokens HTTP/1.1" 200 8053 "-" "python-keystoneclient"
199.204.45.250 - - [21/Apr/2026:06:22:30 +0000] "POST /identity/v3/auth/tokens HTTP/1.1" 201 7632 "-" "uwsgi keystoneauth1/5.13.1 python-requests/2.33.1 CPython/3.12.3"
199.204.45.250 - - [21/Apr/2026:06:22:30 +0000] "POST /identity/v3/auth/tokens HTTP/1.1" 201 7632 "-" "uwsgi keystoneauth1/5.13.1 python-requests/2.33.1 CPython/3.12.3"
199.204.45.250 - - [21/Apr/2026:06:22:30 +0000] "GET /container-infra/v1/clusters/k8s-cluster HTTP/1.1" 200 4891 "-" "python-urllib3/2.6.3"
199.204.45.250 - - [21/Apr/2026:06:22:36 +0000] "GET /identity HTTP/1.1" 300 3232 "-" "openstacksdk/4.11.0 keystoneauth1/5.13.1 python-requests/2.33.1 CPython/3.12.3"
199.204.45.250 - - [21/Apr/2026:06:22:36 +0000] "POST /identity/v3/auth/tokens HTTP/1.1" 201 8058 "-" "openstacksdk/4.11.0 keystoneauth1/5.13.1 python-requests/2.33.1 CPython/3.12.3"
199.204.45.250 - - [21/Apr/2026:06:22:37 +0000] "GET /identity/v3/auth/tokens HTTP/1.1" 200 8053 "-" "python-keystoneclient"
199.204.45.250 - - [21/Apr/2026:06:22:37 +0000] "POST /identity/v3/auth/tokens HTTP/1.1" 201 7632 "-" "uwsgi keystoneauth1/5.13.1 python-requests/2.33.1 CPython/3.12.3"
199.204.45.250 - - [21/Apr/2026:06:22:37 +0000] "POST /identity/v3/auth/tokens HTTP/1.1" 201 7632 "-" "uwsgi keystoneauth1/5.13.1 python-requests/2.33.1 CPython/3.12.3"
199.204.45.250 - - [21/Apr/2026:06:22:37 +0000] "GET /container-infra/v1/clusters/k8s-cluster HTTP/1.1" 200 4890 "-" "python-urllib3/2.6.3"
199.204.45.250 - - [21/Apr/2026:06:22:40 +0000] "GET /networking/v2.0/ports?device_id=117eee7a-84cf-4112-a085-4d791d52e59e HTTP/1.1" 200 3974 "-" "python-neutronclient"
199.204.45.250 - - [21/Apr/2026:06:22:41 +0000] "GET /networking/v2.0/security-groups?id=87d4d605-37b2-47c4-993c-bbf0745dadfe&fields=id&fields=name HTTP/1.1" 200 3010 "-" "python-neutronclient"
199.204.45.250 - - [21/Apr/2026:06:22:43 +0000] "GET /identity HTTP/1.1" 300 3232 "-" "openstacksdk/4.11.0 keystoneauth1/5.13.1 python-requests/2.33.1 CPython/3.12.3"
199.204.45.250 - - [21/Apr/2026:06:22:43 +0000] "POST /identity/v3/auth/tokens HTTP/1.1" 201 8058 "-" "openstacksdk/4.11.0 keystoneauth1/5.13.1 python-requests/2.33.1 CPython/3.12.3"
199.204.45.250 - - [21/Apr/2026:06:22:43 +0000] "GET /identity/v3/auth/tokens HTTP/1.1" 200 8053 "-" "python-keystoneclient"
199.204.45.250 - - [21/Apr/2026:06:22:44 +0000] "POST /identity/v3/auth/tokens HTTP/1.1" 201 7632 "-" "uwsgi keystoneauth1/5.13.1 python-requests/2.33.1 CPython/3.12.3"
199.204.45.250 - - [21/Apr/2026:06:22:44 +0000] "POST /identity/v3/auth/tokens HTTP/1.1" 201 7632 "-" "uwsgi keystoneauth1/5.13.1 python-requests/2.33.1 CPython/3.12.3"
199.204.45.250 - - [21/Apr/2026:06:22:43 +0000] "GET /container-infra/v1/clusters/k8s-cluster HTTP/1.1" 200 4890 "-" "python-urllib3/2.6.3"
199.204.45.250 - - [21/Apr/2026:06:22:46 +0000] "GET /networking/v2.0/ports?device_id=b1cb9160-36ef-42d9-a8e1-91dbdc30d979 HTTP/1.1" 200 3973 "-" "python-neutronclient"
199.204.45.250 - - [21/Apr/2026:06:22:46 +0000] "GET /networking/v2.0/security-groups?id=87d4d605-37b2-47c4-993c-bbf0745dadfe&fields=id&fields=name HTTP/1.1" 200 3010 "-" "python-neutronclient"
199.204.45.250 - - [21/Apr/2026:06:22:50 +0000] "GET /identity HTTP/1.1" 300 3232 "-" "openstacksdk/4.11.0 keystoneauth1/5.13.1 python-requests/2.33.1 CPython/3.12.3"
199.204.45.250 - - [21/Apr/2026:06:22:50 +0000] "POST /identity/v3/auth/tokens HTTP/1.1" 201 8058 "-" "openstacksdk/4.11.0 keystoneauth1/5.13.1 python-requests/2.33.1 CPython/3.12.3"
199.204.45.250 - - [21/Apr/2026:06:22:51 +0000] "GET /identity/v3/auth/tokens HTTP/1.1" 200 8053 "-" "python-keystoneclient"
199.204.45.250 - - [21/Apr/2026:06:22:51 +0000] "POST /identity/v3/auth/tokens HTTP/1.1" 201 7632 "-" "uwsgi keystoneauth1/5.13.1 python-requests/2.33.1 CPython/3.12.3"
199.204.45.250 - - [21/Apr/2026:06:22:51 +0000] "POST /identity/v3/auth/tokens HTTP/1.1" 201 7632 "-" "uwsgi keystoneauth1/5.13.1 python-requests/2.33.1 CPython/3.12.3"
199.204.45.250 - - [21/Apr/2026:06:22:50 +0000] "GET /container-infra/v1/clusters/k8s-cluster HTTP/1.1" 200 4890 "-" "python-urllib3/2.6.3"
199.204.45.250 - - [21/Apr/2026:06:22:57 +0000] "GET /identity HTTP/1.1" 300 3232 "-" "openstacksdk/4.11.0 keystoneauth1/5.13.1 python-requests/2.33.1 CPython/3.12.3"
199.204.45.250 - - [21/Apr/2026:06:22:57 +0000] "POST /identity/v3/auth/tokens HTTP/1.1" 201 8058 "-" "openstacksdk/4.11.0 keystoneauth1/5.13.1 python-requests/2.33.1 CPython/3.12.3"
199.204.45.250 - - [21/Apr/2026:06:22:57 +0000] "GET /identity/v3/auth/tokens HTTP/1.1" 200 8053 "-" "python-keystoneclient"
199.204.45.250 - - [21/Apr/2026:06:22:58 +0000] "POST /identity/v3/auth/tokens HTTP/1.1" 201 7632 "-" "uwsgi keystoneauth1/5.13.1 python-requests/2.33.1 CPython/3.12.3"
199.204.45.250 - - [21/Apr/2026:06:22:58 +0000] "POST /identity/v3/auth/tokens HTTP/1.1" 201 7632 "-" "uwsgi keystoneauth1/5.13.1 python-requests/2.33.1 CPython/3.12.3"
199.204.45.250 - - [21/Apr/2026:06:22:57 +0000] "GET /container-infra/v1/clusters/k8s-cluster HTTP/1.1" 200 4890 "-" "python-urllib3/2.6.3"
172.24.5.25 - - [21/Apr/2026:06:23:02 +0000] "GET /identity/ HTTP/1.1" 300 3201 "-" "openstack-cloud-controller-manager/v1.35.0 gophercloud/v2.8.0"
172.24.5.25 - - [21/Apr/2026:06:23:02 +0000] "POST /identity/v3/auth/tokens HTTP/1.1" 201 8200 "-" "openstack-cloud-controller-manager/v1.35.0 gophercloud/v2.8.0"
172.24.5.25 - - [21/Apr/2026:06:23:02 +0000] "GET /networking/ HTTP/1.1" 200 2910 "-" "openstack-cloud-controller-manager/v1.35.0 gophercloud/v2.8.0"
199.204.45.250 - - [21/Apr/2026:06:23:02 +0000] "GET /identity/v3/auth/tokens HTTP/1.1" 200 8226 "-" "python-keystoneclient"
172.24.5.25 - - [21/Apr/2026:06:23:02 +0000] "GET /networking/v2.0/extensions HTTP/1.1" 200 18101 "-" "openstack-cloud-controller-manager/v1.35.0 gophercloud/v2.8.0"
172.24.5.25 - - [21/Apr/2026:06:23:02 +0000] "GET /networking/ HTTP/1.1" 200 2910 "-" "openstack-cloud-controller-manager/v1.35.0 gophercloud/v2.8.0"
172.24.5.25 - - [21/Apr/2026:06:23:02 +0000] "GET /networking/ HTTP/1.1" 200 2910 "-" "openstack-cloud-controller-manager/v1.35.0 gophercloud/v2.8.0"
172.24.5.25 - - [21/Apr/2026:06:23:02 +0000] "GET /networking/ HTTP/1.1" 200 2910 "-" "openstack-cloud-controller-manager/v1.35.0 gophercloud/v2.8.0"
172.24.5.25 - - [21/Apr/2026:06:23:02 +0000] "GET /networking/ HTTP/1.1" 200 2910 "-" "openstack-cloud-controller-manager/v1.35.0 gophercloud/v2.8.0"
199.204.45.250 - - [21/Apr/2026:06:23:03 +0000] "GET /networking/v2.0/ports?device_id=b1cb9160-36ef-42d9-a8e1-91dbdc30d979 HTTP/1.1" 200 3731 "-" "python-neutronclient"
199.204.45.250 - - [21/Apr/2026:06:23:03 +0000] "GET /networking/v2.0/security-groups?id=87d4d605-37b2-47c4-993c-bbf0745dadfe&fields=id&fields=name HTTP/1.1" 200 3010 "-" "python-neutronclient"
172.24.5.25 - - [21/Apr/2026:06:23:02 +0000] "GET /compute/v2.1/servers/detail?name=%5Ekube-mdzwb-default-worker-rmrkl-6wgm5-jbzwh%24 HTTP/1.1" 200 4596 "-" "openstack-cloud-controller-manager/v1.35.0 gophercloud/v2.8.0"
172.24.5.25 - - [21/Apr/2026:06:23:03 +0000] "GET /compute/v2.1/flavors/4 HTTP/1.1" 200 3412 "-" "openstack-cloud-controller-manager/v1.35.0 gophercloud/v2.8.0"
172.24.5.25 - - [21/Apr/2026:06:23:03 +0000] "GET /networking/v2.0/ports?device_id=b1cb9160-36ef-42d9-a8e1-91dbdc30d979 HTTP/1.1" 200 3700 "-" "openstack-cloud-controller-manager/v1.35.0 gophercloud/v2.8.0"
172.24.5.25 - - [21/Apr/2026:06:23:03 +0000] "GET /networking/ HTTP/1.1" 200 2910 "-" "openstack-cloud-controller-manager/v1.35.0 gophercloud/v2.8.0"
172.18.0.2 - - [21/Apr/2026:06:23:03 +0000] "GET /compute/v2.1/ HTTP/1.1" 200 3432 "-" "cluster-api-provider-openstack/v0.12.4 gophercloud/v2.7.0"
199.204.45.250 - - [21/Apr/2026:06:23:03 +0000] "GET /identity/v3/auth/tokens HTTP/1.1" 200 8226 "-" "python-keystoneclient"
199.204.45.250 - - [21/Apr/2026:06:23:03 +0000] "GET /networking/v2.0/ports?device_id=b1cb9160-36ef-42d9-a8e1-91dbdc30d979 HTTP/1.1" 200 3731 "-" "python-neutronclient"
199.204.45.250 - - [21/Apr/2026:06:23:03 +0000] "GET /networking/v2.0/security-groups?id=87d4d605-37b2-47c4-993c-bbf0745dadfe&fields=id&fields=name HTTP/1.1" 200 3010 "-" "python-neutronclient"
172.18.0.2 - - [21/Apr/2026:06:23:03 +0000] "GET /compute/v2.1/servers/b1cb9160-36ef-42d9-a8e1-91dbdc30d979 HTTP/1.1" 200 4645 "-" "cluster-api-provider-openstack/v0.12.4 gophercloud/v2.7.0"
199.204.45.250 - - [21/Apr/2026:06:23:03 +0000] "GET /networking/v2.0/ports?device_id=117eee7a-84cf-4112-a085-4d791d52e59e HTTP/1.1" 200 3732 "-" "python-neutronclient"
172.18.0.2 - - [21/Apr/2026:06:23:03 +0000] "GET /compute/v2.1/ HTTP/1.1" 200 3432 "-" "cluster-api-provider-openstack/v0.12.4 gophercloud/v2.7.0"
199.204.45.250 - - [21/Apr/2026:06:23:03 +0000] "GET /networking/v2.0/security-groups?id=87d4d605-37b2-47c4-993c-bbf0745dadfe&fields=id&fields=name HTTP/1.1" 200 3010 "-" "python-neutronclient"
172.24.5.25 - - [21/Apr/2026:06:23:03 +0000] "GET /compute/v2.1/servers/detail?name=%5Ekube-mdzwb-default-worker-rmrkl-6wgm5-k5tjh%24 HTTP/1.1" 200 4597 "-" "openstack-cloud-controller-manager/v1.35.0 gophercloud/v2.8.0"
172.24.5.25 - - [21/Apr/2026:06:23:03 +0000] "GET /compute/v2.1/flavors/4 HTTP/1.1" 200 3412 "-" "openstack-cloud-controller-manager/v1.35.0 gophercloud/v2.8.0"
199.204.45.250 - - [21/Apr/2026:06:23:03 +0000] "GET /networking/v2.0/ports?device_id=b1cb9160-36ef-42d9-a8e1-91dbdc30d979 HTTP/1.1" 200 3731 "-" "python-neutronclient"
172.24.5.25 - - [21/Apr/2026:06:23:03 +0000] "GET /networking/v2.0/ports?device_id=117eee7a-84cf-4112-a085-4d791d52e59e HTTP/1.1" 200 3701 "-" "openstack-cloud-controller-manager/v1.35.0 gophercloud/v2.8.0"
172.24.5.25 - - [21/Apr/2026:06:23:04 +0000] "GET /networking/ HTTP/1.1" 200 2910 "-" "openstack-cloud-controller-manager/v1.35.0 gophercloud/v2.8.0"
199.204.45.250 - - [21/Apr/2026:06:23:03 +0000] "GET /networking/v2.0/security-groups?id=87d4d605-37b2-47c4-993c-bbf0745dadfe&fields=id&fields=name HTTP/1.1" 200 3010 "-" "python-neutronclient"
172.18.0.2 - - [21/Apr/2026:06:23:04 +0000] "GET /compute/v2.1/ HTTP/1.1" 200 3432 "-" "cluster-api-provider-openstack/v0.12.4 gophercloud/v2.7.0"
172.18.0.2 - - [21/Apr/2026:06:23:03 +0000] "GET /compute/v2.1/servers/b1cb9160-36ef-42d9-a8e1-91dbdc30d979 HTTP/1.1" 200 4645 "-" "cluster-api-provider-openstack/v0.12.4 gophercloud/v2.7.0"
199.204.45.250 - - [21/Apr/2026:06:23:04 +0000] "GET /networking/v2.0/ports?device_id=117eee7a-84cf-4112-a085-4d791d52e59e HTTP/1.1" 200 3732 "-" "python-neutronclient"
199.204.45.250 - - [21/Apr/2026:06:23:04 +0000] "GET /networking/v2.0/ports?device_id=3482bd46-761e-4c4a-89bf-29da26f2d75c HTTP/1.1" 200 3711 "-" "python-neutronclient"
199.204.45.250 - - [21/Apr/2026:06:23:04 +0000] "GET /networking/v2.0/security-groups?id=87d4d605-37b2-47c4-993c-bbf0745dadfe&fields=id&fields=name HTTP/1.1" 200 3010 "-" "python-neutronclient"
172.18.0.2 - - [21/Apr/2026:06:23:04 +0000] "GET /compute/v2.1/servers/117eee7a-84cf-4112-a085-4d791d52e59e HTTP/1.1" 200 4646 "-" "cluster-api-provider-openstack/v0.12.4 gophercloud/v2.7.0"
199.204.45.250 - - [21/Apr/2026:06:23:04 +0000] "GET /networking/v2.0/security-groups?id=2841cc9e-222b-43e5-8bc1-7450183a9016&fields=id&fields=name HTTP/1.1" 200 3016 "-" "python-neutronclient"
172.24.5.25 - - [21/Apr/2026:06:23:04 +0000] "GET /compute/v2.1/servers/detail?name=%5Ekube-mdzwb-hd5n2-229g2%24 HTTP/1.1" 200 4582 "-" "openstack-cloud-controller-manager/v1.35.0 gophercloud/v2.8.0"
172.18.0.2 - - [21/Apr/2026:06:23:04 +0000] "GET /compute/v2.1/ HTTP/1.1" 200 3432 "-" "cluster-api-provider-openstack/v0.12.4 gophercloud/v2.7.0"
172.24.5.25 - - [21/Apr/2026:06:23:04 +0000] "GET /compute/v2.1/flavors/4 HTTP/1.1" 200 3412 "-" "openstack-cloud-controller-manager/v1.35.0 gophercloud/v2.8.0"
172.24.5.25 - - [21/Apr/2026:06:23:04 +0000] "GET /networking/v2.0/ports?device_id=3482bd46-761e-4c4a-89bf-29da26f2d75c HTTP/1.1" 200 3680 "-" "openstack-cloud-controller-manager/v1.35.0 gophercloud/v2.8.0"
199.204.45.250 - - [21/Apr/2026:06:23:04 +0000] "GET /networking/v2.0/ports?device_id=117eee7a-84cf-4112-a085-4d791d52e59e HTTP/1.1" 200 3732 "-" "python-neutronclient"
172.18.0.2 - - [21/Apr/2026:06:23:04 +0000] "GET /compute/v2.1/ HTTP/1.1" 200 3432 "-" "cluster-api-provider-openstack/v0.12.4 gophercloud/v2.7.0"
199.204.45.250 - - [21/Apr/2026:06:23:04 +0000] "GET /networking/v2.0/security-groups?id=87d4d605-37b2-47c4-993c-bbf0745dadfe&fields=id&fields=name HTTP/1.1" 200 3010 "-" "python-neutronclient"
172.18.0.2 - - [21/Apr/2026:06:23:04 +0000] "GET /compute/v2.1/servers/117eee7a-84cf-4112-a085-4d791d52e59e HTTP/1.1" 200 4646 "-" "cluster-api-provider-openstack/v0.12.4 gophercloud/v2.7.0"
199.204.45.250 - - [21/Apr/2026:06:23:04 +0000] "GET /networking/v2.0/ports?device_id=3482bd46-761e-4c4a-89bf-29da26f2d75c HTTP/1.1" 200 3711 "-" "python-neutronclient"
199.204.45.250 - - [21/Apr/2026:06:23:04 +0000] "GET /identity HTTP/1.1" 300 3232 "-" "openstacksdk/4.11.0 keystoneauth1/5.13.1 python-requests/2.33.1 CPython/3.12.3"
199.204.45.250 - - [21/Apr/2026:06:23:04 +0000] "GET /networking/v2.0/security-groups?id=2841cc9e-222b-43e5-8bc1-7450183a9016&fields=id&fields=name HTTP/1.1" 200 3016 "-" "python-neutronclient"
172.18.0.2 - - [21/Apr/2026:06:23:04 +0000] "GET /compute/v2.1/servers/3482bd46-761e-4c4a-89bf-29da26f2d75c HTTP/1.1" 200 4631 "-" "cluster-api-provider-openstack/v0.12.4 gophercloud/v2.7.0"
199.204.45.250 - - [21/Apr/2026:06:23:04 +0000] "POST /identity/v3/auth/tokens HTTP/1.1" 201 8058 "-" "openstacksdk/4.11.0 keystoneauth1/5.13.1 python-requests/2.33.1 CPython/3.12.3"
172.18.0.2 - - [21/Apr/2026:06:23:04 +0000] "GET /compute/v2.1/ HTTP/1.1" 200 3432 "-" "cluster-api-provider-openstack/v0.12.4 gophercloud/v2.7.0"
199.204.45.250 - - [21/Apr/2026:06:23:05 +0000] "GET /networking/v2.0/ports?device_id=3482bd46-761e-4c4a-89bf-29da26f2d75c HTTP/1.1" 200 3711 "-" "python-neutronclient"
199.204.45.250 - - [21/Apr/2026:06:23:05 +0000] "GET /identity/v3/auth/tokens HTTP/1.1" 200 8053 "-" "python-keystoneclient"
199.204.45.250 - - [21/Apr/2026:06:23:05 +0000] "POST /identity/v3/auth/tokens HTTP/1.1" 201 7632 "-" "uwsgi keystoneauth1/5.13.1 python-requests/2.33.1 CPython/3.12.3"
199.204.45.250 - - [21/Apr/2026:06:23:05 +0000] "GET /networking/v2.0/security-groups?id=2841cc9e-222b-43e5-8bc1-7450183a9016&fields=id&fields=name HTTP/1.1" 200 3016 "-" "python-neutronclient"
172.18.0.2 - - [21/Apr/2026:06:23:04 +0000] "GET /compute/v2.1/servers/3482bd46-761e-4c4a-89bf-29da26f2d75c HTTP/1.1" 200 4631 "-" "cluster-api-provider-openstack/v0.12.4 gophercloud/v2.7.0"
199.204.45.250 - - [21/Apr/2026:06:23:05 +0000] "POST /identity/v3/auth/tokens HTTP/1.1" 201 7632 "-" "uwsgi keystoneauth1/5.13.1 python-requests/2.33.1 CPython/3.12.3"
199.204.45.250 - - [21/Apr/2026:06:23:05 +0000] "GET /container-infra/v1/clusters/k8s-cluster HTTP/1.1" 200 4890 "-" "python-urllib3/2.6.3"
172.18.0.2 - - [21/Apr/2026:06:23:05 +0000] "GET /compute/v2.1/ HTTP/1.1" 200 3432 "-" "cluster-api-provider-openstack/v0.12.4 gophercloud/v2.7.0"
199.204.45.250 - - [21/Apr/2026:06:23:05 +0000] "GET /networking/v2.0/ports?device_id=3482bd46-761e-4c4a-89bf-29da26f2d75c HTTP/1.1" 200 3711 "-" "python-neutronclient"
199.204.45.250 - - [21/Apr/2026:06:23:05 +0000] "GET /networking/v2.0/security-groups?id=2841cc9e-222b-43e5-8bc1-7450183a9016&fields=id&fields=name HTTP/1.1" 200 3016 "-" "python-neutronclient"
172.18.0.2 - - [21/Apr/2026:06:23:05 +0000] "GET /compute/v2.1/servers/3482bd46-761e-4c4a-89bf-29da26f2d75c HTTP/1.1" 200 4631 "-" "cluster-api-provider-openstack/v0.12.4 gophercloud/v2.7.0"
172.18.0.2 - - [21/Apr/2026:06:23:05 +0000] "GET /compute/v2.1/ HTTP/1.1" 200 3432 "-" "cluster-api-provider-openstack/v0.12.4 gophercloud/v2.7.0"
199.204.45.250 - - [21/Apr/2026:06:23:05 +0000] "GET /networking/v2.0/ports?device_id=117eee7a-84cf-4112-a085-4d791d52e59e HTTP/1.1" 200 3732 "-" "python-neutronclient"
199.204.45.250 - - [21/Apr/2026:06:23:05 +0000] "GET /networking/v2.0/security-groups?id=87d4d605-37b2-47c4-993c-bbf0745dadfe&fields=id&fields=name HTTP/1.1" 200 3010 "-" "python-neutronclient"
172.18.0.2 - - [21/Apr/2026:06:23:05 +0000] "GET /compute/v2.1/servers/117eee7a-84cf-4112-a085-4d791d52e59e HTTP/1.1" 200 4646 "-" "cluster-api-provider-openstack/v0.12.4 gophercloud/v2.7.0"
172.24.5.25 - - [21/Apr/2026:06:23:07 +0000] "GET /networking/ HTTP/1.1" 200 2910 "-" "openstack-cloud-controller-manager/v1.35.0 gophercloud/v2.8.0"
199.204.45.250 - - [21/Apr/2026:06:23:07 +0000] "GET /networking/v2.0/ports?device_id=117eee7a-84cf-4112-a085-4d791d52e59e HTTP/1.1" 200 3732 "-" "python-neutronclient"
199.204.45.250 - - [21/Apr/2026:06:23:07 +0000] "GET /networking/v2.0/security-groups?id=87d4d605-37b2-47c4-993c-bbf0745dadfe&fields=id&fields=name HTTP/1.1" 200 3010 "-" "python-neutronclient"
172.24.5.25 - - [21/Apr/2026:06:23:07 +0000] "GET /compute/v2.1/servers/117eee7a-84cf-4112-a085-4d791d52e59e HTTP/1.1" 200 4594 "-" "openstack-cloud-controller-manager/v1.35.0 gophercloud/v2.8.0"
172.24.5.25 - - [21/Apr/2026:06:23:08 +0000] "GET /networking/ HTTP/1.1" 200 2910 "-" "openstack-cloud-controller-manager/v1.35.0 gophercloud/v2.8.0"
199.204.45.250 - - [21/Apr/2026:06:23:08 +0000] "GET /identity/v3/auth/tokens HTTP/1.1" 200 8100 "-" "python-keystoneclient"
199.204.45.250 - - [21/Apr/2026:06:23:08 +0000] "GET /networking/v2.0/ports?device_id=117eee7a-84cf-4112-a085-4d791d52e59e HTTP/1.1" 200 3732 "-" "python-neutronclient"
199.204.45.250 - - [21/Apr/2026:06:23:08 +0000] "GET /networking/v2.0/security-groups?id=87d4d605-37b2-47c4-993c-bbf0745dadfe&fields=id&fields=name HTTP/1.1" 200 3010 "-" "python-neutronclient"
172.24.5.25 - - [21/Apr/2026:06:23:08 +0000] "GET /compute/v2.1/servers/117eee7a-84cf-4112-a085-4d791d52e59e HTTP/1.1" 200 4594 "-" "openstack-cloud-controller-manager/v1.35.0 gophercloud/v2.8.0"
172.24.5.25 - - [21/Apr/2026:06:23:08 +0000] "GET /networking/ HTTP/1.1" 200 2910 "-" "openstack-cloud-controller-manager/v1.35.0 gophercloud/v2.8.0"
199.204.45.250 - - [21/Apr/2026:06:23:08 +0000] "GET /networking/v2.0/ports?device_id=b1cb9160-36ef-42d9-a8e1-91dbdc30d979 HTTP/1.1" 200 3731 "-" "python-neutronclient"
199.204.45.250 - - [21/Apr/2026:06:23:08 +0000] "GET /networking/v2.0/security-groups?id=87d4d605-37b2-47c4-993c-bbf0745dadfe&fields=id&fields=name HTTP/1.1" 200 3010 "-" "python-neutronclient"
172.24.5.25 - - [21/Apr/2026:06:23:08 +0000] "GET /compute/v2.1/servers/b1cb9160-36ef-42d9-a8e1-91dbdc30d979 HTTP/1.1" 200 4593 "-" "openstack-cloud-controller-manager/v1.35.0 gophercloud/v2.8.0"
172.24.5.25 - - [21/Apr/2026:06:23:08 +0000] "GET /networking/ HTTP/1.1" 200 2910 "-" "openstack-cloud-controller-manager/v1.35.0 gophercloud/v2.8.0"
199.204.45.250 - - [21/Apr/2026:06:23:08 +0000] "GET /networking/v2.0/ports?device_id=b1cb9160-36ef-42d9-a8e1-91dbdc30d979 HTTP/1.1" 200 3731 "-" "python-neutronclient"
199.204.45.250 - - [21/Apr/2026:06:23:08 +0000] "GET /networking/v2.0/security-groups?id=87d4d605-37b2-47c4-993c-bbf0745dadfe&fields=id&fields=name HTTP/1.1" 200 3010 "-" "python-neutronclient"
172.24.5.25 - - [21/Apr/2026:06:23:08 +0000] "GET /compute/v2.1/servers/b1cb9160-36ef-42d9-a8e1-91dbdc30d979 HTTP/1.1" 200 4593 "-" "openstack-cloud-controller-manager/v1.35.0 gophercloud/v2.8.0"
172.18.0.2 - - [21/Apr/2026:06:23:11 +0000] "GET /compute/v2.1/ HTTP/1.1" 200 3432 "-" "cluster-api-provider-openstack/v0.12.4 gophercloud/v2.7.0"
199.204.45.250 - - [21/Apr/2026:06:23:11 +0000] "GET /networking/v2.0/ports?device_id=b1cb9160-36ef-42d9-a8e1-91dbdc30d979 HTTP/1.1" 200 3731 "-" "python-neutronclient"
199.204.45.250 - - [21/Apr/2026:06:23:11 +0000] "GET /networking/v2.0/security-groups?id=87d4d605-37b2-47c4-993c-bbf0745dadfe&fields=id&fields=name HTTP/1.1" 200 3010 "-" "python-neutronclient"
172.18.0.2 - - [21/Apr/2026:06:23:11 +0000] "GET /compute/v2.1/servers/b1cb9160-36ef-42d9-a8e1-91dbdc30d979 HTTP/1.1" 200 4645 "-" "cluster-api-provider-openstack/v0.12.4 gophercloud/v2.7.0"
199.204.45.250 - - [21/Apr/2026:06:23:11 +0000] "GET /identity HTTP/1.1" 300 3232 "-" "openstacksdk/4.11.0 keystoneauth1/5.13.1 python-requests/2.33.1 CPython/3.12.3"
199.204.45.250 - - [21/Apr/2026:06:23:11 +0000] "POST /identity/v3/auth/tokens HTTP/1.1" 201 8058 "-" "openstacksdk/4.11.0 keystoneauth1/5.13.1 python-requests/2.33.1 CPython/3.12.3"
199.204.45.250 - - [21/Apr/2026:06:23:12 +0000] "GET /identity/v3/auth/tokens HTTP/1.1" 200 8053 "-" "python-keystoneclient"
199.204.45.250 - - [21/Apr/2026:06:23:12 +0000] "POST /identity/v3/auth/tokens HTTP/1.1" 201 7632 "-" "uwsgi keystoneauth1/5.13.1 python-requests/2.33.1 CPython/3.12.3"
199.204.45.250 - - [21/Apr/2026:06:23:12 +0000] "POST /identity/v3/auth/tokens HTTP/1.1" 201 7632 "-" "uwsgi keystoneauth1/5.13.1 python-requests/2.33.1 CPython/3.12.3"
199.204.45.250 - - [21/Apr/2026:06:23:12 +0000] "GET /container-infra/v1/clusters/k8s-cluster HTTP/1.1" 200 4890 "-" "python-urllib3/2.6.3"
199.204.45.250 - - [21/Apr/2026:06:23:12 +0000] "GET /placement/resource_providers/477f8f8d-4852-42cf-aa61-95d552f0218f/allocations HTTP/1.1" 200 3302 "-" "nova-compute keystoneauth1/5.13.1 python-requests/2.33.1 CPython/3.12.3"
199.204.45.250 - - [21/Apr/2026:06:23:13 +0000] "GET /placement/resource_providers/477f8f8d-4852-42cf-aa61-95d552f0218f/allocations HTTP/1.1" 200 3302 "-" "nova-compute keystoneauth1/5.13.1 python-requests/2.33.1 CPython/3.12.3"
199.204.45.250 - - [21/Apr/2026:06:23:13 +0000] "GET /placement/allocations/117eee7a-84cf-4112-a085-4d791d52e59e HTTP/1.1" 200 3275 "-" "nova-compute keystoneauth1/5.13.1 python-requests/2.33.1 CPython/3.12.3"
199.204.45.250 - - [21/Apr/2026:06:23:13 +0000] "GET /placement/allocations/b1cb9160-36ef-42d9-a8e1-91dbdc30d979 HTTP/1.1" 200 3275 "-" "nova-compute keystoneauth1/5.13.1 python-requests/2.33.1 CPython/3.12.3"
199.204.45.250 - - [21/Apr/2026:06:23:13 +0000] "GET /placement/allocations/3482bd46-761e-4c4a-89bf-29da26f2d75c HTTP/1.1" 200 3275 "-" "nova-compute keystoneauth1/5.13.1 python-requests/2.33.1 CPython/3.12.3"
172.24.5.25 - - [21/Apr/2026:06:23:13 +0000] "GET /networking/ HTTP/1.1" 200 2910 "-" "openstack-cloud-controller-manager/v1.35.0 gophercloud/v2.8.0"
199.204.45.250 - - [21/Apr/2026:06:23:13 +0000] "GET /networking/v2.0/ports?device_id=b1cb9160-36ef-42d9-a8e1-91dbdc30d979 HTTP/1.1" 200 3731 "-" "python-neutronclient"
199.204.45.250 - - [21/Apr/2026:06:23:14 +0000] "GET /networking/v2.0/security-groups?id=87d4d605-37b2-47c4-993c-bbf0745dadfe&fields=id&fields=name HTTP/1.1" 200 3010 "-" "python-neutronclient"
172.24.5.25 - - [21/Apr/2026:06:23:13 +0000] "GET /compute/v2.1/servers/b1cb9160-36ef-42d9-a8e1-91dbdc30d979 HTTP/1.1" 200 4593 "-" "openstack-cloud-controller-manager/v1.35.0 gophercloud/v2.8.0"
172.18.0.2 - - [21/Apr/2026:06:23:14 +0000] "GET /compute/v2.1/ HTTP/1.1" 200 3432 "-" "cluster-api-provider-openstack/v0.12.4 gophercloud/v2.7.0"
172.24.5.25 - - [21/Apr/2026:06:23:14 +0000] "GET /networking/ HTTP/1.1" 200 2910 "-" "openstack-cloud-controller-manager/v1.35.0 gophercloud/v2.8.0"
199.204.45.250 - - [21/Apr/2026:06:23:14 +0000] "GET /networking/v2.0/ports?device_id=b1cb9160-36ef-42d9-a8e1-91dbdc30d979 HTTP/1.1" 200 3731 "-" "python-neutronclient"
199.204.45.250 - - [21/Apr/2026:06:23:14 +0000] "GET /networking/v2.0/security-groups?id=87d4d605-37b2-47c4-993c-bbf0745dadfe&fields=id&fields=name HTTP/1.1" 200 3010 "-" "python-neutronclient"
172.24.5.25 - - [21/Apr/2026:06:23:14 +0000] "GET /compute/v2.1/servers/b1cb9160-36ef-42d9-a8e1-91dbdc30d979 HTTP/1.1" 200 4593 "-" "openstack-cloud-controller-manager/v1.35.0 gophercloud/v2.8.0"
172.24.5.25 - - [21/Apr/2026:06:23:14 +0000] "GET /networking/ HTTP/1.1" 200 2910 "-" "openstack-cloud-controller-manager/v1.35.0 gophercloud/v2.8.0"
199.204.45.250 - - [21/Apr/2026:06:23:14 +0000] "GET /identity/v3/auth/tokens HTTP/1.1" 200 8100 "-" "python-keystoneclient"
199.204.45.250 - - [21/Apr/2026:06:23:14 +0000] "GET /networking/v2.0/ports?device_id=b1cb9160-36ef-42d9-a8e1-91dbdc30d979 HTTP/1.1" 200 3731 "-" "python-neutronclient"
199.204.45.250 - - [21/Apr/2026:06:23:14 +0000] "GET /networking/v2.0/security-groups?id=87d4d605-37b2-47c4-993c-bbf0745dadfe&fields=id&fields=name HTTP/1.1" 200 3010 "-" "python-neutronclient"
172.18.0.2 - - [21/Apr/2026:06:23:14 +0000] "GET /compute/v2.1/servers/b1cb9160-36ef-42d9-a8e1-91dbdc30d979 HTTP/1.1" 200 4645 "-" "cluster-api-provider-openstack/v0.12.4 gophercloud/v2.7.0"
199.204.45.250 - - [21/Apr/2026:06:23:14 +0000] "GET /networking/v2.0/ports?device_id=117eee7a-84cf-4112-a085-4d791d52e59e HTTP/1.1" 200 3732 "-" "python-neutronclient"
172.18.0.2 - - [21/Apr/2026:06:23:14 +0000] "GET /compute/v2.1/ HTTP/1.1" 200 3432 "-" "cluster-api-provider-openstack/v0.12.4 gophercloud/v2.7.0"
199.204.45.250 - - [21/Apr/2026:06:23:14 +0000] "GET /networking/v2.0/security-groups?id=87d4d605-37b2-47c4-993c-bbf0745dadfe&fields=id&fields=name HTTP/1.1" 200 3010 "-" "python-neutronclient"
172.24.5.25 - - [21/Apr/2026:06:23:14 +0000] "GET /compute/v2.1/servers/117eee7a-84cf-4112-a085-4d791d52e59e HTTP/1.1" 200 4594 "-" "openstack-cloud-controller-manager/v1.35.0 gophercloud/v2.8.0"
172.24.5.25 - - [21/Apr/2026:06:23:14 +0000] "GET /networking/ HTTP/1.1" 200 2910 "-" "openstack-cloud-controller-manager/v1.35.0 gophercloud/v2.8.0"
199.204.45.250 - - [21/Apr/2026:06:23:14 +0000] "GET /networking/v2.0/ports?device_id=b1cb9160-36ef-42d9-a8e1-91dbdc30d979 HTTP/1.1" 200 3731 "-" "python-neutronclient"
199.204.45.250 - - [21/Apr/2026:06:23:14 +0000] "GET /networking/v2.0/security-groups?id=87d4d605-37b2-47c4-993c-bbf0745dadfe&fields=id&fields=name HTTP/1.1" 200 3010 "-" "python-neutronclient"
172.18.0.2 - - [21/Apr/2026:06:23:14 +0000] "GET /compute/v2.1/servers/b1cb9160-36ef-42d9-a8e1-91dbdc30d979 HTTP/1.1" 200 4645 "-" "cluster-api-provider-openstack/v0.12.4 gophercloud/v2.7.0"
199.204.45.250 - - [21/Apr/2026:06:23:14 +0000] "GET /networking/v2.0/ports?device_id=117eee7a-84cf-4112-a085-4d791d52e59e HTTP/1.1" 200 3732 "-" "python-neutronclient"
199.204.45.250 - - [21/Apr/2026:06:23:15 +0000] "GET /networking/v2.0/security-groups?id=87d4d605-37b2-47c4-993c-bbf0745dadfe&fields=id&fields=name HTTP/1.1" 200 3010 "-" "python-neutronclient"
172.24.5.25 - - [21/Apr/2026:06:23:14 +0000] "GET /compute/v2.1/servers/117eee7a-84cf-4112-a085-4d791d52e59e HTTP/1.1" 200 4594 "-" "openstack-cloud-controller-manager/v1.35.0 gophercloud/v2.8.0"
172.18.0.2 - - [21/Apr/2026:06:23:17 +0000] "GET /compute/v2.1/ HTTP/1.1" 200 3432 "-" "cluster-api-provider-openstack/v0.12.4 gophercloud/v2.7.0"
199.204.45.250 - - [21/Apr/2026:06:23:17 +0000] "GET /networking/v2.0/ports?device_id=117eee7a-84cf-4112-a085-4d791d52e59e HTTP/1.1" 200 3732 "-" "python-neutronclient"
199.204.45.250 - - [21/Apr/2026:06:23:17 +0000] "GET /networking/v2.0/security-groups?id=87d4d605-37b2-47c4-993c-bbf0745dadfe&fields=id&fields=name HTTP/1.1" 200 3010 "-" "python-neutronclient"
172.18.0.2 - - [21/Apr/2026:06:23:17 +0000] "GET /compute/v2.1/servers/117eee7a-84cf-4112-a085-4d791d52e59e HTTP/1.1" 200 4646 "-" "cluster-api-provider-openstack/v0.12.4 gophercloud/v2.7.0"
172.18.0.2 - - [21/Apr/2026:06:23:17 +0000] "GET /compute/v2.1/ HTTP/1.1" 200 3432 "-" "cluster-api-provider-openstack/v0.12.4 gophercloud/v2.7.0"
199.204.45.250 - - [21/Apr/2026:06:23:18 +0000] "GET /networking/v2.0/ports?device_id=117eee7a-84cf-4112-a085-4d791d52e59e HTTP/1.1" 200 3732 "-" "python-neutronclient"
199.204.45.250 - - [21/Apr/2026:06:23:18 +0000] "GET /networking/v2.0/security-groups?id=87d4d605-37b2-47c4-993c-bbf0745dadfe&fields=id&fields=name HTTP/1.1" 200 3010 "-" "python-neutronclient"
172.18.0.2 - - [21/Apr/2026:06:23:17 +0000] "GET /compute/v2.1/servers/117eee7a-84cf-4112-a085-4d791d52e59e HTTP/1.1" 200 4646 "-" "cluster-api-provider-openstack/v0.12.4 gophercloud/v2.7.0"
199.204.45.250 - - [21/Apr/2026:06:23:18 +0000] "GET /identity HTTP/1.1" 300 3232 "-" "openstacksdk/4.11.0 keystoneauth1/5.13.1 python-requests/2.33.1 CPython/3.12.3"
199.204.45.250 - - [21/Apr/2026:06:23:18 +0000] "POST /identity/v3/auth/tokens HTTP/1.1" 201 8058 "-" "openstacksdk/4.11.0 keystoneauth1/5.13.1 python-requests/2.33.1 CPython/3.12.3"
199.204.45.250 - - [21/Apr/2026:06:23:19 +0000] "GET /identity/v3/auth/tokens HTTP/1.1" 200 8053 "-" "python-keystoneclient"
199.204.45.250 - - [21/Apr/2026:06:23:19 +0000] "POST /identity/v3/auth/tokens HTTP/1.1" 201 7632 "-" "uwsgi keystoneauth1/5.13.1 python-requests/2.33.1 CPython/3.12.3"
199.204.45.250 - - [21/Apr/2026:06:23:19 +0000] "POST /identity/v3/auth/tokens HTTP/1.1" 201 7632 "-" "uwsgi keystoneauth1/5.13.1 python-requests/2.33.1 CPython/3.12.3"
199.204.45.250 - - [21/Apr/2026:06:23:19 +0000] "GET /container-infra/v1/clusters/k8s-cluster HTTP/1.1" 200 4890 "-" "python-urllib3/2.6.3"
199.204.45.250 - - [21/Apr/2026:06:23:25 +0000] "GET /identity HTTP/1.1" 300 3232 "-" "openstacksdk/4.11.0 keystoneauth1/5.13.1 python-requests/2.33.1 CPython/3.12.3"
199.204.45.250 - - [21/Apr/2026:06:23:25 +0000] "POST /identity/v3/auth/tokens HTTP/1.1" 201 8058 "-" "openstacksdk/4.11.0 keystoneauth1/5.13.1 python-requests/2.33.1 CPython/3.12.3"
199.204.45.250 - - [21/Apr/2026:06:23:25 +0000] "GET /identity/v3/auth/tokens HTTP/1.1" 200 8053 "-" "python-keystoneclient"
199.204.45.250 - - [21/Apr/2026:06:23:25 +0000] "POST /identity/v3/auth/tokens HTTP/1.1" 201 7632 "-" "uwsgi keystoneauth1/5.13.1 python-requests/2.33.1 CPython/3.12.3"
199.204.45.250 - - [21/Apr/2026:06:23:26 +0000] "POST /identity/v3/auth/tokens HTTP/1.1" 201 7632 "-" "uwsgi keystoneauth1/5.13.1 python-requests/2.33.1 CPython/3.12.3"
199.204.45.250 - - [21/Apr/2026:06:23:25 +0000] "GET /container-infra/v1/clusters/k8s-cluster HTTP/1.1" 200 4663 "-" "python-urllib3/2.6.3"
199.204.45.250 - - [21/Apr/2026:06:23:27 +0000] "GET /identity HTTP/1.1" 300 3232 "-" "openstacksdk/4.11.0 keystoneauth1/5.13.1 python-requests/2.33.1 CPython/3.12.3"
199.204.45.250 - - [21/Apr/2026:06:23:27 +0000] "POST /identity/v3/auth/tokens HTTP/1.1" 201 8058 "-" "openstacksdk/4.11.0 keystoneauth1/5.13.1 python-requests/2.33.1 CPython/3.12.3"
199.204.45.250 - - [21/Apr/2026:06:23:28 +0000] "GET /identity/v3/auth/tokens HTTP/1.1" 200 8053 "-" "python-keystoneclient"
199.204.45.250 - - [21/Apr/2026:06:23:28 +0000] "POST /identity/v3/auth/tokens HTTP/1.1" 201 7632 "-" "uwsgi keystoneauth1/5.13.1 python-requests/2.33.1 CPython/3.12.3"
199.204.45.250 - - [21/Apr/2026:06:23:28 +0000] "POST /identity/v3/auth/tokens HTTP/1.1" 201 7632 "-" "uwsgi keystoneauth1/5.13.1 python-requests/2.33.1 CPython/3.12.3"
199.204.45.250 - - [21/Apr/2026:06:23:27 +0000] "GET /container-infra/v1/clusters/k8s-cluster HTTP/1.1" 200 4663 "-" "python-urllib3/2.6.3"
199.204.45.250 - - [21/Apr/2026:06:23:28 +0000] "POST /identity/v3/auth/tokens HTTP/1.1" 201 7632 "-" "uwsgi keystoneauth1/5.13.1 python-requests/2.33.1 CPython/3.12.3"
199.204.45.250 - - [21/Apr/2026:06:23:28 +0000] "GET /container-infra/v1/clustertemplates/9446566e-9ebe-43cb-ade3-f5b4fdb16a31 HTTP/1.1" 200 4412 "-" "python-urllib3/2.6.3"
199.204.45.250 - - [21/Apr/2026:06:23:28 +0000] "POST /identity/v3/auth/tokens HTTP/1.1" 201 7632 "-" "uwsgi keystoneauth1/5.13.1 python-requests/2.33.1 CPython/3.12.3"
199.204.45.250 - - [21/Apr/2026:06:23:28 +0000] "GET /identity/v3 HTTP/1.1" 200 3156 "-" "magnum-conductor keystoneauth1/5.13.1 python-requests/2.33.1 CPython/3.12.3"
199.204.45.250 - - [21/Apr/2026:06:23:28 +0000] "POST /identity/v3/auth/tokens HTTP/1.1" 201 8107 "-" "magnum-conductor keystoneauth1/5.13.1 python-requests/2.33.1 CPython/3.12.3"
199.204.45.250 - - [21/Apr/2026:06:23:28 +0000] "GET /identity HTTP/1.1" 300 3232 "-" "barbican/22.0.0 keystonemiddleware.auth_token/12.0.0 keystoneauth1/5.13.1 python-requests/2.33.1 CPython/3.12.3"
199.204.45.250 - - [21/Apr/2026:06:23:28 +0000] "POST /identity/v3/auth/tokens HTTP/1.1" 201 8109 "-" "barbican/22.0.0 keystonemiddleware.auth_token/12.0.0 keystoneauth1/5.13.1 python-requests/2.33.1 CPython/3.12.3"
199.204.45.250 - - [21/Apr/2026:06:23:28 +0000] "GET /identity/v3/auth/tokens HTTP/1.1" 200 8102 "-" "python-keystoneclient"
199.204.45.250 - - [21/Apr/2026:06:23:28 +0000] "POST /identity/v3/auth/tokens HTTP/1.1" 201 7632 "-" "uwsgi keystoneauth1/5.13.1 python-requests/2.33.1 CPython/3.12.3"
199.204.45.250 - - [21/Apr/2026:06:23:28 +0000] "GET /container-infra/v1/certificates/e3a9d94a-23ac-4822-b3f5-0acbc423995f HTTP/1.1" 200 4546 "-" "python-urllib3/2.6.3"
199.204.45.250 - - [21/Apr/2026:06:23:28 +0000] "POST /identity/v3/auth/tokens HTTP/1.1" 201 7632 "-" "uwsgi keystoneauth1/5.13.1 python-requests/2.33.1 CPython/3.12.3"
199.204.45.250 - - [21/Apr/2026:06:23:29 +0000] "GET /identity/v3 HTTP/1.1" 200 3156 "-" "magnum-conductor keystoneauth1/5.13.1 python-requests/2.33.1 CPython/3.12.3"
199.204.45.250 - - [21/Apr/2026:06:23:29 +0000] "POST /identity/v3/auth/tokens HTTP/1.1" 201 8107 "-" "magnum-conductor keystoneauth1/5.13.1 python-requests/2.33.1 CPython/3.12.3"
199.204.45.250 - - [21/Apr/2026:06:23:29 +0000] "GET /identity/v3/auth/tokens HTTP/1.1" 200 8102 "-" "python-keystoneclient"
199.204.45.250 - - [21/Apr/2026:06:23:29 +0000] "GET /networking/v2.0/ports?device_id=117eee7a-84cf-4112-a085-4d791d52e59e HTTP/1.1" 200 3974 "-" "python-neutronclient"
199.204.45.250 - - [21/Apr/2026:06:23:29 +0000] "GET /networking/v2.0/security-groups?id=87d4d605-37b2-47c4-993c-bbf0745dadfe&fields=id&fields=name HTTP/1.1" 200 3010 "-" "python-neutronclient"
199.204.45.250 - - [21/Apr/2026:06:23:29 +0000] "POST /identity/v3/auth/tokens HTTP/1.1" 201 7632 "-" "uwsgi keystoneauth1/5.13.1 python-requests/2.33.1 CPython/3.12.3"
199.204.45.250 - - [21/Apr/2026:06:23:28 +0000] "POST /container-infra/v1/certificates HTTP/1.1" 201 5474 "-" "python-urllib3/2.6.3"
172.24.5.25 - - [21/Apr/2026:06:23:42 +0000] "GET /identity/ HTTP/1.1" 300 3201 "-" "cinder-csi-plugin/v1.32.0 gophercloud/v2.5.0"
172.24.5.25 - - [21/Apr/2026:06:23:42 +0000] "POST /identity/v3/auth/tokens HTTP/1.1" 201 8200 "-" "cinder-csi-plugin/v1.32.0 gophercloud/v2.5.0"
199.204.45.250 - - [21/Apr/2026:06:23:43 +0000] "GET /identity/v3/auth/tokens HTTP/1.1" 200 8226 "-" "python-keystoneclient"
172.24.5.25 - - [21/Apr/2026:06:23:43 +0000] "GET /volume/v3/volumes/detail HTTP/1.1" 200 2988 "-" "cinder-csi-plugin/v1.32.0 gophercloud/v2.5.0"
199.204.45.250 - - [21/Apr/2026:06:23:47 +0000] "GET /identity HTTP/1.1" 300 3232 "-" "uwsgi keystoneauth1/5.13.1 python-requests/2.33.1 CPython/3.12.3"
199.204.45.250 - - [21/Apr/2026:06:23:47 +0000] "POST /identity/v3/auth/tokens HTTP/1.1" 201 8105 "-" "uwsgi keystoneauth1/5.13.1 python-requests/2.33.1 CPython/3.12.3"
199.204.45.250 - - [21/Apr/2026:06:23:48 +0000] "POST /identity/v3/auth/tokens HTTP/1.1" 201 8105 "-" "uwsgi keystoneauth1/5.13.1 python-requests/2.33.1 CPython/3.12.3"
199.204.45.250 - - [21/Apr/2026:06:23:48 +0000] "GET /identity/v3/auth/tokens HTTP/1.1" 200 8100 "-" "python-keystoneclient"
199.204.45.250 - - [21/Apr/2026:06:23:48 +0000] "GET /identity/v3/auth/tokens?allow_expired=1 HTTP/1.1" 200 8100 "-" "python-keystoneclient"
199.204.45.250 - - [21/Apr/2026:06:23:48 +0000] "GET /networking/v2.0/ports?device_id=b1cb9160-36ef-42d9-a8e1-91dbdc30d979 HTTP/1.1" 200 3973 "-" "python-neutronclient"
199.204.45.250 - - [21/Apr/2026:06:23:48 +0000] "GET /networking/v2.0/security-groups?id=87d4d605-37b2-47c4-993c-bbf0745dadfe&fields=id&fields=name HTTP/1.1" 200 3010 "-" "python-neutronclient"
199.204.45.250 - - [21/Apr/2026:06:24:03 +0000] "GET /identity HTTP/1.1" 300 3232 "-" "uwsgi keystoneauth1/5.13.1 python-requests/2.33.1 CPython/3.12.3"
199.204.45.250 - - [21/Apr/2026:06:24:03 +0000] "POST /identity/v3/auth/tokens HTTP/1.1" 201 8105 "-" "uwsgi keystoneauth1/5.13.1 python-requests/2.33.1 CPython/3.12.3"
199.204.45.250 - - [21/Apr/2026:06:24:03 +0000] "POST /identity/v3/auth/tokens HTTP/1.1" 201 8105 "-" "uwsgi keystoneauth1/5.13.1 python-requests/2.33.1 CPython/3.12.3"
199.204.45.250 - - [21/Apr/2026:06:24:03 +0000] "GET /identity/v3/auth/tokens HTTP/1.1" 200 8100 "-" "python-keystoneclient"
199.204.45.250 - - [21/Apr/2026:06:24:03 +0000] "GET /identity/v3/auth/tokens?allow_expired=1 HTTP/1.1" 200 8100 "-" "python-keystoneclient"
199.204.45.250 - - [21/Apr/2026:06:24:03 +0000] "GET /networking/v2.0/ports?device_id=117eee7a-84cf-4112-a085-4d791d52e59e HTTP/1.1" 200 3974 "-" "python-neutronclient"
199.204.45.250 - - [21/Apr/2026:06:24:03 +0000] "GET /networking/v2.0/security-groups?id=87d4d605-37b2-47c4-993c-bbf0745dadfe&fields=id&fields=name HTTP/1.1" 200 3010 "-" "python-neutronclient"
199.204.45.250 - - [21/Apr/2026:06:24:12 +0000] "GET /placement/resource_providers/477f8f8d-4852-42cf-aa61-95d552f0218f/allocations HTTP/1.1" 200 3302 "-" "nova-compute keystoneauth1/5.13.1 python-requests/2.33.1 CPython/3.12.3"
199.204.45.250 - - [21/Apr/2026:06:24:12 +0000] "GET /placement/resource_providers/477f8f8d-4852-42cf-aa61-95d552f0218f/allocations HTTP/1.1" 200 3302 "-" "nova-compute keystoneauth1/5.13.1 python-requests/2.33.1 CPython/3.12.3"
199.204.45.250 - - [21/Apr/2026:06:24:12 +0000] "GET /placement/allocations/117eee7a-84cf-4112-a085-4d791d52e59e HTTP/1.1" 200 3275 "-" "nova-compute keystoneauth1/5.13.1 python-requests/2.33.1 CPython/3.12.3"
199.204.45.250 - - [21/Apr/2026:06:24:12 +0000] "GET /placement/allocations/b1cb9160-36ef-42d9-a8e1-91dbdc30d979 HTTP/1.1" 200 3275 "-" "nova-compute keystoneauth1/5.13.1 python-requests/2.33.1 CPython/3.12.3"
199.204.45.250 - - [21/Apr/2026:06:24:13 +0000] "GET /placement/allocations/3482bd46-761e-4c4a-89bf-29da26f2d75c HTTP/1.1" 200 3275 "-" "nova-compute keystoneauth1/5.13.1 python-requests/2.33.1 CPython/3.12.3"
172.24.5.25 - - [21/Apr/2026:06:24:43 +0000] "GET /volume/v3/volumes/detail HTTP/1.1" 200 2988 "-" "cinder-csi-plugin/v1.32.0 gophercloud/v2.5.0"
199.204.45.250 - - [21/Apr/2026:06:25:14 +0000] "GET /identity HTTP/1.1" 300 3232 "-" "placement/unknown keystonemiddleware.auth_token/12.0.0 keystoneauth1/5.13.1 python-requests/2.33.1 CPython/3.12.3"
199.204.45.250 - - [21/Apr/2026:06:25:14 +0000] "POST /identity/v3/auth/tokens HTTP/1.1" 201 8110 "-" "placement/unknown keystonemiddleware.auth_token/12.0.0 keystoneauth1/5.13.1 python-requests/2.33.1 CPython/3.12.3"
199.204.45.250 - - [21/Apr/2026:06:25:14 +0000] "GET /identity/v3/auth/tokens HTTP/1.1" 200 8100 "-" "python-keystoneclient"
199.204.45.250 - - [21/Apr/2026:06:25:14 +0000] "GET /placement/resource_providers/477f8f8d-4852-42cf-aa61-95d552f0218f/allocations HTTP/1.1" 200 3302 "-" "nova-compute keystoneauth1/5.13.1 python-requests/2.33.1 CPython/3.12.3"
199.204.45.250 - - [21/Apr/2026:06:25:14 +0000] "GET /placement/resource_providers?in_tree=477f8f8d-4852-42cf-aa61-95d552f0218f HTTP/1.1" 200 3816 "-" "nova-compute keystoneauth1/5.13.1 python-requests/2.33.1 CPython/3.12.3"
199.204.45.250 - - [21/Apr/2026:06:25:15 +0000] "GET /placement/resource_providers/477f8f8d-4852-42cf-aa61-95d552f0218f/inventories HTTP/1.1" 200 3344 "-" "nova-compute keystoneauth1/5.13.1 python-requests/2.33.1 CPython/3.12.3"
199.204.45.250 - - [21/Apr/2026:06:25:15 +0000] "GET /placement/resource_providers/477f8f8d-4852-42cf-aa61-95d552f0218f/aggregates HTTP/1.1" 200 3068 "-" "nova-compute keystoneauth1/5.13.1 python-requests/2.33.1 CPython/3.12.3"
199.204.45.250 - - [21/Apr/2026:06:25:15 +0000] "GET /placement/resource_providers/477f8f8d-4852-42cf-aa61-95d552f0218f/traits HTTP/1.1" 200 5008 "-" "nova-compute keystoneauth1/5.13.1 python-requests/2.33.1 CPython/3.12.3"
199.204.45.250 - - [21/Apr/2026:06:25:15 +0000] "GET /placement/resource_providers/477f8f8d-4852-42cf-aa61-95d552f0218f/allocations HTTP/1.1" 200 3302 "-" "nova-compute keystoneauth1/5.13.1 python-requests/2.33.1 CPython/3.12.3"
199.204.45.250 - - [21/Apr/2026:06:25:15 +0000] "GET /placement/allocations/117eee7a-84cf-4112-a085-4d791d52e59e HTTP/1.1" 200 3275 "-" "nova-compute keystoneauth1/5.13.1 python-requests/2.33.1 CPython/3.12.3"
199.204.45.250 - - [21/Apr/2026:06:25:15 +0000] "GET /placement/allocations/b1cb9160-36ef-42d9-a8e1-91dbdc30d979 HTTP/1.1" 200 3275 "-" "nova-compute keystoneauth1/5.13.1 python-requests/2.33.1 CPython/3.12.3"
199.204.45.250 - - [21/Apr/2026:06:25:15 +0000] "GET /placement/allocations/3482bd46-761e-4c4a-89bf-29da26f2d75c HTTP/1.1" 200 3275 "-" "nova-compute keystoneauth1/5.13.1 python-requests/2.33.1 CPython/3.12.3"
172.24.5.25 - - [21/Apr/2026:06:25:43 +0000] "GET /volume/v3/volumes/detail HTTP/1.1" 200 2988 "-" "cinder-csi-plugin/v1.32.0 gophercloud/v2.5.0"
199.204.45.250 - - [21/Apr/2026:06:26:14 +0000] "GET /placement/resource_providers/477f8f8d-4852-42cf-aa61-95d552f0218f/allocations HTTP/1.1" 200 3302 "-" "nova-compute keystoneauth1/5.13.1 python-requests/2.33.1 CPython/3.12.3"
199.204.45.250 - - [21/Apr/2026:06:26:14 +0000] "GET /placement/resource_providers/477f8f8d-4852-42cf-aa61-95d552f0218f/allocations HTTP/1.1" 200 3302 "-" "nova-compute keystoneauth1/5.13.1 python-requests/2.33.1 CPython/3.12.3"
199.204.45.250 - - [21/Apr/2026:06:26:14 +0000] "GET /placement/allocations/117eee7a-84cf-4112-a085-4d791d52e59e HTTP/1.1" 200 3275 "-" "nova-compute keystoneauth1/5.13.1 python-requests/2.33.1 CPython/3.12.3"
199.204.45.250 - - [21/Apr/2026:06:26:14 +0000] "GET /placement/allocations/b1cb9160-36ef-42d9-a8e1-91dbdc30d979 HTTP/1.1" 200 3275 "-" "nova-compute keystoneauth1/5.13.1 python-requests/2.33.1 CPython/3.12.3"
199.204.45.250 - - [21/Apr/2026:06:26:15 +0000] "GET /placement/allocations/3482bd46-761e-4c4a-89bf-29da26f2d75c HTTP/1.1" 200 3275 "-" "nova-compute keystoneauth1/5.13.1 python-requests/2.33.1 CPython/3.12.3"
172.24.5.25 - - [21/Apr/2026:06:26:43 +0000] "GET /volume/v3/volumes/detail HTTP/1.1" 200 2988 "-" "cinder-csi-plugin/v1.32.0 gophercloud/v2.5.0"
172.18.0.2 - - [21/Apr/2026:06:27:11 +0000] "GET /networking/v2.0/networks/8b490009-13c5-4fc5-8769-7dcc1ada2d6f HTTP/1.1" 200 3502 "-" "cluster-api-provider-openstack/v0.12.4 gophercloud/v2.7.0"
172.18.0.2 - - [21/Apr/2026:06:27:11 +0000] "GET /networking/v2.0/networks?name=k8s-clusterapi-cluster-magnum-system-kube-mdzwb HTTP/1.1" 200 3490 "-" "cluster-api-provider-openstack/v0.12.4 gophercloud/v2.7.0"
172.18.0.2 - - [21/Apr/2026:06:27:11 +0000] "GET /networking/v2.0/subnets?cidr=192.168.24.0%2F24&network_id=51bd7069-1a77-48b5-a042-2484492b35b6 HTTP/1.1" 200 3614 "-" "cluster-api-provider-openstack/v0.12.4 gophercloud/v2.7.0"
172.18.0.2 - - [21/Apr/2026:06:27:11 +0000] "GET /networking/v2.0/routers/4ac3d719-171c-426e-a514-eaa5a8a6a992 HTTP/1.1" 200 4061 "-" "cluster-api-provider-openstack/v0.12.4 gophercloud/v2.7.0"
172.18.0.2 - - [21/Apr/2026:06:27:11 +0000] "GET /networking/v2.0/ports?device_id=4ac3d719-171c-426e-a514-eaa5a8a6a992 HTTP/1.1" 200 3569 "-" "cluster-api-provider-openstack/v0.12.4 gophercloud/v2.7.0"
172.18.0.2 - - [21/Apr/2026:06:27:11 +0000] "GET /networking/v2.0/security-groups?name=k8s-cluster-magnum-system-kube-mdzwb-secgroup-bastion HTTP/1.1" 200 2868 "-" "cluster-api-provider-openstack/v0.12.4 gophercloud/v2.7.0"
172.18.0.2 - - [21/Apr/2026:06:27:11 +0000] "GET /networking/v2.0/security-groups?name=k8s-cluster-magnum-system-kube-mdzwb-secgroup-controlplane HTTP/1.1" 200 7754 "-" "cluster-api-provider-openstack/v0.12.4 gophercloud/v2.7.0"
172.18.0.2 - - [21/Apr/2026:06:27:11 +0000] "GET /networking/v2.0/security-groups?name=k8s-cluster-magnum-system-kube-mdzwb-secgroup-worker HTTP/1.1" 200 11151 "-" "cluster-api-provider-openstack/v0.12.4 gophercloud/v2.7.0"
172.18.0.2 - - [21/Apr/2026:06:27:11 +0000] "GET /networking/v2.0/floatingips?floating_ip_address=172.24.5.6 HTTP/1.1" 200 3754 "-" "cluster-api-provider-openstack/v0.12.4 gophercloud/v2.7.0"
172.18.0.2 - - [21/Apr/2026:06:27:11 +0000] "GET /compute/v2.1/ HTTP/1.1" 200 3432 "-" "cluster-api-provider-openstack/v0.12.4 gophercloud/v2.7.0"
172.18.0.2 - - [21/Apr/2026:06:27:11 +0000] "GET /compute/v2.1/os-availability-zone HTTP/1.1" 200 3137 "-" "cluster-api-provider-openstack/v0.12.4 gophercloud/v2.7.0"
199.204.45.250 - - [21/Apr/2026:06:27:14 +0000] "GET /placement/resource_providers/477f8f8d-4852-42cf-aa61-95d552f0218f/allocations HTTP/1.1" 200 3302 "-" "nova-compute keystoneauth1/5.13.1 python-requests/2.33.1 CPython/3.12.3"
199.204.45.250 - - [21/Apr/2026:06:27:14 +0000] "GET /placement/resource_providers/477f8f8d-4852-42cf-aa61-95d552f0218f/allocations HTTP/1.1" 200 3302 "-" "nova-compute keystoneauth1/5.13.1 python-requests/2.33.1 CPython/3.12.3"
