Mar 30 14:11:04.237033 np0000161227 neutron-periodic-workers[103983]: DEBUG cotyledon.oslo_config_glue [-] ml2.project_network_types = ['geneve'] {{(pid=103983) log_opt_values /opt/stack/data/venv/lib/python3.12/site-packages/oslo_config/cfg.py:3006}}
Mar 30 14:11:04.237033 np0000161227 neutron-periodic-workers[103983]: DEBUG cotyledon.oslo_config_glue [-] ml2.tunnelled_network_rp_name = rp_tunnelled {{(pid=103983) log_opt_values /opt/stack/data/venv/lib/python3.12/site-packages/oslo_config/cfg.py:3006}}
Mar 30 14:11:04.237033 np0000161227 neutron-periodic-workers[103983]: DEBUG cotyledon.oslo_config_glue [-] ml2.type_drivers = ['local', 'flat', 'vlan', 'geneve'] {{(pid=103983) log_opt_values /opt/stack/data/venv/lib/python3.12/site-packages/oslo_config/cfg.py:3006}}
Mar 30 14:11:04.237033 np0000161227 neutron-periodic-workers[103983]: DEBUG cotyledon.oslo_config_glue [-] ml2_type_flat.flat_networks = ['public'] {{(pid=103983) log_opt_values /opt/stack/data/venv/lib/python3.12/site-packages/oslo_config/cfg.py:3006}}
Mar 30 14:11:04.237033 np0000161227 neutron-periodic-workers[103983]: DEBUG cotyledon.oslo_config_glue [-] ml2_type_geneve.max_header_size = 38 {{(pid=103983) log_opt_values /opt/stack/data/venv/lib/python3.12/site-packages/oslo_config/cfg.py:3006}}
Mar 30 14:11:04.237268 np0000161227 neutron-periodic-workers[103983]: DEBUG cotyledon.oslo_config_glue [-] ml2_type_geneve.vni_ranges = ['1:65536'] {{(pid=103983) log_opt_values /opt/stack/data/venv/lib/python3.12/site-packages/oslo_config/cfg.py:3006}}
Mar 30 14:11:04.237268 np0000161227 neutron-periodic-workers[103983]: DEBUG cotyledon.oslo_config_glue [-] ml2_type_vlan.network_vlan_ranges = ['public'] {{(pid=103983) log_opt_values /opt/stack/data/venv/lib/python3.12/site-packages/oslo_config/cfg.py:3006}}
Mar 30 14:11:04.237268 np0000161227 neutron-periodic-workers[103983]: DEBUG cotyledon.oslo_config_glue [-] network_log.burst_limit = 25 {{(pid=103983) log_opt_values /opt/stack/data/venv/lib/python3.12/site-packages/oslo_config/cfg.py:3006}}
Mar 30 14:11:04.237268 np0000161227 neutron-periodic-workers[103983]: DEBUG cotyledon.oslo_config_glue [-] network_log.local_output_log_base = None {{(pid=103983) log_opt_values /opt/stack/data/venv/lib/python3.12/site-packages/oslo_config/cfg.py:3006}}
Mar 30 14:11:04.237268 np0000161227 neutron-periodic-workers[103983]: DEBUG cotyledon.oslo_config_glue [-] network_log.rate_limit = 100 {{(pid=103983) log_opt_values /opt/stack/data/venv/lib/python3.12/site-packages/oslo_config/cfg.py:3006}}
Mar 30 14:11:04.237268 np0000161227 neutron-periodic-workers[103983]: DEBUG cotyledon.oslo_config_glue [-] database.asyncio_connection = **** {{(pid=103983) log_opt_values /opt/stack/data/venv/lib/python3.12/site-packages/oslo_config/cfg.py:3006}}
Mar 30 14:11:04.237268 np0000161227 neutron-periodic-workers[103983]: DEBUG cotyledon.oslo_config_glue [-] database.asyncio_slave_connection = **** {{(pid=103983) log_opt_values /opt/stack/data/venv/lib/python3.12/site-packages/oslo_config/cfg.py:3006}}
Mar 30 14:11:04.237268 np0000161227 neutron-periodic-workers[103983]: DEBUG cotyledon.oslo_config_glue [-] database.backend = sqlalchemy {{(pid=103983) log_opt_values /opt/stack/data/venv/lib/python3.12/site-packages/oslo_config/cfg.py:3006}}
Mar 30 14:11:04.237268 np0000161227 neutron-periodic-workers[103983]: DEBUG cotyledon.oslo_config_glue [-] database.connection = **** {{(pid=103983) log_opt_values /opt/stack/data/venv/lib/python3.12/site-packages/oslo_config/cfg.py:3006}}
Mar 30 14:11:04.237582 np0000161227 neutron-periodic-workers[103983]: DEBUG cotyledon.oslo_config_glue [-] database.connection_debug = 0 {{(pid=103983) log_opt_values /opt/stack/data/venv/lib/python3.12/site-packages/oslo_config/cfg.py:3006}}
Mar 30 14:11:04.237582 np0000161227 neutron-periodic-workers[103983]: DEBUG cotyledon.oslo_config_glue [-] database.connection_parameters = {{(pid=103983) log_opt_values /opt/stack/data/venv/lib/python3.12/site-packages/oslo_config/cfg.py:3006}}
Mar 30 14:11:04.237582 np0000161227 neutron-periodic-workers[103983]: DEBUG cotyledon.oslo_config_glue [-] database.connection_recycle_time = 3600 {{(pid=103983) log_opt_values /opt/stack/data/venv/lib/python3.12/site-packages/oslo_config/cfg.py:3006}}
Mar 30 14:11:04.237582 np0000161227 neutron-periodic-workers[103983]: DEBUG cotyledon.oslo_config_glue [-] database.connection_trace = False {{(pid=103983) log_opt_values /opt/stack/data/venv/lib/python3.12/site-packages/oslo_config/cfg.py:3006}}
Mar 30 14:11:04.237582 np0000161227 neutron-periodic-workers[103983]: DEBUG cotyledon.oslo_config_glue [-] database.db_inc_retry_interval = True {{(pid=103983) log_opt_values /opt/stack/data/venv/lib/python3.12/site-packages/oslo_config/cfg.py:3006}}
Mar 30 14:11:04.237582 np0000161227 neutron-periodic-workers[103983]: DEBUG cotyledon.oslo_config_glue [-] database.db_max_retries = 20 {{(pid=103983) log_opt_values /opt/stack/data/venv/lib/python3.12/site-packages/oslo_config/cfg.py:3006}}
Mar 30 14:11:04.237582 np0000161227 neutron-periodic-workers[103983]: DEBUG cotyledon.oslo_config_glue [-] database.db_max_retry_interval = 10 {{(pid=103983) log_opt_values /opt/stack/data/venv/lib/python3.12/site-packages/oslo_config/cfg.py:3006}}
Mar 30 14:11:04.237582 np0000161227 neutron-periodic-workers[103983]: DEBUG cotyledon.oslo_config_glue [-] database.db_retry_interval = 1 {{(pid=103983) log_opt_values /opt/stack/data/venv/lib/python3.12/site-packages/oslo_config/cfg.py:3006}}
Mar 30 14:11:04.237582 np0000161227 neutron-periodic-workers[103983]: DEBUG cotyledon.oslo_config_glue [-] database.max_overflow = 50 {{(pid=103983) log_opt_values /opt/stack/data/venv/lib/python3.12/site-packages/oslo_config/cfg.py:3006}}
Mar 30 14:11:04.237815 np0000161227 neutron-periodic-workers[103983]: DEBUG cotyledon.oslo_config_glue [-] database.max_pool_size = 5 {{(pid=103983) log_opt_values /opt/stack/data/venv/lib/python3.12/site-packages/oslo_config/cfg.py:3006}}
Mar 30 14:11:04.237815 np0000161227 neutron-periodic-workers[103983]: DEBUG cotyledon.oslo_config_glue [-] database.max_retries = 10 {{(pid=103983) log_opt_values /opt/stack/data/venv/lib/python3.12/site-packages/oslo_config/cfg.py:3006}}
Mar 30 14:11:04.237815 np0000161227 neutron-periodic-workers[103983]: DEBUG cotyledon.oslo_config_glue [-] database.mysql_sql_mode = TRADITIONAL {{(pid=103983) log_opt_values /opt/stack/data/venv/lib/python3.12/site-packages/oslo_config/cfg.py:3006}}
Mar 30 14:11:04.237815 np0000161227 neutron-periodic-workers[103983]: DEBUG cotyledon.oslo_config_glue [-] database.mysql_wsrep_sync_wait = None {{(pid=103983) log_opt_values /opt/stack/data/venv/lib/python3.12/site-packages/oslo_config/cfg.py:3006}}
Mar 30 14:11:04.237815 np0000161227 neutron-periodic-workers[103983]: DEBUG cotyledon.oslo_config_glue [-] database.pool_timeout = None {{(pid=103983) log_opt_values /opt/stack/data/venv/lib/python3.12/site-packages/oslo_config/cfg.py:3006}}
Mar 30 14:11:04.237815 np0000161227 neutron-periodic-workers[103983]: DEBUG cotyledon.oslo_config_glue [-] database.retry_interval = 10 {{(pid=103983) log_opt_values /opt/stack/data/venv/lib/python3.12/site-packages/oslo_config/cfg.py:3006}}
Mar 30 14:11:04.237815 np0000161227 neutron-periodic-workers[103983]: DEBUG cotyledon.oslo_config_glue [-] database.slave_connection = **** {{(pid=103983) log_opt_values /opt/stack/data/venv/lib/python3.12/site-packages/oslo_config/cfg.py:3006}}
Mar 30 14:11:04.237815 np0000161227 neutron-periodic-workers[103983]: DEBUG cotyledon.oslo_config_glue [-] database.sqlite_synchronous = True {{(pid=103983) log_opt_values /opt/stack/data/venv/lib/python3.12/site-packages/oslo_config/cfg.py:3006}}
Mar 30 14:11:04.237815 np0000161227 neutron-periodic-workers[103983]: DEBUG cotyledon.oslo_config_glue [-] database.synchronous_reader = True {{(pid=103983) log_opt_values /opt/stack/data/venv/lib/python3.12/site-packages/oslo_config/cfg.py:3006}}
Mar 30 14:11:04.238058 np0000161227 neutron-periodic-workers[103983]: DEBUG cotyledon.oslo_config_glue [-] database.use_db_reconnect = False {{(pid=103983) log_opt_values /opt/stack/data/venv/lib/python3.12/site-packages/oslo_config/cfg.py:3006}}
Mar 30 14:11:04.238058 np0000161227 neutron-periodic-workers[103983]: DEBUG cotyledon.oslo_config_glue [-] ovn.bfd_min_rx = 1000 {{(pid=103983) log_opt_values /opt/stack/data/venv/lib/python3.12/site-packages/oslo_config/cfg.py:3006}}
Mar 30 14:11:04.238058 np0000161227 neutron-periodic-workers[103983]: DEBUG cotyledon.oslo_config_glue [-] ovn.bfd_min_tx = 100 {{(pid=103983) log_opt_values /opt/stack/data/venv/lib/python3.12/site-packages/oslo_config/cfg.py:3006}}
Mar 30 14:11:04.238182 np0000161227 neutron-periodic-workers[103983]: DEBUG cotyledon.oslo_config_glue [-] ovn.bfd_mult = 3 {{(pid=103983) log_opt_values /opt/stack/data/venv/lib/python3.12/site-packages/oslo_config/cfg.py:3006}}
Mar 30 14:11:04.238182 np0000161227 neutron-periodic-workers[103983]: DEBUG cotyledon.oslo_config_glue [-] ovn.broadcast_arps_to_all_routers = True {{(pid=103983) log_opt_values /opt/stack/data/venv/lib/python3.12/site-packages/oslo_config/cfg.py:3006}}
Mar 30 14:11:04.238244 np0000161227 neutron-periodic-workers[103983]: DEBUG cotyledon.oslo_config_glue [-] ovn.dhcp_default_lease_time = 43200 {{(pid=103983) log_opt_values /opt/stack/data/venv/lib/python3.12/site-packages/oslo_config/cfg.py:3006}}
Mar 30 14:11:04.238308 np0000161227 neutron-periodic-workers[103983]: DEBUG cotyledon.oslo_config_glue [-] ovn.disable_ovn_dhcp_for_baremetal_ports = False {{(pid=103983) log_opt_values /opt/stack/data/venv/lib/python3.12/site-packages/oslo_config/cfg.py:3006}}
Mar 30 14:11:04.238385 np0000161227 neutron-periodic-workers[103983]: DEBUG cotyledon.oslo_config_glue [-] ovn.dns_records_ovn_owned = False {{(pid=103983) log_opt_values /opt/stack/data/venv/lib/python3.12/site-packages/oslo_config/cfg.py:3006}}
Mar 30 14:11:04.238484 np0000161227 neutron-periodic-workers[103983]: DEBUG cotyledon.oslo_config_glue [-] ovn.dns_servers = [] {{(pid=103983) log_opt_values /opt/stack/data/venv/lib/python3.12/site-packages/oslo_config/cfg.py:3006}}
Mar 30 14:11:04.238548 np0000161227 neutron-periodic-workers[103983]: DEBUG cotyledon.oslo_config_glue [-] ovn.enable_distributed_floating_ip = False {{(pid=103983) log_opt_values /opt/stack/data/venv/lib/python3.12/site-packages/oslo_config/cfg.py:3006}}
Mar 30 14:11:04.238629 np0000161227 neutron-periodic-workers[103983]: DEBUG cotyledon.oslo_config_glue [-] ovn.fdb_age_threshold = 300 {{(pid=103983) log_opt_values /opt/stack/data/venv/lib/python3.12/site-packages/oslo_config/cfg.py:3006}}
Mar 30 14:11:04.238696 np0000161227 neutron-periodic-workers[103983]: DEBUG cotyledon.oslo_config_glue [-] ovn.ha_failover_strategy = normal {{(pid=103983) log_opt_values /opt/stack/data/venv/lib/python3.12/site-packages/oslo_config/cfg.py:3006}}
Mar 30 14:11:04.238756 np0000161227 neutron-periodic-workers[103983]: DEBUG cotyledon.oslo_config_glue [-] ovn.live_migration_activation_strategy = rarp {{(pid=103983) log_opt_values /opt/stack/data/venv/lib/python3.12/site-packages/oslo_config/cfg.py:3006}}
Mar 30 14:11:04.238818 np0000161227 neutron-periodic-workers[103983]: DEBUG cotyledon.oslo_config_glue [-] ovn.localnet_learn_fdb = False {{(pid=103983) log_opt_values /opt/stack/data/venv/lib/python3.12/site-packages/oslo_config/cfg.py:3006}}
Mar 30 14:11:04.238883 np0000161227 neutron-periodic-workers[103983]: DEBUG cotyledon.oslo_config_glue [-] ovn.mac_binding_age_threshold = 300 {{(pid=103983) log_opt_values /opt/stack/data/venv/lib/python3.12/site-packages/oslo_config/cfg.py:3006}}
Mar 30 14:11:04.238957 np0000161227 neutron-periodic-workers[103983]: DEBUG cotyledon.oslo_config_glue [-] ovn.neutron_sync_mode = log {{(pid=103983) log_opt_values /opt/stack/data/venv/lib/python3.12/site-packages/oslo_config/cfg.py:3006}}
Mar 30 14:11:04.239025 np0000161227 neutron-periodic-workers[103983]: DEBUG cotyledon.oslo_config_glue [-] ovn.ovn_dhcp4_global_options = {} {{(pid=103983) log_opt_values /opt/stack/data/venv/lib/python3.12/site-packages/oslo_config/cfg.py:3006}}
Mar 30 14:11:04.239093 np0000161227 neutron-periodic-workers[103983]: DEBUG cotyledon.oslo_config_glue [-] ovn.ovn_dhcp6_global_options = {} {{(pid=103983) log_opt_values /opt/stack/data/venv/lib/python3.12/site-packages/oslo_config/cfg.py:3006}}
Mar 30 14:11:04.239157 np0000161227 neutron-periodic-workers[103983]: DEBUG cotyledon.oslo_config_glue [-] ovn.ovn_l3_scheduler = leastloaded {{(pid=103983) log_opt_values /opt/stack/data/venv/lib/python3.12/site-packages/oslo_config/cfg.py:3006}}
Mar 30 14:11:04.239221 np0000161227 neutron-periodic-workers[103983]: DEBUG cotyledon.oslo_config_glue [-] ovn.ovn_metadata_enabled = True {{(pid=103983) log_opt_values /opt/stack/data/venv/lib/python3.12/site-packages/oslo_config/cfg.py:3006}}
Mar 30 14:11:04.239309 np0000161227 neutron-periodic-workers[103983]: DEBUG cotyledon.oslo_config_glue [-] ovn.ovn_nb_ca_cert = /opt/stack/data/CA/int-ca/ca-chain.pem {{(pid=103983) log_opt_values /opt/stack/data/venv/lib/python3.12/site-packages/oslo_config/cfg.py:3006}}
Mar 30 14:11:04.239412 np0000161227 neutron-periodic-workers[103983]: DEBUG cotyledon.oslo_config_glue [-] ovn.ovn_nb_certificate = /opt/stack/data/CA/int-ca/devstack-cert.crt {{(pid=103983) log_opt_values /opt/stack/data/venv/lib/python3.12/site-packages/oslo_config/cfg.py:3006}}
Mar 30 14:11:04.239499 np0000161227 neutron-periodic-workers[103983]: DEBUG cotyledon.oslo_config_glue [-] ovn.ovn_nb_connection = ['ssl:199.19.213.176:6641'] {{(pid=103983) log_opt_values /opt/stack/data/venv/lib/python3.12/site-packages/oslo_config/cfg.py:3006}}
Mar 30 14:11:04.239568 np0000161227 neutron-periodic-workers[103983]: DEBUG cotyledon.oslo_config_glue [-] ovn.ovn_nb_private_key = /opt/stack/data/CA/int-ca/private/devstack-cert.key {{(pid=103983) log_opt_values /opt/stack/data/venv/lib/python3.12/site-packages/oslo_config/cfg.py:3006}}
Mar 30 14:11:04.239653 np0000161227 neutron-periodic-workers[103983]: DEBUG cotyledon.oslo_config_glue [-] ovn.ovn_router_indirect_snat = False {{(pid=103983) log_opt_values /opt/stack/data/venv/lib/python3.12/site-packages/oslo_config/cfg.py:3006}}
Mar 30 14:11:04.239723 np0000161227 neutron-periodic-workers[103983]: DEBUG cotyledon.oslo_config_glue [-] ovn.ovn_sb_ca_cert = /opt/stack/data/CA/int-ca/ca-chain.pem {{(pid=103983) log_opt_values /opt/stack/data/venv/lib/python3.12/site-packages/oslo_config/cfg.py:3006}}
Mar 30 14:11:04.239800 np0000161227 neutron-periodic-workers[103983]: DEBUG cotyledon.oslo_config_glue [-] ovn.ovn_sb_certificate = /opt/stack/data/CA/int-ca/devstack-cert.crt {{(pid=103983) log_opt_values /opt/stack/data/venv/lib/python3.12/site-packages/oslo_config/cfg.py:3006}}
Mar 30 14:11:04.239865 np0000161227 neutron-periodic-workers[103983]: DEBUG cotyledon.oslo_config_glue [-] ovn.ovn_sb_connection = ['ssl:199.19.213.176:6642'] {{(pid=103983) log_opt_values /opt/stack/data/venv/lib/python3.12/site-packages/oslo_config/cfg.py:3006}}
Mar 30 14:11:04.239943 np0000161227 neutron-periodic-workers[103983]: DEBUG cotyledon.oslo_config_glue [-] ovn.ovn_sb_private_key = /opt/stack/data/CA/int-ca/private/devstack-cert.key {{(pid=103983) log_opt_values /opt/stack/data/venv/lib/python3.12/site-packages/oslo_config/cfg.py:3006}}
Mar 30 14:11:04.240009 np0000161227 neutron-periodic-workers[103983]: DEBUG cotyledon.oslo_config_glue [-] ovn.ovs_create_tap = False {{(pid=103983) log_opt_values /opt/stack/data/venv/lib/python3.12/site-packages/oslo_config/cfg.py:3006}}
Mar 30 14:11:04.240076 np0000161227 neutron-periodic-workers[103983]: DEBUG cotyledon.oslo_config_glue [-] ovn.ovsdb_connection_timeout = 180 {{(pid=103983) log_opt_values /opt/stack/data/venv/lib/python3.12/site-packages/oslo_config/cfg.py:3006}}
Mar 30 14:11:04.240128 np0000161227 neutron-periodic-workers[103983]: DEBUG cotyledon.oslo_config_glue [-] ovn.ovsdb_log_level = INFO {{(pid=103983) log_opt_values /opt/stack/data/venv/lib/python3.12/site-packages/oslo_config/cfg.py:3006}}
Mar 30 14:11:04.240204 np0000161227 neutron-periodic-workers[103983]: DEBUG cotyledon.oslo_config_glue [-] ovn.ovsdb_probe_interval = 60000 {{(pid=103983) log_opt_values /opt/stack/data/venv/lib/python3.12/site-packages/oslo_config/cfg.py:3006}}
Mar 30 14:11:04.240331 np0000161227 neutron-periodic-workers[103983]: DEBUG cotyledon.oslo_config_glue [-] ovn.ovsdb_retry_max_interval = 180 {{(pid=103983) log_opt_values /opt/stack/data/venv/lib/python3.12/site-packages/oslo_config/cfg.py:3006}}
Mar 30 14:11:04.240428 np0000161227 neutron-periodic-workers[103983]: DEBUG cotyledon.oslo_config_glue [-] ovn.stateless_nat_enabled = False {{(pid=103983) log_opt_values /opt/stack/data/venv/lib/python3.12/site-packages/oslo_config/cfg.py:3006}}
Mar 30 14:11:04.240509 np0000161227 neutron-periodic-workers[103983]: DEBUG cotyledon.oslo_config_glue [-] ovn.vhost_sock_dir = /var/run/openvswitch {{(pid=103983) log_opt_values /opt/stack/data/venv/lib/python3.12/site-packages/oslo_config/cfg.py:3006}}
Mar 30 14:11:04.240593 np0000161227 neutron-periodic-workers[103983]: DEBUG cotyledon.oslo_config_glue [-] OVS.bridge_mac_table_size = 50000 {{(pid=103983) log_opt_values /opt/stack/data/venv/lib/python3.12/site-packages/oslo_config/cfg.py:3006}}
Mar 30 14:11:04.240683 np0000161227 neutron-periodic-workers[103983]: DEBUG cotyledon.oslo_config_glue [-] OVS.igmp_flood = False {{(pid=103983) log_opt_values /opt/stack/data/venv/lib/python3.12/site-packages/oslo_config/cfg.py:3006}}
Mar 30 14:11:04.240766 np0000161227 neutron-periodic-workers[103983]: DEBUG cotyledon.oslo_config_glue [-] OVS.igmp_flood_reports = True {{(pid=103983) log_opt_values /opt/stack/data/venv/lib/python3.12/site-packages/oslo_config/cfg.py:3006}}
Mar 30 14:11:04.240847 np0000161227 neutron-periodic-workers[103983]: DEBUG cotyledon.oslo_config_glue [-] OVS.igmp_flood_unregistered = False {{(pid=103983) log_opt_values /opt/stack/data/venv/lib/python3.12/site-packages/oslo_config/cfg.py:3006}}
Mar 30 14:11:04.240926 np0000161227 neutron-periodic-workers[103983]: DEBUG cotyledon.oslo_config_glue [-] OVS.igmp_snooping_enable = False {{(pid=103983) log_opt_values /opt/stack/data/venv/lib/python3.12/site-packages/oslo_config/cfg.py:3006}}
Mar 30 14:11:04.240998 np0000161227 neutron-periodic-workers[103983]: DEBUG cotyledon.oslo_config_glue [-] OVS.ovsdb_timeout = 10 {{(pid=103983) log_opt_values /opt/stack/data/venv/lib/python3.12/site-packages/oslo_config/cfg.py:3006}}
Mar 30 14:11:04.241099 np0000161227 neutron-periodic-workers[103983]: DEBUG cotyledon.oslo_config_glue [-] ovn_nb_global.fdb_removal_limit = 0 {{(pid=103983) log_opt_values /opt/stack/data/venv/lib/python3.12/site-packages/oslo_config/cfg.py:3006}}
Mar 30 14:11:04.241183 np0000161227 neutron-periodic-workers[103983]: DEBUG cotyledon.oslo_config_glue [-] ovn_nb_global.ignore_lsp_down = False {{(pid=103983) log_opt_values /opt/stack/data/venv/lib/python3.12/site-packages/oslo_config/cfg.py:3006}}
Mar 30 14:11:04.241250 np0000161227 neutron-periodic-workers[103983]: DEBUG cotyledon.oslo_config_glue [-] ovn_nb_global.mac_binding_removal_limit = 0 {{(pid=103983) log_opt_values /opt/stack/data/venv/lib/python3.12/site-packages/oslo_config/cfg.py:3006}}
Mar 30 14:11:04.241314 np0000161227 neutron-periodic-workers[103983]: DEBUG cotyledon.oslo_config_glue [-] ******************************************************************************** {{(pid=103983) log_opt_values /opt/stack/data/venv/lib/python3.12/site-packages/oslo_config/cfg.py:3013}}
Mar 30 14:11:04.241843 np0000161227 neutron-periodic-workers[103983]: DEBUG cotyledon._service_worker [-] Run service ServiceWrapper(0) [103983] {{(pid=103983) wait_forever /opt/stack/data/venv/lib/python3.12/site-packages/cotyledon/_service_worker.py:218}}
Mar 30 14:11:13.843467 np0000161227 neutron-periodic-workers[103203]: DEBUG dbcounter [-] [103203] Writing DB stats neutron:SELECT=4 {{(pid=103203) stat_writer /opt/stack/data/venv/lib/python3.12/site-packages/dbcounter.py:115}}
Mar 30 14:11:55.198025 np0000161227 neutron-periodic-workers[103950]: DEBUG oslo_db.sqlalchemy.engines [None req-3347bc3f-0efa-4ae4-8921-986f037a8eaa None None] Parent process 103203 forked (103950) with an open database connection, which is being discarded and recreated. {{(pid=103950) checkout /opt/stack/data/venv/lib/python3.12/site-packages/oslo_db/sqlalchemy/engines.py:402}}
Mar 30 14:11:55.206231 np0000161227 neutron-periodic-workers[103950]: DEBUG dbcounter [-] [103950] Writer thread running {{(pid=103950) stat_writer /opt/stack/data/venv/lib/python3.12/site-packages/dbcounter.py:102}}
Mar 30 14:11:55.216766 np0000161227 neutron-periodic-workers[103950]: DEBUG oslo.service.backend._threading.loopingcall [None req-3347bc3f-0efa-4ae4-8921-986f037a8eaa None None] Fixed interval looping call 'neutron.plugins.ml2.plugin.DhcpAgentSchedulerDbMixin.remove_networks_from_down_agents' sleeping for 36.97 seconds {{(pid=103950) _run_loop /opt/stack/data/venv/lib/python3.12/site-packages/oslo_service/backend/_threading/loopingcall.py:125}}
Mar 30 14:12:05.215440 np0000161227 neutron-periodic-workers[103950]: DEBUG dbcounter [-] [103950] Writing DB stats neutron:SELECT=3 {{(pid=103950) stat_writer /opt/stack/data/venv/lib/python3.12/site-packages/dbcounter.py:115}}
Mar 30 14:12:17.220745 np0000161227 neutron-periodic-workers[103959]: DEBUG dbcounter [-] [103959] Writer thread running {{(pid=103959) stat_writer /opt/stack/data/venv/lib/python3.12/site-packages/dbcounter.py:102}}
Mar 30 14:12:17.224849 np0000161227 neutron-periodic-workers[103959]: DEBUG neutron.db.agents_db [None req-cffca3e0-dd29-4781-a858-cb2ac8488e95 None None] Agent healthcheck: found 0 active agents {{(pid=103959) agent_health_check /opt/stack/neutron/neutron/db/agents_db.py:317}}
Mar 30 14:12:17.225041 np0000161227 neutron-periodic-workers[103959]: DEBUG oslo.service.backend._threading.loopingcall [None req-cffca3e0-dd29-4781-a858-cb2ac8488e95 None None] Fixed interval looping call 'neutron.plugins.ml2.plugin.AgentDbMixin.agent_health_check' sleeping for 36.97 seconds {{(pid=103959) _run_loop /opt/stack/data/venv/lib/python3.12/site-packages/oslo_service/backend/_threading/loopingcall.py:125}}
Mar 30 14:12:27.222924 np0000161227 neutron-periodic-workers[103959]: DEBUG dbcounter [-] [103959] Writing DB stats neutron:SELECT=1 {{(pid=103959) stat_writer /opt/stack/data/venv/lib/python3.12/site-packages/dbcounter.py:115}}
Mar 30 14:12:32.213167 np0000161227 neutron-periodic-workers[103950]: DEBUG oslo.service.backend._threading.loopingcall [None req-3347bc3f-0efa-4ae4-8921-986f037a8eaa None None] Fixed interval looping call 'neutron.plugins.ml2.plugin.DhcpAgentSchedulerDbMixin.remove_networks_from_down_agents' sleeping for 36.98 seconds {{(pid=103950) _run_loop /opt/stack/data/venv/lib/python3.12/site-packages/oslo_service/backend/_threading/loopingcall.py:125}}
Mar 30 14:12:42.212660 np0000161227 neutron-periodic-workers[103950]: DEBUG dbcounter [-] [103950] Writing DB stats neutron:SELECT=3 {{(pid=103950) stat_writer /opt/stack/data/venv/lib/python3.12/site-packages/dbcounter.py:115}}
Mar 30 14:12:54.202033 np0000161227 neutron-periodic-workers[103959]: DEBUG neutron.db.agents_db [None req-cffca3e0-dd29-4781-a858-cb2ac8488e95 None None] Agent healthcheck: found 0 active agents {{(pid=103959) agent_health_check /opt/stack/neutron/neutron/db/agents_db.py:317}}
Mar 30 14:12:54.202550 np0000161227 neutron-periodic-workers[103959]: DEBUG oslo.service.backend._threading.loopingcall [None req-cffca3e0-dd29-4781-a858-cb2ac8488e95 None None] Fixed interval looping call 'neutron.plugins.ml2.plugin.AgentDbMixin.agent_health_check' sleeping for 36.99 seconds {{(pid=103959) _run_loop /opt/stack/data/venv/lib/python3.12/site-packages/oslo_service/backend/_threading/loopingcall.py:125}}
Mar 30 14:13:04.200880 np0000161227 neutron-periodic-workers[103959]: DEBUG dbcounter [-] [103959] Writing DB stats neutron:SELECT=1 {{(pid=103959) stat_writer /opt/stack/data/venv/lib/python3.12/site-packages/dbcounter.py:115}}
Mar 30 14:13:04.252543 np0000161227 neutron-periodic-workers[103968]: DEBUG dbcounter [-] [103968] Writer thread running {{(pid=103968) stat_writer /opt/stack/data/venv/lib/python3.12/site-packages/dbcounter.py:102}}
Mar 30 14:13:04.254478 np0000161227 neutron-periodic-workers[103968]: DEBUG oslo.service.backend._threading.loopingcall [None req-52a37237-f41c-4234-9dbe-60c3b1756951 None None] Fixed interval looping call 'neutron.db.quota.driver_nolock.DbQuotaNoLockDriver._remove_expired_reservations' sleeping for 119.98 seconds {{(pid=103968) _run_loop /opt/stack/data/venv/lib/python3.12/site-packages/oslo_service/backend/_threading/loopingcall.py:125}}
Mar 30 14:13:09.200892 np0000161227 neutron-periodic-workers[103950]: DEBUG oslo.service.backend._threading.loopingcall [None req-3347bc3f-0efa-4ae4-8921-986f037a8eaa None None] Fixed interval looping call 'neutron.plugins.ml2.plugin.DhcpAgentSchedulerDbMixin.remove_networks_from_down_agents' sleeping for 36.99 seconds {{(pid=103950) _run_loop /opt/stack/data/venv/lib/python3.12/site-packages/oslo_service/backend/_threading/loopingcall.py:125}}
Mar 30 14:13:14.253231 np0000161227 neutron-periodic-workers[103968]: DEBUG dbcounter [-] [103968] Writing DB stats neutron:DELETE=1 {{(pid=103968) stat_writer /opt/stack/data/venv/lib/python3.12/site-packages/dbcounter.py:115}}
Mar 30 14:13:19.200404 np0000161227 neutron-periodic-workers[103950]: DEBUG dbcounter [-] [103950] Writing DB stats neutron:SELECT=3 {{(pid=103950) stat_writer /opt/stack/data/venv/lib/python3.12/site-packages/dbcounter.py:115}}
Mar 30 14:13:31.199035 np0000161227 neutron-periodic-workers[103959]: DEBUG neutron.db.agents_db [None req-cffca3e0-dd29-4781-a858-cb2ac8488e95 None None] Agent healthcheck: found 0 active agents {{(pid=103959) agent_health_check /opt/stack/neutron/neutron/db/agents_db.py:317}}
Mar 30 14:13:31.199929 np0000161227 neutron-periodic-workers[103959]: DEBUG oslo.service.backend._threading.loopingcall [None req-cffca3e0-dd29-4781-a858-cb2ac8488e95 None None] Fixed interval looping call 'neutron.plugins.ml2.plugin.AgentDbMixin.agent_health_check' sleeping for 36.99 seconds {{(pid=103959) _run_loop /opt/stack/data/venv/lib/python3.12/site-packages/oslo_service/backend/_threading/loopingcall.py:125}}
Mar 30 14:13:41.196544 np0000161227 neutron-periodic-workers[103959]: DEBUG dbcounter [-] [103959] Writing DB stats neutron:SELECT=1 {{(pid=103959) stat_writer /opt/stack/data/venv/lib/python3.12/site-packages/dbcounter.py:115}}
Mar 30 14:13:46.199824 np0000161227 neutron-periodic-workers[103950]: DEBUG oslo.service.backend._threading.loopingcall [None req-3347bc3f-0efa-4ae4-8921-986f037a8eaa None None] Fixed interval looping call 'neutron.plugins.ml2.plugin.DhcpAgentSchedulerDbMixin.remove_networks_from_down_agents' sleeping for 36.99 seconds {{(pid=103950) _run_loop /opt/stack/data/venv/lib/python3.12/site-packages/oslo_service/backend/_threading/loopingcall.py:125}}
Mar 30 14:13:56.198580 np0000161227 neutron-periodic-workers[103950]: DEBUG dbcounter [-] [103950] Writing DB stats neutron:SELECT=3 {{(pid=103950) stat_writer /opt/stack/data/venv/lib/python3.12/site-packages/dbcounter.py:115}}
Mar 30 14:14:08.197097 np0000161227 neutron-periodic-workers[103959]: DEBUG neutron.db.agents_db [None req-cffca3e0-dd29-4781-a858-cb2ac8488e95 None None] Agent healthcheck: found 0 active agents {{(pid=103959) agent_health_check /opt/stack/neutron/neutron/db/agents_db.py:317}}
Mar 30 14:14:08.198175 np0000161227 neutron-periodic-workers[103959]: DEBUG oslo.service.backend._threading.loopingcall [None req-cffca3e0-dd29-4781-a858-cb2ac8488e95 None None] Fixed interval looping call 'neutron.plugins.ml2.plugin.AgentDbMixin.agent_health_check' sleeping for 36.99 seconds {{(pid=103959) _run_loop /opt/stack/data/venv/lib/python3.12/site-packages/oslo_service/backend/_threading/loopingcall.py:125}}
Mar 30 14:14:18.194587 np0000161227 neutron-periodic-workers[103959]: DEBUG dbcounter [-] [103959] Writing DB stats neutron:SELECT=1 {{(pid=103959) stat_writer /opt/stack/data/venv/lib/python3.12/site-packages/dbcounter.py:115}}
Mar 30 14:14:23.197957 np0000161227 neutron-periodic-workers[103950]: DEBUG oslo.service.backend._threading.loopingcall [None req-3347bc3f-0efa-4ae4-8921-986f037a8eaa None None] Fixed interval looping call 'neutron.plugins.ml2.plugin.DhcpAgentSchedulerDbMixin.remove_networks_from_down_agents' sleeping for 36.99 seconds {{(pid=103950) _run_loop /opt/stack/data/venv/lib/python3.12/site-packages/oslo_service/backend/_threading/loopingcall.py:125}}
Mar 30 14:14:33.196779 np0000161227 neutron-periodic-workers[103950]: DEBUG dbcounter [-] [103950] Writing DB stats neutron:SELECT=3 {{(pid=103950) stat_writer /opt/stack/data/venv/lib/python3.12/site-packages/dbcounter.py:115}}
Mar 30 14:14:45.193661 np0000161227 neutron-periodic-workers[103959]: DEBUG neutron.db.agents_db [None req-cffca3e0-dd29-4781-a858-cb2ac8488e95 None None] Agent healthcheck: found 0 active agents {{(pid=103959) agent_health_check /opt/stack/neutron/neutron/db/agents_db.py:317}}
Mar 30 14:14:45.194393 np0000161227 neutron-periodic-workers[103959]: DEBUG oslo.service.backend._threading.loopingcall [None req-cffca3e0-dd29-4781-a858-cb2ac8488e95 None None] Fixed interval looping call 'neutron.plugins.ml2.plugin.AgentDbMixin.agent_health_check' sleeping for 36.99 seconds {{(pid=103959) _run_loop /opt/stack/data/venv/lib/python3.12/site-packages/oslo_service/backend/_threading/loopingcall.py:125}}
Mar 30 14:14:55.191144 np0000161227 neutron-periodic-workers[103959]: DEBUG dbcounter [-] [103959] Writing DB stats neutron:SELECT=1 {{(pid=103959) stat_writer /opt/stack/data/venv/lib/python3.12/site-packages/dbcounter.py:115}}
Mar 30 14:15:00.197859 np0000161227 neutron-periodic-workers[103950]: DEBUG oslo.service.backend._threading.loopingcall [None req-3347bc3f-0efa-4ae4-8921-986f037a8eaa None None] Fixed interval looping call 'neutron.plugins.ml2.plugin.DhcpAgentSchedulerDbMixin.remove_networks_from_down_agents' sleeping for 36.99 seconds {{(pid=103950) _run_loop /opt/stack/data/venv/lib/python3.12/site-packages/oslo_service/backend/_threading/loopingcall.py:125}}
Mar 30 14:15:04.240106 np0000161227 neutron-periodic-workers[103968]: DEBUG oslo.service.backend._threading.loopingcall [None req-52a37237-f41c-4234-9dbe-60c3b1756951 None None] Fixed interval looping call 'neutron.db.quota.driver_nolock.DbQuotaNoLockDriver._remove_expired_reservations' sleeping for 119.99 seconds {{(pid=103968) _run_loop /opt/stack/data/venv/lib/python3.12/site-packages/oslo_service/backend/_threading/loopingcall.py:125}}
Mar 30 14:15:10.196601 np0000161227 neutron-periodic-workers[103950]: DEBUG dbcounter [-] [103950] Writing DB stats neutron:SELECT=3 {{(pid=103950) stat_writer /opt/stack/data/venv/lib/python3.12/site-packages/dbcounter.py:115}}
Mar 30 14:15:10.282870 np0000161227 neutron-periodic-workers[103983]: DEBUG dbcounter [-] [103983] Writer thread running {{(pid=103983) stat_writer /opt/stack/data/venv/lib/python3.12/site-packages/dbcounter.py:102}}
Mar 30 14:15:10.299701 np0000161227 neutron-periodic-workers[103983]: DEBUG oslo.service.backend._threading.loopingcall [None req-2c5501ac-7b4d-4f61-91f5-de6c95b977f8 None None] Fixed interval looping call 'neutron.services.ovn_l3.plugin.L3_NAT_dbonly_mixin._clean_garbage' sleeping for 299.95 seconds {{(pid=103983) _run_loop /opt/stack/data/venv/lib/python3.12/site-packages/oslo_service/backend/_threading/loopingcall.py:125}}
Mar 30 14:15:14.238342 np0000161227 neutron-periodic-workers[103968]: DEBUG dbcounter [-] [103968] Writing DB stats neutron:DELETE=1 {{(pid=103968) stat_writer /opt/stack/data/venv/lib/python3.12/site-packages/dbcounter.py:115}}
Mar 30 14:15:22.189745 np0000161227 neutron-periodic-workers[103959]: DEBUG neutron.db.agents_db [None req-cffca3e0-dd29-4781-a858-cb2ac8488e95 None None] Agent healthcheck: found 0 active agents {{(pid=103959) agent_health_check /opt/stack/neutron/neutron/db/agents_db.py:317}}
Mar 30 14:15:22.189745 np0000161227 neutron-periodic-workers[103959]: DEBUG oslo.service.backend._threading.loopingcall [None req-cffca3e0-dd29-4781-a858-cb2ac8488e95 None None] Fixed interval looping call 'neutron.plugins.ml2.plugin.AgentDbMixin.agent_health_check' sleeping for 36.99 seconds {{(pid=103959) _run_loop /opt/stack/data/venv/lib/python3.12/site-packages/oslo_service/backend/_threading/loopingcall.py:125}}
Mar 30 14:15:30.309991 np0000161227 neutron-periodic-workers[103983]: DEBUG dbcounter [-] [103983] Writing DB stats neutron:SELECT=1 {{(pid=103983) stat_writer /opt/stack/data/venv/lib/python3.12/site-packages/dbcounter.py:115}}
Mar 30 14:15:32.188478 np0000161227 neutron-periodic-workers[103959]: DEBUG dbcounter [-] [103959] Writing DB stats neutron:SELECT=1 {{(pid=103959) stat_writer /opt/stack/data/venv/lib/python3.12/site-packages/dbcounter.py:115}}
Mar 30 14:15:37.197062 np0000161227 neutron-periodic-workers[103950]: DEBUG oslo.service.backend._threading.loopingcall [None req-3347bc3f-0efa-4ae4-8921-986f037a8eaa None None] Fixed interval looping call 'neutron.plugins.ml2.plugin.DhcpAgentSchedulerDbMixin.remove_networks_from_down_agents' sleeping for 36.99 seconds {{(pid=103950) _run_loop /opt/stack/data/venv/lib/python3.12/site-packages/oslo_service/backend/_threading/loopingcall.py:125}}
Mar 30 14:15:47.196395 np0000161227 neutron-periodic-workers[103950]: DEBUG dbcounter [-] [103950] Writing DB stats neutron:SELECT=3 {{(pid=103950) stat_writer /opt/stack/data/venv/lib/python3.12/site-packages/dbcounter.py:115}}
Mar 30 14:15:59.185586 np0000161227 neutron-periodic-workers[103959]: DEBUG neutron.db.agents_db [None req-cffca3e0-dd29-4781-a858-cb2ac8488e95 None None] Agent healthcheck: found 0 active agents {{(pid=103959) agent_health_check /opt/stack/neutron/neutron/db/agents_db.py:317}}
Mar 30 14:15:59.186141 np0000161227 neutron-periodic-workers[103959]: DEBUG oslo.service.backend._threading.loopingcall [None req-cffca3e0-dd29-4781-a858-cb2ac8488e95 None None] Fixed interval looping call 'neutron.plugins.ml2.plugin.AgentDbMixin.agent_health_check' sleeping for 36.99 seconds {{(pid=103959) _run_loop /opt/stack/data/venv/lib/python3.12/site-packages/oslo_service/backend/_threading/loopingcall.py:125}}
Mar 30 14:16:09.183644 np0000161227 neutron-periodic-workers[103959]: DEBUG dbcounter [-] [103959] Writing DB stats neutron:SELECT=1 {{(pid=103959) stat_writer /opt/stack/data/venv/lib/python3.12/site-packages/dbcounter.py:115}}
Mar 30 14:16:14.194305 np0000161227 neutron-periodic-workers[103950]: DEBUG oslo.service.backend._threading.loopingcall [None req-3347bc3f-0efa-4ae4-8921-986f037a8eaa None None] Fixed interval looping call 'neutron.plugins.ml2.plugin.DhcpAgentSchedulerDbMixin.remove_networks_from_down_agents' sleeping for 36.99 seconds {{(pid=103950) _run_loop /opt/stack/data/venv/lib/python3.12/site-packages/oslo_service/backend/_threading/loopingcall.py:125}}
Mar 30 14:16:24.193449 np0000161227 neutron-periodic-workers[103950]: DEBUG dbcounter [-] [103950] Writing DB stats neutron:SELECT=3 {{(pid=103950) stat_writer /opt/stack/data/venv/lib/python3.12/site-packages/dbcounter.py:115}}
Mar 30 14:16:36.182254 np0000161227 neutron-periodic-workers[103959]: DEBUG neutron.db.agents_db [None req-cffca3e0-dd29-4781-a858-cb2ac8488e95 None None] Agent healthcheck: found 0 active agents {{(pid=103959) agent_health_check /opt/stack/neutron/neutron/db/agents_db.py:317}}
Mar 30 14:16:36.182254 np0000161227 neutron-periodic-workers[103959]: DEBUG oslo.service.backend._threading.loopingcall [None req-cffca3e0-dd29-4781-a858-cb2ac8488e95 None None] Fixed interval looping call 'neutron.plugins.ml2.plugin.AgentDbMixin.agent_health_check' sleeping for 36.99 seconds {{(pid=103959) _run_loop /opt/stack/data/venv/lib/python3.12/site-packages/oslo_service/backend/_threading/loopingcall.py:125}}
Mar 30 14:16:46.180206 np0000161227 neutron-periodic-workers[103959]: DEBUG dbcounter [-] [103959] Writing DB stats neutron:SELECT=1 {{(pid=103959) stat_writer /opt/stack/data/venv/lib/python3.12/site-packages/dbcounter.py:115}}
Mar 30 14:16:51.194727 np0000161227 neutron-periodic-workers[103950]: DEBUG oslo.service.backend._threading.loopingcall [None req-3347bc3f-0efa-4ae4-8921-986f037a8eaa None None] Fixed interval looping call 'neutron.plugins.ml2.plugin.DhcpAgentSchedulerDbMixin.remove_networks_from_down_agents' sleeping for 36.99 seconds {{(pid=103950) _run_loop /opt/stack/data/venv/lib/python3.12/site-packages/oslo_service/backend/_threading/loopingcall.py:125}}
Mar 30 14:17:01.193081 np0000161227 neutron-periodic-workers[103950]: DEBUG dbcounter [-] [103950] Writing DB stats neutron:SELECT=3 {{(pid=103950) stat_writer /opt/stack/data/venv/lib/python3.12/site-packages/dbcounter.py:115}}
Mar 30 14:17:04.234575 np0000161227 neutron-periodic-workers[103968]: DEBUG oslo.service.backend._threading.loopingcall [None req-52a37237-f41c-4234-9dbe-60c3b1756951 None None] Fixed interval looping call 'neutron.db.quota.driver_nolock.DbQuotaNoLockDriver._remove_expired_reservations' sleeping for 120.00 seconds {{(pid=103968) _run_loop /opt/stack/data/venv/lib/python3.12/site-packages/oslo_service/backend/_threading/loopingcall.py:125}}
Mar 30 14:17:13.177813 np0000161227 neutron-periodic-workers[103959]: DEBUG neutron.db.agents_db [None req-cffca3e0-dd29-4781-a858-cb2ac8488e95 None None] Agent healthcheck: found 0 active agents {{(pid=103959) agent_health_check /opt/stack/neutron/neutron/db/agents_db.py:317}}
Mar 30 14:17:13.178534 np0000161227 neutron-periodic-workers[103959]: DEBUG oslo.service.backend._threading.loopingcall [None req-cffca3e0-dd29-4781-a858-cb2ac8488e95 None None] Fixed interval looping call 'neutron.plugins.ml2.plugin.AgentDbMixin.agent_health_check' sleeping for 36.99 seconds {{(pid=103959) _run_loop /opt/stack/data/venv/lib/python3.12/site-packages/oslo_service/backend/_threading/loopingcall.py:125}}
Mar 30 14:17:14.233905 np0000161227 neutron-periodic-workers[103968]: DEBUG dbcounter [-] [103968] Writing DB stats neutron:DELETE=1 {{(pid=103968) stat_writer /opt/stack/data/venv/lib/python3.12/site-packages/dbcounter.py:115}}
Mar 30 14:17:23.175936 np0000161227 neutron-periodic-workers[103959]: DEBUG dbcounter [-] [103959] Writing DB stats neutron:SELECT=1 {{(pid=103959) stat_writer /opt/stack/data/venv/lib/python3.12/site-packages/dbcounter.py:115}}
Mar 30 14:17:28.193886 np0000161227 neutron-periodic-workers[103950]: DEBUG oslo.service.backend._threading.loopingcall [None req-3347bc3f-0efa-4ae4-8921-986f037a8eaa None None] Fixed interval looping call 'neutron.plugins.ml2.plugin.DhcpAgentSchedulerDbMixin.remove_networks_from_down_agents' sleeping for 36.99 seconds {{(pid=103950) _run_loop /opt/stack/data/venv/lib/python3.12/site-packages/oslo_service/backend/_threading/loopingcall.py:125}}
Mar 30 14:17:38.193027 np0000161227 neutron-periodic-workers[103950]: DEBUG dbcounter [-] [103950] Writing DB stats neutron:SELECT=3 {{(pid=103950) stat_writer /opt/stack/data/venv/lib/python3.12/site-packages/dbcounter.py:115}}
Mar 30 14:17:50.172264 np0000161227 neutron-periodic-workers[103959]: DEBUG neutron.db.agents_db [None req-cffca3e0-dd29-4781-a858-cb2ac8488e95 None None] Agent healthcheck: found 0 active agents {{(pid=103959) agent_health_check /opt/stack/neutron/neutron/db/agents_db.py:317}}
Mar 30 14:17:50.173094 np0000161227 neutron-periodic-workers[103959]: DEBUG oslo.service.backend._threading.loopingcall [None req-cffca3e0-dd29-4781-a858-cb2ac8488e95 None None] Fixed interval looping call 'neutron.plugins.ml2.plugin.AgentDbMixin.agent_health_check' sleeping for 37.00 seconds {{(pid=103959) _run_loop /opt/stack/data/venv/lib/python3.12/site-packages/oslo_service/backend/_threading/loopingcall.py:125}}
Mar 30 14:18:00.171015 np0000161227 neutron-periodic-workers[103959]: DEBUG dbcounter [-] [103959] Writing DB stats neutron:SELECT=1 {{(pid=103959) stat_writer /opt/stack/data/venv/lib/python3.12/site-packages/dbcounter.py:115}}
Mar 30 14:18:05.194828 np0000161227 neutron-periodic-workers[103950]: DEBUG oslo.service.backend._threading.loopingcall [None req-3347bc3f-0efa-4ae4-8921-986f037a8eaa None None] Fixed interval looping call 'neutron.plugins.ml2.plugin.DhcpAgentSchedulerDbMixin.remove_networks_from_down_agents' sleeping for 36.99 seconds {{(pid=103950) _run_loop /opt/stack/data/venv/lib/python3.12/site-packages/oslo_service/backend/_threading/loopingcall.py:125}}
Mar 30 14:18:15.193626 np0000161227 neutron-periodic-workers[103950]: DEBUG dbcounter [-] [103950] Writing DB stats neutron:SELECT=3 {{(pid=103950) stat_writer /opt/stack/data/venv/lib/python3.12/site-packages/dbcounter.py:115}}
Mar 30 14:18:27.178400 np0000161227 neutron-periodic-workers[103959]: DEBUG neutron.db.agents_db [None req-cffca3e0-dd29-4781-a858-cb2ac8488e95 None None] Agent healthcheck: found 0 active agents {{(pid=103959) agent_health_check /opt/stack/neutron/neutron/db/agents_db.py:317}}
Mar 30 14:18:27.179072 np0000161227 neutron-periodic-workers[103959]: DEBUG oslo.service.backend._threading.loopingcall [None req-cffca3e0-dd29-4781-a858-cb2ac8488e95 None None] Fixed interval looping call 'neutron.plugins.ml2.plugin.AgentDbMixin.agent_health_check' sleeping for 36.99 seconds {{(pid=103959) _run_loop /opt/stack/data/venv/lib/python3.12/site-packages/oslo_service/backend/_threading/loopingcall.py:125}}
Mar 30 14:18:37.176273 np0000161227 neutron-periodic-workers[103959]: DEBUG dbcounter [-] [103959] Writing DB stats neutron:SELECT=1 {{(pid=103959) stat_writer /opt/stack/data/venv/lib/python3.12/site-packages/dbcounter.py:115}}
Mar 30 14:18:42.193808 np0000161227 neutron-periodic-workers[103950]: DEBUG oslo.service.backend._threading.loopingcall [None req-3347bc3f-0efa-4ae4-8921-986f037a8eaa None None] Fixed interval looping call 'neutron.plugins.ml2.plugin.DhcpAgentSchedulerDbMixin.remove_networks_from_down_agents' sleeping for 36.99 seconds {{(pid=103950) _run_loop /opt/stack/data/venv/lib/python3.12/site-packages/oslo_service/backend/_threading/loopingcall.py:125}}
Mar 30 14:18:52.193172 np0000161227 neutron-periodic-workers[103950]: DEBUG dbcounter [-] [103950] Writing DB stats neutron:SELECT=3 {{(pid=103950) stat_writer /opt/stack/data/venv/lib/python3.12/site-packages/dbcounter.py:115}}
Mar 30 14:19:04.174683 np0000161227 neutron-periodic-workers[103959]: DEBUG neutron.db.agents_db [None req-cffca3e0-dd29-4781-a858-cb2ac8488e95 None None] Agent healthcheck: found 0 active agents {{(pid=103959) agent_health_check /opt/stack/neutron/neutron/db/agents_db.py:317}}
Mar 30 14:19:04.175346 np0000161227 neutron-periodic-workers[103959]: DEBUG oslo.service.backend._threading.loopingcall [None req-cffca3e0-dd29-4781-a858-cb2ac8488e95 None None] Fixed interval looping call 'neutron.plugins.ml2.plugin.AgentDbMixin.agent_health_check' sleeping for 36.99 seconds {{(pid=103959) _run_loop /opt/stack/data/venv/lib/python3.12/site-packages/oslo_service/backend/_threading/loopingcall.py:125}}
Mar 30 14:19:04.251134 np0000161227 neutron-periodic-workers[103968]: DEBUG oslo.service.backend._threading.loopingcall [None req-52a37237-f41c-4234-9dbe-60c3b1756951 None None] Fixed interval looping call 'neutron.db.quota.driver_nolock.DbQuotaNoLockDriver._remove_expired_reservations' sleeping for 120.00 seconds {{(pid=103968) _run_loop /opt/stack/data/venv/lib/python3.12/site-packages/oslo_service/backend/_threading/loopingcall.py:125}}
Mar 30 14:19:14.172413 np0000161227 neutron-periodic-workers[103959]: DEBUG dbcounter [-] [103959] Writing DB stats neutron:SELECT=1 {{(pid=103959) stat_writer /opt/stack/data/venv/lib/python3.12/site-packages/dbcounter.py:115}}
Mar 30 14:19:14.238175 np0000161227 neutron-periodic-workers[103968]: DEBUG dbcounter [-] [103968] Writing DB stats neutron:DELETE=1 {{(pid=103968) stat_writer /opt/stack/data/venv/lib/python3.12/site-packages/dbcounter.py:115}}
Mar 30 14:19:19.192701 np0000161227 neutron-periodic-workers[103950]: DEBUG oslo.service.backend._threading.loopingcall [None req-3347bc3f-0efa-4ae4-8921-986f037a8eaa None None] Fixed interval looping call 'neutron.plugins.ml2.plugin.DhcpAgentSchedulerDbMixin.remove_networks_from_down_agents' sleeping for 36.99 seconds {{(pid=103950) _run_loop /opt/stack/data/venv/lib/python3.12/site-packages/oslo_service/backend/_threading/loopingcall.py:125}}
Mar 30 14:19:29.191643 np0000161227 neutron-periodic-workers[103950]: DEBUG dbcounter [-] [103950] Writing DB stats neutron:SELECT=3 {{(pid=103950) stat_writer /opt/stack/data/venv/lib/python3.12/site-packages/dbcounter.py:115}}
Mar 30 14:19:41.170842 np0000161227 neutron-periodic-workers[103959]: DEBUG neutron.db.agents_db [None req-cffca3e0-dd29-4781-a858-cb2ac8488e95 None None] Agent healthcheck: found 0 active agents {{(pid=103959) agent_health_check /opt/stack/neutron/neutron/db/agents_db.py:317}}
Mar 30 14:19:41.172125 np0000161227 neutron-periodic-workers[103959]: DEBUG oslo.service.backend._threading.loopingcall [None req-cffca3e0-dd29-4781-a858-cb2ac8488e95 None None] Fixed interval looping call 'neutron.plugins.ml2.plugin.AgentDbMixin.agent_health_check' sleeping for 36.99 seconds {{(pid=103959) _run_loop /opt/stack/data/venv/lib/python3.12/site-packages/oslo_service/backend/_threading/loopingcall.py:125}}
Mar 30 14:19:51.168607 np0000161227 neutron-periodic-workers[103959]: DEBUG dbcounter [-] [103959] Writing DB stats neutron:SELECT=1 {{(pid=103959) stat_writer /opt/stack/data/venv/lib/python3.12/site-packages/dbcounter.py:115}}
Mar 30 14:19:56.193275 np0000161227 neutron-periodic-workers[103950]: DEBUG oslo.service.backend._threading.loopingcall [None req-3347bc3f-0efa-4ae4-8921-986f037a8eaa None None] Fixed interval looping call 'neutron.plugins.ml2.plugin.DhcpAgentSchedulerDbMixin.remove_networks_from_down_agents' sleeping for 36.99 seconds {{(pid=103950) _run_loop /opt/stack/data/venv/lib/python3.12/site-packages/oslo_service/backend/_threading/loopingcall.py:125}}
Mar 30 14:20:06.192076 np0000161227 neutron-periodic-workers[103950]: DEBUG dbcounter [-] [103950] Writing DB stats neutron:SELECT=3 {{(pid=103950) stat_writer /opt/stack/data/venv/lib/python3.12/site-packages/dbcounter.py:115}}
Mar 30 14:20:10.264597 np0000161227 neutron-periodic-workers[103983]: DEBUG oslo.service.backend._threading.loopingcall [None req-2c5501ac-7b4d-4f61-91f5-de6c95b977f8 None None] Fixed interval looping call 'neutron.services.ovn_l3.plugin.L3_NAT_dbonly_mixin._clean_garbage' sleeping for 299.99 seconds {{(pid=103983) _run_loop /opt/stack/data/venv/lib/python3.12/site-packages/oslo_service/backend/_threading/loopingcall.py:125}}
Mar 30 14:20:18.167896 np0000161227 neutron-periodic-workers[103959]: DEBUG neutron.db.agents_db [None req-cffca3e0-dd29-4781-a858-cb2ac8488e95 None None] Agent healthcheck: found 0 active agents {{(pid=103959) agent_health_check /opt/stack/neutron/neutron/db/agents_db.py:317}}
Mar 30 14:20:18.168470 np0000161227 neutron-periodic-workers[103959]: DEBUG oslo.service.backend._threading.loopingcall [None req-cffca3e0-dd29-4781-a858-cb2ac8488e95 None None] Fixed interval looping call 'neutron.plugins.ml2.plugin.AgentDbMixin.agent_health_check' sleeping for 36.99 seconds {{(pid=103959) _run_loop /opt/stack/data/venv/lib/python3.12/site-packages/oslo_service/backend/_threading/loopingcall.py:125}}
Mar 30 14:20:20.253807 np0000161227 neutron-periodic-workers[103983]: DEBUG dbcounter [-] [103983] Writing DB stats neutron:SELECT=1 {{(pid=103983) stat_writer /opt/stack/data/venv/lib/python3.12/site-packages/dbcounter.py:115}}
Mar 30 14:20:28.165637 np0000161227 neutron-periodic-workers[103959]: DEBUG dbcounter [-] [103959] Writing DB stats neutron:SELECT=1 {{(pid=103959) stat_writer /opt/stack/data/venv/lib/python3.12/site-packages/dbcounter.py:115}}
Mar 30 14:20:33.191789 np0000161227 neutron-periodic-workers[103950]: DEBUG oslo.service.backend._threading.loopingcall [None req-3347bc3f-0efa-4ae4-8921-986f037a8eaa None None] Fixed interval looping call 'neutron.plugins.ml2.plugin.DhcpAgentSchedulerDbMixin.remove_networks_from_down_agents' sleeping for 36.99 seconds {{(pid=103950) _run_loop /opt/stack/data/venv/lib/python3.12/site-packages/oslo_service/backend/_threading/loopingcall.py:125}}
Mar 30 14:20:43.190875 np0000161227 neutron-periodic-workers[103950]: DEBUG dbcounter [-] [103950] Writing DB stats neutron:SELECT=3 {{(pid=103950) stat_writer /opt/stack/data/venv/lib/python3.12/site-packages/dbcounter.py:115}}
Mar 30 14:20:55.163790 np0000161227 neutron-periodic-workers[103959]: DEBUG neutron.db.agents_db [None req-cffca3e0-dd29-4781-a858-cb2ac8488e95 None None] Agent healthcheck: found 0 active agents {{(pid=103959) agent_health_check /opt/stack/neutron/neutron/db/agents_db.py:317}}
Mar 30 14:20:55.168885 np0000161227 neutron-periodic-workers[103959]: DEBUG oslo.service.backend._threading.loopingcall [None req-cffca3e0-dd29-4781-a858-cb2ac8488e95 None None] Fixed interval looping call 'neutron.plugins.ml2.plugin.AgentDbMixin.agent_health_check' sleeping for 36.99 seconds {{(pid=103959) _run_loop /opt/stack/data/venv/lib/python3.12/site-packages/oslo_service/backend/_threading/loopingcall.py:125}}
Mar 30 14:21:04.244795 np0000161227 neutron-periodic-workers[103968]: DEBUG oslo.service.backend._threading.loopingcall [None req-52a37237-f41c-4234-9dbe-60c3b1756951 None None] Fixed interval looping call 'neutron.db.quota.driver_nolock.DbQuotaNoLockDriver._remove_expired_reservations' sleeping for 120.00 seconds {{(pid=103968) _run_loop /opt/stack/data/venv/lib/python3.12/site-packages/oslo_service/backend/_threading/loopingcall.py:125}}
Mar 30 14:21:05.162495 np0000161227 neutron-periodic-workers[103959]: DEBUG dbcounter [-] [103959] Writing DB stats neutron:SELECT=1 {{(pid=103959) stat_writer /opt/stack/data/venv/lib/python3.12/site-packages/dbcounter.py:115}}
