2026-07-16 03:52:45.447 7 INFO neutron.services.segments.plugin [-] Client error retrieving segment f11593d8-b655-4ef0-9771-62f75ffa61e7 resource provider; error: Placement Client Error (4xx): {"errors": [{"status": 404, "title": "Not Found", "detail": "The resource could not be found.\n\n No resource provider with uuid f11593d8-b655-4ef0-9771-62f75ffa61e7 found for delete ", "request_id": "req-98310859-dd59-47c6-ae67-979a5bec5c5c"}]} [pid: 8|app: 0|req: 867/1574] 10.0.0.34 () {32 vars in 773 bytes} [Thu Jul 16 03:52:45 2026] GET /v2.0/security-groups?tenant_id=f4df538b6c754948945bee2e5f3e25b0&name=default => generated 2925 bytes in 255 msecs (HTTP/1.1 200) 4 headers in 158 bytes (1 switches on core 0) [pid: 7|app: 0|req: 708/1575] 10.0.0.34 () {32 vars in 739 bytes} [Thu Jul 16 03:52:45 2026] DELETE /v2.0/security-groups/c746c2a7-aade-44fe-9695-a9605a34faf4 => generated 0 bytes in 236 msecs (HTTP/1.1 204) 2 headers in 112 bytes (1 switches on core 0) [pid: 8|app: 0|req: 868/1576] 10.0.0.34 () {32 vars in 622 bytes} [Thu Jul 16 03:52:47 2026] GET / => generated 151 bytes in 3 msecs (HTTP/1.1 200) 3 headers in 91 bytes (1 switches on core 0) [pid: 7|app: 0|req: 709/1577] 10.0.0.34 () {32 vars in 632 bytes} [Thu Jul 16 03:52:47 2026] GET /v2.0/ => generated 632 bytes in 89 msecs (HTTP/1.1 200) 4 headers in 157 bytes (1 switches on core 0)
2026-07-16 03:52:48.296 8 INFO neutron.db.ovn_revision_numbers_db [None req-5d0ea28d-23ef-46e2-8664-86128022c700 6200886fd1d84b18952cf1993f9e46aa 1f5dce6b18f6448ba48a5fd7bfb160e8 - - default default] Successfully bumped revision number for resource 322f9a70-bdfe-4cb9-8e84-8ba528878194 (type: security_groups) to 1
2026-07-16 03:52:48.312 8 INFO neutron.db.ovn_revision_numbers_db [None req-5d0ea28d-23ef-46e2-8664-86128022c700 6200886fd1d84b18952cf1993f9e46aa 1f5dce6b18f6448ba48a5fd7bfb160e8 - - default default] Successfully bumped revision number for resource 12f0670e-0b32-4131-861e-7012976bf317 (type: security_group_rules) to 0
2026-07-16 03:52:48.322 7 INFO neutron.db.ovn_revision_numbers_db [None req-a4bf8f00-0df3-4d2b-ba3c-5adc658f6086 6200886fd1d84b18952cf1993f9e46aa 1f5dce6b18f6448ba48a5fd7bfb160e8 - - default default] Successfully bumped revision number for resource d3454819-7083-4f4e-90f7-6e685585c16b (type: security_groups) to 1
2026-07-16 03:52:48.324 8 INFO neutron.db.ovn_revision_numbers_db [None req-5d0ea28d-23ef-46e2-8664-86128022c700 6200886fd1d84b18952cf1993f9e46aa 1f5dce6b18f6448ba48a5fd7bfb160e8 - - default default] Successfully bumped revision number for resource 159399a2-118d-4e2e-8507-10584c95d765 (type: security_group_rules) to 0
2026-07-16 03:52:48.334 7 INFO neutron.db.ovn_revision_numbers_db [None req-a4bf8f00-0df3-4d2b-ba3c-5adc658f6086 6200886fd1d84b18952cf1993f9e46aa 1f5dce6b18f6448ba48a5fd7bfb160e8 - - default default] Successfully bumped revision number for resource 707c34f1-1863-4a23-a9c8-0c1777fac22c (type: security_group_rules) to 0
2026-07-16 03:52:48.335 8 INFO neutron.db.ovn_revision_numbers_db [None req-5d0ea28d-23ef-46e2-8664-86128022c700 6200886fd1d84b18952cf1993f9e46aa 1f5dce6b18f6448ba48a5fd7bfb160e8 - - default default] Successfully bumped revision number for resource 79d8708c-7492-4b1f-aff0-cddbad503d82 (type: security_group_rules) to 0
2026-07-16 03:52:48.345 7 INFO neutron.db.ovn_revision_numbers_db [None req-a4bf8f00-0df3-4d2b-ba3c-5adc658f6086 6200886fd1d84b18952cf1993f9e46aa 1f5dce6b18f6448ba48a5fd7bfb160e8 - - default default] Successfully bumped revision number for resource 81a922f2-aca6-46c1-8532-d8d864bc88c3 (type: security_group_rules) to 0
2026-07-16 03:52:48.346 8 INFO neutron.db.ovn_revision_numbers_db [None req-5d0ea28d-23ef-46e2-8664-86128022c700 6200886fd1d84b18952cf1993f9e46aa 1f5dce6b18f6448ba48a5fd7bfb160e8 - - default default] Successfully bumped revision number for resource f00360c1-aaa3-4400-9422-de25abb751be (type: security_group_rules) to 0
2026-07-16 03:52:48.357 7 INFO neutron.db.ovn_revision_numbers_db [None req-a4bf8f00-0df3-4d2b-ba3c-5adc658f6086 6200886fd1d84b18952cf1993f9e46aa 1f5dce6b18f6448ba48a5fd7bfb160e8 - - default default] Successfully bumped revision number for resource 8e0bc406-5b66-4bca-98a8-f4320985d050 (type: security_group_rules) to 0
2026-07-16 03:52:48.373 7 INFO neutron.db.ovn_revision_numbers_db [None req-a4bf8f00-0df3-4d2b-ba3c-5adc658f6086 6200886fd1d84b18952cf1993f9e46aa 1f5dce6b18f6448ba48a5fd7bfb160e8 - - default default] Successfully bumped revision number for resource ead5cdcd-c2e6-46ce-bbaa-0d6981653648 (type: security_group_rules) to 0 [pid: 8|app: 0|req: 869/1578] 10.0.0.34 () {32 vars in 773 bytes} [Thu Jul 16 03:52:48 2026] GET /v2.0/security-groups?tenant_id=8be2554a7d9b4288b141bc3564d34947&name=default => generated 2925 bytes in 329 msecs (HTTP/1.1 200) 4 headers in 158 bytes (1 switches on core 0) [pid: 7|app: 0|req: 710/1579] 10.0.0.34 () {32 vars in 773 bytes} [Thu Jul 16 03:52:48 2026] GET /v2.0/security-groups?tenant_id=c6745be819ea4fe3b2aaa8c1fc14dc29&name=default => generated 2925 bytes in 329 msecs (HTTP/1.1 200) 4 headers in 158 bytes (1 switches on core 0) [pid: 8|app: 0|req: 870/1580] 10.0.0.34 () {32 vars in 739 bytes} [Thu Jul 16 03:52:48 2026] DELETE /v2.0/security-groups/322f9a70-bdfe-4cb9-8e84-8ba528878194 => generated 0 bytes in 241 msecs (HTTP/1.1 204) 2 headers in 112 bytes (1 switches on core 0) [pid: 7|app: 0|req: 711/1581] 10.0.0.34 () {32 vars in 739 bytes} [Thu Jul 16 03:52:48 2026] DELETE /v2.0/security-groups/d3454819-7083-4f4e-90f7-6e685585c16b => generated 0 bytes in 251 msecs (HTTP/1.1 204) 2 headers in 112 bytes (1 switches on core 0)
2026-07-16 03:52:49.154 8 INFO neutron.db.ovn_revision_numbers_db [None req-66d8237b-daeb-42b2-b5ae-9cf3af2c5d33 6200886fd1d84b18952cf1993f9e46aa 1f5dce6b18f6448ba48a5fd7bfb160e8 - - default default] Successfully bumped revision number for resource 4160b92f-4447-4ddd-84ed-7a6ed0cdb133 (type: security_groups) to 1
2026-07-16 03:52:49.170 8 INFO neutron.db.ovn_revision_numbers_db [None req-66d8237b-daeb-42b2-b5ae-9cf3af2c5d33 6200886fd1d84b18952cf1993f9e46aa 1f5dce6b18f6448ba48a5fd7bfb160e8 - - default default] Successfully bumped revision number for resource 4f82c118-fc11-4c27-abb2-1aa03d8adb62 (type: security_group_rules) to 0
2026-07-16 03:52:49.180 8 INFO neutron.db.ovn_revision_numbers_db [None req-66d8237b-daeb-42b2-b5ae-9cf3af2c5d33 6200886fd1d84b18952cf1993f9e46aa 1f5dce6b18f6448ba48a5fd7bfb160e8 - - default default] Successfully bumped revision number for resource 5b7b8a95-6d5a-4fb4-ba9a-8b4f332f8a00 (type: security_group_rules) to 0
2026-07-16 03:52:49.191 8 INFO neutron.db.ovn_revision_numbers_db [None req-66d8237b-daeb-42b2-b5ae-9cf3af2c5d33 6200886fd1d84b18952cf1993f9e46aa 1f5dce6b18f6448ba48a5fd7bfb160e8 - - default default] Successfully bumped revision number for resource b10f9024-9279-40c6-b825-f3ed5a2f3bda (type: security_group_rules) to 0
2026-07-16 03:52:49.202 8 INFO neutron.db.ovn_revision_numbers_db [None req-66d8237b-daeb-42b2-b5ae-9cf3af2c5d33 6200886fd1d84b18952cf1993f9e46aa 1f5dce6b18f6448ba48a5fd7bfb160e8 - - default default] Successfully bumped revision number for resource d2e2e518-d85d-47e3-931a-39a4c9439a95 (type: security_group_rules) to 0 [pid: 8|app: 0|req: 871/1582] 10.0.0.34 () {32 vars in 773 bytes} [Thu Jul 16 03:52:49 2026] GET /v2.0/security-groups?tenant_id=1ab57fdd07b7465da14bdf75ab9df051&name=default => generated 2925 bytes in 220 msecs (HTTP/1.1 200) 4 headers in 158 bytes (1 switches on core 0) [pid: 7|app: 0|req: 712/1583] 10.0.0.34 () {32 vars in 739 bytes} [Thu Jul 16 03:52:49 2026] DELETE /v2.0/security-groups/4160b92f-4447-4ddd-84ed-7a6ed0cdb133 => generated 0 bytes in 278 msecs (HTTP/1.1 204) 2 headers in 112 bytes (1 switches on core 0)
2026-07-16 03:52:49.828 8 INFO neutron.db.ovn_revision_numbers_db [None req-87c09766-8caa-48dc-96c6-e00fcb0f67cb 6200886fd1d84b18952cf1993f9e46aa 1f5dce6b18f6448ba48a5fd7bfb160e8 - - default default] Successfully bumped revision number for resource e66f6297-930f-4126-916e-5fa91c61f65a (type: security_groups) to 1
2026-07-16 03:52:49.839 8 INFO neutron.db.ovn_revision_numbers_db [None req-87c09766-8caa-48dc-96c6-e00fcb0f67cb 6200886fd1d84b18952cf1993f9e46aa 1f5dce6b18f6448ba48a5fd7bfb160e8 - - default default] Successfully bumped revision number for resource 02f36a21-2b20-462d-bf80-0b28772dd38b (type: security_group_rules) to 0
2026-07-16 03:52:49.849 8 INFO neutron.db.ovn_revision_numbers_db [None req-87c09766-8caa-48dc-96c6-e00fcb0f67cb 6200886fd1d84b18952cf1993f9e46aa 1f5dce6b18f6448ba48a5fd7bfb160e8 - - default default] Successfully bumped revision number for resource 03e9725c-1a96-4408-abc2-0e343b0fd47b (type: security_group_rules) to 0
2026-07-16 03:52:49.864 8 INFO neutron.db.ovn_revision_numbers_db [None req-87c09766-8caa-48dc-96c6-e00fcb0f67cb 6200886fd1d84b18952cf1993f9e46aa 1f5dce6b18f6448ba48a5fd7bfb160e8 - - default default] Successfully bumped revision number for resource 044543d9-f922-4b47-963e-1447e7cac68b (type: security_group_rules) to 0
2026-07-16 03:52:49.878 8 INFO neutron.db.ovn_revision_numbers_db [None req-87c09766-8caa-48dc-96c6-e00fcb0f67cb 6200886fd1d84b18952cf1993f9e46aa 1f5dce6b18f6448ba48a5fd7bfb160e8 - - default default] Successfully bumped revision number for resource 0c1e56e1-5499-4b86-95e4-43b9a6bd86db (type: security_group_rules) to 0 [pid: 8|app: 0|req: 872/1584] 10.0.0.34 () {32 vars in 773 bytes} [Thu Jul 16 03:52:49 2026] GET /v2.0/security-groups?tenant_id=8e111fac7ac740109579eaad8fe1c8d3&name=default => generated 2925 bytes in 343 msecs (HTTP/1.1 200) 4 headers in 158 bytes (1 switches on core 0) [pid: 7|app: 0|req: 713/1585] 10.0.0.34 () {32 vars in 739 bytes} [Thu Jul 16 03:52:49 2026] DELETE /v2.0/security-groups/e66f6297-930f-4126-916e-5fa91c61f65a => generated 0 bytes in 279 msecs (HTTP/1.1 204) 2 headers in 112 bytes (1 switches on core 0)
2026-07-16 03:52:50.501 8 INFO neutron.db.ovn_revision_numbers_db [None req-19e277da-d5a2-42b8-b274-df9eb8b2070b 6200886fd1d84b18952cf1993f9e46aa 1f5dce6b18f6448ba48a5fd7bfb160e8 - - default default] Successfully bumped revision number for resource f81e94e3-e8d9-4b0d-9720-ee7cfc35ab7b (type: security_groups) to 1
2026-07-16 03:52:50.513 8 INFO neutron.db.ovn_revision_numbers_db [None req-19e277da-d5a2-42b8-b274-df9eb8b2070b 6200886fd1d84b18952cf1993f9e46aa 1f5dce6b18f6448ba48a5fd7bfb160e8 - - default default] Successfully bumped revision number for resource 201765bc-9b98-4a60-9087-d4b2b612c9e5 (type: security_group_rules) to 0
2026-07-16 03:52:50.523 8 INFO neutron.db.ovn_revision_numbers_db [None req-19e277da-d5a2-42b8-b274-df9eb8b2070b 6200886fd1d84b18952cf1993f9e46aa 1f5dce6b18f6448ba48a5fd7bfb160e8 - - default default] Successfully bumped revision number for resource 435cf8d7-c592-4afd-8e66-32469922f9de (type: security_group_rules) to 0
2026-07-16 03:52:50.535 8 INFO neutron.db.ovn_revision_numbers_db [None req-19e277da-d5a2-42b8-b274-df9eb8b2070b 6200886fd1d84b18952cf1993f9e46aa 1f5dce6b18f6448ba48a5fd7bfb160e8 - - default default] Successfully bumped revision number for resource 58a59108-95e9-47ea-a06b-8de392949890 (type: security_group_rules) to 0
2026-07-16 03:52:50.545 8 INFO neutron.db.ovn_revision_numbers_db [None req-19e277da-d5a2-42b8-b274-df9eb8b2070b 6200886fd1d84b18952cf1993f9e46aa 1f5dce6b18f6448ba48a5fd7bfb160e8 - - default default] Successfully bumped revision number for resource a5661941-e8a7-46e9-873b-b0a3a7f10b81 (type: security_group_rules) to 0 [pid: 8|app: 0|req: 873/1586] 10.0.0.34 () {32 vars in 773 bytes} [Thu Jul 16 03:52:50 2026] GET /v2.0/security-groups?tenant_id=cc890f3082fe4bfc9c30282086e8c05d&name=default => generated 2925 bytes in 208 msecs (HTTP/1.1 200) 4 headers in 158 bytes (1 switches on core 0) [pid: 7|app: 0|req: 714/1587] 10.0.0.34 () {32 vars in 739 bytes} [Thu Jul 16 03:52:50 2026] DELETE /v2.0/security-groups/f81e94e3-e8d9-4b0d-9720-ee7cfc35ab7b => generated 0 bytes in 254 msecs (HTTP/1.1 204) 2 headers in 112 bytes (1 switches on core 0)
2026-07-16 03:52:51.916 8 INFO neutron.db.ovn_revision_numbers_db [None req-2344f112-dad3-497e-ad3e-0ffb348dd98a 899343975de642f9916369829bb71677 f832e2eb6ac8481693ced6be3c6922bc - - default default] Successfully bumped revision number for resource 39134efd-a569-42da-b544-464c5470a9b3 (type: security_groups) to 1
2026-07-16 03:52:51.928 8 INFO neutron.db.ovn_revision_numbers_db [None req-2344f112-dad3-497e-ad3e-0ffb348dd98a 899343975de642f9916369829bb71677 f832e2eb6ac8481693ced6be3c6922bc - - default default] Successfully bumped revision number for resource 0975cc9f-5afa-48d3-ac49-aa267dd5edec (type: security_group_rules) to 0
2026-07-16 03:52:51.950 8 INFO neutron.db.ovn_revision_numbers_db [None req-2344f112-dad3-497e-ad3e-0ffb348dd98a 899343975de642f9916369829bb71677 f832e2eb6ac8481693ced6be3c6922bc - - default default] Successfully bumped revision number for resource 0eed3cf2-c7ba-4df7-9a12-d4e878cf044c (type: security_group_rules) to 0
2026-07-16 03:52:51.966 8 INFO neutron.db.ovn_revision_numbers_db [None req-2344f112-dad3-497e-ad3e-0ffb348dd98a 899343975de642f9916369829bb71677 f832e2eb6ac8481693ced6be3c6922bc - - default default] Successfully bumped revision number for resource 6cb2e86e-b546-4a55-9b0d-da3399fb91fd (type: security_group_rules) to 0
2026-07-16 03:52:51.984 8 INFO neutron.db.ovn_revision_numbers_db [None req-2344f112-dad3-497e-ad3e-0ffb348dd98a 899343975de642f9916369829bb71677 f832e2eb6ac8481693ced6be3c6922bc - - default default] Successfully bumped revision number for resource a9641e12-4ea7-4121-b404-3e3d03a1a208 (type: security_group_rules) to 0
2026-07-16 03:52:52.070 8 INFO neutron.db.segments_db [None req-2344f112-dad3-497e-ad3e-0ffb348dd98a 899343975de642f9916369829bb71677 f832e2eb6ac8481693ced6be3c6922bc - - default default] Added segment ab2eeaf5-3558-46cc-b825-28ad68add690 of type geneve for network 4ac39d7d-956a-4597-99ac-5388759e9a7b
2026-07-16 03:52:52.196 8 INFO neutron.db.ovn_revision_numbers_db [None req-2344f112-dad3-497e-ad3e-0ffb348dd98a 899343975de642f9916369829bb71677 f832e2eb6ac8481693ced6be3c6922bc - - default default] Successfully bumped revision number for resource 4ac39d7d-956a-4597-99ac-5388759e9a7b (type: networks) to 1
2026-07-16 03:52:52.375 8 WARNING neutron.scheduler.dhcp_agent_scheduler [None req-2344f112-dad3-497e-ad3e-0ffb348dd98a 899343975de642f9916369829bb71677 f832e2eb6ac8481693ced6be3c6922bc - - default default] No more DHCP agents
2026-07-16 03:52:52.376 8 WARNING neutron.api.rpc.agentnotifiers.dhcp_rpc_agent_api [None req-2344f112-dad3-497e-ad3e-0ffb348dd98a 899343975de642f9916369829bb71677 f832e2eb6ac8481693ced6be3c6922bc - - default default] Unable to schedule network 4ac39d7d-956a-4597-99ac-5388759e9a7b: no agents available; will retry on subsequent port and subnet creation events.
2026-07-16 03:52:52.432 8 INFO neutron.plugins.ml2.drivers.ovn.mech_driver.mech_driver [None req-c0a3c5af-904a-4b41-99bb-c1302f0e543e - - - - - -] OVN reports status down for port: df1173b6-73cc-4aa0-ac94-adfda949c93f
2026-07-16 03:52:52.505 8 INFO neutron.db.ovn_revision_numbers_db [None req-2344f112-dad3-497e-ad3e-0ffb348dd98a 899343975de642f9916369829bb71677 f832e2eb6ac8481693ced6be3c6922bc - - default default] Successfully bumped revision number for resource df1173b6-73cc-4aa0-ac94-adfda949c93f (type: ports) to 1 [pid: 8|app: 0|req: 874/1588] 10.0.0.34 () {34 vars in 670 bytes} [Thu Jul 16 03:52:51 2026] POST /v2.0/networks => generated 670 bytes in 1028 msecs (HTTP/1.1 201) 4 headers in 162 bytes (1 switches on core 0)
2026-07-16 03:52:52.574 7 INFO neutron.db.ovn_revision_numbers_db [None req-c175b286-0162-46b7-b777-c179c30a1193 6200886fd1d84b18952cf1993f9e46aa 1f5dce6b18f6448ba48a5fd7bfb160e8 - - default default] Successfully bumped revision number for resource 0d33ce8a-fcb8-472c-8dbb-ccc7fac7c758 (type: security_groups) to 1
2026-07-16 03:52:52.585 7 INFO neutron.db.ovn_revision_numbers_db [None req-c175b286-0162-46b7-b777-c179c30a1193 6200886fd1d84b18952cf1993f9e46aa 1f5dce6b18f6448ba48a5fd7bfb160e8 - - default default] Successfully bumped revision number for resource 00307bf8-38a5-4452-8104-ced20ce9e75a (type: security_group_rules) to 0
2026-07-16 03:52:52.596 7 INFO neutron.db.ovn_revision_numbers_db [None req-c175b286-0162-46b7-b777-c179c30a1193 6200886fd1d84b18952cf1993f9e46aa 1f5dce6b18f6448ba48a5fd7bfb160e8 - - default default] Successfully bumped revision number for resource 4f9b378c-4be7-4a35-b1e3-308de8a65c61 (type: security_group_rules) to 0
2026-07-16 03:52:52.608 7 INFO neutron.db.ovn_revision_numbers_db [None req-c175b286-0162-46b7-b777-c179c30a1193 6200886fd1d84b18952cf1993f9e46aa 1f5dce6b18f6448ba48a5fd7bfb160e8 - - default default] Successfully bumped revision number for resource 5e5e1dda-5546-41c7-945f-c62638148de5 (type: security_group_rules) to 0
2026-07-16 03:52:52.623 7 INFO neutron.db.ovn_revision_numbers_db [None req-c175b286-0162-46b7-b777-c179c30a1193 6200886fd1d84b18952cf1993f9e46aa 1f5dce6b18f6448ba48a5fd7bfb160e8 - - default default] Successfully bumped revision number for resource 7129107e-ced2-411b-8908-7ba02610b8c7 (type: security_group_rules) to 0 [pid: 7|app: 0|req: 715/1589] 10.0.0.34 () {32 vars in 773 bytes} [Thu Jul 16 03:52:52 2026] GET /v2.0/security-groups?tenant_id=44ee080cab6c46e98a80d8d67c8604a6&name=default => generated 2925 bytes in 372 msecs (HTTP/1.1 200) 4 headers in 158 bytes (1 switches on core 0) [pid: 7|app: 0|req: 716/1590] 10.0.0.34 () {32 vars in 739 bytes} [Thu Jul 16 03:52:52 2026] DELETE /v2.0/security-groups/0d33ce8a-fcb8-472c-8dbb-ccc7fac7c758 => generated 0 bytes in 193 msecs (HTTP/1.1 204) 2 headers in 112 bytes (1 switches on core 0)
2026-07-16 03:52:52.992 8 WARNING neutron.scheduler.dhcp_agent_scheduler [None req-7a92d5fe-5499-4049-b25b-c5c3a7085ac0 899343975de642f9916369829bb71677 f832e2eb6ac8481693ced6be3c6922bc - - default default] No more DHCP agents
2026-07-16 03:52:52.994 8 WARNING neutron.api.rpc.agentnotifiers.dhcp_rpc_agent_api [None req-7a92d5fe-5499-4049-b25b-c5c3a7085ac0 899343975de642f9916369829bb71677 f832e2eb6ac8481693ced6be3c6922bc - - default default] Unable to schedule network 0a8cbe86-9b56-48c1-9926-571613fb178c: no agents available; will retry on subsequent port and subnet creation events.
2026-07-16 03:52:53.113 8 INFO neutron.plugins.ml2.drivers.ovn.mech_driver.mech_driver [None req-c0a3c5af-904a-4b41-99bb-c1302f0e543e - - - - - -] OVN reports status down for port: 29c67fd8-9873-486c-a111-acfab537ee0e
2026-07-16 03:52:53.183 8 INFO neutron.db.ovn_revision_numbers_db [None req-7a92d5fe-5499-4049-b25b-c5c3a7085ac0 899343975de642f9916369829bb71677 f832e2eb6ac8481693ced6be3c6922bc - - default default] Successfully bumped revision number for resource 29c67fd8-9873-486c-a111-acfab537ee0e (type: ports) to 1
2026-07-16 03:52:53.360 7 INFO neutron.db.ovn_revision_numbers_db [None req-e32728e8-a4f9-4227-b0cc-5b2ce045ca20 6200886fd1d84b18952cf1993f9e46aa 1f5dce6b18f6448ba48a5fd7bfb160e8 - - default default] Successfully bumped revision number for resource e4868916-d6eb-476b-9818-f67272b477fb (type: security_groups) to 1
2026-07-16 03:52:53.374 7 INFO neutron.db.ovn_revision_numbers_db [None req-e32728e8-a4f9-4227-b0cc-5b2ce045ca20 6200886fd1d84b18952cf1993f9e46aa 1f5dce6b18f6448ba48a5fd7bfb160e8 - - default default] Successfully bumped revision number for resource 1bb66ead-6e52-44e6-8afc-caba3e6afb57 (type: security_group_rules) to 0
2026-07-16 03:52:53.384 7 INFO neutron.db.ovn_revision_numbers_db [None req-e32728e8-a4f9-4227-b0cc-5b2ce045ca20 6200886fd1d84b18952cf1993f9e46aa 1f5dce6b18f6448ba48a5fd7bfb160e8 - - default default] Successfully bumped revision number for resource 24f57ea7-aae0-44cd-8a2d-d0eed4a5323e (type: security_group_rules) to 0
2026-07-16 03:52:53.395 7 INFO neutron.db.ovn_revision_numbers_db [None req-e32728e8-a4f9-4227-b0cc-5b2ce045ca20 6200886fd1d84b18952cf1993f9e46aa 1f5dce6b18f6448ba48a5fd7bfb160e8 - - default default] Successfully bumped revision number for resource 3251f118-3cee-49a7-acc3-8f76fe3b9390 (type: security_group_rules) to 0
2026-07-16 03:52:53.406 7 INFO neutron.db.ovn_revision_numbers_db [None req-e32728e8-a4f9-4227-b0cc-5b2ce045ca20 6200886fd1d84b18952cf1993f9e46aa 1f5dce6b18f6448ba48a5fd7bfb160e8 - - default default] Successfully bumped revision number for resource dcf39473-22e1-460d-b865-afc79bc8d126 (type: security_group_rules) to 0 [pid: 7|app: 0|req: 717/1591] 10.0.0.34 () {32 vars in 773 bytes} [Thu Jul 16 03:52:53 2026] GET /v2.0/security-groups?tenant_id=263318114de24c42808dc11bf9ea0e05&name=default => generated 2925 bytes in 334 msecs (HTTP/1.1 200) 4 headers in 158 bytes (1 switches on core 0) [pid: 7|app: 0|req: 718/1592] 10.0.0.34 () {32 vars in 739 bytes} [Thu Jul 16 03:52:53 2026] DELETE /v2.0/security-groups/e4868916-d6eb-476b-9818-f67272b477fb => generated 0 bytes in 255 msecs (HTTP/1.1 204) 2 headers in 112 bytes (1 switches on core 0)
2026-07-16 03:52:53.778 8 INFO neutron.plugins.ml2.drivers.ovn.mech_driver.ovsdb.commands [None req-1c149d30-eea6-42db-820b-306e8c9b94ff - - - - - -] Schedule LRP lrp-29c67fd8-9873-486c-a111-acfab537ee0e on gateway 97f27acd-49f9-4251-ad3c-7551a583c1c8 with priority 1
2026-07-16 03:52:53.826 8 INFO neutron.plugins.ml2.drivers.ovn.mech_driver.ovsdb.ovsdb_monitor [None req-d88176b0-75d8-42ec-a90a-cb417bb8842e - - - - - -] Router bc78975d-93bc-434c-9394-4a3bcaeeb635 is bound to host instance
2026-07-16 03:52:53.838 8 INFO neutron.plugins.ml2.drivers.ovn.mech_driver.mech_driver [None req-c0a3c5af-904a-4b41-99bb-c1302f0e543e - - - - - -] OVN reports status up for port: 29c67fd8-9873-486c-a111-acfab537ee0e
2026-07-16 03:52:53.907 8 INFO neutron.plugins.ml2.plugin [None req-c0a3c5af-904a-4b41-99bb-c1302f0e543e - - - - - -] Attempt 1 to provision port 29c67fd8-9873-486c-a111-acfab537ee0e
2026-07-16 03:52:53.956 8 INFO neutron.db.ovn_revision_numbers_db [None req-7a92d5fe-5499-4049-b25b-c5c3a7085ac0 899343975de642f9916369829bb71677 f832e2eb6ac8481693ced6be3c6922bc - - default default] Successfully bumped revision number for resource 29c67fd8-9873-486c-a111-acfab537ee0e (type: router_ports) to 1 [pid: 7|app: 0|req: 719/1593] 10.0.0.78 () {28 vars in 584 bytes} [Thu Jul 16 03:52:53 2026] GET /v2.0/networks => generated 3033 bytes in 353 msecs (HTTP/1.1 200) 4 headers in 158 bytes (1 switches on core 0) [pid: 7|app: 0|req: 722/1596] 10.0.0.78 () {28 vars in 590 bytes} [Thu Jul 16 03:52:54 2026] GET /v2.0/floatingips => generated 19 bytes in 20 msecs (HTTP/1.1 200) 4 headers in 156 bytes (1 switches on core 0)
2026-07-16 03:52:54.161 8 INFO neutron.db.ovn_revision_numbers_db [None req-7a92d5fe-5499-4049-b25b-c5c3a7085ac0 899343975de642f9916369829bb71677 f832e2eb6ac8481693ced6be3c6922bc - - default default] Successfully bumped revision number for resource bc78975d-93bc-434c-9394-4a3bcaeeb635 (type: routers) to 2 [pid: 7|app: 0|req: 723/1597] 10.0.0.78 () {28 vars in 598 bytes} [Thu Jul 16 03:52:54 2026] GET /v2.0/security-groups => generated 20301 bytes in 40 msecs (HTTP/1.1 200) 4 headers in 159 bytes (1 switches on core 0) [pid: 8|app: 0|req: 875/1598] 10.0.0.34 () {34 vars in 668 bytes} [Thu Jul 16 03:52:52 2026] POST /v2.0/routers => generated 955 bytes in 1622 msecs (HTTP/1.1 201) 4 headers in 162 bytes (1 switches on core 0) [pid: 7|app: 0|req: 724/1599] 10.0.0.78 () {28 vars in 582 bytes} [Thu Jul 16 03:52:54 2026] GET /v2.0/routers => generated 976 bytes in 79 msecs (HTTP/1.1 200) 4 headers in 157 bytes (1 switches on core 0) [pid: 7|app: 0|req: 725/1600] 10.0.0.78 () {28 vars in 623 bytes} [Thu Jul 16 03:52:54 2026] GET /v2.0/agents?binary=ovn-controller => generated 416 bytes in 11 msecs (HTTP/1.1 200) 4 headers in 157 bytes (1 switches on core 0) [pid: 7|app: 0|req: 726/1601] 10.0.0.78 () {28 vars in 580 bytes} [Thu Jul 16 03:52:54 2026] GET /v2.0/agents => generated 1214 bytes in 10 msecs (HTTP/1.1 200) 4 headers in 158 bytes (1 switches on core 0) [pid: 7|app: 0|req: 727/1602] 10.0.0.78 () {28 vars in 618 bytes} [Thu Jul 16 03:52:54 2026] GET /v2.0/network-ip-availabilities => generated 1372 bytes in 14 msecs (HTTP/1.1 200) 4 headers in 158 bytes (1 switches on core 0) [pid: 7|app: 0|req: 728/1603] 10.0.0.78 () {28 vars in 582 bytes} [Thu Jul 16 03:52:54 2026] GET /v2.0/subnets => generated 1308 bytes in 29 msecs (HTTP/1.1 200) 4 headers in 158 bytes (1 switches on core 0) [pid: 7|app: 0|req: 729/1604] 10.0.0.78 () {28 vars in 590 bytes} [Thu Jul 16 03:52:54 2026] GET /v2.0/subnetpools => generated 19 bytes in 19 msecs (HTTP/1.1 200) 4 headers in 156 bytes (1 switches on core 0) [pid: 7|app: 0|req: 730/1605] 10.0.0.78 () {28 vars in 582 bytes} [Thu Jul 16 03:52:54 2026] GET /v2.0/subnets => generated 1308 bytes in 28 msecs (HTTP/1.1 200) 4 headers in 158 bytes (1 switches on core 0) [pid: 8|app: 0|req: 876/1606] 10.0.0.34 () {32 vars in 775 bytes} [Thu Jul 16 03:52:54 2026] GET /v2.0/subnets?project_id=f832e2eb6ac8481693ced6be3c6922bc&cidr=10.100.0.0%2F28 => generated 14 bytes in 219 msecs (HTTP/1.1 200) 4 headers in 156 bytes (1 switches on core 0) [pid: 7|app: 0|req: 731/1607] 10.0.0.78 () {28 vars in 578 bytes} [Thu Jul 16 03:52:54 2026] GET /v2.0/ports => generated 7054 bytes in 75 msecs (HTTP/1.1 200) 4 headers in 158 bytes (1 switches on core 0) [pid: 8|app: 0|req: 877/1608] 10.0.0.34 () {32 vars in 693 bytes} [Thu Jul 16 03:52:54 2026] GET /v2.0/networks?router%3Aexternal=True => generated 791 bytes in 63 msecs (HTTP/1.1 200) 4 headers in 157 bytes (1 switches on core 0) [pid: 7|app: 0|req: 732/1609] 10.0.0.34 () {32 vars in 783 bytes} [Thu Jul 16 03:52:54 2026] GET /v2.0/subnets?network_id=0a8cbe86-9b56-48c1-9926-571613fb178c&cidr=10.100.0.0%2F28 => generated 14 bytes in 34 msecs (HTTP/1.1 200) 4 headers in 156 bytes (1 switches on core 0)
2026-07-16 03:52:54.872 8 WARNING neutron.scheduler.dhcp_agent_scheduler [None req-66c9a67f-cb9f-4aba-aaf2-aa59a1f60ea2 899343975de642f9916369829bb71677 f832e2eb6ac8481693ced6be3c6922bc - - default default] No more DHCP agents
2026-07-16 03:52:54.874 8 WARNING neutron.api.rpc.agentnotifiers.dhcp_rpc_agent_api [None req-66c9a67f-cb9f-4aba-aaf2-aa59a1f60ea2 899343975de642f9916369829bb71677 f832e2eb6ac8481693ced6be3c6922bc - - default default] Unable to schedule network 4ac39d7d-956a-4597-99ac-5388759e9a7b: no agents available; will retry on subsequent port and subnet creation events.
2026-07-16 03:52:55.238 8 INFO neutron.db.ovn_revision_numbers_db [None req-4d2164e6-652f-4078-9896-fe31858f5bfe - - - - - -] Successfully bumped revision number for resource 29c67fd8-9873-486c-a111-acfab537ee0e (type: ports) to 4
2026-07-16 03:52:55.284 7 INFO neutron.db.ovn_revision_numbers_db [None req-338dc5b3-f3f3-4be4-bab4-9579e1fbef1e 6200886fd1d84b18952cf1993f9e46aa 1f5dce6b18f6448ba48a5fd7bfb160e8 - - default default] Successfully bumped revision number for resource 4b457220-c3dd-4284-8ea9-ee5703d0f301 (type: security_groups) to 1
2026-07-16 03:52:55.295 7 INFO neutron.db.ovn_revision_numbers_db [None req-338dc5b3-f3f3-4be4-bab4-9579e1fbef1e 6200886fd1d84b18952cf1993f9e46aa 1f5dce6b18f6448ba48a5fd7bfb160e8 - - default default] Successfully bumped revision number for resource 62fbe9e8-ae74-41ef-b4e0-2a7722ce10d0 (type: security_group_rules) to 0
2026-07-16 03:52:55.308 7 INFO neutron.db.ovn_revision_numbers_db [None req-338dc5b3-f3f3-4be4-bab4-9579e1fbef1e 6200886fd1d84b18952cf1993f9e46aa 1f5dce6b18f6448ba48a5fd7bfb160e8 - - default default] Successfully bumped revision number for resource 8af96ec5-0f84-499a-8768-81da6e287fa2 (type: security_group_rules) to 0
2026-07-16 03:52:55.322 7 INFO neutron.db.ovn_revision_numbers_db [None req-338dc5b3-f3f3-4be4-bab4-9579e1fbef1e 6200886fd1d84b18952cf1993f9e46aa 1f5dce6b18f6448ba48a5fd7bfb160e8 - - default default] Successfully bumped revision number for resource db7673ea-94c7-4d23-9314-d8b79ab22812 (type: security_group_rules) to 0
2026-07-16 03:52:55.334 7 INFO neutron.db.ovn_revision_numbers_db [None req-338dc5b3-f3f3-4be4-bab4-9579e1fbef1e 6200886fd1d84b18952cf1993f9e46aa 1f5dce6b18f6448ba48a5fd7bfb160e8 - - default default] Successfully bumped revision number for resource f426a6cc-c0d5-40d0-8c19-271f84b64057 (type: security_group_rules) to 0
2026-07-16 03:52:55.410 7 INFO neutron.db.segments_db [None req-338dc5b3-f3f3-4be4-bab4-9579e1fbef1e 6200886fd1d84b18952cf1993f9e46aa 1f5dce6b18f6448ba48a5fd7bfb160e8 - - default default] Added segment ba61591c-14aa-4386-9a43-88047ec2716c of type geneve for network a65cf457-99c4-4b4b-8167-7448ddd9131c
2026-07-16 03:52:55.525 7 INFO neutron.db.ovn_revision_numbers_db [None req-338dc5b3-f3f3-4be4-bab4-9579e1fbef1e 6200886fd1d84b18952cf1993f9e46aa 1f5dce6b18f6448ba48a5fd7bfb160e8 - - default default] Successfully bumped revision number for resource a65cf457-99c4-4b4b-8167-7448ddd9131c (type: networks) to 1
2026-07-16 03:52:55.675 7 WARNING neutron.scheduler.dhcp_agent_scheduler [None req-338dc5b3-f3f3-4be4-bab4-9579e1fbef1e 6200886fd1d84b18952cf1993f9e46aa 1f5dce6b18f6448ba48a5fd7bfb160e8 - - default default] No more DHCP agents
2026-07-16 03:52:55.677 7 WARNING neutron.api.rpc.agentnotifiers.dhcp_rpc_agent_api [None req-338dc5b3-f3f3-4be4-bab4-9579e1fbef1e 6200886fd1d84b18952cf1993f9e46aa 1f5dce6b18f6448ba48a5fd7bfb160e8 - - default default] Unable to schedule network a65cf457-99c4-4b4b-8167-7448ddd9131c: no agents available; will retry on subsequent port and subnet creation events.
2026-07-16 03:52:55.688 8 INFO neutron.db.ovn_revision_numbers_db [None req-baf2d75a-fa5a-4958-95b0-6bc2a3dd30c8 - - - - - -] Successfully bumped revision number for resource df1173b6-73cc-4aa0-ac94-adfda949c93f (type: ports) to 2
2026-07-16 03:52:55.723 7 INFO neutron.plugins.ml2.drivers.ovn.mech_driver.mech_driver [None req-290c3eb0-fdfd-45e1-9611-2f7e2f50b3e4 - - - - - -] OVN reports status down for port: 317847ef-992c-4566-89ff-0479afb0b95b
2026-07-16 03:52:55.767 8 INFO neutron.db.ovn_revision_numbers_db [None req-baf2d75a-fa5a-4958-95b0-6bc2a3dd30c8 - - - - - -] Successfully bumped revision number for resource 6bba8f11-a4b8-4a06-b14e-2a43bd12baf5 (type: subnets) to 0
2026-07-16 03:52:55.782 7 INFO neutron.db.ovn_revision_numbers_db [None req-338dc5b3-f3f3-4be4-bab4-9579e1fbef1e 6200886fd1d84b18952cf1993f9e46aa 1f5dce6b18f6448ba48a5fd7bfb160e8 - - default default] Successfully bumped revision number for resource 317847ef-992c-4566-89ff-0479afb0b95b (type: ports) to 1
2026-07-16 03:52:55.788 8 INFO neutron.db.ovn_revision_numbers_db [None req-4d2164e6-652f-4078-9896-fe31858f5bfe - - - - - -] Successfully bumped revision number for resource 29c67fd8-9873-486c-a111-acfab537ee0e (type: ports) to 5 [pid: 8|app: 0|req: 878/1610] 10.0.0.34 () {34 vars in 668 bytes} [Thu Jul 16 03:52:54 2026] POST /v2.0/subnets => generated 656 bytes in 1255 msecs (HTTP/1.1 201) 4 headers in 162 bytes (1 switches on core 0) [pid: 7|app: 0|req: 733/1611] 10.0.0.34 () {34 vars in 670 bytes} [Thu Jul 16 03:52:54 2026] POST /v2.0/networks => generated 782 bytes in 1013 msecs (HTTP/1.1 201) 4 headers in 162 bytes (1 switches on core 0)
2026-07-16 03:52:56.166 8 INFO neutron.db.ovn_revision_numbers_db [None req-35b6e1fd-a24e-48a4-b5cb-39e89863e85e ea0174f3d68e492f9e6a39a92a2c2de5 0a51d4b7560b4eb093ad9f031071ebde - - default default] Successfully bumped revision number for resource c1c4a2b5-0193-4e0f-bb64-b6dabad51536 (type: security_groups) to 1
2026-07-16 03:52:56.179 8 INFO neutron.db.ovn_revision_numbers_db [None req-35b6e1fd-a24e-48a4-b5cb-39e89863e85e ea0174f3d68e492f9e6a39a92a2c2de5 0a51d4b7560b4eb093ad9f031071ebde - - default default] Successfully bumped revision number for resource 58055284-5cac-4bc2-84ea-2dbc90e68fd9 (type: security_group_rules) to 0
2026-07-16 03:52:56.197 8 INFO neutron.db.ovn_revision_numbers_db [None req-35b6e1fd-a24e-48a4-b5cb-39e89863e85e ea0174f3d68e492f9e6a39a92a2c2de5 0a51d4b7560b4eb093ad9f031071ebde - - default default] Successfully bumped revision number for resource 86a50bfa-fbd4-4b1d-a349-511854491b46 (type: security_group_rules) to 0
2026-07-16 03:52:56.218 8 INFO neutron.db.ovn_revision_numbers_db [None req-35b6e1fd-a24e-48a4-b5cb-39e89863e85e ea0174f3d68e492f9e6a39a92a2c2de5 0a51d4b7560b4eb093ad9f031071ebde - - default default] Successfully bumped revision number for resource cf56ef58-456a-4df4-8212-18c7ea9435a8 (type: security_group_rules) to 0
2026-07-16 03:52:56.231 8 INFO neutron.db.ovn_revision_numbers_db [None req-35b6e1fd-a24e-48a4-b5cb-39e89863e85e ea0174f3d68e492f9e6a39a92a2c2de5 0a51d4b7560b4eb093ad9f031071ebde - - default default] Successfully bumped revision number for resource f6660e64-848e-4929-8067-8e9d7215ff15 (type: security_group_rules) to 0
2026-07-16 03:52:56.298 8 INFO neutron.db.segments_db [None req-35b6e1fd-a24e-48a4-b5cb-39e89863e85e ea0174f3d68e492f9e6a39a92a2c2de5 0a51d4b7560b4eb093ad9f031071ebde - - default default] Added segment 9abfb2d4-dfaf-4101-8894-1770cbb03b79 of type geneve for network 7d81e576-06c5-4834-a723-a36e807d758f
2026-07-16 03:52:56.379 8 INFO neutron.db.ovn_revision_numbers_db [None req-35b6e1fd-a24e-48a4-b5cb-39e89863e85e ea0174f3d68e492f9e6a39a92a2c2de5 0a51d4b7560b4eb093ad9f031071ebde - - default default] Successfully bumped revision number for resource 7d81e576-06c5-4834-a723-a36e807d758f (type: networks) to 1
2026-07-16 03:52:56.406 7 WARNING neutron.scheduler.dhcp_agent_scheduler [None req-c6272d7c-2ba8-46e1-a2d1-c1cdd8d7d2fc 899343975de642f9916369829bb71677 f832e2eb6ac8481693ced6be3c6922bc - - default default] No more DHCP agents
2026-07-16 03:52:56.407 7 WARNING neutron.api.rpc.agentnotifiers.dhcp_rpc_agent_api [None req-c6272d7c-2ba8-46e1-a2d1-c1cdd8d7d2fc 899343975de642f9916369829bb71677 f832e2eb6ac8481693ced6be3c6922bc - - default default] Unable to schedule network 4ac39d7d-956a-4597-99ac-5388759e9a7b: no agents available; will retry on subsequent port and subnet creation events.
2026-07-16 03:52:56.514 8 INFO neutron.plugins.ml2.drivers.ovn.mech_driver.mech_driver [None req-c0a3c5af-904a-4b41-99bb-c1302f0e543e - - - - - -] OVN reports status down for port: 1b3b7a71-41e8-4063-8e3e-70d51b69274b
2026-07-16 03:52:56.532 7 INFO neutron.db.ovn_revision_numbers_db [None req-c6272d7c-2ba8-46e1-a2d1-c1cdd8d7d2fc 899343975de642f9916369829bb71677 f832e2eb6ac8481693ced6be3c6922bc - - default default] Successfully bumped revision number for resource 1b3b7a71-41e8-4063-8e3e-70d51b69274b (type: ports) to 1
2026-07-16 03:52:56.591 8 WARNING neutron.scheduler.dhcp_agent_scheduler [None req-35b6e1fd-a24e-48a4-b5cb-39e89863e85e ea0174f3d68e492f9e6a39a92a2c2de5 0a51d4b7560b4eb093ad9f031071ebde - - default default] No more DHCP agents
2026-07-16 03:52:56.596 8 WARNING neutron.api.rpc.agentnotifiers.dhcp_rpc_agent_api [None req-35b6e1fd-a24e-48a4-b5cb-39e89863e85e ea0174f3d68e492f9e6a39a92a2c2de5 0a51d4b7560b4eb093ad9f031071ebde - - default default] Unable to schedule network 7d81e576-06c5-4834-a723-a36e807d758f: no agents available; will retry on subsequent port and subnet creation events.
2026-07-16 03:52:56.655 7 INFO neutron.plugins.ml2.drivers.ovn.mech_driver.mech_driver [None req-290c3eb0-fdfd-45e1-9611-2f7e2f50b3e4 - - - - - -] OVN reports status down for port: 04554528-cd5f-407c-b2b1-8420fe6eee75
2026-07-16 03:52:56.678 8 INFO neutron.db.ovn_revision_numbers_db [None req-35b6e1fd-a24e-48a4-b5cb-39e89863e85e ea0174f3d68e492f9e6a39a92a2c2de5 0a51d4b7560b4eb093ad9f031071ebde - - default default] Successfully bumped revision number for resource 04554528-cd5f-407c-b2b1-8420fe6eee75 (type: ports) to 1 [pid: 8|app: 0|req: 879/1612] 10.0.0.34 () {34 vars in 669 bytes} [Thu Jul 16 03:52:55 2026] POST /v2.0/networks => generated 681 bytes in 903 msecs (HTTP/1.1 201) 4 headers in 162 bytes (1 switches on core 0)
2026-07-16 03:52:56.817 8 WARNING neutron.scheduler.dhcp_agent_scheduler [None req-bcf3d5af-6713-47b2-ac87-4f15350a96fa 6200886fd1d84b18952cf1993f9e46aa 1f5dce6b18f6448ba48a5fd7bfb160e8 - - default default] No more DHCP agents
2026-07-16 03:52:56.818 8 WARNING neutron.api.rpc.agentnotifiers.dhcp_rpc_agent_api [None req-bcf3d5af-6713-47b2-ac87-4f15350a96fa 6200886fd1d84b18952cf1993f9e46aa 1f5dce6b18f6448ba48a5fd7bfb160e8 - - default default] Unable to schedule network a65cf457-99c4-4b4b-8167-7448ddd9131c: no agents available; will retry on subsequent port and subnet creation events.
2026-07-16 03:52:57.229 8 INFO neutron.db.ovn_revision_numbers_db [None req-4d87d348-520d-4ea8-920b-52be88b9d177 - - - - - -] Successfully bumped revision number for resource 317847ef-992c-4566-89ff-0479afb0b95b (type: ports) to 2
2026-07-16 03:52:57.274 8 INFO neutron.db.ovn_revision_numbers_db [None req-4d87d348-520d-4ea8-920b-52be88b9d177 - - - - - -] Successfully bumped revision number for resource a23247a1-cb3f-4fff-96ee-18b3f6c16824 (type: subnets) to 0 [pid: 8|app: 0|req: 880/1613] 10.0.0.34 () {34 vars in 668 bytes} [Thu Jul 16 03:52:56 2026] POST /v2.0/subnets => generated 688 bytes in 594 msecs (HTTP/1.1 201) 4 headers in 162 bytes (1 switches on core 0)
2026-07-16 03:52:57.470 8 INFO neutron.db.ovn_revision_numbers_db [None req-71d630e7-b935-4921-a0a7-694f1b07dda1 6200886fd1d84b18952cf1993f9e46aa 1f5dce6b18f6448ba48a5fd7bfb160e8 - - default default] Successfully bumped revision number for resource 887dcdd8-3c6a-4b10-851d-31d9372cff08 (type: security_groups) to 1
2026-07-16 03:52:57.479 8 INFO neutron.db.ovn_revision_numbers_db [None req-71d630e7-b935-4921-a0a7-694f1b07dda1 6200886fd1d84b18952cf1993f9e46aa 1f5dce6b18f6448ba48a5fd7bfb160e8 - - default default] Successfully bumped revision number for resource 39026c0d-f0e8-435b-a9cc-507b9b799508 (type: security_group_rules) to 0
2026-07-16 03:52:57.488 8 INFO neutron.db.ovn_revision_numbers_db [None req-71d630e7-b935-4921-a0a7-694f1b07dda1 6200886fd1d84b18952cf1993f9e46aa 1f5dce6b18f6448ba48a5fd7bfb160e8 - - default default] Successfully bumped revision number for resource 54a3512e-8688-4395-bc57-e98cb43feaa8 (type: security_group_rules) to 0
2026-07-16 03:52:57.501 8 INFO neutron.db.ovn_revision_numbers_db [None req-71d630e7-b935-4921-a0a7-694f1b07dda1 6200886fd1d84b18952cf1993f9e46aa 1f5dce6b18f6448ba48a5fd7bfb160e8 - - default default] Successfully bumped revision number for resource 64654afc-c816-41fb-86c3-f8b5db63a9f1 (type: security_group_rules) to 0
2026-07-16 03:52:57.513 8 INFO neutron.db.ovn_revision_numbers_db [None req-71d630e7-b935-4921-a0a7-694f1b07dda1 6200886fd1d84b18952cf1993f9e46aa 1f5dce6b18f6448ba48a5fd7bfb160e8 - - default default] Successfully bumped revision number for resource ac153321-1d11-4dbd-8068-46c82cc7ce0b (type: security_group_rules) to 0 [pid: 8|app: 0|req: 881/1614] 10.0.0.34 () {32 vars in 773 bytes} [Thu Jul 16 03:52:57 2026] GET /v2.0/security-groups?tenant_id=5e7e19086bf841eb8269462a13bc160d&name=default => generated 2925 bytes in 256 msecs (HTTP/1.1 200) 4 headers in 158 bytes (1 switches on core 0)
2026-07-16 03:52:57.721 8 INFO neutron.plugins.ml2.drivers.ovn.mech_driver.mech_driver [None req-c0a3c5af-904a-4b41-99bb-c1302f0e543e - - - - - -] OVN reports status up for port: 1b3b7a71-41e8-4063-8e3e-70d51b69274b
2026-07-16 03:52:57.729 8 WARNING neutron.scheduler.dhcp_agent_scheduler [None req-d47135d9-170c-4d36-89e2-3b10a55f33d6 ea0174f3d68e492f9e6a39a92a2c2de5 0a51d4b7560b4eb093ad9f031071ebde - - default default] No more DHCP agents
2026-07-16 03:52:57.731 8 WARNING neutron.api.rpc.agentnotifiers.dhcp_rpc_agent_api [None req-d47135d9-170c-4d36-89e2-3b10a55f33d6 ea0174f3d68e492f9e6a39a92a2c2de5 0a51d4b7560b4eb093ad9f031071ebde - - default default] Unable to schedule network 7d81e576-06c5-4834-a723-a36e807d758f: no agents available; will retry on subsequent port and subnet creation events.
2026-07-16 03:52:57.744 8 INFO neutron.plugins.ml2.plugin [None req-c0a3c5af-904a-4b41-99bb-c1302f0e543e - - - - - -] Attempt 1 to provision port 1b3b7a71-41e8-4063-8e3e-70d51b69274b
2026-07-16 03:52:57.793 7 WARNING neutron.scheduler.dhcp_agent_scheduler [None req-c6272d7c-2ba8-46e1-a2d1-c1cdd8d7d2fc 899343975de642f9916369829bb71677 f832e2eb6ac8481693ced6be3c6922bc - - default default] No more DHCP agents
2026-07-16 03:52:57.794 7 WARNING neutron.api.rpc.agentnotifiers.dhcp_rpc_agent_api [None req-c6272d7c-2ba8-46e1-a2d1-c1cdd8d7d2fc 899343975de642f9916369829bb71677 f832e2eb6ac8481693ced6be3c6922bc - - default default] Unable to schedule network 4ac39d7d-956a-4597-99ac-5388759e9a7b: no agents available; will retry on subsequent port and subnet creation events.
2026-07-16 03:52:58.143 7 INFO neutron.db.ovn_revision_numbers_db [None req-c6272d7c-2ba8-46e1-a2d1-c1cdd8d7d2fc 899343975de642f9916369829bb71677 f832e2eb6ac8481693ced6be3c6922bc - - default default] Successfully bumped revision number for resource 1b3b7a71-41e8-4063-8e3e-70d51b69274b (type: router_ports) to 1 [pid: 7|app: 0|req: 734/1615] 10.0.0.34 () {34 vars in 782 bytes} [Thu Jul 16 03:52:55 2026] PUT /v2.0/routers/bc78975d-93bc-434c-9394-4a3bcaeeb635/add_router_interface => generated 309 bytes in 2301 msecs (HTTP/1.1 200) 4 headers in 157 bytes (1 switches on core 0)
2026-07-16 03:52:58.473 7 WARNING neutron.scheduler.dhcp_agent_scheduler [None req-6af66d70-0934-44d4-b23e-b9a4ad6b4e0a 6200886fd1d84b18952cf1993f9e46aa 1f5dce6b18f6448ba48a5fd7bfb160e8 - - default default] No more DHCP agents
2026-07-16 03:52:58.475 7 WARNING neutron.api.rpc.agentnotifiers.dhcp_rpc_agent_api [None req-6af66d70-0934-44d4-b23e-b9a4ad6b4e0a 6200886fd1d84b18952cf1993f9e46aa 1f5dce6b18f6448ba48a5fd7bfb160e8 - - default default] Unable to schedule network 0a8cbe86-9b56-48c1-9926-571613fb178c: no agents available; will retry on subsequent port and subnet creation events.
2026-07-16 03:52:58.542 8 INFO neutron.db.ovn_revision_numbers_db [None req-c0a3c5af-904a-4b41-99bb-c1302f0e543e - - - - - -] Successfully bumped revision number for resource 1b3b7a71-41e8-4063-8e3e-70d51b69274b (type: ports) to 2
2026-07-16 03:52:58.545 8 INFO neutron.db.ovn_revision_numbers_db [None req-feabb4f4-9a81-4e30-8fbe-2c4b975ba00b - - - - - -] Successfully bumped revision number for resource 04554528-cd5f-407c-b2b1-8420fe6eee75 (type: ports) to 2
2026-07-16 03:52:58.600 7 INFO neutron.db.ovn_revision_numbers_db [None req-6af66d70-0934-44d4-b23e-b9a4ad6b4e0a 6200886fd1d84b18952cf1993f9e46aa 1f5dce6b18f6448ba48a5fd7bfb160e8 - - default default] Successfully bumped revision number for resource 1b22ac68-01b0-4c12-9f6f-27532cb24196 (type: ports) to 1
2026-07-16 03:52:58.618 8 INFO neutron.db.ovn_revision_numbers_db [None req-feabb4f4-9a81-4e30-8fbe-2c4b975ba00b - - - - - -] Successfully bumped revision number for resource b7a3002d-d87c-4fc8-82ce-f9f1bbab6d61 (type: subnets) to 0 [pid: 8|app: 0|req: 882/1616] 10.0.0.34 () {34 vars in 668 bytes} [Thu Jul 16 03:52:57 2026] POST /v2.0/subnets => generated 641 bytes in 1094 msecs (HTTP/1.1 201) 4 headers in 162 bytes (1 switches on core 0) [pid: 8|app: 0|req: 883/1617] 10.0.0.34 () {32 vars in 739 bytes} [Thu Jul 16 03:52:58 2026] DELETE /v2.0/security-groups/887dcdd8-3c6a-4b10-851d-31d9372cff08 => generated 0 bytes in 212 msecs (HTTP/1.1 204) 2 headers in 112 bytes (1 switches on core 0) [pid: 8|app: 0|req: 884/1618] 10.0.0.34 () {32 vars in 648 bytes} [Thu Jul 16 03:52:58 2026] GET /v2.0/networks => generated 4661 bytes in 65 msecs (HTTP/1.1 200) 4 headers in 158 bytes (1 switches on core 0)
2026-07-16 03:52:59.010 8 INFO neutron.db.segments_db [None req-5af10af3-bb9f-482c-96ec-569ab9d61f1c ea0174f3d68e492f9e6a39a92a2c2de5 0a51d4b7560b4eb093ad9f031071ebde - - default default] Added segment 2090fb73-9e23-4997-9a08-da4571c94dcd of type geneve for network cea7e819-531f-4cf3-85cc-7932da98774d
2026-07-16 03:52:59.099 8 INFO neutron.db.ovn_revision_numbers_db [None req-5af10af3-bb9f-482c-96ec-569ab9d61f1c ea0174f3d68e492f9e6a39a92a2c2de5 0a51d4b7560b4eb093ad9f031071ebde - - default default] Successfully bumped revision number for resource cea7e819-531f-4cf3-85cc-7932da98774d (type: networks) to 1
2026-07-16 03:52:59.171 7 INFO neutron.plugins.ml2.drivers.ovn.mech_driver.ovsdb.commands [None req-1ba62ba5-fb9f-421d-b73a-ad193bc393d1 - - - - - -] Schedule LRP lrp-1b22ac68-01b0-4c12-9f6f-27532cb24196 on gateway 97f27acd-49f9-4251-ad3c-7551a583c1c8 with priority 1
2026-07-16 03:52:59.196 7 INFO neutron.plugins.ml2.drivers.ovn.mech_driver.ovsdb.ovsdb_monitor [None req-72796ed2-ca5d-4920-bf0d-b6aac8567ece - - - - - -] Router f5a96622-7cf4-47b8-971e-9596f3c95840 is bound to host instance
2026-07-16 03:52:59.247 7 INFO neutron.db.ovn_revision_numbers_db [None req-6af66d70-0934-44d4-b23e-b9a4ad6b4e0a 6200886fd1d84b18952cf1993f9e46aa 1f5dce6b18f6448ba48a5fd7bfb160e8 - - default default] Successfully bumped revision number for resource 1b22ac68-01b0-4c12-9f6f-27532cb24196 (type: router_ports) to 1
2026-07-16 03:52:59.281 8 WARNING neutron.scheduler.dhcp_agent_scheduler [None req-5af10af3-bb9f-482c-96ec-569ab9d61f1c ea0174f3d68e492f9e6a39a92a2c2de5 0a51d4b7560b4eb093ad9f031071ebde - - default default] No more DHCP agents
2026-07-16 03:52:59.282 8 WARNING neutron.api.rpc.agentnotifiers.dhcp_rpc_agent_api [None req-5af10af3-bb9f-482c-96ec-569ab9d61f1c ea0174f3d68e492f9e6a39a92a2c2de5 0a51d4b7560b4eb093ad9f031071ebde - - default default] Unable to schedule network cea7e819-531f-4cf3-85cc-7932da98774d: no agents available; will retry on subsequent port and subnet creation events.
2026-07-16 03:52:59.343 8 INFO neutron.db.ovn_revision_numbers_db [None req-5af10af3-bb9f-482c-96ec-569ab9d61f1c ea0174f3d68e492f9e6a39a92a2c2de5 0a51d4b7560b4eb093ad9f031071ebde - - default default] Successfully bumped revision number for resource 15cb7b00-4e0f-4b9b-a374-ca315435380c (type: ports) to 1 [pid: 8|app: 0|req: 885/1619] 10.0.0.34 () {34 vars in 669 bytes} [Thu Jul 16 03:52:58 2026] POST /v2.0/networks => generated 681 bytes in 439 msecs (HTTP/1.1 201) 4 headers in 162 bytes (1 switches on core 0)
2026-07-16 03:52:59.379 7 INFO neutron.db.ovn_revision_numbers_db [None req-6af66d70-0934-44d4-b23e-b9a4ad6b4e0a 6200886fd1d84b18952cf1993f9e46aa 1f5dce6b18f6448ba48a5fd7bfb160e8 - - default default] Successfully bumped revision number for resource f5a96622-7cf4-47b8-971e-9596f3c95840 (type: routers) to 2 [pid: 8|app: 0|req: 886/1620] 10.0.0.34 () {32 vars in 646 bytes} [Thu Jul 16 03:52:59 2026] GET /v2.0/subnets => generated 3299 bytes in 36 msecs (HTTP/1.1 200) 4 headers in 158 bytes (1 switches on core 0) [pid: 7|app: 0|req: 735/1621] 10.0.0.34 () {34 vars in 668 bytes} [Thu Jul 16 03:52:58 2026] POST /v2.0/routers => generated 966 bytes in 1263 msecs (HTTP/1.1 201) 4 headers in 162 bytes (1 switches on core 0)
2026-07-16 03:52:59.510 8 INFO neutron.db.ovn_revision_numbers_db [None req-a6912028-01be-4d85-9822-d2c374b5649b 6200886fd1d84b18952cf1993f9e46aa 1f5dce6b18f6448ba48a5fd7bfb160e8 - - default default] Successfully bumped revision number for resource 2c1608ab-2d05-4bf2-8189-c31670589193 (type: security_groups) to 1
2026-07-16 03:52:59.520 8 INFO neutron.db.ovn_revision_numbers_db [None req-a6912028-01be-4d85-9822-d2c374b5649b 6200886fd1d84b18952cf1993f9e46aa 1f5dce6b18f6448ba48a5fd7bfb160e8 - - default default] Successfully bumped revision number for resource 29472713-9521-4d0e-b714-38f09e295418 (type: security_group_rules) to 0
2026-07-16 03:52:59.532 8 INFO neutron.db.ovn_revision_numbers_db [None req-a6912028-01be-4d85-9822-d2c374b5649b 6200886fd1d84b18952cf1993f9e46aa 1f5dce6b18f6448ba48a5fd7bfb160e8 - - default default] Successfully bumped revision number for resource 48010d71-4c63-4323-9fbd-2574796114a6 (type: security_group_rules) to 0
2026-07-16 03:52:59.548 8 INFO neutron.db.ovn_revision_numbers_db [None req-a6912028-01be-4d85-9822-d2c374b5649b 6200886fd1d84b18952cf1993f9e46aa 1f5dce6b18f6448ba48a5fd7bfb160e8 - - default default] Successfully bumped revision number for resource aff998ac-b7b9-45e3-b867-203d778ee7a0 (type: security_group_rules) to 0
2026-07-16 03:52:59.559 8 INFO neutron.db.ovn_revision_numbers_db [None req-a6912028-01be-4d85-9822-d2c374b5649b 6200886fd1d84b18952cf1993f9e46aa 1f5dce6b18f6448ba48a5fd7bfb160e8 - - default default] Successfully bumped revision number for resource e6cad2db-00cb-49d6-a122-ae1419f41df6 (type: security_group_rules) to 0 [pid: 8|app: 0|req: 887/1622] 10.0.0.34 () {32 vars in 773 bytes} [Thu Jul 16 03:52:59 2026] GET /v2.0/security-groups?tenant_id=69fea41677a6473180d59a03240ea5ae&name=default => generated 2925 bytes in 193 msecs (HTTP/1.1 200) 4 headers in 158 bytes (1 switches on core 0) [pid: 8|app: 0|req: 888/1623] 10.0.0.34 () {32 vars in 646 bytes} [Thu Jul 16 03:52:59 2026] GET /v2.0/routers => generated 1938 bytes in 74 msecs (HTTP/1.1 200) 4 headers in 158 bytes (1 switches on core 0)
2026-07-16 03:52:59.672 7 INFO neutron.db.ovn_revision_numbers_db [None req-17e71a9d-080b-4231-a060-eae118240069 ea0174f3d68e492f9e6a39a92a2c2de5 0a51d4b7560b4eb093ad9f031071ebde - - default default] Successfully bumped revision number for resource cea7e819-531f-4cf3-85cc-7932da98774d (type: networks) to 2 [pid: 7|app: 0|req: 736/1624] 10.0.0.34 () {34 vars in 742 bytes} [Thu Jul 16 03:52:59 2026] PUT /v2.0/networks/cea7e819-531f-4cf3-85cc-7932da98774d => generated 636 bytes in 267 msecs (HTTP/1.1 200) 4 headers in 157 bytes (1 switches on core 0) [pid: 7|app: 0|req: 737/1625] 10.0.0.34 () {32 vars in 739 bytes} [Thu Jul 16 03:52:59 2026] DELETE /v2.0/security-groups/2c1608ab-2d05-4bf2-8189-c31670589193 => generated 0 bytes in 371 msecs (HTTP/1.1 204) 2 headers in 112 bytes (1 switches on core 0)
2026-07-16 03:53:00.104 8 WARNING neutron.scheduler.dhcp_agent_scheduler [None req-ad0d7743-bc48-4271-8913-c41cf368f39b 6200886fd1d84b18952cf1993f9e46aa 1f5dce6b18f6448ba48a5fd7bfb160e8 - - default default] No more DHCP agents
2026-07-16 03:53:00.105 8 WARNING neutron.api.rpc.agentnotifiers.dhcp_rpc_agent_api [None req-ad0d7743-bc48-4271-8913-c41cf368f39b 6200886fd1d84b18952cf1993f9e46aa 1f5dce6b18f6448ba48a5fd7bfb160e8 - - default default] Unable to schedule network a65cf457-99c4-4b4b-8167-7448ddd9131c: no agents available; will retry on subsequent port and subnet creation events.
