2026-07-16 03:55:27.113 7 INFO neutron.services.segments.plugin [-] Client error retrieving segment 9cfd2606-b928-4419-b5ce-cbe536f99a70 resource provider; error: Placement Client Error (4xx): {"errors": [{"status": 404, "title": "Not Found", "detail": "The resource could not be found.\n\n No resource provider with uuid 9cfd2606-b928-4419-b5ce-cbe536f99a70 found for delete ", "request_id": "req-c31588d5-af18-4aef-bb04-aa22110c649c"}]}
2026-07-16 03:55:27.122 7 INFO neutron.services.segments.plugin [-] Client error retrieving segment 9cfd2606-b928-4419-b5ce-cbe536f99a70 resource provider; error: Placement Client Error (4xx): {"errors": [{"status": 404, "title": "Not Found", "detail": "The resource could not be found.\n\n No resource provider with uuid 9cfd2606-b928-4419-b5ce-cbe536f99a70 found for delete ", "request_id": "req-30ac230a-33c7-44c4-b171-ca706c3a9bb3"}]} [pid: 7|app: 0|req: 1308/2839] 10.0.0.34 () {32 vars in 725 bytes} [Thu Jul 16 03:55:26 2026] DELETE /v2.0/networks/82b83177-8c76-4a33-8921-76df316bd007 => generated 0 bytes in 409 msecs (HTTP/1.1 204) 3 headers in 131 bytes (1 switches on core 0)
2026-07-16 03:55:27.251 7 WARNING neutron.plugins.ml2.drivers.ovn.mech_driver.ovsdb.ovn_client [None req-779420d4-72db-4b1c-aac6-24674a354203 - - - - - -] No hosting information found for port 487368b0-d6ba-437e-83b4-f56f31f47955: RuntimeError: No hosting information found for port 487368b0-d6ba-437e-83b4-f56f31f47955
2026-07-16 03:55:27.251 7 INFO neutron.plugins.ml2.drivers.ovn.mech_driver.mech_driver [None req-779420d4-72db-4b1c-aac6-24674a354203 - - - - - -] OVN reports status down for port: 4d04b28a-1b2a-4542-8348-cc6fdad59fd3
2026-07-16 03:55:27.258 7 INFO neutron.plugins.ml2.drivers.ovn.mech_driver.mech_driver [None req-779420d4-72db-4b1c-aac6-24674a354203 - - - - - -] OVN reports status down for port: eaea67ce-3100-4293-906b-8860c48f9069
2026-07-16 03:55:27.328 7 WARNING neutron.plugins.ml2.drivers.ovn.mech_driver.ovsdb.ovn_client [None req-779420d4-72db-4b1c-aac6-24674a354203 - - - - - -] Logical_Switch_Port eaea67ce-3100-4293-906b-8860c48f9069 host information not removed, the port state is up
2026-07-16 03:55:27.407 7 INFO neutron.plugins.ml2.drivers.ovn.mech_driver.mech_driver [None req-779420d4-72db-4b1c-aac6-24674a354203 - - - - - -] OVN reports status up for port: eaea67ce-3100-4293-906b-8860c48f9069
2026-07-16 03:55:27.424 7 INFO neutron.plugins.ml2.plugin [None req-779420d4-72db-4b1c-aac6-24674a354203 - - - - - -] Attempt 1 to provision port eaea67ce-3100-4293-906b-8860c48f9069
2026-07-16 03:55:27.434 8 INFO neutron.db.ovn_revision_numbers_db [None req-5bbec3a3-65ce-44fa-874d-45173a23f936 1ebedfad2a75410d970d1d703723e54c 0775bb57587d4cf1b913f399412a9856 - - default default] Successfully bumped revision number for resource 875d7e20-4648-482c-828f-df8fc63819a5 (type: routers) to 6 [pid: 8|app: 0|req: 1532/2840] 10.0.0.34 () {34 vars in 706 bytes} [Thu Jul 16 03:55:26 2026] POST /v2.0/vpn/ipsec-site-connections => generated 843 bytes in 711 msecs (HTTP/1.1 201) 4 headers in 162 bytes (1 switches on core 0)
2026-07-16 03:55:27.595 7 INFO neutron.db.ovn_revision_numbers_db [None req-5209be06-3162-4394-a75f-3b601a4ab471 6200886fd1d84b18952cf1993f9e46aa 1f5dce6b18f6448ba48a5fd7bfb160e8 - - default default] Successfully bumped revision number for resource 16010ef5-f111-4243-a207-5b50fe696e9a (type: security_groups) to 1
2026-07-16 03:55:27.622 7 INFO neutron.db.ovn_revision_numbers_db [None req-5209be06-3162-4394-a75f-3b601a4ab471 6200886fd1d84b18952cf1993f9e46aa 1f5dce6b18f6448ba48a5fd7bfb160e8 - - default default] Successfully bumped revision number for resource 5b8df2e1-9b84-4588-a682-d02607a43f56 (type: security_group_rules) to 0
2026-07-16 03:55:27.639 7 INFO neutron.db.ovn_revision_numbers_db [None req-5209be06-3162-4394-a75f-3b601a4ab471 6200886fd1d84b18952cf1993f9e46aa 1f5dce6b18f6448ba48a5fd7bfb160e8 - - default default] Successfully bumped revision number for resource 6bfc8d98-18a9-4a1c-b205-203ce44d4f47 (type: security_group_rules) to 0
2026-07-16 03:55:27.657 7 INFO neutron.db.ovn_revision_numbers_db [None req-5209be06-3162-4394-a75f-3b601a4ab471 6200886fd1d84b18952cf1993f9e46aa 1f5dce6b18f6448ba48a5fd7bfb160e8 - - default default] Successfully bumped revision number for resource a73078ed-ba17-4653-bd54-a4d0145668b3 (type: security_group_rules) to 0
2026-07-16 03:55:27.680 7 INFO neutron.db.ovn_revision_numbers_db [None req-5209be06-3162-4394-a75f-3b601a4ab471 6200886fd1d84b18952cf1993f9e46aa 1f5dce6b18f6448ba48a5fd7bfb160e8 - - default default] Successfully bumped revision number for resource fff8bf62-4a4a-490c-8c0f-f8196436d440 (type: security_group_rules) to 0 [pid: 7|app: 0|req: 1309/2841] 10.0.0.34 () {32 vars in 773 bytes} [Thu Jul 16 03:55:27 2026] GET /v2.0/security-groups?tenant_id=53823ce821534d15a8a134e18f0809d8&name=default => generated 2929 bytes in 582 msecs (HTTP/1.1 200) 4 headers in 158 bytes (1 switches on core 0)
2026-07-16 03:55:27.987 8 INFO neutron.services.segments.plugin [-] Segment 880a3ed4-28c4-4c85-b6cc-1716d3d7838b resource provider aggregate not found
2026-07-16 03:55:27.990 8 INFO neutron.services.segments.plugin [-] Segment 880a3ed4-28c4-4c85-b6cc-1716d3d7838b resource provider aggregate not found [pid: 7|app: 0|req: 1310/2842] 10.0.0.34 () {32 vars in 773 bytes} [Thu Jul 16 03:55:27 2026] GET /v2.0/security-groups?tenant_id=bb991b048ba1482398205cd9e75b3f59&name=default => generated 2929 bytes in 250 msecs (HTTP/1.1 200) 4 headers in 158 bytes (1 switches on core 0)
2026-07-16 03:55:28.016 8 INFO neutron.services.segments.plugin [-] Client error retrieving segment 880a3ed4-28c4-4c85-b6cc-1716d3d7838b resource provider; error: Placement Client Error (4xx): {"errors": [{"status": 404, "title": "Not Found", "detail": "The resource could not be found.\n\n No resource provider with uuid 880a3ed4-28c4-4c85-b6cc-1716d3d7838b found for delete ", "request_id": "req-5e75d67e-ecb9-4b62-95ea-d7fb4345dda0"}]}
2026-07-16 03:55:28.019 8 INFO neutron.services.segments.plugin [-] Client error retrieving segment 880a3ed4-28c4-4c85-b6cc-1716d3d7838b resource provider; error: Placement Client Error (4xx): {"errors": [{"status": 404, "title": "Not Found", "detail": "The resource could not be found.\n\n No resource provider with uuid 880a3ed4-28c4-4c85-b6cc-1716d3d7838b found for delete ", "request_id": "req-7145f58a-c2eb-49d4-997b-e941530537c9"}]}
2026-07-16 03:55:28.060 7 INFO neutron.db.ovn_revision_numbers_db [None req-779420d4-72db-4b1c-aac6-24674a354203 - - - - - -] Successfully bumped revision number for resource eaea67ce-3100-4293-906b-8860c48f9069 (type: ports) to 2
2026-07-16 03:55:28.070 8 INFO neutron.db.ovn_revision_numbers_db [None req-c5ee2c47-fefb-48d3-8b8b-aa3098e62aef 1ebedfad2a75410d970d1d703723e54c 0775bb57587d4cf1b913f399412a9856 - - default default] Successfully bumped revision number for resource 875d7e20-4648-482c-828f-df8fc63819a5 (type: routers) to 7 [pid: 8|app: 0|req: 1533/2843] 10.0.0.34 () {32 vars in 761 bytes} [Thu Jul 16 03:55:27 2026] DELETE /v2.0/vpn/ipsec-site-connections/54a4ef20-6c09-4b0b-ba9c-507bb23c1049 => generated 0 bytes in 610 msecs (HTTP/1.1 204) 2 headers in 112 bytes (1 switches on core 0) [pid: 8|app: 0|req: 1534/2844] 10.0.0.34 () {32 vars in 739 bytes} [Thu Jul 16 03:55:28 2026] DELETE /v2.0/security-groups/8a2f3b55-ea71-48c6-bf78-ec3db4d4c3e4 => generated 0 bytes in 200 msecs (HTTP/1.1 204) 2 headers in 112 bytes (1 switches on core 0) [pid: 8|app: 0|req: 1535/2845] 10.0.0.34 () {32 vars in 684 bytes} [Thu Jul 16 03:55:28 2026] GET /v2.0/vpn/ipsec-site-connections => generated 806 bytes in 16 msecs (HTTP/1.1 200) 4 headers in 157 bytes (1 switches on core 0)
2026-07-16 03:55:28.320 8 INFO neutron.api.v2.resource [None req-221e9226-bbe2-4457-b09b-5617f7301f57 1ebedfad2a75410d970d1d703723e54c 0775bb57587d4cf1b913f399412a9856 - - default default] delete failed (client error): The resource could not be found. [pid: 8|app: 0|req: 1536/2846] 10.0.0.34 () {32 vars in 761 bytes} [Thu Jul 16 03:55:28 2026] DELETE /v2.0/vpn/ipsec-site-connections/54a4ef20-6c09-4b0b-ba9c-507bb23c1049 => generated 154 bytes in 9 msecs (HTTP/1.1 404) 4 headers in 164 bytes (1 switches on core 0) [pid: 7|app: 0|req: 1311/2847] 10.0.0.34 () {32 vars in 739 bytes} [Thu Jul 16 03:55:27 2026] DELETE /v2.0/security-groups/16010ef5-f111-4243-a207-5b50fe696e9a => generated 0 bytes in 331 msecs (HTTP/1.1 204) 2 headers in 112 bytes (1 switches on core 0) [pid: 8|app: 0|req: 1537/2848] 10.0.0.34 () {32 vars in 670 bytes} [Thu Jul 16 03:55:28 2026] GET /v2.0/vpn/endpoint-groups => generated 1187 bytes in 10 msecs (HTTP/1.1 200) 4 headers in 158 bytes (1 switches on core 0) [pid: 7|app: 0|req: 1312/2849] 10.0.0.34 () {32 vars in 747 bytes} [Thu Jul 16 03:55:28 2026] DELETE /v2.0/vpn/endpoint-groups/1faf1ac2-d88f-4975-ad97-447b42fda6a8 => generated 0 bytes in 31 msecs (HTTP/1.1 204) 2 headers in 112 bytes (1 switches on core 0) [pid: 8|app: 0|req: 1538/2850] 10.0.0.34 () {32 vars in 670 bytes} [Thu Jul 16 03:55:28 2026] GET /v2.0/vpn/endpoint-groups => generated 903 bytes in 13 msecs (HTTP/1.1 200) 4 headers in 157 bytes (1 switches on core 0) [pid: 8|app: 0|req: 1539/2851] 10.0.0.34 () {32 vars in 670 bytes} [Thu Jul 16 03:55:28 2026] GET /v2.0/vpn/endpoint-groups => generated 903 bytes in 16 msecs (HTTP/1.1 200) 4 headers in 157 bytes (1 switches on core 0) [pid: 8|app: 0|req: 1540/2852] 10.0.0.34 () {32 vars in 747 bytes} [Thu Jul 16 03:55:28 2026] DELETE /v2.0/vpn/endpoint-groups/7dddb33c-28df-4f58-9146-f19a62eb90ec => generated 0 bytes in 25 msecs (HTTP/1.1 204) 2 headers in 112 bytes (1 switches on core 0) [pid: 8|app: 0|req: 1541/2853] 10.0.0.34 () {32 vars in 670 bytes} [Thu Jul 16 03:55:28 2026] GET /v2.0/vpn/endpoint-groups => generated 632 bytes in 7 msecs (HTTP/1.1 200) 4 headers in 157 bytes (1 switches on core 0)
2026-07-16 03:55:28.524 7 INFO neutron.db.ovn_revision_numbers_db [None req-f4175fee-9927-491c-9eab-a791f3abe855 6200886fd1d84b18952cf1993f9e46aa 1f5dce6b18f6448ba48a5fd7bfb160e8 - - default default] Successfully bumped revision number for resource 0ba1beeb-732e-4544-a0a1-d7d3282d9f57 (type: security_groups) to 1
2026-07-16 03:55:28.535 7 INFO neutron.db.ovn_revision_numbers_db [None req-f4175fee-9927-491c-9eab-a791f3abe855 6200886fd1d84b18952cf1993f9e46aa 1f5dce6b18f6448ba48a5fd7bfb160e8 - - default default] Successfully bumped revision number for resource 60e1aa4e-ed31-4b93-b7fc-e4d04f303c22 (type: security_group_rules) to 0
2026-07-16 03:55:28.547 7 INFO neutron.db.ovn_revision_numbers_db [None req-f4175fee-9927-491c-9eab-a791f3abe855 6200886fd1d84b18952cf1993f9e46aa 1f5dce6b18f6448ba48a5fd7bfb160e8 - - default default] Successfully bumped revision number for resource cb6cc8c1-ef44-438b-81e2-23e9a8a2c382 (type: security_group_rules) to 0
2026-07-16 03:55:28.559 7 INFO neutron.db.ovn_revision_numbers_db [None req-f4175fee-9927-491c-9eab-a791f3abe855 6200886fd1d84b18952cf1993f9e46aa 1f5dce6b18f6448ba48a5fd7bfb160e8 - - default default] Successfully bumped revision number for resource e56a1dab-1f44-48e9-a831-24ed30911893 (type: security_group_rules) to 0
2026-07-16 03:55:28.569 7 INFO neutron.db.ovn_revision_numbers_db [None req-f4175fee-9927-491c-9eab-a791f3abe855 6200886fd1d84b18952cf1993f9e46aa 1f5dce6b18f6448ba48a5fd7bfb160e8 - - default default] Successfully bumped revision number for resource f42b1abc-3f59-4136-92ff-9d6f69f8c66b (type: security_group_rules) to 0 [pid: 7|app: 0|req: 1313/2854] 10.0.0.34 () {32 vars in 773 bytes} [Thu Jul 16 03:55:28 2026] GET /v2.0/security-groups?tenant_id=28efbc64542648efa9e4f93ac1a8e594&name=default => generated 2929 bytes in 227 msecs (HTTP/1.1 200) 4 headers in 158 bytes (1 switches on core 0) [pid: 7|app: 0|req: 1314/2855] 10.0.0.34 () {32 vars in 773 bytes} [Thu Jul 16 03:55:28 2026] GET /v2.0/security-groups?tenant_id=7445e1124b594a929248fdcea60456ea&name=default => generated 2929 bytes in 28 msecs (HTTP/1.1 200) 4 headers in 158 bytes (1 switches on core 0) [pid: 7|app: 0|req: 1315/2856] 10.0.0.34 () {32 vars in 739 bytes} [Thu Jul 16 03:55:28 2026] DELETE /v2.0/security-groups/0ba1beeb-732e-4544-a0a1-d7d3282d9f57 => generated 0 bytes in 204 msecs (HTTP/1.1 204) 2 headers in 112 bytes (1 switches on core 0) [pid: 7|app: 0|req: 1316/2857] 10.0.0.34 () {32 vars in 739 bytes} [Thu Jul 16 03:55:28 2026] DELETE /v2.0/security-groups/20db00e4-ae1b-4844-bf0b-d64f71d6bcb2 => generated 0 bytes in 274 msecs (HTTP/1.1 204) 2 headers in 112 bytes (1 switches on core 0)
2026-07-16 03:55:29.179 8 INFO neutron.db.ovn_revision_numbers_db [None req-b6d904c6-e79e-4cb7-a038-0d4737030799 1ebedfad2a75410d970d1d703723e54c 0775bb57587d4cf1b913f399412a9856 - - default default] Successfully bumped revision number for resource 875d7e20-4648-482c-828f-df8fc63819a5 (type: routers) to 8 [pid: 8|app: 0|req: 1542/2858] 10.0.0.34 () {34 vars in 706 bytes} [Thu Jul 16 03:55:28 2026] POST /v2.0/vpn/ipsec-site-connections => generated 804 bytes in 765 msecs (HTTP/1.1 201) 4 headers in 162 bytes (1 switches on core 0)
2026-07-16 03:55:29.756 7 INFO neutron.db.ovn_revision_numbers_db [None req-afce5111-0f1e-4588-9714-6ec565408e0e 1ebedfad2a75410d970d1d703723e54c 0775bb57587d4cf1b913f399412a9856 - - default default] Successfully bumped revision number for resource 875d7e20-4648-482c-828f-df8fc63819a5 (type: routers) to 9 [pid: 7|app: 0|req: 1317/2859] 10.0.0.34 () {32 vars in 761 bytes} [Thu Jul 16 03:55:29 2026] DELETE /v2.0/vpn/ipsec-site-connections/b85e0fef-8d54-4864-9e61-a8ab7bd2a351 => generated 0 bytes in 550 msecs (HTTP/1.1 204) 2 headers in 112 bytes (1 switches on core 0) [pid: 8|app: 0|req: 1543/2860] 10.0.0.34 () {32 vars in 684 bytes} [Thu Jul 16 03:55:29 2026] GET /v2.0/vpn/ipsec-site-connections => generated 806 bytes in 12 msecs (HTTP/1.1 200) 4 headers in 157 bytes (1 switches on core 0)
2026-07-16 03:55:29.809 7 INFO neutron.api.v2.resource [None req-a2b43e48-848b-45e7-8593-0a777dd0aae3 1ebedfad2a75410d970d1d703723e54c 0775bb57587d4cf1b913f399412a9856 - - default default] delete failed (client error): The resource could not be found. [pid: 7|app: 0|req: 1318/2861] 10.0.0.34 () {32 vars in 761 bytes} [Thu Jul 16 03:55:29 2026] DELETE /v2.0/vpn/ipsec-site-connections/b85e0fef-8d54-4864-9e61-a8ab7bd2a351 => generated 154 bytes in 10 msecs (HTTP/1.1 404) 4 headers in 164 bytes (1 switches on core 0) [pid: 8|app: 0|req: 1544/2862] 10.0.0.34 () {34 vars in 692 bytes} [Thu Jul 16 03:55:29 2026] POST /v2.0/vpn/endpoint-groups => generated 289 bytes in 41 msecs (HTTP/1.1 201) 4 headers in 162 bytes (1 switches on core 0) [pid: 7|app: 0|req: 1319/2863] 10.0.0.34 () {30 vars in 701 bytes} [Thu Jul 16 03:55:29 2026] PUT /v2.0/vpn/endpoint-groups/9ebafae2-93a5-4e39-917c-5a60eceed475 => generated 289 bytes in 22 msecs (HTTP/1.1 200) 4 headers in 157 bytes (1 switches on core 0) [pid: 8|app: 0|req: 1545/2864] 10.0.0.34 () {32 vars in 744 bytes} [Thu Jul 16 03:55:29 2026] GET /v2.0/vpn/endpoint-groups/9ebafae2-93a5-4e39-917c-5a60eceed475 => generated 289 bytes in 13 msecs (HTTP/1.1 200) 4 headers in 157 bytes (1 switches on core 0) [pid: 7|app: 0|req: 1320/2865] 10.0.0.34 () {32 vars in 747 bytes} [Thu Jul 16 03:55:29 2026] DELETE /v2.0/vpn/endpoint-groups/9ebafae2-93a5-4e39-917c-5a60eceed475 => generated 0 bytes in 23 msecs (HTTP/1.1 204) 2 headers in 112 bytes (1 switches on core 0) [pid: 8|app: 0|req: 1546/2866] 10.0.0.34 () {32 vars in 670 bytes} [Thu Jul 16 03:55:29 2026] GET /v2.0/vpn/endpoint-groups => generated 632 bytes in 17 msecs (HTTP/1.1 200) 4 headers in 157 bytes (1 switches on core 0) [pid: 7|app: 0|req: 1321/2867] 10.0.0.34 () {32 vars in 670 bytes} [Thu Jul 16 03:55:29 2026] GET /v2.0/vpn/endpoint-groups => generated 632 bytes in 9 msecs (HTTP/1.1 200) 4 headers in 157 bytes (1 switches on core 0) [pid: 8|app: 0|req: 1547/2868] 10.0.0.34 () {34 vars in 684 bytes} [Thu Jul 16 03:55:29 2026] POST /v2.0/vpn/ikepolicies => generated 402 bytes in 55 msecs (HTTP/1.1 201) 4 headers in 162 bytes (1 switches on core 0) [pid: 7|app: 0|req: 1322/2869] 10.0.0.34 () {30 vars in 694 bytes} [Thu Jul 16 03:55:30 2026] PUT /v2.0/vpn/ikepolicies/8b12585c-6915-47e1-a6a4-67a169e2d93f => generated 419 bytes in 33 msecs (HTTP/1.1 200) 4 headers in 157 bytes (1 switches on core 0) [pid: 8|app: 0|req: 1548/2870] 10.0.0.34 () {32 vars in 736 bytes} [Thu Jul 16 03:55:30 2026] GET /v2.0/vpn/ikepolicies/8b12585c-6915-47e1-a6a4-67a169e2d93f => generated 419 bytes in 11 msecs (HTTP/1.1 200) 4 headers in 157 bytes (1 switches on core 0) [pid: 7|app: 0|req: 1323/2871] 10.0.0.34 () {32 vars in 739 bytes} [Thu Jul 16 03:55:30 2026] DELETE /v2.0/vpn/ikepolicies/8b12585c-6915-47e1-a6a4-67a169e2d93f => generated 0 bytes in 23 msecs (HTTP/1.1 204) 2 headers in 112 bytes (1 switches on core 0) [pid: 8|app: 0|req: 1549/2872] 10.0.0.34 () {32 vars in 662 bytes} [Thu Jul 16 03:55:30 2026] GET /v2.0/vpn/ikepolicies => generated 408 bytes in 14 msecs (HTTP/1.1 200) 4 headers in 157 bytes (1 switches on core 0) [pid: 7|app: 0|req: 1324/2873] 10.0.0.34 () {32 vars in 662 bytes} [Thu Jul 16 03:55:30 2026] GET /v2.0/vpn/ikepolicies => generated 408 bytes in 11 msecs (HTTP/1.1 200) 4 headers in 157 bytes (1 switches on core 0) [pid: 8|app: 0|req: 1550/2874] 10.0.0.34 () {34 vars in 688 bytes} [Thu Jul 16 03:55:30 2026] POST /v2.0/vpn/ipsecpolicies => generated 411 bytes in 42 msecs (HTTP/1.1 201) 4 headers in 162 bytes (1 switches on core 0) [pid: 7|app: 0|req: 1325/2875] 10.0.0.34 () {30 vars in 698 bytes} [Thu Jul 16 03:55:30 2026] PUT /v2.0/vpn/ipsecpolicies/4f32e5a6-2afe-42ec-8a8e-bd1d3c5ce343 => generated 430 bytes in 30 msecs (HTTP/1.1 200) 4 headers in 157 bytes (1 switches on core 0) [pid: 8|app: 0|req: 1551/2876] 10.0.0.34 () {32 vars in 743 bytes} [Thu Jul 16 03:55:30 2026] DELETE /v2.0/vpn/ipsecpolicies/4f32e5a6-2afe-42ec-8a8e-bd1d3c5ce343 => generated 0 bytes in 27 msecs (HTTP/1.1 204) 2 headers in 112 bytes (1 switches on core 0)
2026-07-16 03:55:30.279 7 INFO neutron.api.v2.resource [None req-e3222ce7-8e80-4710-9d32-8c57ad3c7c1a 1ebedfad2a75410d970d1d703723e54c 0775bb57587d4cf1b913f399412a9856 - - default default] delete failed (client error): The resource could not be found. [pid: 7|app: 0|req: 1326/2877] 10.0.0.34 () {32 vars in 743 bytes} [Thu Jul 16 03:55:30 2026] DELETE /v2.0/vpn/ipsecpolicies/4f32e5a6-2afe-42ec-8a8e-bd1d3c5ce343 => generated 145 bytes in 11 msecs (HTTP/1.1 404) 4 headers in 164 bytes (1 switches on core 0)
2026-07-16 03:55:30.296 8 INFO neutron.api.v2.resource [None req-91190a4f-4306-47de-88c7-17069f204b6b 1ebedfad2a75410d970d1d703723e54c 0775bb57587d4cf1b913f399412a9856 - - default default] delete failed (client error): The resource could not be found. [pid: 8|app: 0|req: 1552/2878] 10.0.0.34 () {32 vars in 743 bytes} [Thu Jul 16 03:55:30 2026] DELETE /v2.0/vpn/ipsecpolicies/4f32e5a6-2afe-42ec-8a8e-bd1d3c5ce343 => generated 145 bytes in 12 msecs (HTTP/1.1 404) 4 headers in 164 bytes (1 switches on core 0)
2026-07-16 03:55:30.386 7 INFO neutron.db.segments_db [None req-70316df2-c336-42e5-ad02-39839e7fd3cd 1ebedfad2a75410d970d1d703723e54c 0775bb57587d4cf1b913f399412a9856 - - default default] Added segment cb5f4149-4982-42e9-881a-4a813e94a209 of type geneve for network 995bd26a-356e-4a5e-a4f0-8b4011874cce
2026-07-16 03:55:30.483 7 INFO neutron.db.ovn_revision_numbers_db [None req-70316df2-c336-42e5-ad02-39839e7fd3cd 1ebedfad2a75410d970d1d703723e54c 0775bb57587d4cf1b913f399412a9856 - - default default] Successfully bumped revision number for resource 995bd26a-356e-4a5e-a4f0-8b4011874cce (type: networks) to 1
2026-07-16 03:55:30.653 7 WARNING neutron.scheduler.dhcp_agent_scheduler [None req-70316df2-c336-42e5-ad02-39839e7fd3cd 1ebedfad2a75410d970d1d703723e54c 0775bb57587d4cf1b913f399412a9856 - - default default] No more DHCP agents
2026-07-16 03:55:30.655 7 WARNING neutron.api.rpc.agentnotifiers.dhcp_rpc_agent_api [None req-70316df2-c336-42e5-ad02-39839e7fd3cd 1ebedfad2a75410d970d1d703723e54c 0775bb57587d4cf1b913f399412a9856 - - default default] Unable to schedule network 995bd26a-356e-4a5e-a4f0-8b4011874cce: no agents available; will retry on subsequent port and subnet creation events.
2026-07-16 03:55:30.715 8 INFO neutron.plugins.ml2.drivers.ovn.mech_driver.mech_driver [None req-319a03cc-3b67-4b79-8ea4-e5fbb709f83f - - - - - -] OVN reports status down for port: 6bdd99c6-333b-4273-98ab-bd51f87a24ec
2026-07-16 03:55:30.736 7 INFO neutron.db.ovn_revision_numbers_db [None req-70316df2-c336-42e5-ad02-39839e7fd3cd 1ebedfad2a75410d970d1d703723e54c 0775bb57587d4cf1b913f399412a9856 - - default default] Successfully bumped revision number for resource 6bdd99c6-333b-4273-98ab-bd51f87a24ec (type: ports) to 1 [pid: 7|app: 0|req: 1327/2879] 10.0.0.34 () {34 vars in 669 bytes} [Thu Jul 16 03:55:30 2026] POST /v2.0/networks => generated 670 bytes in 459 msecs (HTTP/1.1 201) 4 headers in 162 bytes (1 switches on core 0)
2026-07-16 03:55:30.984 8 WARNING neutron.scheduler.dhcp_agent_scheduler [None req-8d5e895b-a02d-4ef2-b5e1-06b922953613 1ebedfad2a75410d970d1d703723e54c 0775bb57587d4cf1b913f399412a9856 - - default default] No more DHCP agents
2026-07-16 03:55:30.986 8 WARNING neutron.api.rpc.agentnotifiers.dhcp_rpc_agent_api [None req-8d5e895b-a02d-4ef2-b5e1-06b922953613 1ebedfad2a75410d970d1d703723e54c 0775bb57587d4cf1b913f399412a9856 - - default default] Unable to schedule network 995bd26a-356e-4a5e-a4f0-8b4011874cce: no agents available; will retry on subsequent port and subnet creation events.
2026-07-16 03:55:31.399 8 INFO neutron.db.ovn_revision_numbers_db [None req-6646a3b2-5e5e-402c-8020-8bb6b83c7bf8 - - - - - -] Successfully bumped revision number for resource 6bdd99c6-333b-4273-98ab-bd51f87a24ec (type: ports) to 2
2026-07-16 03:55:31.433 8 INFO neutron.db.ovn_revision_numbers_db [None req-6646a3b2-5e5e-402c-8020-8bb6b83c7bf8 - - - - - -] Successfully bumped revision number for resource 0999690a-beb3-4bf5-b027-7996396ae6db (type: subnets) to 0 [pid: 8|app: 0|req: 1553/2880] 10.0.0.34 () {34 vars in 668 bytes} [Thu Jul 16 03:55:30 2026] POST /v2.0/subnets => generated 629 bytes in 684 msecs (HTTP/1.1 201) 4 headers in 162 bytes (1 switches on core 0)
2026-07-16 03:55:31.831 7 WARNING neutron.scheduler.dhcp_agent_scheduler [None req-843dbe6a-2900-4021-a0e5-b5aafc28429f 1ebedfad2a75410d970d1d703723e54c 0775bb57587d4cf1b913f399412a9856 - - default default] No more DHCP agents
2026-07-16 03:55:31.832 7 WARNING neutron.api.rpc.agentnotifiers.dhcp_rpc_agent_api [None req-843dbe6a-2900-4021-a0e5-b5aafc28429f 1ebedfad2a75410d970d1d703723e54c 0775bb57587d4cf1b913f399412a9856 - - default default] Unable to schedule network 0a8cbe86-9b56-48c1-9926-571613fb178c: no agents available; will retry on subsequent port and subnet creation events.
2026-07-16 03:55:32.010 7 INFO neutron.db.ovn_revision_numbers_db [None req-843dbe6a-2900-4021-a0e5-b5aafc28429f 1ebedfad2a75410d970d1d703723e54c 0775bb57587d4cf1b913f399412a9856 - - default default] Successfully bumped revision number for resource 696717b7-b82e-4e31-be01-36ceec432208 (type: ports) to 1
2026-07-16 03:55:32.541 7 INFO neutron.plugins.ml2.drivers.ovn.mech_driver.ovsdb.commands [None req-1ba62ba5-fb9f-421d-b73a-ad193bc393d1 - - - - - -] Schedule LRP lrp-696717b7-b82e-4e31-be01-36ceec432208 on gateway 97f27acd-49f9-4251-ad3c-7551a583c1c8 with priority 1
2026-07-16 03:55:32.605 7 INFO neutron.db.ovn_revision_numbers_db [None req-843dbe6a-2900-4021-a0e5-b5aafc28429f 1ebedfad2a75410d970d1d703723e54c 0775bb57587d4cf1b913f399412a9856 - - default default] Successfully bumped revision number for resource 696717b7-b82e-4e31-be01-36ceec432208 (type: router_ports) to 1
2026-07-16 03:55:32.665 7 INFO neutron.db.ovn_revision_numbers_db [None req-843dbe6a-2900-4021-a0e5-b5aafc28429f 1ebedfad2a75410d970d1d703723e54c 0775bb57587d4cf1b913f399412a9856 - - default default] Successfully bumped revision number for resource c07fe524-60c9-4c6f-aa29-444d3c6c2132 (type: routers) to 2 [pid: 7|app: 0|req: 1328/2881] 10.0.0.34 () {34 vars in 668 bytes} [Thu Jul 16 03:55:31 2026] POST /v2.0/routers => generated 937 bytes in 1236 msecs (HTTP/1.1 201) 4 headers in 162 bytes (1 switches on core 0)
2026-07-16 03:55:33.221 8 WARNING neutron.scheduler.dhcp_agent_scheduler [None req-83cd7de7-9acc-499a-a73e-42a9a53b5112 1ebedfad2a75410d970d1d703723e54c 0775bb57587d4cf1b913f399412a9856 - - default default] No more DHCP agents
2026-07-16 03:55:33.222 8 WARNING neutron.api.rpc.agentnotifiers.dhcp_rpc_agent_api [None req-83cd7de7-9acc-499a-a73e-42a9a53b5112 1ebedfad2a75410d970d1d703723e54c 0775bb57587d4cf1b913f399412a9856 - - default default] Unable to schedule network 995bd26a-356e-4a5e-a4f0-8b4011874cce: no agents available; will retry on subsequent port and subnet creation events.
2026-07-16 03:55:33.327 8 INFO neutron.plugins.ml2.drivers.ovn.mech_driver.mech_driver [None req-319a03cc-3b67-4b79-8ea4-e5fbb709f83f - - - - - -] OVN reports status down for port: 4da003ec-028e-4239-87e5-aec82b6a7bd9
2026-07-16 03:55:33.379 8 INFO neutron.db.ovn_revision_numbers_db [None req-83cd7de7-9acc-499a-a73e-42a9a53b5112 1ebedfad2a75410d970d1d703723e54c 0775bb57587d4cf1b913f399412a9856 - - default default] Successfully bumped revision number for resource 4da003ec-028e-4239-87e5-aec82b6a7bd9 (type: ports) to 1
2026-07-16 03:55:33.506 7 WARNING neutron.plugins.ml2.drivers.ovn.mech_driver.ovsdb.ovn_client [None req-37d77e6e-1121-49e8-a0a7-bfd01f499ad6 - - - - - -] No hosting information found for port eaea67ce-3100-4293-906b-8860c48f9069: RuntimeError: No hosting information found for port eaea67ce-3100-4293-906b-8860c48f9069
2026-07-16 03:55:33.579 7 INFO neutron.db.ovn_revision_numbers_db [None req-37d77e6e-1121-49e8-a0a7-bfd01f499ad6 - - - - - -] Successfully bumped revision number for resource eaea67ce-3100-4293-906b-8860c48f9069 (type: router_ports) to 2
2026-07-16 03:55:33.580 7 INFO neutron.plugins.ml2.drivers.ovn.mech_driver.mech_driver [None req-37d77e6e-1121-49e8-a0a7-bfd01f499ad6 - - - - - -] OVN reports status down for port: dae65ea2-9d3f-4c10-9fbb-ae69dfa86e5e
2026-07-16 03:55:33.589 7 INFO neutron.plugins.ml2.drivers.ovn.mech_driver.mech_driver [None req-37d77e6e-1121-49e8-a0a7-bfd01f499ad6 - - - - - -] OVN reports status down for port: 0e765e7e-c31e-49fe-9852-09e50964fa93
2026-07-16 03:55:33.606 7 INFO neutron.plugins.ml2.drivers.ovn.mech_driver.mech_driver [None req-37d77e6e-1121-49e8-a0a7-bfd01f499ad6 - - - - - -] OVN reports status down for port: 9812f8e1-2ed4-4b12-9f0d-eb5c787f6484
2026-07-16 03:55:33.653 7 INFO neutron.plugins.ml2.drivers.ovn.mech_driver.mech_driver [None req-37d77e6e-1121-49e8-a0a7-bfd01f499ad6 - - - - - -] OVN reports status down for port: 696717b7-b82e-4e31-be01-36ceec432208
2026-07-16 03:55:33.709 7 WARNING neutron.plugins.ml2.drivers.ovn.mech_driver.ovsdb.ovn_client [None req-37d77e6e-1121-49e8-a0a7-bfd01f499ad6 - - - - - -] Logical_Switch_Port 696717b7-b82e-4e31-be01-36ceec432208 host information not removed, the port state is up
2026-07-16 03:55:33.709 7 INFO neutron.plugins.ml2.drivers.ovn.mech_driver.mech_driver [None req-37d77e6e-1121-49e8-a0a7-bfd01f499ad6 - - - - - -] OVN reports status up for port: 696717b7-b82e-4e31-be01-36ceec432208
2026-07-16 03:55:33.723 7 INFO neutron.plugins.ml2.plugin [None req-37d77e6e-1121-49e8-a0a7-bfd01f499ad6 - - - - - -] Attempt 1 to provision port 696717b7-b82e-4e31-be01-36ceec432208
2026-07-16 03:55:34.062 8 INFO neutron.plugins.ml2.drivers.ovn.mech_driver.mech_driver [None req-319a03cc-3b67-4b79-8ea4-e5fbb709f83f - - - - - -] OVN reports status up for port: 4da003ec-028e-4239-87e5-aec82b6a7bd9
2026-07-16 03:55:34.091 8 INFO neutron.plugins.ml2.plugin [None req-319a03cc-3b67-4b79-8ea4-e5fbb709f83f - - - - - -] Attempt 1 to provision port 4da003ec-028e-4239-87e5-aec82b6a7bd9
2026-07-16 03:55:34.186 8 WARNING neutron.scheduler.dhcp_agent_scheduler [None req-83cd7de7-9acc-499a-a73e-42a9a53b5112 1ebedfad2a75410d970d1d703723e54c 0775bb57587d4cf1b913f399412a9856 - - default default] No more DHCP agents
2026-07-16 03:55:34.188 8 WARNING neutron.api.rpc.agentnotifiers.dhcp_rpc_agent_api [None req-83cd7de7-9acc-499a-a73e-42a9a53b5112 1ebedfad2a75410d970d1d703723e54c 0775bb57587d4cf1b913f399412a9856 - - default default] Unable to schedule network 995bd26a-356e-4a5e-a4f0-8b4011874cce: no agents available; will retry on subsequent port and subnet creation events.
2026-07-16 03:55:34.768 8 INFO neutron.db.ovn_revision_numbers_db [None req-319a03cc-3b67-4b79-8ea4-e5fbb709f83f - - - - - -] Successfully bumped revision number for resource 4da003ec-028e-4239-87e5-aec82b6a7bd9 (type: ports) to 2
2026-07-16 03:55:34.951 8 INFO neutron.db.ovn_revision_numbers_db [None req-83cd7de7-9acc-499a-a73e-42a9a53b5112 1ebedfad2a75410d970d1d703723e54c 0775bb57587d4cf1b913f399412a9856 - - default default] Successfully bumped revision number for resource 4da003ec-028e-4239-87e5-aec82b6a7bd9 (type: router_ports) to 1 [pid: 8|app: 0|req: 1554/2882] 10.0.0.34 () {34 vars in 782 bytes} [Thu Jul 16 03:55:32 2026] PUT /v2.0/routers/c07fe524-60c9-4c6f-aa29-444d3c6c2132/add_router_interface => generated 309 bytes in 2260 msecs (HTTP/1.1 200) 4 headers in 157 bytes (1 switches on core 0)
2026-07-16 03:55:35.470 7 WARNING neutron.scheduler.dhcp_agent_scheduler [None req-11e045e2-dc6c-404a-90de-d71bfb87432e - - - - - -] No more DHCP agents
2026-07-16 03:55:35.471 7 WARNING neutron.api.rpc.agentnotifiers.dhcp_rpc_agent_api [None req-11e045e2-dc6c-404a-90de-d71bfb87432e - - - - - -] Unable to schedule network 0a8cbe86-9b56-48c1-9926-571613fb178c: no agents available; will retry on subsequent port and subnet creation events.
2026-07-16 03:55:35.625 7 INFO neutron.db.ovn_revision_numbers_db [None req-11e045e2-dc6c-404a-90de-d71bfb87432e - - - - - -] Successfully bumped revision number for resource 0202f561-1d9f-417a-b357-c12b3b1999b4 (type: ports) to 1
2026-07-16 03:55:35.855 7 INFO neutron.db.ovn_revision_numbers_db [None req-11e045e2-dc6c-404a-90de-d71bfb87432e - - - - - -] Successfully bumped revision number for resource 0202f561-1d9f-417a-b357-c12b3b1999b4 (type: ports) to 3
2026-07-16 03:55:35.943 7 INFO neutron.db.segments_db [None req-11e045e2-dc6c-404a-90de-d71bfb87432e - - - - - -] Added segment 1e029943-6da2-4be9-9bf1-123d62bcf0e5 of type geneve for network 0bac5299-9a8c-4ae4-a212-e6e119e8dcdb
2026-07-16 03:55:36.123 7 INFO neutron.db.ovn_revision_numbers_db [None req-3cb99a3e-b84b-4be2-a303-0d97ce49d0d5 - - - - - -] Successfully bumped revision number for resource 0bac5299-9a8c-4ae4-a212-e6e119e8dcdb (type: networks) to 1
2026-07-16 03:55:36.272 7 WARNING neutron.scheduler.dhcp_agent_scheduler [None req-3cb99a3e-b84b-4be2-a303-0d97ce49d0d5 - - - - - -] No more DHCP agents
2026-07-16 03:55:36.273 7 WARNING neutron.api.rpc.agentnotifiers.dhcp_rpc_agent_api [None req-3cb99a3e-b84b-4be2-a303-0d97ce49d0d5 - - - - - -] Unable to schedule network 0bac5299-9a8c-4ae4-a212-e6e119e8dcdb: no agents available; will retry on subsequent port and subnet creation events.
2026-07-16 03:55:36.348 7 INFO neutron.db.ovn_revision_numbers_db [None req-3cb99a3e-b84b-4be2-a303-0d97ce49d0d5 - - - - - -] Successfully bumped revision number for resource 41e7090e-b90b-452c-a089-ccbc82f56630 (type: ports) to 1
2026-07-16 03:55:36.458 7 WARNING neutron.scheduler.dhcp_agent_scheduler [None req-3cb99a3e-b84b-4be2-a303-0d97ce49d0d5 - - - - - -] No more DHCP agents
2026-07-16 03:55:36.459 7 WARNING neutron.api.rpc.agentnotifiers.dhcp_rpc_agent_api [None req-3cb99a3e-b84b-4be2-a303-0d97ce49d0d5 - - - - - -] Unable to schedule network 0bac5299-9a8c-4ae4-a212-e6e119e8dcdb: no agents available; will retry on subsequent port and subnet creation events.
2026-07-16 03:55:36.480 7 INFO neutron.db.ovn_revision_numbers_db [None req-3cb99a3e-b84b-4be2-a303-0d97ce49d0d5 - - - - - -] Successfully bumped revision number for resource 57510d23-8354-4c18-a81c-89c985e91d86 (type: subnets) to 0
2026-07-16 03:55:36.841 7 WARNING neutron.scheduler.dhcp_agent_scheduler [None req-3cb99a3e-b84b-4be2-a303-0d97ce49d0d5 - - - - - -] No more DHCP agents
2026-07-16 03:55:36.842 7 WARNING neutron.api.rpc.agentnotifiers.dhcp_rpc_agent_api [None req-3cb99a3e-b84b-4be2-a303-0d97ce49d0d5 - - - - - -] Unable to schedule network 0bac5299-9a8c-4ae4-a212-e6e119e8dcdb: no agents available; will retry on subsequent port and subnet creation events.
2026-07-16 03:55:36.991 7 INFO neutron.db.ovn_revision_numbers_db [None req-3cb99a3e-b84b-4be2-a303-0d97ce49d0d5 - - - - - -] Successfully bumped revision number for resource b0b0bc17-5785-4e7e-84e6-455834144ec9 (type: ports) to 1
2026-07-16 03:55:37.600 7 WARNING neutron.scheduler.dhcp_agent_scheduler [None req-3cb99a3e-b84b-4be2-a303-0d97ce49d0d5 - - - - - -] No more DHCP agents
2026-07-16 03:55:37.601 7 WARNING neutron.api.rpc.agentnotifiers.dhcp_rpc_agent_api [None req-3cb99a3e-b84b-4be2-a303-0d97ce49d0d5 - - - - - -] Unable to schedule network 0bac5299-9a8c-4ae4-a212-e6e119e8dcdb: no agents available; will retry on subsequent port and subnet creation events.
2026-07-16 03:55:37.775 8 INFO neutron.db.ovn_revision_numbers_db [None req-4364c454-c7b9-4075-bb9f-45d6e37bf822 dc0ead4928b14e2a842980476b3f231f d3cadff43e2c4878a6a2135473440f9d - - default default] Successfully bumped revision number for resource 948d393f-3081-467f-af52-0fbbdc0ec32b (type: security_groups) to 1
2026-07-16 03:55:37.788 8 INFO neutron.db.ovn_revision_numbers_db [None req-4364c454-c7b9-4075-bb9f-45d6e37bf822 dc0ead4928b14e2a842980476b3f231f d3cadff43e2c4878a6a2135473440f9d - - default default] Successfully bumped revision number for resource 1044cadb-9ec7-4007-a06c-c201dd08a8e2 (type: security_group_rules) to 0
2026-07-16 03:55:37.799 8 INFO neutron.db.ovn_revision_numbers_db [None req-4364c454-c7b9-4075-bb9f-45d6e37bf822 dc0ead4928b14e2a842980476b3f231f d3cadff43e2c4878a6a2135473440f9d - - default default] Successfully bumped revision number for resource 1c207d8c-0876-450d-b6ff-63d6192a3e9e (type: security_group_rules) to 0
2026-07-16 03:55:37.810 8 INFO neutron.db.ovn_revision_numbers_db [None req-4364c454-c7b9-4075-bb9f-45d6e37bf822 dc0ead4928b14e2a842980476b3f231f d3cadff43e2c4878a6a2135473440f9d - - default default] Successfully bumped revision number for resource 41a85d0a-5109-4af0-a315-92a602688e21 (type: security_group_rules) to 0
2026-07-16 03:55:37.820 8 INFO neutron.db.ovn_revision_numbers_db [None req-4364c454-c7b9-4075-bb9f-45d6e37bf822 dc0ead4928b14e2a842980476b3f231f d3cadff43e2c4878a6a2135473440f9d - - default default] Successfully bumped revision number for resource cf2f2f0b-d17f-4ef4-bd0d-06eb3200ab6b (type: security_group_rules) to 0
2026-07-16 03:55:37.910 8 INFO neutron.db.segments_db [None req-4364c454-c7b9-4075-bb9f-45d6e37bf822 dc0ead4928b14e2a842980476b3f231f d3cadff43e2c4878a6a2135473440f9d - - default default] Added segment 47b9fd5f-93fc-4eec-bf45-1e205536e136 of type geneve for network d12c771f-a2e8-4a2f-937e-0ea4b844956c
2026-07-16 03:55:38.060 7 INFO neutron.db.ovn_revision_numbers_db [None req-3cb99a3e-b84b-4be2-a303-0d97ce49d0d5 - - - - - -] Successfully bumped revision number for resource b0b0bc17-5785-4e7e-84e6-455834144ec9 (type: router_ports) to 1
2026-07-16 03:55:38.133 8 INFO neutron.db.ovn_revision_numbers_db [None req-4364c454-c7b9-4075-bb9f-45d6e37bf822 dc0ead4928b14e2a842980476b3f231f d3cadff43e2c4878a6a2135473440f9d - - default default] Successfully bumped revision number for resource d12c771f-a2e8-4a2f-937e-0ea4b844956c (type: networks) to 1
2026-07-16 03:55:38.278 7 WARNING neutron.scheduler.dhcp_agent_scheduler [None req-3cb99a3e-b84b-4be2-a303-0d97ce49d0d5 - - - - - -] No more DHCP agents
2026-07-16 03:55:38.279 7 WARNING neutron.api.rpc.agentnotifiers.dhcp_rpc_agent_api [None req-3cb99a3e-b84b-4be2-a303-0d97ce49d0d5 - - - - - -] Unable to schedule network 0bac5299-9a8c-4ae4-a212-e6e119e8dcdb: no agents available; will retry on subsequent port and subnet creation events.
2026-07-16 03:55:38.313 8 WARNING neutron.scheduler.dhcp_agent_scheduler [None req-4364c454-c7b9-4075-bb9f-45d6e37bf822 dc0ead4928b14e2a842980476b3f231f d3cadff43e2c4878a6a2135473440f9d - - default default] No more DHCP agents
2026-07-16 03:55:38.315 8 WARNING neutron.api.rpc.agentnotifiers.dhcp_rpc_agent_api [None req-4364c454-c7b9-4075-bb9f-45d6e37bf822 dc0ead4928b14e2a842980476b3f231f d3cadff43e2c4878a6a2135473440f9d - - default default] Unable to schedule network d12c771f-a2e8-4a2f-937e-0ea4b844956c: no agents available; will retry on subsequent port and subnet creation events.
2026-07-16 03:55:38.428 8 INFO neutron.db.ovn_revision_numbers_db [None req-4364c454-c7b9-4075-bb9f-45d6e37bf822 dc0ead4928b14e2a842980476b3f231f d3cadff43e2c4878a6a2135473440f9d - - default default] Successfully bumped revision number for resource 61ad4657-7d3f-488b-8eea-9db3bd1c2988 (type: ports) to 1
2026-07-16 03:55:38.429 7 INFO neutron.db.ovn_revision_numbers_db [None req-3cb99a3e-b84b-4be2-a303-0d97ce49d0d5 - - - - - -] Successfully bumped revision number for resource 8cffca68-ae63-4b93-b7ae-a0d7dcd8f01d (type: ports) to 1 [pid: 8|app: 0|req: 1555/2883] 10.0.0.34 () {34 vars in 669 bytes} [Thu Jul 16 03:55:37 2026] POST /v2.0/networks => generated 678 bytes in 957 msecs (HTTP/1.1 201) 4 headers in 162 bytes (1 switches on core 0)
2026-07-16 03:55:38.629 8 WARNING neutron.scheduler.dhcp_agent_scheduler [None req-d4fcaf4a-30c5-4ad4-a348-5690dcbe0fd2 dc0ead4928b14e2a842980476b3f231f d3cadff43e2c4878a6a2135473440f9d - - default default] No more DHCP agents
2026-07-16 03:55:38.630 8 WARNING neutron.api.rpc.agentnotifiers.dhcp_rpc_agent_api [None req-d4fcaf4a-30c5-4ad4-a348-5690dcbe0fd2 dc0ead4928b14e2a842980476b3f231f d3cadff43e2c4878a6a2135473440f9d - - default default] Unable to schedule network d12c771f-a2e8-4a2f-937e-0ea4b844956c: no agents available; will retry on subsequent port and subnet creation events.
2026-07-16 03:55:38.672 7 WARNING neutron.plugins.ml2.drivers.ovn.mech_driver.ovsdb.ovn_client [None req-37d77e6e-1121-49e8-a0a7-bfd01f499ad6 - - - - - -] No hosting information found for port 696717b7-b82e-4e31-be01-36ceec432208: RuntimeError: No hosting information found for port 696717b7-b82e-4e31-be01-36ceec432208
2026-07-16 03:55:38.673 7 INFO neutron.plugins.ml2.drivers.ovn.mech_driver.mech_driver [None req-37d77e6e-1121-49e8-a0a7-bfd01f499ad6 - - - - - -] OVN reports status down for port: 41e7090e-b90b-452c-a089-ccbc82f56630
2026-07-16 03:55:38.702 7 INFO neutron.db.ovn_revision_numbers_db [None req-3cb99a3e-b84b-4be2-a303-0d97ce49d0d5 - - - - - -] Successfully bumped revision number for resource 8cffca68-ae63-4b93-b7ae-a0d7dcd8f01d (type: ports) to 3
2026-07-16 03:55:38.807 7 INFO neutron.plugins.ml2.drivers.ovn.mech_driver.mech_driver [None req-37d77e6e-1121-49e8-a0a7-bfd01f499ad6 - - - - - -] OVN reports status down for port: 61ad4657-7d3f-488b-8eea-9db3bd1c2988 [pid: 7|app: 0|req: 1329/2884] 10.0.0.34 () {34 vars in 684 bytes} [Thu Jul 16 03:55:34 2026] POST /v2.0/vpn/vpnservices => generated 458 bytes in 4062 msecs (HTTP/1.1 201) 4 headers in 162 bytes (1 switches on core 0) [pid: 7|app: 0|req: 1332/2887] 10.0.0.34 () {32 vars in 662 bytes} [Thu Jul 16 03:55:39 2026] GET /v2.0/vpn/vpnservices => generated 1312 bytes in 27 msecs (HTTP/1.1 200) 4 headers in 158 bytes (1 switches on core 0)
2026-07-16 03:55:39.085 8 INFO neutron.db.ovn_revision_numbers_db [None req-66202816-939f-4cad-a47c-feaaac8d020c - - - - - -] Successfully bumped revision number for resource 61ad4657-7d3f-488b-8eea-9db3bd1c2988 (type: ports) to 2
2026-07-16 03:55:39.121 8 INFO neutron.db.ovn_revision_numbers_db [None req-66202816-939f-4cad-a47c-feaaac8d020c - - - - - -] Successfully bumped revision number for resource 1686eee2-92d3-49b7-8732-9fddd7823ce5 (type: subnets) to 0 [pid: 8|app: 0|req: 1556/2888] 10.0.0.34 () {34 vars in 668 bytes} [Thu Jul 16 03:55:38 2026] POST /v2.0/subnets => generated 657 bytes in 680 msecs (HTTP/1.1 201) 4 headers in 162 bytes (1 switches on core 0) [pid: 8|app: 0|req: 1557/2889] 10.0.0.34 () {32 vars in 721 bytes} [Thu Jul 16 03:55:39 2026] GET /v2.0/subnetpools?name=shared-default-subnetpool-v6 => generated 19 bytes in 40 msecs (HTTP/1.1 200) 4 headers in 156 bytes (1 switches on core 0)
2026-07-16 03:55:39.303 7 INFO neutron_taas.services.taas.taas_plugin [None req-be20ff1e-3d3e-40d1-9eb3-5f10d1197dce 1ebedfad2a75410d970d1d703723e54c 0775bb57587d4cf1b913f399412a9856 - - default default] TaaS: Handle Delete Port: 0202f561-1d9f-417a-b357-c12b3b1999b4
2026-07-16 03:55:39.307 7 INFO neutron_taas.services.taas.tap_mirror_plugin [None req-be20ff1e-3d3e-40d1-9eb3-5f10d1197dce 1ebedfad2a75410d970d1d703723e54c 0775bb57587d4cf1b913f399412a9856 - - default default] Tap Mirror: Handle Delete Port: 0202f561-1d9f-417a-b357-c12b3b1999b4
2026-07-16 03:55:39.363 8 WARNING neutron.scheduler.dhcp_agent_scheduler [None req-cd4a7de7-3454-4cb9-8cc7-d665e1fbc24d dc0ead4928b14e2a842980476b3f231f d3cadff43e2c4878a6a2135473440f9d - - default default] No more DHCP agents
2026-07-16 03:55:39.364 8 WARNING neutron.api.rpc.agentnotifiers.dhcp_rpc_agent_api [None req-cd4a7de7-3454-4cb9-8cc7-d665e1fbc24d dc0ead4928b14e2a842980476b3f231f d3cadff43e2c4878a6a2135473440f9d - - default default] Unable to schedule network d12c771f-a2e8-4a2f-937e-0ea4b844956c: no agents available; will retry on subsequent port and subnet creation events.
2026-07-16 03:55:39.391 8 INFO neutron.db.ovn_revision_numbers_db [None req-cd4a7de7-3454-4cb9-8cc7-d665e1fbc24d dc0ead4928b14e2a842980476b3f231f d3cadff43e2c4878a6a2135473440f9d - - default default] Successfully bumped revision number for resource 8a1ffc5f-3204-44be-9d5a-f312c510646b (type: subnets) to 0 [pid: 8|app: 0|req: 1558/2890] 10.0.0.34 () {34 vars in 668 bytes} [Thu Jul 16 03:55:39 2026] POST /v2.0/subnets => generated 731 bytes in 218 msecs (HTTP/1.1 201) 4 headers in 162 bytes (1 switches on core 0)
2026-07-16 03:55:39.509 8 INFO neutron.db.segments_db [None req-dd954d04-40cc-4fe2-93e7-86f358ba1ef4 dc0ead4928b14e2a842980476b3f231f d3cadff43e2c4878a6a2135473440f9d - - default default] Added segment 196c309f-2f65-4dab-ae85-2ecf52e0db24 of type geneve for network 2429a277-a6e0-440c-b993-07c6708ac0b6
2026-07-16 03:55:39.529 7 INFO neutron_taas.services.taas.taas_plugin [None req-0dd3bdc4-6a89-4196-81fd-a8f2a38b924a - - - - - -] TaaS: Handle Delete Port: 8cffca68-ae63-4b93-b7ae-a0d7dcd8f01d
2026-07-16 03:55:39.531 7 INFO neutron_taas.services.taas.tap_mirror_plugin [None req-0dd3bdc4-6a89-4196-81fd-a8f2a38b924a - - - - - -] Tap Mirror: Handle Delete Port: 8cffca68-ae63-4b93-b7ae-a0d7dcd8f01d
2026-07-16 03:55:39.616 8 INFO neutron.db.ovn_revision_numbers_db [None req-dd954d04-40cc-4fe2-93e7-86f358ba1ef4 dc0ead4928b14e2a842980476b3f231f d3cadff43e2c4878a6a2135473440f9d - - default default] Successfully bumped revision number for resource 2429a277-a6e0-440c-b993-07c6708ac0b6 (type: networks) to 1
2026-07-16 03:55:39.648 8 WARNING neutron.plugins.ml2.drivers.ovn.mech_driver.ovsdb.ovn_client [None req-09f39758-2bfc-422c-8e77-6b48d00843be - - - - - -] No hosting information found for port 4da003ec-028e-4239-87e5-aec82b6a7bd9: RuntimeError: No hosting information found for port 4da003ec-028e-4239-87e5-aec82b6a7bd9
2026-07-16 03:55:39.821 8 INFO neutron.db.ovn_revision_numbers_db [None req-09f39758-2bfc-422c-8e77-6b48d00843be - - - - - -] Successfully bumped revision number for resource 4da003ec-028e-4239-87e5-aec82b6a7bd9 (type: router_ports) to 2
2026-07-16 03:55:39.821 8 INFO neutron.plugins.ml2.drivers.ovn.mech_driver.mech_driver [None req-09f39758-2bfc-422c-8e77-6b48d00843be - - - - - -] OVN reports status down for port: 0202f561-1d9f-417a-b357-c12b3b1999b4
2026-07-16 03:55:39.835 8 INFO neutron.plugins.ml2.drivers.ovn.mech_driver.mech_driver [None req-09f39758-2bfc-422c-8e77-6b48d00843be - - - - - -] OVN reports status down for port: b0b0bc17-5785-4e7e-84e6-455834144ec9
2026-07-16 03:55:39.849 7 INFO neutron_taas.services.taas.taas_plugin [None req-641c955c-2d20-45d6-b979-1293f497e902 - - - - - -] TaaS: Handle Delete Port: b0b0bc17-5785-4e7e-84e6-455834144ec9
2026-07-16 03:55:39.852 7 INFO neutron_taas.services.taas.tap_mirror_plugin [None req-641c955c-2d20-45d6-b979-1293f497e902 - - - - - -] Tap Mirror: Handle Delete Port: b0b0bc17-5785-4e7e-84e6-455834144ec9
2026-07-16 03:55:39.906 8 WARNING neutron.scheduler.dhcp_agent_scheduler [None req-dd954d04-40cc-4fe2-93e7-86f358ba1ef4 dc0ead4928b14e2a842980476b3f231f d3cadff43e2c4878a6a2135473440f9d - - default default] No more DHCP agents
2026-07-16 03:55:39.908 8 WARNING neutron.api.rpc.agentnotifiers.dhcp_rpc_agent_api [None req-dd954d04-40cc-4fe2-93e7-86f358ba1ef4 dc0ead4928b14e2a842980476b3f231f d3cadff43e2c4878a6a2135473440f9d - - default default] Unable to schedule network 2429a277-a6e0-440c-b993-07c6708ac0b6: no agents available; will retry on subsequent port and subnet creation events.
2026-07-16 03:55:39.950 8 WARNING neutron.plugins.ml2.drivers.ovn.mech_driver.ovsdb.ovn_client [None req-09f39758-2bfc-422c-8e77-6b48d00843be - - - - - -] Logical_Switch_Port b0b0bc17-5785-4e7e-84e6-455834144ec9 host information not removed, the port state is up
2026-07-16 03:55:39.951 8 INFO neutron.plugins.ml2.drivers.ovn.mech_driver.mech_driver [None req-09f39758-2bfc-422c-8e77-6b48d00843be - - - - - -] OVN reports status up for port: b0b0bc17-5785-4e7e-84e6-455834144ec9
2026-07-16 03:55:39.984 8 INFO neutron.plugins.ml2.plugin [None req-09f39758-2bfc-422c-8e77-6b48d00843be - - - - - -] Attempt 1 to provision port b0b0bc17-5785-4e7e-84e6-455834144ec9
2026-07-16 03:55:40.003 7 INFO neutron.plugins.ml2.drivers.ovn.mech_driver.mech_driver [None req-37d77e6e-1121-49e8-a0a7-bfd01f499ad6 - - - - - -] OVN reports status down for port: 3c34dada-2bcb-44ac-820f-5bf3d6fc9d2e
2026-07-16 03:55:40.041 8 INFO neutron.db.ovn_revision_numbers_db [None req-dd954d04-40cc-4fe2-93e7-86f358ba1ef4 dc0ead4928b14e2a842980476b3f231f d3cadff43e2c4878a6a2135473440f9d - - default default] Successfully bumped revision number for resource 3c34dada-2bcb-44ac-820f-5bf3d6fc9d2e (type: ports) to 1
2026-07-16 03:55:40.065 8 INFO neutron.plugins.ml2.db [None req-09f39758-2bfc-422c-8e77-6b48d00843be - - - - - -] No ports have port_id starting with b0b0bc17-5785-4e7e-84e6-455834144ec9 [pid: 8|app: 0|req: 1559/2891] 10.0.0.34 () {34 vars in 669 bytes} [Thu Jul 16 03:55:39 2026] POST /v2.0/networks => generated 675 bytes in 668 msecs (HTTP/1.1 201) 4 headers in 162 bytes (1 switches on core 0)
2026-07-16 03:55:40.281 8 WARNING neutron.scheduler.dhcp_agent_scheduler [None req-792cece2-376f-4caf-adae-d4fb290da113 dc0ead4928b14e2a842980476b3f231f d3cadff43e2c4878a6a2135473440f9d - - default default] No more DHCP agents
2026-07-16 03:55:40.283 8 WARNING neutron.api.rpc.agentnotifiers.dhcp_rpc_agent_api [None req-792cece2-376f-4caf-adae-d4fb290da113 dc0ead4928b14e2a842980476b3f231f d3cadff43e2c4878a6a2135473440f9d - - default default] Unable to schedule network 2429a277-a6e0-440c-b993-07c6708ac0b6: no agents available; will retry on subsequent port and subnet creation events.
2026-07-16 03:55:40.690 8 INFO neutron.db.ovn_revision_numbers_db [None req-4318b83d-7a07-4daf-9063-f661014ed431 - - - - - -] Successfully bumped revision number for resource 3c34dada-2bcb-44ac-820f-5bf3d6fc9d2e (type: ports) to 2
2026-07-16 03:55:40.724 8 INFO neutron.db.ovn_revision_numbers_db [None req-4318b83d-7a07-4daf-9063-f661014ed431 - - - - - -] Successfully bumped revision number for resource 1dcaa8a5-3572-4b53-b517-65b5fd199201 (type: subnets) to 0 [pid: 8|app: 0|req: 1560/2892] 10.0.0.34 () {34 vars in 668 bytes} [Thu Jul 16 03:55:40 2026] POST /v2.0/subnets => generated 655 bytes in 655 msecs (HTTP/1.1 201) 4 headers in 162 bytes (1 switches on core 0)
2026-07-16 03:55:40.758 7 INFO neutron_taas.services.taas.taas_plugin [None req-641c955c-2d20-45d6-b979-1293f497e902 - - - - - -] TaaS: Handle Delete Port: 41e7090e-b90b-452c-a089-ccbc82f56630
2026-07-16 03:55:40.763 7 INFO neutron_taas.services.taas.tap_mirror_plugin [None req-641c955c-2d20-45d6-b979-1293f497e902 - - - - - -] Tap Mirror: Handle Delete Port: 41e7090e-b90b-452c-a089-ccbc82f56630
2026-07-16 03:55:40.959 7 INFO neutron.services.segments.plugin [-] Segment 1e029943-6da2-4be9-9bf1-123d62bcf0e5 resource provider aggregate not found
2026-07-16 03:55:40.971 7 INFO neutron.services.segments.plugin [-] Segment 1e029943-6da2-4be9-9bf1-123d62bcf0e5 resource provider aggregate not found
2026-07-16 03:55:40.973 8 WARNING neutron.scheduler.dhcp_agent_scheduler [None req-3c2c599c-adbc-4e2e-8b91-979031b5fcc5 dc0ead4928b14e2a842980476b3f231f d3cadff43e2c4878a6a2135473440f9d - - default default] No more DHCP agents
2026-07-16 03:55:40.975 8 WARNING neutron.api.rpc.agentnotifiers.dhcp_rpc_agent_api [None req-3c2c599c-adbc-4e2e-8b91-979031b5fcc5 dc0ead4928b14e2a842980476b3f231f d3cadff43e2c4878a6a2135473440f9d - - default default] Unable to schedule network 2429a277-a6e0-440c-b993-07c6708ac0b6: no agents available; will retry on subsequent port and subnet creation events.
2026-07-16 03:55:40.977 7 INFO neutron.services.segments.plugin [-] Client error retrieving segment 1e029943-6da2-4be9-9bf1-123d62bcf0e5 resource provider; error: Placement Client Error (4xx): {"errors": [{"status": 404, "title": "Not Found", "detail": "The resource could not be found.\n\n No resource provider with uuid 1e029943-6da2-4be9-9bf1-123d62bcf0e5 found for delete ", "request_id": "req-9624823d-b7cc-45d5-93bd-5e477bddf846"}]}
2026-07-16 03:55:40.989 7 INFO neutron.services.segments.plugin [-] Client error retrieving segment 1e029943-6da2-4be9-9bf1-123d62bcf0e5 resource provider; error: Placement Client Error (4xx): {"errors": [{"status": 404, "title": "Not Found", "detail": "The resource could not be found.\n\n No resource provider with uuid 1e029943-6da2-4be9-9bf1-123d62bcf0e5 found for delete ", "request_id": "req-97466407-e9cd-4a1c-98b5-08a62be76d6a"}]}
