2026-07-16 03:53:00.215 7 INFO neutron.plugins.ml2.drivers.ovn.mech_driver.mech_driver [None req-290c3eb0-fdfd-45e1-9611-2f7e2f50b3e4 - - - - - -] OVN reports status down for port: 5c2d71f2-a8a8-43a3-b4e9-b2e5278ada2a
2026-07-16 03:53:00.234 8 INFO neutron.db.ovn_revision_numbers_db [None req-ad0d7743-bc48-4271-8913-c41cf368f39b 6200886fd1d84b18952cf1993f9e46aa 1f5dce6b18f6448ba48a5fd7bfb160e8 - - default default] Successfully bumped revision number for resource 5c2d71f2-a8a8-43a3-b4e9-b2e5278ada2a (type: ports) to 1
2026-07-16 03:53:00.487 7 WARNING neutron.scheduler.dhcp_agent_scheduler [None req-96a37237-fc41-4fa2-837e-c80bfb4eb7a3 ea0174f3d68e492f9e6a39a92a2c2de5 0a51d4b7560b4eb093ad9f031071ebde - - default default] No more DHCP agents
2026-07-16 03:53:00.489 7 WARNING neutron.api.rpc.agentnotifiers.dhcp_rpc_agent_api [None req-96a37237-fc41-4fa2-837e-c80bfb4eb7a3 ea0174f3d68e492f9e6a39a92a2c2de5 0a51d4b7560b4eb093ad9f031071ebde - - default default] Unable to schedule network cea7e819-531f-4cf3-85cc-7932da98774d: no agents available; will retry on subsequent port and subnet creation events.
2026-07-16 03:53:00.692 7 INFO neutron.db.ovn_revision_numbers_db [None req-ba0b8c33-d32d-4ff2-a1c3-445171566dc7 - - - - - -] Successfully bumped revision number for resource 1b22ac68-01b0-4c12-9f6f-27532cb24196 (type: ports) to 4
2026-07-16 03:53:00.853 7 INFO neutron.plugins.ml2.drivers.ovn.mech_driver.mech_driver [None req-290c3eb0-fdfd-45e1-9611-2f7e2f50b3e4 - - - - - -] OVN reports status up for port: 5c2d71f2-a8a8-43a3-b4e9-b2e5278ada2a
2026-07-16 03:53:00.891 7 INFO neutron.plugins.ml2.plugin [None req-290c3eb0-fdfd-45e1-9611-2f7e2f50b3e4 - - - - - -] Attempt 1 to provision port 5c2d71f2-a8a8-43a3-b4e9-b2e5278ada2a
2026-07-16 03:53:00.940 8 WARNING neutron.scheduler.dhcp_agent_scheduler [None req-ad0d7743-bc48-4271-8913-c41cf368f39b 6200886fd1d84b18952cf1993f9e46aa 1f5dce6b18f6448ba48a5fd7bfb160e8 - - default default] No more DHCP agents
2026-07-16 03:53:00.942 8 WARNING neutron.api.rpc.agentnotifiers.dhcp_rpc_agent_api [None req-ad0d7743-bc48-4271-8913-c41cf368f39b 6200886fd1d84b18952cf1993f9e46aa 1f5dce6b18f6448ba48a5fd7bfb160e8 - - default default] Unable to schedule network a65cf457-99c4-4b4b-8167-7448ddd9131c: no agents available; will retry on subsequent port and subnet creation events.
2026-07-16 03:53:01.365 8 INFO neutron.db.ovn_revision_numbers_db [None req-ad0d7743-bc48-4271-8913-c41cf368f39b 6200886fd1d84b18952cf1993f9e46aa 1f5dce6b18f6448ba48a5fd7bfb160e8 - - default default] Successfully bumped revision number for resource 5c2d71f2-a8a8-43a3-b4e9-b2e5278ada2a (type: router_ports) to 1 [pid: 8|app: 0|req: 889/1626] 10.0.0.34 () {34 vars in 782 bytes} [Thu Jul 16 03:52:59 2026] PUT /v2.0/routers/f5a96622-7cf4-47b8-971e-9596f3c95840/add_router_interface => generated 309 bytes in 1703 msecs (HTTP/1.1 200) 4 headers in 157 bytes (1 switches on core 0)
2026-07-16 03:53:01.477 8 INFO neutron.db.ovn_revision_numbers_db [None req-f170d37c-1845-43f2-b3c1-0847ef406133 899343975de642f9916369829bb71677 f832e2eb6ac8481693ced6be3c6922bc - - default default] Successfully bumped revision number for resource 3270a897-f267-4879-b897-22279c377f24 (type: security_groups) to 1
2026-07-16 03:53:01.489 8 INFO neutron.db.ovn_revision_numbers_db [None req-f170d37c-1845-43f2-b3c1-0847ef406133 899343975de642f9916369829bb71677 f832e2eb6ac8481693ced6be3c6922bc - - default default] Successfully bumped revision number for resource b5f378ae-6df4-4202-9fdb-b7f16461f536 (type: security_group_rules) to 0
2026-07-16 03:53:01.500 8 INFO neutron.db.ovn_revision_numbers_db [None req-f170d37c-1845-43f2-b3c1-0847ef406133 899343975de642f9916369829bb71677 f832e2eb6ac8481693ced6be3c6922bc - - default default] Successfully bumped revision number for resource b95de36c-e1cc-4585-bcfa-e127355c5af6 (type: security_group_rules) to 0 [pid: 8|app: 0|req: 890/1627] 10.0.0.34 () {34 vars in 684 bytes} [Thu Jul 16 03:53:01 2026] POST /v2.0/security-groups => generated 1675 bytes in 178 msecs (HTTP/1.1 201) 4 headers in 163 bytes (1 switches on core 0)
2026-07-16 03:53:01.609 7 INFO neutron.db.ovn_revision_numbers_db [None req-5b837fe3-fb6a-417a-adef-d755be5810ad - - - - - -] Successfully bumped revision number for resource 15cb7b00-4e0f-4b9b-a374-ca315435380c (type: ports) to 2
2026-07-16 03:53:01.653 7 INFO neutron.db.ovn_revision_numbers_db [None req-5b837fe3-fb6a-417a-adef-d755be5810ad - - - - - -] Successfully bumped revision number for resource 12787d0b-7d36-4451-b07d-f8df1e290b24 (type: subnets) to 0
2026-07-16 03:53:01.694 8 INFO neutron.db.ovn_revision_numbers_db [None req-50a2214d-77df-4870-9a32-405672cb5313 899343975de642f9916369829bb71677 f832e2eb6ac8481693ced6be3c6922bc - - default default] Successfully bumped revision number for resource ad46dad6-a813-4f37-b0ef-471366e289bf (type: security_group_rules) to 0 [pid: 7|app: 0|req: 738/1628] 10.0.0.34 () {34 vars in 668 bytes} [Thu Jul 16 03:53:00 2026] POST /v2.0/subnets => generated 626 bytes in 1663 msecs (HTTP/1.1 201) 4 headers in 162 bytes (1 switches on core 0) [pid: 8|app: 0|req: 891/1629] 10.0.0.34 () {34 vars in 694 bytes} [Thu Jul 16 03:53:01 2026] POST /v2.0/security-group-rules => generated 597 bytes in 170 msecs (HTTP/1.1 201) 4 headers in 162 bytes (1 switches on core 0)
2026-07-16 03:53:01.780 7 INFO neutron.db.ovn_revision_numbers_db [None req-ba0b8c33-d32d-4ff2-a1c3-445171566dc7 - - - - - -] Successfully bumped revision number for resource 1b22ac68-01b0-4c12-9f6f-27532cb24196 (type: ports) to 5
2026-07-16 03:53:01.844 8 INFO neutron.db.ovn_revision_numbers_db [None req-fa54eda4-aa1f-459d-8536-d23006cc37ac 899343975de642f9916369829bb71677 f832e2eb6ac8481693ced6be3c6922bc - - default default] Successfully bumped revision number for resource 46a73730-4bd0-4ac1-94a8-b82603cc318c (type: security_group_rules) to 0 [pid: 8|app: 0|req: 892/1630] 10.0.0.34 () {34 vars in 694 bytes} [Thu Jul 16 03:53:01 2026] POST /v2.0/security-group-rules => generated 596 bytes in 149 msecs (HTTP/1.1 201) 4 headers in 162 bytes (1 switches on core 0)
2026-07-16 03:53:02.022 8 INFO neutron.db.ovn_revision_numbers_db [None req-4887c001-f393-4d2a-9e38-95b822cee189 899343975de642f9916369829bb71677 f832e2eb6ac8481693ced6be3c6922bc - - default default] Successfully bumped revision number for resource 46defc15-6d86-4ed4-9de8-863a5cdb2170 (type: security_group_rules) to 0 [pid: 8|app: 0|req: 893/1631] 10.0.0.34 () {34 vars in 694 bytes} [Thu Jul 16 03:53:01 2026] POST /v2.0/security-group-rules => generated 602 bytes in 162 msecs (HTTP/1.1 201) 4 headers in 162 bytes (1 switches on core 0)
2026-07-16 03:53:02.142 7 INFO neutron.db.ovn_revision_numbers_db [None req-290c3eb0-fdfd-45e1-9611-2f7e2f50b3e4 - - - - - -] Successfully bumped revision number for resource 5c2d71f2-a8a8-43a3-b4e9-b2e5278ada2a (type: ports) to 2
2026-07-16 03:53:02.163 8 INFO neutron.db.ovn_revision_numbers_db [None req-50516a71-56d7-4f93-8519-5930ec2101eb 899343975de642f9916369829bb71677 f832e2eb6ac8481693ced6be3c6922bc - - default default] Successfully bumped revision number for resource 5f16a107-0c74-4470-beaf-d62b6b324b5d (type: security_group_rules) to 0 [pid: 8|app: 0|req: 894/1632] 10.0.0.34 () {34 vars in 694 bytes} [Thu Jul 16 03:53:02 2026] POST /v2.0/security-group-rules => generated 601 bytes in 148 msecs (HTTP/1.1 201) 4 headers in 162 bytes (1 switches on core 0)
2026-07-16 03:53:02.242 8 INFO neutron.db.securitygroups_db [None req-c9ef6f6f-cc11-43be-8f48-adb646c83f34 899343975de642f9916369829bb71677 f832e2eb6ac8481693ced6be3c6922bc - - default default] Project f832e2eb6ac8481693ced6be3c6922bc added a security group rule with legacy IPv6 ICMP protocol name icmp, ipv6-icmp should be used instead. It was automatically converted.
2026-07-16 03:53:02.304 7 INFO neutron.db.ovn_revision_numbers_db [None req-7ccb76f9-f2fe-4b64-bdc0-9bf6fb8f380c ea0174f3d68e492f9e6a39a92a2c2de5 0a51d4b7560b4eb093ad9f031071ebde - - default default] Successfully bumped revision number for resource 12787d0b-7d36-4451-b07d-f8df1e290b24 (type: subnets) to 1 [pid: 7|app: 0|req: 739/1633] 10.0.0.34 () {34 vars in 740 bytes} [Thu Jul 16 03:53:01 2026] PUT /v2.0/subnets/12787d0b-7d36-4451-b07d-f8df1e290b24 => generated 636 bytes in 595 msecs (HTTP/1.1 200) 4 headers in 157 bytes (1 switches on core 0)
2026-07-16 03:53:02.327 8 INFO neutron.db.ovn_revision_numbers_db [None req-c9ef6f6f-cc11-43be-8f48-adb646c83f34 899343975de642f9916369829bb71677 f832e2eb6ac8481693ced6be3c6922bc - - default default] Successfully bumped revision number for resource d9e02012-6880-446c-9d85-f23fdfc31af0 (type: security_group_rules) to 0 [pid: 8|app: 0|req: 895/1634] 10.0.0.34 () {34 vars in 694 bytes} [Thu Jul 16 03:53:02 2026] POST /v2.0/security-group-rules => generated 607 bytes in 145 msecs (HTTP/1.1 201) 4 headers in 162 bytes (1 switches on core 0)
2026-07-16 03:53:02.383 8 INFO neutron.db.securitygroups_db [None req-48772ad6-6a4d-44be-965f-7d8e180c6ba4 899343975de642f9916369829bb71677 f832e2eb6ac8481693ced6be3c6922bc - - default default] Project f832e2eb6ac8481693ced6be3c6922bc added a security group rule with legacy IPv6 ICMP protocol name icmp, ipv6-icmp should be used instead. It was automatically converted.
2026-07-16 03:53:02.444 7 INFO neutron_taas.services.taas.taas_plugin [None req-718addc9-aa35-4572-baeb-cd99318b1551 ea0174f3d68e492f9e6a39a92a2c2de5 0a51d4b7560b4eb093ad9f031071ebde - - default default] TaaS: Handle Delete Port: 15cb7b00-4e0f-4b9b-a374-ca315435380c
2026-07-16 03:53:02.447 7 INFO neutron_taas.services.taas.tap_mirror_plugin [None req-718addc9-aa35-4572-baeb-cd99318b1551 ea0174f3d68e492f9e6a39a92a2c2de5 0a51d4b7560b4eb093ad9f031071ebde - - default default] Tap Mirror: Handle Delete Port: 15cb7b00-4e0f-4b9b-a374-ca315435380c
2026-07-16 03:53:02.479 8 INFO neutron.db.ovn_revision_numbers_db [None req-48772ad6-6a4d-44be-965f-7d8e180c6ba4 899343975de642f9916369829bb71677 f832e2eb6ac8481693ced6be3c6922bc - - default default] Successfully bumped revision number for resource 2ab02657-6486-487e-b755-7baae5ecb71c (type: security_group_rules) to 0 [pid: 8|app: 0|req: 896/1635] 10.0.0.34 () {34 vars in 694 bytes} [Thu Jul 16 03:53:02 2026] POST /v2.0/security-group-rules => generated 606 bytes in 157 msecs (HTTP/1.1 201) 4 headers in 162 bytes (1 switches on core 0)
2026-07-16 03:53:02.687 8 INFO neutron.db.ovn_revision_numbers_db [None req-7f79e6c6-7c04-4afa-a627-65c27ed9533f 6200886fd1d84b18952cf1993f9e46aa 1f5dce6b18f6448ba48a5fd7bfb160e8 - - default default] Successfully bumped revision number for resource e4b16e50-0b75-482a-9a20-de6a304a17a1 (type: security_groups) to 1
2026-07-16 03:53:02.697 8 INFO neutron.db.ovn_revision_numbers_db [None req-7f79e6c6-7c04-4afa-a627-65c27ed9533f 6200886fd1d84b18952cf1993f9e46aa 1f5dce6b18f6448ba48a5fd7bfb160e8 - - default default] Successfully bumped revision number for resource 88b075dd-2185-41bd-a410-7aa39e5630a5 (type: security_group_rules) to 0
2026-07-16 03:53:02.713 8 INFO neutron.db.ovn_revision_numbers_db [None req-7f79e6c6-7c04-4afa-a627-65c27ed9533f 6200886fd1d84b18952cf1993f9e46aa 1f5dce6b18f6448ba48a5fd7bfb160e8 - - default default] Successfully bumped revision number for resource c6682b66-30f1-4480-b6a3-e941db52fbc5 (type: security_group_rules) to 0
2026-07-16 03:53:02.725 8 INFO neutron.db.ovn_revision_numbers_db [None req-7f79e6c6-7c04-4afa-a627-65c27ed9533f 6200886fd1d84b18952cf1993f9e46aa 1f5dce6b18f6448ba48a5fd7bfb160e8 - - default default] Successfully bumped revision number for resource e154ca5b-a745-41ec-8222-971044d20f5e (type: security_group_rules) to 0
2026-07-16 03:53:02.735 8 INFO neutron.db.ovn_revision_numbers_db [None req-7f79e6c6-7c04-4afa-a627-65c27ed9533f 6200886fd1d84b18952cf1993f9e46aa 1f5dce6b18f6448ba48a5fd7bfb160e8 - - default default] Successfully bumped revision number for resource f2777b71-ab46-4ce9-a300-337c45cac369 (type: security_group_rules) to 0
2026-07-16 03:53:02.766 7 INFO neutron.services.segments.plugin [-] Segment 2090fb73-9e23-4997-9a08-da4571c94dcd resource provider aggregate not found
2026-07-16 03:53:02.774 7 INFO neutron.services.segments.plugin [-] Segment 2090fb73-9e23-4997-9a08-da4571c94dcd resource provider aggregate not found
2026-07-16 03:53:02.797 7 INFO neutron.services.segments.plugin [-] Client error retrieving segment 2090fb73-9e23-4997-9a08-da4571c94dcd resource provider; error: Placement Client Error (4xx): {"errors": [{"status": 404, "title": "Not Found", "detail": "The resource could not be found.\n\n No resource provider with uuid 2090fb73-9e23-4997-9a08-da4571c94dcd found for delete ", "request_id": "req-f7c1e900-764d-42ce-9919-a3d83810070b"}]}
2026-07-16 03:53:02.799 7 INFO neutron.services.segments.plugin [-] Client error retrieving segment 2090fb73-9e23-4997-9a08-da4571c94dcd resource provider; error: Placement Client Error (4xx): {"errors": [{"status": 404, "title": "Not Found", "detail": "The resource could not be found.\n\n No resource provider with uuid 2090fb73-9e23-4997-9a08-da4571c94dcd found for delete ", "request_id": "req-bf9e83ad-4814-4ae5-b3f3-9e3aa123a609"}]} [pid: 7|app: 0|req: 740/1636] 10.0.0.34 () {32 vars in 725 bytes} [Thu Jul 16 03:53:02 2026] DELETE /v2.0/networks/cea7e819-531f-4cf3-85cc-7932da98774d => generated 0 bytes in 494 msecs (HTTP/1.1 204) 3 headers in 131 bytes (1 switches on core 0)
2026-07-16 03:53:02.817 8 INFO neutron.db.segments_db [None req-7f79e6c6-7c04-4afa-a627-65c27ed9533f 6200886fd1d84b18952cf1993f9e46aa 1f5dce6b18f6448ba48a5fd7bfb160e8 - - default default] Added segment e19a0fe2-8afb-4602-9da0-abde72aac30f of type geneve for network 5e292235-00c4-4683-8b68-93c07d2dd9c2
2026-07-16 03:53:02.827 7 INFO neutron.pecan_wsgi.hooks.translation [None req-73f153f9-a965-49f6-b7e9-fc85531d3c21 ea0174f3d68e492f9e6a39a92a2c2de5 0a51d4b7560b4eb093ad9f031071ebde - - default default] DELETE failed (client error): The resource could not be found. [pid: 7|app: 0|req: 741/1637] 10.0.0.34 () {32 vars in 725 bytes} [Thu Jul 16 03:53:02 2026] DELETE /v2.0/networks/cea7e819-531f-4cf3-85cc-7932da98774d => generated 138 bytes in 16 msecs (HTTP/1.1 404) 4 headers in 164 bytes (1 switches on core 0) [pid: 7|app: 0|req: 742/1638] 10.0.0.34 () {32 vars in 693 bytes} [Thu Jul 16 03:53:02 2026] GET /v2.0/networks?router%3Aexternal=True => generated 689 bytes in 74 msecs (HTTP/1.1 200) 4 headers in 157 bytes (1 switches on core 0)
2026-07-16 03:53:02.938 8 INFO neutron.db.ovn_revision_numbers_db [None req-7f79e6c6-7c04-4afa-a627-65c27ed9533f 6200886fd1d84b18952cf1993f9e46aa 1f5dce6b18f6448ba48a5fd7bfb160e8 - - default default] Successfully bumped revision number for resource 5e292235-00c4-4683-8b68-93c07d2dd9c2 (type: networks) to 1
2026-07-16 03:53:03.098 8 WARNING neutron.scheduler.dhcp_agent_scheduler [None req-7f79e6c6-7c04-4afa-a627-65c27ed9533f 6200886fd1d84b18952cf1993f9e46aa 1f5dce6b18f6448ba48a5fd7bfb160e8 - - default default] No more DHCP agents
2026-07-16 03:53:03.099 8 WARNING neutron.api.rpc.agentnotifiers.dhcp_rpc_agent_api [None req-7f79e6c6-7c04-4afa-a627-65c27ed9533f 6200886fd1d84b18952cf1993f9e46aa 1f5dce6b18f6448ba48a5fd7bfb160e8 - - default default] Unable to schedule network 5e292235-00c4-4683-8b68-93c07d2dd9c2: no agents available; will retry on subsequent port and subnet creation events.
2026-07-16 03:53:03.173 8 INFO neutron.db.ovn_revision_numbers_db [None req-7f79e6c6-7c04-4afa-a627-65c27ed9533f 6200886fd1d84b18952cf1993f9e46aa 1f5dce6b18f6448ba48a5fd7bfb160e8 - - default default] Successfully bumped revision number for resource 18fc7154-2cf1-4682-8c0e-9b5bd4398d10 (type: ports) to 1 [pid: 7|app: 0|req: 743/1639] 10.0.0.34 () {32 vars in 648 bytes} [Thu Jul 16 03:53:02 2026] GET /v2.0/networks => generated 1373 bytes in 272 msecs (HTTP/1.1 200) 4 headers in 158 bytes (1 switches on core 0) [pid: 8|app: 0|req: 897/1640] 10.0.0.34 () {34 vars in 670 bytes} [Thu Jul 16 03:53:02 2026] POST /v2.0/networks => generated 781 bytes in 681 msecs (HTTP/1.1 201) 4 headers in 162 bytes (1 switches on core 0) [pid: 7|app: 0|req: 744/1641] 10.0.0.34 () {32 vars in 741 bytes} [Thu Jul 16 03:53:03 2026] GET /v2.0/subnets?network_id=0a8cbe86-9b56-48c1-9926-571613fb178c => generated 649 bytes in 39 msecs (HTTP/1.1 200) 4 headers in 157 bytes (1 switches on core 0) [pid: 7|app: 0|req: 745/1642] 10.0.0.34 () {32 vars in 652 bytes} [Thu Jul 16 03:53:03 2026] GET /v2.0/extensions => generated 20541 bytes in 5 msecs (HTTP/1.1 200) 4 headers in 159 bytes (1 switches on core 0) [pid: 7|app: 0|req: 746/1643] 10.0.0.34 () {32 vars in 648 bytes} [Thu Jul 16 03:53:03 2026] GET /v2.0/networks => generated 1384 bytes in 45 msecs (HTTP/1.1 200) 4 headers in 158 bytes (1 switches on core 0)
2026-07-16 03:53:03.304 8 WARNING neutron.plugins.ml2.drivers.ovn.mech_driver.ovsdb.ovn_client [None req-8a8659bc-9320-4329-a3dd-789ab6963c73 - - - - - -] No hosting information found for port 1b3b7a71-41e8-4063-8e3e-70d51b69274b: RuntimeError: No hosting information found for port 1b3b7a71-41e8-4063-8e3e-70d51b69274b [pid: 7|app: 0|req: 747/1644] 10.0.0.142 () {34 vars in 1100 bytes} [Thu Jul 16 03:53:03 2026] GET /v2.0/security-groups?name=tempest-secgroup-smoke-1232858040&fields=id&tenant_id=f832e2eb6ac8481693ced6be3c6922bc => generated 69 bytes in 26 msecs (HTTP/1.1 200) 4 headers in 156 bytes (1 switches on core 0) [pid: 7|app: 0|req: 748/1645] 10.0.0.34 () {32 vars in 646 bytes} [Thu Jul 16 03:53:03 2026] GET /v2.0/subnets => generated 1280 bytes in 33 msecs (HTTP/1.1 200) 4 headers in 158 bytes (1 switches on core 0)
2026-07-16 03:53:03.379 8 WARNING neutron.scheduler.dhcp_agent_scheduler [None req-e224be10-6978-488c-b580-0e97af9c1e6e 6200886fd1d84b18952cf1993f9e46aa 1f5dce6b18f6448ba48a5fd7bfb160e8 - - default default] No more DHCP agents
2026-07-16 03:53:03.381 8 WARNING neutron.api.rpc.agentnotifiers.dhcp_rpc_agent_api [None req-e224be10-6978-488c-b580-0e97af9c1e6e 6200886fd1d84b18952cf1993f9e46aa 1f5dce6b18f6448ba48a5fd7bfb160e8 - - default default] Unable to schedule network 5e292235-00c4-4683-8b68-93c07d2dd9c2: no agents available; will retry on subsequent port and subnet creation events. [pid: 7|app: 0|req: 749/1646] 10.0.0.142 () {34 vars in 982 bytes} [Thu Jul 16 03:53:03 2026] GET /v2.0/networks?id=4ac39d7d-956a-4597-99ac-5388759e9a7b => generated 698 bytes in 45 msecs (HTTP/1.1 200) 4 headers in 157 bytes (1 switches on core 0)
2026-07-16 03:53:03.414 8 INFO neutron.db.ovn_revision_numbers_db [None req-8a8659bc-9320-4329-a3dd-789ab6963c73 - - - - - -] Successfully bumped revision number for resource 1b3b7a71-41e8-4063-8e3e-70d51b69274b (type: router_ports) to 2 [pid: 7|app: 0|req: 750/1647] 10.0.0.34 () {32 vars in 722 bytes} [Thu Jul 16 03:53:03 2026] GET /v2.0/networks/7d81e576-06c5-4834-a723-a36e807d758f => generated 706 bytes in 45 msecs (HTTP/1.1 200) 4 headers in 157 bytes (1 switches on core 0) [pid: 7|app: 0|req: 751/1648] 10.0.0.142 () {34 vars in 965 bytes} [Thu Jul 16 03:53:03 2026] GET /v2.0/quotas/f832e2eb6ac8481693ced6be3c6922bc => generated 292 bytes in 10 msecs (HTTP/1.1 200) 4 headers in 157 bytes (1 switches on core 0) [pid: 7|app: 0|req: 752/1649] 10.0.0.34 () {32 vars in 720 bytes} [Thu Jul 16 03:53:03 2026] GET /v2.0/subnets/b7a3002d-d87c-4fc8-82ce-f9f1bbab6d61 => generated 641 bytes in 24 msecs (HTTP/1.1 200) 4 headers in 157 bytes (1 switches on core 0)
2026-07-16 03:53:03.493 8 INFO neutron.plugins.ml2.drivers.ovn.mech_driver.mech_driver [None req-8a8659bc-9320-4329-a3dd-789ab6963c73 - - - - - -] OVN reports status down for port: 1b22ac68-01b0-4c12-9f6f-27532cb24196 [pid: 7|app: 0|req: 753/1650] 10.0.0.142 () {34 vars in 1002 bytes} [Thu Jul 16 03:53:03 2026] GET /v2.0/ports?tenant_id=f832e2eb6ac8481693ced6be3c6922bc&fields=id => generated 103 bytes in 72 msecs (HTTP/1.1 200) 4 headers in 157 bytes (1 switches on core 0)
2026-07-16 03:53:03.555 7 INFO neutron.pecan_wsgi.hooks.translation [None req-ad6dcde8-6279-46a5-a619-6f6a217cac96 ea0174f3d68e492f9e6a39a92a2c2de5 0a51d4b7560b4eb093ad9f031071ebde - - default default] DELETE failed (client error): The resource could not be found. [pid: 7|app: 0|req: 754/1651] 10.0.0.34 () {32 vars in 723 bytes} [Thu Jul 16 03:53:03 2026] DELETE /v2.0/subnets/12787d0b-7d36-4451-b07d-f8df1e290b24 => generated 136 bytes in 13 msecs (HTTP/1.1 404) 4 headers in 164 bytes (1 switches on core 0) [pid: 7|app: 0|req: 755/1652] 10.0.0.142 () {34 vars in 1008 bytes} [Thu Jul 16 03:53:03 2026] GET /v2.0/networks/4ac39d7d-956a-4597-99ac-5388759e9a7b?fields=segments => generated 14 bytes in 37 msecs (HTTP/1.1 200) 4 headers in 156 bytes (1 switches on core 0)
2026-07-16 03:53:03.605 7 INFO neutron.pecan_wsgi.hooks.translation [None req-011375de-13ae-4194-a894-69e45b083dd3 ea0174f3d68e492f9e6a39a92a2c2de5 0a51d4b7560b4eb093ad9f031071ebde - - default default] DELETE failed (client error): The resource could not be found. [pid: 7|app: 0|req: 756/1653] 10.0.0.34 () {32 vars in 725 bytes} [Thu Jul 16 03:53:03 2026] DELETE /v2.0/networks/cea7e819-531f-4cf3-85cc-7932da98774d => generated 138 bytes in 11 msecs (HTTP/1.1 404) 4 headers in 164 bytes (1 switches on core 0) [pid: 7|app: 0|req: 757/1654] 10.0.0.142 () {34 vars in 1108 bytes} [Thu Jul 16 03:53:03 2026] GET /v2.0/networks/4ac39d7d-956a-4597-99ac-5388759e9a7b?fields=provider%3Aphysical_network&fields=provider%3Anetwork_type => generated 79 bytes in 42 msecs (HTTP/1.1 200) 4 headers in 156 bytes (1 switches on core 0) [pid: 7|app: 0|req: 758/1655] 10.0.0.34 () {32 vars in 723 bytes} [Thu Jul 16 03:53:03 2026] DELETE /v2.0/subnets/b7a3002d-d87c-4fc8-82ce-f9f1bbab6d61 => generated 0 bytes in 161 msecs (HTTP/1.1 204) 3 headers in 131 bytes (1 switches on core 0) [pid: 7|app: 0|req: 759/1656] 10.0.0.142 () {34 vars in 990 bytes} [Thu Jul 16 03:53:03 2026] GET /v2.0/ports?device_id=699ef094-1e8a-4fb1-9a5e-ea490da0ad87 => generated 12 bytes in 18 msecs (HTTP/1.1 200) 4 headers in 156 bytes (1 switches on core 0)
2026-07-16 03:53:03.963 7 INFO neutron_taas.services.taas.taas_plugin [None req-29b733c3-f540-4332-81c1-f5eb3ce2fceb ea0174f3d68e492f9e6a39a92a2c2de5 0a51d4b7560b4eb093ad9f031071ebde - - default default] TaaS: Handle Delete Port: 04554528-cd5f-407c-b2b1-8420fe6eee75
2026-07-16 03:53:03.965 7 INFO neutron_taas.services.taas.tap_mirror_plugin [None req-29b733c3-f540-4332-81c1-f5eb3ce2fceb ea0174f3d68e492f9e6a39a92a2c2de5 0a51d4b7560b4eb093ad9f031071ebde - - default default] Tap Mirror: Handle Delete Port: 04554528-cd5f-407c-b2b1-8420fe6eee75
2026-07-16 03:53:04.047 8 INFO neutron.db.ovn_revision_numbers_db [None req-8a8659bc-9320-4329-a3dd-789ab6963c73 - - - - - -] Successfully bumped revision number for resource 1b22ac68-01b0-4c12-9f6f-27532cb24196 (type: ports) to 6 [pid: 7|app: 0|req: 760/1657] 10.0.0.34 () {32 vars in 725 bytes} [Thu Jul 16 03:53:03 2026] DELETE /v2.0/networks/7d81e576-06c5-4834-a723-a36e807d758f => generated 0 bytes in 333 msecs (HTTP/1.1 204) 3 headers in 131 bytes (1 switches on core 0)
2026-07-16 03:53:04.190 8 INFO neutron.db.ovn_revision_numbers_db [None req-2110460d-9a8c-4638-b157-7d09f5289659 - - - - - -] Successfully bumped revision number for resource 18fc7154-2cf1-4682-8c0e-9b5bd4398d10 (type: ports) to 2
2026-07-16 03:53:04.199 8 WARNING neutron.plugins.ml2.drivers.ovn.mech_driver.ovsdb.ovn_client [None req-9ae9aea5-e410-4bc8-9cd5-ef91cfe8bdc2 - - - - - -] Logical_Switch_Port 1b22ac68-01b0-4c12-9f6f-27532cb24196 host information not removed, the port state is up
2026-07-16 03:53:04.199 8 INFO neutron.plugins.ml2.drivers.ovn.mech_driver.mech_driver [None req-9ae9aea5-e410-4bc8-9cd5-ef91cfe8bdc2 - - - - - -] OVN reports status up for port: 1b22ac68-01b0-4c12-9f6f-27532cb24196
2026-07-16 03:53:04.218 8 INFO neutron.plugins.ml2.plugin [None req-9ae9aea5-e410-4bc8-9cd5-ef91cfe8bdc2 - - - - - -] Attempt 1 to provision port 1b22ac68-01b0-4c12-9f6f-27532cb24196
2026-07-16 03:53:04.237 8 INFO neutron.db.ovn_revision_numbers_db [None req-2110460d-9a8c-4638-b157-7d09f5289659 - - - - - -] Successfully bumped revision number for resource 136df4ad-d32a-40a5-9ec9-15c2847a0d02 (type: subnets) to 0 [pid: 8|app: 0|req: 898/1658] 10.0.0.34 () {34 vars in 668 bytes} [Thu Jul 16 03:53:03 2026] POST /v2.0/subnets => generated 688 bytes in 1062 msecs (HTTP/1.1 201) 4 headers in 162 bytes (1 switches on core 0)
2026-07-16 03:53:04.541 8 INFO neutron.db.ovn_revision_numbers_db [None req-9ae9aea5-e410-4bc8-9cd5-ef91cfe8bdc2 - - - - - -] Successfully bumped revision number for resource 1b22ac68-01b0-4c12-9f6f-27532cb24196 (type: ports) to 7
2026-07-16 03:53:04.642 8 INFO neutron.plugins.ml2.drivers.ovn.mech_driver.mech_driver [None req-cbbf4dd6-9acb-4b05-8868-0a3b6e77284e - - - - - -] OVN reports status down for port: 15cb7b00-4e0f-4b9b-a374-ca315435380c
2026-07-16 03:53:04.709 7 WARNING neutron.scheduler.dhcp_agent_scheduler [None req-3bcaddb2-df81-4f2f-a98c-dc6ae782fc9f 6200886fd1d84b18952cf1993f9e46aa 1f5dce6b18f6448ba48a5fd7bfb160e8 - - default default] No more DHCP agents
2026-07-16 03:53:04.710 7 WARNING neutron.api.rpc.agentnotifiers.dhcp_rpc_agent_api [None req-3bcaddb2-df81-4f2f-a98c-dc6ae782fc9f 6200886fd1d84b18952cf1993f9e46aa 1f5dce6b18f6448ba48a5fd7bfb160e8 - - default default] Unable to schedule network 0a8cbe86-9b56-48c1-9926-571613fb178c: no agents available; will retry on subsequent port and subnet creation events.
2026-07-16 03:53:04.833 7 INFO neutron.services.segments.plugin [-] Segment 9abfb2d4-dfaf-4101-8894-1770cbb03b79 resource provider aggregate not found
2026-07-16 03:53:04.838 7 INFO neutron.services.segments.plugin [-] Segment 9abfb2d4-dfaf-4101-8894-1770cbb03b79 resource provider aggregate not found
2026-07-16 03:53:04.851 7 INFO neutron.services.segments.plugin [-] Client error retrieving segment 9abfb2d4-dfaf-4101-8894-1770cbb03b79 resource provider; error: Placement Client Error (4xx): {"errors": [{"status": 404, "title": "Not Found", "detail": "The resource could not be found.\n\n No resource provider with uuid 9abfb2d4-dfaf-4101-8894-1770cbb03b79 found for delete ", "request_id": "req-e041b9bf-df02-4c65-8ed9-55c3ecbccde2"}]} [pid: 8|app: 0|req: 899/1659] 10.0.0.34 () {32 vars in 773 bytes} [Thu Jul 16 03:53:04 2026] GET /v2.0/security-groups?tenant_id=0a51d4b7560b4eb093ad9f031071ebde&name=default => generated 2925 bytes in 161 msecs (HTTP/1.1 200) 4 headers in 158 bytes (1 switches on core 0)
2026-07-16 03:53:04.858 7 INFO neutron.services.segments.plugin [-] Client error retrieving segment 9abfb2d4-dfaf-4101-8894-1770cbb03b79 resource provider; error: Placement Client Error (4xx): {"errors": [{"status": 404, "title": "Not Found", "detail": "The resource could not be found.\n\n No resource provider with uuid 9abfb2d4-dfaf-4101-8894-1770cbb03b79 found for delete ", "request_id": "req-50175573-bbbd-4473-ac52-48656a6e0a15"}]}
2026-07-16 03:53:04.877 7 INFO neutron.db.ovn_revision_numbers_db [None req-3bcaddb2-df81-4f2f-a98c-dc6ae782fc9f 6200886fd1d84b18952cf1993f9e46aa 1f5dce6b18f6448ba48a5fd7bfb160e8 - - default default] Successfully bumped revision number for resource aac00196-ba2b-4c5c-aff7-df8fa368703f (type: ports) to 1 [pid: 8|app: 0|req: 900/1660] 10.0.0.34 () {32 vars in 739 bytes} [Thu Jul 16 03:53:04 2026] DELETE /v2.0/security-groups/c1c4a2b5-0193-4e0f-bb64-b6dabad51536 => generated 0 bytes in 250 msecs (HTTP/1.1 204) 2 headers in 112 bytes (1 switches on core 0) [pid: 8|app: 0|req: 901/1661] 10.0.0.142 () {34 vars in 990 bytes} [Thu Jul 16 03:53:05 2026] GET /v2.0/ports?device_id=699ef094-1e8a-4fb1-9a5e-ea490da0ad87 => generated 12 bytes in 15 msecs (HTTP/1.1 200) 4 headers in 156 bytes (1 switches on core 0)
2026-07-16 03:53:05.517 7 INFO neutron.plugins.ml2.drivers.ovn.mech_driver.ovsdb.commands [None req-1ba62ba5-fb9f-421d-b73a-ad193bc393d1 - - - - - -] Schedule LRP lrp-aac00196-ba2b-4c5c-aff7-df8fa368703f on gateway 97f27acd-49f9-4251-ad3c-7551a583c1c8 with priority 1
2026-07-16 03:53:05.542 7 INFO neutron.plugins.ml2.drivers.ovn.mech_driver.ovsdb.ovsdb_monitor [None req-ba0b8c33-d32d-4ff2-a1c3-445171566dc7 - - - - - -] Router aecc1631-a18e-4e1b-94d0-b8cd87cd8aa2 is bound to host instance
2026-07-16 03:53:05.594 7 INFO neutron.db.ovn_revision_numbers_db [None req-3bcaddb2-df81-4f2f-a98c-dc6ae782fc9f 6200886fd1d84b18952cf1993f9e46aa 1f5dce6b18f6448ba48a5fd7bfb160e8 - - default default] Successfully bumped revision number for resource aac00196-ba2b-4c5c-aff7-df8fa368703f (type: router_ports) to 1
2026-07-16 03:53:05.720 7 INFO neutron.db.ovn_revision_numbers_db [None req-3bcaddb2-df81-4f2f-a98c-dc6ae782fc9f 6200886fd1d84b18952cf1993f9e46aa 1f5dce6b18f6448ba48a5fd7bfb160e8 - - default default] Successfully bumped revision number for resource aecc1631-a18e-4e1b-94d0-b8cd87cd8aa2 (type: routers) to 2 [pid: 7|app: 0|req: 761/1662] 10.0.0.34 () {34 vars in 668 bytes} [Thu Jul 16 03:53:04 2026] POST /v2.0/routers => generated 966 bytes in 1486 msecs (HTTP/1.1 201) 4 headers in 162 bytes (1 switches on core 0)
2026-07-16 03:53:05.992 8 INFO neutron.db.ovn_revision_numbers_db [None req-a502cbc9-d08c-492e-9fdf-faffa6cf6d25 6200886fd1d84b18952cf1993f9e46aa 1f5dce6b18f6448ba48a5fd7bfb160e8 - - default default] Successfully bumped revision number for resource b707cfe1-ba56-4377-b417-02832ad55824 (type: security_groups) to 1
2026-07-16 03:53:06.005 8 INFO neutron.db.ovn_revision_numbers_db [None req-a502cbc9-d08c-492e-9fdf-faffa6cf6d25 6200886fd1d84b18952cf1993f9e46aa 1f5dce6b18f6448ba48a5fd7bfb160e8 - - default default] Successfully bumped revision number for resource 03c38380-a5d2-45f8-8674-352ec962e04e (type: security_group_rules) to 0
2026-07-16 03:53:06.015 8 INFO neutron.db.ovn_revision_numbers_db [None req-a502cbc9-d08c-492e-9fdf-faffa6cf6d25 6200886fd1d84b18952cf1993f9e46aa 1f5dce6b18f6448ba48a5fd7bfb160e8 - - default default] Successfully bumped revision number for resource 2db98927-1ab6-4747-bfb9-71222ae43d9b (type: security_group_rules) to 0
2026-07-16 03:53:06.026 8 INFO neutron.db.ovn_revision_numbers_db [None req-a502cbc9-d08c-492e-9fdf-faffa6cf6d25 6200886fd1d84b18952cf1993f9e46aa 1f5dce6b18f6448ba48a5fd7bfb160e8 - - default default] Successfully bumped revision number for resource 7bc33399-ff88-4a5b-9639-14cfd79bcf74 (type: security_group_rules) to 0
2026-07-16 03:53:06.036 8 INFO neutron.db.ovn_revision_numbers_db [None req-a502cbc9-d08c-492e-9fdf-faffa6cf6d25 6200886fd1d84b18952cf1993f9e46aa 1f5dce6b18f6448ba48a5fd7bfb160e8 - - default default] Successfully bumped revision number for resource d9c2e320-b03d-436c-a04e-da3ad465f39d (type: security_group_rules) to 0 [pid: 8|app: 0|req: 902/1663] 10.0.0.34 () {32 vars in 773 bytes} [Thu Jul 16 03:53:05 2026] GET /v2.0/security-groups?tenant_id=f976a76222564150b27f6393a63358d2&name=default => generated 2925 bytes in 335 msecs (HTTP/1.1 200) 4 headers in 158 bytes (1 switches on core 0) [pid: 8|app: 0|req: 903/1664] 10.0.0.34 () {32 vars in 739 bytes} [Thu Jul 16 03:53:06 2026] DELETE /v2.0/security-groups/b707cfe1-ba56-4377-b417-02832ad55824 => generated 0 bytes in 194 msecs (HTTP/1.1 204) 2 headers in 112 bytes (1 switches on core 0) [pid: 8|app: 0|req: 904/1665] 10.0.0.142 () {34 vars in 990 bytes} [Thu Jul 16 03:53:06 2026] GET /v2.0/ports?device_id=699ef094-1e8a-4fb1-9a5e-ea490da0ad87 => generated 12 bytes in 17 msecs (HTTP/1.1 200) 4 headers in 156 bytes (1 switches on core 0)
2026-07-16 03:53:06.505 8 INFO neutron.db.ovn_revision_numbers_db [None req-e948554d-dc82-495b-afca-a15d05d71a9c 6200886fd1d84b18952cf1993f9e46aa 1f5dce6b18f6448ba48a5fd7bfb160e8 - - default default] Successfully bumped revision number for resource b83d156b-28e1-4836-8275-de46835a9aaa (type: security_groups) to 1
2026-07-16 03:53:06.515 8 INFO neutron.db.ovn_revision_numbers_db [None req-e948554d-dc82-495b-afca-a15d05d71a9c 6200886fd1d84b18952cf1993f9e46aa 1f5dce6b18f6448ba48a5fd7bfb160e8 - - default default] Successfully bumped revision number for resource 3ace31b7-86ee-4b30-be90-c7e87111aabb (type: security_group_rules) to 0
2026-07-16 03:53:06.526 8 INFO neutron.db.ovn_revision_numbers_db [None req-e948554d-dc82-495b-afca-a15d05d71a9c 6200886fd1d84b18952cf1993f9e46aa 1f5dce6b18f6448ba48a5fd7bfb160e8 - - default default] Successfully bumped revision number for resource 567bd973-db30-4b64-b79a-e691253766cb (type: security_group_rules) to 0
2026-07-16 03:53:06.537 8 INFO neutron.db.ovn_revision_numbers_db [None req-e948554d-dc82-495b-afca-a15d05d71a9c 6200886fd1d84b18952cf1993f9e46aa 1f5dce6b18f6448ba48a5fd7bfb160e8 - - default default] Successfully bumped revision number for resource 83c6445c-1f2e-42c1-b38f-c511c0c4d2f8 (type: security_group_rules) to 0
2026-07-16 03:53:06.550 8 INFO neutron.db.ovn_revision_numbers_db [None req-e948554d-dc82-495b-afca-a15d05d71a9c 6200886fd1d84b18952cf1993f9e46aa 1f5dce6b18f6448ba48a5fd7bfb160e8 - - default default] Successfully bumped revision number for resource 9a0da860-a277-4a4d-bddd-a5dd6b066d1d (type: security_group_rules) to 0
2026-07-16 03:53:06.557 7 WARNING neutron.scheduler.dhcp_agent_scheduler [None req-b6acf504-3810-42d8-8356-931e37a48567 6200886fd1d84b18952cf1993f9e46aa 1f5dce6b18f6448ba48a5fd7bfb160e8 - - default default] No more DHCP agents
2026-07-16 03:53:06.560 7 WARNING neutron.api.rpc.agentnotifiers.dhcp_rpc_agent_api [None req-b6acf504-3810-42d8-8356-931e37a48567 6200886fd1d84b18952cf1993f9e46aa 1f5dce6b18f6448ba48a5fd7bfb160e8 - - default default] Unable to schedule network 5e292235-00c4-4683-8b68-93c07d2dd9c2: no agents available; will retry on subsequent port and subnet creation events. [pid: 8|app: 0|req: 905/1666] 10.0.0.34 () {32 vars in 773 bytes} [Thu Jul 16 03:53:06 2026] GET /v2.0/security-groups?tenant_id=bb70978a778249009667bd9c923a3a40&name=default => generated 2925 bytes in 209 msecs (HTTP/1.1 200) 4 headers in 158 bytes (1 switches on core 0) [pid: 8|app: 0|req: 906/1667] 10.0.0.34 () {32 vars in 739 bytes} [Thu Jul 16 03:53:06 2026] DELETE /v2.0/security-groups/b83d156b-28e1-4836-8275-de46835a9aaa => generated 0 bytes in 226 msecs (HTTP/1.1 204) 2 headers in 112 bytes (1 switches on core 0)
2026-07-16 03:53:06.830 7 INFO neutron.db.ovn_revision_numbers_db [None req-b6acf504-3810-42d8-8356-931e37a48567 6200886fd1d84b18952cf1993f9e46aa 1f5dce6b18f6448ba48a5fd7bfb160e8 - - default default] Successfully bumped revision number for resource 3d60bbb0-78e2-4bc0-bef1-dab6892a101e (type: ports) to 1
2026-07-16 03:53:06.935 7 INFO neutron.db.ovn_revision_numbers_db [None req-8e11f873-3dd2-497a-930a-8c6da7490438 - - - - - -] Successfully bumped revision number for resource aac00196-ba2b-4c5c-aff7-df8fa368703f (type: ports) to 4
2026-07-16 03:53:07.055 7 WARNING neutron.plugins.ml2.drivers.ovn.mech_driver.ovsdb.ovn_client [None req-0dde3511-d709-4818-bdfb-b0fe9f9d43b8 - - - - - -] No hosting information found for port 5c2d71f2-a8a8-43a3-b4e9-b2e5278ada2a: RuntimeError: No hosting information found for port 5c2d71f2-a8a8-43a3-b4e9-b2e5278ada2a
2026-07-16 03:53:07.135 8 INFO neutron.db.ovn_revision_numbers_db [None req-609331fb-8f3e-4c9c-91c8-af36ecfc1895 96868c5e0f8c4023aeb8415b377e9b3d 1d88229b46b9477b9e5e719095bec931 - - default default] Successfully bumped revision number for resource 838a9e30-f65b-47e0-b1e3-141fb8f066aa (type: security_groups) to 1
2026-07-16 03:53:07.146 8 INFO neutron.db.ovn_revision_numbers_db [None req-609331fb-8f3e-4c9c-91c8-af36ecfc1895 96868c5e0f8c4023aeb8415b377e9b3d 1d88229b46b9477b9e5e719095bec931 - - default default] Successfully bumped revision number for resource 04c84fa6-d05f-4dfe-94fe-2b4c2a84bfad (type: security_group_rules) to 0
2026-07-16 03:53:07.160 8 INFO neutron.db.ovn_revision_numbers_db [None req-609331fb-8f3e-4c9c-91c8-af36ecfc1895 96868c5e0f8c4023aeb8415b377e9b3d 1d88229b46b9477b9e5e719095bec931 - - default default] Successfully bumped revision number for resource 8971ac5d-ff01-4fec-a9a9-654cd4b908be (type: security_group_rules) to 0
2026-07-16 03:53:07.170 8 INFO neutron.db.ovn_revision_numbers_db [None req-609331fb-8f3e-4c9c-91c8-af36ecfc1895 96868c5e0f8c4023aeb8415b377e9b3d 1d88229b46b9477b9e5e719095bec931 - - default default] Successfully bumped revision number for resource dc2ddca6-2251-4897-a626-c0a161c24660 (type: security_group_rules) to 0
2026-07-16 03:53:07.183 8 INFO neutron.db.ovn_revision_numbers_db [None req-609331fb-8f3e-4c9c-91c8-af36ecfc1895 96868c5e0f8c4023aeb8415b377e9b3d 1d88229b46b9477b9e5e719095bec931 - - default default] Successfully bumped revision number for resource f1abbd86-9cd4-4d2f-8054-44ab1a233183 (type: security_group_rules) to 0
2026-07-16 03:53:07.262 8 INFO neutron.db.segments_db [None req-609331fb-8f3e-4c9c-91c8-af36ecfc1895 96868c5e0f8c4023aeb8415b377e9b3d 1d88229b46b9477b9e5e719095bec931 - - default default] Added segment 3bacfde2-b022-4a06-b6e1-e64480357b61 of type geneve for network 95289b06-c81c-46c7-b5ee-59f3942aac47
2026-07-16 03:53:07.314 7 INFO neutron.db.ovn_revision_numbers_db [None req-0dde3511-d709-4818-bdfb-b0fe9f9d43b8 - - - - - -] Successfully bumped revision number for resource 5c2d71f2-a8a8-43a3-b4e9-b2e5278ada2a (type: router_ports) to 2
2026-07-16 03:53:07.353 8 INFO neutron.db.ovn_revision_numbers_db [None req-609331fb-8f3e-4c9c-91c8-af36ecfc1895 96868c5e0f8c4023aeb8415b377e9b3d 1d88229b46b9477b9e5e719095bec931 - - default default] Successfully bumped revision number for resource 95289b06-c81c-46c7-b5ee-59f3942aac47 (type: networks) to 1
2026-07-16 03:53:07.477 7 INFO neutron.plugins.ml2.drivers.ovn.mech_driver.mech_driver [None req-0dde3511-d709-4818-bdfb-b0fe9f9d43b8 - - - - - -] OVN reports status down for port: 18fc7154-2cf1-4682-8c0e-9b5bd4398d10
2026-07-16 03:53:07.478 8 WARNING neutron.scheduler.dhcp_agent_scheduler [None req-609331fb-8f3e-4c9c-91c8-af36ecfc1895 96868c5e0f8c4023aeb8415b377e9b3d 1d88229b46b9477b9e5e719095bec931 - - default default] No more DHCP agents
2026-07-16 03:53:07.479 8 WARNING neutron.api.rpc.agentnotifiers.dhcp_rpc_agent_api [None req-609331fb-8f3e-4c9c-91c8-af36ecfc1895 96868c5e0f8c4023aeb8415b377e9b3d 1d88229b46b9477b9e5e719095bec931 - - default default] Unable to schedule network 95289b06-c81c-46c7-b5ee-59f3942aac47: no agents available; will retry on subsequent port and subnet creation events.
2026-07-16 03:53:07.519 8 INFO neutron.plugins.ml2.drivers.ovn.mech_driver.mech_driver [None req-cbbf4dd6-9acb-4b05-8868-0a3b6e77284e - - - - - -] OVN reports status down for port: 55b03a45-ab97-449d-a2ff-c50718c20a8f
2026-07-16 03:53:07.583 8 INFO neutron.db.ovn_revision_numbers_db [None req-609331fb-8f3e-4c9c-91c8-af36ecfc1895 96868c5e0f8c4023aeb8415b377e9b3d 1d88229b46b9477b9e5e719095bec931 - - default default] Successfully bumped revision number for resource 55b03a45-ab97-449d-a2ff-c50718c20a8f (type: ports) to 1 [pid: 8|app: 0|req: 907/1668] 10.0.0.34 () {34 vars in 669 bytes} [Thu Jul 16 03:53:06 2026] POST /v2.0/networks => generated 683 bytes in 788 msecs (HTTP/1.1 201) 4 headers in 162 bytes (1 switches on core 0) [pid: 8|app: 0|req: 908/1669] 10.0.0.142 () {34 vars in 990 bytes} [Thu Jul 16 03:53:07 2026] GET /v2.0/ports?device_id=699ef094-1e8a-4fb1-9a5e-ea490da0ad87 => generated 12 bytes in 24 msecs (HTTP/1.1 200) 4 headers in 156 bytes (1 switches on core 0)
2026-07-16 03:53:07.723 7 INFO neutron.plugins.ml2.drivers.ovn.mech_driver.mech_driver [None req-0dde3511-d709-4818-bdfb-b0fe9f9d43b8 - - - - - -] OVN reports status down for port: aac00196-ba2b-4c5c-aff7-df8fa368703f
2026-07-16 03:53:07.815 8 WARNING neutron.scheduler.dhcp_agent_scheduler [None req-052b4460-9565-4a3f-ac5e-3645d0d8caff 96868c5e0f8c4023aeb8415b377e9b3d 1d88229b46b9477b9e5e719095bec931 - - default default] No more DHCP agents
2026-07-16 03:53:07.816 8 WARNING neutron.api.rpc.agentnotifiers.dhcp_rpc_agent_api [None req-052b4460-9565-4a3f-ac5e-3645d0d8caff 96868c5e0f8c4023aeb8415b377e9b3d 1d88229b46b9477b9e5e719095bec931 - - default default] Unable to schedule network 95289b06-c81c-46c7-b5ee-59f3942aac47: no agents available; will retry on subsequent port and subnet creation events.
2026-07-16 03:53:07.841 7 INFO neutron.db.ovn_revision_numbers_db [None req-8e11f873-3dd2-497a-930a-8c6da7490438 - - - - - -] Successfully bumped revision number for resource aac00196-ba2b-4c5c-aff7-df8fa368703f (type: ports) to 5
2026-07-16 03:53:07.913 8 INFO neutron.db.ovn_revision_numbers_db [None req-052b4460-9565-4a3f-ac5e-3645d0d8caff 96868c5e0f8c4023aeb8415b377e9b3d 1d88229b46b9477b9e5e719095bec931 - - default default] Successfully bumped revision number for resource cf52f203-4836-475f-ab1e-86b36c6bd7f2 (type: ports) to 1 [pid: 8|app: 0|req: 909/1670] 10.0.0.34 () {34 vars in 664 bytes} [Thu Jul 16 03:53:07 2026] POST /v2.0/ports => generated 775 bytes in 324 msecs (HTTP/1.1 201) 4 headers in 162 bytes (1 switches on core 0) /var/lib/openstack/lib/python3.12/site-packages/pycadf/identifier.py:70: UserWarning: Invalid uuid: neutron. To ensure interoperability, identifiers should be a valid uuid. warnings.warn(('Invalid uuid: %s. To ensure interoperability, '
2026-07-16 03:53:08.051 8 INFO neutron.db.segments_db [None req-94f4f9d6-924a-4183-96fe-1ca4c0d037f1 96868c5e0f8c4023aeb8415b377e9b3d 1d88229b46b9477b9e5e719095bec931 - - default default] Added segment bec77b28-af3a-429e-a29d-28637283c66b of type geneve for network eb62f6f3-7c7d-4f69-a630-cea48708d019
2026-07-16 03:53:08.149 8 INFO neutron.db.ovn_revision_numbers_db [None req-94f4f9d6-924a-4183-96fe-1ca4c0d037f1 96868c5e0f8c4023aeb8415b377e9b3d 1d88229b46b9477b9e5e719095bec931 - - default default] Successfully bumped revision number for resource eb62f6f3-7c7d-4f69-a630-cea48708d019 (type: networks) to 1
2026-07-16 03:53:08.315 8 WARNING neutron.scheduler.dhcp_agent_scheduler [None req-94f4f9d6-924a-4183-96fe-1ca4c0d037f1 96868c5e0f8c4023aeb8415b377e9b3d 1d88229b46b9477b9e5e719095bec931 - - default default] No more DHCP agents
2026-07-16 03:53:08.317 8 WARNING neutron.api.rpc.agentnotifiers.dhcp_rpc_agent_api [None req-94f4f9d6-924a-4183-96fe-1ca4c0d037f1 96868c5e0f8c4023aeb8415b377e9b3d 1d88229b46b9477b9e5e719095bec931 - - default default] Unable to schedule network eb62f6f3-7c7d-4f69-a630-cea48708d019: no agents available; will retry on subsequent port and subnet creation events.
2026-07-16 03:53:08.365 8 INFO neutron.plugins.ml2.drivers.ovn.mech_driver.mech_driver [None req-cbbf4dd6-9acb-4b05-8868-0a3b6e77284e - - - - - -] OVN reports status down for port: b05336b1-3900-47b8-9d9f-7e36fd2a03e2
2026-07-16 03:53:08.411 8 INFO neutron.db.ovn_revision_numbers_db [None req-94f4f9d6-924a-4183-96fe-1ca4c0d037f1 96868c5e0f8c4023aeb8415b377e9b3d 1d88229b46b9477b9e5e719095bec931 - - default default] Successfully bumped revision number for resource b05336b1-3900-47b8-9d9f-7e36fd2a03e2 (type: ports) to 1
2026-07-16 03:53:08.413 7 WARNING neutron.scheduler.dhcp_agent_scheduler [None req-b6acf504-3810-42d8-8356-931e37a48567 6200886fd1d84b18952cf1993f9e46aa 1f5dce6b18f6448ba48a5fd7bfb160e8 - - default default] No more DHCP agents
2026-07-16 03:53:08.416 7 WARNING neutron.api.rpc.agentnotifiers.dhcp_rpc_agent_api [None req-b6acf504-3810-42d8-8356-931e37a48567 6200886fd1d84b18952cf1993f9e46aa 1f5dce6b18f6448ba48a5fd7bfb160e8 - - default default] Unable to schedule network 5e292235-00c4-4683-8b68-93c07d2dd9c2: no agents available; will retry on subsequent port and subnet creation events. [pid: 8|app: 0|req: 910/1671] 10.0.0.34 () {34 vars in 669 bytes} [Thu Jul 16 03:53:07 2026] POST /v2.0/networks => generated 670 bytes in 506 msecs (HTTP/1.1 201) 4 headers in 162 bytes (1 switches on core 0) [pid: 8|app: 0|req: 911/1672] 199.19.213.48 () {34 vars in 985 bytes} [Thu Jul 16 03:53:08 2026] GET /v2.0/networks?id=4ac39d7d-956a-4597-99ac-5388759e9a7b => generated 698 bytes in 37 msecs (HTTP/1.1 200) 4 headers in 157 bytes (1 switches on core 0)
2026-07-16 03:53:08.523 7 INFO neutron.db.ovn_revision_numbers_db [None req-0dde3511-d709-4818-bdfb-b0fe9f9d43b8 - - - - - -] Successfully bumped revision number for resource aac00196-ba2b-4c5c-aff7-df8fa368703f (type: ports) to 6
2026-07-16 03:53:08.655 7 WARNING neutron.plugins.ml2.drivers.ovn.mech_driver.ovsdb.ovn_client [None req-d12a0979-0342-48e9-871a-f675f7d0b5f5 - - - - - -] Logical_Switch_Port aac00196-ba2b-4c5c-aff7-df8fa368703f host information not removed, the port state is up
2026-07-16 03:53:08.657 7 INFO neutron.plugins.ml2.drivers.ovn.mech_driver.mech_driver [None req-d12a0979-0342-48e9-871a-f675f7d0b5f5 - - - - - -] OVN reports status up for port: aac00196-ba2b-4c5c-aff7-df8fa368703f
2026-07-16 03:53:08.669 8 WARNING neutron.scheduler.dhcp_agent_scheduler [None req-61c30b4d-8371-47d2-ae0a-e8ce53ae5ee9 96868c5e0f8c4023aeb8415b377e9b3d 1d88229b46b9477b9e5e719095bec931 - - default default] No more DHCP agents
2026-07-16 03:53:08.670 8 WARNING neutron.api.rpc.agentnotifiers.dhcp_rpc_agent_api [None req-61c30b4d-8371-47d2-ae0a-e8ce53ae5ee9 96868c5e0f8c4023aeb8415b377e9b3d 1d88229b46b9477b9e5e719095bec931 - - default default] Unable to schedule network eb62f6f3-7c7d-4f69-a630-cea48708d019: no agents available; will retry on subsequent port and subnet creation events.
2026-07-16 03:53:08.671 7 INFO neutron.plugins.ml2.plugin [None req-d12a0979-0342-48e9-871a-f675f7d0b5f5 - - - - - -] Attempt 1 to provision port aac00196-ba2b-4c5c-aff7-df8fa368703f
2026-07-16 03:53:09.090 8 INFO neutron.db.ovn_revision_numbers_db [None req-c1da76e8-90db-4b97-95ea-e3fb51d405cb - - - - - -] Successfully bumped revision number for resource b05336b1-3900-47b8-9d9f-7e36fd2a03e2 (type: ports) to 2
2026-07-16 03:53:09.126 8 INFO neutron.db.ovn_revision_numbers_db [None req-c1da76e8-90db-4b97-95ea-e3fb51d405cb - - - - - -] Successfully bumped revision number for resource 295d7350-4a93-4603-a4ba-ad026234ceed (type: subnets) to 0 [pid: 8|app: 0|req: 912/1673] 10.0.0.34 () {34 vars in 668 bytes} [Thu Jul 16 03:53:08 2026] POST /v2.0/subnets => generated 626 bytes in 632 msecs (HTTP/1.1 201) 4 headers in 162 bytes (1 switches on core 0) [pid: 8|app: 0|req: 913/1674] 199.19.213.48 () {34 vars in 1049 bytes} [Thu Jul 16 03:53:09 2026] GET /v2.0/security-groups?fields=id&fields=name&tenant_id=f832e2eb6ac8481693ced6be3c6922bc => generated 181 bytes in 32 msecs (HTTP/1.1 200) 4 headers in 157 bytes (1 switches on core 0) [pid: 8|app: 0|req: 914/1675] 10.0.0.142 () {34 vars in 990 bytes} [Thu Jul 16 03:53:09 2026] GET /v2.0/ports?device_id=699ef094-1e8a-4fb1-9a5e-ea490da0ad87 => generated 12 bytes in 15 msecs (HTTP/1.1 200) 4 headers in 156 bytes (1 switches on core 0)
2026-07-16 03:53:09.254 7 INFO neutron.db.ovn_revision_numbers_db [None req-b6acf504-3810-42d8-8356-931e37a48567 6200886fd1d84b18952cf1993f9e46aa 1f5dce6b18f6448ba48a5fd7bfb160e8 - - default default] Successfully bumped revision number for resource 3d60bbb0-78e2-4bc0-bef1-dab6892a101e (type: router_ports) to 1 [pid: 7|app: 0|req: 762/1678] 10.0.0.34 () {34 vars in 782 bytes} [Thu Jul 16 03:53:05 2026] PUT /v2.0/routers/aecc1631-a18e-4e1b-94d0-b8cd87cd8aa2/add_router_interface => generated 309 bytes in 3507 msecs (HTTP/1.1 200) 4 headers in 157 bytes (1 switches on core 0)
2026-07-16 03:53:09.273 7 INFO neutron.db.ovn_revision_numbers_db [None req-d12a0979-0342-48e9-871a-f675f7d0b5f5 - - - - - -] Successfully bumped revision number for resource aac00196-ba2b-4c5c-aff7-df8fa368703f (type: ports) to 7
2026-07-16 03:53:09.439 8 WARNING neutron.scheduler.dhcp_agent_scheduler [None req-f3fff435-cbb4-44f5-bbca-774999530ec6 96868c5e0f8c4023aeb8415b377e9b3d 1d88229b46b9477b9e5e719095bec931 - - default default] No more DHCP agents
2026-07-16 03:53:09.440 8 WARNING neutron.api.rpc.agentnotifiers.dhcp_rpc_agent_api [None req-f3fff435-cbb4-44f5-bbca-774999530ec6 96868c5e0f8c4023aeb8415b377e9b3d 1d88229b46b9477b9e5e719095bec931 - - default default] Unable to schedule network eb62f6f3-7c7d-4f69-a630-cea48708d019: no agents available; will retry on subsequent port and subnet creation events.
2026-07-16 03:53:09.455 7 INFO neutron.plugins.ml2.drivers.ovn.mech_driver.mech_driver [None req-68bea969-2921-44f6-b4b3-7a3c859cdb5e - - - - - -] OVN reports status down for port: 3d60bbb0-78e2-4bc0-bef1-dab6892a101e
2026-07-16 03:53:09.548 8 INFO neutron.plugins.ml2.drivers.ovn.mech_driver.mech_driver [None req-cbbf4dd6-9acb-4b05-8868-0a3b6e77284e - - - - - -] OVN reports status down for port: b3419c44-2a61-4449-ac5f-8a99213d9b96
2026-07-16 03:53:09.592 7 WARNING neutron.plugins.ml2.drivers.ovn.mech_driver.ovsdb.ovn_client [None req-68bea969-2921-44f6-b4b3-7a3c859cdb5e - - - - - -] Logical_Switch_Port 3d60bbb0-78e2-4bc0-bef1-dab6892a101e host information not removed, the port state is up
2026-07-16 03:53:09.593 7 INFO neutron.plugins.ml2.drivers.ovn.mech_driver.mech_driver [None req-68bea969-2921-44f6-b4b3-7a3c859cdb5e - - - - - -] OVN reports status down for port: cf52f203-4836-475f-ab1e-86b36c6bd7f2
2026-07-16 03:53:09.601 8 INFO neutron.db.ovn_revision_numbers_db [None req-f3fff435-cbb4-44f5-bbca-774999530ec6 96868c5e0f8c4023aeb8415b377e9b3d 1d88229b46b9477b9e5e719095bec931 - - default default] Successfully bumped revision number for resource b3419c44-2a61-4449-ac5f-8a99213d9b96 (type: ports) to 1 [pid: 8|app: 0|req: 917/1679] 10.0.0.34 () {34 vars in 664 bytes} [Thu Jul 16 03:53:09 2026] POST /v2.0/ports => generated 949 bytes in 458 msecs (HTTP/1.1 201) 4 headers in 162 bytes (1 switches on core 0) /var/lib/openstack/lib/python3.12/site-packages/pycadf/identifier.py:70: UserWarning: Invalid uuid: neutron. To ensure interoperability, identifiers should be a valid uuid. warnings.warn(('Invalid uuid: %s. To ensure interoperability, '
2026-07-16 03:53:09.709 7 INFO neutron.plugins.ml2.drivers.ovn.mech_driver.mech_driver [None req-68bea969-2921-44f6-b4b3-7a3c859cdb5e - - - - - -] OVN reports status up for port: 3d60bbb0-78e2-4bc0-bef1-dab6892a101e
2026-07-16 03:53:09.729 7 INFO neutron.plugins.ml2.plugin [None req-68bea969-2921-44f6-b4b3-7a3c859cdb5e - - - - - -] Attempt 1 to provision port 3d60bbb0-78e2-4bc0-bef1-dab6892a101e
