2026-05-12 17:40:01.724 10 INFO neutron.wsgi [None req-3deb65d7-5f0f-4c1b-8293-e5a7e04350b8 25feabe22a584b15a4d72d396370509f d656dc456b4445eebdb676361218245e - - default default] 10.0.0.112 "GET /v2.0/extensions/service-type HTTP/1.1" status: 200 len: 415 time: 0.0062544
2026-05-12 17:40:01.732 10 INFO neutron.wsgi [None req-ca04593f-aef8-4b27-b910-2b0331943d20 25feabe22a584b15a4d72d396370509f d656dc456b4445eebdb676361218245e - - default default] 10.0.0.112 "GET /v2.0/extensions/sorting HTTP/1.1" status: 200 len: 377 time: 0.0046151
2026-05-12 17:40:01.740 10 INFO neutron.wsgi [None req-6d2b8fd9-6f60-49f8-9379-2fdc7a44658c 25feabe22a584b15a4d72d396370509f d656dc456b4445eebdb676361218245e - - default default] 10.0.0.112 "GET /v2.0/extensions/standard-attr-segment HTTP/1.1" status: 200 len: 406 time: 0.0042634
2026-05-12 17:40:01.748 10 INFO neutron.wsgi [None req-c017353b-2b6a-4b4a-92fd-67a0bb2934b1 25feabe22a584b15a4d72d396370509f d656dc456b4445eebdb676361218245e - - default default] 10.0.0.112 "GET /v2.0/extensions/standard-attr-description HTTP/1.1" status: 200 len: 408 time: 0.0045421
2026-05-12 17:40:01.756 10 INFO neutron.wsgi [None req-ef638850-3bec-49b4-bd67-a9dd5b866f0a 25feabe22a584b15a4d72d396370509f d656dc456b4445eebdb676361218245e - - default default] 10.0.0.112 "GET /v2.0/extensions/stateful-security-group HTTP/1.1" status: 200 len: 402 time: 0.0045216
2026-05-12 17:40:01.763 10 INFO neutron.wsgi [None req-8f7ea7e9-df25-4f8c-9f37-f6b763949b92 25feabe22a584b15a4d72d396370509f d656dc456b4445eebdb676361218245e - - default default] 10.0.0.112 "GET /v2.0/extensions/subnet-dns-publish-fixed-ip HTTP/1.1" status: 200 len: 421 time: 0.0043614
2026-05-12 17:40:01.771 10 INFO neutron.wsgi [None req-0f50fd1d-dd3f-4b9f-89c0-8dbfccfddd1e 25feabe22a584b15a4d72d396370509f d656dc456b4445eebdb676361218245e - - default default] 10.0.0.112 "GET /v2.0/extensions/subnet-segmentid-writable HTTP/1.1" status: 200 len: 421 time: 0.0043106
2026-05-12 17:40:01.779 10 INFO neutron.wsgi [None req-15f655ff-1c12-4205-a559-46a519487677 25feabe22a584b15a4d72d396370509f d656dc456b4445eebdb676361218245e - - default default] 10.0.0.112 "GET /v2.0/extensions/subnet-service-types HTTP/1.1" status: 200 len: 400 time: 0.0044150
2026-05-12 17:40:01.787 10 INFO neutron.wsgi [None req-fd37da90-33d6-483e-94de-d6d57e7be23f 25feabe22a584b15a4d72d396370509f d656dc456b4445eebdb676361218245e - - default default] 10.0.0.112 "GET /v2.0/extensions/subnet_allocation HTTP/1.1" status: 200 len: 388 time: 0.0046456
2026-05-12 17:40:01.795 10 INFO neutron.wsgi [None req-76a2ea5e-df0f-4e3f-98ec-f48c50392f1d 25feabe22a584b15a4d72d396370509f d656dc456b4445eebdb676361218245e - - default default] 10.0.0.112 "GET /v2.0/extensions/subnetpool-prefix-ops HTTP/1.1" status: 200 len: 418 time: 0.0043247
2026-05-12 17:40:01.804 10 INFO neutron.wsgi [None req-1812a407-3096-4a2b-9264-1daba69e984f 25feabe22a584b15a4d72d396370509f d656dc456b4445eebdb676361218245e - - default default] 10.0.0.112 "GET /v2.0/extensions/standard-attr-tag HTTP/1.1" status: 200 len: 537 time: 0.0060441
2026-05-12 17:40:01.818 10 INFO neutron.wsgi [None req-8c62f660-e87f-4104-92ec-9478ba41a0da 25feabe22a584b15a4d72d396370509f d656dc456b4445eebdb676361218245e - - default default] 10.0.0.112 "GET /v2.0/extensions/standard-attr-timestamp HTTP/1.1" status: 200 len: 449 time: 0.0097086
2026-05-12 17:40:01.827 10 INFO neutron.wsgi [None req-7210007c-11d7-41cd-a737-61be09b62f97 25feabe22a584b15a4d72d396370509f d656dc456b4445eebdb676361218245e - - default default] 10.0.0.112 "GET /v2.0/extensions/trunk HTTP/1.1" status: 200 len: 358 time: 0.0049734
2026-05-12 17:40:01.837 10 INFO neutron.wsgi [None req-5306a4dd-731e-4e83-9eb6-7a02776edda5 25feabe22a584b15a4d72d396370509f d656dc456b4445eebdb676361218245e - - default default] 10.0.0.112 "GET /v2.0/extensions/trunk-details HTTP/1.1" status: 200 len: 362 time: 0.0042403
2026-05-12 17:40:02.110 9 INFO neutron.wsgi [req-348d8c16-fa2c-4484-b1b4-32250470e02f req-b5b6577d-f640-4632-a91c-4971b253b930 163592f9849c495c836dbd99d6f8c6d5 f22e11b4dfd9452e926f1303062920ed - - default default] 10.0.0.78 "GET /v2.0/ports?device_id=fc0194ee-4b37-40b2-8ac3-ac50b9969110 HTTP/1.1" status: 200 len: 1174 time: 0.4192622
2026-05-12 17:40:02.174 9 INFO neutron.wsgi [req-348d8c16-fa2c-4484-b1b4-32250470e02f req-6bd67c64-efb0-4a94-b2a7-ddb0029e8b8b 163592f9849c495c836dbd99d6f8c6d5 f22e11b4dfd9452e926f1303062920ed - - default default] 10.0.0.78 "GET /v2.0/security-groups?id=81a865e6-cdab-4287-a720-1a985c980d9a&fields=id&fields=name HTTP/1.1" status: 200 len: 313 time: 0.0577841
2026-05-12 17:40:02.297 9 INFO neutron.wsgi [req-8f011b44-1c51-47a6-99e8-64d31e2ae00d req-1d03b09c-a557-43b2-a1c0-017258a49963 163592f9849c495c836dbd99d6f8c6d5 f22e11b4dfd9452e926f1303062920ed - - default default] 10.0.0.78 "GET /v2.0/ports?device_id=fc0194ee-4b37-40b2-8ac3-ac50b9969110 HTTP/1.1" status: 200 len: 1174 time: 0.0454829
2026-05-12 17:40:02.373 9 INFO neutron.wsgi [req-8f011b44-1c51-47a6-99e8-64d31e2ae00d req-75db2d67-c862-42a6-ae49-3e667e08ef5e 163592f9849c495c836dbd99d6f8c6d5 f22e11b4dfd9452e926f1303062920ed - - default default] 10.0.0.78 "GET /v2.0/security-groups?id=81a865e6-cdab-4287-a720-1a985c980d9a&fields=id&fields=name HTTP/1.1" status: 200 len: 313 time: 0.0698380
2026-05-12 17:40:02.483 9 INFO neutron.wsgi [None req-020879a3-afd6-425f-a8c8-68915ba89fc0 f0f4fe1ec260419caac92d94c9719771 5585027a116d4bff9ea079a789edf2d9 - - default default] 10.0.0.112 "GET /v2.0/ports?device_id=fc0194ee-4b37-40b2-8ac3-ac50b9969110 HTTP/1.1" status: 200 len: 1408 time: 0.0579519
2026-05-12 17:40:02.587 9 WARNING neutron.scheduler.dhcp_agent_scheduler [None req-b313de73-0a0c-4c8b-9102-57d0d4c64ed5 75e8ee8b74b64592a292d63c5c9bc840 b94abb8e524d47209a36037859a72dfb - - default default] No more DHCP agents
2026-05-12 17:40:02.589 9 WARNING neutron.api.rpc.agentnotifiers.dhcp_rpc_agent_api [None req-b313de73-0a0c-4c8b-9102-57d0d4c64ed5 75e8ee8b74b64592a292d63c5c9bc840 b94abb8e524d47209a36037859a72dfb - - default default] Unable to schedule network 42aba132-fd63-47a8-b76e-ed965f915cff: no agents available; will retry on subsequent port and subnet creation events.
2026-05-12 17:40:02.709 10 INFO neutron.db.l3_db [None req-eda369a3-67b1-4602-9492-c6c212cca891 163592f9849c495c836dbd99d6f8c6d5 f22e11b4dfd9452e926f1303062920ed - - default default] Floating IP f54f7972-4914-4a82-9bfd-978251aae2bf associated. External IP: 10.96.250.207, port: 9501c1d9-3bc5-4cb6-8666-0e7decc3b16e.
2026-05-12 17:40:02.748 9 INFO neutron.db.ovn_revision_numbers_db [None req-b313de73-0a0c-4c8b-9102-57d0d4c64ed5 75e8ee8b74b64592a292d63c5c9bc840 b94abb8e524d47209a36037859a72dfb - - default default] Successfully bumped revision number for resource 7a5e955a-f464-41f9-b88e-27f3b3caf299 (type: ports) to 1
2026-05-12 17:40:02.896 10 INFO neutron.db.ovn_revision_numbers_db [None req-588de115-e159-4cdb-8e2f-56038aa5b8e2 47cc16f72e9046638185cbc34bd09055 e4c9b40c70cc4d13aa8046933332264d - - default default] Successfully bumped revision number for resource a0b384d7-34a5-431f-935d-a9ac7b566182 (type: security_groups) to 1
2026-05-12 17:40:02.923 10 INFO neutron.db.ovn_revision_numbers_db [None req-588de115-e159-4cdb-8e2f-56038aa5b8e2 47cc16f72e9046638185cbc34bd09055 e4c9b40c70cc4d13aa8046933332264d - - default default] Successfully bumped revision number for resource 2cdad0be-2348-4f0a-8606-cd8533a3fe71 (type: security_group_rules) to 0
2026-05-12 17:40:02.937 10 INFO neutron.db.ovn_revision_numbers_db [None req-588de115-e159-4cdb-8e2f-56038aa5b8e2 47cc16f72e9046638185cbc34bd09055 e4c9b40c70cc4d13aa8046933332264d - - default default] Successfully bumped revision number for resource 9b04c861-298d-4c1e-ba2e-f9e9ebfa7768 (type: security_group_rules) to 0
2026-05-12 17:40:02.939 10 INFO neutron.db.ovn_revision_numbers_db [None req-eda369a3-67b1-4602-9492-c6c212cca891 163592f9849c495c836dbd99d6f8c6d5 f22e11b4dfd9452e926f1303062920ed - - default default] Successfully bumped revision number for resource f54f7972-4914-4a82-9bfd-978251aae2bf (type: floatingips) to 4
2026-05-12 17:40:02.961 10 INFO neutron.db.ovn_revision_numbers_db [None req-588de115-e159-4cdb-8e2f-56038aa5b8e2 47cc16f72e9046638185cbc34bd09055 e4c9b40c70cc4d13aa8046933332264d - - default default] Successfully bumped revision number for resource bae9840f-a835-412a-811d-4ca2efaab227 (type: security_group_rules) to 0
2026-05-12 17:40:03.004 10 INFO neutron.db.ovn_revision_numbers_db [None req-588de115-e159-4cdb-8e2f-56038aa5b8e2 47cc16f72e9046638185cbc34bd09055 e4c9b40c70cc4d13aa8046933332264d - - default default] Successfully bumped revision number for resource cd2bef5c-c48e-4bef-b632-73f627092a22 (type: security_group_rules) to 0
2026-05-12 17:40:03.034 10 INFO neutron.wsgi [None req-588de115-e159-4cdb-8e2f-56038aa5b8e2 47cc16f72e9046638185cbc34bd09055 e4c9b40c70cc4d13aa8046933332264d - - default default] 10.0.0.112 "GET /v2.0/security-groups?tenant_id=d656dc456b4445eebdb676361218245e&name=default HTTP/1.1" status: 200 len: 2996 time: 0.4598975
2026-05-12 17:40:03.058 10 INFO neutron.db.ovn_revision_numbers_db [None req-eda369a3-67b1-4602-9492-c6c212cca891 163592f9849c495c836dbd99d6f8c6d5 f22e11b4dfd9452e926f1303062920ed - - default default] Successfully bumped revision number for resource f54f7972-4914-4a82-9bfd-978251aae2bf (type: floatingips) to 5
2026-05-12 17:40:03.083 10 INFO neutron.wsgi [None req-eda369a3-67b1-4602-9492-c6c212cca891 163592f9849c495c836dbd99d6f8c6d5 f22e11b4dfd9452e926f1303062920ed - - default default] 10.0.0.112 "PUT /v2.0/floatingips/f54f7972-4914-4a82-9bfd-978251aae2bf HTTP/1.1" status: 200 len: 1050 time: 0.5963035
2026-05-12 17:40:03.134 10 INFO neutron.wsgi [None req-b73303db-85b7-48a4-9881-b1e042c6d515 163592f9849c495c836dbd99d6f8c6d5 f22e11b4dfd9452e926f1303062920ed - - default default] 10.0.0.112 "GET /v2.0/floatingips/f54f7972-4914-4a82-9bfd-978251aae2bf HTTP/1.1" status: 200 len: 1052 time: 0.0472209
2026-05-12 17:40:03.142 10 INFO neutron.notifiers.nova [-] Nova event matching ['req-e995ecf9-a456-4da7-ad1c-d76b308ca4a6'] response: {'name': 'network-changed', 'server_uuid': 'fc0194ee-4b37-40b2-8ac3-ac50b9969110', 'tag': '9501c1d9-3bc5-4cb6-8666-0e7decc3b16e', 'status': 'completed', 'code': 200}
2026-05-12 17:40:03.196 10 INFO neutron.wsgi [req-20e546dd-f965-4cc3-916b-d087e1d53550 req-1a2fc50f-f8fd-403d-a2d3-6eeb6593fd3f e9b5f01a8d8347b98401cc1ba37cd678 f1aefb37df6f44aaa8d030aa698c8832 - - f7b2a552975f4b9f8031dad981529eb6 f7b2a552975f4b9f8031dad981529eb6] 199.19.213.43 "GET /v2.0/ports?tenant_id=f22e11b4dfd9452e926f1303062920ed&device_id=fc0194ee-4b37-40b2-8ac3-ac50b9969110 HTTP/1.1" status: 200 len: 1413 time: 0.0358782
2026-05-12 17:40:03.282 10 INFO neutron.wsgi [req-20e546dd-f965-4cc3-916b-d087e1d53550 req-376efea6-db58-4e85-bb5d-b6c663561060 e9b5f01a8d8347b98401cc1ba37cd678 f1aefb37df6f44aaa8d030aa698c8832 - - f7b2a552975f4b9f8031dad981529eb6 f7b2a552975f4b9f8031dad981529eb6] 199.19.213.43 "GET /v2.0/networks?id=b45536f8-ba06-42f6-8635-9f850ca36f96 HTTP/1.1" status: 200 len: 958 time: 0.0777273
2026-05-12 17:40:03.311 9 INFO neutron.db.ovn_revision_numbers_db [None req-b313de73-0a0c-4c8b-9102-57d0d4c64ed5 75e8ee8b74b64592a292d63c5c9bc840 b94abb8e524d47209a36037859a72dfb - - default default] Successfully bumped revision number for resource 7a5e955a-f464-41f9-b88e-27f3b3caf299 (type: router_ports) to 1
2026-05-12 17:40:03.331 10 INFO neutron.wsgi [req-20e546dd-f965-4cc3-916b-d087e1d53550 req-6da2606b-9210-4f70-a243-bba4762bc449 e9b5f01a8d8347b98401cc1ba37cd678 f1aefb37df6f44aaa8d030aa698c8832 - - f7b2a552975f4b9f8031dad981529eb6 f7b2a552975f4b9f8031dad981529eb6] 199.19.213.43 "GET /v2.0/floatingips?fixed_ip_address=10.100.0.13&port_id=9501c1d9-3bc5-4cb6-8666-0e7decc3b16e HTTP/1.1" status: 200 len: 1060 time: 0.0416162
2026-05-12 17:40:03.369 10 INFO neutron.wsgi [req-20e546dd-f965-4cc3-916b-d087e1d53550 req-007344c7-306a-450c-b44e-bdb6478ee01b e9b5f01a8d8347b98401cc1ba37cd678 f1aefb37df6f44aaa8d030aa698c8832 - - f7b2a552975f4b9f8031dad981529eb6 f7b2a552975f4b9f8031dad981529eb6] 199.19.213.43 "GET /v2.0/subnets?id=8441d725-b4cf-46be-9c56-06ee0fd58593 HTTP/1.1" status: 200 len: 853 time: 0.0289633
2026-05-12 17:40:03.386 10 INFO neutron.wsgi [None req-d4575bc7-bde8-4cea-8242-ed8c5abceb8f 47cc16f72e9046638185cbc34bd09055 e4c9b40c70cc4d13aa8046933332264d - - default default] 10.0.0.112 "DELETE /v2.0/security-groups/a0b384d7-34a5-431f-935d-a9ac7b566182 HTTP/1.1" status: 204 len: 168 time: 0.3469462
2026-05-12 17:40:03.397 10 INFO neutron.wsgi [req-20e546dd-f965-4cc3-916b-d087e1d53550 req-3ea6b4ad-db0e-431f-82ef-fe260948203b e9b5f01a8d8347b98401cc1ba37cd678 f1aefb37df6f44aaa8d030aa698c8832 - - f7b2a552975f4b9f8031dad981529eb6 f7b2a552975f4b9f8031dad981529eb6] 199.19.213.43 "GET /v2.0/ports?network_id=b45536f8-ba06-42f6-8635-9f850ca36f96&device_owner=network%3Adhcp HTTP/1.1" status: 200 len: 210 time: 0.0220959
2026-05-12 17:40:03.450 10 INFO neutron.wsgi [req-20e546dd-f965-4cc3-916b-d087e1d53550 req-7ea5503b-3400-4d9c-b880-8a275e88c5c1 e9b5f01a8d8347b98401cc1ba37cd678 f1aefb37df6f44aaa8d030aa698c8832 - - f7b2a552975f4b9f8031dad981529eb6 f7b2a552975f4b9f8031dad981529eb6] 199.19.213.43 "GET /v2.0/networks/b45536f8-ba06-42f6-8635-9f850ca36f96?fields=segments HTTP/1.1" status: 200 len: 212 time: 0.0477238
2026-05-12 17:40:03.502 9 INFO neutron.db.ovn_revision_numbers_db [None req-b313de73-0a0c-4c8b-9102-57d0d4c64ed5 75e8ee8b74b64592a292d63c5c9bc840 b94abb8e524d47209a36037859a72dfb - - default default] Successfully bumped revision number for resource 7a5e955a-f464-41f9-b88e-27f3b3caf299 (type: ports) to 1
2026-05-12 17:40:03.524 10 INFO neutron.wsgi [req-20e546dd-f965-4cc3-916b-d087e1d53550 req-30567ecd-f2fc-438a-a23e-1b11f44cc86b e9b5f01a8d8347b98401cc1ba37cd678 f1aefb37df6f44aaa8d030aa698c8832 - - f7b2a552975f4b9f8031dad981529eb6 f7b2a552975f4b9f8031dad981529eb6] 199.19.213.43 "GET /v2.0/networks/b45536f8-ba06-42f6-8635-9f850ca36f96?fields=provider%3Aphysical_network&fields=provider%3Anetwork_type HTTP/1.1" status: 200 len: 277 time: 0.0665059
2026-05-12 17:40:03.570 9 WARNING neutron.scheduler.dhcp_agent_scheduler [None req-b313de73-0a0c-4c8b-9102-57d0d4c64ed5 75e8ee8b74b64592a292d63c5c9bc840 b94abb8e524d47209a36037859a72dfb - - default default] No more DHCP agents
2026-05-12 17:40:03.571 9 WARNING neutron.api.rpc.agentnotifiers.dhcp_rpc_agent_api [None req-b313de73-0a0c-4c8b-9102-57d0d4c64ed5 75e8ee8b74b64592a292d63c5c9bc840 b94abb8e524d47209a36037859a72dfb - - default default] Unable to schedule network 42aba132-fd63-47a8-b76e-ed965f915cff: no agents available; will retry on subsequent port and subnet creation events.
2026-05-12 17:40:03.865 9 INFO neutron.db.ovn_revision_numbers_db [None req-b313de73-0a0c-4c8b-9102-57d0d4c64ed5 75e8ee8b74b64592a292d63c5c9bc840 b94abb8e524d47209a36037859a72dfb - - default default] Successfully bumped revision number for resource 7a5e955a-f464-41f9-b88e-27f3b3caf299 (type: router_ports) to 1
2026-05-12 17:40:03.868 9 INFO neutron.wsgi [None req-b313de73-0a0c-4c8b-9102-57d0d4c64ed5 75e8ee8b74b64592a292d63c5c9bc840 b94abb8e524d47209a36037859a72dfb - - default default] 10.0.0.112 "PUT /v2.0/routers/268a0a41-fbf1-4e7a-99e2-bdb42f0c5bc1/add_router_interface HTTP/1.1" status: 200 len: 503 time: 2.2049961
2026-05-12 17:40:03.879 9 WARNING neutron_lib.context [None req-66b5d26a-91cd-451f-b1e9-ebf852a2cf3e 75e8ee8b74b64592a292d63c5c9bc840 b94abb8e524d47209a36037859a72dfb - - default default] Method 'is_advsvc' is deprecated since 2023.2 release (neutron-lib 3.8.0) and will be removed once support for the old RBAC API policies will be removed from Neutron. Please use method 'is_service_role' instead.
2026-05-12 17:40:04.192 9 WARNING neutron.scheduler.dhcp_agent_scheduler [None req-66b5d26a-91cd-451f-b1e9-ebf852a2cf3e 75e8ee8b74b64592a292d63c5c9bc840 b94abb8e524d47209a36037859a72dfb - - default default] No more DHCP agents
2026-05-12 17:40:04.194 9 WARNING neutron.api.rpc.agentnotifiers.dhcp_rpc_agent_api [None req-66b5d26a-91cd-451f-b1e9-ebf852a2cf3e 75e8ee8b74b64592a292d63c5c9bc840 b94abb8e524d47209a36037859a72dfb - - default default] Unable to schedule network 42aba132-fd63-47a8-b76e-ed965f915cff: no agents available; will retry on subsequent port and subnet creation events.
2026-05-12 17:40:04.358 9 INFO neutron.db.ovn_revision_numbers_db [None req-66b5d26a-91cd-451f-b1e9-ebf852a2cf3e 75e8ee8b74b64592a292d63c5c9bc840 b94abb8e524d47209a36037859a72dfb - - default default] Successfully bumped revision number for resource 2fdc77c3-6bcc-44b2-80a8-62340d7d8e65 (type: ports) to 1
2026-05-12 17:40:04.395 9 INFO neutron.wsgi [None req-66b5d26a-91cd-451f-b1e9-ebf852a2cf3e 75e8ee8b74b64592a292d63c5c9bc840 b94abb8e524d47209a36037859a72dfb - - default default] 10.0.0.112 "POST /v2.0/ports HTTP/1.1" status: 201 len: 1153 time: 0.5205429 /var/lib/openstack/lib/python3.10/site-packages/pycadf/identifier.py:71: UserWarning: Invalid uuid: neutron. To ensure interoperability, identifiers should be a valid uuid. warnings.warn(('Invalid uuid: %s. To ensure interoperability, '
2026-05-12 17:40:04.410 9 WARNING neutron_lib.context [None req-354080fc-8116-4672-a2f4-9c43fcf399b0 75e8ee8b74b64592a292d63c5c9bc840 b94abb8e524d47209a36037859a72dfb - - default default] Method 'is_advsvc' is deprecated since 2023.2 release (neutron-lib 3.8.0) and will be removed once support for the old RBAC API policies will be removed from Neutron. Please use method 'is_service_role' instead.
2026-05-12 17:40:04.735 9 WARNING neutron.scheduler.dhcp_agent_scheduler [None req-354080fc-8116-4672-a2f4-9c43fcf399b0 75e8ee8b74b64592a292d63c5c9bc840 b94abb8e524d47209a36037859a72dfb - - default default] No more DHCP agents
2026-05-12 17:40:04.736 9 WARNING neutron.api.rpc.agentnotifiers.dhcp_rpc_agent_api [None req-354080fc-8116-4672-a2f4-9c43fcf399b0 75e8ee8b74b64592a292d63c5c9bc840 b94abb8e524d47209a36037859a72dfb - - default default] Unable to schedule network 42aba132-fd63-47a8-b76e-ed965f915cff: no agents available; will retry on subsequent port and subnet creation events.
2026-05-12 17:40:04.896 9 INFO neutron.db.ovn_revision_numbers_db [None req-354080fc-8116-4672-a2f4-9c43fcf399b0 75e8ee8b74b64592a292d63c5c9bc840 b94abb8e524d47209a36037859a72dfb - - default default] Successfully bumped revision number for resource 64227fb8-f977-4cb7-a1d8-3e28dbfdf453 (type: ports) to 1
2026-05-12 17:40:04.917 9 INFO neutron.wsgi [None req-354080fc-8116-4672-a2f4-9c43fcf399b0 75e8ee8b74b64592a292d63c5c9bc840 b94abb8e524d47209a36037859a72dfb - - default default] 10.0.0.112 "POST /v2.0/ports HTTP/1.1" status: 201 len: 1154 time: 0.5119660 /var/lib/openstack/lib/python3.10/site-packages/pycadf/identifier.py:71: UserWarning: Invalid uuid: neutron. To ensure interoperability, identifiers should be a valid uuid. warnings.warn(('Invalid uuid: %s. To ensure interoperability, '
2026-05-12 17:40:04.927 9 WARNING neutron_lib.context [None req-7ba49a98-66bf-449d-8714-b7d37687d403 75e8ee8b74b64592a292d63c5c9bc840 b94abb8e524d47209a36037859a72dfb - - default default] Method 'is_advsvc' is deprecated since 2023.2 release (neutron-lib 3.8.0) and will be removed once support for the old RBAC API policies will be removed from Neutron. Please use method 'is_service_role' instead.
2026-05-12 17:40:05.183 9 WARNING neutron.scheduler.dhcp_agent_scheduler [None req-7ba49a98-66bf-449d-8714-b7d37687d403 75e8ee8b74b64592a292d63c5c9bc840 b94abb8e524d47209a36037859a72dfb - - default default] No more DHCP agents
2026-05-12 17:40:05.185 9 WARNING neutron.api.rpc.agentnotifiers.dhcp_rpc_agent_api [None req-7ba49a98-66bf-449d-8714-b7d37687d403 75e8ee8b74b64592a292d63c5c9bc840 b94abb8e524d47209a36037859a72dfb - - default default] Unable to schedule network 91c7c4b7-9d1f-490c-8b0f-73b9bd6de455: no agents available; will retry on subsequent port and subnet creation events.
2026-05-12 17:40:05.430 10 WARNING neutron_lib.context [None req-24ed824b-3d06-4230-b5c5-ca97c619ed81 36ad76e64d7142aea71d6ef57f59791b 982adbdf687a40768074131f551410cc - - default default] Method 'is_advsvc' is deprecated since 2023.2 release (neutron-lib 3.8.0) and will be removed once support for the old RBAC API policies will be removed from Neutron. Please use method 'is_service_role' instead.
2026-05-12 17:40:05.431 10 WARNING neutron_lib.context [None req-24ed824b-3d06-4230-b5c5-ca97c619ed81 36ad76e64d7142aea71d6ef57f59791b 982adbdf687a40768074131f551410cc - - default default] Method 'is_advsvc' is deprecated since 2023.2 release (neutron-lib 3.8.0) and will be removed once support for the old RBAC API policies will be removed from Neutron. Please use method 'is_service_role' instead.
2026-05-12 17:40:05.557 10 INFO neutron.db.ovn_revision_numbers_db [None req-24ed824b-3d06-4230-b5c5-ca97c619ed81 36ad76e64d7142aea71d6ef57f59791b 982adbdf687a40768074131f551410cc - - default default] Successfully bumped revision number for resource cc7259b9-ca38-4117-bc4b-147f6e5e2fcd (type: security_groups) to 1
2026-05-12 17:40:05.570 10 INFO neutron.db.ovn_revision_numbers_db [None req-24ed824b-3d06-4230-b5c5-ca97c619ed81 36ad76e64d7142aea71d6ef57f59791b 982adbdf687a40768074131f551410cc - - default default] Successfully bumped revision number for resource 1df96c6a-8893-4d90-a7fe-588405c913e0 (type: security_group_rules) to 0
2026-05-12 17:40:05.581 10 INFO neutron.db.ovn_revision_numbers_db [None req-24ed824b-3d06-4230-b5c5-ca97c619ed81 36ad76e64d7142aea71d6ef57f59791b 982adbdf687a40768074131f551410cc - - default default] Successfully bumped revision number for resource 2e380c19-a42e-44dc-bb4e-955c675238ae (type: security_group_rules) to 0
2026-05-12 17:40:05.593 10 INFO neutron.db.ovn_revision_numbers_db [None req-24ed824b-3d06-4230-b5c5-ca97c619ed81 36ad76e64d7142aea71d6ef57f59791b 982adbdf687a40768074131f551410cc - - default default] Successfully bumped revision number for resource 390d9ed6-41ba-4b63-a760-fa54d570709c (type: security_group_rules) to 0
2026-05-12 17:40:05.606 10 INFO neutron.db.ovn_revision_numbers_db [None req-24ed824b-3d06-4230-b5c5-ca97c619ed81 36ad76e64d7142aea71d6ef57f59791b 982adbdf687a40768074131f551410cc - - default default] Successfully bumped revision number for resource fbaad399-3d32-4927-bb79-511ae96889a4 (type: security_group_rules) to 0
2026-05-12 17:40:05.672 10 INFO neutron.db.segments_db [None req-24ed824b-3d06-4230-b5c5-ca97c619ed81 36ad76e64d7142aea71d6ef57f59791b 982adbdf687a40768074131f551410cc - - default default] Added segment af5ea318-58d4-4b37-9d20-944d536d9411 of type geneve for network 73e20c20-f54e-43ba-ac5d-5b09e105ab6c
2026-05-12 17:40:05.809 9 INFO neutron.db.l3_db [None req-7ba49a98-66bf-449d-8714-b7d37687d403 75e8ee8b74b64592a292d63c5c9bc840 b94abb8e524d47209a36037859a72dfb - - default default] Floating IP 5c769e39-2843-43ab-89ec-257e2970d6e5 associated. External IP: 10.96.250.201, port: 64227fb8-f977-4cb7-a1d8-3e28dbfdf453.
2026-05-12 17:40:05.817 10 INFO neutron.db.segments_db [None req-24ed824b-3d06-4230-b5c5-ca97c619ed81 36ad76e64d7142aea71d6ef57f59791b 982adbdf687a40768074131f551410cc - - default default] Added segment ee92be43-4952-4e28-acd3-c1e0f8441cde of type geneve for network dadbb1ff-0b15-4bb0-8368-2027fc348336
2026-05-12 17:40:05.962 10 INFO neutron.db.ovn_revision_numbers_db [None req-24ed824b-3d06-4230-b5c5-ca97c619ed81 36ad76e64d7142aea71d6ef57f59791b 982adbdf687a40768074131f551410cc - - default default] Successfully bumped revision number for resource 73e20c20-f54e-43ba-ac5d-5b09e105ab6c (type: networks) to 1
2026-05-12 17:40:06.024 9 INFO neutron.db.ovn_revision_numbers_db [None req-7ba49a98-66bf-449d-8714-b7d37687d403 75e8ee8b74b64592a292d63c5c9bc840 b94abb8e524d47209a36037859a72dfb - - default default] Successfully bumped revision number for resource 5c769e39-2843-43ab-89ec-257e2970d6e5 (type: floatingips) to 0
2026-05-12 17:40:06.141 9 INFO neutron.db.ovn_revision_numbers_db [None req-7ba49a98-66bf-449d-8714-b7d37687d403 75e8ee8b74b64592a292d63c5c9bc840 b94abb8e524d47209a36037859a72dfb - - default default] Successfully bumped revision number for resource 5c769e39-2843-43ab-89ec-257e2970d6e5 (type: floatingips) to 1
2026-05-12 17:40:06.158 10 WARNING neutron.scheduler.dhcp_agent_scheduler [None req-24ed824b-3d06-4230-b5c5-ca97c619ed81 36ad76e64d7142aea71d6ef57f59791b 982adbdf687a40768074131f551410cc - - default default] No more DHCP agents
2026-05-12 17:40:06.161 10 WARNING neutron.api.rpc.agentnotifiers.dhcp_rpc_agent_api [None req-24ed824b-3d06-4230-b5c5-ca97c619ed81 36ad76e64d7142aea71d6ef57f59791b 982adbdf687a40768074131f551410cc - - default default] Unable to schedule network 73e20c20-f54e-43ba-ac5d-5b09e105ab6c: no agents available; will retry on subsequent port and subnet creation events.
2026-05-12 17:40:06.177 9 INFO neutron.wsgi [None req-7ba49a98-66bf-449d-8714-b7d37687d403 75e8ee8b74b64592a292d63c5c9bc840 b94abb8e524d47209a36037859a72dfb - - default default] 10.0.0.112 "POST /v2.0/floatingips HTTP/1.1" status: 201 len: 1041 time: 1.2550371
2026-05-12 17:40:06.271 10 INFO neutron.db.ovn_revision_numbers_db [None req-24ed824b-3d06-4230-b5c5-ca97c619ed81 36ad76e64d7142aea71d6ef57f59791b 982adbdf687a40768074131f551410cc - - default default] Successfully bumped revision number for resource ac403707-c01e-486b-9e58-8fba6043a080 (type: ports) to 1
2026-05-12 17:40:06.355 10 INFO neutron.db.l3_db [None req-34f622ee-5191-4000-8a6d-13844d535348 75e8ee8b74b64592a292d63c5c9bc840 b94abb8e524d47209a36037859a72dfb - - default default] Floating IP 5c769e39-2843-43ab-89ec-257e2970d6e5 disassociated. External IP: 10.96.250.201, port: 64227fb8-f977-4cb7-a1d8-3e28dbfdf453.
2026-05-12 17:40:06.388 10 INFO neutron.db.ovn_revision_numbers_db [None req-24ed824b-3d06-4230-b5c5-ca97c619ed81 36ad76e64d7142aea71d6ef57f59791b 982adbdf687a40768074131f551410cc - - default default] Successfully bumped revision number for resource dadbb1ff-0b15-4bb0-8368-2027fc348336 (type: networks) to 1
2026-05-12 17:40:06.397 10 INFO neutron.db.ovn_revision_numbers_db [None req-34f622ee-5191-4000-8a6d-13844d535348 75e8ee8b74b64592a292d63c5c9bc840 b94abb8e524d47209a36037859a72dfb - - default default] Successfully bumped revision number for resource 5c769e39-2843-43ab-89ec-257e2970d6e5 (type: floatingips) to 2
2026-05-12 17:40:06.497 10 INFO neutron.wsgi [None req-34f622ee-5191-4000-8a6d-13844d535348 75e8ee8b74b64592a292d63c5c9bc840 b94abb8e524d47209a36037859a72dfb - - default default] 10.0.0.112 "PUT /v2.0/floatingips/5c769e39-2843-43ab-89ec-257e2970d6e5 HTTP/1.1" status: 200 len: 748 time: 0.3131080 /var/lib/openstack/lib/python3.10/site-packages/pycadf/identifier.py:71: UserWarning: Invalid uuid: neutron. To ensure interoperability, identifiers should be a valid uuid. warnings.warn(('Invalid uuid: %s. To ensure interoperability, '
2026-05-12 17:40:06.624 10 WARNING neutron.scheduler.dhcp_agent_scheduler [None req-24ed824b-3d06-4230-b5c5-ca97c619ed81 36ad76e64d7142aea71d6ef57f59791b 982adbdf687a40768074131f551410cc - - default default] No more DHCP agents
2026-05-12 17:40:06.626 10 WARNING neutron.api.rpc.agentnotifiers.dhcp_rpc_agent_api [None req-24ed824b-3d06-4230-b5c5-ca97c619ed81 36ad76e64d7142aea71d6ef57f59791b 982adbdf687a40768074131f551410cc - - default default] Unable to schedule network dadbb1ff-0b15-4bb0-8368-2027fc348336: no agents available; will retry on subsequent port and subnet creation events.
2026-05-12 17:40:06.720 10 INFO neutron.db.ovn_revision_numbers_db [None req-24ed824b-3d06-4230-b5c5-ca97c619ed81 36ad76e64d7142aea71d6ef57f59791b 982adbdf687a40768074131f551410cc - - default default] Successfully bumped revision number for resource c33b8f12-4981-45e0-bf29-29d4b720be6f (type: ports) to 1
2026-05-12 17:40:06.748 10 INFO neutron.wsgi [None req-24ed824b-3d06-4230-b5c5-ca97c619ed81 36ad76e64d7142aea71d6ef57f59791b 982adbdf687a40768074131f551410cc - - default default] 10.0.0.112 "POST /v2.0/networks HTTP/1.1" status: 201 len: 1445 time: 1.5079622
2026-05-12 17:40:06.838 9 INFO neutron.wsgi [None req-29b46d9a-95f7-4968-aac8-4080eae23b5c 36ad76e64d7142aea71d6ef57f59791b 982adbdf687a40768074131f551410cc - - default default] 10.0.0.112 "GET /v2.0/networks HTTP/1.1" status: 200 len: 2051 time: 0.0848200
2026-05-12 17:40:06.864 9 INFO neutron.wsgi [None req-ddc75145-d0c9-4da5-8d26-6ee6ffa1db6a 75e8ee8b74b64592a292d63c5c9bc840 b94abb8e524d47209a36037859a72dfb - - default default] 10.0.0.112 "DELETE /v2.0/floatingips/5c769e39-2843-43ab-89ec-257e2970d6e5 HTTP/1.1" status: 204 len: 168 time: 0.3610725
2026-05-12 17:40:06.874 9 WARNING neutron_lib.context [None req-1ef4192d-a486-412a-9b90-50851452c699 75e8ee8b74b64592a292d63c5c9bc840 b94abb8e524d47209a36037859a72dfb - - default default] Method 'is_advsvc' is deprecated since 2023.2 release (neutron-lib 3.8.0) and will be removed once support for the old RBAC API policies will be removed from Neutron. Please use method 'is_service_role' instead.
2026-05-12 17:40:07.064 10 WARNING neutron.plugins.ml2.drivers.ovn.mech_driver.ovsdb.ovn_client [None req-dccbfcc7-2f93-4273-bcec-7377bf79d4cc - - - - - -] No hosting information found for port 96c1a612-dcdb-4f17-9e23-02131c9d0b6d: RuntimeError: No hosting information found for port 96c1a612-dcdb-4f17-9e23-02131c9d0b6d
2026-05-12 17:40:07.086 10 INFO neutron.plugins.ml2.drivers.ovn.mech_driver.mech_driver [None req-dccbfcc7-2f93-4273-bcec-7377bf79d4cc - - - - - -] OVN reports status up for port: 7a5e955a-f464-41f9-b88e-27f3b3caf299
2026-05-12 17:40:07.104 10 INFO neutron.plugins.ml2.plugin [None req-dccbfcc7-2f93-4273-bcec-7377bf79d4cc - - - - - -] Attempt 1 to provision port 7a5e955a-f464-41f9-b88e-27f3b3caf299
2026-05-12 17:40:07.137 9 WARNING neutron.scheduler.dhcp_agent_scheduler [None req-1ef4192d-a486-412a-9b90-50851452c699 75e8ee8b74b64592a292d63c5c9bc840 b94abb8e524d47209a36037859a72dfb - - default default] No more DHCP agents
2026-05-12 17:40:07.141 9 WARNING neutron.api.rpc.agentnotifiers.dhcp_rpc_agent_api [None req-1ef4192d-a486-412a-9b90-50851452c699 75e8ee8b74b64592a292d63c5c9bc840 b94abb8e524d47209a36037859a72dfb - - default default] Unable to schedule network 91c7c4b7-9d1f-490c-8b0f-73b9bd6de455: no agents available; will retry on subsequent port and subnet creation events.
2026-05-12 17:40:07.313 10 INFO neutron.services.segments.plugin [-] Segment af5ea318-58d4-4b37-9d20-944d536d9411 resource provider aggregate not found
2026-05-12 17:40:07.321 10 INFO neutron.services.segments.plugin [-] Segment af5ea318-58d4-4b37-9d20-944d536d9411 resource provider aggregate not found
2026-05-12 17:40:07.352 10 INFO neutron.services.segments.plugin [-] Segment af5ea318-58d4-4b37-9d20-944d536d9411 resource provider not found; error: Placement Client Error (4xx): {"errors": [{"status": 404, "title": "Not Found", "detail": "The resource could not be found.\n\n No resource provider with uuid af5ea318-58d4-4b37-9d20-944d536d9411 found for delete ", "request_id": "req-984b47b3-664f-44f6-8972-509dedf85974"}]}
2026-05-12 17:40:07.353 10 INFO neutron.services.segments.plugin [-] Segment af5ea318-58d4-4b37-9d20-944d536d9411 resource provider not found; error: Placement Client Error (4xx): {"errors": [{"status": 404, "title": "Not Found", "detail": "The resource could not be found.\n\n No resource provider with uuid af5ea318-58d4-4b37-9d20-944d536d9411 found for delete ", "request_id": "req-a3208fdb-655a-4f51-bea9-2b8ca3c04f85"}]}
2026-05-12 17:40:07.394 10 INFO neutron.wsgi [None req-a204ee29-9e4d-4cc2-b9d4-a8bccb985058 36ad76e64d7142aea71d6ef57f59791b 982adbdf687a40768074131f551410cc - - default default] 10.0.0.112 "DELETE /v2.0/networks/73e20c20-f54e-43ba-ac5d-5b09e105ab6c HTTP/1.1" status: 204 len: 168 time: 0.5491500
2026-05-12 17:40:07.650 9 INFO neutron.db.l3_db [None req-1ef4192d-a486-412a-9b90-50851452c699 75e8ee8b74b64592a292d63c5c9bc840 b94abb8e524d47209a36037859a72dfb - - default default] Floating IP bdb8ec3d-57e3-4b4b-9905-cf2abb601c62 associated. External IP: 10.96.250.210, port: 2fdc77c3-6bcc-44b2-80a8-62340d7d8e65.
2026-05-12 17:40:07.716 10 INFO neutron.db.ovn_revision_numbers_db [None req-dccbfcc7-2f93-4273-bcec-7377bf79d4cc - - - - - -] Successfully bumped revision number for resource 7a5e955a-f464-41f9-b88e-27f3b3caf299 (type: ports) to 2
2026-05-12 17:40:07.789 10 INFO neutron.db.ovn_revision_numbers_db [None req-dccbfcc7-2f93-4273-bcec-7377bf79d4cc - - - - - -] Successfully bumped revision number for resource 7a5e955a-f464-41f9-b88e-27f3b3caf299 (type: router_ports) to 2
2026-05-12 17:40:07.943 9 INFO neutron.db.ovn_revision_numbers_db [None req-1ef4192d-a486-412a-9b90-50851452c699 75e8ee8b74b64592a292d63c5c9bc840 b94abb8e524d47209a36037859a72dfb - - default default] Successfully bumped revision number for resource bdb8ec3d-57e3-4b4b-9905-cf2abb601c62 (type: floatingips) to 0
2026-05-12 17:40:07.947 9 INFO neutron.services.segments.plugin [-] Segment ee92be43-4952-4e28-acd3-c1e0f8441cde resource provider aggregate not found
2026-05-12 17:40:07.961 9 INFO neutron.services.segments.plugin [-] Segment ee92be43-4952-4e28-acd3-c1e0f8441cde resource provider aggregate not found
2026-05-12 17:40:07.976 9 INFO neutron.services.segments.plugin [-] Segment ee92be43-4952-4e28-acd3-c1e0f8441cde resource provider not found; error: Placement Client Error (4xx): {"errors": [{"status": 404, "title": "Not Found", "detail": "The resource could not be found.\n\n No resource provider with uuid ee92be43-4952-4e28-acd3-c1e0f8441cde found for delete ", "request_id": "req-e74d4ba4-5b27-4e72-8059-5e25f0cb0fa7"}]}
2026-05-12 17:40:07.987 9 INFO neutron.services.segments.plugin [-] Segment ee92be43-4952-4e28-acd3-c1e0f8441cde resource provider not found; error: Placement Client Error (4xx): {"errors": [{"status": 404, "title": "Not Found", "detail": "The resource could not be found.\n\n No resource provider with uuid ee92be43-4952-4e28-acd3-c1e0f8441cde found for delete ", "request_id": "req-e3df8596-f48c-493c-b822-c58d8f988d6b"}]}
2026-05-12 17:40:08.029 9 INFO neutron.wsgi [None req-044ebdfc-074a-49fb-a3ad-f1f733adcb45 36ad76e64d7142aea71d6ef57f59791b 982adbdf687a40768074131f551410cc - - default default] 10.0.0.112 "DELETE /v2.0/networks/dadbb1ff-0b15-4bb0-8368-2027fc348336 HTTP/1.1" status: 204 len: 168 time: 0.6286519 /var/lib/openstack/lib/python3.10/site-packages/pycadf/identifier.py:71: UserWarning: Invalid uuid: neutron. To ensure interoperability, identifiers should be a valid uuid. warnings.warn(('Invalid uuid: %s. To ensure interoperability, '
2026-05-12 17:40:08.084 9 INFO neutron.db.ovn_revision_numbers_db [None req-1ef4192d-a486-412a-9b90-50851452c699 75e8ee8b74b64592a292d63c5c9bc840 b94abb8e524d47209a36037859a72dfb - - default default] Successfully bumped revision number for resource bdb8ec3d-57e3-4b4b-9905-cf2abb601c62 (type: floatingips) to 1
2026-05-12 17:40:08.111 10 INFO neutron.wsgi [None req-03b9478e-f85d-4b06-8c30-fe73e063361b 36ad76e64d7142aea71d6ef57f59791b 982adbdf687a40768074131f551410cc - - default default] 10.0.0.112 "GET /v2.0/networks HTTP/1.1" status: 200 len: 845 time: 0.0769498
2026-05-12 17:40:08.117 9 INFO neutron.wsgi [None req-1ef4192d-a486-412a-9b90-50851452c699 75e8ee8b74b64592a292d63c5c9bc840 b94abb8e524d47209a36037859a72dfb - - default default] 10.0.0.112 "POST /v2.0/floatingips HTTP/1.1" status: 201 len: 1040 time: 1.2475951
2026-05-12 17:40:08.122 10 WARNING neutron_lib.context [None req-857098fd-2b2a-4d6f-a365-14176a0517ca 36ad76e64d7142aea71d6ef57f59791b 982adbdf687a40768074131f551410cc - - default default] Method 'is_advsvc' is deprecated since 2023.2 release (neutron-lib 3.8.0) and will be removed once support for the old RBAC API policies will be removed from Neutron. Please use method 'is_service_role' instead. /var/lib/openstack/lib/python3.10/site-packages/pycadf/identifier.py:71: UserWarning: Invalid uuid: neutron. To ensure interoperability, identifiers should be a valid uuid. warnings.warn(('Invalid uuid: %s. To ensure interoperability, '
2026-05-12 17:40:08.158 9 INFO neutron.wsgi [None req-9fd71076-aceb-421c-ab75-48e3ebbccf74 75e8ee8b74b64592a292d63c5c9bc840 b94abb8e524d47209a36037859a72dfb - - default default] 10.0.0.112 "GET /v2.0/floatingips/bdb8ec3d-57e3-4b4b-9905-cf2abb601c62 HTTP/1.1" status: 200 len: 1037 time: 0.0358469
2026-05-12 17:40:08.199 10 INFO neutron.db.segments_db [None req-857098fd-2b2a-4d6f-a365-14176a0517ca 36ad76e64d7142aea71d6ef57f59791b 982adbdf687a40768074131f551410cc - - default default] Added segment 9f223c4c-b39e-4c3e-b6d2-5dd0e9712dd0 of type geneve for network ff53196e-69e9-4237-aba6-619f3cffb8cf
2026-05-12 17:40:08.225 9 INFO neutron.wsgi [None req-ae8067fe-c5e4-4266-995f-4df91f4e9ec7 75e8ee8b74b64592a292d63c5c9bc840 b94abb8e524d47209a36037859a72dfb - - default default] 10.0.0.112 "GET /v2.0/floatingips HTTP/1.1" status: 200 len: 1040 time: 0.0626891
2026-05-12 17:40:08.337 10 INFO neutron.db.ovn_revision_numbers_db [None req-857098fd-2b2a-4d6f-a365-14176a0517ca 36ad76e64d7142aea71d6ef57f59791b 982adbdf687a40768074131f551410cc - - default default] Successfully bumped revision number for resource ff53196e-69e9-4237-aba6-619f3cffb8cf (type: networks) to 1
2026-05-12 17:40:08.503 9 INFO neutron.db.l3_db [None req-51ec0075-742a-403f-9df3-678a41e00922 75e8ee8b74b64592a292d63c5c9bc840 b94abb8e524d47209a36037859a72dfb - - default default] Floating IP bdb8ec3d-57e3-4b4b-9905-cf2abb601c62 associated. External IP: 10.96.250.210, port: 2fdc77c3-6bcc-44b2-80a8-62340d7d8e65.
2026-05-12 17:40:08.551 10 WARNING neutron.scheduler.dhcp_agent_scheduler [None req-857098fd-2b2a-4d6f-a365-14176a0517ca 36ad76e64d7142aea71d6ef57f59791b 982adbdf687a40768074131f551410cc - - default default] No more DHCP agents
2026-05-12 17:40:08.554 10 WARNING neutron.api.rpc.agentnotifiers.dhcp_rpc_agent_api [None req-857098fd-2b2a-4d6f-a365-14176a0517ca 36ad76e64d7142aea71d6ef57f59791b 982adbdf687a40768074131f551410cc - - default default] Unable to schedule network ff53196e-69e9-4237-aba6-619f3cffb8cf: no agents available; will retry on subsequent port and subnet creation events.
2026-05-12 17:40:08.647 10 INFO neutron.db.ovn_revision_numbers_db [None req-857098fd-2b2a-4d6f-a365-14176a0517ca 36ad76e64d7142aea71d6ef57f59791b 982adbdf687a40768074131f551410cc - - default default] Successfully bumped revision number for resource 0706573f-b088-4531-8402-680ee9a802d3 (type: ports) to 1
2026-05-12 17:40:08.670 10 INFO neutron.wsgi [None req-857098fd-2b2a-4d6f-a365-14176a0517ca 36ad76e64d7142aea71d6ef57f59791b 982adbdf687a40768074131f551410cc - - default default] 10.0.0.112 "POST /v2.0/networks HTTP/1.1" status: 201 len: 851 time: 0.5516999
2026-05-12 17:40:08.678 10 WARNING neutron_lib.context [None req-a1b97206-012c-4708-8eac-1d8b108a9198 36ad76e64d7142aea71d6ef57f59791b 982adbdf687a40768074131f551410cc - - default default] Method 'is_advsvc' is deprecated since 2023.2 release (neutron-lib 3.8.0) and will be removed once support for the old RBAC API policies will be removed from Neutron. Please use method 'is_service_role' instead.
2026-05-12 17:40:08.760 10 INFO neutron.db.segments_db [None req-a1b97206-012c-4708-8eac-1d8b108a9198 36ad76e64d7142aea71d6ef57f59791b 982adbdf687a40768074131f551410cc - - default default] Added segment 2c30fa84-af38-4ef1-9a03-9059770f8728 of type geneve for network f56d9ea3-df31-43d9-9ea1-acec0c6d28ea
2026-05-12 17:40:08.782 9 INFO neutron.db.ovn_revision_numbers_db [None req-51ec0075-742a-403f-9df3-678a41e00922 75e8ee8b74b64592a292d63c5c9bc840 b94abb8e524d47209a36037859a72dfb - - default default] Successfully bumped revision number for resource bdb8ec3d-57e3-4b4b-9905-cf2abb601c62 (type: floatingips) to 2
2026-05-12 17:40:08.902 9 INFO neutron.db.ovn_revision_numbers_db [None req-51ec0075-742a-403f-9df3-678a41e00922 75e8ee8b74b64592a292d63c5c9bc840 b94abb8e524d47209a36037859a72dfb - - default default] Successfully bumped revision number for resource bdb8ec3d-57e3-4b4b-9905-cf2abb601c62 (type: floatingips) to 2
2026-05-12 17:40:08.924 10 INFO neutron.db.ovn_revision_numbers_db [None req-a1b97206-012c-4708-8eac-1d8b108a9198 36ad76e64d7142aea71d6ef57f59791b 982adbdf687a40768074131f551410cc - - default default] Successfully bumped revision number for resource f56d9ea3-df31-43d9-9ea1-acec0c6d28ea (type: networks) to 1
2026-05-12 17:40:08.953 9 INFO neutron.wsgi [None req-51ec0075-742a-403f-9df3-678a41e00922 75e8ee8b74b64592a292d63c5c9bc840 b94abb8e524d47209a36037859a72dfb - - default default] 10.0.0.112 "PUT /v2.0/floatingips/bdb8ec3d-57e3-4b4b-9905-cf2abb601c62 HTTP/1.1" status: 200 len: 1038 time: 0.7233155 /var/lib/openstack/lib/python3.10/site-packages/pycadf/identifier.py:71: UserWarning: Invalid uuid: neutron. To ensure interoperability, identifiers should be a valid uuid. warnings.warn(('Invalid uuid: %s. To ensure interoperability, '
2026-05-12 17:40:09.099 9 INFO neutron.db.l3_db [None req-3d5c6307-f048-4f1f-a6f3-bb4804eec3bb 75e8ee8b74b64592a292d63c5c9bc840 b94abb8e524d47209a36037859a72dfb - - default default] Floating IP bdb8ec3d-57e3-4b4b-9905-cf2abb601c62 disassociated. External IP: 10.96.250.210, port: 64227fb8-f977-4cb7-a1d8-3e28dbfdf453.
2026-05-12 17:40:09.121 10 WARNING neutron.scheduler.dhcp_agent_scheduler [None req-a1b97206-012c-4708-8eac-1d8b108a9198 36ad76e64d7142aea71d6ef57f59791b 982adbdf687a40768074131f551410cc - - default default] No more DHCP agents
2026-05-12 17:40:09.123 10 WARNING neutron.api.rpc.agentnotifiers.dhcp_rpc_agent_api [None req-a1b97206-012c-4708-8eac-1d8b108a9198 36ad76e64d7142aea71d6ef57f59791b 982adbdf687a40768074131f551410cc - - default default] Unable to schedule network f56d9ea3-df31-43d9-9ea1-acec0c6d28ea: no agents available; will retry on subsequent port and subnet creation events.
2026-05-12 17:40:09.168 9 INFO neutron.db.ovn_revision_numbers_db [None req-3d5c6307-f048-4f1f-a6f3-bb4804eec3bb 75e8ee8b74b64592a292d63c5c9bc840 b94abb8e524d47209a36037859a72dfb - - default default] Successfully bumped revision number for resource bdb8ec3d-57e3-4b4b-9905-cf2abb601c62 (type: floatingips) to 3
2026-05-12 17:40:09.224 10 INFO neutron.db.ovn_revision_numbers_db [None req-a1b97206-012c-4708-8eac-1d8b108a9198 36ad76e64d7142aea71d6ef57f59791b 982adbdf687a40768074131f551410cc - - default default] Successfully bumped revision number for resource e3279338-5ba9-480e-9f25-d12f0555fb52 (type: ports) to 1
2026-05-12 17:40:09.244 10 INFO neutron.wsgi [None req-a1b97206-012c-4708-8eac-1d8b108a9198 36ad76e64d7142aea71d6ef57f59791b 982adbdf687a40768074131f551410cc - - default default] 10.0.0.112 "POST /v2.0/networks HTTP/1.1" status: 201 len: 852 time: 0.5697782
2026-05-12 17:40:09.254 10 WARNING neutron_lib.context [None req-956dcbc3-bdc0-4dad-b8a4-c238dcd458b5 36ad76e64d7142aea71d6ef57f59791b 982adbdf687a40768074131f551410cc - - default default] Method 'is_advsvc' is deprecated since 2023.2 release (neutron-lib 3.8.0) and will be removed once support for the old RBAC API policies will be removed from Neutron. Please use method 'is_service_role' instead.
2026-05-12 17:40:09.269 9 INFO neutron.wsgi [None req-3d5c6307-f048-4f1f-a6f3-bb4804eec3bb 75e8ee8b74b64592a292d63c5c9bc840 b94abb8e524d47209a36037859a72dfb - - default default] 10.0.0.112 "PUT /v2.0/floatingips/bdb8ec3d-57e3-4b4b-9905-cf2abb601c62 HTTP/1.1" status: 200 len: 748 time: 0.3103120
2026-05-12 17:40:09.316 10 WARNING neutron_lib.context [None req-956dcbc3-bdc0-4dad-b8a4-c238dcd458b5 36ad76e64d7142aea71d6ef57f59791b 982adbdf687a40768074131f551410cc - - default default] Method 'is_advsvc' is deprecated since 2023.2 release (neutron-lib 3.8.0) and will be removed once support for the old RBAC API policies will be removed from Neutron. Please use method 'is_service_role' instead.
2026-05-12 17:40:09.710 10 INFO neutron.wsgi [None req-c69e3622-47f0-4a91-8563-38ec0aac6cb8 75e8ee8b74b64592a292d63c5c9bc840 b94abb8e524d47209a36037859a72dfb - - default default] 10.0.0.112 "DELETE /v2.0/floatingips/bdb8ec3d-57e3-4b4b-9905-cf2abb601c62 HTTP/1.1" status: 204 len: 168 time: 0.4374146 /var/lib/openstack/lib/python3.10/site-packages/pycadf/identifier.py:71: UserWarning: Invalid uuid: neutron. To ensure interoperability, identifiers should be a valid uuid. warnings.warn(('Invalid uuid: %s. To ensure interoperability, '
2026-05-12 17:40:09.740 9 INFO neutron.api.v2.resource [None req-61cfb88d-e186-4929-ad22-2d95cec5e721 75e8ee8b74b64592a292d63c5c9bc840 b94abb8e524d47209a36037859a72dfb - - default default] delete failed (client error): The resource could not be found.
2026-05-12 17:40:09.741 9 INFO neutron.wsgi [None req-61cfb88d-e186-4929-ad22-2d95cec5e721 75e8ee8b74b64592a292d63c5c9bc840 b94abb8e524d47209a36037859a72dfb - - default default] 10.0.0.112 "DELETE /v2.0/floatingips/bdb8ec3d-57e3-4b4b-9905-cf2abb601c62 HTTP/1.1" status: 404 len: 345 time: 0.0258911 /var/lib/openstack/lib/python3.10/site-packages/pycadf/identifier.py:71: UserWarning: Invalid uuid: neutron. To ensure interoperability, identifiers should be a valid uuid. warnings.warn(('Invalid uuid: %s. To ensure interoperability, '
2026-05-12 17:40:09.790 10 INFO neutron.wsgi [-] 10.0.0.232 "GET / HTTP/1.1" status: 200 len: 246 time: 0.0013564
2026-05-12 17:40:09.791 10 INFO neutron.wsgi [-] 10.0.0.232 "GET / HTTP/1.1" status: 200 len: 246 time: 0.0008750
2026-05-12 17:40:09.852 10 WARNING neutron.scheduler.dhcp_agent_scheduler [None req-956dcbc3-bdc0-4dad-b8a4-c238dcd458b5 36ad76e64d7142aea71d6ef57f59791b 982adbdf687a40768074131f551410cc - - default default] No more DHCP agents
2026-05-12 17:40:09.855 10 WARNING neutron.api.rpc.agentnotifiers.dhcp_rpc_agent_api [None req-956dcbc3-bdc0-4dad-b8a4-c238dcd458b5 36ad76e64d7142aea71d6ef57f59791b 982adbdf687a40768074131f551410cc - - default default] Unable to schedule network ff53196e-69e9-4237-aba6-619f3cffb8cf: no agents available; will retry on subsequent port and subnet creation events.
2026-05-12 17:40:09.977 10 INFO neutron.db.ovn_revision_numbers_db [None req-956dcbc3-bdc0-4dad-b8a4-c238dcd458b5 36ad76e64d7142aea71d6ef57f59791b 982adbdf687a40768074131f551410cc - - default default] Successfully bumped revision number for resource 82ad56d6-ee4b-4e7a-832f-42b3abae34ad (type: ports) to 1
2026-05-12 17:40:10.022 10 WARNING neutron.scheduler.dhcp_agent_scheduler [None req-956dcbc3-bdc0-4dad-b8a4-c238dcd458b5 36ad76e64d7142aea71d6ef57f59791b 982adbdf687a40768074131f551410cc - - default default] No more DHCP agents
2026-05-12 17:40:10.024 10 WARNING neutron.api.rpc.agentnotifiers.dhcp_rpc_agent_api [None req-956dcbc3-bdc0-4dad-b8a4-c238dcd458b5 36ad76e64d7142aea71d6ef57f59791b 982adbdf687a40768074131f551410cc - - default default] Unable to schedule network f56d9ea3-df31-43d9-9ea1-acec0c6d28ea: no agents available; will retry on subsequent port and subnet creation events.
2026-05-12 17:40:10.132 10 INFO neutron.db.ovn_revision_numbers_db [None req-956dcbc3-bdc0-4dad-b8a4-c238dcd458b5 36ad76e64d7142aea71d6ef57f59791b 982adbdf687a40768074131f551410cc - - default default] Successfully bumped revision number for resource 830f0d7b-1603-4d6c-b059-0303fb6f54f6 (type: ports) to 1
2026-05-12 17:40:10.170 10 INFO neutron.wsgi [None req-956dcbc3-bdc0-4dad-b8a4-c238dcd458b5 36ad76e64d7142aea71d6ef57f59791b 982adbdf687a40768074131f551410cc - - default default] 10.0.0.112 "POST /v2.0/ports HTTP/1.1" status: 201 len: 1706 time: 0.9212286
2026-05-12 17:40:10.177 10 INFO neutron.wsgi [None req-dbde49be-9270-43e5-bbd8-655f031a4d7b 75e8ee8b74b64592a292d63c5c9bc840 b94abb8e524d47209a36037859a72dfb - - default default] 10.0.0.112 "DELETE /v2.0/ports/64227fb8-f977-4cb7-a1d8-3e28dbfdf453 HTTP/1.1" status: 204 len: 168 time: 0.4315577
2026-05-12 17:40:10.571 9 INFO neutron.wsgi [None req-b8d893c9-afa0-4b1b-9466-e9908aa20316 36ad76e64d7142aea71d6ef57f59791b 982adbdf687a40768074131f551410cc - - default default] 10.0.0.112 "GET /v2.0/ports HTTP/1.1" status: 200 len: 3213 time: 0.3955858
2026-05-12 17:40:10.867 9 INFO neutron.wsgi [None req-6c181ab5-feca-41e4-bbdc-8ef9c6540b8c 75e8ee8b74b64592a292d63c5c9bc840 b94abb8e524d47209a36037859a72dfb - - default default] 10.0.0.112 "DELETE /v2.0/ports/2fdc77c3-6bcc-44b2-80a8-62340d7d8e65 HTTP/1.1" status: 204 len: 168 time: 0.6817920
2026-05-12 17:40:10.873 9 INFO neutron.wsgi [None req-c76eab7e-f7fc-4379-aaa0-3767e640d1f8 36ad76e64d7142aea71d6ef57f59791b 982adbdf687a40768074131f551410cc - - default default] 10.0.0.112 "DELETE /v2.0/ports/82ad56d6-ee4b-4e7a-832f-42b3abae34ad HTTP/1.1" status: 204 len: 168 time: 0.2958536 /var/lib/openstack/lib/python3.10/site-packages/pycadf/identifier.py:71: UserWarning: Invalid uuid: neutron. To ensure interoperability, identifiers should be a valid uuid. warnings.warn(('Invalid uuid: %s. To ensure interoperability, '
2026-05-12 17:40:10.961 10 INFO neutron.wsgi [None req-acfdb452-9a50-42d8-a1e0-0239c6948d69 75e8ee8b74b64592a292d63c5c9bc840 b94abb8e524d47209a36037859a72dfb - - default default] 10.0.0.112 "GET /v2.0/ports?device_id=268a0a41-fbf1-4e7a-99e2-bdb42f0c5bc1 HTTP/1.1" status: 200 len: 1140 time: 0.0888603
2026-05-12 17:40:11.155 9 INFO neutron.wsgi [None req-733d35e6-c6f6-403b-9b94-09d34688931b 36ad76e64d7142aea71d6ef57f59791b 982adbdf687a40768074131f551410cc - - default default] 10.0.0.112 "DELETE /v2.0/ports/830f0d7b-1603-4d6c-b059-0303fb6f54f6 HTTP/1.1" status: 204 len: 168 time: 0.2762508
2026-05-12 17:40:11.303 10 INFO neutron.wsgi [None req-cf7ae3e6-f610-466a-989b-88ebbdb3b009 36ad76e64d7142aea71d6ef57f59791b 982adbdf687a40768074131f551410cc - - default default] 10.0.0.112 "GET /v2.0/ports HTTP/1.1" status: 200 len: 1718 time: 0.1435506
2026-05-12 17:40:11.320 10 WARNING neutron_lib.context [None req-042768e3-3047-4317-bb09-c7c50c56e245 36ad76e64d7142aea71d6ef57f59791b 982adbdf687a40768074131f551410cc - - default default] Method 'is_advsvc' is deprecated since 2023.2 release (neutron-lib 3.8.0) and will be removed once support for the old RBAC API policies will be removed from Neutron. Please use method 'is_service_role' instead.
