2026-05-12 17:38:47.113 9 INFO neutron.db.ovn_revision_numbers_db [None req-49e5dd37-19b4-4e03-bbef-51b2ab9bc265 47cc16f72e9046638185cbc34bd09055 e4c9b40c70cc4d13aa8046933332264d - - default default] Successfully bumped revision number for resource 5f7947b1-e229-490f-8085-119b20bb92e5 (type: security_group_rules) to 0
2026-05-12 17:38:47.142 9 INFO neutron.db.ovn_revision_numbers_db [None req-49e5dd37-19b4-4e03-bbef-51b2ab9bc265 47cc16f72e9046638185cbc34bd09055 e4c9b40c70cc4d13aa8046933332264d - - default default] Successfully bumped revision number for resource 676e170d-a533-46a0-bf9f-6b8eb775fc7b (type: security_group_rules) to 0
2026-05-12 17:38:47.171 9 INFO neutron.wsgi [None req-49e5dd37-19b4-4e03-bbef-51b2ab9bc265 47cc16f72e9046638185cbc34bd09055 e4c9b40c70cc4d13aa8046933332264d - - default default] 10.0.0.112 "GET /v2.0/security-groups?tenant_id=8de647b91ee04604826920aff07838f8&name=default HTTP/1.1" status: 200 len: 2996 time: 0.5022314
2026-05-12 17:38:47.203 9 INFO neutron.wsgi [req-17234b93-f245-4aff-a088-1a58f02cbcb7 req-064a6527-768e-4647-9cb1-a3e243c9e2b1 a400b6cd638744a59d8b269771df9ffa f73868d87c90476a99d69fc99cc49c6c - - default default] 10.0.0.78 "GET /v2.0/security-groups?tenant_id=f73868d87c90476a99d69fc99cc49c6c HTTP/1.1" status: 200 len: 2997 time: 0.0742519
2026-05-12 17:38:47.209 10 INFO neutron.db.ovn_revision_numbers_db [None req-53618408-f57a-42ad-9e76-fb822fc50b4e - - - - - -] Successfully bumped revision number for resource a56c92ea-ee3b-4430-8cf9-b4c15067ac12 (type: router_ports) to 4
2026-05-12 17:38:47.211 10 INFO neutron.db.ovn_revision_numbers_db [None req-894cb5da-8d0f-4ec3-b618-1c670c0f2eee 47cc16f72e9046638185cbc34bd09055 e4c9b40c70cc4d13aa8046933332264d - - default default] Successfully bumped revision number for resource 6d21eb26-316a-4e38-8d39-eeb121216298 (type: ports) to 1
2026-05-12 17:38:47.252 9 INFO neutron.wsgi [req-17234b93-f245-4aff-a088-1a58f02cbcb7 req-015e96ca-1cc8-499c-9815-b42f53766fd7 a400b6cd638744a59d8b269771df9ffa f73868d87c90476a99d69fc99cc49c6c - - default default] 10.0.0.78 "GET /v2.0/security-groups/1f592a9c-709e-44eb-98cf-cd62a6c0843b HTTP/1.1" status: 200 len: 2994 time: 0.0422821
2026-05-12 17:38:47.275 10 WARNING neutron.scheduler.dhcp_agent_scheduler [None req-894cb5da-8d0f-4ec3-b618-1c670c0f2eee 47cc16f72e9046638185cbc34bd09055 e4c9b40c70cc4d13aa8046933332264d - - default default] No more DHCP agents
2026-05-12 17:38:47.277 10 WARNING neutron.api.rpc.agentnotifiers.dhcp_rpc_agent_api [None req-894cb5da-8d0f-4ec3-b618-1c670c0f2eee 47cc16f72e9046638185cbc34bd09055 e4c9b40c70cc4d13aa8046933332264d - - default default] Unable to schedule network 06dc0d01-12c5-4ed3-bc29-4d50bc5b82a9: no agents available; will retry on subsequent port and subnet creation events.
2026-05-12 17:38:47.291 9 INFO neutron.wsgi [req-d208f938-3484-4d7c-8edf-d7456c05b37d req-066544b0-4846-4ff7-8ace-d0d6579f2409 0efe87726b7a47eab472ac2803b38dc3 5d8d2a20fd684713a6c68a4acf11e31e - - default default] 10.0.0.78 "DELETE /v2.0/security-groups/926c2b8c-322b-4fbc-8661-32696494647e HTTP/1.1" status: 204 len: 173 time: 0.2125349
2026-05-12 17:38:47.317 9 INFO neutron.wsgi [req-17234b93-f245-4aff-a088-1a58f02cbcb7 req-c996759d-f7fa-48bc-85aa-42b55fbcba9c a400b6cd638744a59d8b269771df9ffa f73868d87c90476a99d69fc99cc49c6c - - default default] 10.0.0.78 "GET /v2.0/security-groups/1f592a9c-709e-44eb-98cf-cd62a6c0843b HTTP/1.1" status: 200 len: 2994 time: 0.0527613
2026-05-12 17:38:47.337 9 INFO neutron.wsgi [req-8ba589a7-def1-49bf-8784-42e25220997a req-0f2343c8-4057-4546-9f73-4d8d6d26e76f 0efe87726b7a47eab472ac2803b38dc3 5d8d2a20fd684713a6c68a4acf11e31e - - default default] 10.0.0.78 "GET /v2.0/security-groups/b629b6e9-bcbd-468a-a7ab-06eb8111ee6d HTTP/1.1" status: 200 len: 2410 time: 0.0290277
2026-05-12 17:38:47.368 9 INFO neutron.api.v2.resource [req-1bb1c758-a962-4f67-a575-339efc2246a3 req-6165931c-09ab-4b72-956a-2b5e21d2ef09 a400b6cd638744a59d8b269771df9ffa f73868d87c90476a99d69fc99cc49c6c - - default default] show failed (client error): The resource could not be found.
2026-05-12 17:38:47.369 9 INFO neutron.wsgi [req-1bb1c758-a962-4f67-a575-339efc2246a3 req-6165931c-09ab-4b72-956a-2b5e21d2ef09 a400b6cd638744a59d8b269771df9ffa f73868d87c90476a99d69fc99cc49c6c - - default default] 10.0.0.78 "GET /v2.0/security-groups/7d7f0bbc-a8f9-43ea-a8a5-892afcd4f85e HTTP/1.1" status: 404 len: 352 time: 0.0255463
2026-05-12 17:38:47.402 9 INFO neutron.api.v2.resource [req-ec004161-5337-485a-9882-b69d0b1e443c req-60be95c6-ecda-4d8b-a0e7-8838757c3622 a400b6cd638744a59d8b269771df9ffa f73868d87c90476a99d69fc99cc49c6c - - default default] show failed (client error): The resource could not be found.
2026-05-12 17:38:47.403 9 INFO neutron.wsgi [req-ec004161-5337-485a-9882-b69d0b1e443c req-60be95c6-ecda-4d8b-a0e7-8838757c3622 a400b6cd638744a59d8b269771df9ffa f73868d87c90476a99d69fc99cc49c6c - - default default] 10.0.0.78 "GET /v2.0/security-groups/879ab6be-0500-47f7-aefd-6602c55719a1 HTTP/1.1" status: 404 len: 352 time: 0.0163479
2026-05-12 17:38:47.435 9 INFO neutron.api.v2.resource [req-2f8309d9-6275-4d6f-a6af-e51b0628d2da req-233f59cd-24e8-4cd8-9a50-9ba813d844b7 a400b6cd638744a59d8b269771df9ffa f73868d87c90476a99d69fc99cc49c6c - - default default] show failed (client error): The resource could not be found.
2026-05-12 17:38:47.436 9 INFO neutron.wsgi [req-2f8309d9-6275-4d6f-a6af-e51b0628d2da req-233f59cd-24e8-4cd8-9a50-9ba813d844b7 a400b6cd638744a59d8b269771df9ffa f73868d87c90476a99d69fc99cc49c6c - - default default] 10.0.0.78 "GET /v2.0/security-groups/7952e5fe-2088-4812-9076-f3b51206efe5 HTTP/1.1" status: 404 len: 352 time: 0.0173891
2026-05-12 17:38:47.467 9 INFO neutron.wsgi [None req-3cd4b2c2-48af-4a1f-9089-9181b994742e 47cc16f72e9046638185cbc34bd09055 e4c9b40c70cc4d13aa8046933332264d - - default default] 10.0.0.112 "DELETE /v2.0/security-groups/96b47692-cc18-43ad-b162-b9f9ae227ee3 HTTP/1.1" status: 204 len: 168 time: 0.2875595
2026-05-12 17:38:47.553 9 INFO neutron.wsgi [req-8ba589a7-def1-49bf-8784-42e25220997a req-10609a33-8ae3-43dc-bece-b2feeeb9a9f7 0efe87726b7a47eab472ac2803b38dc3 5d8d2a20fd684713a6c68a4acf11e31e - - default default] 10.0.0.78 "DELETE /v2.0/security-groups/b629b6e9-bcbd-468a-a7ab-06eb8111ee6d HTTP/1.1" status: 204 len: 173 time: 0.2076328
2026-05-12 17:38:47.858 9 INFO neutron.db.ovn_revision_numbers_db [None req-d4ffcab1-f771-4960-bed5-023e8062bff3 47cc16f72e9046638185cbc34bd09055 e4c9b40c70cc4d13aa8046933332264d - - default default] Successfully bumped revision number for resource 784c3c0d-2eb0-4053-8f1c-d7ccc2aa30b5 (type: security_groups) to 1
2026-05-12 17:38:47.884 9 INFO neutron.db.ovn_revision_numbers_db [None req-d4ffcab1-f771-4960-bed5-023e8062bff3 47cc16f72e9046638185cbc34bd09055 e4c9b40c70cc4d13aa8046933332264d - - default default] Successfully bumped revision number for resource 2293f218-b48a-4e13-90fe-82700543403f (type: security_group_rules) to 0
2026-05-12 17:38:47.906 9 INFO neutron.db.ovn_revision_numbers_db [None req-d4ffcab1-f771-4960-bed5-023e8062bff3 47cc16f72e9046638185cbc34bd09055 e4c9b40c70cc4d13aa8046933332264d - - default default] Successfully bumped revision number for resource 5220a6ae-a46d-42c5-a22a-5a8124e355b4 (type: security_group_rules) to 0
2026-05-12 17:38:47.938 9 INFO neutron.db.ovn_revision_numbers_db [None req-d4ffcab1-f771-4960-bed5-023e8062bff3 47cc16f72e9046638185cbc34bd09055 e4c9b40c70cc4d13aa8046933332264d - - default default] Successfully bumped revision number for resource 536b12d4-f2d0-43bc-93ab-97c3bbd771b9 (type: security_group_rules) to 0
2026-05-12 17:38:47.971 9 INFO neutron.db.ovn_revision_numbers_db [None req-d4ffcab1-f771-4960-bed5-023e8062bff3 47cc16f72e9046638185cbc34bd09055 e4c9b40c70cc4d13aa8046933332264d - - default default] Successfully bumped revision number for resource d5bbf437-2138-49b7-862a-3153300d1732 (type: security_group_rules) to 0
2026-05-12 17:38:47.997 9 INFO neutron.wsgi [None req-d4ffcab1-f771-4960-bed5-023e8062bff3 47cc16f72e9046638185cbc34bd09055 e4c9b40c70cc4d13aa8046933332264d - - default default] 10.0.0.112 "GET /v2.0/security-groups?tenant_id=1bbb32a29dc64c1cb85e1b772c42fca1&name=default HTTP/1.1" status: 200 len: 2996 time: 0.4192181
2026-05-12 17:38:48.192 10 INFO neutron.plugins.ml2.drivers.ovn.mech_driver.mech_driver [None req-dccbfcc7-2f93-4273-bcec-7377bf79d4cc - - - - - -] OVN reports status up for port: 6d21eb26-316a-4e38-8d39-eeb121216298
2026-05-12 17:38:48.231 10 INFO neutron.plugins.ml2.plugin [None req-dccbfcc7-2f93-4273-bcec-7377bf79d4cc - - - - - -] Attempt 1 to provision port 6d21eb26-316a-4e38-8d39-eeb121216298
2026-05-12 17:38:48.257 10 INFO neutron.db.ovn_revision_numbers_db [None req-894cb5da-8d0f-4ec3-b618-1c670c0f2eee 47cc16f72e9046638185cbc34bd09055 e4c9b40c70cc4d13aa8046933332264d - - default default] Successfully bumped revision number for resource 6d21eb26-316a-4e38-8d39-eeb121216298 (type: router_ports) to 1
2026-05-12 17:38:48.260 10 INFO neutron.wsgi [None req-894cb5da-8d0f-4ec3-b618-1c670c0f2eee 47cc16f72e9046638185cbc34bd09055 e4c9b40c70cc4d13aa8046933332264d - - default default] 10.0.0.112 "PUT /v2.0/routers/a389254c-4df1-40c4-b53c-557004d36e21/add_router_interface HTTP/1.1" status: 200 len: 503 time: 2.6686502
2026-05-12 17:38:48.559 10 INFO neutron.wsgi [None req-66d05359-ad89-49ec-abfe-8467ff704abe 47cc16f72e9046638185cbc34bd09055 e4c9b40c70cc4d13aa8046933332264d - - default default] 10.0.0.112 "DELETE /v2.0/security-groups/784c3c0d-2eb0-4053-8f1c-d7ccc2aa30b5 HTTP/1.1" status: 204 len: 168 time: 0.5577545
2026-05-12 17:38:48.711 9 INFO neutron.wsgi [None req-71f902b7-b971-48bb-b106-17d807d6f164 47cc16f72e9046638185cbc34bd09055 e4c9b40c70cc4d13aa8046933332264d - - default default] 10.0.0.112 "PUT /v2.0/routers/c66334f9-ea23-498d-b364-b156d679584c/remove_router_interface HTTP/1.1" status: 200 len: 503 time: 1.2595286 /var/lib/openstack/lib/python3.10/site-packages/pycadf/identifier.py:71: UserWarning: Invalid uuid: neutron. To ensure interoperability, identifiers should be a valid uuid. warnings.warn(('Invalid uuid: %s. To ensure interoperability, '
2026-05-12 17:38:48.741 10 INFO neutron.db.ovn_revision_numbers_db [None req-dccbfcc7-2f93-4273-bcec-7377bf79d4cc - - - - - -] Successfully bumped revision number for resource 6d21eb26-316a-4e38-8d39-eeb121216298 (type: ports) to 2
2026-05-12 17:38:48.846 10 INFO neutron.db.ovn_revision_numbers_db [None req-dccbfcc7-2f93-4273-bcec-7377bf79d4cc - - - - - -] Successfully bumped revision number for resource 6d21eb26-316a-4e38-8d39-eeb121216298 (type: router_ports) to 2
2026-05-12 17:38:48.929 9 WARNING neutron_lib.context [None req-a4b6d3b2-75ec-43b2-bee9-6267ab95c1b8 fd1d834ba1c9430b8f8533c453a8c413 834387f5dee94207b2a58e537a558673 - - default default] Method 'is_advsvc' is deprecated since 2023.2 release (neutron-lib 3.8.0) and will be removed once support for the old RBAC API policies will be removed from Neutron. Please use method 'is_service_role' instead.
2026-05-12 17:38:49.086 9 INFO neutron.db.ovn_revision_numbers_db [None req-a4b6d3b2-75ec-43b2-bee9-6267ab95c1b8 fd1d834ba1c9430b8f8533c453a8c413 834387f5dee94207b2a58e537a558673 - - default default] Successfully bumped revision number for resource 32e6cff5-6f00-4415-bfae-5f6ee42ccc5f (type: security_groups) to 1
2026-05-12 17:38:49.111 9 INFO neutron.db.ovn_revision_numbers_db [None req-a4b6d3b2-75ec-43b2-bee9-6267ab95c1b8 fd1d834ba1c9430b8f8533c453a8c413 834387f5dee94207b2a58e537a558673 - - default default] Successfully bumped revision number for resource 17c3658b-8e15-45ff-ba31-ae5c6ab893ba (type: security_group_rules) to 0
2026-05-12 17:38:49.132 9 INFO neutron.db.ovn_revision_numbers_db [None req-a4b6d3b2-75ec-43b2-bee9-6267ab95c1b8 fd1d834ba1c9430b8f8533c453a8c413 834387f5dee94207b2a58e537a558673 - - default default] Successfully bumped revision number for resource 954bdb2f-87d3-4612-bed9-74875e3da770 (type: security_group_rules) to 0
2026-05-12 17:38:49.158 10 INFO neutron.wsgi [None req-adfc2238-aee8-4b0a-927a-40843601cab9 47cc16f72e9046638185cbc34bd09055 e4c9b40c70cc4d13aa8046933332264d - - default default] 10.0.0.112 "PUT /v2.0/routers/6a279ea6-e9e6-436d-89ff-15fac9aef62b/remove_router_interface HTTP/1.1" status: 200 len: 503 time: 1.5973046 /var/lib/openstack/lib/python3.10/site-packages/pycadf/identifier.py:71: UserWarning: Invalid uuid: neutron. To ensure interoperability, identifiers should be a valid uuid. warnings.warn(('Invalid uuid: %s. To ensure interoperability, '
2026-05-12 17:38:49.171 9 INFO neutron.wsgi [None req-a4b6d3b2-75ec-43b2-bee9-6267ab95c1b8 fd1d834ba1c9430b8f8533c453a8c413 834387f5dee94207b2a58e537a558673 - - default default] 10.0.0.112 "POST /v2.0/security-groups HTTP/1.1" status: 201 len: 1796 time: 0.2482212
2026-05-12 17:38:49.179 9 WARNING neutron_lib.context [None req-2ec4b21f-b5a9-4f28-8928-c2b6dcfc5ba1 fd1d834ba1c9430b8f8533c453a8c413 834387f5dee94207b2a58e537a558673 - - default default] Method 'is_advsvc' is deprecated since 2023.2 release (neutron-lib 3.8.0) and will be removed once support for the old RBAC API policies will be removed from Neutron. Please use method 'is_service_role' instead.
2026-05-12 17:38:49.439 9 WARNING neutron.plugins.ml2.drivers.ovn.mech_driver.ovsdb.ovn_client [None req-a859fdc7-1ecc-4a3c-96bf-971a0d1b1f65 - - - - - -] No hosting information found for port b6ca00d9-140d-44d7-bc2f-d13d52c7f013: RuntimeError: No hosting information found for port b6ca00d9-140d-44d7-bc2f-d13d52c7f013
2026-05-12 17:38:49.440 9 INFO neutron.plugins.ml2.drivers.ovn.mech_driver.mech_driver [None req-a859fdc7-1ecc-4a3c-96bf-971a0d1b1f65 - - - - - -] OVN reports status up for port: 304cf340-5a16-4b1f-830f-bfec4f246e04
2026-05-12 17:38:49.467 9 INFO neutron.plugins.ml2.drivers.ovn.mech_driver.mech_driver [None req-a859fdc7-1ecc-4a3c-96bf-971a0d1b1f65 - - - - - -] OVN reports status up for port: cf2c29e7-1927-4f0a-ad14-b9633f8c30a7
2026-05-12 17:38:49.509 9 INFO neutron.db.ovn_revision_numbers_db [None req-2ec4b21f-b5a9-4f28-8928-c2b6dcfc5ba1 fd1d834ba1c9430b8f8533c453a8c413 834387f5dee94207b2a58e537a558673 - - default default] Successfully bumped revision number for resource be7f2822-4714-411f-b1fe-1ee3b4713178 (type: security_group_rules) to 0
2026-05-12 17:38:49.559 9 INFO neutron.wsgi [None req-2ec4b21f-b5a9-4f28-8928-c2b6dcfc5ba1 fd1d834ba1c9430b8f8533c453a8c413 834387f5dee94207b2a58e537a558673 - - default default] 10.0.0.112 "POST /v2.0/security-group-rules HTTP/1.1" status: 201 len: 764 time: 0.3834164
2026-05-12 17:38:49.584 9 WARNING neutron_lib.context [None req-c4dc3805-1ce9-4431-8ee9-2e91c5269da1 fd1d834ba1c9430b8f8533c453a8c413 834387f5dee94207b2a58e537a558673 - - default default] Method 'is_advsvc' is deprecated since 2023.2 release (neutron-lib 3.8.0) and will be removed once support for the old RBAC API policies will be removed from Neutron. Please use method 'is_service_role' instead.
2026-05-12 17:38:49.783 9 INFO neutron.wsgi [None req-40a56caa-cd29-4e77-a1e8-c47e64603b43 47cc16f72e9046638185cbc34bd09055 e4c9b40c70cc4d13aa8046933332264d - - default default] 10.0.0.112 "DELETE /v2.0/routers/c66334f9-ea23-498d-b364-b156d679584c HTTP/1.1" status: 204 len: 168 time: 1.0664394
2026-05-12 17:38:49.853 9 INFO neutron.db.ovn_revision_numbers_db [None req-c4dc3805-1ce9-4431-8ee9-2e91c5269da1 fd1d834ba1c9430b8f8533c453a8c413 834387f5dee94207b2a58e537a558673 - - default default] Successfully bumped revision number for resource 39f3e03f-3dbf-4756-ae6d-c2080c6de446 (type: security_group_rules) to 0
2026-05-12 17:38:49.898 9 INFO neutron.wsgi [None req-c4dc3805-1ce9-4431-8ee9-2e91c5269da1 fd1d834ba1c9430b8f8533c453a8c413 834387f5dee94207b2a58e537a558673 - - default default] 10.0.0.112 "POST /v2.0/security-group-rules HTTP/1.1" status: 201 len: 769 time: 0.3187788
2026-05-12 17:38:49.912 9 WARNING neutron_lib.context [None req-545b3fbf-2ad0-4d52-9e73-81d333c0ce24 fd1d834ba1c9430b8f8533c453a8c413 834387f5dee94207b2a58e537a558673 - - default default] Method 'is_advsvc' is deprecated since 2023.2 release (neutron-lib 3.8.0) and will be removed once support for the old RBAC API policies will be removed from Neutron. Please use method 'is_service_role' instead.
2026-05-12 17:38:50.055 10 INFO neutron.wsgi [None req-c57431d7-dc88-4542-a7c5-4e3a83f2ad4d 47cc16f72e9046638185cbc34bd09055 e4c9b40c70cc4d13aa8046933332264d - - default default] 10.0.0.112 "DELETE /v2.0/routers/6a279ea6-e9e6-436d-89ff-15fac9aef62b HTTP/1.1" status: 204 len: 168 time: 0.8924060
2026-05-12 17:38:50.106 9 INFO neutron.wsgi [None req-f072a16e-f1bb-4feb-9b7b-1cd726281c69 47cc16f72e9046638185cbc34bd09055 e4c9b40c70cc4d13aa8046933332264d - - default default] 10.0.0.112 "DELETE /v2.0/subnets/94aa1ed7-f00c-4d32-b477-c456cd629bd6 HTTP/1.1" status: 204 len: 168 time: 0.3146188
2026-05-12 17:38:50.239 9 WARNING neutron.scheduler.dhcp_agent_scheduler [None req-545b3fbf-2ad0-4d52-9e73-81d333c0ce24 fd1d834ba1c9430b8f8533c453a8c413 834387f5dee94207b2a58e537a558673 - - default default] No more DHCP agents
2026-05-12 17:38:50.242 9 WARNING neutron.api.rpc.agentnotifiers.dhcp_rpc_agent_api [None req-545b3fbf-2ad0-4d52-9e73-81d333c0ce24 fd1d834ba1c9430b8f8533c453a8c413 834387f5dee94207b2a58e537a558673 - - default default] Unable to schedule network 91c7c4b7-9d1f-490c-8b0f-73b9bd6de455: no agents available; will retry on subsequent port and subnet creation events.
2026-05-12 17:38:50.319 10 INFO neutron.wsgi [None req-ca3cfb0a-1c01-4060-a38c-f09f05bee70d 47cc16f72e9046638185cbc34bd09055 e4c9b40c70cc4d13aa8046933332264d - - default default] 10.0.0.112 "DELETE /v2.0/subnets/48871e3e-a3e4-4c14-b2b1-c5c830254173 HTTP/1.1" status: 204 len: 168 time: 0.2586815
2026-05-12 17:38:50.607 10 INFO neutron.wsgi [None req-fd82dc20-9f60-438a-bc8e-330e3d8a278e 47cc16f72e9046638185cbc34bd09055 e4c9b40c70cc4d13aa8046933332264d - - default default] 10.0.0.112 "DELETE /v2.0/networks/48f20eff-64d2-47a8-a97d-1ff080782407 HTTP/1.1" status: 204 len: 168 time: 0.4949687
2026-05-12 17:38:50.743 9 INFO neutron.db.ovn_revision_numbers_db [None req-545b3fbf-2ad0-4d52-9e73-81d333c0ce24 fd1d834ba1c9430b8f8533c453a8c413 834387f5dee94207b2a58e537a558673 - - default default] Successfully bumped revision number for resource 51f102a8-41c5-4de3-8376-026f8ec14df2 (type: floatingips) to 0
2026-05-12 17:38:50.760 9 INFO neutron.wsgi [None req-545b3fbf-2ad0-4d52-9e73-81d333c0ce24 fd1d834ba1c9430b8f8533c453a8c413 834387f5dee94207b2a58e537a558673 - - default default] 10.0.0.112 "POST /v2.0/floatingips HTTP/1.1" status: 201 len: 751 time: 0.8528666
2026-05-12 17:38:50.893 10 INFO neutron.wsgi [None req-f9c16b67-6f99-4f1a-a147-29b751e30e92 47cc16f72e9046638185cbc34bd09055 e4c9b40c70cc4d13aa8046933332264d - - default default] 10.0.0.112 "GET /v2.0/security-groups?tenant_id=f73868d87c90476a99d69fc99cc49c6c&name=default HTTP/1.1" status: 200 len: 2992 time: 0.0404596
2026-05-12 17:38:50.953 9 INFO neutron.wsgi [None req-0d77c9fc-14fa-462a-8a5e-efd8c2400419 47cc16f72e9046638185cbc34bd09055 e4c9b40c70cc4d13aa8046933332264d - - default default] 10.0.0.112 "DELETE /v2.0/networks/b0ed0dba-545d-4707-9594-06c9a79d2eee HTTP/1.1" status: 204 len: 168 time: 0.6298318
2026-05-12 17:38:51.108 10 INFO neutron.wsgi [None req-c54c6e49-152b-429e-b03d-6304670774e6 47cc16f72e9046638185cbc34bd09055 e4c9b40c70cc4d13aa8046933332264d - - default default] 10.0.0.112 "DELETE /v2.0/security-groups/1f592a9c-709e-44eb-98cf-cd62a6c0843b HTTP/1.1" status: 204 len: 168 time: 0.2077227
2026-05-12 17:38:51.160 10 INFO neutron.wsgi [None req-4ec43f9b-b70f-4de7-af91-888fa1e270c5 47cc16f72e9046638185cbc34bd09055 e4c9b40c70cc4d13aa8046933332264d - - default default] 10.0.0.112 "GET /v2.0/security-groups?tenant_id=5d8d2a20fd684713a6c68a4acf11e31e&name=default HTTP/1.1" status: 200 len: 2992 time: 0.0345569
2026-05-12 17:38:51.239 9 INFO neutron.wsgi [req-45073481-a531-4452-9e6b-5e4b6182afd7 req-8681b54e-5871-4b3c-96f5-11c1392aa680 fd1d834ba1c9430b8f8533c453a8c413 834387f5dee94207b2a58e537a558673 - - default default] 10.0.0.78 "GET /v2.0/security-groups?name=tempest-securitygroup--1721585454&fields=id&tenant_id=834387f5dee94207b2a58e537a558673 HTTP/1.1" status: 200 len: 267 time: 0.0462594
2026-05-12 17:38:51.313 10 INFO neutron.services.segments.plugin [-] Segment 1916e49e-60f0-4567-b6bd-82383d77afb4 resource provider aggregate not found
2026-05-12 17:38:51.331 10 INFO neutron.services.segments.plugin [-] Segment 1916e49e-60f0-4567-b6bd-82383d77afb4 resource provider aggregate not found
2026-05-12 17:38:51.360 9 INFO neutron.services.segments.plugin [-] Segment b1af272f-43f8-40ac-8d4a-ba1bad270267 resource provider aggregate not found
2026-05-12 17:38:51.365 10 INFO neutron.services.segments.plugin [-] Segment 1916e49e-60f0-4567-b6bd-82383d77afb4 resource provider not found; error: Placement Client Error (4xx): {"errors": [{"status": 404, "title": "Not Found", "detail": "The resource could not be found.\n\n No resource provider with uuid 1916e49e-60f0-4567-b6bd-82383d77afb4 found for delete ", "request_id": "req-b1ff8f83-d16c-45ae-a126-4da374622e78"}]}
2026-05-12 17:38:51.372 10 INFO neutron.services.segments.plugin [-] Segment 1916e49e-60f0-4567-b6bd-82383d77afb4 resource provider not found; error: Placement Client Error (4xx): {"errors": [{"status": 404, "title": "Not Found", "detail": "The resource could not be found.\n\n No resource provider with uuid 1916e49e-60f0-4567-b6bd-82383d77afb4 found for delete ", "request_id": "req-c8e4ebc4-21fb-4ff3-8f00-ff05d07863ff"}]}
2026-05-12 17:38:51.375 9 INFO neutron.wsgi [req-45073481-a531-4452-9e6b-5e4b6182afd7 req-38eb5672-a568-46af-92a6-489f3654ed51 fd1d834ba1c9430b8f8533c453a8c413 834387f5dee94207b2a58e537a558673 - - default default] 10.0.0.78 "GET /v2.0/networks?id=06dc0d01-12c5-4ed3-bc29-4d50bc5b82a9 HTTP/1.1" status: 200 len: 882 time: 0.1292338
2026-05-12 17:38:51.383 9 INFO neutron.services.segments.plugin [-] Segment b1af272f-43f8-40ac-8d4a-ba1bad270267 resource provider not found; error: Placement Client Error (4xx): {"errors": [{"status": 404, "title": "Not Found", "detail": "The resource could not be found.\n\n No resource provider with uuid b1af272f-43f8-40ac-8d4a-ba1bad270267 found for delete ", "request_id": "req-155067d4-59d4-475f-90d4-206812d81d64"}]}
2026-05-12 17:38:51.389 9 INFO neutron.services.segments.plugin [-] Segment b1af272f-43f8-40ac-8d4a-ba1bad270267 resource provider aggregate not found
2026-05-12 17:38:51.395 10 INFO neutron.wsgi [None req-a80151fb-5d1d-434a-8183-14401d430a64 47cc16f72e9046638185cbc34bd09055 e4c9b40c70cc4d13aa8046933332264d - - default default] 10.0.0.112 "DELETE /v2.0/security-groups/63033e59-eb16-4436-ab4a-46b3b6bd257f HTTP/1.1" status: 204 len: 168 time: 0.2284701
2026-05-12 17:38:51.399 9 INFO neutron.wsgi [req-45073481-a531-4452-9e6b-5e4b6182afd7 req-3035b150-4bcb-43de-9344-f96f87872d32 fd1d834ba1c9430b8f8533c453a8c413 834387f5dee94207b2a58e537a558673 - - default default] 10.0.0.78 "GET /v2.0/quotas/834387f5dee94207b2a58e537a558673 HTTP/1.1" status: 200 len: 386 time: 0.0172131
2026-05-12 17:38:51.409 9 INFO neutron.services.segments.plugin [-] Segment b1af272f-43f8-40ac-8d4a-ba1bad270267 resource provider not found; error: Placement Client Error (4xx): {"errors": [{"status": 404, "title": "Not Found", "detail": "The resource could not be found.\n\n No resource provider with uuid b1af272f-43f8-40ac-8d4a-ba1bad270267 found for delete ", "request_id": "req-cb214f8f-1728-434a-817b-c0e0181192ac"}]}
2026-05-12 17:38:51.508 9 INFO neutron.wsgi [req-45073481-a531-4452-9e6b-5e4b6182afd7 req-fbee4379-602a-4ee4-8940-10580fa1ded8 fd1d834ba1c9430b8f8533c453a8c413 834387f5dee94207b2a58e537a558673 - - default default] 10.0.0.78 "GET /v2.0/ports?tenant_id=834387f5dee94207b2a58e537a558673&fields=id HTTP/1.1" status: 200 len: 302 time: 0.0976276
2026-05-12 17:38:51.953 9 INFO neutron.wsgi [req-45073481-a531-4452-9e6b-5e4b6182afd7 req-d1b1dfe4-0a1a-4e33-9b79-8bde34b6179a e9b5f01a8d8347b98401cc1ba37cd678 f1aefb37df6f44aaa8d030aa698c8832 - - f7b2a552975f4b9f8031dad981529eb6 f7b2a552975f4b9f8031dad981529eb6] 10.0.0.78 "GET /v2.0/extensions HTTP/1.1" status: 200 len: 16980 time: 0.0518968
2026-05-12 17:38:52.024 9 INFO neutron.wsgi [req-45073481-a531-4452-9e6b-5e4b6182afd7 req-f15c464e-5c1a-4f91-8aab-08e2d6b25247 e9b5f01a8d8347b98401cc1ba37cd678 f1aefb37df6f44aaa8d030aa698c8832 - - f7b2a552975f4b9f8031dad981529eb6 f7b2a552975f4b9f8031dad981529eb6] 10.0.0.78 "GET /v2.0/networks/06dc0d01-12c5-4ed3-bc29-4d50bc5b82a9?fields=segments HTTP/1.1" status: 200 len: 212 time: 0.0637319
2026-05-12 17:38:52.109 9 INFO neutron.wsgi [req-45073481-a531-4452-9e6b-5e4b6182afd7 req-40366487-492c-4f6c-a393-30c748addb74 e9b5f01a8d8347b98401cc1ba37cd678 f1aefb37df6f44aaa8d030aa698c8832 - - f7b2a552975f4b9f8031dad981529eb6 f7b2a552975f4b9f8031dad981529eb6] 10.0.0.78 "GET /v2.0/networks/06dc0d01-12c5-4ed3-bc29-4d50bc5b82a9?fields=provider%3Aphysical_network&fields=provider%3Anetwork_type HTTP/1.1" status: 200 len: 277 time: 0.0760710
2026-05-12 17:38:52.306 9 INFO neutron.wsgi [req-95048e22-ed6d-4464-b071-64c40864f9c3 req-75f8c9d6-de35-4826-8039-c2c0e523a9cf fd1d834ba1c9430b8f8533c453a8c413 834387f5dee94207b2a58e537a558673 - - default default] 10.0.0.78 "GET /v2.0/ports?device_id=6375288c-1f7a-4e20-839e-8b6b00e1b155 HTTP/1.1" status: 200 len: 210 time: 0.0435717
2026-05-12 17:38:53.280 9 INFO neutron.db.ovn_revision_numbers_db [None req-3cc8d151-cd9d-4897-9dd1-698ae0af1c7b 47cc16f72e9046638185cbc34bd09055 e4c9b40c70cc4d13aa8046933332264d - - default default] Successfully bumped revision number for resource 17c1c766-fc1b-41e8-9e3e-56b83b3ff5c7 (type: security_groups) to 1
2026-05-12 17:38:53.294 9 INFO neutron.db.ovn_revision_numbers_db [None req-911dd88c-1d01-4aec-aff2-4b3855f01cf1 47cc16f72e9046638185cbc34bd09055 e4c9b40c70cc4d13aa8046933332264d - - default default] Successfully bumped revision number for resource 61e18ef3-aa1a-47a3-862f-6c4c9a0f2131 (type: security_groups) to 1
2026-05-12 17:38:53.295 9 INFO neutron.db.ovn_revision_numbers_db [None req-3cc8d151-cd9d-4897-9dd1-698ae0af1c7b 47cc16f72e9046638185cbc34bd09055 e4c9b40c70cc4d13aa8046933332264d - - default default] Successfully bumped revision number for resource 4a8d84f7-b3db-43d5-b661-9000b60174e0 (type: security_group_rules) to 0
2026-05-12 17:38:53.308 9 INFO neutron.db.ovn_revision_numbers_db [None req-911dd88c-1d01-4aec-aff2-4b3855f01cf1 47cc16f72e9046638185cbc34bd09055 e4c9b40c70cc4d13aa8046933332264d - - default default] Successfully bumped revision number for resource 0b308c64-0521-4971-9513-3f6aedc356e4 (type: security_group_rules) to 0
2026-05-12 17:38:53.310 9 INFO neutron.db.ovn_revision_numbers_db [None req-3cc8d151-cd9d-4897-9dd1-698ae0af1c7b 47cc16f72e9046638185cbc34bd09055 e4c9b40c70cc4d13aa8046933332264d - - default default] Successfully bumped revision number for resource 5c3d55e5-7cb8-430f-8a3e-c401df391b9b (type: security_group_rules) to 0
2026-05-12 17:38:53.323 9 INFO neutron.db.ovn_revision_numbers_db [None req-911dd88c-1d01-4aec-aff2-4b3855f01cf1 47cc16f72e9046638185cbc34bd09055 e4c9b40c70cc4d13aa8046933332264d - - default default] Successfully bumped revision number for resource 1acd0e50-34b9-4475-aa2e-0534e410abff (type: security_group_rules) to 0
2026-05-12 17:38:53.325 9 INFO neutron.db.ovn_revision_numbers_db [None req-3cc8d151-cd9d-4897-9dd1-698ae0af1c7b 47cc16f72e9046638185cbc34bd09055 e4c9b40c70cc4d13aa8046933332264d - - default default] Successfully bumped revision number for resource b3f00e29-d1fb-4958-9a06-4b0d78f0283f (type: security_group_rules) to 0
2026-05-12 17:38:53.338 9 INFO neutron.db.ovn_revision_numbers_db [None req-911dd88c-1d01-4aec-aff2-4b3855f01cf1 47cc16f72e9046638185cbc34bd09055 e4c9b40c70cc4d13aa8046933332264d - - default default] Successfully bumped revision number for resource 781f0923-708d-4af6-a548-9fa24bd71d7a (type: security_group_rules) to 0
2026-05-12 17:38:53.342 9 INFO neutron.db.ovn_revision_numbers_db [None req-3cc8d151-cd9d-4897-9dd1-698ae0af1c7b 47cc16f72e9046638185cbc34bd09055 e4c9b40c70cc4d13aa8046933332264d - - default default] Successfully bumped revision number for resource eed13fa4-5182-4e98-a565-9467f7c4adef (type: security_group_rules) to 0
2026-05-12 17:38:53.356 9 INFO neutron.db.ovn_revision_numbers_db [None req-911dd88c-1d01-4aec-aff2-4b3855f01cf1 47cc16f72e9046638185cbc34bd09055 e4c9b40c70cc4d13aa8046933332264d - - default default] Successfully bumped revision number for resource c67b690c-befc-46f8-8968-ed4ef34bcb10 (type: security_group_rules) to 0
2026-05-12 17:38:53.371 9 INFO neutron.wsgi [None req-3cc8d151-cd9d-4897-9dd1-698ae0af1c7b 47cc16f72e9046638185cbc34bd09055 e4c9b40c70cc4d13aa8046933332264d - - default default] 10.0.0.112 "GET /v2.0/security-groups?tenant_id=cbc13c41b93e423798d325b10f571673&name=default HTTP/1.1" status: 200 len: 2996 time: 0.3255777
2026-05-12 17:38:53.401 9 INFO neutron.db.segments_db [None req-911dd88c-1d01-4aec-aff2-4b3855f01cf1 47cc16f72e9046638185cbc34bd09055 e4c9b40c70cc4d13aa8046933332264d - - default default] Added segment 56c515b2-3832-43f0-9b4e-373a1ee817a4 of type geneve for network 92d04a6f-446d-4375-8b6f-089ec2efc09c
2026-05-12 17:38:53.447 10 INFO neutron.db.ovn_revision_numbers_db [None req-ca12ab4b-bccd-4137-992e-e4e0e4ce9f1f 47cc16f72e9046638185cbc34bd09055 e4c9b40c70cc4d13aa8046933332264d - - default default] Successfully bumped revision number for resource 4192c0ce-7ae3-4a96-a61a-dfe9c099c0c2 (type: security_groups) to 1
2026-05-12 17:38:53.461 10 INFO neutron.db.ovn_revision_numbers_db [None req-ca12ab4b-bccd-4137-992e-e4e0e4ce9f1f 47cc16f72e9046638185cbc34bd09055 e4c9b40c70cc4d13aa8046933332264d - - default default] Successfully bumped revision number for resource 0fc5db44-be29-4935-8fa0-dcd63412fbd0 (type: security_group_rules) to 0
2026-05-12 17:38:53.474 10 INFO neutron.db.ovn_revision_numbers_db [None req-ca12ab4b-bccd-4137-992e-e4e0e4ce9f1f 47cc16f72e9046638185cbc34bd09055 e4c9b40c70cc4d13aa8046933332264d - - default default] Successfully bumped revision number for resource 47919ae8-b291-436a-810b-4828c213da1d (type: security_group_rules) to 0
2026-05-12 17:38:53.484 9 INFO neutron.wsgi [req-bcc2a34f-2460-4fa6-8183-7541aa37dd42 req-f937d776-4b37-45f3-8dd5-f44b88fac23d fd1d834ba1c9430b8f8533c453a8c413 834387f5dee94207b2a58e537a558673 - - default default] 10.0.0.78 "GET /v2.0/ports?device_id=6375288c-1f7a-4e20-839e-8b6b00e1b155 HTTP/1.1" status: 200 len: 210 time: 0.0259352
2026-05-12 17:38:53.490 10 INFO neutron.db.ovn_revision_numbers_db [None req-ca12ab4b-bccd-4137-992e-e4e0e4ce9f1f 47cc16f72e9046638185cbc34bd09055 e4c9b40c70cc4d13aa8046933332264d - - default default] Successfully bumped revision number for resource 58adcf5b-f18a-4ca5-b66b-6dce51cc97d4 (type: security_group_rules) to 0
2026-05-12 17:38:53.503 10 INFO neutron.db.ovn_revision_numbers_db [None req-ca12ab4b-bccd-4137-992e-e4e0e4ce9f1f 47cc16f72e9046638185cbc34bd09055 e4c9b40c70cc4d13aa8046933332264d - - default default] Successfully bumped revision number for resource 80d2d89d-822f-4eea-a6ae-491b24810c65 (type: security_group_rules) to 0
2026-05-12 17:38:53.551 9 INFO neutron.db.ovn_revision_numbers_db [None req-911dd88c-1d01-4aec-aff2-4b3855f01cf1 47cc16f72e9046638185cbc34bd09055 e4c9b40c70cc4d13aa8046933332264d - - default default] Successfully bumped revision number for resource 92d04a6f-446d-4375-8b6f-089ec2efc09c (type: networks) to 1
2026-05-12 17:38:53.559 10 INFO neutron.db.segments_db [None req-ca12ab4b-bccd-4137-992e-e4e0e4ce9f1f 47cc16f72e9046638185cbc34bd09055 e4c9b40c70cc4d13aa8046933332264d - - default default] Added segment ddf54400-2f3e-494b-b341-eecbf87787a2 of type geneve for network 4314815d-1be1-4a7a-a21a-d867c578f763
2026-05-12 17:38:53.666 9 INFO neutron.wsgi [None req-7172927b-cd85-4ac1-a0ad-937d567e33fe 47cc16f72e9046638185cbc34bd09055 e4c9b40c70cc4d13aa8046933332264d - - default default] 10.0.0.112 "DELETE /v2.0/security-groups/17c1c766-fc1b-41e8-9e3e-56b83b3ff5c7 HTTP/1.1" status: 204 len: 168 time: 0.2916288
2026-05-12 17:38:53.689 10 INFO neutron.db.ovn_revision_numbers_db [None req-ca12ab4b-bccd-4137-992e-e4e0e4ce9f1f 47cc16f72e9046638185cbc34bd09055 e4c9b40c70cc4d13aa8046933332264d - - default default] Successfully bumped revision number for resource 4314815d-1be1-4a7a-a21a-d867c578f763 (type: networks) to 1
2026-05-12 17:38:53.712 9 WARNING neutron.scheduler.dhcp_agent_scheduler [None req-911dd88c-1d01-4aec-aff2-4b3855f01cf1 47cc16f72e9046638185cbc34bd09055 e4c9b40c70cc4d13aa8046933332264d - - default default] No more DHCP agents
2026-05-12 17:38:53.714 9 WARNING neutron.api.rpc.agentnotifiers.dhcp_rpc_agent_api [None req-911dd88c-1d01-4aec-aff2-4b3855f01cf1 47cc16f72e9046638185cbc34bd09055 e4c9b40c70cc4d13aa8046933332264d - - default default] Unable to schedule network 92d04a6f-446d-4375-8b6f-089ec2efc09c: no agents available; will retry on subsequent port and subnet creation events.
2026-05-12 17:38:53.783 9 INFO neutron.db.ovn_revision_numbers_db [None req-911dd88c-1d01-4aec-aff2-4b3855f01cf1 47cc16f72e9046638185cbc34bd09055 e4c9b40c70cc4d13aa8046933332264d - - default default] Successfully bumped revision number for resource 85f32ab5-3c7d-453d-a733-fbadd36619bc (type: ports) to 1
2026-05-12 17:38:53.802 9 INFO neutron.wsgi [None req-911dd88c-1d01-4aec-aff2-4b3855f01cf1 47cc16f72e9046638185cbc34bd09055 e4c9b40c70cc4d13aa8046933332264d - - default default] 10.0.0.112 "POST /v2.0/networks HTTP/1.1" status: 201 len: 939 time: 0.7733040
2026-05-12 17:38:53.866 10 WARNING neutron.scheduler.dhcp_agent_scheduler [None req-ca12ab4b-bccd-4137-992e-e4e0e4ce9f1f 47cc16f72e9046638185cbc34bd09055 e4c9b40c70cc4d13aa8046933332264d - - default default] No more DHCP agents
2026-05-12 17:38:53.869 10 WARNING neutron.api.rpc.agentnotifiers.dhcp_rpc_agent_api [None req-ca12ab4b-bccd-4137-992e-e4e0e4ce9f1f 47cc16f72e9046638185cbc34bd09055 e4c9b40c70cc4d13aa8046933332264d - - default default] Unable to schedule network 4314815d-1be1-4a7a-a21a-d867c578f763: no agents available; will retry on subsequent port and subnet creation events.
2026-05-12 17:38:53.944 9 WARNING neutron.scheduler.dhcp_agent_scheduler [None req-fd93e869-e533-4824-b030-bfbad967261a 47cc16f72e9046638185cbc34bd09055 e4c9b40c70cc4d13aa8046933332264d - - default default] No more DHCP agents
2026-05-12 17:38:53.946 9 WARNING neutron.api.rpc.agentnotifiers.dhcp_rpc_agent_api [None req-fd93e869-e533-4824-b030-bfbad967261a 47cc16f72e9046638185cbc34bd09055 e4c9b40c70cc4d13aa8046933332264d - - default default] Unable to schedule network 92d04a6f-446d-4375-8b6f-089ec2efc09c: no agents available; will retry on subsequent port and subnet creation events.
2026-05-12 17:38:53.953 10 INFO neutron.db.ovn_revision_numbers_db [None req-ca12ab4b-bccd-4137-992e-e4e0e4ce9f1f 47cc16f72e9046638185cbc34bd09055 e4c9b40c70cc4d13aa8046933332264d - - default default] Successfully bumped revision number for resource 940555e6-af18-4659-b0c3-a65007cbf324 (type: ports) to 1
2026-05-12 17:38:53.996 10 INFO neutron.wsgi [None req-ca12ab4b-bccd-4137-992e-e4e0e4ce9f1f 47cc16f72e9046638185cbc34bd09055 e4c9b40c70cc4d13aa8046933332264d - - default default] 10.0.0.112 "POST /v2.0/networks HTTP/1.1" status: 201 len: 949 time: 0.7335217
2026-05-12 17:38:54.033 10 INFO neutron.wsgi [req-45073481-a531-4452-9e6b-5e4b6182afd7 req-6ee9062d-f469-464f-b78c-44973a43126a fd1d834ba1c9430b8f8533c453a8c413 834387f5dee94207b2a58e537a558673 - - default default] 199.19.213.43 "GET /v2.0/networks?id=06dc0d01-12c5-4ed3-bc29-4d50bc5b82a9 HTTP/1.1" status: 200 len: 882 time: 0.2548594
2026-05-12 17:38:54.132 10 INFO neutron.wsgi [req-45073481-a531-4452-9e6b-5e4b6182afd7 req-77f665a6-145f-4a75-b70d-79cb58c41abc fd1d834ba1c9430b8f8533c453a8c413 834387f5dee94207b2a58e537a558673 - - default default] 199.19.213.43 "GET /v2.0/security-groups?fields=id&fields=name&tenant_id=834387f5dee94207b2a58e537a558673 HTTP/1.1" status: 200 len: 380 time: 0.0704007
2026-05-12 17:38:54.154 10 WARNING neutron_lib.context [req-45073481-a531-4452-9e6b-5e4b6182afd7 req-e9cededc-4f44-4dfb-94fa-2458f2015563 fd1d834ba1c9430b8f8533c453a8c413 834387f5dee94207b2a58e537a558673 - - default default] Method 'is_advsvc' is deprecated since 2023.2 release (neutron-lib 3.8.0) and will be removed once support for the old RBAC API policies will be removed from Neutron. Please use method 'is_service_role' instead.
2026-05-12 17:38:54.273 10 WARNING neutron.scheduler.dhcp_agent_scheduler [None req-8e4c5dd8-2b7b-4156-905f-1be33ac550f1 47cc16f72e9046638185cbc34bd09055 e4c9b40c70cc4d13aa8046933332264d - - default default] No more DHCP agents
2026-05-12 17:38:54.280 10 WARNING neutron.api.rpc.agentnotifiers.dhcp_rpc_agent_api [None req-8e4c5dd8-2b7b-4156-905f-1be33ac550f1 47cc16f72e9046638185cbc34bd09055 e4c9b40c70cc4d13aa8046933332264d - - default default] Unable to schedule network 4314815d-1be1-4a7a-a21a-d867c578f763: no agents available; will retry on subsequent port and subnet creation events.
2026-05-12 17:38:54.388 9 INFO neutron.db.ovn_revision_numbers_db [None req-fd93e869-e533-4824-b030-bfbad967261a 47cc16f72e9046638185cbc34bd09055 e4c9b40c70cc4d13aa8046933332264d - - default default] Successfully bumped revision number for resource 85f32ab5-3c7d-453d-a733-fbadd36619bc (type: ports) to 2
2026-05-12 17:38:54.436 9 INFO neutron.db.ovn_revision_numbers_db [None req-fd93e869-e533-4824-b030-bfbad967261a 47cc16f72e9046638185cbc34bd09055 e4c9b40c70cc4d13aa8046933332264d - - default default] Successfully bumped revision number for resource 12c7f01f-e6a7-4a9a-9668-10d741298bf5 (type: subnets) to 0
2026-05-12 17:38:54.454 9 INFO neutron.wsgi [None req-fd93e869-e533-4824-b030-bfbad967261a 47cc16f72e9046638185cbc34bd09055 e4c9b40c70cc4d13aa8046933332264d - - default default] 10.0.0.112 "POST /v2.0/subnets HTTP/1.1" status: 201 len: 859 time: 0.6468897
2026-05-12 17:38:54.650 9 INFO neutron.wsgi [req-c40bf6cb-09cd-4f13-a596-344ab14055df req-4cd59ab3-5a46-42cd-8f0b-12fcdbde383b fd1d834ba1c9430b8f8533c453a8c413 834387f5dee94207b2a58e537a558673 - - default default] 10.0.0.78 "GET /v2.0/ports?device_id=6375288c-1f7a-4e20-839e-8b6b00e1b155 HTTP/1.1" status: 200 len: 210 time: 0.0193474
2026-05-12 17:38:54.751 10 WARNING neutron.plugins.ml2.drivers.ovn.mech_driver.ovsdb.ovn_client [None req-dccbfcc7-2f93-4273-bcec-7377bf79d4cc - - - - - -] No hosting information found for port 6d21eb26-316a-4e38-8d39-eeb121216298: RuntimeError: No hosting information found for port 6d21eb26-316a-4e38-8d39-eeb121216298
2026-05-12 17:38:54.784 10 WARNING neutron.scheduler.dhcp_agent_scheduler [req-45073481-a531-4452-9e6b-5e4b6182afd7 req-e9cededc-4f44-4dfb-94fa-2458f2015563 fd1d834ba1c9430b8f8533c453a8c413 834387f5dee94207b2a58e537a558673 - - default default] No more DHCP agents
2026-05-12 17:38:54.787 10 WARNING neutron.api.rpc.agentnotifiers.dhcp_rpc_agent_api [req-45073481-a531-4452-9e6b-5e4b6182afd7 req-e9cededc-4f44-4dfb-94fa-2458f2015563 fd1d834ba1c9430b8f8533c453a8c413 834387f5dee94207b2a58e537a558673 - - default default] Unable to schedule network 06dc0d01-12c5-4ed3-bc29-4d50bc5b82a9: no agents available; will retry on subsequent port and subnet creation events.
2026-05-12 17:38:54.790 10 INFO neutron.wsgi [-] 10.0.0.232 "GET / HTTP/1.1" status: 200 len: 246 time: 0.0011992
2026-05-12 17:38:54.791 10 INFO neutron.wsgi [-] 10.0.0.232 "GET / HTTP/1.1" status: 200 len: 246 time: 0.0008368
2026-05-12 17:38:54.869 9 WARNING neutron.scheduler.dhcp_agent_scheduler [None req-15a9b9c3-f51b-488d-9a0a-57a61754c1cb 47cc16f72e9046638185cbc34bd09055 e4c9b40c70cc4d13aa8046933332264d - - default default] No more DHCP agents
2026-05-12 17:38:54.872 9 WARNING neutron.api.rpc.agentnotifiers.dhcp_rpc_agent_api [None req-15a9b9c3-f51b-488d-9a0a-57a61754c1cb 47cc16f72e9046638185cbc34bd09055 e4c9b40c70cc4d13aa8046933332264d - - default default] Unable to schedule network 91c7c4b7-9d1f-490c-8b0f-73b9bd6de455: no agents available; will retry on subsequent port and subnet creation events.
2026-05-12 17:38:55.002 9 INFO neutron.db.ovn_revision_numbers_db [None req-15a9b9c3-f51b-488d-9a0a-57a61754c1cb 47cc16f72e9046638185cbc34bd09055 e4c9b40c70cc4d13aa8046933332264d - - default default] Successfully bumped revision number for resource 744fd592-db50-498d-9169-ef9d824efcce (type: ports) to 1
2026-05-12 17:38:55.003 10 INFO neutron.db.ovn_revision_numbers_db [req-45073481-a531-4452-9e6b-5e4b6182afd7 req-e9cededc-4f44-4dfb-94fa-2458f2015563 fd1d834ba1c9430b8f8533c453a8c413 834387f5dee94207b2a58e537a558673 - - default default] Successfully bumped revision number for resource 8249fc33-3644-4236-935d-4cb9a3e68cf8 (type: ports) to 1
2026-05-12 17:38:55.032 10 INFO neutron.wsgi [req-45073481-a531-4452-9e6b-5e4b6182afd7 req-e9cededc-4f44-4dfb-94fa-2458f2015563 fd1d834ba1c9430b8f8533c453a8c413 834387f5dee94207b2a58e537a558673 - - default default] 199.19.213.43 "POST /v2.0/ports HTTP/1.1" status: 201 len: 1158 time: 0.8844209 /var/lib/openstack/lib/python3.10/site-packages/pycadf/identifier.py:71: UserWarning: Invalid uuid: neutron. To ensure interoperability, identifiers should be a valid uuid. warnings.warn(('Invalid uuid: %s. To ensure interoperability, '
2026-05-12 17:38:55.042 10 INFO neutron.wsgi [req-45073481-a531-4452-9e6b-5e4b6182afd7 req-ac0de021-90db-4569-8b9e-b742cd14a8ee fd1d834ba1c9430b8f8533c453a8c413 834387f5dee94207b2a58e537a558673 - - default default] 199.19.213.43 "GET /v2.0/extensions HTTP/1.1" status: 200 len: 16980 time: 0.0066457
2026-05-12 17:38:55.088 10 INFO neutron.db.ovn_revision_numbers_db [None req-8e4c5dd8-2b7b-4156-905f-1be33ac550f1 47cc16f72e9046638185cbc34bd09055 e4c9b40c70cc4d13aa8046933332264d - - default default] Successfully bumped revision number for resource 940555e6-af18-4659-b0c3-a65007cbf324 (type: ports) to 2
2026-05-12 17:38:55.134 10 INFO neutron.db.ovn_revision_numbers_db [None req-8e4c5dd8-2b7b-4156-905f-1be33ac550f1 47cc16f72e9046638185cbc34bd09055 e4c9b40c70cc4d13aa8046933332264d - - default default] Successfully bumped revision number for resource d20e8c49-3711-44c3-8edb-8996525e0f68 (type: subnets) to 0
2026-05-12 17:38:55.162 10 INFO neutron.wsgi [None req-8e4c5dd8-2b7b-4156-905f-1be33ac550f1 47cc16f72e9046638185cbc34bd09055 e4c9b40c70cc4d13aa8046933332264d - - default default] 10.0.0.112 "POST /v2.0/subnets HTTP/1.1" status: 201 len: 869 time: 1.1614089
2026-05-12 17:38:55.651 10 WARNING neutron.scheduler.dhcp_agent_scheduler [None req-2a4f1797-9e2d-4762-8411-f74c431aff81 47cc16f72e9046638185cbc34bd09055 e4c9b40c70cc4d13aa8046933332264d - - default default] No more DHCP agents
2026-05-12 17:38:55.659 9 INFO neutron.plugins.ml2.drivers.ovn.mech_driver.mech_driver [None req-a859fdc7-1ecc-4a3c-96bf-971a0d1b1f65 - - - - - -] OVN reports status up for port: 744fd592-db50-498d-9169-ef9d824efcce
2026-05-12 17:38:55.662 10 WARNING neutron.api.rpc.agentnotifiers.dhcp_rpc_agent_api [None req-2a4f1797-9e2d-4762-8411-f74c431aff81 47cc16f72e9046638185cbc34bd09055 e4c9b40c70cc4d13aa8046933332264d - - default default] Unable to schedule network 91c7c4b7-9d1f-490c-8b0f-73b9bd6de455: no agents available; will retry on subsequent port and subnet creation events.
2026-05-12 17:38:55.679 9 INFO neutron.plugins.ml2.drivers.ovn.mech_driver.ovsdb.ovsdb_monitor [None req-3e4b5d54-0157-4139-92d8-a5ac0cd44ffa - - - - - -] Router 8731bbe6-6a00-4fd6-8ef6-b35a60aedc34 is bound to host instance
2026-05-12 17:38:55.681 9 INFO neutron.plugins.ml2.plugin [None req-a859fdc7-1ecc-4a3c-96bf-971a0d1b1f65 - - - - - -] Attempt 1 to provision port 744fd592-db50-498d-9169-ef9d824efcce
2026-05-12 17:38:55.713 9 INFO neutron.db.ovn_revision_numbers_db [None req-15a9b9c3-f51b-488d-9a0a-57a61754c1cb 47cc16f72e9046638185cbc34bd09055 e4c9b40c70cc4d13aa8046933332264d - - default default] Successfully bumped revision number for resource 744fd592-db50-498d-9169-ef9d824efcce (type: router_ports) to 1
2026-05-12 17:38:55.806 9 INFO neutron.wsgi [req-101d0e0c-5bbe-470b-bfc0-0e0fcef8374f req-481e30af-afd3-4deb-9b49-d212c9d28aa3 fd1d834ba1c9430b8f8533c453a8c413 834387f5dee94207b2a58e537a558673 - - default default] 10.0.0.78 "GET /v2.0/ports?device_id=6375288c-1f7a-4e20-839e-8b6b00e1b155 HTTP/1.1" status: 200 len: 1156 time: 0.0725591
2026-05-12 17:38:55.881 9 INFO neutron.db.ovn_revision_numbers_db [None req-15a9b9c3-f51b-488d-9a0a-57a61754c1cb 47cc16f72e9046638185cbc34bd09055 e4c9b40c70cc4d13aa8046933332264d - - default default] Successfully bumped revision number for resource 8731bbe6-6a00-4fd6-8ef6-b35a60aedc34 (type: routers) to 2
2026-05-12 17:38:55.899 9 INFO neutron.wsgi [req-101d0e0c-5bbe-470b-bfc0-0e0fcef8374f req-bee13f70-6060-483c-8305-a4b415431fbd fd1d834ba1c9430b8f8533c453a8c413 834387f5dee94207b2a58e537a558673 - - default default] 10.0.0.78 "GET /v2.0/security-groups?id=32e6cff5-6f00-4415-bfae-5f6ee42ccc5f&fields=id&fields=name HTTP/1.1" status: 200 len: 313 time: 0.0778880
2026-05-12 17:38:55.906 9 INFO neutron.wsgi [None req-15a9b9c3-f51b-488d-9a0a-57a61754c1cb 47cc16f72e9046638185cbc34bd09055 e4c9b40c70cc4d13aa8046933332264d - - default default] 10.0.0.112 "POST /v2.0/routers HTTP/1.1" status: 201 len: 870 time: 1.4479883
2026-05-12 17:38:56.021 10 INFO neutron.db.ovn_revision_numbers_db [None req-2a4f1797-9e2d-4762-8411-f74c431aff81 47cc16f72e9046638185cbc34bd09055 e4c9b40c70cc4d13aa8046933332264d - - default default] Successfully bumped revision number for resource 6a23b2b7-c455-42fd-93ab-cd904368a207 (type: ports) to 1
2026-05-12 17:38:56.217 10 INFO neutron.db.ovn_revision_numbers_db [req-45073481-a531-4452-9e6b-5e4b6182afd7 req-d395717d-1519-4c0d-ae8c-7ec5603036df e9b5f01a8d8347b98401cc1ba37cd678 f1aefb37df6f44aaa8d030aa698c8832 - - f7b2a552975f4b9f8031dad981529eb6 f7b2a552975f4b9f8031dad981529eb6] Successfully bumped revision number for resource 8249fc33-3644-4236-935d-4cb9a3e68cf8 (type: ports) to 2
2026-05-12 17:38:56.366 9 INFO neutron.db.ovn_revision_numbers_db [None req-3a5b355a-da9d-4f49-a9b5-b21d11bdd1ab 47cc16f72e9046638185cbc34bd09055 e4c9b40c70cc4d13aa8046933332264d - - default default] Successfully bumped revision number for resource 9a9a10c2-4452-4667-8ba9-505959a3c335 (type: security_groups) to 1
2026-05-12 17:38:56.405 9 INFO neutron.db.ovn_revision_numbers_db [None req-3a5b355a-da9d-4f49-a9b5-b21d11bdd1ab 47cc16f72e9046638185cbc34bd09055 e4c9b40c70cc4d13aa8046933332264d - - default default] Successfully bumped revision number for resource 2e426def-3b79-4c04-bc7b-fa69283d15b1 (type: security_group_rules) to 0
2026-05-12 17:38:56.453 9 INFO neutron.db.ovn_revision_numbers_db [None req-3a5b355a-da9d-4f49-a9b5-b21d11bdd1ab 47cc16f72e9046638185cbc34bd09055 e4c9b40c70cc4d13aa8046933332264d - - default default] Successfully bumped revision number for resource 4b08e18a-481f-4b56-9310-2601bfad75bf (type: security_group_rules) to 0
2026-05-12 17:38:56.476 9 INFO neutron.db.ovn_revision_numbers_db [None req-3a5b355a-da9d-4f49-a9b5-b21d11bdd1ab 47cc16f72e9046638185cbc34bd09055 e4c9b40c70cc4d13aa8046933332264d - - default default] Successfully bumped revision number for resource 6b2e1c51-dfc3-4c98-95a5-45b9b099f24f (type: security_group_rules) to 0
2026-05-12 17:38:56.503 9 INFO neutron.db.ovn_revision_numbers_db [None req-3a5b355a-da9d-4f49-a9b5-b21d11bdd1ab 47cc16f72e9046638185cbc34bd09055 e4c9b40c70cc4d13aa8046933332264d - - default default] Successfully bumped revision number for resource fbcedbd3-ebfc-4248-b1d8-0a82e37fa5fe (type: security_group_rules) to 0
2026-05-12 17:38:56.506 10 INFO neutron.db.ovn_revision_numbers_db [req-45073481-a531-4452-9e6b-5e4b6182afd7 req-d395717d-1519-4c0d-ae8c-7ec5603036df e9b5f01a8d8347b98401cc1ba37cd678 f1aefb37df6f44aaa8d030aa698c8832 - - f7b2a552975f4b9f8031dad981529eb6 f7b2a552975f4b9f8031dad981529eb6] Successfully bumped revision number for resource 8249fc33-3644-4236-935d-4cb9a3e68cf8 (type: ports) to 2
2026-05-12 17:38:56.542 10 INFO neutron.wsgi [req-45073481-a531-4452-9e6b-5e4b6182afd7 req-d395717d-1519-4c0d-ae8c-7ec5603036df e9b5f01a8d8347b98401cc1ba37cd678 f1aefb37df6f44aaa8d030aa698c8832 - - f7b2a552975f4b9f8031dad981529eb6 f7b2a552975f4b9f8031dad981529eb6] 199.19.213.43 "PUT /v2.0/ports/8249fc33-3644-4236-935d-4cb9a3e68cf8 HTTP/1.1" status: 200 len: 1376 time: 1.1265676
2026-05-12 17:38:56.547 9 INFO neutron.wsgi [None req-3a5b355a-da9d-4f49-a9b5-b21d11bdd1ab 47cc16f72e9046638185cbc34bd09055 e4c9b40c70cc4d13aa8046933332264d - - default default] 10.0.0.112 "GET /v2.0/security-groups?tenant_id=b5ca6c6110944fd98e1cd0245cb2acc6&name=default HTTP/1.1" status: 200 len: 2996 time: 0.5448229
2026-05-12 17:38:56.586 9 INFO neutron.db.ovn_revision_numbers_db [None req-3e4b5d54-0157-4139-92d8-a5ac0cd44ffa - - - - - -] Successfully bumped revision number for resource 744fd592-db50-498d-9169-ef9d824efcce (type: ports) to 1 /var/lib/openstack/lib/python3.10/site-packages/pycadf/identifier.py:71: UserWarning: Invalid uuid: neutron. To ensure interoperability, identifiers should be a valid uuid. warnings.warn(('Invalid uuid: %s. To ensure interoperability, '
2026-05-12 17:38:56.657 10 INFO neutron.wsgi [req-45073481-a531-4452-9e6b-5e4b6182afd7 req-639ee6e1-cbd5-4f16-9bf0-23bb976755de e9b5f01a8d8347b98401cc1ba37cd678 f1aefb37df6f44aaa8d030aa698c8832 - - f7b2a552975f4b9f8031dad981529eb6 f7b2a552975f4b9f8031dad981529eb6] 199.19.213.43 "GET /v2.0/ports?tenant_id=834387f5dee94207b2a58e537a558673&device_id=6375288c-1f7a-4e20-839e-8b6b00e1b155 HTTP/1.1" status: 200 len: 1407 time: 0.0593061
2026-05-12 17:38:56.693 10 INFO neutron.wsgi [req-45073481-a531-4452-9e6b-5e4b6182afd7 req-2540954c-1f05-4344-a410-fbc1003cdc23 e9b5f01a8d8347b98401cc1ba37cd678 f1aefb37df6f44aaa8d030aa698c8832 - - f7b2a552975f4b9f8031dad981529eb6 f7b2a552975f4b9f8031dad981529eb6] 199.19.213.43 "GET /v2.0/floatingips?fixed_ip_address=10.100.0.4&port_id=8249fc33-3644-4236-935d-4cb9a3e68cf8 HTTP/1.1" status: 200 len: 217 time: 0.0301535
