2026-05-12 17:40:41.757 9 WARNING neutron_lib.context [None req-57f19627-3ddd-4edc-8e90-a966f927de0f 23931f8c25414911ba432e4ab9d9fb4b a5faf6705ab24819b6dea6d3e52a5ba7 - - default default] Method 'is_advsvc' is deprecated since 2023.2 release (neutron-lib 3.8.0) and will be removed once support for the old RBAC API policies will be removed from Neutron. Please use method 'is_service_role' instead.
2026-05-12 17:40:41.806 9 INFO neutron.wsgi [None req-e6f30e9a-19e5-49ed-8fe7-51b0f206ecf9 47cc16f72e9046638185cbc34bd09055 e4c9b40c70cc4d13aa8046933332264d - - default default] 10.0.0.112 "DELETE /v2.0/security-groups/87e1d4bf-aa7b-4824-9615-859bd9836a4e HTTP/1.1" status: 204 len: 168 time: 0.2382658
2026-05-12 17:40:41.989 9 WARNING neutron.scheduler.dhcp_agent_scheduler [None req-57f19627-3ddd-4edc-8e90-a966f927de0f 23931f8c25414911ba432e4ab9d9fb4b a5faf6705ab24819b6dea6d3e52a5ba7 - - default default] No more DHCP agents
2026-05-12 17:40:41.992 9 WARNING neutron.api.rpc.agentnotifiers.dhcp_rpc_agent_api [None req-57f19627-3ddd-4edc-8e90-a966f927de0f 23931f8c25414911ba432e4ab9d9fb4b a5faf6705ab24819b6dea6d3e52a5ba7 - - default default] Unable to schedule network 5a706e14-834b-4ad8-9e94-4644beb764a7: no agents available; will retry on subsequent port and subnet creation events.
2026-05-12 17:40:42.021 9 INFO neutron.db.ovn_revision_numbers_db [None req-57f19627-3ddd-4edc-8e90-a966f927de0f 23931f8c25414911ba432e4ab9d9fb4b a5faf6705ab24819b6dea6d3e52a5ba7 - - default default] Successfully bumped revision number for resource 385660c8-bfee-470f-b784-7fca0467074d (type: subnets) to 0
2026-05-12 17:40:42.038 9 INFO neutron.wsgi [None req-57f19627-3ddd-4edc-8e90-a966f927de0f 23931f8c25414911ba432e4ab9d9fb4b a5faf6705ab24819b6dea6d3e52a5ba7 - - default default] 10.0.0.112 "POST /v2.0/subnets HTTP/1.1" status: 201 len: 821 time: 0.2859478
2026-05-12 17:40:42.046 9 WARNING neutron_lib.context [None req-3ace77a1-e7dc-4b58-9230-7368d315c25c 23931f8c25414911ba432e4ab9d9fb4b a5faf6705ab24819b6dea6d3e52a5ba7 - - default default] Method 'is_advsvc' is deprecated since 2023.2 release (neutron-lib 3.8.0) and will be removed once support for the old RBAC API policies will be removed from Neutron. Please use method 'is_service_role' instead.
2026-05-12 17:40:42.063 10 INFO neutron.db.ovn_revision_numbers_db [None req-16241dc1-1513-46c5-8c67-6806fa69bfcb 80999e1d2d0f44a19aba4f90cbd22819 beece5a5ca1c42e6ae53a30d5ddb4504 - - default default] Successfully bumped revision number for resource 6c9a9480-6c74-4d2a-a0c7-79923c4a09bc (type: ports) to 2
2026-05-12 17:40:42.106 10 INFO neutron.db.ovn_revision_numbers_db [None req-16241dc1-1513-46c5-8c67-6806fa69bfcb 80999e1d2d0f44a19aba4f90cbd22819 beece5a5ca1c42e6ae53a30d5ddb4504 - - default default] Successfully bumped revision number for resource 5b0e0d84-0b06-4a4b-a836-6ff24a162b30 (type: subnets) to 0
2026-05-12 17:40:42.120 10 INFO neutron.wsgi [None req-16241dc1-1513-46c5-8c67-6806fa69bfcb 80999e1d2d0f44a19aba4f90cbd22819 beece5a5ca1c42e6ae53a30d5ddb4504 - - default default] 10.0.0.112 "POST /v2.0/subnets HTTP/1.1" status: 201 len: 801 time: 1.1323063
2026-05-12 17:40:42.128 10 WARNING neutron_lib.context [None req-cf2f1f53-6e6e-4afe-8567-23b3d622d495 80999e1d2d0f44a19aba4f90cbd22819 beece5a5ca1c42e6ae53a30d5ddb4504 - - default default] Method 'is_advsvc' is deprecated since 2023.2 release (neutron-lib 3.8.0) and will be removed once support for the old RBAC API policies will be removed from Neutron. Please use method 'is_service_role' instead.
2026-05-12 17:40:42.210 10 INFO neutron.db.segments_db [None req-cf2f1f53-6e6e-4afe-8567-23b3d622d495 80999e1d2d0f44a19aba4f90cbd22819 beece5a5ca1c42e6ae53a30d5ddb4504 - - default default] Added segment 7a156186-742a-4c24-b486-5c2ff014589e of type geneve for network a5f6b8cd-39c9-4b3e-9cb5-a152dca6ecf8
2026-05-12 17:40:42.364 10 INFO neutron.db.ovn_revision_numbers_db [None req-cf2f1f53-6e6e-4afe-8567-23b3d622d495 80999e1d2d0f44a19aba4f90cbd22819 beece5a5ca1c42e6ae53a30d5ddb4504 - - default default] Successfully bumped revision number for resource a5f6b8cd-39c9-4b3e-9cb5-a152dca6ecf8 (type: networks) to 1
2026-05-12 17:40:42.413 9 WARNING neutron.scheduler.dhcp_agent_scheduler [None req-3ace77a1-e7dc-4b58-9230-7368d315c25c 23931f8c25414911ba432e4ab9d9fb4b a5faf6705ab24819b6dea6d3e52a5ba7 - - default default] No more DHCP agents
2026-05-12 17:40:42.417 9 WARNING neutron.api.rpc.agentnotifiers.dhcp_rpc_agent_api [None req-3ace77a1-e7dc-4b58-9230-7368d315c25c 23931f8c25414911ba432e4ab9d9fb4b a5faf6705ab24819b6dea6d3e52a5ba7 - - default default] Unable to schedule network 5a706e14-834b-4ad8-9e94-4644beb764a7: no agents available; will retry on subsequent port and subnet creation events.
2026-05-12 17:40:42.464 9 INFO neutron.wsgi [None req-e3a239fd-4eee-4d65-bd51-b2117c32bf7b 47cc16f72e9046638185cbc34bd09055 e4c9b40c70cc4d13aa8046933332264d - - default default] 10.0.0.163 "GET /v2.0/security-groups HTTP/1.1" status: 200 len: 22359 time: 0.2027752
2026-05-12 17:40:42.553 9 INFO neutron.wsgi [None req-32a82f6d-40fe-4a03-83b1-e5933b0461f1 47cc16f72e9046638185cbc34bd09055 e4c9b40c70cc4d13aa8046933332264d - - default default] 10.0.0.163 "GET /v2.0/ports HTTP/1.1" status: 200 len: 10081 time: 0.0729010
2026-05-12 17:40:42.580 10 WARNING neutron.scheduler.dhcp_agent_scheduler [None req-cf2f1f53-6e6e-4afe-8567-23b3d622d495 80999e1d2d0f44a19aba4f90cbd22819 beece5a5ca1c42e6ae53a30d5ddb4504 - - default default] No more DHCP agents
2026-05-12 17:40:42.583 9 INFO neutron.wsgi [None req-94b6bc82-f20c-49b6-ac5f-ec3dc1e7e157 47cc16f72e9046638185cbc34bd09055 e4c9b40c70cc4d13aa8046933332264d - - default default] 10.0.0.163 "GET /v2.0/floatingips HTTP/1.1" status: 200 len: 193 time: 0.0231829
2026-05-12 17:40:42.587 10 WARNING neutron.api.rpc.agentnotifiers.dhcp_rpc_agent_api [None req-cf2f1f53-6e6e-4afe-8567-23b3d622d495 80999e1d2d0f44a19aba4f90cbd22819 beece5a5ca1c42e6ae53a30d5ddb4504 - - default default] Unable to schedule network a5f6b8cd-39c9-4b3e-9cb5-a152dca6ecf8: no agents available; will retry on subsequent port and subnet creation events.
2026-05-12 17:40:42.614 9 INFO neutron.wsgi [None req-41992ceb-f200-41a2-a0eb-f640759b339d 47cc16f72e9046638185cbc34bd09055 e4c9b40c70cc4d13aa8046933332264d - - default default] 10.0.0.163 "GET /v2.0/routers HTTP/1.1" status: 200 len: 189 time: 0.0295486
2026-05-12 17:40:42.630 9 INFO neutron.wsgi [None req-e5927d3d-3f7f-4636-95d0-f54020bf3cbf 47cc16f72e9046638185cbc34bd09055 e4c9b40c70cc4d13aa8046933332264d - - default default] 10.0.0.163 "GET /v2.0/agents?binary=ovn-controller HTTP/1.1" status: 200 len: 591 time: 0.0150177
2026-05-12 17:40:42.641 9 INFO neutron.db.ovn_revision_numbers_db [None req-3ace77a1-e7dc-4b58-9230-7368d315c25c 23931f8c25414911ba432e4ab9d9fb4b a5faf6705ab24819b6dea6d3e52a5ba7 - - default default] Successfully bumped revision number for resource 32cde30e-e7cc-4565-aa22-5730da7973a9 (type: ports) to 1
2026-05-12 17:40:42.680 10 INFO neutron.db.ovn_revision_numbers_db [None req-cf2f1f53-6e6e-4afe-8567-23b3d622d495 80999e1d2d0f44a19aba4f90cbd22819 beece5a5ca1c42e6ae53a30d5ddb4504 - - default default] Successfully bumped revision number for resource 7e059df4-7e38-4706-91c0-6a0feb107524 (type: ports) to 1
2026-05-12 17:40:42.693 9 INFO neutron.wsgi [None req-3ace77a1-e7dc-4b58-9230-7368d315c25c 23931f8c25414911ba432e4ab9d9fb4b a5faf6705ab24819b6dea6d3e52a5ba7 - - default default] 10.0.0.112 "POST /v2.0/ports HTTP/1.1" status: 201 len: 1127 time: 0.6505225
2026-05-12 17:40:42.709 10 INFO neutron.wsgi [None req-cf2f1f53-6e6e-4afe-8567-23b3d622d495 80999e1d2d0f44a19aba4f90cbd22819 beece5a5ca1c42e6ae53a30d5ddb4504 - - default default] 10.0.0.112 "POST /v2.0/networks HTTP/1.1" status: 201 len: 831 time: 0.5849395
2026-05-12 17:40:42.719 9 WARNING neutron_lib.context [None req-bd5d99aa-4025-4cb9-9cae-733e3d729f76 80999e1d2d0f44a19aba4f90cbd22819 beece5a5ca1c42e6ae53a30d5ddb4504 - - default default] Method 'is_advsvc' is deprecated since 2023.2 release (neutron-lib 3.8.0) and will be removed once support for the old RBAC API policies will be removed from Neutron. Please use method 'is_service_role' instead.
2026-05-12 17:40:42.745 9 INFO neutron.wsgi [None req-94a5d520-0a59-4432-84aa-5177ccb48878 47cc16f72e9046638185cbc34bd09055 e4c9b40c70cc4d13aa8046933332264d - - default default] 10.0.0.163 "GET /v2.0/networks HTTP/1.1" status: 200 len: 5269 time: 0.1119459
2026-05-12 17:40:42.795 9 INFO neutron.wsgi [None req-0eee6b9c-9e4c-4d30-908b-3c03bf1d06fa 47cc16f72e9046638185cbc34bd09055 e4c9b40c70cc4d13aa8046933332264d - - default default] 10.0.0.163 "GET /v2.0/subnets HTTP/1.1" status: 200 len: 2677 time: 0.0458064
2026-05-12 17:40:42.809 9 INFO neutron.wsgi [None req-abc15305-a58a-4f54-ade9-d2456e435197 47cc16f72e9046638185cbc34bd09055 e4c9b40c70cc4d13aa8046933332264d - - default default] 10.0.0.163 "GET /v2.0/agents HTTP/1.1" status: 200 len: 997 time: 0.0124826
2026-05-12 17:40:42.826 9 INFO neutron.wsgi [None req-615b04ca-58a8-4274-96d7-2569a38835f2 47cc16f72e9046638185cbc34bd09055 e4c9b40c70cc4d13aa8046933332264d - - default default] 10.0.0.163 "GET /v2.0/network-ip-availabilities HTTP/1.1" status: 200 len: 2701 time: 0.0152519
2026-05-12 17:40:42.883 9 INFO neutron.wsgi [None req-37cd8510-e655-49ac-93a5-41a2ac35ed6b 47cc16f72e9046638185cbc34bd09055 e4c9b40c70cc4d13aa8046933332264d - - default default] 10.0.0.163 "GET /v2.0/subnets HTTP/1.1" status: 200 len: 2677 time: 0.0559318
2026-05-12 17:40:42.898 9 INFO neutron.wsgi [None req-01999db3-0ff9-4392-8925-8a0760a7d65d 47cc16f72e9046638185cbc34bd09055 e4c9b40c70cc4d13aa8046933332264d - - default default] 10.0.0.163 "GET /v2.0/subnetpools HTTP/1.1" status: 200 len: 193 time: 0.0126784
2026-05-12 17:40:43.037 10 INFO neutron.wsgi [None req-6151e7ad-d01c-4ccc-919f-85b8461ed47d 23931f8c25414911ba432e4ab9d9fb4b a5faf6705ab24819b6dea6d3e52a5ba7 - - default default] 10.0.0.112 "DELETE /v2.0/ports/32cde30e-e7cc-4565-aa22-5730da7973a9 HTTP/1.1" status: 204 len: 168 time: 0.3369598
2026-05-12 17:40:43.041 9 WARNING neutron.scheduler.dhcp_agent_scheduler [None req-bd5d99aa-4025-4cb9-9cae-733e3d729f76 80999e1d2d0f44a19aba4f90cbd22819 beece5a5ca1c42e6ae53a30d5ddb4504 - - default default] No more DHCP agents
2026-05-12 17:40:43.048 9 WARNING neutron.api.rpc.agentnotifiers.dhcp_rpc_agent_api [None req-bd5d99aa-4025-4cb9-9cae-733e3d729f76 80999e1d2d0f44a19aba4f90cbd22819 beece5a5ca1c42e6ae53a30d5ddb4504 - - default default] Unable to schedule network a5f6b8cd-39c9-4b3e-9cb5-a152dca6ecf8: no agents available; will retry on subsequent port and subnet creation events.
2026-05-12 17:40:43.061 10 INFO neutron.pecan_wsgi.hooks.translation [None req-cdb5d4a8-d7e7-44ee-8567-44fedd8f3e26 23931f8c25414911ba432e4ab9d9fb4b a5faf6705ab24819b6dea6d3e52a5ba7 - - default default] GET failed (client error): The resource could not be found.
2026-05-12 17:40:43.064 10 INFO neutron.wsgi [None req-cdb5d4a8-d7e7-44ee-8567-44fedd8f3e26 23931f8c25414911ba432e4ab9d9fb4b a5faf6705ab24819b6dea6d3e52a5ba7 - - default default] 10.0.0.112 "GET /v2.0/ports/32cde30e-e7cc-4565-aa22-5730da7973a9 HTTP/1.1" status: 404 len: 333 time: 0.0226262
2026-05-12 17:40:43.250 10 INFO neutron.wsgi [None req-e3565e44-0543-4b88-9d17-e72a00df2e8b 23931f8c25414911ba432e4ab9d9fb4b a5faf6705ab24819b6dea6d3e52a5ba7 - - default default] 10.0.0.112 "DELETE /v2.0/subnets/385660c8-bfee-470f-b784-7fca0467074d HTTP/1.1" status: 204 len: 168 time: 0.1809525
2026-05-12 17:40:43.598 9 INFO neutron.db.ovn_revision_numbers_db [None req-bd5d99aa-4025-4cb9-9cae-733e3d729f76 80999e1d2d0f44a19aba4f90cbd22819 beece5a5ca1c42e6ae53a30d5ddb4504 - - default default] Successfully bumped revision number for resource 7e059df4-7e38-4706-91c0-6a0feb107524 (type: ports) to 2
2026-05-12 17:40:43.638 9 INFO neutron.db.ovn_revision_numbers_db [None req-bd5d99aa-4025-4cb9-9cae-733e3d729f76 80999e1d2d0f44a19aba4f90cbd22819 beece5a5ca1c42e6ae53a30d5ddb4504 - - default default] Successfully bumped revision number for resource 55af8746-ddb7-4ca6-8bbf-dbb46e24968d (type: subnets) to 0
2026-05-12 17:40:43.669 9 INFO neutron.services.segments.plugin [-] Segment 1280f914-af02-46ab-aa55-6be46dc56f1a resource provider aggregate not found
2026-05-12 17:40:43.674 9 INFO neutron.services.segments.plugin [-] Segment 1280f914-af02-46ab-aa55-6be46dc56f1a resource provider aggregate not found
2026-05-12 17:40:43.682 9 INFO neutron.wsgi [None req-bd5d99aa-4025-4cb9-9cae-733e3d729f76 80999e1d2d0f44a19aba4f90cbd22819 beece5a5ca1c42e6ae53a30d5ddb4504 - - default default] 10.0.0.112 "POST /v2.0/subnets HTTP/1.1" status: 201 len: 804 time: 0.9683974
2026-05-12 17:40:43.691 9 INFO neutron.services.segments.plugin [-] Segment 1280f914-af02-46ab-aa55-6be46dc56f1a resource provider not found; error: Placement Client Error (4xx): {"errors": [{"status": 404, "title": "Not Found", "detail": "The resource could not be found.\n\n No resource provider with uuid 1280f914-af02-46ab-aa55-6be46dc56f1a found for delete ", "request_id": "req-2ebcaf55-35f1-46d5-a957-f7c3bea6871b"}]}
2026-05-12 17:40:43.691 10 WARNING neutron_lib.context [None req-25620d96-ef6b-4f17-9957-6b1843a0e140 80999e1d2d0f44a19aba4f90cbd22819 beece5a5ca1c42e6ae53a30d5ddb4504 - - default default] Method 'is_advsvc' is deprecated since 2023.2 release (neutron-lib 3.8.0) and will be removed once support for the old RBAC API policies will be removed from Neutron. Please use method 'is_service_role' instead.
2026-05-12 17:40:43.692 9 INFO neutron.services.segments.plugin [-] Segment 1280f914-af02-46ab-aa55-6be46dc56f1a resource provider not found; error: Placement Client Error (4xx): {"errors": [{"status": 404, "title": "Not Found", "detail": "The resource could not be found.\n\n No resource provider with uuid 1280f914-af02-46ab-aa55-6be46dc56f1a found for delete ", "request_id": "req-1a86a388-eadf-4fc6-a698-fab1923a2253"}]}
2026-05-12 17:40:43.710 9 INFO neutron.wsgi [None req-2384a5de-d4e8-4c57-9947-0528e4b6b617 23931f8c25414911ba432e4ab9d9fb4b a5faf6705ab24819b6dea6d3e52a5ba7 - - default default] 10.0.0.112 "DELETE /v2.0/networks/5a706e14-834b-4ad8-9e94-4644beb764a7 HTTP/1.1" status: 204 len: 168 time: 0.4559112
2026-05-12 17:40:43.722 10 WARNING neutron_lib.context [None req-2dd20726-321e-421e-b564-ecba7cf32367 23931f8c25414911ba432e4ab9d9fb4b a5faf6705ab24819b6dea6d3e52a5ba7 - - default default] Method 'is_advsvc' is deprecated since 2023.2 release (neutron-lib 3.8.0) and will be removed once support for the old RBAC API policies will be removed from Neutron. Please use method 'is_service_role' instead.
2026-05-12 17:40:43.794 10 INFO neutron.db.segments_db [None req-25620d96-ef6b-4f17-9957-6b1843a0e140 80999e1d2d0f44a19aba4f90cbd22819 beece5a5ca1c42e6ae53a30d5ddb4504 - - default default] Added segment a5af201b-1c1e-4d65-9452-8a49b4cf6a9d of type geneve for network 5d92a277-cffe-41d0-8538-aa09edb67f74
2026-05-12 17:40:43.975 10 INFO neutron.db.ovn_revision_numbers_db [None req-25620d96-ef6b-4f17-9957-6b1843a0e140 80999e1d2d0f44a19aba4f90cbd22819 beece5a5ca1c42e6ae53a30d5ddb4504 - - default default] Successfully bumped revision number for resource 5d92a277-cffe-41d0-8538-aa09edb67f74 (type: networks) to 1
2026-05-12 17:40:44.026 10 WARNING neutron.scheduler.dhcp_agent_scheduler [None req-2dd20726-321e-421e-b564-ecba7cf32367 23931f8c25414911ba432e4ab9d9fb4b a5faf6705ab24819b6dea6d3e52a5ba7 - - default default] No more DHCP agents
2026-05-12 17:40:44.032 10 WARNING neutron.api.rpc.agentnotifiers.dhcp_rpc_agent_api [None req-2dd20726-321e-421e-b564-ecba7cf32367 23931f8c25414911ba432e4ab9d9fb4b a5faf6705ab24819b6dea6d3e52a5ba7 - - default default] Unable to schedule network 4179b45a-2a65-4c58-9aa5-8521759b6196: no agents available; will retry on subsequent port and subnet creation events.
2026-05-12 17:40:44.168 10 INFO neutron.db.ovn_revision_numbers_db [None req-2dd20726-321e-421e-b564-ecba7cf32367 23931f8c25414911ba432e4ab9d9fb4b a5faf6705ab24819b6dea6d3e52a5ba7 - - default default] Successfully bumped revision number for resource 2fdc3fe9-2bfa-4ea3-8b44-27e75b40f275 (type: ports) to 1
2026-05-12 17:40:44.198 10 INFO neutron.wsgi [None req-2dd20726-321e-421e-b564-ecba7cf32367 23931f8c25414911ba432e4ab9d9fb4b a5faf6705ab24819b6dea6d3e52a5ba7 - - default default] 10.0.0.112 "POST /v2.0/ports HTTP/1.1" status: 201 len: 978 time: 0.4813392
2026-05-12 17:40:44.214 10 WARNING neutron.scheduler.dhcp_agent_scheduler [None req-25620d96-ef6b-4f17-9957-6b1843a0e140 80999e1d2d0f44a19aba4f90cbd22819 beece5a5ca1c42e6ae53a30d5ddb4504 - - default default] No more DHCP agents
2026-05-12 17:40:44.216 10 WARNING neutron.api.rpc.agentnotifiers.dhcp_rpc_agent_api [None req-25620d96-ef6b-4f17-9957-6b1843a0e140 80999e1d2d0f44a19aba4f90cbd22819 beece5a5ca1c42e6ae53a30d5ddb4504 - - default default] Unable to schedule network 5d92a277-cffe-41d0-8538-aa09edb67f74: no agents available; will retry on subsequent port and subnet creation events.
2026-05-12 17:40:44.298 10 INFO neutron.db.ovn_revision_numbers_db [None req-25620d96-ef6b-4f17-9957-6b1843a0e140 80999e1d2d0f44a19aba4f90cbd22819 beece5a5ca1c42e6ae53a30d5ddb4504 - - default default] Successfully bumped revision number for resource 0cbd2407-5df3-4220-92b2-d93f9eb84f6b (type: ports) to 1
2026-05-12 17:40:44.336 10 INFO neutron.wsgi [None req-25620d96-ef6b-4f17-9957-6b1843a0e140 80999e1d2d0f44a19aba4f90cbd22819 beece5a5ca1c42e6ae53a30d5ddb4504 - - default default] 10.0.0.112 "POST /v2.0/networks HTTP/1.1" status: 201 len: 831 time: 0.6504004
2026-05-12 17:40:44.345 9 WARNING neutron_lib.context [None req-7bf99626-4ca1-427a-b071-b36e4d4c01e1 80999e1d2d0f44a19aba4f90cbd22819 beece5a5ca1c42e6ae53a30d5ddb4504 - - default default] Method 'is_advsvc' is deprecated since 2023.2 release (neutron-lib 3.8.0) and will be removed once support for the old RBAC API policies will be removed from Neutron. Please use method 'is_service_role' instead.
2026-05-12 17:40:44.475 10 INFO neutron.plugins.ml2.drivers.ovn.mech_driver.mech_driver [None req-dccbfcc7-2f93-4273-bcec-7377bf79d4cc - - - - - -] OVN reports status down for port: 2fdc3fe9-2bfa-4ea3-8b44-27e75b40f275
2026-05-12 17:40:44.532 9 INFO neutron.db.ovn_revision_numbers_db [None req-997fa434-f8fc-4ce9-ac56-9451fd72240f 23931f8c25414911ba432e4ab9d9fb4b a5faf6705ab24819b6dea6d3e52a5ba7 - - default default] Successfully bumped revision number for resource 2fdc3fe9-2bfa-4ea3-8b44-27e75b40f275 (type: ports) to 2
2026-05-12 17:40:44.552 9 INFO neutron.wsgi [None req-997fa434-f8fc-4ce9-ac56-9451fd72240f 23931f8c25414911ba432e4ab9d9fb4b a5faf6705ab24819b6dea6d3e52a5ba7 - - default default] 10.0.0.112 "PUT /v2.0/ports/2fdc3fe9-2bfa-4ea3-8b44-27e75b40f275 HTTP/1.1" status: 200 len: 946 time: 0.3476117 /var/lib/openstack/lib/python3.10/site-packages/pycadf/identifier.py:71: UserWarning: Invalid uuid: neutron. To ensure interoperability, identifiers should be a valid uuid. warnings.warn(('Invalid uuid: %s. To ensure interoperability, '
2026-05-12 17:40:44.638 9 WARNING neutron.scheduler.dhcp_agent_scheduler [None req-7bf99626-4ca1-427a-b071-b36e4d4c01e1 80999e1d2d0f44a19aba4f90cbd22819 beece5a5ca1c42e6ae53a30d5ddb4504 - - default default] No more DHCP agents
2026-05-12 17:40:44.640 9 WARNING neutron.api.rpc.agentnotifiers.dhcp_rpc_agent_api [None req-7bf99626-4ca1-427a-b071-b36e4d4c01e1 80999e1d2d0f44a19aba4f90cbd22819 beece5a5ca1c42e6ae53a30d5ddb4504 - - default default] Unable to schedule network 5d92a277-cffe-41d0-8538-aa09edb67f74: no agents available; will retry on subsequent port and subnet creation events.
2026-05-12 17:40:44.983 10 INFO neutron.wsgi [None req-92c7b45e-fdc5-4616-bd5f-065920118f5d 23931f8c25414911ba432e4ab9d9fb4b a5faf6705ab24819b6dea6d3e52a5ba7 - - default default] 10.0.0.112 "DELETE /v2.0/ports/2fdc3fe9-2bfa-4ea3-8b44-27e75b40f275 HTTP/1.1" status: 204 len: 168 time: 0.4259856
2026-05-12 17:40:45.084 10 INFO neutron.wsgi [None req-f9fb083e-9d33-42d4-a866-740fa047e65c 23931f8c25414911ba432e4ab9d9fb4b a5faf6705ab24819b6dea6d3e52a5ba7 - - default default] 10.0.0.112 "GET /v2.0/ports HTTP/1.1" status: 200 len: 1733 time: 0.0969675 /var/lib/openstack/lib/python3.10/site-packages/pycadf/identifier.py:71: UserWarning: Invalid uuid: neutron. To ensure interoperability, identifiers should be a valid uuid. warnings.warn(('Invalid uuid: %s. To ensure interoperability, '
2026-05-12 17:40:45.117 9 INFO neutron.pecan_wsgi.hooks.translation [None req-9060e95f-6f36-4b84-9330-81baf2c0d5c3 23931f8c25414911ba432e4ab9d9fb4b a5faf6705ab24819b6dea6d3e52a5ba7 - - default default] GET failed (client error): The resource could not be found.
2026-05-12 17:40:45.120 9 INFO neutron.wsgi [None req-9060e95f-6f36-4b84-9330-81baf2c0d5c3 23931f8c25414911ba432e4ab9d9fb4b a5faf6705ab24819b6dea6d3e52a5ba7 - - default default] 10.0.0.112 "GET /v2.0/ports/2fdc3fe9-2bfa-4ea3-8b44-27e75b40f275 HTTP/1.1" status: 404 len: 333 time: 0.0302923
2026-05-12 17:40:45.232 9 INFO neutron.wsgi [None req-028638b4-8d06-44d5-b366-bfc6e6927e0f 23931f8c25414911ba432e4ab9d9fb4b a5faf6705ab24819b6dea6d3e52a5ba7 - - default default] 10.0.0.112 "GET /v2.0/ports HTTP/1.1" status: 200 len: 1733 time: 0.1033516
2026-05-12 17:40:45.233 9 INFO neutron.db.ovn_revision_numbers_db [None req-7bf99626-4ca1-427a-b071-b36e4d4c01e1 80999e1d2d0f44a19aba4f90cbd22819 beece5a5ca1c42e6ae53a30d5ddb4504 - - default default] Successfully bumped revision number for resource 0cbd2407-5df3-4220-92b2-d93f9eb84f6b (type: ports) to 2
2026-05-12 17:40:45.286 9 INFO neutron.wsgi [None req-3eab179f-7a7d-4e69-94ad-fb4bdda3496f 23931f8c25414911ba432e4ab9d9fb4b a5faf6705ab24819b6dea6d3e52a5ba7 - - default default] 10.0.0.112 "GET /v2.0/ports/bbe11cf8-d8fc-408c-98a5-da2ac6e7ee3a HTTP/1.1" status: 200 len: 973 time: 0.0483966
2026-05-12 17:40:45.292 9 INFO neutron.db.ovn_revision_numbers_db [None req-7bf99626-4ca1-427a-b071-b36e4d4c01e1 80999e1d2d0f44a19aba4f90cbd22819 beece5a5ca1c42e6ae53a30d5ddb4504 - - default default] Successfully bumped revision number for resource 2be75803-2333-4384-8522-023b1e8ff4cc (type: subnets) to 0
2026-05-12 17:40:45.312 9 INFO neutron.wsgi [None req-7bf99626-4ca1-427a-b071-b36e4d4c01e1 80999e1d2d0f44a19aba4f90cbd22819 beece5a5ca1c42e6ae53a30d5ddb4504 - - default default] 10.0.0.112 "POST /v2.0/subnets HTTP/1.1" status: 201 len: 804 time: 0.9711530
2026-05-12 17:40:45.325 10 WARNING neutron_lib.context [None req-a4776668-27dc-46d1-8cdb-537524cd253b 80999e1d2d0f44a19aba4f90cbd22819 beece5a5ca1c42e6ae53a30d5ddb4504 - - default default] Method 'is_advsvc' is deprecated since 2023.2 release (neutron-lib 3.8.0) and will be removed once support for the old RBAC API policies will be removed from Neutron. Please use method 'is_service_role' instead.
2026-05-12 17:40:45.327 10 INFO neutron.pecan_wsgi.hooks.translation [None req-9f065e0d-6939-408a-84b7-fe6a8bd53400 23931f8c25414911ba432e4ab9d9fb4b a5faf6705ab24819b6dea6d3e52a5ba7 - - default default] DELETE failed (client error): The resource could not be found.
2026-05-12 17:40:45.330 10 INFO neutron.wsgi [None req-9f065e0d-6939-408a-84b7-fe6a8bd53400 23931f8c25414911ba432e4ab9d9fb4b a5faf6705ab24819b6dea6d3e52a5ba7 - - default default] 10.0.0.112 "DELETE /v2.0/ports/32cde30e-e7cc-4565-aa22-5730da7973a9 HTTP/1.1" status: 404 len: 333 time: 0.0357046
2026-05-12 17:40:45.361 9 INFO neutron.pecan_wsgi.hooks.translation [None req-95074e3a-083f-4d4e-89e1-bc4d2580fe20 23931f8c25414911ba432e4ab9d9fb4b a5faf6705ab24819b6dea6d3e52a5ba7 - - default default] DELETE failed (client error): The resource could not be found.
2026-05-12 17:40:45.363 9 INFO neutron.wsgi [None req-95074e3a-083f-4d4e-89e1-bc4d2580fe20 23931f8c25414911ba432e4ab9d9fb4b a5faf6705ab24819b6dea6d3e52a5ba7 - - default default] 10.0.0.112 "DELETE /v2.0/subnets/385660c8-bfee-470f-b784-7fca0467074d HTTP/1.1" status: 404 len: 337 time: 0.0282302
2026-05-12 17:40:45.386 9 INFO neutron.pecan_wsgi.hooks.translation [None req-8cec655e-0bff-4a5b-9c72-e937e9fb848c 23931f8c25414911ba432e4ab9d9fb4b a5faf6705ab24819b6dea6d3e52a5ba7 - - default default] DELETE failed (client error): The resource could not be found.
2026-05-12 17:40:45.388 9 INFO neutron.wsgi [None req-8cec655e-0bff-4a5b-9c72-e937e9fb848c 23931f8c25414911ba432e4ab9d9fb4b a5faf6705ab24819b6dea6d3e52a5ba7 - - default default] 10.0.0.112 "DELETE /v2.0/subnets/1358f3d9-4135-45d3-9fef-be84646ab7f4 HTTP/1.1" status: 404 len: 337 time: 0.0202820
2026-05-12 17:40:45.413 10 INFO neutron.db.segments_db [None req-a4776668-27dc-46d1-8cdb-537524cd253b 80999e1d2d0f44a19aba4f90cbd22819 beece5a5ca1c42e6ae53a30d5ddb4504 - - default default] Added segment 0aee43d9-fed4-4e9a-bbc9-9deb1ba12951 of type geneve for network 6f7493a6-775b-4797-b781-d41c37b00ec0
2026-05-12 17:40:45.565 10 INFO neutron.db.ovn_revision_numbers_db [None req-a4776668-27dc-46d1-8cdb-537524cd253b 80999e1d2d0f44a19aba4f90cbd22819 beece5a5ca1c42e6ae53a30d5ddb4504 - - default default] Successfully bumped revision number for resource 6f7493a6-775b-4797-b781-d41c37b00ec0 (type: networks) to 1
2026-05-12 17:40:45.649 9 INFO neutron.wsgi [None req-f0c2b45f-9471-4b78-9c2e-8ecc56be8001 23931f8c25414911ba432e4ab9d9fb4b a5faf6705ab24819b6dea6d3e52a5ba7 - - default default] 10.0.0.112 "DELETE /v2.0/ports/bbe11cf8-d8fc-408c-98a5-da2ac6e7ee3a HTTP/1.1" status: 204 len: 168 time: 0.2565703
2026-05-12 17:40:45.752 10 WARNING neutron.scheduler.dhcp_agent_scheduler [None req-a4776668-27dc-46d1-8cdb-537524cd253b 80999e1d2d0f44a19aba4f90cbd22819 beece5a5ca1c42e6ae53a30d5ddb4504 - - default default] No more DHCP agents
2026-05-12 17:40:45.756 10 WARNING neutron.api.rpc.agentnotifiers.dhcp_rpc_agent_api [None req-a4776668-27dc-46d1-8cdb-537524cd253b 80999e1d2d0f44a19aba4f90cbd22819 beece5a5ca1c42e6ae53a30d5ddb4504 - - default default] Unable to schedule network 6f7493a6-775b-4797-b781-d41c37b00ec0: no agents available; will retry on subsequent port and subnet creation events.
2026-05-12 17:40:45.838 10 INFO neutron.db.ovn_revision_numbers_db [None req-a4776668-27dc-46d1-8cdb-537524cd253b 80999e1d2d0f44a19aba4f90cbd22819 beece5a5ca1c42e6ae53a30d5ddb4504 - - default default] Successfully bumped revision number for resource 9feadc9f-64e5-4e34-8871-0153ff37e43a (type: ports) to 1
2026-05-12 17:40:45.859 10 INFO neutron.wsgi [None req-a4776668-27dc-46d1-8cdb-537524cd253b 80999e1d2d0f44a19aba4f90cbd22819 beece5a5ca1c42e6ae53a30d5ddb4504 - - default default] 10.0.0.112 "POST /v2.0/networks HTTP/1.1" status: 201 len: 830 time: 0.5382988
2026-05-12 17:40:45.870 10 WARNING neutron_lib.context [None req-ec9f8d2d-d1f6-44f1-bf42-b565eae7f9f3 80999e1d2d0f44a19aba4f90cbd22819 beece5a5ca1c42e6ae53a30d5ddb4504 - - default default] Method 'is_advsvc' is deprecated since 2023.2 release (neutron-lib 3.8.0) and will be removed once support for the old RBAC API policies will be removed from Neutron. Please use method 'is_service_role' instead.
2026-05-12 17:40:45.996 9 INFO neutron.services.segments.plugin [-] Segment d976663d-fd0b-4d2d-9bf3-11c916000195 resource provider aggregate not found
2026-05-12 17:40:46.002 9 INFO neutron.services.segments.plugin [-] Segment d976663d-fd0b-4d2d-9bf3-11c916000195 resource provider aggregate not found
2026-05-12 17:40:46.014 9 INFO neutron.services.segments.plugin [-] Segment d976663d-fd0b-4d2d-9bf3-11c916000195 resource provider not found; error: Placement Client Error (4xx): {"errors": [{"status": 404, "title": "Not Found", "detail": "The resource could not be found.\n\n No resource provider with uuid d976663d-fd0b-4d2d-9bf3-11c916000195 found for delete ", "request_id": "req-bf697e94-d00d-44c0-80cb-8e785e14542d"}]}
2026-05-12 17:40:46.019 9 INFO neutron.services.segments.plugin [-] Segment d976663d-fd0b-4d2d-9bf3-11c916000195 resource provider not found; error: Placement Client Error (4xx): {"errors": [{"status": 404, "title": "Not Found", "detail": "The resource could not be found.\n\n No resource provider with uuid d976663d-fd0b-4d2d-9bf3-11c916000195 found for delete ", "request_id": "req-085c8130-a364-46e4-870b-1f343e1984a9"}]}
2026-05-12 17:40:46.042 9 INFO neutron.wsgi [None req-579a4adc-d6e3-4a03-8bcb-7d93186a27ae 23931f8c25414911ba432e4ab9d9fb4b a5faf6705ab24819b6dea6d3e52a5ba7 - - default default] 10.0.0.112 "DELETE /v2.0/networks/4179b45a-2a65-4c58-9aa5-8521759b6196 HTTP/1.1" status: 204 len: 168 time: 0.3890083
2026-05-12 17:40:46.128 10 WARNING neutron.scheduler.dhcp_agent_scheduler [None req-ec9f8d2d-d1f6-44f1-bf42-b565eae7f9f3 80999e1d2d0f44a19aba4f90cbd22819 beece5a5ca1c42e6ae53a30d5ddb4504 - - default default] No more DHCP agents
2026-05-12 17:40:46.131 10 WARNING neutron.api.rpc.agentnotifiers.dhcp_rpc_agent_api [None req-ec9f8d2d-d1f6-44f1-bf42-b565eae7f9f3 80999e1d2d0f44a19aba4f90cbd22819 beece5a5ca1c42e6ae53a30d5ddb4504 - - default default] Unable to schedule network 6f7493a6-775b-4797-b781-d41c37b00ec0: no agents available; will retry on subsequent port and subnet creation events.
2026-05-12 17:40:46.574 10 INFO neutron.db.ovn_revision_numbers_db [None req-ec9f8d2d-d1f6-44f1-bf42-b565eae7f9f3 80999e1d2d0f44a19aba4f90cbd22819 beece5a5ca1c42e6ae53a30d5ddb4504 - - default default] Successfully bumped revision number for resource 9feadc9f-64e5-4e34-8871-0153ff37e43a (type: ports) to 2
2026-05-12 17:40:46.608 10 INFO neutron.db.ovn_revision_numbers_db [None req-ec9f8d2d-d1f6-44f1-bf42-b565eae7f9f3 80999e1d2d0f44a19aba4f90cbd22819 beece5a5ca1c42e6ae53a30d5ddb4504 - - default default] Successfully bumped revision number for resource 5c9f944d-6630-4c0d-a022-7501b5379e24 (type: subnets) to 0
2026-05-12 17:40:46.624 10 INFO neutron.wsgi [None req-ec9f8d2d-d1f6-44f1-bf42-b565eae7f9f3 80999e1d2d0f44a19aba4f90cbd22819 beece5a5ca1c42e6ae53a30d5ddb4504 - - default default] 10.0.0.112 "POST /v2.0/subnets HTTP/1.1" status: 201 len: 804 time: 0.7588313
2026-05-12 17:40:46.635 9 WARNING neutron_lib.context [None req-30835f5e-aae0-491f-a1a5-1295aaabea98 80999e1d2d0f44a19aba4f90cbd22819 beece5a5ca1c42e6ae53a30d5ddb4504 - - default default] Method 'is_advsvc' is deprecated since 2023.2 release (neutron-lib 3.8.0) and will be removed once support for the old RBAC API policies will be removed from Neutron. Please use method 'is_service_role' instead.
2026-05-12 17:40:46.725 9 INFO neutron.db.segments_db [None req-30835f5e-aae0-491f-a1a5-1295aaabea98 80999e1d2d0f44a19aba4f90cbd22819 beece5a5ca1c42e6ae53a30d5ddb4504 - - default default] Added segment cd3b2f71-8b76-4b80-8115-dc4e2f4a316a of type geneve for network 880301e7-7028-4702-89bb-0b870449eaf2
2026-05-12 17:40:46.821 9 INFO neutron.wsgi [None req-c1efa50a-ebdc-4fa9-915b-857b209ec41b 47cc16f72e9046638185cbc34bd09055 e4c9b40c70cc4d13aa8046933332264d - - default default] 10.0.0.112 "GET /v2.0/security-groups?tenant_id=a5faf6705ab24819b6dea6d3e52a5ba7&name=default HTTP/1.1" status: 200 len: 2996 time: 0.2402084
2026-05-12 17:40:46.924 10 INFO neutron.db.ovn_revision_numbers_db [None req-9db44dad-814a-495a-944c-07bdc060592f 47cc16f72e9046638185cbc34bd09055 e4c9b40c70cc4d13aa8046933332264d - - default default] Successfully bumped revision number for resource 9c2974ca-645f-470b-b415-5e05af6edb90 (type: security_groups) to 1
2026-05-12 17:40:46.939 10 INFO neutron.db.ovn_revision_numbers_db [None req-9db44dad-814a-495a-944c-07bdc060592f 47cc16f72e9046638185cbc34bd09055 e4c9b40c70cc4d13aa8046933332264d - - default default] Successfully bumped revision number for resource 3c4e5d6f-992c-40f7-a50e-a5e6af7db05c (type: security_group_rules) to 0
2026-05-12 17:40:46.940 9 INFO neutron.db.ovn_revision_numbers_db [None req-30835f5e-aae0-491f-a1a5-1295aaabea98 80999e1d2d0f44a19aba4f90cbd22819 beece5a5ca1c42e6ae53a30d5ddb4504 - - default default] Successfully bumped revision number for resource 880301e7-7028-4702-89bb-0b870449eaf2 (type: networks) to 1
2026-05-12 17:40:46.953 10 INFO neutron.db.ovn_revision_numbers_db [None req-9db44dad-814a-495a-944c-07bdc060592f 47cc16f72e9046638185cbc34bd09055 e4c9b40c70cc4d13aa8046933332264d - - default default] Successfully bumped revision number for resource 5041d311-3306-4476-8fce-26162b2e04b8 (type: security_group_rules) to 0
2026-05-12 17:40:46.967 10 INFO neutron.db.ovn_revision_numbers_db [None req-9db44dad-814a-495a-944c-07bdc060592f 47cc16f72e9046638185cbc34bd09055 e4c9b40c70cc4d13aa8046933332264d - - default default] Successfully bumped revision number for resource 994a4f7a-a98f-4bb0-9ff9-f3c1ee7f1787 (type: security_group_rules) to 0
2026-05-12 17:40:46.979 10 INFO neutron.db.ovn_revision_numbers_db [None req-9db44dad-814a-495a-944c-07bdc060592f 47cc16f72e9046638185cbc34bd09055 e4c9b40c70cc4d13aa8046933332264d - - default default] Successfully bumped revision number for resource e081ebc1-daef-4e01-9b71-31de5216aa82 (type: security_group_rules) to 0
2026-05-12 17:40:47.003 10 INFO neutron.wsgi [None req-9db44dad-814a-495a-944c-07bdc060592f 47cc16f72e9046638185cbc34bd09055 e4c9b40c70cc4d13aa8046933332264d - - default default] 10.0.0.112 "GET /v2.0/security-groups?tenant_id=f424c22f429d46c3af8e9d3dd5b90c23&name=default HTTP/1.1" status: 200 len: 2996 time: 0.3374290
2026-05-12 17:40:47.218 10 INFO neutron.wsgi [None req-96e1c20d-fbc2-46f1-80db-b81e2b919075 47cc16f72e9046638185cbc34bd09055 e4c9b40c70cc4d13aa8046933332264d - - default default] 10.0.0.112 "DELETE /v2.0/security-groups/9c2974ca-645f-470b-b415-5e05af6edb90 HTTP/1.1" status: 204 len: 168 time: 0.2106841
2026-05-12 17:40:47.398 9 WARNING neutron.scheduler.dhcp_agent_scheduler [None req-30835f5e-aae0-491f-a1a5-1295aaabea98 80999e1d2d0f44a19aba4f90cbd22819 beece5a5ca1c42e6ae53a30d5ddb4504 - - default default] No more DHCP agents
2026-05-12 17:40:47.402 9 WARNING neutron.api.rpc.agentnotifiers.dhcp_rpc_agent_api [None req-30835f5e-aae0-491f-a1a5-1295aaabea98 80999e1d2d0f44a19aba4f90cbd22819 beece5a5ca1c42e6ae53a30d5ddb4504 - - default default] Unable to schedule network 880301e7-7028-4702-89bb-0b870449eaf2: no agents available; will retry on subsequent port and subnet creation events.
2026-05-12 17:40:47.415 10 INFO neutron.db.ovn_revision_numbers_db [None req-6aadae88-9f9e-43ea-afc0-e81037503055 47cc16f72e9046638185cbc34bd09055 e4c9b40c70cc4d13aa8046933332264d - - default default] Successfully bumped revision number for resource 15f0394c-d66c-48d8-b0e2-436964dd9544 (type: security_groups) to 1
2026-05-12 17:40:47.431 10 INFO neutron.db.ovn_revision_numbers_db [None req-6aadae88-9f9e-43ea-afc0-e81037503055 47cc16f72e9046638185cbc34bd09055 e4c9b40c70cc4d13aa8046933332264d - - default default] Successfully bumped revision number for resource 71d44d59-8c67-4d9c-a699-39cbbd56346a (type: security_group_rules) to 0
2026-05-12 17:40:47.441 9 INFO neutron.wsgi [None req-07b07863-4639-46c7-bd53-8fad9c0f3309 47cc16f72e9046638185cbc34bd09055 e4c9b40c70cc4d13aa8046933332264d - - default default] 10.0.0.112 "DELETE /v2.0/security-groups/c6884e1b-e2b9-4734-880f-7fcbe1cd2f0e HTTP/1.1" status: 204 len: 168 time: 0.6152244
2026-05-12 17:40:47.446 10 INFO neutron.db.ovn_revision_numbers_db [None req-6aadae88-9f9e-43ea-afc0-e81037503055 47cc16f72e9046638185cbc34bd09055 e4c9b40c70cc4d13aa8046933332264d - - default default] Successfully bumped revision number for resource 85a3b8f1-941e-434f-b03e-3065d8f4dcf8 (type: security_group_rules) to 0
2026-05-12 17:40:47.463 10 INFO neutron.db.ovn_revision_numbers_db [None req-6aadae88-9f9e-43ea-afc0-e81037503055 47cc16f72e9046638185cbc34bd09055 e4c9b40c70cc4d13aa8046933332264d - - default default] Successfully bumped revision number for resource 8a40b492-db3b-41ce-a7b2-325195ce1f03 (type: security_group_rules) to 0
2026-05-12 17:40:47.479 10 INFO neutron.db.ovn_revision_numbers_db [None req-6aadae88-9f9e-43ea-afc0-e81037503055 47cc16f72e9046638185cbc34bd09055 e4c9b40c70cc4d13aa8046933332264d - - default default] Successfully bumped revision number for resource a6e7d98f-1106-4b49-8aea-17b02e4fac90 (type: security_group_rules) to 0
2026-05-12 17:40:47.497 9 INFO neutron.db.ovn_revision_numbers_db [None req-30835f5e-aae0-491f-a1a5-1295aaabea98 80999e1d2d0f44a19aba4f90cbd22819 beece5a5ca1c42e6ae53a30d5ddb4504 - - default default] Successfully bumped revision number for resource b3526c46-f4ad-409a-8fc8-9e04ab20923d (type: ports) to 1
2026-05-12 17:40:47.501 10 INFO neutron.wsgi [None req-6aadae88-9f9e-43ea-afc0-e81037503055 47cc16f72e9046638185cbc34bd09055 e4c9b40c70cc4d13aa8046933332264d - - default default] 10.0.0.112 "GET /v2.0/security-groups?tenant_id=b994b3582a2d47a5bc50d01373933473&name=default HTTP/1.1" status: 200 len: 2996 time: 0.1960075
2026-05-12 17:40:47.517 9 INFO neutron.wsgi [None req-30835f5e-aae0-491f-a1a5-1295aaabea98 80999e1d2d0f44a19aba4f90cbd22819 beece5a5ca1c42e6ae53a30d5ddb4504 - - default default] 10.0.0.112 "POST /v2.0/networks HTTP/1.1" status: 201 len: 831 time: 0.8889258
2026-05-12 17:40:47.527 9 WARNING neutron_lib.context [None req-8bc5c676-af60-4c56-bdf6-04d598a65b88 80999e1d2d0f44a19aba4f90cbd22819 beece5a5ca1c42e6ae53a30d5ddb4504 - - default default] Method 'is_advsvc' is deprecated since 2023.2 release (neutron-lib 3.8.0) and will be removed once support for the old RBAC API policies will be removed from Neutron. Please use method 'is_service_role' instead.
2026-05-12 17:40:47.717 10 INFO neutron.wsgi [None req-e2e28201-941c-401d-af8d-275448cab590 47cc16f72e9046638185cbc34bd09055 e4c9b40c70cc4d13aa8046933332264d - - default default] 10.0.0.112 "DELETE /v2.0/security-groups/15f0394c-d66c-48d8-b0e2-436964dd9544 HTTP/1.1" status: 204 len: 168 time: 0.2117140
2026-05-12 17:40:47.765 9 WARNING neutron.scheduler.dhcp_agent_scheduler [None req-8bc5c676-af60-4c56-bdf6-04d598a65b88 80999e1d2d0f44a19aba4f90cbd22819 beece5a5ca1c42e6ae53a30d5ddb4504 - - default default] No more DHCP agents
2026-05-12 17:40:47.766 9 WARNING neutron.api.rpc.agentnotifiers.dhcp_rpc_agent_api [None req-8bc5c676-af60-4c56-bdf6-04d598a65b88 80999e1d2d0f44a19aba4f90cbd22819 beece5a5ca1c42e6ae53a30d5ddb4504 - - default default] Unable to schedule network 880301e7-7028-4702-89bb-0b870449eaf2: no agents available; will retry on subsequent port and subnet creation events.
2026-05-12 17:40:48.332 9 INFO neutron.db.ovn_revision_numbers_db [None req-8bc5c676-af60-4c56-bdf6-04d598a65b88 80999e1d2d0f44a19aba4f90cbd22819 beece5a5ca1c42e6ae53a30d5ddb4504 - - default default] Successfully bumped revision number for resource b3526c46-f4ad-409a-8fc8-9e04ab20923d (type: ports) to 2
2026-05-12 17:40:48.370 9 INFO neutron.db.ovn_revision_numbers_db [None req-8bc5c676-af60-4c56-bdf6-04d598a65b88 80999e1d2d0f44a19aba4f90cbd22819 beece5a5ca1c42e6ae53a30d5ddb4504 - - default default] Successfully bumped revision number for resource 3e8d5087-06f1-41ba-9cf2-9da1fa85b704 (type: subnets) to 0
2026-05-12 17:40:48.386 9 INFO neutron.wsgi [None req-8bc5c676-af60-4c56-bdf6-04d598a65b88 80999e1d2d0f44a19aba4f90cbd22819 beece5a5ca1c42e6ae53a30d5ddb4504 - - default default] 10.0.0.112 "POST /v2.0/subnets HTTP/1.1" status: 201 len: 804 time: 0.8637228
2026-05-12 17:40:48.451 9 INFO neutron.wsgi [None req-dc806f67-6630-4fe6-9784-dfcc62793811 80999e1d2d0f44a19aba4f90cbd22819 beece5a5ca1c42e6ae53a30d5ddb4504 - - default default] 10.0.0.112 "PUT /v2.0/subnets/5b0e0d84-0b06-4a4b-a836-6ff24a162b30/tags HTTP/1.1" status: 200 len: 210 time: 0.0602479
2026-05-12 17:40:48.510 9 INFO neutron.wsgi [None req-64b35e77-323a-4027-a71c-361d03487f34 80999e1d2d0f44a19aba4f90cbd22819 beece5a5ca1c42e6ae53a30d5ddb4504 - - default default] 10.0.0.112 "PUT /v2.0/subnets/55af8746-ddb7-4ca6-8bbf-dbb46e24968d/tags HTTP/1.1" status: 200 len: 218 time: 0.0538871
2026-05-12 17:40:48.587 10 INFO neutron.wsgi [None req-78073a53-ffb6-46b9-9929-9b18a642a90e 80999e1d2d0f44a19aba4f90cbd22819 beece5a5ca1c42e6ae53a30d5ddb4504 - - default default] 10.0.0.112 "PUT /v2.0/subnets/2be75803-2333-4384-8522-023b1e8ff4cc/tags HTTP/1.1" status: 200 len: 227 time: 0.0735557
2026-05-12 17:40:48.638 9 INFO neutron.wsgi [None req-36058503-a774-4f51-b922-0a813f2db0a9 80999e1d2d0f44a19aba4f90cbd22819 beece5a5ca1c42e6ae53a30d5ddb4504 - - default default] 10.0.0.112 "PUT /v2.0/subnets/5c9f944d-6630-4c0d-a022-7501b5379e24/tags HTTP/1.1" status: 200 len: 212 time: 0.0484390
2026-05-12 17:40:48.709 9 INFO neutron.wsgi [None req-382963ad-b43c-427d-8680-f8c17cd91df3 80999e1d2d0f44a19aba4f90cbd22819 beece5a5ca1c42e6ae53a30d5ddb4504 - - default default] 10.0.0.112 "GET /v2.0/subnets?tags=red HTTP/1.1" status: 200 len: 2027 time: 0.0665939
2026-05-12 17:40:48.790 9 INFO neutron.wsgi [None req-b03dbe0d-9e8b-460a-b922-0845661bb894 80999e1d2d0f44a19aba4f90cbd22819 beece5a5ca1c42e6ae53a30d5ddb4504 - - default default] 10.0.0.112 "GET /v2.0/subnets?tags=red%2Cblue HTTP/1.1" status: 200 len: 1430 time: 0.0754902
2026-05-12 17:40:48.846 9 INFO neutron.wsgi [None req-4e4f31e3-6e68-4c56-a33a-d4e8b903552e 80999e1d2d0f44a19aba4f90cbd22819 beece5a5ca1c42e6ae53a30d5ddb4504 - - default default] 10.0.0.112 "GET /v2.0/subnets?tags-any=blue HTTP/1.1" status: 200 len: 1430 time: 0.0502436
2026-05-12 17:40:48.897 9 INFO neutron.wsgi [None req-e8b32ebb-8505-4b35-9306-26fde415656d 80999e1d2d0f44a19aba4f90cbd22819 beece5a5ca1c42e6ae53a30d5ddb4504 - - default default] 10.0.0.112 "GET /v2.0/subnets?tags-any=red%2Cblue HTTP/1.1" status: 200 len: 2027 time: 0.0464184
2026-05-12 17:40:48.967 9 INFO neutron.wsgi [None req-79cee1a5-b633-4861-a3d4-862a57dfe266 80999e1d2d0f44a19aba4f90cbd22819 beece5a5ca1c42e6ae53a30d5ddb4504 - - default default] 10.0.0.112 "GET /v2.0/subnets?not-tags=red HTTP/1.1" status: 200 len: 2018 time: 0.0645700
2026-05-12 17:40:49.029 9 INFO neutron.wsgi [None req-87e157b1-259d-43a3-8475-b4505ee418dd 80999e1d2d0f44a19aba4f90cbd22819 beece5a5ca1c42e6ae53a30d5ddb4504 - - default default] 10.0.0.112 "GET /v2.0/subnets?not-tags=red%2Cblue HTTP/1.1" status: 200 len: 2615 time: 0.0579717
2026-05-12 17:40:49.099 9 INFO neutron.wsgi [None req-37aeadad-39c7-4df8-bc0a-b485512c1bf2 80999e1d2d0f44a19aba4f90cbd22819 beece5a5ca1c42e6ae53a30d5ddb4504 - - default default] 10.0.0.112 "GET /v2.0/subnets?not-tags-any=blue HTTP/1.1" status: 200 len: 2615 time: 0.0657792
2026-05-12 17:40:49.147 9 INFO neutron.wsgi [None req-f92291df-7ace-400b-9a07-49093171256f 80999e1d2d0f44a19aba4f90cbd22819 beece5a5ca1c42e6ae53a30d5ddb4504 - - default default] 10.0.0.112 "GET /v2.0/subnets?not-tags-any=red%2Cblue HTTP/1.1" status: 200 len: 2018 time: 0.0432806
2026-05-12 17:40:49.374 10 INFO neutron.wsgi [None req-b35e9b89-b97e-446d-82ab-216c13756624 80999e1d2d0f44a19aba4f90cbd22819 beece5a5ca1c42e6ae53a30d5ddb4504 - - default default] 10.0.0.112 "DELETE /v2.0/subnets/5b0e0d84-0b06-4a4b-a836-6ff24a162b30 HTTP/1.1" status: 204 len: 168 time: 0.2213047
2026-05-12 17:40:49.607 10 INFO neutron.wsgi [None req-74627a7e-a175-4737-bf37-52deaf8fef56 80999e1d2d0f44a19aba4f90cbd22819 beece5a5ca1c42e6ae53a30d5ddb4504 - - default default] 10.0.0.112 "DELETE /v2.0/subnets/55af8746-ddb7-4ca6-8bbf-dbb46e24968d HTTP/1.1" status: 204 len: 168 time: 0.2283518
2026-05-12 17:40:49.840 10 INFO neutron.wsgi [None req-938c9cc2-46e7-4c2f-9491-17080f3e1f7a 80999e1d2d0f44a19aba4f90cbd22819 beece5a5ca1c42e6ae53a30d5ddb4504 - - default default] 10.0.0.112 "DELETE /v2.0/subnets/2be75803-2333-4384-8522-023b1e8ff4cc HTTP/1.1" status: 204 len: 168 time: 0.2269247
2026-05-12 17:40:50.096 10 INFO neutron.wsgi [None req-a3de153d-5914-469f-8d00-e83f2d3be6e4 80999e1d2d0f44a19aba4f90cbd22819 beece5a5ca1c42e6ae53a30d5ddb4504 - - default default] 10.0.0.112 "DELETE /v2.0/subnets/5c9f944d-6630-4c0d-a022-7501b5379e24 HTTP/1.1" status: 204 len: 168 time: 0.2510808
2026-05-12 17:40:50.330 10 INFO neutron.wsgi [None req-ac1a6b51-1c76-440a-bae9-b3e07383b277 80999e1d2d0f44a19aba4f90cbd22819 beece5a5ca1c42e6ae53a30d5ddb4504 - - default default] 10.0.0.112 "DELETE /v2.0/subnets/3e8d5087-06f1-41ba-9cf2-9da1fa85b704 HTTP/1.1" status: 204 len: 168 time: 0.2291958
2026-05-12 17:40:50.727 10 INFO neutron.services.segments.plugin [-] Segment d940cc04-aea9-4e80-a89f-2cad5b38e94f resource provider aggregate not found
2026-05-12 17:40:50.730 10 INFO neutron.services.segments.plugin [-] Segment d940cc04-aea9-4e80-a89f-2cad5b38e94f resource provider aggregate not found
2026-05-12 17:40:50.745 10 INFO neutron.services.segments.plugin [-] Segment d940cc04-aea9-4e80-a89f-2cad5b38e94f resource provider not found; error: Placement Client Error (4xx): {"errors": [{"status": 404, "title": "Not Found", "detail": "The resource could not be found.\n\n No resource provider with uuid d940cc04-aea9-4e80-a89f-2cad5b38e94f found for delete ", "request_id": "req-60782015-f7ef-4692-8c62-38dd1d37422a"}]}
2026-05-12 17:40:50.746 10 INFO neutron.services.segments.plugin [-] Segment d940cc04-aea9-4e80-a89f-2cad5b38e94f resource provider not found; error: Placement Client Error (4xx): {"errors": [{"status": 404, "title": "Not Found", "detail": "The resource could not be found.\n\n No resource provider with uuid d940cc04-aea9-4e80-a89f-2cad5b38e94f found for delete ", "request_id": "req-72a9cd79-8a3b-4fe9-ade4-18149ec9838c"}]}
2026-05-12 17:40:50.767 10 INFO neutron.wsgi [None req-8fdb64ec-ba41-4d4e-8fdc-52cee5176825 80999e1d2d0f44a19aba4f90cbd22819 beece5a5ca1c42e6ae53a30d5ddb4504 - - default default] 10.0.0.112 "DELETE /v2.0/networks/c7a35cbe-174a-4914-be5f-aa9472045872 HTTP/1.1" status: 204 len: 168 time: 0.4324965
2026-05-12 17:40:51.139 9 INFO neutron.services.segments.plugin [-] Segment 7a156186-742a-4c24-b486-5c2ff014589e resource provider aggregate not found
2026-05-12 17:40:51.145 9 INFO neutron.services.segments.plugin [-] Segment 7a156186-742a-4c24-b486-5c2ff014589e resource provider aggregate not found
2026-05-12 17:40:51.162 9 INFO neutron.services.segments.plugin [-] Segment 7a156186-742a-4c24-b486-5c2ff014589e resource provider not found; error: Placement Client Error (4xx): {"errors": [{"status": 404, "title": "Not Found", "detail": "The resource could not be found.\n\n No resource provider with uuid 7a156186-742a-4c24-b486-5c2ff014589e found for delete ", "request_id": "req-c5f95c69-c51f-463d-8aa0-7ab8065871ab"}]}
2026-05-12 17:40:51.165 9 INFO neutron.services.segments.plugin [-] Segment 7a156186-742a-4c24-b486-5c2ff014589e resource provider not found; error: Placement Client Error (4xx): {"errors": [{"status": 404, "title": "Not Found", "detail": "The resource could not be found.\n\n No resource provider with uuid 7a156186-742a-4c24-b486-5c2ff014589e found for delete ", "request_id": "req-cee6c51f-4727-4c96-9da4-259952111044"}]}
2026-05-12 17:40:51.193 9 INFO neutron.wsgi [None req-2e616476-21b7-41ae-b067-fe204436063e 80999e1d2d0f44a19aba4f90cbd22819 beece5a5ca1c42e6ae53a30d5ddb4504 - - default default] 10.0.0.112 "DELETE /v2.0/networks/a5f6b8cd-39c9-4b3e-9cb5-a152dca6ecf8 HTTP/1.1" status: 204 len: 168 time: 0.4225914
2026-05-12 17:40:51.676 10 INFO neutron.wsgi [None req-7189f3ea-4819-46f4-bcf7-b544ecd57db7 80999e1d2d0f44a19aba4f90cbd22819 beece5a5ca1c42e6ae53a30d5ddb4504 - - default default] 10.0.0.112 "DELETE /v2.0/networks/5d92a277-cffe-41d0-8538-aa09edb67f74 HTTP/1.1" status: 204 len: 168 time: 0.4765463
2026-05-12 17:40:52.051 9 INFO neutron.db.ovn_revision_numbers_db [None req-f731e533-b801-4df5-8b23-44ac6465772a 47cc16f72e9046638185cbc34bd09055 e4c9b40c70cc4d13aa8046933332264d - - default default] Successfully bumped revision number for resource 4c171e25-9951-486b-ab92-ae6f3f3f1520 (type: security_groups) to 1
2026-05-12 17:40:52.075 9 INFO neutron.db.ovn_revision_numbers_db [None req-f731e533-b801-4df5-8b23-44ac6465772a 47cc16f72e9046638185cbc34bd09055 e4c9b40c70cc4d13aa8046933332264d - - default default] Successfully bumped revision number for resource 4c4b83fd-1790-448e-8fc5-24efccfe0e21 (type: security_group_rules) to 0
2026-05-12 17:40:52.094 9 INFO neutron.db.ovn_revision_numbers_db [None req-f731e533-b801-4df5-8b23-44ac6465772a 47cc16f72e9046638185cbc34bd09055 e4c9b40c70cc4d13aa8046933332264d - - default default] Successfully bumped revision number for resource 6212bfc2-646e-495e-97dc-2b8a86ca4c39 (type: security_group_rules) to 0
2026-05-12 17:40:52.120 9 INFO neutron.db.ovn_revision_numbers_db [None req-f731e533-b801-4df5-8b23-44ac6465772a 47cc16f72e9046638185cbc34bd09055 e4c9b40c70cc4d13aa8046933332264d - - default default] Successfully bumped revision number for resource 65fe7913-6377-4b9e-9f2b-0bdc2d1d9db0 (type: security_group_rules) to 0
2026-05-12 17:40:52.137 9 INFO neutron.db.ovn_revision_numbers_db [None req-f731e533-b801-4df5-8b23-44ac6465772a 47cc16f72e9046638185cbc34bd09055 e4c9b40c70cc4d13aa8046933332264d - - default default] Successfully bumped revision number for resource bb4e105c-0e11-4623-9b83-f0f2f0220dc9 (type: security_group_rules) to 0
2026-05-12 17:40:52.159 9 INFO neutron.wsgi [None req-a4420a76-ab1f-4313-bba5-5cf4f1cdef09 80999e1d2d0f44a19aba4f90cbd22819 beece5a5ca1c42e6ae53a30d5ddb4504 - - default default] 10.0.0.112 "DELETE /v2.0/networks/6f7493a6-775b-4797-b781-d41c37b00ec0 HTTP/1.1" status: 204 len: 168 time: 0.4758382
2026-05-12 17:40:52.167 9 INFO neutron.wsgi [None req-f731e533-b801-4df5-8b23-44ac6465772a 47cc16f72e9046638185cbc34bd09055 e4c9b40c70cc4d13aa8046933332264d - - default default] 10.0.0.112 "GET /v2.0/security-groups?tenant_id=5bb6ddea024c42fd892fdb4a1ff86431&name=default HTTP/1.1" status: 200 len: 2996 time: 0.5595973
2026-05-12 17:40:52.497 10 INFO neutron.db.ovn_revision_numbers_db [None req-d238daa2-3dee-4ed8-91cd-3c87c0fa7015 47cc16f72e9046638185cbc34bd09055 e4c9b40c70cc4d13aa8046933332264d - - default default] Successfully bumped revision number for resource 414fb85e-0dfd-4af2-b306-7db2d358bafb (type: security_groups) to 1
2026-05-12 17:40:52.524 10 INFO neutron.db.ovn_revision_numbers_db [None req-d238daa2-3dee-4ed8-91cd-3c87c0fa7015 47cc16f72e9046638185cbc34bd09055 e4c9b40c70cc4d13aa8046933332264d - - default default] Successfully bumped revision number for resource 2acd2554-fb15-4d9e-96e9-346c9edbb838 (type: security_group_rules) to 0
