2026-05-12 17:41:02.170 9 INFO neutron.wsgi [None req-5d0cbb65-11bb-47ca-bda5-c624ceab7225 292eb8af59604fefaf99ff8bb1d88844 0a1126458edc4e1eae9fb4d9ce5fe69f - - default default] 10.0.0.112 "PUT /v2.0/subnets/51cbfb25-b04e-4692-9176-5fd5ca3887e4 HTTP/1.1" status: 200 len: 806 time: 0.3840573
2026-05-12 17:41:02.223 9 INFO neutron.wsgi [None req-1b926024-003b-442d-abd3-46ba127ffe01 47cc16f72e9046638185cbc34bd09055 e4c9b40c70cc4d13aa8046933332264d - - default default] 10.0.0.112 "DELETE /v2.0/security-groups/ccd3add4-1163-49d9-a5ce-37811c1910cc HTTP/1.1" status: 204 len: 168 time: 0.3091171
2026-05-12 17:41:02.573 10 WARNING neutron.scheduler.dhcp_agent_scheduler [None req-746f380f-7fb1-46ca-b8b0-577948aa3906 47cc16f72e9046638185cbc34bd09055 e4c9b40c70cc4d13aa8046933332264d - - default default] No more DHCP agents
2026-05-12 17:41:02.575 10 INFO neutron.db.ovn_revision_numbers_db [None req-11e6edf1-e3e4-4e62-a5fb-cd8e76cc1806 47cc16f72e9046638185cbc34bd09055 e4c9b40c70cc4d13aa8046933332264d - - default default] Successfully bumped revision number for resource 4188b914-ed69-442c-b889-8ccbb51b470a (type: security_groups) to 1
2026-05-12 17:41:02.577 10 WARNING neutron.api.rpc.agentnotifiers.dhcp_rpc_agent_api [None req-746f380f-7fb1-46ca-b8b0-577948aa3906 47cc16f72e9046638185cbc34bd09055 e4c9b40c70cc4d13aa8046933332264d - - default default] Unable to schedule network 91c7c4b7-9d1f-490c-8b0f-73b9bd6de455: no agents available; will retry on subsequent port and subnet creation events.
2026-05-12 17:41:02.598 10 INFO neutron.db.ovn_revision_numbers_db [None req-11e6edf1-e3e4-4e62-a5fb-cd8e76cc1806 47cc16f72e9046638185cbc34bd09055 e4c9b40c70cc4d13aa8046933332264d - - default default] Successfully bumped revision number for resource 9f60e950-37b4-40aa-a8ef-d7df1e621267 (type: security_group_rules) to 0
2026-05-12 17:41:02.619 10 INFO neutron.db.ovn_revision_numbers_db [None req-11e6edf1-e3e4-4e62-a5fb-cd8e76cc1806 47cc16f72e9046638185cbc34bd09055 e4c9b40c70cc4d13aa8046933332264d - - default default] Successfully bumped revision number for resource a68ad392-4136-434c-89e8-1d0f7a712928 (type: security_group_rules) to 0
2026-05-12 17:41:02.641 10 INFO neutron.db.ovn_revision_numbers_db [None req-11e6edf1-e3e4-4e62-a5fb-cd8e76cc1806 47cc16f72e9046638185cbc34bd09055 e4c9b40c70cc4d13aa8046933332264d - - default default] Successfully bumped revision number for resource c569ded6-e6f2-4c46-812c-4525a212bc72 (type: security_group_rules) to 0
2026-05-12 17:41:02.660 10 INFO neutron.db.ovn_revision_numbers_db [None req-11e6edf1-e3e4-4e62-a5fb-cd8e76cc1806 47cc16f72e9046638185cbc34bd09055 e4c9b40c70cc4d13aa8046933332264d - - default default] Successfully bumped revision number for resource d378e15d-453e-495d-bede-bdd4720fcfc7 (type: security_group_rules) to 0
2026-05-12 17:41:02.695 10 INFO neutron.wsgi [None req-11e6edf1-e3e4-4e62-a5fb-cd8e76cc1806 47cc16f72e9046638185cbc34bd09055 e4c9b40c70cc4d13aa8046933332264d - - default default] 10.0.0.112 "GET /v2.0/security-groups?tenant_id=785bf949a45447e09147fe39cc18fe9d&name=default HTTP/1.1" status: 200 len: 2996 time: 0.3217039
2026-05-12 17:41:02.740 9 INFO neutron.services.segments.plugin [-] Segment 404b88fa-ff93-44f3-b342-2c8770b5ecfd resource provider aggregate not found
2026-05-12 17:41:02.747 9 INFO neutron.services.segments.plugin [-] Segment 404b88fa-ff93-44f3-b342-2c8770b5ecfd resource provider aggregate not found
2026-05-12 17:41:02.755 9 INFO neutron.services.segments.plugin [-] Segment 404b88fa-ff93-44f3-b342-2c8770b5ecfd resource provider not found; error: Placement Client Error (4xx): {"errors": [{"status": 404, "title": "Not Found", "detail": "The resource could not be found.\n\n No resource provider with uuid 404b88fa-ff93-44f3-b342-2c8770b5ecfd found for delete ", "request_id": "req-2f4d4f8f-0d91-41b1-986f-49e87c79bce8"}]}
2026-05-12 17:41:02.761 9 INFO neutron.services.segments.plugin [-] Segment 404b88fa-ff93-44f3-b342-2c8770b5ecfd resource provider not found; error: Placement Client Error (4xx): {"errors": [{"status": 404, "title": "Not Found", "detail": "The resource could not be found.\n\n No resource provider with uuid 404b88fa-ff93-44f3-b342-2c8770b5ecfd found for delete ", "request_id": "req-c37b3db6-97fa-4108-a356-ef94b7ccb4ce"}]}
2026-05-12 17:41:02.777 10 INFO neutron.db.ovn_revision_numbers_db [None req-746f380f-7fb1-46ca-b8b0-577948aa3906 47cc16f72e9046638185cbc34bd09055 e4c9b40c70cc4d13aa8046933332264d - - default default] Successfully bumped revision number for resource c66466ba-e311-4a54-82fb-38cb40bc8533 (type: ports) to 1
2026-05-12 17:41:02.804 9 INFO neutron.wsgi [None req-3ff1ae39-4eac-480b-8411-8a4b66406d27 292eb8af59604fefaf99ff8bb1d88844 0a1126458edc4e1eae9fb4d9ce5fe69f - - default default] 10.0.0.112 "DELETE /v2.0/networks/7a685a30-cadc-4b8a-a087-9afbda712ad5 HTTP/1.1" status: 204 len: 168 time: 0.6265242
2026-05-12 17:41:02.824 10 INFO neutron.pecan_wsgi.hooks.translation [None req-a80ce534-36c5-419a-8c26-aa6d0b038dca 292eb8af59604fefaf99ff8bb1d88844 0a1126458edc4e1eae9fb4d9ce5fe69f - - default default] DELETE failed (client error): The resource could not be found.
2026-05-12 17:41:02.826 10 INFO neutron.wsgi [None req-a80ce534-36c5-419a-8c26-aa6d0b038dca 292eb8af59604fefaf99ff8bb1d88844 0a1126458edc4e1eae9fb4d9ce5fe69f - - default default] 10.0.0.112 "DELETE /v2.0/networks/7a685a30-cadc-4b8a-a087-9afbda712ad5 HTTP/1.1" status: 404 len: 339 time: 0.0148025
2026-05-12 17:41:02.944 9 INFO neutron.wsgi [None req-90e36631-c0b9-4683-892f-f39dd8501a5b 292eb8af59604fefaf99ff8bb1d88844 0a1126458edc4e1eae9fb4d9ce5fe69f - - default default] 10.0.0.112 "GET /v2.0/networks?router%3Aexternal=True HTTP/1.1" status: 200 len: 845 time: 0.1112177
2026-05-12 17:41:02.993 9 INFO neutron.wsgi [None req-d3763050-abee-466b-9dc1-2c7a30afca61 292eb8af59604fefaf99ff8bb1d88844 0a1126458edc4e1eae9fb4d9ce5fe69f - - default default] 10.0.0.112 "GET /v2.0/subnets?network_id=91c7c4b7-9d1f-490c-8b0f-73b9bd6de455 HTTP/1.1" status: 200 len: 820 time: 0.0436308
2026-05-12 17:41:03.002 9 INFO neutron.wsgi [None req-55152b2d-2cd8-4443-913d-123d8f260b3c 292eb8af59604fefaf99ff8bb1d88844 0a1126458edc4e1eae9fb4d9ce5fe69f - - default default] 10.0.0.112 "GET /v2.0/extensions HTTP/1.1" status: 200 len: 16975 time: 0.0044539
2026-05-12 17:41:03.090 9 INFO neutron.wsgi [None req-62b25204-2932-46d0-90dc-9b492b7b80ad 292eb8af59604fefaf99ff8bb1d88844 0a1126458edc4e1eae9fb4d9ce5fe69f - - default default] 10.0.0.112 "GET /v2.0/networks HTTP/1.1" status: 200 len: 1502 time: 0.0827239
2026-05-12 17:41:03.097 10 INFO neutron.wsgi [None req-f8f9b5f5-fbd7-4a76-bc71-555842939bcb 47cc16f72e9046638185cbc34bd09055 e4c9b40c70cc4d13aa8046933332264d - - default default] 10.0.0.112 "DELETE /v2.0/security-groups/4188b914-ed69-442c-b889-8ccbb51b470a HTTP/1.1" status: 204 len: 168 time: 0.3964820
2026-05-12 17:41:03.136 9 INFO neutron.wsgi [None req-e774b269-182c-4561-89b0-3c0524bdef90 292eb8af59604fefaf99ff8bb1d88844 0a1126458edc4e1eae9fb4d9ce5fe69f - - default default] 10.0.0.112 "GET /v2.0/subnets HTTP/1.1" status: 200 len: 1428 time: 0.0388963
2026-05-12 17:41:03.195 9 INFO neutron.wsgi [None req-c647dcf6-1063-44a8-a6b6-6f66d8e983e5 292eb8af59604fefaf99ff8bb1d88844 0a1126458edc4e1eae9fb4d9ce5fe69f - - default default] 10.0.0.112 "GET /v2.0/networks/dedea989-d186-4931-9e27-fec4c4f2ecdb HTTP/1.1" status: 200 len: 861 time: 0.0543969
2026-05-12 17:41:03.233 9 INFO neutron.wsgi [None req-8ed48566-d66f-4973-9b1c-db86081acf56 292eb8af59604fefaf99ff8bb1d88844 0a1126458edc4e1eae9fb4d9ce5fe69f - - default default] 10.0.0.112 "GET /v2.0/subnets/a46b4ab4-50ab-4660-84e1-d2d61fb37a24 HTTP/1.1" status: 200 len: 811 time: 0.0285645
2026-05-12 17:41:03.259 9 INFO neutron.pecan_wsgi.hooks.translation [None req-6d13f8b5-bc4b-46db-ab59-e60e0cf91535 292eb8af59604fefaf99ff8bb1d88844 0a1126458edc4e1eae9fb4d9ce5fe69f - - default default] DELETE failed (client error): The resource could not be found.
2026-05-12 17:41:03.261 9 INFO neutron.wsgi [None req-6d13f8b5-bc4b-46db-ab59-e60e0cf91535 292eb8af59604fefaf99ff8bb1d88844 0a1126458edc4e1eae9fb4d9ce5fe69f - - default default] 10.0.0.112 "DELETE /v2.0/subnets/51cbfb25-b04e-4692-9176-5fd5ca3887e4 HTTP/1.1" status: 404 len: 337 time: 0.0195839
2026-05-12 17:41:03.292 10 INFO neutron.pecan_wsgi.hooks.translation [None req-987bec6c-3da1-49ef-bdb7-5d907ccfab8e 292eb8af59604fefaf99ff8bb1d88844 0a1126458edc4e1eae9fb4d9ce5fe69f - - default default] DELETE failed (client error): The resource could not be found.
2026-05-12 17:41:03.294 10 INFO neutron.wsgi [None req-987bec6c-3da1-49ef-bdb7-5d907ccfab8e 292eb8af59604fefaf99ff8bb1d88844 0a1126458edc4e1eae9fb4d9ce5fe69f - - default default] 10.0.0.112 "DELETE /v2.0/networks/7a685a30-cadc-4b8a-a087-9afbda712ad5 HTTP/1.1" status: 404 len: 339 time: 0.0288723
2026-05-12 17:41:03.310 10 INFO neutron.db.ovn_revision_numbers_db [None req-c3d777dc-3e5b-43e3-8b75-2b9ade81d35e 47cc16f72e9046638185cbc34bd09055 e4c9b40c70cc4d13aa8046933332264d - - default default] Successfully bumped revision number for resource 761c94b0-125c-4878-86cc-082dde88a154 (type: security_groups) to 1
2026-05-12 17:41:03.325 10 INFO neutron.db.ovn_revision_numbers_db [None req-c3d777dc-3e5b-43e3-8b75-2b9ade81d35e 47cc16f72e9046638185cbc34bd09055 e4c9b40c70cc4d13aa8046933332264d - - default default] Successfully bumped revision number for resource 55a53ae9-c47d-4615-83f3-8db0c145f54f (type: security_group_rules) to 0
2026-05-12 17:41:03.341 10 INFO neutron.db.ovn_revision_numbers_db [None req-c3d777dc-3e5b-43e3-8b75-2b9ade81d35e 47cc16f72e9046638185cbc34bd09055 e4c9b40c70cc4d13aa8046933332264d - - default default] Successfully bumped revision number for resource 6021fb28-f0bf-4803-ac38-fc8faf4172a7 (type: security_group_rules) to 0
2026-05-12 17:41:03.365 10 INFO neutron.db.ovn_revision_numbers_db [None req-c3d777dc-3e5b-43e3-8b75-2b9ade81d35e 47cc16f72e9046638185cbc34bd09055 e4c9b40c70cc4d13aa8046933332264d - - default default] Successfully bumped revision number for resource 8b8ef534-ced1-4b81-8877-2ca05ef2727c (type: security_group_rules) to 0
2026-05-12 17:41:03.382 10 INFO neutron.db.ovn_revision_numbers_db [None req-c3d777dc-3e5b-43e3-8b75-2b9ade81d35e 47cc16f72e9046638185cbc34bd09055 e4c9b40c70cc4d13aa8046933332264d - - default default] Successfully bumped revision number for resource cb7823ff-e783-43cd-9161-9c2aca1820ee (type: security_group_rules) to 0
2026-05-12 17:41:03.413 10 INFO neutron.plugins.ml2.drivers.ovn.mech_driver.mech_driver [None req-dccbfcc7-2f93-4273-bcec-7377bf79d4cc - - - - - -] OVN reports status up for port: c66466ba-e311-4a54-82fb-38cb40bc8533
2026-05-12 17:41:03.415 10 INFO neutron.wsgi [None req-c3d777dc-3e5b-43e3-8b75-2b9ade81d35e 47cc16f72e9046638185cbc34bd09055 e4c9b40c70cc4d13aa8046933332264d - - default default] 10.0.0.112 "GET /v2.0/security-groups?tenant_id=128515b471ff42368f92b2e632878b4a&name=default HTTP/1.1" status: 200 len: 2996 time: 0.5049555
2026-05-12 17:41:03.431 10 INFO neutron.plugins.ml2.drivers.ovn.mech_driver.ovsdb.ovsdb_monitor [None req-53618408-f57a-42ad-9e76-fb822fc50b4e - - - - - -] Router eb1c26f9-97da-452d-a940-917c97085799 is bound to host instance
2026-05-12 17:41:03.453 10 INFO neutron.plugins.ml2.plugin [None req-dccbfcc7-2f93-4273-bcec-7377bf79d4cc - - - - - -] Attempt 1 to provision port c66466ba-e311-4a54-82fb-38cb40bc8533
2026-05-12 17:41:03.493 10 INFO neutron.db.ovn_revision_numbers_db [None req-746f380f-7fb1-46ca-b8b0-577948aa3906 47cc16f72e9046638185cbc34bd09055 e4c9b40c70cc4d13aa8046933332264d - - default default] Successfully bumped revision number for resource c66466ba-e311-4a54-82fb-38cb40bc8533 (type: router_ports) to 1
2026-05-12 17:41:03.537 9 INFO neutron.wsgi [None req-557bdcf5-7121-491a-9165-3a9bade9834e 292eb8af59604fefaf99ff8bb1d88844 0a1126458edc4e1eae9fb4d9ce5fe69f - - default default] 10.0.0.112 "DELETE /v2.0/subnets/a46b4ab4-50ab-4660-84e1-d2d61fb37a24 HTTP/1.1" status: 204 len: 168 time: 0.2395482
2026-05-12 17:41:03.641 10 INFO neutron.db.ovn_revision_numbers_db [None req-746f380f-7fb1-46ca-b8b0-577948aa3906 47cc16f72e9046638185cbc34bd09055 e4c9b40c70cc4d13aa8046933332264d - - default default] Successfully bumped revision number for resource eb1c26f9-97da-452d-a940-917c97085799 (type: routers) to 2
2026-05-12 17:41:03.657 10 INFO neutron.wsgi [None req-746f380f-7fb1-46ca-b8b0-577948aa3906 47cc16f72e9046638185cbc34bd09055 e4c9b40c70cc4d13aa8046933332264d - - default default] 10.0.0.112 "POST /v2.0/routers HTTP/1.1" status: 201 len: 873 time: 1.5840611
2026-05-12 17:41:03.917 9 INFO neutron.wsgi [None req-cb9ddc63-0725-4798-abee-6cdbeb04b830 47cc16f72e9046638185cbc34bd09055 e4c9b40c70cc4d13aa8046933332264d - - default default] 10.0.0.112 "DELETE /v2.0/security-groups/761c94b0-125c-4878-86cc-082dde88a154 HTTP/1.1" status: 204 len: 168 time: 0.4920151
2026-05-12 17:41:04.131 9 INFO neutron.wsgi [None req-f5d3b9d6-af5c-445d-977b-e2c6a39e2367 292eb8af59604fefaf99ff8bb1d88844 0a1126458edc4e1eae9fb4d9ce5fe69f - - default default] 10.0.0.112 "DELETE /v2.0/networks/dedea989-d186-4931-9e27-fec4c4f2ecdb HTTP/1.1" status: 204 len: 168 time: 0.5814850
2026-05-12 17:41:04.259 10 INFO neutron.db.ovn_revision_numbers_db [None req-53618408-f57a-42ad-9e76-fb822fc50b4e - - - - - -] Successfully bumped revision number for resource c66466ba-e311-4a54-82fb-38cb40bc8533 (type: ports) to 1
2026-05-12 17:41:04.405 10 WARNING neutron.scheduler.dhcp_agent_scheduler [None req-2c0d6c31-122e-4885-923b-db01369083da 47cc16f72e9046638185cbc34bd09055 e4c9b40c70cc4d13aa8046933332264d - - default default] No more DHCP agents
2026-05-12 17:41:04.409 10 WARNING neutron.api.rpc.agentnotifiers.dhcp_rpc_agent_api [None req-2c0d6c31-122e-4885-923b-db01369083da 47cc16f72e9046638185cbc34bd09055 e4c9b40c70cc4d13aa8046933332264d - - default default] Unable to schedule network 9ad98d12-7b35-495e-a418-b8b2bb3bbad8: no agents available; will retry on subsequent port and subnet creation events.
2026-05-12 17:41:04.530 10 INFO neutron.db.ovn_revision_numbers_db [None req-53618408-f57a-42ad-9e76-fb822fc50b4e - - - - - -] Successfully bumped revision number for resource c66466ba-e311-4a54-82fb-38cb40bc8533 (type: router_ports) to 3
2026-05-12 17:41:04.644 10 INFO neutron.db.ovn_revision_numbers_db [None req-2c0d6c31-122e-4885-923b-db01369083da 47cc16f72e9046638185cbc34bd09055 e4c9b40c70cc4d13aa8046933332264d - - default default] Successfully bumped revision number for resource d6e0ec16-ab68-49e5-beca-20aefffbf412 (type: ports) to 1
2026-05-12 17:41:04.726 10 INFO neutron.db.ovn_revision_numbers_db [None req-53618408-f57a-42ad-9e76-fb822fc50b4e - - - - - -] Successfully bumped revision number for resource c66466ba-e311-4a54-82fb-38cb40bc8533 (type: ports) to 2
2026-05-12 17:41:04.787 9 INFO neutron.services.segments.plugin [-] Segment a994cfbd-7c88-4ba9-8cad-46c6f7e3e572 resource provider aggregate not found
2026-05-12 17:41:04.794 9 INFO neutron.services.segments.plugin [-] Segment a994cfbd-7c88-4ba9-8cad-46c6f7e3e572 resource provider aggregate not found
2026-05-12 17:41:04.815 9 INFO neutron.services.segments.plugin [-] Segment a994cfbd-7c88-4ba9-8cad-46c6f7e3e572 resource provider not found; error: Placement Client Error (4xx): {"errors": [{"status": 404, "title": "Not Found", "detail": "The resource could not be found.\n\n No resource provider with uuid a994cfbd-7c88-4ba9-8cad-46c6f7e3e572 found for delete ", "request_id": "req-0801ef1b-1cc4-468c-83ff-d966413c99e8"}]}
2026-05-12 17:41:04.817 9 INFO neutron.services.segments.plugin [-] Segment a994cfbd-7c88-4ba9-8cad-46c6f7e3e572 resource provider not found; error: Placement Client Error (4xx): {"errors": [{"status": 404, "title": "Not Found", "detail": "The resource could not be found.\n\n No resource provider with uuid a994cfbd-7c88-4ba9-8cad-46c6f7e3e572 found for delete ", "request_id": "req-0ee38ace-6ae1-4eda-b5cb-ce7652b33a70"}]}
2026-05-12 17:41:05.007 10 INFO neutron.wsgi [None req-e772191c-1ce7-4e5a-887b-b00e1d057c12 47cc16f72e9046638185cbc34bd09055 e4c9b40c70cc4d13aa8046933332264d - - default default] 10.0.0.112 "GET /v2.0/security-groups?tenant_id=0a1126458edc4e1eae9fb4d9ce5fe69f&name=default HTTP/1.1" status: 200 len: 2996 time: 0.3196323
2026-05-12 17:41:05.057 10 INFO neutron.db.ovn_revision_numbers_db [None req-53618408-f57a-42ad-9e76-fb822fc50b4e - - - - - -] Successfully bumped revision number for resource c66466ba-e311-4a54-82fb-38cb40bc8533 (type: ports) to 4
2026-05-12 17:41:05.138 9 INFO neutron.plugins.ml2.drivers.ovn.mech_driver.mech_driver [None req-a859fdc7-1ecc-4a3c-96bf-971a0d1b1f65 - - - - - -] OVN reports status up for port: d6e0ec16-ab68-49e5-beca-20aefffbf412
2026-05-12 17:41:05.150 9 INFO neutron.plugins.ml2.plugin [None req-a859fdc7-1ecc-4a3c-96bf-971a0d1b1f65 - - - - - -] Attempt 1 to provision port d6e0ec16-ab68-49e5-beca-20aefffbf412
2026-05-12 17:41:05.232 9 INFO neutron.wsgi [None req-8a84d8d0-b132-4c1e-b27d-b62eb8447eac 47cc16f72e9046638185cbc34bd09055 e4c9b40c70cc4d13aa8046933332264d - - default default] 10.0.0.112 "DELETE /v2.0/security-groups/d6d62a63-d53c-4830-9498-b12e7c54984a HTTP/1.1" status: 204 len: 168 time: 0.2208686
2026-05-12 17:41:05.384 10 INFO neutron.db.ovn_revision_numbers_db [None req-2c0d6c31-122e-4885-923b-db01369083da 47cc16f72e9046638185cbc34bd09055 e4c9b40c70cc4d13aa8046933332264d - - default default] Successfully bumped revision number for resource d6e0ec16-ab68-49e5-beca-20aefffbf412 (type: router_ports) to 1
2026-05-12 17:41:05.426 9 INFO neutron.db.ovn_revision_numbers_db [None req-a859fdc7-1ecc-4a3c-96bf-971a0d1b1f65 - - - - - -] Successfully bumped revision number for resource d6e0ec16-ab68-49e5-beca-20aefffbf412 (type: ports) to 2
2026-05-12 17:41:05.503 9 INFO neutron.db.ovn_revision_numbers_db [None req-a859fdc7-1ecc-4a3c-96bf-971a0d1b1f65 - - - - - -] Successfully bumped revision number for resource d6e0ec16-ab68-49e5-beca-20aefffbf412 (type: router_ports) to 2
2026-05-12 17:41:05.522 10 INFO neutron.db.ovn_revision_numbers_db [None req-53618408-f57a-42ad-9e76-fb822fc50b4e - - - - - -] Successfully bumped revision number for resource c66466ba-e311-4a54-82fb-38cb40bc8533 (type: router_ports) to 4
2026-05-12 17:41:05.562 10 ERROR ovsdbapp.backend.ovs_idl.transaction [None req-2c0d6c31-122e-4885-923b-db01369083da 47cc16f72e9046638185cbc34bd09055 e4c9b40c70cc4d13aa8046933332264d - - default default]
Traceback (most recent call last): File "/var/lib/openstack/lib/python3.10/site-packages/ovsdbapp/backend/ovs_idl/connection.py", line 118, in run txn.results.put(txn.do_commit())
File "/var/lib/openstack/lib/python3.10/site-packages/ovsdbapp/backend/ovs_idl/transaction.py", line 92, in do_commit command.run_idl(txn)
File "/var/lib/openstack/lib/python3.10/site-packages/neutron/plugins/ml2/drivers/ovn/mech_driver/ovsdb/commands.py", line 823, in run_idl raise ovn_exc.RevisionConflict( neutron.common.ovn.exceptions.RevisionConflict: OVN revision number for d6e0ec16-ab68-49e5-beca-20aefffbf412 (type: ports) is higher than the given resource. Skipping update 
2026-05-12 17:41:05.562 10 INFO neutron.plugins.ml2.drivers.ovn.mech_driver.ovsdb.impl_idl_ovn [None req-2c0d6c31-122e-4885-923b-db01369083da 47cc16f72e9046638185cbc34bd09055 e4c9b40c70cc4d13aa8046933332264d - - default default] Transaction aborted. Reason: OVN revision number for d6e0ec16-ab68-49e5-beca-20aefffbf412 (type: ports) is higher than the given resource. Skipping update
2026-05-12 17:41:05.633 10 WARNING neutron.scheduler.dhcp_agent_scheduler [None req-2c0d6c31-122e-4885-923b-db01369083da 47cc16f72e9046638185cbc34bd09055 e4c9b40c70cc4d13aa8046933332264d - - default default] No more DHCP agents
2026-05-12 17:41:05.634 10 WARNING neutron.api.rpc.agentnotifiers.dhcp_rpc_agent_api [None req-2c0d6c31-122e-4885-923b-db01369083da 47cc16f72e9046638185cbc34bd09055 e4c9b40c70cc4d13aa8046933332264d - - default default] Unable to schedule network 9ad98d12-7b35-495e-a418-b8b2bb3bbad8: no agents available; will retry on subsequent port and subnet creation events.
2026-05-12 17:41:06.018 10 INFO neutron.db.ovn_revision_numbers_db [None req-2c0d6c31-122e-4885-923b-db01369083da 47cc16f72e9046638185cbc34bd09055 e4c9b40c70cc4d13aa8046933332264d - - default default] Successfully bumped revision number for resource d6e0ec16-ab68-49e5-beca-20aefffbf412 (type: router_ports) to 2
2026-05-12 17:41:06.021 10 INFO neutron.wsgi [None req-2c0d6c31-122e-4885-923b-db01369083da 47cc16f72e9046638185cbc34bd09055 e4c9b40c70cc4d13aa8046933332264d - - default default] 10.0.0.112 "PUT /v2.0/routers/eb1c26f9-97da-452d-a940-917c97085799/add_router_interface HTTP/1.1" status: 200 len: 503 time: 2.2063015
2026-05-12 17:41:07.212 10 WARNING neutron_lib.context [None req-4e2dd22a-801b-4ca0-b7fe-49b73ef93d18 b20152eaf429428f8631e8fa757a3251 745ab80c0d2c45959a2b7a1c6b8acc08 - - default default] Method 'is_advsvc' is deprecated since 2023.2 release (neutron-lib 3.8.0) and will be removed once support for the old RBAC API policies will be removed from Neutron. Please use method 'is_service_role' instead.
2026-05-12 17:41:07.299 9 WARNING neutron_lib.context [None req-2545ca87-84a9-4111-8bee-bcf3a74b61c7 74c5035599fa4f109166b4cca8ad39b9 dd67881976434c5ca7db2bcbb35a873b - - default default] Method 'is_advsvc' is deprecated since 2023.2 release (neutron-lib 3.8.0) and will be removed once support for the old RBAC API policies will be removed from Neutron. Please use method 'is_service_role' instead.
2026-05-12 17:41:07.339 10 INFO neutron.db.ovn_revision_numbers_db [None req-4e2dd22a-801b-4ca0-b7fe-49b73ef93d18 b20152eaf429428f8631e8fa757a3251 745ab80c0d2c45959a2b7a1c6b8acc08 - - default default] Successfully bumped revision number for resource fc548c91-49a8-4552-a54c-23a33ecbd217 (type: security_groups) to 1
2026-05-12 17:41:07.355 10 INFO neutron.db.ovn_revision_numbers_db [None req-4e2dd22a-801b-4ca0-b7fe-49b73ef93d18 b20152eaf429428f8631e8fa757a3251 745ab80c0d2c45959a2b7a1c6b8acc08 - - default default] Successfully bumped revision number for resource 405c6226-0632-402d-81d0-0792435097df (type: security_group_rules) to 0
2026-05-12 17:41:07.369 10 INFO neutron.db.ovn_revision_numbers_db [None req-4e2dd22a-801b-4ca0-b7fe-49b73ef93d18 b20152eaf429428f8631e8fa757a3251 745ab80c0d2c45959a2b7a1c6b8acc08 - - default default] Successfully bumped revision number for resource 6ced6b72-d902-4b11-b4e0-09777e54a143 (type: security_group_rules) to 0
2026-05-12 17:41:07.392 10 INFO neutron.db.ovn_revision_numbers_db [None req-4e2dd22a-801b-4ca0-b7fe-49b73ef93d18 b20152eaf429428f8631e8fa757a3251 745ab80c0d2c45959a2b7a1c6b8acc08 - - default default] Successfully bumped revision number for resource 9f7c68dc-7011-4445-b949-ec7bb648a603 (type: security_group_rules) to 0
2026-05-12 17:41:07.408 10 INFO neutron.db.ovn_revision_numbers_db [None req-4e2dd22a-801b-4ca0-b7fe-49b73ef93d18 b20152eaf429428f8631e8fa757a3251 745ab80c0d2c45959a2b7a1c6b8acc08 - - default default] Successfully bumped revision number for resource a21b5fb5-1500-493f-ab0f-fba53a036ad4 (type: security_group_rules) to 0
2026-05-12 17:41:07.424 9 INFO neutron.db.ovn_revision_numbers_db [None req-2545ca87-84a9-4111-8bee-bcf3a74b61c7 74c5035599fa4f109166b4cca8ad39b9 dd67881976434c5ca7db2bcbb35a873b - - default default] Successfully bumped revision number for resource 9d6de9b0-0b36-40d3-851a-7802cdd25a58 (type: security_groups) to 1
2026-05-12 17:41:07.436 9 INFO neutron.db.ovn_revision_numbers_db [None req-2545ca87-84a9-4111-8bee-bcf3a74b61c7 74c5035599fa4f109166b4cca8ad39b9 dd67881976434c5ca7db2bcbb35a873b - - default default] Successfully bumped revision number for resource 1d6b8c65-7205-40b2-9805-21acdb54bf17 (type: security_group_rules) to 0
2026-05-12 17:41:07.450 9 INFO neutron.db.ovn_revision_numbers_db [None req-2545ca87-84a9-4111-8bee-bcf3a74b61c7 74c5035599fa4f109166b4cca8ad39b9 dd67881976434c5ca7db2bcbb35a873b - - default default] Successfully bumped revision number for resource 3cf5d0eb-e997-4052-af7d-bc6c7cb1a5bb (type: security_group_rules) to 0
2026-05-12 17:41:07.455 10 INFO neutron.db.segments_db [None req-4e2dd22a-801b-4ca0-b7fe-49b73ef93d18 b20152eaf429428f8631e8fa757a3251 745ab80c0d2c45959a2b7a1c6b8acc08 - - default default] Added segment 2e7a6b44-8d15-46f2-a2f8-b831e6333098 of type geneve for network 88c8bfe1-a9d6-49fc-929a-56cc40f54e32
2026-05-12 17:41:07.467 9 INFO neutron.db.ovn_revision_numbers_db [None req-2545ca87-84a9-4111-8bee-bcf3a74b61c7 74c5035599fa4f109166b4cca8ad39b9 dd67881976434c5ca7db2bcbb35a873b - - default default] Successfully bumped revision number for resource 999024b9-0fa6-4fa8-8b06-6a736d733074 (type: security_group_rules) to 0
2026-05-12 17:41:07.481 9 INFO neutron.db.ovn_revision_numbers_db [None req-2545ca87-84a9-4111-8bee-bcf3a74b61c7 74c5035599fa4f109166b4cca8ad39b9 dd67881976434c5ca7db2bcbb35a873b - - default default] Successfully bumped revision number for resource b5feb113-7c8d-48f3-84ea-fdea41ad7464 (type: security_group_rules) to 0
2026-05-12 17:41:07.554 9 INFO neutron.db.segments_db [None req-2545ca87-84a9-4111-8bee-bcf3a74b61c7 74c5035599fa4f109166b4cca8ad39b9 dd67881976434c5ca7db2bcbb35a873b - - default default] Added segment a5ebdcda-034c-4e77-b79e-7001c3ae5416 of type geneve for network 5c19a5be-d5b1-4586-8b97-ebd9773dd5bd
2026-05-12 17:41:07.618 10 INFO neutron.db.ovn_revision_numbers_db [None req-4e2dd22a-801b-4ca0-b7fe-49b73ef93d18 b20152eaf429428f8631e8fa757a3251 745ab80c0d2c45959a2b7a1c6b8acc08 - - default default] Successfully bumped revision number for resource 88c8bfe1-a9d6-49fc-929a-56cc40f54e32 (type: networks) to 1
2026-05-12 17:41:07.704 9 INFO neutron.db.ovn_revision_numbers_db [None req-2545ca87-84a9-4111-8bee-bcf3a74b61c7 74c5035599fa4f109166b4cca8ad39b9 dd67881976434c5ca7db2bcbb35a873b - - default default] Successfully bumped revision number for resource 5c19a5be-d5b1-4586-8b97-ebd9773dd5bd (type: networks) to 1
2026-05-12 17:41:07.799 10 WARNING neutron.scheduler.dhcp_agent_scheduler [None req-4e2dd22a-801b-4ca0-b7fe-49b73ef93d18 b20152eaf429428f8631e8fa757a3251 745ab80c0d2c45959a2b7a1c6b8acc08 - - default default] No more DHCP agents
2026-05-12 17:41:07.801 10 WARNING neutron.api.rpc.agentnotifiers.dhcp_rpc_agent_api [None req-4e2dd22a-801b-4ca0-b7fe-49b73ef93d18 b20152eaf429428f8631e8fa757a3251 745ab80c0d2c45959a2b7a1c6b8acc08 - - default default] Unable to schedule network 88c8bfe1-a9d6-49fc-929a-56cc40f54e32: no agents available; will retry on subsequent port and subnet creation events.
2026-05-12 17:41:07.897 10 INFO neutron.db.ovn_revision_numbers_db [None req-4e2dd22a-801b-4ca0-b7fe-49b73ef93d18 b20152eaf429428f8631e8fa757a3251 745ab80c0d2c45959a2b7a1c6b8acc08 - - default default] Successfully bumped revision number for resource 59f41209-3d77-46e6-9fb3-b02ddb5c2c3d (type: ports) to 1
2026-05-12 17:41:07.903 9 WARNING neutron.scheduler.dhcp_agent_scheduler [None req-2545ca87-84a9-4111-8bee-bcf3a74b61c7 74c5035599fa4f109166b4cca8ad39b9 dd67881976434c5ca7db2bcbb35a873b - - default default] No more DHCP agents
2026-05-12 17:41:07.905 9 WARNING neutron.api.rpc.agentnotifiers.dhcp_rpc_agent_api [None req-2545ca87-84a9-4111-8bee-bcf3a74b61c7 74c5035599fa4f109166b4cca8ad39b9 dd67881976434c5ca7db2bcbb35a873b - - default default] Unable to schedule network 5c19a5be-d5b1-4586-8b97-ebd9773dd5bd: no agents available; will retry on subsequent port and subnet creation events.
2026-05-12 17:41:07.923 10 INFO neutron.wsgi [None req-4e2dd22a-801b-4ca0-b7fe-49b73ef93d18 b20152eaf429428f8631e8fa757a3251 745ab80c0d2c45959a2b7a1c6b8acc08 - - default default] 10.0.0.112 "POST /v2.0/networks HTTP/1.1" status: 201 len: 833 time: 0.8794718
2026-05-12 17:41:07.933 10 WARNING neutron_lib.context [None req-8b5f55f9-384a-4e69-9393-b9423f3bbdaf b20152eaf429428f8631e8fa757a3251 745ab80c0d2c45959a2b7a1c6b8acc08 - - default default] Method 'is_advsvc' is deprecated since 2023.2 release (neutron-lib 3.8.0) and will be removed once support for the old RBAC API policies will be removed from Neutron. Please use method 'is_service_role' instead.
2026-05-12 17:41:07.995 9 INFO neutron.db.ovn_revision_numbers_db [None req-2545ca87-84a9-4111-8bee-bcf3a74b61c7 74c5035599fa4f109166b4cca8ad39b9 dd67881976434c5ca7db2bcbb35a873b - - default default] Successfully bumped revision number for resource de84956a-7edf-45ce-b8c8-6e3041beb7fe (type: ports) to 1
2026-05-12 17:41:08.015 9 INFO neutron.wsgi [None req-2545ca87-84a9-4111-8bee-bcf3a74b61c7 74c5035599fa4f109166b4cca8ad39b9 dd67881976434c5ca7db2bcbb35a873b - - default default] 10.0.0.112 "POST /v2.0/networks HTTP/1.1" status: 201 len: 830 time: 0.7720735
2026-05-12 17:41:08.025 9 WARNING neutron_lib.context [None req-ded4e10f-113a-4e72-94af-139c9dc617d2 74c5035599fa4f109166b4cca8ad39b9 dd67881976434c5ca7db2bcbb35a873b - - default default] Method 'is_advsvc' is deprecated since 2023.2 release (neutron-lib 3.8.0) and will be removed once support for the old RBAC API policies will be removed from Neutron. Please use method 'is_service_role' instead.
2026-05-12 17:41:08.035 10 INFO neutron.db.segments_db [None req-8b5f55f9-384a-4e69-9393-b9423f3bbdaf b20152eaf429428f8631e8fa757a3251 745ab80c0d2c45959a2b7a1c6b8acc08 - - default default] Added segment 8eed008c-313f-4cd1-9f69-4bdff1c8ba45 of type geneve for network c65d824d-6d48-4a5e-acc3-aef62bfb1c14
2026-05-12 17:41:08.193 10 INFO neutron.db.ovn_revision_numbers_db [None req-8b5f55f9-384a-4e69-9393-b9423f3bbdaf b20152eaf429428f8631e8fa757a3251 745ab80c0d2c45959a2b7a1c6b8acc08 - - default default] Successfully bumped revision number for resource c65d824d-6d48-4a5e-acc3-aef62bfb1c14 (type: networks) to 1
2026-05-12 17:41:08.249 9 WARNING neutron.scheduler.dhcp_agent_scheduler [None req-ded4e10f-113a-4e72-94af-139c9dc617d2 74c5035599fa4f109166b4cca8ad39b9 dd67881976434c5ca7db2bcbb35a873b - - default default] No more DHCP agents
2026-05-12 17:41:08.252 9 WARNING neutron.api.rpc.agentnotifiers.dhcp_rpc_agent_api [None req-ded4e10f-113a-4e72-94af-139c9dc617d2 74c5035599fa4f109166b4cca8ad39b9 dd67881976434c5ca7db2bcbb35a873b - - default default] Unable to schedule network 5c19a5be-d5b1-4586-8b97-ebd9773dd5bd: no agents available; will retry on subsequent port and subnet creation events.
2026-05-12 17:41:08.331 9 INFO neutron.db.ovn_revision_numbers_db [None req-ded4e10f-113a-4e72-94af-139c9dc617d2 74c5035599fa4f109166b4cca8ad39b9 dd67881976434c5ca7db2bcbb35a873b - - default default] Successfully bumped revision number for resource 9261f8ec-f0df-449b-8cf5-d778f1e41c02 (type: ports) to 1
2026-05-12 17:41:08.352 9 INFO neutron.wsgi [None req-ded4e10f-113a-4e72-94af-139c9dc617d2 74c5035599fa4f109166b4cca8ad39b9 dd67881976434c5ca7db2bcbb35a873b - - default default] 10.0.0.112 "POST /v2.0/ports HTTP/1.1" status: 201 len: 942 time: 0.3335738 /var/lib/openstack/lib/python3.10/site-packages/pycadf/identifier.py:71: UserWarning: Invalid uuid: neutron. To ensure interoperability, identifiers should be a valid uuid. warnings.warn(('Invalid uuid: %s. To ensure interoperability, '
2026-05-12 17:41:08.364 9 WARNING neutron_lib.context [None req-cc48b902-a591-49dc-9484-2c565d3289b9 74c5035599fa4f109166b4cca8ad39b9 dd67881976434c5ca7db2bcbb35a873b - - default default] Method 'is_advsvc' is deprecated since 2023.2 release (neutron-lib 3.8.0) and will be removed once support for the old RBAC API policies will be removed from Neutron. Please use method 'is_service_role' instead.
2026-05-12 17:41:08.409 10 WARNING neutron.scheduler.dhcp_agent_scheduler [None req-8b5f55f9-384a-4e69-9393-b9423f3bbdaf b20152eaf429428f8631e8fa757a3251 745ab80c0d2c45959a2b7a1c6b8acc08 - - default default] No more DHCP agents
2026-05-12 17:41:08.413 10 WARNING neutron.api.rpc.agentnotifiers.dhcp_rpc_agent_api [None req-8b5f55f9-384a-4e69-9393-b9423f3bbdaf b20152eaf429428f8631e8fa757a3251 745ab80c0d2c45959a2b7a1c6b8acc08 - - default default] Unable to schedule network c65d824d-6d48-4a5e-acc3-aef62bfb1c14: no agents available; will retry on subsequent port and subnet creation events.
2026-05-12 17:41:08.472 10 INFO neutron.db.ovn_revision_numbers_db [None req-e1a36695-7679-4b53-a06c-c356c344470d f344a054802e4c6e8759bea93de1df74 bc83129f78e54ae38dd7722f53bd8b70 - - default default] Successfully bumped revision number for resource e6072a38-cf0d-42d5-829c-b2599231ec8a (type: security_groups) to 1
2026-05-12 17:41:08.485 9 INFO neutron.wsgi [req-f4523a94-c922-404b-8769-ba51a244e2a1 req-bc23809f-1ec0-4622-96f9-147f4f5d9e0b e5735a38710441348bd69445ad12921a aaf9d94f61304dcc8ffaaea15048ff51 - - default default] 10.0.0.78 "GET /v2.0/networks?id=9ad98d12-7b35-495e-a418-b8b2bb3bbad8 HTTP/1.1" status: 200 len: 871 time: 0.0916450
2026-05-12 17:41:08.502 10 INFO neutron.db.ovn_revision_numbers_db [None req-e1a36695-7679-4b53-a06c-c356c344470d f344a054802e4c6e8759bea93de1df74 bc83129f78e54ae38dd7722f53bd8b70 - - default default] Successfully bumped revision number for resource 1f4a65db-2c76-4f4f-8352-64f5ce953715 (type: security_group_rules) to 0
2026-05-12 17:41:08.510 10 INFO neutron.db.ovn_revision_numbers_db [None req-8b5f55f9-384a-4e69-9393-b9423f3bbdaf b20152eaf429428f8631e8fa757a3251 745ab80c0d2c45959a2b7a1c6b8acc08 - - default default] Successfully bumped revision number for resource 573f2fc7-40ad-43bb-b875-0d8d07b5d7b0 (type: ports) to 1
2026-05-12 17:41:08.513 9 INFO neutron.wsgi [req-f4523a94-c922-404b-8769-ba51a244e2a1 req-27e98947-dda5-4f25-bbb5-c010b62a38db e5735a38710441348bd69445ad12921a aaf9d94f61304dcc8ffaaea15048ff51 - - default default] 10.0.0.78 "GET /v2.0/quotas/aaf9d94f61304dcc8ffaaea15048ff51 HTTP/1.1" status: 200 len: 386 time: 0.0208802
2026-05-12 17:41:08.519 10 INFO neutron.db.ovn_revision_numbers_db [None req-e1a36695-7679-4b53-a06c-c356c344470d f344a054802e4c6e8759bea93de1df74 bc83129f78e54ae38dd7722f53bd8b70 - - default default] Successfully bumped revision number for resource 23437606-031d-4bcc-bfb3-b89aea73061d (type: security_group_rules) to 0
2026-05-12 17:41:08.532 10 INFO neutron.wsgi [None req-8b5f55f9-384a-4e69-9393-b9423f3bbdaf b20152eaf429428f8631e8fa757a3251 745ab80c0d2c45959a2b7a1c6b8acc08 - - default default] 10.0.0.112 "POST /v2.0/networks HTTP/1.1" status: 201 len: 833 time: 0.6039786
2026-05-12 17:41:08.533 10 INFO neutron.db.ovn_revision_numbers_db [None req-e1a36695-7679-4b53-a06c-c356c344470d f344a054802e4c6e8759bea93de1df74 bc83129f78e54ae38dd7722f53bd8b70 - - default default] Successfully bumped revision number for resource e28165c0-3af6-4fdf-9ba9-2c485f497e2f (type: security_group_rules) to 0
2026-05-12 17:41:08.544 10 WARNING neutron_lib.context [None req-e6fbe8e5-f52f-4928-94c5-31e4ca1b89a0 b20152eaf429428f8631e8fa757a3251 745ab80c0d2c45959a2b7a1c6b8acc08 - - default default] Method 'is_advsvc' is deprecated since 2023.2 release (neutron-lib 3.8.0) and will be removed once support for the old RBAC API policies will be removed from Neutron. Please use method 'is_service_role' instead.
2026-05-12 17:41:08.561 10 INFO neutron.db.ovn_revision_numbers_db [None req-e1a36695-7679-4b53-a06c-c356c344470d f344a054802e4c6e8759bea93de1df74 bc83129f78e54ae38dd7722f53bd8b70 - - default default] Successfully bumped revision number for resource f0c31da8-3df7-4921-896d-e7898c792ac9 (type: security_group_rules) to 0
2026-05-12 17:41:08.628 10 INFO neutron.db.segments_db [None req-e1a36695-7679-4b53-a06c-c356c344470d f344a054802e4c6e8759bea93de1df74 bc83129f78e54ae38dd7722f53bd8b70 - - default default] Added segment e7760936-67f8-4983-bc22-c557d26ce37f of type geneve for network bacb9797-3b6e-48f7-8d60-3daf6ecf9753
2026-05-12 17:41:08.659 9 INFO neutron.wsgi [req-f4523a94-c922-404b-8769-ba51a244e2a1 req-84d8c97b-58b9-4aa1-a2ee-ffbc2893a0b6 e5735a38710441348bd69445ad12921a aaf9d94f61304dcc8ffaaea15048ff51 - - default default] 10.0.0.78 "GET /v2.0/ports?tenant_id=aaf9d94f61304dcc8ffaaea15048ff51&fields=id HTTP/1.1" status: 200 len: 302 time: 0.1374626
2026-05-12 17:41:08.675 9 INFO neutron.wsgi [None req-cc48b902-a591-49dc-9484-2c565d3289b9 74c5035599fa4f109166b4cca8ad39b9 dd67881976434c5ca7db2bcbb35a873b - - default default] 10.0.0.112 "POST /v2.0/trunks HTTP/1.1" status: 201 len: 608 time: 0.3155675
2026-05-12 17:41:08.693 10 WARNING neutron_lib.context [None req-68e607cf-969e-4185-bcf3-fa368012295f 74c5035599fa4f109166b4cca8ad39b9 dd67881976434c5ca7db2bcbb35a873b - - default default] Method 'is_advsvc' is deprecated since 2023.2 release (neutron-lib 3.8.0) and will be removed once support for the old RBAC API policies will be removed from Neutron. Please use method 'is_service_role' instead.
2026-05-12 17:41:08.732 9 INFO neutron.wsgi [req-f4523a94-c922-404b-8769-ba51a244e2a1 req-3166787a-12d3-47b3-a0f8-4bf70dd952ad e9b5f01a8d8347b98401cc1ba37cd678 f1aefb37df6f44aaa8d030aa698c8832 - - f7b2a552975f4b9f8031dad981529eb6 f7b2a552975f4b9f8031dad981529eb6] 10.0.0.78 "GET /v2.0/networks/9ad98d12-7b35-495e-a418-b8b2bb3bbad8?fields=segments HTTP/1.1" status: 200 len: 212 time: 0.0648687
2026-05-12 17:41:08.816 9 INFO neutron.wsgi [req-f4523a94-c922-404b-8769-ba51a244e2a1 req-769dff37-ab64-4757-9a83-8a4bd29ec8be e9b5f01a8d8347b98401cc1ba37cd678 f1aefb37df6f44aaa8d030aa698c8832 - - f7b2a552975f4b9f8031dad981529eb6 f7b2a552975f4b9f8031dad981529eb6] 10.0.0.78 "GET /v2.0/networks/9ad98d12-7b35-495e-a418-b8b2bb3bbad8?fields=provider%3Aphysical_network&fields=provider%3Anetwork_type HTTP/1.1" status: 200 len: 277 time: 0.0765686
2026-05-12 17:41:08.876 10 INFO neutron.db.ovn_revision_numbers_db [None req-e1a36695-7679-4b53-a06c-c356c344470d f344a054802e4c6e8759bea93de1df74 bc83129f78e54ae38dd7722f53bd8b70 - - default default] Successfully bumped revision number for resource bacb9797-3b6e-48f7-8d60-3daf6ecf9753 (type: networks) to 1
2026-05-12 17:41:08.890 10 INFO neutron.db.segments_db [None req-68e607cf-969e-4185-bcf3-fa368012295f 74c5035599fa4f109166b4cca8ad39b9 dd67881976434c5ca7db2bcbb35a873b - - default default] Added segment fa712673-5eca-48f6-9250-d2bec3477626 of type geneve for network 1ddc782c-ec66-4784-90ea-f081ebdf6f19
2026-05-12 17:41:08.932 10 WARNING neutron.scheduler.dhcp_agent_scheduler [None req-e6fbe8e5-f52f-4928-94c5-31e4ca1b89a0 b20152eaf429428f8631e8fa757a3251 745ab80c0d2c45959a2b7a1c6b8acc08 - - default default] No more DHCP agents
2026-05-12 17:41:08.939 10 WARNING neutron.api.rpc.agentnotifiers.dhcp_rpc_agent_api [None req-e6fbe8e5-f52f-4928-94c5-31e4ca1b89a0 b20152eaf429428f8631e8fa757a3251 745ab80c0d2c45959a2b7a1c6b8acc08 - - default default] Unable to schedule network 88c8bfe1-a9d6-49fc-929a-56cc40f54e32: no agents available; will retry on subsequent port and subnet creation events.
2026-05-12 17:41:08.988 9 INFO neutron.wsgi [req-9f8bb73d-fc56-4647-b654-e894eb0e4bdd req-6509b602-16bb-4d8f-af29-01b1158652b9 e5735a38710441348bd69445ad12921a aaf9d94f61304dcc8ffaaea15048ff51 - - default default] 10.0.0.78 "GET /v2.0/ports?device_id=bef5badc-ad6d-4e26-be98-cf0ae8c07c5f HTTP/1.1" status: 200 len: 210 time: 0.0234854
2026-05-12 17:41:09.064 10 INFO neutron.db.ovn_revision_numbers_db [None req-e6fbe8e5-f52f-4928-94c5-31e4ca1b89a0 b20152eaf429428f8631e8fa757a3251 745ab80c0d2c45959a2b7a1c6b8acc08 - - default default] Successfully bumped revision number for resource 6c88d177-207b-4720-a128-f2f1f7baa2eb (type: subnets) to 0
2026-05-12 17:41:09.105 10 INFO neutron.wsgi [None req-e6fbe8e5-f52f-4928-94c5-31e4ca1b89a0 b20152eaf429428f8631e8fa757a3251 745ab80c0d2c45959a2b7a1c6b8acc08 - - default default] 10.0.0.112 "POST /v2.0/subnets HTTP/1.1" status: 201 len: 821 time: 0.5668087
2026-05-12 17:41:09.118 10 WARNING neutron_lib.context [None req-17d9859a-ef7d-4ee9-85a7-2029024d42c3 b20152eaf429428f8631e8fa757a3251 745ab80c0d2c45959a2b7a1c6b8acc08 - - default default] Method 'is_advsvc' is deprecated since 2023.2 release (neutron-lib 3.8.0) and will be removed once support for the old RBAC API policies will be removed from Neutron. Please use method 'is_service_role' instead.
2026-05-12 17:41:09.170 10 INFO neutron.db.ovn_revision_numbers_db [None req-68e607cf-969e-4185-bcf3-fa368012295f 74c5035599fa4f109166b4cca8ad39b9 dd67881976434c5ca7db2bcbb35a873b - - default default] Successfully bumped revision number for resource 1ddc782c-ec66-4784-90ea-f081ebdf6f19 (type: networks) to 1
2026-05-12 17:41:09.245 10 WARNING neutron.scheduler.dhcp_agent_scheduler [None req-e1a36695-7679-4b53-a06c-c356c344470d f344a054802e4c6e8759bea93de1df74 bc83129f78e54ae38dd7722f53bd8b70 - - default default] No more DHCP agents
2026-05-12 17:41:09.255 10 WARNING neutron.api.rpc.agentnotifiers.dhcp_rpc_agent_api [None req-e1a36695-7679-4b53-a06c-c356c344470d f344a054802e4c6e8759bea93de1df74 bc83129f78e54ae38dd7722f53bd8b70 - - default default] Unable to schedule network bacb9797-3b6e-48f7-8d60-3daf6ecf9753: no agents available; will retry on subsequent port and subnet creation events.
2026-05-12 17:41:09.485 10 INFO neutron.db.ovn_revision_numbers_db [None req-e1a36695-7679-4b53-a06c-c356c344470d f344a054802e4c6e8759bea93de1df74 bc83129f78e54ae38dd7722f53bd8b70 - - default default] Successfully bumped revision number for resource d171a437-142d-4615-8ab7-e9c87b68880b (type: ports) to 1
2026-05-12 17:41:09.521 10 WARNING neutron.scheduler.dhcp_agent_scheduler [None req-68e607cf-969e-4185-bcf3-fa368012295f 74c5035599fa4f109166b4cca8ad39b9 dd67881976434c5ca7db2bcbb35a873b - - default default] No more DHCP agents
2026-05-12 17:41:09.524 10 WARNING neutron.api.rpc.agentnotifiers.dhcp_rpc_agent_api [None req-68e607cf-969e-4185-bcf3-fa368012295f 74c5035599fa4f109166b4cca8ad39b9 dd67881976434c5ca7db2bcbb35a873b - - default default] Unable to schedule network 1ddc782c-ec66-4784-90ea-f081ebdf6f19: no agents available; will retry on subsequent port and subnet creation events.
2026-05-12 17:41:09.540 10 INFO neutron.wsgi [None req-e1a36695-7679-4b53-a06c-c356c344470d f344a054802e4c6e8759bea93de1df74 bc83129f78e54ae38dd7722f53bd8b70 - - default default] 10.0.0.112 "POST /v2.0/networks HTTP/1.1" status: 201 len: 928 time: 1.4074461
2026-05-12 17:41:09.627 10 WARNING neutron.scheduler.dhcp_agent_scheduler [None req-17d9859a-ef7d-4ee9-85a7-2029024d42c3 b20152eaf429428f8631e8fa757a3251 745ab80c0d2c45959a2b7a1c6b8acc08 - - default default] No more DHCP agents
2026-05-12 17:41:09.630 10 WARNING neutron.api.rpc.agentnotifiers.dhcp_rpc_agent_api [None req-17d9859a-ef7d-4ee9-85a7-2029024d42c3 b20152eaf429428f8631e8fa757a3251 745ab80c0d2c45959a2b7a1c6b8acc08 - - default default] Unable to schedule network c65d824d-6d48-4a5e-acc3-aef62bfb1c14: no agents available; will retry on subsequent port and subnet creation events.
2026-05-12 17:41:09.671 10 INFO neutron.db.ovn_revision_numbers_db [None req-17d9859a-ef7d-4ee9-85a7-2029024d42c3 b20152eaf429428f8631e8fa757a3251 745ab80c0d2c45959a2b7a1c6b8acc08 - - default default] Successfully bumped revision number for resource 6f6abfb7-d296-4112-8a74-93430647e3ca (type: subnets) to 0
2026-05-12 17:41:09.675 10 INFO neutron.db.ovn_revision_numbers_db [None req-68e607cf-969e-4185-bcf3-fa368012295f 74c5035599fa4f109166b4cca8ad39b9 dd67881976434c5ca7db2bcbb35a873b - - default default] Successfully bumped revision number for resource 63dd9b3f-3034-490e-a078-485980120b91 (type: ports) to 1
2026-05-12 17:41:09.694 10 INFO neutron.wsgi [None req-17d9859a-ef7d-4ee9-85a7-2029024d42c3 b20152eaf429428f8631e8fa757a3251 745ab80c0d2c45959a2b7a1c6b8acc08 - - default default] 10.0.0.112 "POST /v2.0/subnets HTTP/1.1" status: 201 len: 830 time: 0.5837367
2026-05-12 17:41:09.700 10 INFO neutron.wsgi [None req-68e607cf-969e-4185-bcf3-fa368012295f 74c5035599fa4f109166b4cca8ad39b9 dd67881976434c5ca7db2bcbb35a873b - - default default] 10.0.0.112 "POST /v2.0/networks HTTP/1.1" status: 201 len: 830 time: 1.0193934
2026-05-12 17:41:09.710 10 WARNING neutron_lib.context [None req-26265c59-b460-4562-a88b-465612c15734 74c5035599fa4f109166b4cca8ad39b9 dd67881976434c5ca7db2bcbb35a873b - - default default] Method 'is_advsvc' is deprecated since 2023.2 release (neutron-lib 3.8.0) and will be removed once support for the old RBAC API policies will be removed from Neutron. Please use method 'is_service_role' instead.
2026-05-12 17:41:09.713 9 WARNING neutron_lib.context [None req-0f00270f-f2b3-44ea-9c89-7545eb53257b b20152eaf429428f8631e8fa757a3251 745ab80c0d2c45959a2b7a1c6b8acc08 - - default default] Method 'is_advsvc' is deprecated since 2023.2 release (neutron-lib 3.8.0) and will be removed once support for the old RBAC API policies will be removed from Neutron. Please use method 'is_service_role' instead.
2026-05-12 17:41:09.743 9 INFO neutron.wsgi [req-f4523a94-c922-404b-8769-ba51a244e2a1 req-33698477-dc51-406f-b933-6e4c2afb045e e5735a38710441348bd69445ad12921a aaf9d94f61304dcc8ffaaea15048ff51 - - default default] 199.19.213.43 "GET /v2.0/networks?id=9ad98d12-7b35-495e-a418-b8b2bb3bbad8 HTTP/1.1" status: 200 len: 871 time: 0.1127310
2026-05-12 17:41:09.761 9 WARNING neutron_lib.context [req-f4523a94-c922-404b-8769-ba51a244e2a1 req-4a7a3ad1-8e84-4af5-9ebe-83130577ed17 e5735a38710441348bd69445ad12921a aaf9d94f61304dcc8ffaaea15048ff51 - - default default] Method 'is_advsvc' is deprecated since 2023.2 release (neutron-lib 3.8.0) and will be removed once support for the old RBAC API policies will be removed from Neutron. Please use method 'is_service_role' instead.
2026-05-12 17:41:09.797 9 INFO neutron.wsgi [-] 10.0.0.232 "GET / HTTP/1.1" status: 200 len: 246 time: 0.0014544
2026-05-12 17:41:09.798 9 INFO neutron.wsgi [-] 10.0.0.232 "GET / HTTP/1.1" status: 200 len: 246 time: 0.0008659
2026-05-12 17:41:09.883 9 WARNING neutron.scheduler.dhcp_agent_scheduler [None req-4842ef1b-48fe-470b-9d14-325cc565ad00 f344a054802e4c6e8759bea93de1df74 bc83129f78e54ae38dd7722f53bd8b70 - - default default] No more DHCP agents
2026-05-12 17:41:09.893 9 WARNING neutron.api.rpc.agentnotifiers.dhcp_rpc_agent_api [None req-4842ef1b-48fe-470b-9d14-325cc565ad00 f344a054802e4c6e8759bea93de1df74 bc83129f78e54ae38dd7722f53bd8b70 - - default default] Unable to schedule network bacb9797-3b6e-48f7-8d60-3daf6ecf9753: no agents available; will retry on subsequent port and subnet creation events.
2026-05-12 17:41:10.115 10 WARNING neutron.scheduler.dhcp_agent_scheduler [None req-26265c59-b460-4562-a88b-465612c15734 74c5035599fa4f109166b4cca8ad39b9 dd67881976434c5ca7db2bcbb35a873b - - default default] No more DHCP agents
2026-05-12 17:41:10.121 10 WARNING neutron.api.rpc.agentnotifiers.dhcp_rpc_agent_api [None req-26265c59-b460-4562-a88b-465612c15734 74c5035599fa4f109166b4cca8ad39b9 dd67881976434c5ca7db2bcbb35a873b - - default default] Unable to schedule network 1ddc782c-ec66-4784-90ea-f081ebdf6f19: no agents available; will retry on subsequent port and subnet creation events.
2026-05-12 17:41:10.185 9 INFO neutron.wsgi [req-d9ad49a1-feb0-49f1-8c11-07594d6ea173 req-3fc65af6-9653-4b04-96a1-279ba5ba7181 e5735a38710441348bd69445ad12921a aaf9d94f61304dcc8ffaaea15048ff51 - - default default] 10.0.0.78 "GET /v2.0/ports?device_id=bef5badc-ad6d-4e26-be98-cf0ae8c07c5f HTTP/1.1" status: 200 len: 210 time: 0.0386808
2026-05-12 17:41:10.198 9 INFO neutron.db.ovn_revision_numbers_db [None req-0f00270f-f2b3-44ea-9c89-7545eb53257b b20152eaf429428f8631e8fa757a3251 745ab80c0d2c45959a2b7a1c6b8acc08 - - default default] Successfully bumped revision number for resource 3af43df6-9fb2-4991-810b-458db1d3ca82 (type: routers) to 1
2026-05-12 17:41:10.217 10 INFO neutron.db.ovn_revision_numbers_db [None req-26265c59-b460-4562-a88b-465612c15734 74c5035599fa4f109166b4cca8ad39b9 dd67881976434c5ca7db2bcbb35a873b - - default default] Successfully bumped revision number for resource 34f40fce-74c0-4f93-9130-4754c0e075e7 (type: ports) to 1
2026-05-12 17:41:10.228 9 INFO neutron.wsgi [None req-0f00270f-f2b3-44ea-9c89-7545eb53257b b20152eaf429428f8631e8fa757a3251 745ab80c0d2c45959a2b7a1c6b8acc08 - - default default] 10.0.0.112 "POST /v2.0/routers HTTP/1.1" status: 201 len: 691 time: 0.5207360 /var/lib/openstack/lib/python3.10/site-packages/pycadf/identifier.py:71: UserWarning: Invalid uuid: neutron. To ensure interoperability, identifiers should be a valid uuid. warnings.warn(('Invalid uuid: %s. To ensure interoperability, '
2026-05-12 17:41:10.267 10 INFO neutron.wsgi [None req-26265c59-b460-4562-a88b-465612c15734 74c5035599fa4f109166b4cca8ad39b9 dd67881976434c5ca7db2bcbb35a873b - - default default] 10.0.0.112 "POST /v2.0/ports HTTP/1.1" status: 201 len: 942 time: 0.5627930
2026-05-12 17:41:10.280 9 WARNING neutron_lib.context [None req-502ac47d-9d47-4ce9-adf0-28aa170fa4c4 74c5035599fa4f109166b4cca8ad39b9 dd67881976434c5ca7db2bcbb35a873b - - default default] Method 'is_advsvc' is deprecated since 2023.2 release (neutron-lib 3.8.0) and will be removed once support for the old RBAC API policies will be removed from Neutron. Please use method 'is_service_role' instead.
2026-05-12 17:41:10.571 9 WARNING neutron.scheduler.dhcp_agent_scheduler [req-f4523a94-c922-404b-8769-ba51a244e2a1 req-4a7a3ad1-8e84-4af5-9ebe-83130577ed17 e5735a38710441348bd69445ad12921a aaf9d94f61304dcc8ffaaea15048ff51 - - default default] No more DHCP agents
2026-05-12 17:41:10.579 9 WARNING neutron.api.rpc.agentnotifiers.dhcp_rpc_agent_api [req-f4523a94-c922-404b-8769-ba51a244e2a1 req-4a7a3ad1-8e84-4af5-9ebe-83130577ed17 e5735a38710441348bd69445ad12921a aaf9d94f61304dcc8ffaaea15048ff51 - - default default] Unable to schedule network 9ad98d12-7b35-495e-a418-b8b2bb3bbad8: no agents available; will retry on subsequent port and subnet creation events.
2026-05-12 17:41:10.644 10 WARNING neutron.scheduler.dhcp_agent_scheduler [None req-0528edb2-364c-421b-b624-87809e648e53 b20152eaf429428f8631e8fa757a3251 745ab80c0d2c45959a2b7a1c6b8acc08 - - default default] No more DHCP agents
2026-05-12 17:41:10.646 10 WARNING neutron.api.rpc.agentnotifiers.dhcp_rpc_agent_api [None req-0528edb2-364c-421b-b624-87809e648e53 b20152eaf429428f8631e8fa757a3251 745ab80c0d2c45959a2b7a1c6b8acc08 - - default default] Unable to schedule network 88c8bfe1-a9d6-49fc-929a-56cc40f54e32: no agents available; will retry on subsequent port and subnet creation events.
