2026-05-12 17:39:10.729 10 INFO neutron.wsgi [req-9eaffef4-d516-40a5-a890-ce305dae8e69 req-545277e5-5995-4ff2-845b-99ab00849a55 e9b5f01a8d8347b98401cc1ba37cd678 f1aefb37df6f44aaa8d030aa698c8832 - - f7b2a552975f4b9f8031dad981529eb6 f7b2a552975f4b9f8031dad981529eb6] 199.19.213.43 "GET /v2.0/networks?id=4314815d-1be1-4a7a-a21a-d867c578f763 HTTP/1.1" status: 200 len: 977 time: 0.0532949
2026-05-12 17:39:10.762 10 INFO neutron.wsgi [req-9eaffef4-d516-40a5-a890-ce305dae8e69 req-0625c588-f9e8-4f3e-81f2-5e8ed9f211c1 e9b5f01a8d8347b98401cc1ba37cd678 f1aefb37df6f44aaa8d030aa698c8832 - - f7b2a552975f4b9f8031dad981529eb6 f7b2a552975f4b9f8031dad981529eb6] 199.19.213.43 "GET /v2.0/floatingips?fixed_ip_address=10.100.0.6&port_id=cf6e9d69-4813-4bee-846f-aa580e325e2b HTTP/1.1" status: 200 len: 217 time: 0.0260737
2026-05-12 17:39:10.802 10 INFO neutron.wsgi [req-9eaffef4-d516-40a5-a890-ce305dae8e69 req-1c6d5a73-80be-42c0-8a4a-6d3a4e3874fb e9b5f01a8d8347b98401cc1ba37cd678 f1aefb37df6f44aaa8d030aa698c8832 - - f7b2a552975f4b9f8031dad981529eb6 f7b2a552975f4b9f8031dad981529eb6] 199.19.213.43 "GET /v2.0/subnets?id=d20e8c49-3711-44c3-8edb-8996525e0f68 HTTP/1.1" status: 200 len: 872 time: 0.0350392
2026-05-12 17:39:10.848 9 INFO neutron.wsgi [req-4637c4e7-70a2-4449-a101-dd305f1ae47d req-034b4ca4-5791-45b1-a1b6-d8d37b94bf7a e9b5f01a8d8347b98401cc1ba37cd678 f1aefb37df6f44aaa8d030aa698c8832 - - f7b2a552975f4b9f8031dad981529eb6 f7b2a552975f4b9f8031dad981529eb6] 199.19.213.43 "GET /v2.0/networks?tenant_id=766280178a2e49b18ffb3a7d5c35cb5f&shared=False HTTP/1.1" status: 200 len: 967 time: 0.2770140
2026-05-12 17:39:10.854 10 INFO neutron.wsgi [req-9eaffef4-d516-40a5-a890-ce305dae8e69 req-9336ce15-91c6-492d-bc2b-3494877a3240 e9b5f01a8d8347b98401cc1ba37cd678 f1aefb37df6f44aaa8d030aa698c8832 - - f7b2a552975f4b9f8031dad981529eb6 f7b2a552975f4b9f8031dad981529eb6] 199.19.213.43 "GET /v2.0/ports?network_id=4314815d-1be1-4a7a-a21a-d867c578f763&device_owner=network%3Adhcp HTTP/1.1" status: 200 len: 210 time: 0.0445247
2026-05-12 17:39:10.913 10 INFO neutron.wsgi [req-9eaffef4-d516-40a5-a890-ce305dae8e69 req-e75a0319-5db9-4bda-8c88-a41961d0b223 e9b5f01a8d8347b98401cc1ba37cd678 f1aefb37df6f44aaa8d030aa698c8832 - - f7b2a552975f4b9f8031dad981529eb6 f7b2a552975f4b9f8031dad981529eb6] 199.19.213.43 "GET /v2.0/networks/4314815d-1be1-4a7a-a21a-d867c578f763?fields=segments HTTP/1.1" status: 200 len: 212 time: 0.0559821
2026-05-12 17:39:10.935 9 INFO neutron.db.ovn_revision_numbers_db [None req-32f06696-e72c-473c-af8f-74a27e291e87 c41c2ec3c7ab4af8ae0b3fee8eca31c8 adeead1c30384e7ab6575e42c5dca6a9 - - default default] Successfully bumped revision number for resource d1181382-f68f-4f06-b4ab-f4740c407f78 (type: security_group_rules) to 0
2026-05-12 17:39:10.945 9 INFO neutron.wsgi [req-4637c4e7-70a2-4449-a101-dd305f1ae47d req-70a7d71d-4984-438b-bbfa-8ac00955db00 e9b5f01a8d8347b98401cc1ba37cd678 f1aefb37df6f44aaa8d030aa698c8832 - - f7b2a552975f4b9f8031dad981529eb6 f7b2a552975f4b9f8031dad981529eb6] 199.19.213.43 "GET /v2.0/networks?shared=True HTTP/1.1" status: 200 len: 952 time: 0.0913448
2026-05-12 17:39:10.964 9 INFO neutron.wsgi [None req-32f06696-e72c-473c-af8f-74a27e291e87 c41c2ec3c7ab4af8ae0b3fee8eca31c8 adeead1c30384e7ab6575e42c5dca6a9 - - default default] 10.0.0.112 "POST /v2.0/security-group-rules HTTP/1.1" status: 201 len: 768 time: 0.4451275
2026-05-12 17:39:10.984 9 INFO neutron.wsgi [None req-952dd1d3-3c54-4b78-851d-295a62074b45 c41c2ec3c7ab4af8ae0b3fee8eca31c8 adeead1c30384e7ab6575e42c5dca6a9 - - default default] 10.0.0.112 "GET /v2.0/security-group-rules/d1181382-f68f-4f06-b4ab-f4740c407f78 HTTP/1.1" status: 200 len: 763 time: 0.0156314
2026-05-12 17:39:10.991 10 INFO neutron.wsgi [req-9eaffef4-d516-40a5-a890-ce305dae8e69 req-e1916724-b74c-499a-9733-5affe4fd5d98 e9b5f01a8d8347b98401cc1ba37cd678 f1aefb37df6f44aaa8d030aa698c8832 - - f7b2a552975f4b9f8031dad981529eb6 f7b2a552975f4b9f8031dad981529eb6] 199.19.213.43 "GET /v2.0/networks/4314815d-1be1-4a7a-a21a-d867c578f763?fields=provider%3Aphysical_network&fields=provider%3Anetwork_type HTTP/1.1" status: 200 len: 277 time: 0.0704191
2026-05-12 17:39:11.020 9 INFO neutron.wsgi [None req-9ec7ff24-38d2-416d-8048-0fcb83bc5cca c41c2ec3c7ab4af8ae0b3fee8eca31c8 adeead1c30384e7ab6575e42c5dca6a9 - - default default] 10.0.0.112 "GET /v2.0/security-group-rules HTTP/1.1" status: 200 len: 4113 time: 0.0315161
2026-05-12 17:39:11.132 9 INFO neutron.wsgi [None req-6593e953-296b-44e2-b44a-709c0d4b49c4 c41c2ec3c7ab4af8ae0b3fee8eca31c8 adeead1c30384e7ab6575e42c5dca6a9 - - default default] 10.0.0.112 "DELETE /v2.0/security-group-rules/d1181382-f68f-4f06-b4ab-f4740c407f78 HTTP/1.1" status: 204 len: 168 time: 0.1072245
2026-05-12 17:39:11.163 9 INFO neutron.wsgi [None req-3720743d-a97c-4144-96a7-edeae4188aa2 c41c2ec3c7ab4af8ae0b3fee8eca31c8 adeead1c30384e7ab6575e42c5dca6a9 - - default default] 10.0.0.112 "GET /v2.0/security-group-rules HTTP/1.1" status: 200 len: 3567 time: 0.0270550
2026-05-12 17:39:11.172 9 WARNING neutron_lib.context [None req-ffb40bcb-5d39-4455-a48f-22ef3bb443b2 c41c2ec3c7ab4af8ae0b3fee8eca31c8 adeead1c30384e7ab6575e42c5dca6a9 - - default default] Method 'is_advsvc' is deprecated since 2023.2 release (neutron-lib 3.8.0) and will be removed once support for the old RBAC API policies will be removed from Neutron. Please use method 'is_service_role' instead.
2026-05-12 17:39:11.187 9 INFO neutron.db.securitygroups_db [None req-ffb40bcb-5d39-4455-a48f-22ef3bb443b2 c41c2ec3c7ab4af8ae0b3fee8eca31c8 adeead1c30384e7ab6575e42c5dca6a9 - - default default] Project adeead1c30384e7ab6575e42c5dca6a9 added a security group rule with legacy IPv6 ICMP protocol name icmp, ipv6-icmp should be used instead. It was automatically converted.
2026-05-12 17:39:11.266 9 INFO neutron.db.ovn_revision_numbers_db [None req-ffb40bcb-5d39-4455-a48f-22ef3bb443b2 c41c2ec3c7ab4af8ae0b3fee8eca31c8 adeead1c30384e7ab6575e42c5dca6a9 - - default default] Successfully bumped revision number for resource e1682bbf-cfa2-4379-8f7d-2ffda5f1fe7a (type: security_group_rules) to 0
2026-05-12 17:39:11.300 9 INFO neutron.wsgi [None req-ffb40bcb-5d39-4455-a48f-22ef3bb443b2 c41c2ec3c7ab4af8ae0b3fee8eca31c8 adeead1c30384e7ab6575e42c5dca6a9 - - default default] 10.0.0.112 "POST /v2.0/security-group-rules HTTP/1.1" status: 201 len: 774 time: 0.1320636
2026-05-12 17:39:11.319 9 INFO neutron.wsgi [None req-3366ea10-b37d-4a91-a3c3-a4fbd9f3688e c41c2ec3c7ab4af8ae0b3fee8eca31c8 adeead1c30384e7ab6575e42c5dca6a9 - - default default] 10.0.0.112 "GET /v2.0/security-group-rules/e1682bbf-cfa2-4379-8f7d-2ffda5f1fe7a HTTP/1.1" status: 200 len: 769 time: 0.0149121
2026-05-12 17:39:11.358 9 INFO neutron.wsgi [None req-2f04ebe9-c58f-415b-ba07-72f2ba499c05 c41c2ec3c7ab4af8ae0b3fee8eca31c8 adeead1c30384e7ab6575e42c5dca6a9 - - default default] 10.0.0.112 "GET /v2.0/security-group-rules HTTP/1.1" status: 200 len: 4119 time: 0.0339518
2026-05-12 17:39:11.499 9 INFO neutron.wsgi [None req-37725a14-a1bf-484c-9ab2-6b27a274186e c41c2ec3c7ab4af8ae0b3fee8eca31c8 adeead1c30384e7ab6575e42c5dca6a9 - - default default] 10.0.0.112 "DELETE /v2.0/security-group-rules/e1682bbf-cfa2-4379-8f7d-2ffda5f1fe7a HTTP/1.1" status: 204 len: 168 time: 0.1361604
2026-05-12 17:39:11.552 9 INFO neutron.wsgi [None req-f7d02a78-42d6-4617-919d-971cff969d80 c41c2ec3c7ab4af8ae0b3fee8eca31c8 adeead1c30384e7ab6575e42c5dca6a9 - - default default] 10.0.0.112 "GET /v2.0/security-group-rules HTTP/1.1" status: 200 len: 3567 time: 0.0479200
2026-05-12 17:39:11.604 9 INFO neutron.wsgi [req-744a29ed-c025-44b2-a759-226c1cac881a req-6efbb318-0c49-4415-aff0-44006608d4f8 82f81d00ec974b52bb8677a9e88f2a85 a3b6186b0f7944ccb3d4339b200cf5ac - - default default] 10.0.0.78 "GET /v2.0/ports?device_id=0e5f5c89-343e-48e3-ae4e-017b77e429c8 HTTP/1.1" status: 200 len: 1168 time: 0.0569072
2026-05-12 17:39:11.653 9 INFO neutron.wsgi [None req-062c506c-5947-4cf9-9bd6-c4efe42cb2ab 640c2c510f444df7953b40d9528dde52 766280178a2e49b18ffb3a7d5c35cb5f - - default default] 10.0.0.112 "DELETE /v2.0/security-groups/16fe0a91-dcba-424e-b196-a7008fdce3ff HTTP/1.1" status: 204 len: 168 time: 0.1824336
2026-05-12 17:39:11.669 9 INFO neutron.wsgi [req-744a29ed-c025-44b2-a759-226c1cac881a req-7919f556-823c-491c-bdae-ec6543d1e770 82f81d00ec974b52bb8677a9e88f2a85 a3b6186b0f7944ccb3d4339b200cf5ac - - default default] 10.0.0.78 "GET /v2.0/security-groups?id=27ea078d-677d-439b-bb5d-c7171410ded3&fields=id&fields=name HTTP/1.1" status: 200 len: 312 time: 0.0579948
2026-05-12 17:39:11.673 9 INFO neutron.api.v2.resource [None req-61fb5f1c-bb47-4926-9a39-a3d12151d965 640c2c510f444df7953b40d9528dde52 766280178a2e49b18ffb3a7d5c35cb5f - - default default] show failed (client error): The resource could not be found.
2026-05-12 17:39:11.674 9 INFO neutron.wsgi [None req-61fb5f1c-bb47-4926-9a39-a3d12151d965 640c2c510f444df7953b40d9528dde52 766280178a2e49b18ffb3a7d5c35cb5f - - default default] 10.0.0.112 "GET /v2.0/security-groups/16fe0a91-dcba-424e-b196-a7008fdce3ff HTTP/1.1" status: 404 len: 347 time: 0.0141633
2026-05-12 17:39:11.743 9 INFO neutron.wsgi [None req-278a1847-539b-4ac3-b471-6fae8ed52067 c41c2ec3c7ab4af8ae0b3fee8eca31c8 adeead1c30384e7ab6575e42c5dca6a9 - - default default] 10.0.0.112 "DELETE /v2.0/security-groups/6dc00814-a693-412d-873f-2f21187dd313 HTTP/1.1" status: 204 len: 168 time: 0.1827910
2026-05-12 17:39:11.793 9 INFO neutron.wsgi [None req-d3b1f867-695c-43c2-b153-7f952752fbd4 c41c2ec3c7ab4af8ae0b3fee8eca31c8 adeead1c30384e7ab6575e42c5dca6a9 - - default default] 10.0.0.112 "GET /v2.0/security-groups HTTP/1.1" status: 200 len: 2996 time: 0.0452139
2026-05-12 17:39:11.843 10 INFO neutron.wsgi [None req-ec371e11-6278-4e4b-9ce2-c3f719466e2c c41c2ec3c7ab4af8ae0b3fee8eca31c8 adeead1c30384e7ab6575e42c5dca6a9 - - default default] 10.0.0.112 "GET /v2.0/security-groups HTTP/1.1" status: 200 len: 2996 time: 0.0410824
2026-05-12 17:39:11.919 9 INFO neutron.plugins.ml2.drivers.ovn.mech_driver.mech_driver [None req-a859fdc7-1ecc-4a3c-96bf-971a0d1b1f65 - - - - - -] OVN reports status up for port: cf6e9d69-4813-4bee-846f-aa580e325e2b
2026-05-12 17:39:11.938 9 INFO neutron.plugins.ml2.plugin [None req-a859fdc7-1ecc-4a3c-96bf-971a0d1b1f65 - - - - - -] Attempt 1 to provision port cf6e9d69-4813-4bee-846f-aa580e325e2b
2026-05-12 17:39:12.050 9 INFO neutron.wsgi [None req-58ecd0af-fef8-4602-add1-2e3256afd6c4 640c2c510f444df7953b40d9528dde52 766280178a2e49b18ffb3a7d5c35cb5f - - default default] 10.0.0.112 "DELETE /v2.0/floatingips/1dfc062e-357b-425f-91a9-8a29e1adf6af HTTP/1.1" status: 204 len: 168 time: 0.3719676
2026-05-12 17:39:12.200 10 WARNING neutron.plugins.ml2.drivers.ovn.mech_driver.ovsdb.ovn_client [None req-dccbfcc7-2f93-4273-bcec-7377bf79d4cc - - - - - -] No hosting information found for port 96e54ea6-95b8-4062-89d5-bd33a5f6c13a: RuntimeError: No hosting information found for port 96e54ea6-95b8-4062-89d5-bd33a5f6c13a
2026-05-12 17:39:12.344 9 INFO neutron.db.ovn_revision_numbers_db [None req-a859fdc7-1ecc-4a3c-96bf-971a0d1b1f65 - - - - - -] Successfully bumped revision number for resource cf6e9d69-4813-4bee-846f-aa580e325e2b (type: ports) to 4
2026-05-12 17:39:12.531 9 INFO neutron.notifiers.nova [-] Nova event matching ['req-b65aaf9f-5042-4dc2-9cb2-ca610abefebe'] response: {'server_uuid': '0e5f5c89-343e-48e3-ae4e-017b77e429c8', 'name': 'network-vif-plugged', 'status': 'completed', 'tag': 'cf6e9d69-4813-4bee-846f-aa580e325e2b', 'code': 200}
2026-05-12 17:39:12.531 9 INFO neutron.notifiers.nova [-] Nova event matching ['req-b65aaf9f-5042-4dc2-9cb2-ca610abefebe'] response: {'server_uuid': '0e5f5c89-343e-48e3-ae4e-017b77e429c8', 'name': 'network-vif-plugged', 'status': 'completed', 'tag': 'cf6e9d69-4813-4bee-846f-aa580e325e2b', 'code': 200} /var/lib/openstack/lib/python3.10/site-packages/pycadf/identifier.py:71: UserWarning: Invalid uuid: neutron. To ensure interoperability, identifiers should be a valid uuid. warnings.warn(('Invalid uuid: %s. To ensure interoperability, '
2026-05-12 17:39:12.608 9 INFO neutron.wsgi [None req-780ef102-7a4b-450b-8206-da475504efc6 47cc16f72e9046638185cbc34bd09055 e4c9b40c70cc4d13aa8046933332264d - - default default] 10.0.0.112 "GET /v2.0/security-groups?tenant_id=adeead1c30384e7ab6575e42c5dca6a9&name=default HTTP/1.1" status: 200 len: 2996 time: 0.1756244
2026-05-12 17:39:12.879 9 INFO neutron.wsgi [req-bf6c5f36-ed2f-48ec-a972-65c748ebaa0f req-93283033-c827-4494-a564-ef5226bb8f88 82f81d00ec974b52bb8677a9e88f2a85 a3b6186b0f7944ccb3d4339b200cf5ac - - default default] 10.0.0.78 "GET /v2.0/ports?device_id=0e5f5c89-343e-48e3-ae4e-017b77e429c8 HTTP/1.1" status: 200 len: 1170 time: 0.1364548
2026-05-12 17:39:12.956 9 INFO neutron.wsgi [req-bf6c5f36-ed2f-48ec-a972-65c748ebaa0f req-b36a3410-4154-41b7-81ae-e85583530696 82f81d00ec974b52bb8677a9e88f2a85 a3b6186b0f7944ccb3d4339b200cf5ac - - default default] 10.0.0.78 "GET /v2.0/security-groups?id=27ea078d-677d-439b-bb5d-c7171410ded3&fields=id&fields=name HTTP/1.1" status: 200 len: 312 time: 0.0625103
2026-05-12 17:39:13.013 9 INFO neutron.wsgi [None req-d0befd7c-88ad-425d-a912-5d01e55f013f 47cc16f72e9046638185cbc34bd09055 e4c9b40c70cc4d13aa8046933332264d - - default default] 10.0.0.112 "DELETE /v2.0/security-groups/756dabbb-9f70-4e2c-9b95-cf6e7b84dc36 HTTP/1.1" status: 204 len: 168 time: 0.3998601
2026-05-12 17:39:13.114 9 INFO neutron.wsgi [req-55bb3587-7cf7-49ec-bacb-d069c8e15bea req-429d772e-22c0-4c62-a711-ef21f1787370 82f81d00ec974b52bb8677a9e88f2a85 a3b6186b0f7944ccb3d4339b200cf5ac - - default default] 10.0.0.78 "GET /v2.0/ports?device_id=0e5f5c89-343e-48e3-ae4e-017b77e429c8 HTTP/1.1" status: 200 len: 1170 time: 0.0534651
2026-05-12 17:39:13.407 10 INFO neutron.db.l3_db [None req-d5157617-af8e-4c0a-87c0-d334ee798270 82f81d00ec974b52bb8677a9e88f2a85 a3b6186b0f7944ccb3d4339b200cf5ac - - default default] Floating IP abca1a32-b514-4dd1-9eb8-0d24df207d47 associated. External IP: 10.96.250.215, port: cf6e9d69-4813-4bee-846f-aa580e325e2b.
2026-05-12 17:39:13.607 10 INFO neutron.wsgi [req-ef6fad9a-c4ca-41a2-86a1-1105098fbfd6 req-4b9f2321-e0df-441a-925f-1efc8f6c663e e9b5f01a8d8347b98401cc1ba37cd678 f1aefb37df6f44aaa8d030aa698c8832 - - f7b2a552975f4b9f8031dad981529eb6 f7b2a552975f4b9f8031dad981529eb6] 10.0.0.72 "GET /v2.0/ports?device_id=6375288c-1f7a-4e20-839e-8b6b00e1b155 HTTP/1.1" status: 200 len: 1409 time: 0.1978972
2026-05-12 17:39:13.681 10 INFO neutron.wsgi [req-ef6fad9a-c4ca-41a2-86a1-1105098fbfd6 req-44a845ea-a7ff-4af4-b636-d7247c689d8f e9b5f01a8d8347b98401cc1ba37cd678 f1aefb37df6f44aaa8d030aa698c8832 - - f7b2a552975f4b9f8031dad981529eb6 f7b2a552975f4b9f8031dad981529eb6] 10.0.0.72 "GET /v2.0/security-groups?id=32e6cff5-6f00-4415-bfae-5f6ee42ccc5f&fields=id&fields=name HTTP/1.1" status: 200 len: 313 time: 0.0641000
2026-05-12 17:39:13.700 10 INFO neutron.db.ovn_revision_numbers_db [None req-d5157617-af8e-4c0a-87c0-d334ee798270 82f81d00ec974b52bb8677a9e88f2a85 a3b6186b0f7944ccb3d4339b200cf5ac - - default default] Successfully bumped revision number for resource abca1a32-b514-4dd1-9eb8-0d24df207d47 (type: floatingips) to 1
2026-05-12 17:39:13.729 9 INFO neutron.wsgi [None req-1dd6329b-af22-47ec-8239-23d9434da3b3 47cc16f72e9046638185cbc34bd09055 e4c9b40c70cc4d13aa8046933332264d - - default default] 10.0.0.112 "PUT /v2.0/routers/8731bbe6-6a00-4fd6-8ef6-b35a60aedc34/remove_router_interface HTTP/1.1" status: 200 len: 503 time: 1.6691823
2026-05-12 17:39:13.880 10 INFO neutron.db.ovn_revision_numbers_db [None req-d5157617-af8e-4c0a-87c0-d334ee798270 82f81d00ec974b52bb8677a9e88f2a85 a3b6186b0f7944ccb3d4339b200cf5ac - - default default] Successfully bumped revision number for resource abca1a32-b514-4dd1-9eb8-0d24df207d47 (type: floatingips) to 2
2026-05-12 17:39:13.915 10 INFO neutron.wsgi [None req-d5157617-af8e-4c0a-87c0-d334ee798270 82f81d00ec974b52bb8677a9e88f2a85 a3b6186b0f7944ccb3d4339b200cf5ac - - default default] 10.0.0.112 "PUT /v2.0/floatingips/abca1a32-b514-4dd1-9eb8-0d24df207d47 HTTP/1.1" status: 200 len: 1049 time: 0.7894258
2026-05-12 17:39:13.949 10 INFO neutron.notifiers.nova [-] Nova event matching ['req-8df86aa2-8925-4365-97dc-577b2fdf0fcc'] response: {'name': 'network-changed', 'server_uuid': '0e5f5c89-343e-48e3-ae4e-017b77e429c8', 'tag': 'cf6e9d69-4813-4bee-846f-aa580e325e2b', 'status': 'completed', 'code': 200} /var/lib/openstack/lib/python3.10/site-packages/pycadf/identifier.py:71: UserWarning: Invalid uuid: neutron. To ensure interoperability, identifiers should be a valid uuid. warnings.warn(('Invalid uuid: %s. To ensure interoperability, '
2026-05-12 17:39:14.009 9 INFO neutron.wsgi [req-62d32d4e-7800-444b-8fb9-d3764e103408 req-531c24c4-8fd7-4461-800e-f7f638a92efd 82f81d00ec974b52bb8677a9e88f2a85 a3b6186b0f7944ccb3d4339b200cf5ac - - default default] 10.0.0.78 "GET /v2.0/ports?device_id=0e5f5c89-343e-48e3-ae4e-017b77e429c8 HTTP/1.1" status: 200 len: 1170 time: 0.0486717
2026-05-12 17:39:14.052 9 INFO neutron.wsgi [req-62d32d4e-7800-444b-8fb9-d3764e103408 req-02e2a631-a13c-42ee-a539-e1605d2ab25a 82f81d00ec974b52bb8677a9e88f2a85 a3b6186b0f7944ccb3d4339b200cf5ac - - default default] 10.0.0.78 "GET /v2.0/security-groups?id=27ea078d-677d-439b-bb5d-c7171410ded3&fields=id&fields=name HTTP/1.1" status: 200 len: 312 time: 0.0361235
2026-05-12 17:39:14.054 10 INFO neutron.wsgi [req-1e05ca0a-3598-4058-bb8f-8c1a697756da req-ea9fac8c-3be2-4dc5-859f-bb3c1165c861 e9b5f01a8d8347b98401cc1ba37cd678 f1aefb37df6f44aaa8d030aa698c8832 - - f7b2a552975f4b9f8031dad981529eb6 f7b2a552975f4b9f8031dad981529eb6] 199.19.213.43 "GET /v2.0/ports?tenant_id=a3b6186b0f7944ccb3d4339b200cf5ac&device_id=0e5f5c89-343e-48e3-ae4e-017b77e429c8 HTTP/1.1" status: 200 len: 1409 time: 0.0599253
2026-05-12 17:39:14.138 10 INFO neutron.wsgi [req-1e05ca0a-3598-4058-bb8f-8c1a697756da req-899eee86-64ef-4a6b-9136-62bbee6a8e0f e9b5f01a8d8347b98401cc1ba37cd678 f1aefb37df6f44aaa8d030aa698c8832 - - f7b2a552975f4b9f8031dad981529eb6 f7b2a552975f4b9f8031dad981529eb6] 199.19.213.43 "GET /v2.0/networks?id=4314815d-1be1-4a7a-a21a-d867c578f763 HTTP/1.1" status: 200 len: 977 time: 0.0757923
2026-05-12 17:39:14.190 10 INFO neutron.wsgi [req-1e05ca0a-3598-4058-bb8f-8c1a697756da req-28de20bc-563f-4606-aa0b-a634ea7a7c8f e9b5f01a8d8347b98401cc1ba37cd678 f1aefb37df6f44aaa8d030aa698c8832 - - f7b2a552975f4b9f8031dad981529eb6 f7b2a552975f4b9f8031dad981529eb6] 199.19.213.43 "GET /v2.0/floatingips?fixed_ip_address=10.100.0.6&port_id=cf6e9d69-4813-4bee-846f-aa580e325e2b HTTP/1.1" status: 200 len: 1059 time: 0.0474994
2026-05-12 17:39:14.244 10 INFO neutron.wsgi [req-1e05ca0a-3598-4058-bb8f-8c1a697756da req-3d22b122-c7ef-402d-b8cd-cbcaf3299e83 e9b5f01a8d8347b98401cc1ba37cd678 f1aefb37df6f44aaa8d030aa698c8832 - - f7b2a552975f4b9f8031dad981529eb6 f7b2a552975f4b9f8031dad981529eb6] 199.19.213.43 "GET /v2.0/subnets?id=d20e8c49-3711-44c3-8edb-8996525e0f68 HTTP/1.1" status: 200 len: 872 time: 0.0471592
2026-05-12 17:39:14.279 10 INFO neutron.wsgi [req-1e05ca0a-3598-4058-bb8f-8c1a697756da req-5f88645b-41cc-40aa-aec0-eaf7252f4a21 e9b5f01a8d8347b98401cc1ba37cd678 f1aefb37df6f44aaa8d030aa698c8832 - - f7b2a552975f4b9f8031dad981529eb6 f7b2a552975f4b9f8031dad981529eb6] 199.19.213.43 "GET /v2.0/ports?network_id=4314815d-1be1-4a7a-a21a-d867c578f763&device_owner=network%3Adhcp HTTP/1.1" status: 200 len: 210 time: 0.0254679
2026-05-12 17:39:14.333 9 INFO neutron.plugins.ml2.drivers.ovn.mech_driver.mech_driver [None req-a859fdc7-1ecc-4a3c-96bf-971a0d1b1f65 - - - - - -] OVN reports status down for port: cf6e9d69-4813-4bee-846f-aa580e325e2b
2026-05-12 17:39:14.345 9 INFO neutron.wsgi [req-f888bef0-c52d-4531-a4ae-674de778949b req-7ec6df49-57ab-427a-a246-4b580ae1acf0 82f81d00ec974b52bb8677a9e88f2a85 a3b6186b0f7944ccb3d4339b200cf5ac - - default default] 10.0.0.78 "GET /v2.0/ports?device_id=0e5f5c89-343e-48e3-ae4e-017b77e429c8 HTTP/1.1" status: 200 len: 1170 time: 0.0516336
2026-05-12 17:39:14.405 10 INFO neutron.wsgi [req-1e05ca0a-3598-4058-bb8f-8c1a697756da req-56e79977-f304-468f-b54d-d49859f742d6 e9b5f01a8d8347b98401cc1ba37cd678 f1aefb37df6f44aaa8d030aa698c8832 - - f7b2a552975f4b9f8031dad981529eb6 f7b2a552975f4b9f8031dad981529eb6] 199.19.213.43 "GET /v2.0/networks/4314815d-1be1-4a7a-a21a-d867c578f763?fields=segments HTTP/1.1" status: 200 len: 212 time: 0.1202128
2026-05-12 17:39:14.412 9 INFO neutron.wsgi [req-f888bef0-c52d-4531-a4ae-674de778949b req-a4144b2f-2f53-4fc3-b29b-92d23e6d3226 82f81d00ec974b52bb8677a9e88f2a85 a3b6186b0f7944ccb3d4339b200cf5ac - - default default] 10.0.0.78 "GET /v2.0/security-groups?id=27ea078d-677d-439b-bb5d-c7171410ded3&fields=id&fields=name HTTP/1.1" status: 200 len: 312 time: 0.0569503
2026-05-12 17:39:14.578 9 INFO neutron.notifiers.nova [-] Nova event matching ['req-cbd1e758-802d-4af7-a9fc-aa1df838e04d'] response: {'server_uuid': '0e5f5c89-343e-48e3-ae4e-017b77e429c8', 'name': 'network-vif-unplugged', 'status': 'completed', 'tag': 'cf6e9d69-4813-4bee-846f-aa580e325e2b', 'code': 200}
2026-05-12 17:39:14.664 9 INFO neutron.wsgi [req-364de52c-9f33-4d0f-808a-07ad93d8808e req-40d92dc6-04d5-42bf-a4a5-cda09ee4a22e 82f81d00ec974b52bb8677a9e88f2a85 a3b6186b0f7944ccb3d4339b200cf5ac - - default default] 199.19.213.43 "GET /v2.0/ports?device_id=0e5f5c89-343e-48e3-ae4e-017b77e429c8 HTTP/1.1" status: 200 len: 1168 time: 0.0425684
2026-05-12 17:39:14.670 9 INFO neutron.db.ovn_revision_numbers_db [None req-a859fdc7-1ecc-4a3c-96bf-971a0d1b1f65 - - - - - -] Successfully bumped revision number for resource cf6e9d69-4813-4bee-846f-aa580e325e2b (type: ports) to 5
2026-05-12 17:39:14.675 10 INFO neutron.wsgi [req-1e05ca0a-3598-4058-bb8f-8c1a697756da req-64940599-be42-44c2-af76-859645db5690 e9b5f01a8d8347b98401cc1ba37cd678 f1aefb37df6f44aaa8d030aa698c8832 - - f7b2a552975f4b9f8031dad981529eb6 f7b2a552975f4b9f8031dad981529eb6] 199.19.213.43 "GET /v2.0/networks/4314815d-1be1-4a7a-a21a-d867c578f763?fields=provider%3Aphysical_network&fields=provider%3Anetwork_type HTTP/1.1" status: 200 len: 277 time: 0.2609510
2026-05-12 17:39:14.892 10 WARNING neutron_lib.context [None req-14d8901c-0563-4e6b-96c0-e746628afe81 d8b98621abd546539c525377fcd04d25 4ae6f97bbc894a2592dc381766487ac7 - - default default] Method 'is_advsvc' is deprecated since 2023.2 release (neutron-lib 3.8.0) and will be removed once support for the old RBAC API policies will be removed from Neutron. Please use method 'is_service_role' instead.
2026-05-12 17:39:14.955 10 INFO neutron.wsgi [None req-c79a187b-26e2-4403-a04b-8e4c21abe6f7 47cc16f72e9046638185cbc34bd09055 e4c9b40c70cc4d13aa8046933332264d - - default default] 10.0.0.112 "DELETE /v2.0/routers/8731bbe6-6a00-4fd6-8ef6-b35a60aedc34 HTTP/1.1" status: 204 len: 168 time: 1.2220144
2026-05-12 17:39:14.968 10 INFO neutron.wsgi [None req-14d8901c-0563-4e6b-96c0-e746628afe81 d8b98621abd546539c525377fcd04d25 4ae6f97bbc894a2592dc381766487ac7 - - default default] 10.0.0.112 "POST /v2.0/subnetpools HTTP/1.1" status: 201 len: 748 time: 0.2653747
2026-05-12 17:39:15.002 10 INFO neutron.wsgi [None req-2a8d4862-88a8-4133-9f10-cf2a76b2dd7d d8b98621abd546539c525377fcd04d25 4ae6f97bbc894a2592dc381766487ac7 - - default default] 10.0.0.112 "GET /v2.0/subnetpools/cac0466b-7b85-4b04-97bc-9b6b1151fd75 HTTP/1.1" status: 200 len: 743 time: 0.0261736
2026-05-12 17:39:15.005 9 INFO neutron.db.l3_db [req-364de52c-9f33-4d0f-808a-07ad93d8808e req-ffb1cf70-469e-4a12-8e93-e10d1ed31556 82f81d00ec974b52bb8677a9e88f2a85 a3b6186b0f7944ccb3d4339b200cf5ac - - default default] Floating IP abca1a32-b514-4dd1-9eb8-0d24df207d47 disassociated. External IP: 10.96.250.215, port: cf6e9d69-4813-4bee-846f-aa580e325e2b. /var/lib/openstack/lib/python3.10/site-packages/pycadf/identifier.py:71: UserWarning: Invalid uuid: neutron. To ensure interoperability, identifiers should be a valid uuid. warnings.warn(('Invalid uuid: %s. To ensure interoperability, '
2026-05-12 17:39:15.134 10 INFO neutron.wsgi [None req-78e6af7b-518e-47b2-b4e6-e9462be3e8aa 47cc16f72e9046638185cbc34bd09055 e4c9b40c70cc4d13aa8046933332264d - - default default] 10.0.0.112 "DELETE /v2.0/subnets/12c7f01f-e6a7-4a9a-9668-10d741298bf5 HTTP/1.1" status: 204 len: 168 time: 0.1733921
2026-05-12 17:39:15.142 9 INFO neutron.wsgi [None req-ef23b86e-93ed-487f-b3cb-d11c5f8eaa6a d8b98621abd546539c525377fcd04d25 4ae6f97bbc894a2592dc381766487ac7 - - default default] 10.0.0.112 "PUT /v2.0/subnetpools/cac0466b-7b85-4b04-97bc-9b6b1151fd75 HTTP/1.1" status: 200 len: 694 time: 0.1338294 /var/lib/openstack/lib/python3.10/site-packages/pycadf/identifier.py:71: UserWarning: Invalid uuid: neutron. To ensure interoperability, identifiers should be a valid uuid. warnings.warn(('Invalid uuid: %s. To ensure interoperability, '
2026-05-12 17:39:15.218 9 INFO neutron.wsgi [None req-2c1d497a-153b-4a35-9e59-2d3a963495d9 d8b98621abd546539c525377fcd04d25 4ae6f97bbc894a2592dc381766487ac7 - - default default] 10.0.0.112 "DELETE /v2.0/subnetpools/cac0466b-7b85-4b04-97bc-9b6b1151fd75 HTTP/1.1" status: 204 len: 168 time: 0.0712578
2026-05-12 17:39:15.240 10 INFO neutron.api.v2.resource [None req-6250884c-e9a1-4eb2-bc6b-abbd6c5b79a0 d8b98621abd546539c525377fcd04d25 4ae6f97bbc894a2592dc381766487ac7 - - default default] show failed (client error): The resource could not be found.
2026-05-12 17:39:15.241 10 INFO neutron.wsgi [None req-6250884c-e9a1-4eb2-bc6b-abbd6c5b79a0 d8b98621abd546539c525377fcd04d25 4ae6f97bbc894a2592dc381766487ac7 - - default default] 10.0.0.112 "GET /v2.0/subnetpools/cac0466b-7b85-4b04-97bc-9b6b1151fd75 HTTP/1.1" status: 404 len: 346 time: 0.0130002
2026-05-12 17:39:15.259 9 INFO neutron.api.v2.resource [None req-248d6d95-c41b-477a-93a0-40858a5239cf d8b98621abd546539c525377fcd04d25 4ae6f97bbc894a2592dc381766487ac7 - - default default] delete failed (client error): The resource could not be found.
2026-05-12 17:39:15.261 9 INFO neutron.wsgi [None req-248d6d95-c41b-477a-93a0-40858a5239cf d8b98621abd546539c525377fcd04d25 4ae6f97bbc894a2592dc381766487ac7 - - default default] 10.0.0.112 "DELETE /v2.0/subnetpools/cac0466b-7b85-4b04-97bc-9b6b1151fd75 HTTP/1.1" status: 404 len: 346 time: 0.0150237
2026-05-12 17:39:15.270 9 INFO neutron.wsgi [req-364de52c-9f33-4d0f-808a-07ad93d8808e req-ffb1cf70-469e-4a12-8e93-e10d1ed31556 82f81d00ec974b52bb8677a9e88f2a85 a3b6186b0f7944ccb3d4339b200cf5ac - - default default] 199.19.213.43 "DELETE /v2.0/ports/cf6e9d69-4813-4bee-846f-aa580e325e2b HTTP/1.1" status: 204 len: 173 time: 0.6013010
2026-05-12 17:39:15.434 10 INFO neutron.services.segments.plugin [-] Segment 56c515b2-3832-43f0-9b4e-373a1ee817a4 resource provider aggregate not found
2026-05-12 17:39:15.439 10 INFO neutron.services.segments.plugin [-] Segment 56c515b2-3832-43f0-9b4e-373a1ee817a4 resource provider aggregate not found
2026-05-12 17:39:15.453 10 INFO neutron.services.segments.plugin [-] Segment 56c515b2-3832-43f0-9b4e-373a1ee817a4 resource provider not found; error: Placement Client Error (4xx): {"errors": [{"status": 404, "title": "Not Found", "detail": "The resource could not be found.\n\n No resource provider with uuid 56c515b2-3832-43f0-9b4e-373a1ee817a4 found for delete ", "request_id": "req-839e2789-dea3-4b24-a011-d2a1c093c66e"}]}
2026-05-12 17:39:15.455 10 INFO neutron.services.segments.plugin [-] Segment 56c515b2-3832-43f0-9b4e-373a1ee817a4 resource provider not found; error: Placement Client Error (4xx): {"errors": [{"status": 404, "title": "Not Found", "detail": "The resource could not be found.\n\n No resource provider with uuid 56c515b2-3832-43f0-9b4e-373a1ee817a4 found for delete ", "request_id": "req-f4e9c872-94a5-4ab1-9716-e4f57cbacaa5"}]}
2026-05-12 17:39:15.482 10 INFO neutron.wsgi [None req-e19206a0-b385-4d23-a227-a608600fd768 47cc16f72e9046638185cbc34bd09055 e4c9b40c70cc4d13aa8046933332264d - - default default] 10.0.0.112 "DELETE /v2.0/networks/92d04a6f-446d-4375-8b6f-089ec2efc09c HTTP/1.1" status: 204 len: 168 time: 0.3436189
2026-05-12 17:39:15.508 9 INFO neutron.wsgi [req-ae97e1f1-f949-415e-b369-0afaa81e57b2 req-80cffb7a-dba0-421d-bd89-1d0800bc7966 82f81d00ec974b52bb8677a9e88f2a85 a3b6186b0f7944ccb3d4339b200cf5ac - - default default] 10.0.0.78 "GET /v2.0/ports?device_id=0e5f5c89-343e-48e3-ae4e-017b77e429c8 HTTP/1.1" status: 200 len: 210 time: 0.0313663
2026-05-12 17:39:15.689 9 INFO neutron.wsgi [None req-be46502c-17ed-40c7-b721-8bcea0b86c10 47cc16f72e9046638185cbc34bd09055 e4c9b40c70cc4d13aa8046933332264d - - default default] 10.0.0.112 "GET /v2.0/security-groups?tenant_id=766280178a2e49b18ffb3a7d5c35cb5f&name=default HTTP/1.1" status: 200 len: 2996 time: 0.0377848
2026-05-12 17:39:15.883 9 INFO neutron.wsgi [None req-f13abcc9-9098-41da-a5f2-93faceeeebcc 47cc16f72e9046638185cbc34bd09055 e4c9b40c70cc4d13aa8046933332264d - - default default] 10.0.0.112 "DELETE /v2.0/security-groups/61e18ef3-aa1a-47a3-862f-6c4c9a0f2131 HTTP/1.1" status: 204 len: 168 time: 0.1884894
2026-05-12 17:39:15.995 9 INFO neutron.db.ovn_revision_numbers_db [None req-3280258b-46e8-4f93-8b1d-46bec1aeaa1b 47cc16f72e9046638185cbc34bd09055 e4c9b40c70cc4d13aa8046933332264d - - default default] Successfully bumped revision number for resource 6801db8b-03e6-49be-b6a7-bd117c36bceb (type: security_groups) to 1
2026-05-12 17:39:16.011 9 INFO neutron.db.ovn_revision_numbers_db [None req-3280258b-46e8-4f93-8b1d-46bec1aeaa1b 47cc16f72e9046638185cbc34bd09055 e4c9b40c70cc4d13aa8046933332264d - - default default] Successfully bumped revision number for resource 650b5fc7-9eec-44fb-9b3e-71369880cbe0 (type: security_group_rules) to 0
2026-05-12 17:39:16.024 9 INFO neutron.db.ovn_revision_numbers_db [None req-3280258b-46e8-4f93-8b1d-46bec1aeaa1b 47cc16f72e9046638185cbc34bd09055 e4c9b40c70cc4d13aa8046933332264d - - default default] Successfully bumped revision number for resource 8177b3c1-6e39-489b-9249-41eaf8c7b5fb (type: security_group_rules) to 0
2026-05-12 17:39:16.037 9 INFO neutron.db.ovn_revision_numbers_db [None req-3280258b-46e8-4f93-8b1d-46bec1aeaa1b 47cc16f72e9046638185cbc34bd09055 e4c9b40c70cc4d13aa8046933332264d - - default default] Successfully bumped revision number for resource a2614b7d-9b97-4a7c-ae20-4a0a3e73b95b (type: security_group_rules) to 0
2026-05-12 17:39:16.049 9 INFO neutron.db.ovn_revision_numbers_db [None req-3280258b-46e8-4f93-8b1d-46bec1aeaa1b 47cc16f72e9046638185cbc34bd09055 e4c9b40c70cc4d13aa8046933332264d - - default default] Successfully bumped revision number for resource edad71b2-23bf-4211-982b-325cef682c03 (type: security_group_rules) to 0
2026-05-12 17:39:16.069 9 INFO neutron.wsgi [None req-3280258b-46e8-4f93-8b1d-46bec1aeaa1b 47cc16f72e9046638185cbc34bd09055 e4c9b40c70cc4d13aa8046933332264d - - default default] 10.0.0.112 "GET /v2.0/security-groups?tenant_id=4ae6f97bbc894a2592dc381766487ac7&name=default HTTP/1.1" status: 200 len: 2996 time: 0.2796824
2026-05-12 17:39:16.262 9 INFO neutron.wsgi [None req-e27566b5-6ec1-44a2-ad67-f2b152b2d570 47cc16f72e9046638185cbc34bd09055 e4c9b40c70cc4d13aa8046933332264d - - default default] 10.0.0.112 "DELETE /v2.0/security-groups/6801db8b-03e6-49be-b6a7-bd117c36bceb HTTP/1.1" status: 204 len: 168 time: 0.1883273
2026-05-12 17:39:16.634 9 INFO neutron.notifiers.nova [-] Nova event matching ['req-8a1bca19-7785-4ffb-804d-9b2d14a84f9c'] response: {'server_uuid': '0e5f5c89-343e-48e3-ae4e-017b77e429c8', 'name': 'network-vif-plugged', 'status': 'completed', 'tag': 'cf6e9d69-4813-4bee-846f-aa580e325e2b', 'code': 200}
2026-05-12 17:39:16.635 9 INFO neutron.notifiers.nova [-] Nova event matching ['req-8a1bca19-7785-4ffb-804d-9b2d14a84f9c'] response: {'server_uuid': '0e5f5c89-343e-48e3-ae4e-017b77e429c8', 'name': 'network-vif-deleted', 'tag': 'cf6e9d69-4813-4bee-846f-aa580e325e2b', 'status': 'completed', 'code': 200}
2026-05-12 17:39:16.758 9 INFO neutron.wsgi [None req-59a1536b-e98e-41e9-8dd9-abd89c117199 82f81d00ec974b52bb8677a9e88f2a85 a3b6186b0f7944ccb3d4339b200cf5ac - - default default] 10.0.0.112 "DELETE /v2.0/security-groups/27ea078d-677d-439b-bb5d-c7171410ded3 HTTP/1.1" status: 204 len: 168 time: 0.1368775
2026-05-12 17:39:16.770 9 INFO neutron.api.v2.resource [None req-2fd06c77-eecc-4315-b27c-64982a4a4e26 82f81d00ec974b52bb8677a9e88f2a85 a3b6186b0f7944ccb3d4339b200cf5ac - - default default] show failed (client error): The resource could not be found.
2026-05-12 17:39:16.771 9 INFO neutron.wsgi [None req-2fd06c77-eecc-4315-b27c-64982a4a4e26 82f81d00ec974b52bb8677a9e88f2a85 a3b6186b0f7944ccb3d4339b200cf5ac - - default default] 10.0.0.112 "GET /v2.0/security-groups/27ea078d-677d-439b-bb5d-c7171410ded3 HTTP/1.1" status: 404 len: 347 time: 0.0077939
2026-05-12 17:39:17.027 9 INFO neutron.wsgi [None req-98e014b6-ff09-4b01-bd56-462ad16a011f 82f81d00ec974b52bb8677a9e88f2a85 a3b6186b0f7944ccb3d4339b200cf5ac - - default default] 10.0.0.112 "DELETE /v2.0/floatingips/abca1a32-b514-4dd1-9eb8-0d24df207d47 HTTP/1.1" status: 204 len: 168 time: 0.2534959
2026-05-12 17:39:17.920 10 INFO neutron.db.ovn_revision_numbers_db [None req-924e0bcc-68bb-4278-b32b-78bd74ef6e31 47cc16f72e9046638185cbc34bd09055 e4c9b40c70cc4d13aa8046933332264d - - default default] Successfully bumped revision number for resource 9d24f116-c35b-420b-b2ff-93e41dbfab8c (type: security_groups) to 1
2026-05-12 17:39:17.931 10 INFO neutron.db.ovn_revision_numbers_db [None req-924e0bcc-68bb-4278-b32b-78bd74ef6e31 47cc16f72e9046638185cbc34bd09055 e4c9b40c70cc4d13aa8046933332264d - - default default] Successfully bumped revision number for resource 340ed5ba-dc71-448e-ba4e-75706be1d7b0 (type: security_group_rules) to 0
2026-05-12 17:39:17.942 10 INFO neutron.db.ovn_revision_numbers_db [None req-924e0bcc-68bb-4278-b32b-78bd74ef6e31 47cc16f72e9046638185cbc34bd09055 e4c9b40c70cc4d13aa8046933332264d - - default default] Successfully bumped revision number for resource c12fa052-9d5d-4936-ae5d-76d13da7f507 (type: security_group_rules) to 0
2026-05-12 17:39:17.967 10 INFO neutron.db.ovn_revision_numbers_db [None req-924e0bcc-68bb-4278-b32b-78bd74ef6e31 47cc16f72e9046638185cbc34bd09055 e4c9b40c70cc4d13aa8046933332264d - - default default] Successfully bumped revision number for resource c7d7f15d-40df-494a-8dd0-be322d0641e4 (type: security_group_rules) to 0
2026-05-12 17:39:17.989 10 INFO neutron.db.ovn_revision_numbers_db [None req-924e0bcc-68bb-4278-b32b-78bd74ef6e31 47cc16f72e9046638185cbc34bd09055 e4c9b40c70cc4d13aa8046933332264d - - default default] Successfully bumped revision number for resource ffa13e8b-d817-4999-8790-a93f86e46149 (type: security_group_rules) to 0
2026-05-12 17:39:18.049 10 INFO neutron.db.segments_db [None req-924e0bcc-68bb-4278-b32b-78bd74ef6e31 47cc16f72e9046638185cbc34bd09055 e4c9b40c70cc4d13aa8046933332264d - - default default] Added segment 3f191480-a882-4ee4-b686-87fb8c25b7fe of type geneve for network aaa51c7f-ed39-49f7-960a-88bdfac4a5e9
2026-05-12 17:39:18.091 9 INFO neutron.wsgi [None req-0c8f39f5-e028-40bb-b81f-8f9a6dcca542 47cc16f72e9046638185cbc34bd09055 e4c9b40c70cc4d13aa8046933332264d - - default default] 10.0.0.112 "PUT /v2.0/routers/ba2ef0d5-bb34-4065-bddb-b8d2c58671d1/remove_router_interface HTTP/1.1" status: 200 len: 503 time: 1.0576501 /var/lib/openstack/lib/python3.10/site-packages/pycadf/identifier.py:71: UserWarning: Invalid uuid: neutron. To ensure interoperability, identifiers should be a valid uuid. warnings.warn(('Invalid uuid: %s. To ensure interoperability, '
2026-05-12 17:39:18.224 10 INFO neutron.db.ovn_revision_numbers_db [None req-924e0bcc-68bb-4278-b32b-78bd74ef6e31 47cc16f72e9046638185cbc34bd09055 e4c9b40c70cc4d13aa8046933332264d - - default default] Successfully bumped revision number for resource aaa51c7f-ed39-49f7-960a-88bdfac4a5e9 (type: networks) to 1
2026-05-12 17:39:18.289 9 INFO neutron.wsgi [req-49dd90c0-53bf-4035-a190-c5297d2a2195 req-744a080d-01f5-406c-8f7d-3331868d2a37 fd1d834ba1c9430b8f8533c453a8c413 834387f5dee94207b2a58e537a558673 - - default default] 10.0.0.78 "GET /v2.0/ports?device_id=6375288c-1f7a-4e20-839e-8b6b00e1b155 HTTP/1.1" status: 200 len: 1170 time: 0.1280317
2026-05-12 17:39:18.378 9 INFO neutron.wsgi [req-24a28d47-97e0-470b-b251-570231580436 req-cca4cea9-d081-453f-96db-e0f52b672655 fd1d834ba1c9430b8f8533c453a8c413 834387f5dee94207b2a58e537a558673 - - default default] 10.0.0.78 "GET /v2.0/ports/8249fc33-3644-4236-935d-4cb9a3e68cf8 HTTP/1.1" status: 200 len: 1167 time: 0.0450232
2026-05-12 17:39:18.390 10 WARNING neutron.scheduler.dhcp_agent_scheduler [None req-924e0bcc-68bb-4278-b32b-78bd74ef6e31 47cc16f72e9046638185cbc34bd09055 e4c9b40c70cc4d13aa8046933332264d - - default default] No more DHCP agents
2026-05-12 17:39:18.391 10 WARNING neutron.api.rpc.agentnotifiers.dhcp_rpc_agent_api [None req-924e0bcc-68bb-4278-b32b-78bd74ef6e31 47cc16f72e9046638185cbc34bd09055 e4c9b40c70cc4d13aa8046933332264d - - default default] Unable to schedule network aaa51c7f-ed39-49f7-960a-88bdfac4a5e9: no agents available; will retry on subsequent port and subnet creation events.
2026-05-12 17:39:18.489 10 INFO neutron.db.ovn_revision_numbers_db [None req-924e0bcc-68bb-4278-b32b-78bd74ef6e31 47cc16f72e9046638185cbc34bd09055 e4c9b40c70cc4d13aa8046933332264d - - default default] Successfully bumped revision number for resource 0b6fe2a3-9368-40c5-80d7-257e45dd8412 (type: ports) to 1
2026-05-12 17:39:18.517 10 INFO neutron.wsgi [None req-924e0bcc-68bb-4278-b32b-78bd74ef6e31 47cc16f72e9046638185cbc34bd09055 e4c9b40c70cc4d13aa8046933332264d - - default default] 10.0.0.112 "POST /v2.0/networks HTTP/1.1" status: 201 len: 946 time: 0.9474955
2026-05-12 17:39:18.541 9 INFO neutron.wsgi [req-cd3e61c8-9b0e-46d8-99e2-e4c864eb2c0c req-642b0c96-b48b-4abe-9a65-f5ed58d2df09 fd1d834ba1c9430b8f8533c453a8c413 834387f5dee94207b2a58e537a558673 - - default default] 199.19.213.43 "GET /v2.0/subnets?network_id=06dc0d01-12c5-4ed3-bc29-4d50bc5b82a9 HTTP/1.1" status: 200 len: 858 time: 0.0424063
2026-05-12 17:39:18.618 9 INFO neutron.wsgi [req-cd3e61c8-9b0e-46d8-99e2-e4c864eb2c0c req-98e3b8e3-423e-4317-a8b0-76385fc8773e fd1d834ba1c9430b8f8533c453a8c413 834387f5dee94207b2a58e537a558673 - - default default] 199.19.213.43 "GET /v2.0/ports?device_id=6375288c-1f7a-4e20-839e-8b6b00e1b155&device_owner=compute%3Anova&network_id=06dc0d01-12c5-4ed3-bc29-4d50bc5b82a9 HTTP/1.1" status: 200 len: 1170 time: 0.0654149
2026-05-12 17:39:18.695 10 WARNING neutron.scheduler.dhcp_agent_scheduler [None req-b789c214-a119-4162-9ad1-ef41fb3db12e 47cc16f72e9046638185cbc34bd09055 e4c9b40c70cc4d13aa8046933332264d - - default default] No more DHCP agents
2026-05-12 17:39:18.700 10 WARNING neutron.api.rpc.agentnotifiers.dhcp_rpc_agent_api [None req-b789c214-a119-4162-9ad1-ef41fb3db12e 47cc16f72e9046638185cbc34bd09055 e4c9b40c70cc4d13aa8046933332264d - - default default] Unable to schedule network aaa51c7f-ed39-49f7-960a-88bdfac4a5e9: no agents available; will retry on subsequent port and subnet creation events.
2026-05-12 17:39:18.746 10 INFO neutron.db.ovn_revision_numbers_db [None req-c7fb0af9-29e9-4afc-9145-83ddb54d5474 47cc16f72e9046638185cbc34bd09055 e4c9b40c70cc4d13aa8046933332264d - - default default] Successfully bumped revision number for resource 1dc26e4d-f475-4451-8fb3-d4fb08172d68 (type: security_groups) to 1
2026-05-12 17:39:18.761 10 INFO neutron.db.ovn_revision_numbers_db [None req-c7fb0af9-29e9-4afc-9145-83ddb54d5474 47cc16f72e9046638185cbc34bd09055 e4c9b40c70cc4d13aa8046933332264d - - default default] Successfully bumped revision number for resource 5781183c-24a6-4293-8550-f51839d1085b (type: security_group_rules) to 0
2026-05-12 17:39:18.778 10 INFO neutron.db.ovn_revision_numbers_db [None req-c7fb0af9-29e9-4afc-9145-83ddb54d5474 47cc16f72e9046638185cbc34bd09055 e4c9b40c70cc4d13aa8046933332264d - - default default] Successfully bumped revision number for resource 58dcbd4c-9eb6-409c-b021-505ce8720883 (type: security_group_rules) to 0
2026-05-12 17:39:18.801 10 INFO neutron.db.ovn_revision_numbers_db [None req-c7fb0af9-29e9-4afc-9145-83ddb54d5474 47cc16f72e9046638185cbc34bd09055 e4c9b40c70cc4d13aa8046933332264d - - default default] Successfully bumped revision number for resource 5cd13ca5-4799-4f22-8178-bbcb3155552b (type: security_group_rules) to 0
2026-05-12 17:39:18.822 10 INFO neutron.db.ovn_revision_numbers_db [None req-c7fb0af9-29e9-4afc-9145-83ddb54d5474 47cc16f72e9046638185cbc34bd09055 e4c9b40c70cc4d13aa8046933332264d - - default default] Successfully bumped revision number for resource 94a22af8-14c3-4d75-84a9-f8d358d5c9e9 (type: security_group_rules) to 0
2026-05-12 17:39:18.855 10 INFO neutron.wsgi [None req-c7fb0af9-29e9-4afc-9145-83ddb54d5474 47cc16f72e9046638185cbc34bd09055 e4c9b40c70cc4d13aa8046933332264d - - default default] 10.0.0.112 "GET /v2.0/security-groups?tenant_id=48b004fddc6f4d2280cd6b78c1dfe93f&name=default HTTP/1.1" status: 200 len: 2996 time: 0.3616273
2026-05-12 17:39:19.160 10 INFO neutron.wsgi [None req-7971efbb-c38c-4284-bbbb-3e6636a4f977 47cc16f72e9046638185cbc34bd09055 e4c9b40c70cc4d13aa8046933332264d - - default default] 10.0.0.112 "DELETE /v2.0/security-groups/1dc26e4d-f475-4451-8fb3-d4fb08172d68 HTTP/1.1" status: 204 len: 168 time: 0.2970943
2026-05-12 17:39:19.249 10 INFO neutron.db.ovn_revision_numbers_db [None req-b789c214-a119-4162-9ad1-ef41fb3db12e 47cc16f72e9046638185cbc34bd09055 e4c9b40c70cc4d13aa8046933332264d - - default default] Successfully bumped revision number for resource 0b6fe2a3-9368-40c5-80d7-257e45dd8412 (type: ports) to 2
2026-05-12 17:39:19.290 10 INFO neutron.db.ovn_revision_numbers_db [None req-b789c214-a119-4162-9ad1-ef41fb3db12e 47cc16f72e9046638185cbc34bd09055 e4c9b40c70cc4d13aa8046933332264d - - default default] Successfully bumped revision number for resource af14d00f-4aab-4ac3-96c8-2ef33d8d459d (type: subnets) to 0
2026-05-12 17:39:19.304 10 INFO neutron.wsgi [None req-b789c214-a119-4162-9ad1-ef41fb3db12e 47cc16f72e9046638185cbc34bd09055 e4c9b40c70cc4d13aa8046933332264d - - default default] 10.0.0.112 "POST /v2.0/subnets HTTP/1.1" status: 201 len: 866 time: 0.7838705
2026-05-12 17:39:19.452 9 INFO neutron.wsgi [None req-802012a4-d9c5-4d1e-b183-b0dd491dbebc 47cc16f72e9046638185cbc34bd09055 e4c9b40c70cc4d13aa8046933332264d - - default default] 10.0.0.112 "DELETE /v2.0/routers/ba2ef0d5-bb34-4065-bddb-b8d2c58671d1 HTTP/1.1" status: 204 len: 168 time: 1.3560584
2026-05-12 17:39:19.539 9 INFO neutron.db.ovn_revision_numbers_db [req-cd3e61c8-9b0e-46d8-99e2-e4c864eb2c0c req-5fecb038-0b22-4410-9fd2-eacb0ae9f97f fd1d834ba1c9430b8f8533c453a8c413 834387f5dee94207b2a58e537a558673 - - default default] Successfully bumped revision number for resource 8249fc33-3644-4236-935d-4cb9a3e68cf8 (type: ports) to 5
2026-05-12 17:39:19.551 9 INFO neutron.wsgi [req-cd3e61c8-9b0e-46d8-99e2-e4c864eb2c0c req-5fecb038-0b22-4410-9fd2-eacb0ae9f97f fd1d834ba1c9430b8f8533c453a8c413 834387f5dee94207b2a58e537a558673 - - default default] 199.19.213.43 "PUT /v2.0/ports/8249fc33-3644-4236-935d-4cb9a3e68cf8 HTTP/1.1" status: 200 len: 1349 time: 0.9286442 /var/lib/openstack/lib/python3.10/site-packages/pycadf/identifier.py:71: UserWarning: Invalid uuid: neutron. To ensure interoperability, identifiers should be a valid uuid. warnings.warn(('Invalid uuid: %s. To ensure interoperability, '
2026-05-12 17:39:19.594 9 INFO neutron.notifiers.nova [-] Nova event matching ['req-233b5d7c-a4c2-4f55-83ae-0998a2394dff'] response: {'name': 'network-changed', 'server_uuid': '6375288c-1f7a-4e20-839e-8b6b00e1b155', 'tag': '8249fc33-3644-4236-935d-4cb9a3e68cf8', 'status': 'completed', 'code': 200}
2026-05-12 17:39:19.615 9 INFO neutron.wsgi [req-cd3e61c8-9b0e-46d8-99e2-e4c864eb2c0c req-cb9c6055-bf67-46c3-9e3c-c1456e43540a e9b5f01a8d8347b98401cc1ba37cd678 f1aefb37df6f44aaa8d030aa698c8832 - - f7b2a552975f4b9f8031dad981529eb6 f7b2a552975f4b9f8031dad981529eb6] 199.19.213.43 "GET /v2.0/ports?tenant_id=834387f5dee94207b2a58e537a558673&device_id=6375288c-1f7a-4e20-839e-8b6b00e1b155 HTTP/1.1" status: 200 len: 1590 time: 0.0452521
2026-05-12 17:39:19.683 9 INFO neutron.wsgi [req-cd3e61c8-9b0e-46d8-99e2-e4c864eb2c0c req-58054852-7a39-4c54-97d6-2f8d92b48f61 e9b5f01a8d8347b98401cc1ba37cd678 f1aefb37df6f44aaa8d030aa698c8832 - - f7b2a552975f4b9f8031dad981529eb6 f7b2a552975f4b9f8031dad981529eb6] 199.19.213.43 "GET /v2.0/networks?id=06dc0d01-12c5-4ed3-bc29-4d50bc5b82a9 HTTP/1.1" status: 200 len: 981 time: 0.0620232
2026-05-12 17:39:19.706 10 INFO neutron.wsgi [None req-f1993feb-6b9b-4081-b043-920ef07bef37 47cc16f72e9046638185cbc34bd09055 e4c9b40c70cc4d13aa8046933332264d - - default default] 10.0.0.112 "DELETE /v2.0/subnets/d20e8c49-3711-44c3-8edb-8996525e0f68 HTTP/1.1" status: 204 len: 168 time: 0.2491815
2026-05-12 17:39:19.723 9 INFO neutron.wsgi [req-cd3e61c8-9b0e-46d8-99e2-e4c864eb2c0c req-0e031c56-2c50-45c5-bb9d-fd19feda63fe e9b5f01a8d8347b98401cc1ba37cd678 f1aefb37df6f44aaa8d030aa698c8832 - - f7b2a552975f4b9f8031dad981529eb6 f7b2a552975f4b9f8031dad981529eb6] 199.19.213.43 "GET /v2.0/floatingips?fixed_ip_address=10.100.0.14&port_id=8249fc33-3644-4236-935d-4cb9a3e68cf8 HTTP/1.1" status: 200 len: 217 time: 0.0320182
2026-05-12 17:39:19.785 9 INFO neutron.wsgi [req-cd3e61c8-9b0e-46d8-99e2-e4c864eb2c0c req-f577e53f-ca20-48c0-a89d-d27902c0335d e9b5f01a8d8347b98401cc1ba37cd678 f1aefb37df6f44aaa8d030aa698c8832 - - f7b2a552975f4b9f8031dad981529eb6 f7b2a552975f4b9f8031dad981529eb6] 199.19.213.43 "GET /v2.0/floatingips?fixed_ip_address=10.100.0.4&port_id=8249fc33-3644-4236-935d-4cb9a3e68cf8 HTTP/1.1" status: 200 len: 1059 time: 0.0522606
2026-05-12 17:39:19.811 10 WARNING neutron.scheduler.dhcp_agent_scheduler [None req-11eebec9-7144-46d9-8563-481257f9172d 47cc16f72e9046638185cbc34bd09055 e4c9b40c70cc4d13aa8046933332264d - - default default] No more DHCP agents
2026-05-12 17:39:19.816 10 WARNING neutron.api.rpc.agentnotifiers.dhcp_rpc_agent_api [None req-11eebec9-7144-46d9-8563-481257f9172d 47cc16f72e9046638185cbc34bd09055 e4c9b40c70cc4d13aa8046933332264d - - default default] Unable to schedule network 91c7c4b7-9d1f-490c-8b0f-73b9bd6de455: no agents available; will retry on subsequent port and subnet creation events.
2026-05-12 17:39:19.826 9 INFO neutron.wsgi [req-cd3e61c8-9b0e-46d8-99e2-e4c864eb2c0c req-6a8c3067-da5e-4b58-bd17-6c43d8eec652 e9b5f01a8d8347b98401cc1ba37cd678 f1aefb37df6f44aaa8d030aa698c8832 - - f7b2a552975f4b9f8031dad981529eb6 f7b2a552975f4b9f8031dad981529eb6] 199.19.213.43 "GET /v2.0/subnets?id=22dda620-f696-49e6-8115-d9e522e6c226 HTTP/1.1" status: 200 len: 876 time: 0.0331481
2026-05-12 17:39:19.862 9 INFO neutron.wsgi [req-cd3e61c8-9b0e-46d8-99e2-e4c864eb2c0c req-0ebb044a-5cd7-49bb-8ed8-f069b1c1165a e9b5f01a8d8347b98401cc1ba37cd678 f1aefb37df6f44aaa8d030aa698c8832 - - f7b2a552975f4b9f8031dad981529eb6 f7b2a552975f4b9f8031dad981529eb6] 199.19.213.43 "GET /v2.0/ports?network_id=06dc0d01-12c5-4ed3-bc29-4d50bc5b82a9&device_owner=network%3Adhcp HTTP/1.1" status: 200 len: 210 time: 0.0300467
2026-05-12 17:39:19.919 9 INFO neutron.wsgi [req-cd3e61c8-9b0e-46d8-99e2-e4c864eb2c0c req-5792e8b0-2927-404f-8633-ae21fe02d242 e9b5f01a8d8347b98401cc1ba37cd678 f1aefb37df6f44aaa8d030aa698c8832 - - f7b2a552975f4b9f8031dad981529eb6 f7b2a552975f4b9f8031dad981529eb6] 199.19.213.43 "GET /v2.0/networks/06dc0d01-12c5-4ed3-bc29-4d50bc5b82a9?fields=segments HTTP/1.1" status: 200 len: 212 time: 0.0521350
2026-05-12 17:39:19.990 9 INFO neutron.wsgi [req-cd3e61c8-9b0e-46d8-99e2-e4c864eb2c0c req-28a7682c-21f3-44fd-a107-8aaa63ae78a9 e9b5f01a8d8347b98401cc1ba37cd678 f1aefb37df6f44aaa8d030aa698c8832 - - f7b2a552975f4b9f8031dad981529eb6 f7b2a552975f4b9f8031dad981529eb6] 199.19.213.43 "GET /v2.0/networks/06dc0d01-12c5-4ed3-bc29-4d50bc5b82a9?fields=provider%3Aphysical_network&fields=provider%3Anetwork_type HTTP/1.1" status: 200 len: 277 time: 0.0627062
2026-05-12 17:39:20.019 10 INFO neutron.db.ovn_revision_numbers_db [None req-11eebec9-7144-46d9-8563-481257f9172d 47cc16f72e9046638185cbc34bd09055 e4c9b40c70cc4d13aa8046933332264d - - default default] Successfully bumped revision number for resource 72197347-4793-4df9-accc-f2263020bd9f (type: ports) to 1
2026-05-12 17:39:20.069 9 INFO neutron.wsgi [req-816615cc-f86f-4ba0-92fd-ba34b65651a8 req-a702c607-729a-453d-886d-1d5ce575b56b e9b5f01a8d8347b98401cc1ba37cd678 f1aefb37df6f44aaa8d030aa698c8832 - - f7b2a552975f4b9f8031dad981529eb6 f7b2a552975f4b9f8031dad981529eb6] 199.19.213.43 "GET /v2.0/ports?tenant_id=834387f5dee94207b2a58e537a558673&device_id=6375288c-1f7a-4e20-839e-8b6b00e1b155 HTTP/1.1" status: 200 len: 1590 time: 0.0368929
2026-05-12 17:39:20.133 9 INFO neutron.wsgi [req-816615cc-f86f-4ba0-92fd-ba34b65651a8 req-aaa938db-1aad-4855-bbad-002ae49c9fc1 e9b5f01a8d8347b98401cc1ba37cd678 f1aefb37df6f44aaa8d030aa698c8832 - - f7b2a552975f4b9f8031dad981529eb6 f7b2a552975f4b9f8031dad981529eb6] 199.19.213.43 "GET /v2.0/networks?id=06dc0d01-12c5-4ed3-bc29-4d50bc5b82a9 HTTP/1.1" status: 200 len: 981 time: 0.0565140
2026-05-12 17:39:20.141 10 INFO neutron.services.segments.plugin [-] Segment ddf54400-2f3e-494b-b341-eecbf87787a2 resource provider aggregate not found
2026-05-12 17:39:20.145 10 INFO neutron.services.segments.plugin [-] Segment ddf54400-2f3e-494b-b341-eecbf87787a2 resource provider aggregate not found
2026-05-12 17:39:20.160 9 INFO neutron.wsgi [req-816615cc-f86f-4ba0-92fd-ba34b65651a8 req-28fddc95-9007-4399-a85e-ae882b8943ab e9b5f01a8d8347b98401cc1ba37cd678 f1aefb37df6f44aaa8d030aa698c8832 - - f7b2a552975f4b9f8031dad981529eb6 f7b2a552975f4b9f8031dad981529eb6] 199.19.213.43 "GET /v2.0/floatingips?fixed_ip_address=10.100.0.14&port_id=8249fc33-3644-4236-935d-4cb9a3e68cf8 HTTP/1.1" status: 200 len: 217 time: 0.0204158
2026-05-12 17:39:20.162 10 INFO neutron.services.segments.plugin [-] Segment ddf54400-2f3e-494b-b341-eecbf87787a2 resource provider not found; error: Placement Client Error (4xx): {"errors": [{"status": 404, "title": "Not Found", "detail": "The resource could not be found.\n\n No resource provider with uuid ddf54400-2f3e-494b-b341-eecbf87787a2 found for delete ", "request_id": "req-adb1f671-8d8f-49b1-ab6a-cbbb3552cbd2"}]}
