2026-05-12 17:40:11.395 10 INFO neutron.db.segments_db [None req-042768e3-3047-4317-bb09-c7c50c56e245 36ad76e64d7142aea71d6ef57f59791b 982adbdf687a40768074131f551410cc - - default default] Added segment 0d749c83-3d56-430b-a97a-8bd8ec5b5219 of type geneve for network 8c8c53ba-56b5-4a13-b540-daca2780c156
2026-05-12 17:40:11.544 10 INFO neutron.db.ovn_revision_numbers_db [None req-042768e3-3047-4317-bb09-c7c50c56e245 36ad76e64d7142aea71d6ef57f59791b 982adbdf687a40768074131f551410cc - - default default] Successfully bumped revision number for resource 8c8c53ba-56b5-4a13-b540-daca2780c156 (type: networks) to 1
2026-05-12 17:40:11.729 10 WARNING neutron.scheduler.dhcp_agent_scheduler [None req-042768e3-3047-4317-bb09-c7c50c56e245 36ad76e64d7142aea71d6ef57f59791b 982adbdf687a40768074131f551410cc - - default default] No more DHCP agents
2026-05-12 17:40:11.731 10 WARNING neutron.api.rpc.agentnotifiers.dhcp_rpc_agent_api [None req-042768e3-3047-4317-bb09-c7c50c56e245 36ad76e64d7142aea71d6ef57f59791b 982adbdf687a40768074131f551410cc - - default default] Unable to schedule network 8c8c53ba-56b5-4a13-b540-daca2780c156: no agents available; will retry on subsequent port and subnet creation events.
2026-05-12 17:40:11.803 9 INFO neutron.wsgi [None req-cdf3b950-eb76-48fe-ab65-f45e9354cf53 75e8ee8b74b64592a292d63c5c9bc840 b94abb8e524d47209a36037859a72dfb - - default default] 10.0.0.112 "PUT /v2.0/routers/268a0a41-fbf1-4e7a-99e2-bdb42f0c5bc1/remove_router_interface HTTP/1.1" status: 200 len: 503 time: 0.8383856 /var/lib/openstack/lib/python3.10/site-packages/pycadf/identifier.py:71: UserWarning: Invalid uuid: neutron. To ensure interoperability, identifiers should be a valid uuid. warnings.warn(('Invalid uuid: %s. To ensure interoperability, '
2026-05-12 17:40:11.826 10 INFO neutron.db.ovn_revision_numbers_db [None req-042768e3-3047-4317-bb09-c7c50c56e245 36ad76e64d7142aea71d6ef57f59791b 982adbdf687a40768074131f551410cc - - default default] Successfully bumped revision number for resource 7e30d483-5bf4-480a-a342-95f689becfb3 (type: ports) to 1
2026-05-12 17:40:11.850 10 INFO neutron.wsgi [None req-042768e3-3047-4317-bb09-c7c50c56e245 36ad76e64d7142aea71d6ef57f59791b 982adbdf687a40768074131f551410cc - - default default] 10.0.0.112 "POST /v2.0/networks HTTP/1.1" status: 201 len: 853 time: 0.5371811
2026-05-12 17:40:11.860 9 WARNING neutron_lib.context [None req-ed5f3910-f995-4254-a297-1b4e71a5bb55 36ad76e64d7142aea71d6ef57f59791b 982adbdf687a40768074131f551410cc - - default default] Method 'is_advsvc' is deprecated since 2023.2 release (neutron-lib 3.8.0) and will be removed once support for the old RBAC API policies will be removed from Neutron. Please use method 'is_service_role' instead.
2026-05-12 17:40:11.949 9 INFO neutron.db.segments_db [None req-ed5f3910-f995-4254-a297-1b4e71a5bb55 36ad76e64d7142aea71d6ef57f59791b 982adbdf687a40768074131f551410cc - - default default] Added segment df000043-4d04-48ec-870c-3f875db79d3c of type geneve for network 524da89d-4876-48f8-9a2f-a0bcb5c8ffaf
2026-05-12 17:40:12.146 9 INFO neutron.db.ovn_revision_numbers_db [None req-ed5f3910-f995-4254-a297-1b4e71a5bb55 36ad76e64d7142aea71d6ef57f59791b 982adbdf687a40768074131f551410cc - - default default] Successfully bumped revision number for resource 524da89d-4876-48f8-9a2f-a0bcb5c8ffaf (type: networks) to 1
2026-05-12 17:40:12.173 10 INFO neutron.wsgi [req-a582b029-0d8c-454e-8e80-484a15b2fa62 req-68ed4fa5-9d8c-4688-9e20-d4e1fd5b6a56 e9b5f01a8d8347b98401cc1ba37cd678 f1aefb37df6f44aaa8d030aa698c8832 - - f7b2a552975f4b9f8031dad981529eb6 f7b2a552975f4b9f8031dad981529eb6] 10.0.0.72 "GET /v2.0/ports?device_id=fc0194ee-4b37-40b2-8ac3-ac50b9969110 HTTP/1.1" status: 200 len: 1413 time: 0.1600943
2026-05-12 17:40:12.184 10 INFO neutron.wsgi [req-fbd472bc-2a4d-4f4f-a920-26d3002e051c req-caff5f94-aaf7-461d-8219-2823ff4fd867 e9b5f01a8d8347b98401cc1ba37cd678 f1aefb37df6f44aaa8d030aa698c8832 - - f7b2a552975f4b9f8031dad981529eb6 f7b2a552975f4b9f8031dad981529eb6] 10.0.0.72 "GET /v2.0/ports?device_id=56414d21-d063-481c-8f60-f25a559662ab HTTP/1.1" status: 200 len: 1413 time: 0.0427375
2026-05-12 17:40:12.220 10 INFO neutron.wsgi [req-a582b029-0d8c-454e-8e80-484a15b2fa62 req-b25ea12a-8901-41f9-bb38-5482573eb9d7 e9b5f01a8d8347b98401cc1ba37cd678 f1aefb37df6f44aaa8d030aa698c8832 - - f7b2a552975f4b9f8031dad981529eb6 f7b2a552975f4b9f8031dad981529eb6] 10.0.0.72 "GET /v2.0/security-groups?id=81a865e6-cdab-4287-a720-1a985c980d9a&fields=id&fields=name HTTP/1.1" status: 200 len: 313 time: 0.0416040
2026-05-12 17:40:12.228 10 INFO neutron.wsgi [req-fbd472bc-2a4d-4f4f-a920-26d3002e051c req-95fc0916-4154-41cc-85ee-dabdb36dbc30 e9b5f01a8d8347b98401cc1ba37cd678 f1aefb37df6f44aaa8d030aa698c8832 - - f7b2a552975f4b9f8031dad981529eb6 f7b2a552975f4b9f8031dad981529eb6] 10.0.0.72 "GET /v2.0/security-groups?id=d4fcf07b-ae57-46f5-bb0d-000e2f448941&fields=id&fields=name HTTP/1.1" status: 200 len: 312 time: 0.0343094
2026-05-12 17:40:12.385 9 WARNING neutron.scheduler.dhcp_agent_scheduler [None req-ed5f3910-f995-4254-a297-1b4e71a5bb55 36ad76e64d7142aea71d6ef57f59791b 982adbdf687a40768074131f551410cc - - default default] No more DHCP agents
2026-05-12 17:40:12.390 9 WARNING neutron.api.rpc.agentnotifiers.dhcp_rpc_agent_api [None req-ed5f3910-f995-4254-a297-1b4e71a5bb55 36ad76e64d7142aea71d6ef57f59791b 982adbdf687a40768074131f551410cc - - default default] Unable to schedule network 524da89d-4876-48f8-9a2f-a0bcb5c8ffaf: no agents available; will retry on subsequent port and subnet creation events.
2026-05-12 17:40:12.545 9 INFO neutron.db.ovn_revision_numbers_db [None req-ed5f3910-f995-4254-a297-1b4e71a5bb55 36ad76e64d7142aea71d6ef57f59791b 982adbdf687a40768074131f551410cc - - default default] Successfully bumped revision number for resource bde70b3d-8290-43b7-9617-ceb3e3a77121 (type: ports) to 1
2026-05-12 17:40:12.587 9 INFO neutron.wsgi [None req-ed5f3910-f995-4254-a297-1b4e71a5bb55 36ad76e64d7142aea71d6ef57f59791b 982adbdf687a40768074131f551410cc - - default default] 10.0.0.112 "POST /v2.0/networks HTTP/1.1" status: 201 len: 853 time: 0.7321541
2026-05-12 17:40:12.828 10 WARNING neutron.plugins.ml2.drivers.ovn.mech_driver.ovsdb.ovn_client [None req-dccbfcc7-2f93-4273-bcec-7377bf79d4cc - - - - - -] No port found with ID 7a5e955a-f464-41f9-b88e-27f3b3caf299: RuntimeError: No port found with ID 7a5e955a-f464-41f9-b88e-27f3b3caf299
2026-05-12 17:40:13.025 10 WARNING neutron_lib.context [None req-f9d91382-2acd-4b64-80ec-ca39b33c017f 36ad76e64d7142aea71d6ef57f59791b 982adbdf687a40768074131f551410cc - - default default] Method 'is_advsvc' is deprecated since 2023.2 release (neutron-lib 3.8.0) and will be removed once support for the old RBAC API policies will be removed from Neutron. Please use method 'is_service_role' instead.
2026-05-12 17:40:13.067 10 WARNING neutron_lib.context [None req-f9d91382-2acd-4b64-80ec-ca39b33c017f 36ad76e64d7142aea71d6ef57f59791b 982adbdf687a40768074131f551410cc - - default default] Method 'is_advsvc' is deprecated since 2023.2 release (neutron-lib 3.8.0) and will be removed once support for the old RBAC API policies will be removed from Neutron. Please use method 'is_service_role' instead.
2026-05-12 17:40:13.105 9 INFO neutron.wsgi [None req-ab9d8a97-a5b8-400a-bcf0-dfe3e6d91d22 75e8ee8b74b64592a292d63c5c9bc840 b94abb8e524d47209a36037859a72dfb - - default default] 10.0.0.112 "DELETE /v2.0/routers/268a0a41-fbf1-4e7a-99e2-bdb42f0c5bc1 HTTP/1.1" status: 204 len: 168 time: 1.2961838
2026-05-12 17:40:13.339 9 INFO neutron.wsgi [None req-a86d203f-822b-4af6-b565-8a9f2b8be717 75e8ee8b74b64592a292d63c5c9bc840 b94abb8e524d47209a36037859a72dfb - - default default] 10.0.0.112 "DELETE /v2.0/subnets/a2722aed-d2aa-445b-8b36-1157e6b0474b HTTP/1.1" status: 204 len: 168 time: 0.2294080
2026-05-12 17:40:13.447 10 WARNING neutron.scheduler.dhcp_agent_scheduler [None req-f9d91382-2acd-4b64-80ec-ca39b33c017f 36ad76e64d7142aea71d6ef57f59791b 982adbdf687a40768074131f551410cc - - default default] No more DHCP agents
2026-05-12 17:40:13.449 10 WARNING neutron.api.rpc.agentnotifiers.dhcp_rpc_agent_api [None req-f9d91382-2acd-4b64-80ec-ca39b33c017f 36ad76e64d7142aea71d6ef57f59791b 982adbdf687a40768074131f551410cc - - default default] Unable to schedule network 8c8c53ba-56b5-4a13-b540-daca2780c156: no agents available; will retry on subsequent port and subnet creation events.
2026-05-12 17:40:13.484 10 INFO neutron.db.ovn_revision_numbers_db [None req-f9d91382-2acd-4b64-80ec-ca39b33c017f 36ad76e64d7142aea71d6ef57f59791b 982adbdf687a40768074131f551410cc - - default default] Successfully bumped revision number for resource aae02973-ca06-4bce-9cba-26c4a09e192b (type: subnets) to 0
2026-05-12 17:40:13.509 10 WARNING neutron.scheduler.dhcp_agent_scheduler [None req-f9d91382-2acd-4b64-80ec-ca39b33c017f 36ad76e64d7142aea71d6ef57f59791b 982adbdf687a40768074131f551410cc - - default default] No more DHCP agents
2026-05-12 17:40:13.511 10 WARNING neutron.api.rpc.agentnotifiers.dhcp_rpc_agent_api [None req-f9d91382-2acd-4b64-80ec-ca39b33c017f 36ad76e64d7142aea71d6ef57f59791b 982adbdf687a40768074131f551410cc - - default default] Unable to schedule network 524da89d-4876-48f8-9a2f-a0bcb5c8ffaf: no agents available; will retry on subsequent port and subnet creation events.
2026-05-12 17:40:13.539 10 INFO neutron.db.ovn_revision_numbers_db [None req-f9d91382-2acd-4b64-80ec-ca39b33c017f 36ad76e64d7142aea71d6ef57f59791b 982adbdf687a40768074131f551410cc - - default default] Successfully bumped revision number for resource f05aeb08-7515-4929-9adb-3051f30ddf6d (type: subnets) to 0
2026-05-12 17:40:13.554 10 INFO neutron.wsgi [None req-f9d91382-2acd-4b64-80ec-ca39b33c017f 36ad76e64d7142aea71d6ef57f59791b 982adbdf687a40768074131f551410cc - - default default] 10.0.0.112 "POST /v2.0/subnets HTTP/1.1" status: 201 len: 1474 time: 0.5340095
2026-05-12 17:40:13.604 10 INFO neutron.wsgi [None req-36d81221-56aa-4abb-afa1-455c2523176c 36ad76e64d7142aea71d6ef57f59791b 982adbdf687a40768074131f551410cc - - default default] 10.0.0.112 "GET /v2.0/subnets HTTP/1.1" status: 200 len: 2082 time: 0.0450890
2026-05-12 17:40:13.648 9 INFO neutron.services.segments.plugin [-] Segment 62e40f1c-245e-4cb3-85c5-b4a0da887dc4 resource provider aggregate not found
2026-05-12 17:40:13.665 9 INFO neutron.services.segments.plugin [-] Segment 62e40f1c-245e-4cb3-85c5-b4a0da887dc4 resource provider aggregate not found
2026-05-12 17:40:13.672 9 INFO neutron.services.segments.plugin [-] Segment 62e40f1c-245e-4cb3-85c5-b4a0da887dc4 resource provider not found; error: Placement Client Error (4xx): {"errors": [{"status": 404, "title": "Not Found", "detail": "The resource could not be found.\n\n No resource provider with uuid 62e40f1c-245e-4cb3-85c5-b4a0da887dc4 found for delete ", "request_id": "req-3f96b366-f4fe-4136-9f9c-b0be9cda7f3f"}]}
2026-05-12 17:40:13.682 9 INFO neutron.services.segments.plugin [-] Segment 62e40f1c-245e-4cb3-85c5-b4a0da887dc4 resource provider not found; error: Placement Client Error (4xx): {"errors": [{"status": 404, "title": "Not Found", "detail": "The resource could not be found.\n\n No resource provider with uuid 62e40f1c-245e-4cb3-85c5-b4a0da887dc4 found for delete ", "request_id": "req-e2e03033-c656-47a9-a793-bca8a6fc328a"}]}
2026-05-12 17:40:13.713 9 INFO neutron.wsgi [None req-50aaa305-6ffa-4125-9412-25ba52b12662 75e8ee8b74b64592a292d63c5c9bc840 b94abb8e524d47209a36037859a72dfb - - default default] 10.0.0.112 "DELETE /v2.0/networks/42aba132-fd63-47a8-b76e-ed965f915cff HTTP/1.1" status: 204 len: 168 time: 0.3686976
2026-05-12 17:40:13.815 10 INFO neutron.wsgi [None req-57fff12f-d45e-4eff-9f04-6b4285fbf38e 36ad76e64d7142aea71d6ef57f59791b 982adbdf687a40768074131f551410cc - - default default] 10.0.0.112 "DELETE /v2.0/subnets/aae02973-ca06-4bce-9cba-26c4a09e192b HTTP/1.1" status: 204 len: 168 time: 0.1964099
2026-05-12 17:40:14.030 10 INFO neutron.plugins.ml2.drivers.ovn.mech_driver.mech_driver [None req-dccbfcc7-2f93-4273-bcec-7377bf79d4cc - - - - - -] OVN reports status down for port: 9501c1d9-3bc5-4cb6-8666-0e7decc3b16e
2026-05-12 17:40:14.035 10 INFO neutron.wsgi [None req-eec86754-421e-4100-848e-98d57d299d14 36ad76e64d7142aea71d6ef57f59791b 982adbdf687a40768074131f551410cc - - default default] 10.0.0.112 "DELETE /v2.0/subnets/f05aeb08-7515-4929-9adb-3051f30ddf6d HTTP/1.1" status: 204 len: 168 time: 0.2140920
2026-05-12 17:40:14.094 9 INFO neutron.wsgi [req-7c0e6bb2-c77f-4d81-bf27-bd800f32b90a req-37c9f375-3356-4cee-9895-26ab89f87e5b 163592f9849c495c836dbd99d6f8c6d5 f22e11b4dfd9452e926f1303062920ed - - default default] 10.0.0.78 "GET /v2.0/ports?device_id=fc0194ee-4b37-40b2-8ac3-ac50b9969110 HTTP/1.1" status: 200 len: 1174 time: 0.1205482
2026-05-12 17:40:14.097 9 INFO neutron.wsgi [None req-0af123e6-fefe-442b-8666-ec26bdad1d7d 36ad76e64d7142aea71d6ef57f59791b 982adbdf687a40768074131f551410cc - - default default] 10.0.0.112 "GET /v2.0/subnets HTTP/1.1" status: 200 len: 820 time: 0.0572710
2026-05-12 17:40:14.138 9 INFO neutron.wsgi [req-7c0e6bb2-c77f-4d81-bf27-bd800f32b90a req-7c9de0ca-6af0-405a-bfcb-b8a1eac2b889 163592f9849c495c836dbd99d6f8c6d5 f22e11b4dfd9452e926f1303062920ed - - default default] 10.0.0.78 "GET /v2.0/security-groups?id=81a865e6-cdab-4287-a720-1a985c980d9a&fields=id&fields=name HTTP/1.1" status: 200 len: 313 time: 0.0317569
2026-05-12 17:40:14.196 10 INFO neutron.notifiers.nova [-] Nova event matching ['req-8191cf42-ae28-4167-b949-8ff4c3b13535'] response: {'server_uuid': 'fc0194ee-4b37-40b2-8ac3-ac50b9969110', 'name': 'network-vif-unplugged', 'status': 'completed', 'tag': '9501c1d9-3bc5-4cb6-8666-0e7decc3b16e', 'code': 200}
2026-05-12 17:40:14.401 9 INFO neutron.wsgi [None req-9887bb77-a627-492e-afb0-40c967022bcd 47cc16f72e9046638185cbc34bd09055 e4c9b40c70cc4d13aa8046933332264d - - default default] 10.0.0.112 "GET /v2.0/security-groups?tenant_id=b94abb8e524d47209a36037859a72dfb&name=default HTTP/1.1" status: 200 len: 2996 time: 0.1411207
2026-05-12 17:40:14.439 10 INFO neutron.wsgi [req-effbedf8-d44b-4a8f-b97a-0ff685258aee req-0c34e7b2-fe70-4971-965b-6fbc092703c7 163592f9849c495c836dbd99d6f8c6d5 f22e11b4dfd9452e926f1303062920ed - - default default] 199.19.213.43 "GET /v2.0/ports?device_id=fc0194ee-4b37-40b2-8ac3-ac50b9969110 HTTP/1.1" status: 200 len: 1172 time: 0.1622767
2026-05-12 17:40:14.525 10 INFO neutron.db.ovn_revision_numbers_db [None req-dccbfcc7-2f93-4273-bcec-7377bf79d4cc - - - - - -] Successfully bumped revision number for resource 9501c1d9-3bc5-4cb6-8666-0e7decc3b16e (type: ports) to 5
2026-05-12 17:40:14.585 9 INFO neutron.wsgi [None req-ce90a0f1-888b-4aed-a6d3-b5e5047664f0 47cc16f72e9046638185cbc34bd09055 e4c9b40c70cc4d13aa8046933332264d - - default default] 10.0.0.112 "DELETE /v2.0/security-groups/898e7bea-2b2a-4041-a23f-1c0dd38b48ea HTTP/1.1" status: 204 len: 168 time: 0.1783791
2026-05-12 17:40:14.697 10 INFO neutron.services.segments.plugin [-] Segment df000043-4d04-48ec-870c-3f875db79d3c resource provider aggregate not found
2026-05-12 17:40:14.701 10 INFO neutron.services.segments.plugin [-] Segment df000043-4d04-48ec-870c-3f875db79d3c resource provider aggregate not found
2026-05-12 17:40:14.719 10 INFO neutron.services.segments.plugin [-] Segment df000043-4d04-48ec-870c-3f875db79d3c resource provider not found; error: Placement Client Error (4xx): {"errors": [{"status": 404, "title": "Not Found", "detail": "The resource could not be found.\n\n No resource provider with uuid df000043-4d04-48ec-870c-3f875db79d3c found for delete ", "request_id": "req-345f259a-923e-4cfd-b59a-c3165c77e294"}]}
2026-05-12 17:40:14.720 10 INFO neutron.services.segments.plugin [-] Segment df000043-4d04-48ec-870c-3f875db79d3c resource provider not found; error: Placement Client Error (4xx): {"errors": [{"status": 404, "title": "Not Found", "detail": "The resource could not be found.\n\n No resource provider with uuid df000043-4d04-48ec-870c-3f875db79d3c found for delete ", "request_id": "req-8294060a-1bea-4000-855a-bb642e87058c"}]}
2026-05-12 17:40:14.764 10 INFO neutron.wsgi [None req-8150aa1b-c89e-4c06-8cd2-b433c5402a8b 36ad76e64d7142aea71d6ef57f59791b 982adbdf687a40768074131f551410cc - - default default] 10.0.0.112 "DELETE /v2.0/networks/524da89d-4876-48f8-9a2f-a0bcb5c8ffaf HTTP/1.1" status: 204 len: 168 time: 0.6561074
2026-05-12 17:40:15.072 10 INFO neutron.db.l3_db [req-effbedf8-d44b-4a8f-b97a-0ff685258aee req-6102b9b6-7985-49f8-be7a-95430e8115cc 163592f9849c495c836dbd99d6f8c6d5 f22e11b4dfd9452e926f1303062920ed - - default default] Floating IP f54f7972-4914-4a82-9bfd-978251aae2bf disassociated. External IP: 10.96.250.207, port: 9501c1d9-3bc5-4cb6-8666-0e7decc3b16e.
2026-05-12 17:40:15.089 9 INFO neutron.wsgi [None req-14dc9d95-1b60-40a1-82e9-9457ddd572e9 36ad76e64d7142aea71d6ef57f59791b 982adbdf687a40768074131f551410cc - - default default] 10.0.0.112 "DELETE /v2.0/networks/8c8c53ba-56b5-4a13-b540-daca2780c156 HTTP/1.1" status: 204 len: 168 time: 0.3194861 /var/lib/openstack/lib/python3.10/site-packages/pycadf/identifier.py:71: UserWarning: Invalid uuid: neutron. To ensure interoperability, identifiers should be a valid uuid. warnings.warn(('Invalid uuid: %s. To ensure interoperability, '
2026-05-12 17:40:15.243 9 INFO neutron.wsgi [req-29786235-de6c-409b-9dc1-02f981faacb5 req-ba0245d1-2d8c-4355-ba4b-5ae0ef4373b4 163592f9849c495c836dbd99d6f8c6d5 f22e11b4dfd9452e926f1303062920ed - - default default] 10.0.0.78 "GET /v2.0/ports?device_id=fc0194ee-4b37-40b2-8ac3-ac50b9969110 HTTP/1.1" status: 200 len: 1172 time: 0.0355787
2026-05-12 17:40:15.285 9 INFO neutron.wsgi [req-29786235-de6c-409b-9dc1-02f981faacb5 req-130395fb-27a6-440b-9442-eceb3061c144 163592f9849c495c836dbd99d6f8c6d5 f22e11b4dfd9452e926f1303062920ed - - default default] 10.0.0.78 "GET /v2.0/security-groups?id=81a865e6-cdab-4287-a720-1a985c980d9a&fields=id&fields=name HTTP/1.1" status: 200 len: 313 time: 0.0338564
2026-05-12 17:40:15.349 10 INFO neutron.wsgi [req-effbedf8-d44b-4a8f-b97a-0ff685258aee req-6102b9b6-7985-49f8-be7a-95430e8115cc 163592f9849c495c836dbd99d6f8c6d5 f22e11b4dfd9452e926f1303062920ed - - default default] 199.19.213.43 "DELETE /v2.0/ports/9501c1d9-3bc5-4cb6-8666-0e7decc3b16e HTTP/1.1" status: 204 len: 173 time: 0.9031227
2026-05-12 17:40:15.576 10 INFO neutron.wsgi [None req-9315e6fa-574a-4910-9f56-f9bc8af2b92a 36ad76e64d7142aea71d6ef57f59791b 982adbdf687a40768074131f551410cc - - default default] 10.0.0.112 "DELETE /v2.0/networks/f56d9ea3-df31-43d9-9ea1-acec0c6d28ea HTTP/1.1" status: 204 len: 168 time: 0.4811542
2026-05-12 17:40:15.702 9 INFO neutron.services.segments.plugin [-] Segment 0d749c83-3d56-430b-a97a-8bd8ec5b5219 resource provider aggregate not found
2026-05-12 17:40:15.709 9 INFO neutron.services.segments.plugin [-] Segment 0d749c83-3d56-430b-a97a-8bd8ec5b5219 resource provider aggregate not found
2026-05-12 17:40:15.728 9 INFO neutron.services.segments.plugin [-] Segment 0d749c83-3d56-430b-a97a-8bd8ec5b5219 resource provider not found; error: Placement Client Error (4xx): {"errors": [{"status": 404, "title": "Not Found", "detail": "The resource could not be found.\n\n No resource provider with uuid 0d749c83-3d56-430b-a97a-8bd8ec5b5219 found for delete ", "request_id": "req-5efdcf49-381c-4624-ae7f-778821c0d355"}]}
2026-05-12 17:40:15.729 9 INFO neutron.services.segments.plugin [-] Segment 0d749c83-3d56-430b-a97a-8bd8ec5b5219 resource provider not found; error: Placement Client Error (4xx): {"errors": [{"status": 404, "title": "Not Found", "detail": "The resource could not be found.\n\n No resource provider with uuid 0d749c83-3d56-430b-a97a-8bd8ec5b5219 found for delete ", "request_id": "req-e5bea9d6-432c-40e5-b569-487bddb1f142"}]}
2026-05-12 17:40:15.972 10 INFO neutron.wsgi [None req-0befc67b-a178-485c-826a-802dbe25169a 36ad76e64d7142aea71d6ef57f59791b 982adbdf687a40768074131f551410cc - - default default] 10.0.0.112 "DELETE /v2.0/networks/ff53196e-69e9-4237-aba6-619f3cffb8cf HTTP/1.1" status: 204 len: 168 time: 0.3900483
2026-05-12 17:40:16.152 9 INFO neutron.wsgi [req-18ccff1e-35ad-44cf-b111-2459e31d89c5 req-b00f0dc7-59a9-4bef-87aa-e4093a8d29a8 89c7c0ccc7d74d74a920db16618ef9d9 543b054082004ff38cacdf23608d078d - - default default] 10.0.0.78 "GET /v2.0/ports?device_id=56414d21-d063-481c-8f60-f25a559662ab HTTP/1.1" status: 200 len: 1174 time: 0.0902550
2026-05-12 17:40:16.193 9 INFO neutron.wsgi [req-18ccff1e-35ad-44cf-b111-2459e31d89c5 req-9e4a7335-138c-49a6-af73-cbb6c51b78a7 89c7c0ccc7d74d74a920db16618ef9d9 543b054082004ff38cacdf23608d078d - - default default] 10.0.0.78 "GET /v2.0/security-groups?id=d4fcf07b-ae57-46f5-bb0d-000e2f448941&fields=id&fields=name HTTP/1.1" status: 200 len: 312 time: 0.0340650
2026-05-12 17:40:16.232 10 INFO neutron.notifiers.nova [-] Nova event matching ['req-f83caf81-248c-4dd3-8ab3-313ef8a10b42'] response: {'server_uuid': 'fc0194ee-4b37-40b2-8ac3-ac50b9969110', 'name': 'network-vif-plugged', 'status': 'completed', 'tag': '9501c1d9-3bc5-4cb6-8666-0e7decc3b16e', 'code': 200}
2026-05-12 17:40:16.232 10 INFO neutron.notifiers.nova [-] Nova event matching ['req-f83caf81-248c-4dd3-8ab3-313ef8a10b42'] response: {'server_uuid': 'fc0194ee-4b37-40b2-8ac3-ac50b9969110', 'name': 'network-vif-deleted', 'tag': '9501c1d9-3bc5-4cb6-8666-0e7decc3b16e', 'status': 'completed', 'code': 200}
2026-05-12 17:40:16.403 9 INFO neutron.plugins.ml2.drivers.ovn.mech_driver.mech_driver [None req-a859fdc7-1ecc-4a3c-96bf-971a0d1b1f65 - - - - - -] OVN reports status down for port: 0bbea417-f3fb-46d7-ac4b-6e0032072e8c
2026-05-12 17:40:16.429 9 INFO neutron.wsgi [req-ed7428f3-2590-428d-a34a-cab16ce16f00 req-c341114c-f8b4-46b5-95c3-2a6431ab38f5 89c7c0ccc7d74d74a920db16618ef9d9 543b054082004ff38cacdf23608d078d - - default default] 10.0.0.78 "GET /v2.0/ports?device_id=56414d21-d063-481c-8f60-f25a559662ab HTTP/1.1" status: 200 len: 1174 time: 0.0734255
2026-05-12 17:40:16.434 10 WARNING neutron_lib.context [None req-1a63caa4-da2a-4c48-aff8-702e29b2f5e6 ab91bec844144cd98f0353ef76c17496 8994e9be45ae4693b73c9ccc50fbb6a7 - - default default] Method 'is_advsvc' is deprecated since 2023.2 release (neutron-lib 3.8.0) and will be removed once support for the old RBAC API policies will be removed from Neutron. Please use method 'is_service_role' instead.
2026-05-12 17:40:16.498 9 INFO neutron.wsgi [req-ed7428f3-2590-428d-a34a-cab16ce16f00 req-61d911f5-5f94-422e-81f5-316bc7d7fd14 89c7c0ccc7d74d74a920db16618ef9d9 543b054082004ff38cacdf23608d078d - - default default] 10.0.0.78 "GET /v2.0/security-groups?id=d4fcf07b-ae57-46f5-bb0d-000e2f448941&fields=id&fields=name HTTP/1.1" status: 200 len: 312 time: 0.0621316
2026-05-12 17:40:16.603 9 INFO neutron.notifiers.nova [-] Nova event matching ['req-82a801de-33d2-4227-92bd-9ea321e91d42'] response: {'server_uuid': '56414d21-d063-481c-8f60-f25a559662ab', 'name': 'network-vif-unplugged', 'status': 'completed', 'tag': '0bbea417-f3fb-46d7-ac4b-6e0032072e8c', 'code': 200}
2026-05-12 17:40:16.625 9 INFO neutron.wsgi [None req-cbab5f06-63b6-4c06-95a5-5f87b2485efe 163592f9849c495c836dbd99d6f8c6d5 f22e11b4dfd9452e926f1303062920ed - - default default] 10.0.0.112 "DELETE /v2.0/security-groups/81a865e6-cdab-4287-a720-1a985c980d9a HTTP/1.1" status: 204 len: 168 time: 0.2820809
2026-05-12 17:40:16.631 10 INFO neutron.db.ovn_revision_numbers_db [None req-1a63caa4-da2a-4c48-aff8-702e29b2f5e6 ab91bec844144cd98f0353ef76c17496 8994e9be45ae4693b73c9ccc50fbb6a7 - - default default] Successfully bumped revision number for resource e6ea499f-c30d-4fb0-a2d7-2df78c8bb804 (type: security_groups) to 1
2026-05-12 17:40:16.642 10 INFO neutron.wsgi [None req-cca2192f-99f0-40a2-add9-eada02c0dbe2 47cc16f72e9046638185cbc34bd09055 e4c9b40c70cc4d13aa8046933332264d - - default default] 10.0.0.112 "GET /v2.0/security-groups?tenant_id=982adbdf687a40768074131f551410cc&name=default HTTP/1.1" status: 200 len: 2996 time: 0.1349289
2026-05-12 17:40:16.655 10 INFO neutron.db.ovn_revision_numbers_db [None req-1a63caa4-da2a-4c48-aff8-702e29b2f5e6 ab91bec844144cd98f0353ef76c17496 8994e9be45ae4693b73c9ccc50fbb6a7 - - default default] Successfully bumped revision number for resource 1f7d63c0-937d-4b6d-b99d-75fea6b1c71b (type: security_group_rules) to 0
2026-05-12 17:40:16.679 10 INFO neutron.db.ovn_revision_numbers_db [None req-1a63caa4-da2a-4c48-aff8-702e29b2f5e6 ab91bec844144cd98f0353ef76c17496 8994e9be45ae4693b73c9ccc50fbb6a7 - - default default] Successfully bumped revision number for resource eb7fba53-483c-41ee-814c-d4f304a07791 (type: security_group_rules) to 0
2026-05-12 17:40:16.716 10 INFO neutron.db.ovn_revision_numbers_db [None req-1a63caa4-da2a-4c48-aff8-702e29b2f5e6 ab91bec844144cd98f0353ef76c17496 8994e9be45ae4693b73c9ccc50fbb6a7 - - default default] Successfully bumped revision number for resource ed2f86f7-f584-4ca2-a1e4-06470a78d105 (type: security_group_rules) to 0
2026-05-12 17:40:16.750 10 INFO neutron.services.segments.plugin [-] Segment 2c30fa84-af38-4ef1-9a03-9059770f8728 resource provider aggregate not found
2026-05-12 17:40:16.756 10 INFO neutron.services.segments.plugin [-] Segment 2c30fa84-af38-4ef1-9a03-9059770f8728 resource provider aggregate not found
2026-05-12 17:40:16.774 10 INFO neutron.db.ovn_revision_numbers_db [None req-1a63caa4-da2a-4c48-aff8-702e29b2f5e6 ab91bec844144cd98f0353ef76c17496 8994e9be45ae4693b73c9ccc50fbb6a7 - - default default] Successfully bumped revision number for resource f658a5ea-739f-40f3-940b-e311d381539e (type: security_group_rules) to 0
2026-05-12 17:40:16.788 10 INFO neutron.services.segments.plugin [-] Segment 2c30fa84-af38-4ef1-9a03-9059770f8728 resource provider not found; error: Placement Client Error (4xx): {"errors": [{"status": 404, "title": "Not Found", "detail": "The resource could not be found.\n\n No resource provider with uuid 2c30fa84-af38-4ef1-9a03-9059770f8728 found for delete ", "request_id": "req-85461ff4-2122-429b-b055-d71dae4d1eae"}]}
2026-05-12 17:40:16.811 10 INFO neutron.services.segments.plugin [-] Segment 2c30fa84-af38-4ef1-9a03-9059770f8728 resource provider not found; error: Placement Client Error (4xx): {"errors": [{"status": 404, "title": "Not Found", "detail": "The resource could not be found.\n\n No resource provider with uuid 2c30fa84-af38-4ef1-9a03-9059770f8728 found for delete ", "request_id": "req-2bcd5615-f723-426f-bbf3-f6eb3dccce58"}]}
2026-05-12 17:40:16.825 10 INFO neutron.services.segments.plugin [-] Segment 9f223c4c-b39e-4c3e-b6d2-5dd0e9712dd0 resource provider aggregate not found
2026-05-12 17:40:16.831 10 INFO neutron.services.segments.plugin [-] Segment 9f223c4c-b39e-4c3e-b6d2-5dd0e9712dd0 resource provider aggregate not found
2026-05-12 17:40:16.841 10 INFO neutron.services.segments.plugin [-] Segment 9f223c4c-b39e-4c3e-b6d2-5dd0e9712dd0 resource provider not found; error: Placement Client Error (4xx): {"errors": [{"status": 404, "title": "Not Found", "detail": "The resource could not be found.\n\n No resource provider with uuid 9f223c4c-b39e-4c3e-b6d2-5dd0e9712dd0 found for delete ", "request_id": "req-de364d19-b97f-4162-8d49-3fef8a53d13c"}]}
2026-05-12 17:40:16.850 10 INFO neutron.services.segments.plugin [-] Segment 9f223c4c-b39e-4c3e-b6d2-5dd0e9712dd0 resource provider not found; error: Placement Client Error (4xx): {"errors": [{"status": 404, "title": "Not Found", "detail": "The resource could not be found.\n\n No resource provider with uuid 9f223c4c-b39e-4c3e-b6d2-5dd0e9712dd0 found for delete ", "request_id": "req-cb8caa83-fb1a-4cdd-805b-06bb1bfe9410"}]}
2026-05-12 17:40:16.862 10 INFO neutron.wsgi [req-f52adbe3-85ab-4760-addf-900b4728c48c req-6c3e8968-71fa-40be-80f9-7c3b33669736 89c7c0ccc7d74d74a920db16618ef9d9 543b054082004ff38cacdf23608d078d - - default default] 199.19.213.43 "GET /v2.0/ports?device_id=56414d21-d063-481c-8f60-f25a559662ab HTTP/1.1" status: 200 len: 1172 time: 0.1861231
2026-05-12 17:40:16.871 10 INFO neutron.db.segments_db [None req-1a63caa4-da2a-4c48-aff8-702e29b2f5e6 ab91bec844144cd98f0353ef76c17496 8994e9be45ae4693b73c9ccc50fbb6a7 - - default default] Added segment 0a586042-ae92-4580-a41d-10fa2fc7259f of type geneve for network 35a53d95-27aa-4973-9055-2471f663a1da
2026-05-12 17:40:16.877 9 INFO neutron.db.ovn_revision_numbers_db [None req-a859fdc7-1ecc-4a3c-96bf-971a0d1b1f65 - - - - - -] Successfully bumped revision number for resource 0bbea417-f3fb-46d7-ac4b-6e0032072e8c (type: ports) to 7
2026-05-12 17:40:17.072 9 INFO neutron.wsgi [None req-bda0bcd4-848b-4cb2-a634-12a178df1ba0 163592f9849c495c836dbd99d6f8c6d5 f22e11b4dfd9452e926f1303062920ed - - default default] 10.0.0.112 "DELETE /v2.0/floatingips/f54f7972-4914-4a82-9bfd-978251aae2bf HTTP/1.1" status: 204 len: 168 time: 0.4127929
2026-05-12 17:40:17.115 10 INFO neutron.db.ovn_revision_numbers_db [None req-1a63caa4-da2a-4c48-aff8-702e29b2f5e6 ab91bec844144cd98f0353ef76c17496 8994e9be45ae4693b73c9ccc50fbb6a7 - - default default] Successfully bumped revision number for resource 35a53d95-27aa-4973-9055-2471f663a1da (type: networks) to 1
2026-05-12 17:40:17.180 10 INFO neutron.wsgi [None req-3d73b78a-8e26-4a08-a099-3d00e2443e43 47cc16f72e9046638185cbc34bd09055 e4c9b40c70cc4d13aa8046933332264d - - default default] 10.0.0.112 "DELETE /v2.0/security-groups/cc7259b9-ca38-4117-bc4b-147f6e5e2fcd HTTP/1.1" status: 204 len: 168 time: 0.5329542 /var/lib/openstack/lib/python3.10/site-packages/pycadf/identifier.py:71: UserWarning: Invalid uuid: neutron. To ensure interoperability, identifiers should be a valid uuid. warnings.warn(('Invalid uuid: %s. To ensure interoperability, '
2026-05-12 17:40:17.260 9 INFO neutron.wsgi [req-28a935b6-756b-4c99-a592-8693347c9669 req-53dda85b-2019-4546-bb96-b36deb48f1df 163592f9849c495c836dbd99d6f8c6d5 f22e11b4dfd9452e926f1303062920ed - - default default] 10.0.0.78 "GET /v2.0/ports?device_id=1ce0ffe8-da41-458c-870f-42c4bc9383a5 HTTP/1.1" status: 200 len: 1174 time: 0.0391817
2026-05-12 17:40:17.306 10 INFO neutron.plugins.ml2.drivers.ovn.mech_driver.mech_driver [None req-dccbfcc7-2f93-4273-bcec-7377bf79d4cc - - - - - -] OVN reports status down for port: 8abe0c7b-93ae-4e00-8f25-9229e3e2054d
2026-05-12 17:40:17.316 9 INFO neutron.wsgi [req-28a935b6-756b-4c99-a592-8693347c9669 req-bc8fa1d0-7e4d-40f7-a48e-4a435e04ee3b 163592f9849c495c836dbd99d6f8c6d5 f22e11b4dfd9452e926f1303062920ed - - default default] 10.0.0.78 "GET /v2.0/security-groups?id=ac778bb5-85d9-448c-8cb4-70dbdf0211f8&fields=id&fields=name HTTP/1.1" status: 200 len: 313 time: 0.0503724
2026-05-12 17:40:17.344 10 INFO neutron.db.l3_db [req-f52adbe3-85ab-4760-addf-900b4728c48c req-b6e0276e-b4e6-4e2b-9e94-5b147d4b3a56 89c7c0ccc7d74d74a920db16618ef9d9 543b054082004ff38cacdf23608d078d - - default default] Floating IP af067d76-ec35-44df-8a07-c647acbb5567 disassociated. External IP: 10.96.250.217, port: 0bbea417-f3fb-46d7-ac4b-6e0032072e8c.
2026-05-12 17:40:17.405 10 WARNING neutron.scheduler.dhcp_agent_scheduler [None req-1a63caa4-da2a-4c48-aff8-702e29b2f5e6 ab91bec844144cd98f0353ef76c17496 8994e9be45ae4693b73c9ccc50fbb6a7 - - default default] No more DHCP agents
2026-05-12 17:40:17.410 10 WARNING neutron.api.rpc.agentnotifiers.dhcp_rpc_agent_api [None req-1a63caa4-da2a-4c48-aff8-702e29b2f5e6 ab91bec844144cd98f0353ef76c17496 8994e9be45ae4693b73c9ccc50fbb6a7 - - default default] Unable to schedule network 35a53d95-27aa-4973-9055-2471f663a1da: no agents available; will retry on subsequent port and subnet creation events. /var/lib/openstack/lib/python3.10/site-packages/pycadf/identifier.py:71: UserWarning: Invalid uuid: neutron. To ensure interoperability, identifiers should be a valid uuid. warnings.warn(('Invalid uuid: %s. To ensure interoperability, '
2026-05-12 17:40:17.553 10 INFO neutron.db.ovn_revision_numbers_db [None req-1a63caa4-da2a-4c48-aff8-702e29b2f5e6 ab91bec844144cd98f0353ef76c17496 8994e9be45ae4693b73c9ccc50fbb6a7 - - default default] Successfully bumped revision number for resource 1049cbba-bf13-4203-8fcd-22559a7a7fad (type: ports) to 1
2026-05-12 17:40:17.588 9 INFO neutron.wsgi [req-6d865d1c-6fc1-4f1c-93b5-b714198e5c87 req-42e95738-db84-4d9a-ac6e-b2be3649c742 163592f9849c495c836dbd99d6f8c6d5 f22e11b4dfd9452e926f1303062920ed - - default default] 199.19.213.43 "GET /v2.0/ports?device_id=1ce0ffe8-da41-458c-870f-42c4bc9383a5 HTTP/1.1" status: 200 len: 1172 time: 0.0494590
2026-05-12 17:40:17.600 9 INFO neutron.wsgi [req-4fb02820-b8bd-40c1-9af0-3b9c0a5a09f0 req-2486fa33-583a-48fb-a653-02205f040d11 89c7c0ccc7d74d74a920db16618ef9d9 543b054082004ff38cacdf23608d078d - - default default] 10.0.0.78 "GET /v2.0/ports?device_id=56414d21-d063-481c-8f60-f25a559662ab HTTP/1.1" status: 200 len: 210 time: 0.0262082
2026-05-12 17:40:17.605 10 INFO neutron.wsgi [None req-1a63caa4-da2a-4c48-aff8-702e29b2f5e6 ab91bec844144cd98f0353ef76c17496 8994e9be45ae4693b73c9ccc50fbb6a7 - - default default] 10.0.0.112 "POST /v2.0/networks HTTP/1.1" status: 201 len: 843 time: 1.3616230
2026-05-12 17:40:17.615 10 WARNING neutron_lib.context [None req-2f3a99d1-c7ad-40cb-9154-44b5249bc2aa ab91bec844144cd98f0353ef76c17496 8994e9be45ae4693b73c9ccc50fbb6a7 - - default default] Method 'is_advsvc' is deprecated since 2023.2 release (neutron-lib 3.8.0) and will be removed once support for the old RBAC API policies will be removed from Neutron. Please use method 'is_service_role' instead.
2026-05-12 17:40:17.664 10 INFO neutron.wsgi [req-f52adbe3-85ab-4760-addf-900b4728c48c req-b6e0276e-b4e6-4e2b-9e94-5b147d4b3a56 89c7c0ccc7d74d74a920db16618ef9d9 543b054082004ff38cacdf23608d078d - - default default] 199.19.213.43 "DELETE /v2.0/ports/0bbea417-f3fb-46d7-ac4b-6e0032072e8c HTTP/1.1" status: 204 len: 173 time: 0.7944481
2026-05-12 17:40:17.849 10 INFO neutron.db.ovn_revision_numbers_db [None req-dccbfcc7-2f93-4273-bcec-7377bf79d4cc - - - - - -] Successfully bumped revision number for resource 8abe0c7b-93ae-4e00-8f25-9229e3e2054d (type: ports) to 5
2026-05-12 17:40:17.924 9 INFO neutron.wsgi [req-6d865d1c-6fc1-4f1c-93b5-b714198e5c87 req-dbdd47c8-f24e-47aa-b067-1148f45f2d0b 163592f9849c495c836dbd99d6f8c6d5 f22e11b4dfd9452e926f1303062920ed - - default default] 199.19.213.43 "DELETE /v2.0/ports/8abe0c7b-93ae-4e00-8f25-9229e3e2054d HTTP/1.1" status: 204 len: 173 time: 0.3267395
2026-05-12 17:40:17.925 10 WARNING neutron.scheduler.dhcp_agent_scheduler [None req-2f3a99d1-c7ad-40cb-9154-44b5249bc2aa ab91bec844144cd98f0353ef76c17496 8994e9be45ae4693b73c9ccc50fbb6a7 - - default default] No more DHCP agents
2026-05-12 17:40:17.926 10 WARNING neutron.api.rpc.agentnotifiers.dhcp_rpc_agent_api [None req-2f3a99d1-c7ad-40cb-9154-44b5249bc2aa ab91bec844144cd98f0353ef76c17496 8994e9be45ae4693b73c9ccc50fbb6a7 - - default default] Unable to schedule network 35a53d95-27aa-4973-9055-2471f663a1da: no agents available; will retry on subsequent port and subnet creation events.
2026-05-12 17:40:18.023 10 INFO neutron.db.ovn_revision_numbers_db [None req-2f3a99d1-c7ad-40cb-9154-44b5249bc2aa ab91bec844144cd98f0353ef76c17496 8994e9be45ae4693b73c9ccc50fbb6a7 - - default default] Successfully bumped revision number for resource 1a1a29bf-bb0b-40b4-bfe0-367297298788 (type: ports) to 1
2026-05-12 17:40:18.043 10 INFO neutron.wsgi [None req-2f3a99d1-c7ad-40cb-9154-44b5249bc2aa ab91bec844144cd98f0353ef76c17496 8994e9be45ae4693b73c9ccc50fbb6a7 - - default default] 10.0.0.112 "POST /v2.0/ports HTTP/1.1" status: 201 len: 974 time: 0.4323640 /var/lib/openstack/lib/python3.10/site-packages/pycadf/identifier.py:71: UserWarning: Invalid uuid: neutron. To ensure interoperability, identifiers should be a valid uuid. warnings.warn(('Invalid uuid: %s. To ensure interoperability, '
2026-05-12 17:40:18.052 10 WARNING neutron_lib.context [None req-ba1f78bb-fb77-4413-80e8-6e1e75eeb309 ab91bec844144cd98f0353ef76c17496 8994e9be45ae4693b73c9ccc50fbb6a7 - - default default] Method 'is_advsvc' is deprecated since 2023.2 release (neutron-lib 3.8.0) and will be removed once support for the old RBAC API policies will be removed from Neutron. Please use method 'is_service_role' instead.
2026-05-12 17:40:18.127 10 INFO neutron.db.segments_db [None req-ba1f78bb-fb77-4413-80e8-6e1e75eeb309 ab91bec844144cd98f0353ef76c17496 8994e9be45ae4693b73c9ccc50fbb6a7 - - default default] Added segment 0d5acc42-8d14-4fef-83eb-d1301e2f5d16 of type geneve for network 36e1267a-948c-4f7d-8178-8db07fc2da6e
2026-05-12 17:40:18.265 10 INFO neutron.db.ovn_revision_numbers_db [None req-ba1f78bb-fb77-4413-80e8-6e1e75eeb309 ab91bec844144cd98f0353ef76c17496 8994e9be45ae4693b73c9ccc50fbb6a7 - - default default] Successfully bumped revision number for resource 36e1267a-948c-4f7d-8178-8db07fc2da6e (type: networks) to 1
2026-05-12 17:40:18.269 10 INFO neutron.notifiers.nova [-] Nova event matching ['req-778d8ce6-33d7-48f9-ba97-97fdccbdbba6'] response: {'server_uuid': '1ce0ffe8-da41-458c-870f-42c4bc9383a5', 'name': 'network-vif-unplugged', 'status': 'completed', 'tag': '8abe0c7b-93ae-4e00-8f25-9229e3e2054d', 'code': 200}
2026-05-12 17:40:18.270 10 INFO neutron.notifiers.nova [-] Nova event matching ['req-778d8ce6-33d7-48f9-ba97-97fdccbdbba6'] response: {'server_uuid': '56414d21-d063-481c-8f60-f25a559662ab', 'name': 'network-vif-deleted', 'tag': '0bbea417-f3fb-46d7-ac4b-6e0032072e8c', 'status': 'completed', 'code': 200}
2026-05-12 17:40:18.270 10 INFO neutron.notifiers.nova [-] Nova event matching ['req-778d8ce6-33d7-48f9-ba97-97fdccbdbba6'] response: {'server_uuid': '1ce0ffe8-da41-458c-870f-42c4bc9383a5', 'name': 'network-vif-plugged', 'status': 'completed', 'tag': '8abe0c7b-93ae-4e00-8f25-9229e3e2054d', 'code': 200}
2026-05-12 17:40:18.435 10 WARNING neutron.scheduler.dhcp_agent_scheduler [None req-ba1f78bb-fb77-4413-80e8-6e1e75eeb309 ab91bec844144cd98f0353ef76c17496 8994e9be45ae4693b73c9ccc50fbb6a7 - - default default] No more DHCP agents
2026-05-12 17:40:18.436 10 WARNING neutron.api.rpc.agentnotifiers.dhcp_rpc_agent_api [None req-ba1f78bb-fb77-4413-80e8-6e1e75eeb309 ab91bec844144cd98f0353ef76c17496 8994e9be45ae4693b73c9ccc50fbb6a7 - - default default] Unable to schedule network 36e1267a-948c-4f7d-8178-8db07fc2da6e: no agents available; will retry on subsequent port and subnet creation events.
2026-05-12 17:40:18.519 10 INFO neutron.db.ovn_revision_numbers_db [None req-ba1f78bb-fb77-4413-80e8-6e1e75eeb309 ab91bec844144cd98f0353ef76c17496 8994e9be45ae4693b73c9ccc50fbb6a7 - - default default] Successfully bumped revision number for resource 11d9eaa4-cc8e-49b3-a1ce-ee39dfdf791c (type: ports) to 1
2026-05-12 17:40:18.528 9 INFO neutron.wsgi [None req-2c3d790e-d0de-4af4-93d7-b1b354d4feee 163592f9849c495c836dbd99d6f8c6d5 f22e11b4dfd9452e926f1303062920ed - - default default] 10.0.0.112 "DELETE /v2.0/security-groups/ac778bb5-85d9-448c-8cb4-70dbdf0211f8 HTTP/1.1" status: 204 len: 168 time: 0.1530635
2026-05-12 17:40:18.543 10 INFO neutron.wsgi [None req-ba1f78bb-fb77-4413-80e8-6e1e75eeb309 ab91bec844144cd98f0353ef76c17496 8994e9be45ae4693b73c9ccc50fbb6a7 - - default default] 10.0.0.112 "POST /v2.0/networks HTTP/1.1" status: 201 len: 831 time: 0.4955010
2026-05-12 17:40:18.555 9 WARNING neutron_lib.context [None req-437510f7-78d7-4463-9b0f-c4904489c860 ab91bec844144cd98f0353ef76c17496 8994e9be45ae4693b73c9ccc50fbb6a7 - - default default] Method 'is_advsvc' is deprecated since 2023.2 release (neutron-lib 3.8.0) and will be removed once support for the old RBAC API policies will be removed from Neutron. Please use method 'is_service_role' instead.
2026-05-12 17:40:18.647 9 INFO neutron.notifiers.nova [-] Nova event matching ['req-ee0a040b-8b26-4edd-84d1-8af6f753c056'] response: {'server_uuid': '56414d21-d063-481c-8f60-f25a559662ab', 'name': 'network-vif-plugged', 'status': 'completed', 'tag': '0bbea417-f3fb-46d7-ac4b-6e0032072e8c', 'code': 200}
2026-05-12 17:40:18.648 9 INFO neutron.notifiers.nova [-] Nova event matching ['req-ee0a040b-8b26-4edd-84d1-8af6f753c056'] response: {'server_uuid': '1ce0ffe8-da41-458c-870f-42c4bc9383a5', 'name': 'network-vif-deleted', 'tag': '8abe0c7b-93ae-4e00-8f25-9229e3e2054d', 'status': 'completed', 'code': 200}
2026-05-12 17:40:18.866 9 WARNING neutron.scheduler.dhcp_agent_scheduler [None req-437510f7-78d7-4463-9b0f-c4904489c860 ab91bec844144cd98f0353ef76c17496 8994e9be45ae4693b73c9ccc50fbb6a7 - - default default] No more DHCP agents
2026-05-12 17:40:18.870 9 WARNING neutron.api.rpc.agentnotifiers.dhcp_rpc_agent_api [None req-437510f7-78d7-4463-9b0f-c4904489c860 ab91bec844144cd98f0353ef76c17496 8994e9be45ae4693b73c9ccc50fbb6a7 - - default default] Unable to schedule network 36e1267a-948c-4f7d-8178-8db07fc2da6e: no agents available; will retry on subsequent port and subnet creation events.
2026-05-12 17:40:18.915 9 INFO neutron.wsgi [None req-95b0a300-45fa-4f6c-99fd-8f72ac19bc4b 89c7c0ccc7d74d74a920db16618ef9d9 543b054082004ff38cacdf23608d078d - - default default] 10.0.0.112 "DELETE /v2.0/security-groups/d4fcf07b-ae57-46f5-bb0d-000e2f448941 HTTP/1.1" status: 204 len: 168 time: 0.2033725
2026-05-12 17:40:18.929 9 INFO neutron.api.v2.resource [None req-5f3f0251-5348-4057-b992-ec2ddd335a3b 89c7c0ccc7d74d74a920db16618ef9d9 543b054082004ff38cacdf23608d078d - - default default] show failed (client error): The resource could not be found.
2026-05-12 17:40:18.930 9 INFO neutron.wsgi [None req-5f3f0251-5348-4057-b992-ec2ddd335a3b 89c7c0ccc7d74d74a920db16618ef9d9 543b054082004ff38cacdf23608d078d - - default default] 10.0.0.112 "GET /v2.0/security-groups/d4fcf07b-ae57-46f5-bb0d-000e2f448941 HTTP/1.1" status: 404 len: 347 time: 0.0104749
2026-05-12 17:40:19.125 10 WARNING neutron_lib.context [None req-8262f000-a92e-426c-bcfc-e6d263ea6e9b d17dd8b8f8a34200aefd14b344883cae b18a3c7626204d3fa2f796cfc6859079 - - default default] Method 'is_advsvc' is deprecated since 2023.2 release (neutron-lib 3.8.0) and will be removed once support for the old RBAC API policies will be removed from Neutron. Please use method 'is_service_role' instead.
2026-05-12 17:40:19.125 10 WARNING neutron_lib.context [None req-8262f000-a92e-426c-bcfc-e6d263ea6e9b d17dd8b8f8a34200aefd14b344883cae b18a3c7626204d3fa2f796cfc6859079 - - default default] Method 'is_advsvc' is deprecated since 2023.2 release (neutron-lib 3.8.0) and will be removed once support for the old RBAC API policies will be removed from Neutron. Please use method 'is_service_role' instead.
2026-05-12 17:40:19.293 10 INFO neutron.db.ovn_revision_numbers_db [None req-8262f000-a92e-426c-bcfc-e6d263ea6e9b d17dd8b8f8a34200aefd14b344883cae b18a3c7626204d3fa2f796cfc6859079 - - default default] Successfully bumped revision number for resource 50d4b3e8-0284-4ed3-92e0-795ba1955677 (type: security_groups) to 1
2026-05-12 17:40:19.315 10 INFO neutron.db.ovn_revision_numbers_db [None req-8262f000-a92e-426c-bcfc-e6d263ea6e9b d17dd8b8f8a34200aefd14b344883cae b18a3c7626204d3fa2f796cfc6859079 - - default default] Successfully bumped revision number for resource 451b026f-5768-4d91-b2c0-8158732ef23d (type: security_group_rules) to 0
2026-05-12 17:40:19.334 10 INFO neutron.db.ovn_revision_numbers_db [None req-8262f000-a92e-426c-bcfc-e6d263ea6e9b d17dd8b8f8a34200aefd14b344883cae b18a3c7626204d3fa2f796cfc6859079 - - default default] Successfully bumped revision number for resource 80833765-a0d7-4e71-ac26-eefac98daf83 (type: security_group_rules) to 0
2026-05-12 17:40:19.352 10 INFO neutron.db.ovn_revision_numbers_db [None req-8262f000-a92e-426c-bcfc-e6d263ea6e9b d17dd8b8f8a34200aefd14b344883cae b18a3c7626204d3fa2f796cfc6859079 - - default default] Successfully bumped revision number for resource cfbfa3d2-06fa-4ca1-8adf-4d8267d8c922 (type: security_group_rules) to 0
2026-05-12 17:40:19.365 9 INFO neutron.wsgi [None req-d1d2e901-eb7d-4051-9f16-3ac8bf8148c4 89c7c0ccc7d74d74a920db16618ef9d9 543b054082004ff38cacdf23608d078d - - default default] 10.0.0.112 "DELETE /v2.0/floatingips/af067d76-ec35-44df-8a07-c647acbb5567 HTTP/1.1" status: 204 len: 168 time: 0.4313648
2026-05-12 17:40:19.404 10 INFO neutron.db.ovn_revision_numbers_db [None req-8262f000-a92e-426c-bcfc-e6d263ea6e9b d17dd8b8f8a34200aefd14b344883cae b18a3c7626204d3fa2f796cfc6859079 - - default default] Successfully bumped revision number for resource f532c239-1809-48ba-915e-b8cdb446e99e (type: security_group_rules) to 0
2026-05-12 17:40:19.499 9 INFO neutron.db.ovn_revision_numbers_db [None req-437510f7-78d7-4463-9b0f-c4904489c860 ab91bec844144cd98f0353ef76c17496 8994e9be45ae4693b73c9ccc50fbb6a7 - - default default] Successfully bumped revision number for resource 11d9eaa4-cc8e-49b3-a1ce-ee39dfdf791c (type: ports) to 2
2026-05-12 17:40:19.513 10 INFO neutron.db.segments_db [None req-8262f000-a92e-426c-bcfc-e6d263ea6e9b d17dd8b8f8a34200aefd14b344883cae b18a3c7626204d3fa2f796cfc6859079 - - default default] Added segment f5b1f962-7ecb-44d1-bf69-07baaec24af0 of type geneve for network 6daeb617-17d6-4990-b185-a295e350b7b6
2026-05-12 17:40:19.688 10 INFO neutron.db.segments_db [None req-8262f000-a92e-426c-bcfc-e6d263ea6e9b d17dd8b8f8a34200aefd14b344883cae b18a3c7626204d3fa2f796cfc6859079 - - default default] Added segment 54d01dbb-c42f-452f-9eaf-5b7937d53714 of type geneve for network 987d2f70-5839-4276-b4d5-699c85be90dd
2026-05-12 17:40:19.766 9 INFO neutron.db.ovn_revision_numbers_db [None req-437510f7-78d7-4463-9b0f-c4904489c860 ab91bec844144cd98f0353ef76c17496 8994e9be45ae4693b73c9ccc50fbb6a7 - - default default] Successfully bumped revision number for resource 2e7ccbba-79d3-4ebb-90b8-7ab099f5d13c (type: subnets) to 0
2026-05-12 17:40:19.782 9 INFO neutron.wsgi [None req-437510f7-78d7-4463-9b0f-c4904489c860 ab91bec844144cd98f0353ef76c17496 8994e9be45ae4693b73c9ccc50fbb6a7 - - default default] 10.0.0.112 "POST /v2.0/subnets HTTP/1.1" status: 201 len: 801 time: 1.2341583
2026-05-12 17:40:19.792 9 WARNING neutron_lib.context [None req-c8e5c12f-872d-4c3a-864e-aba1be8ee041 ab91bec844144cd98f0353ef76c17496 8994e9be45ae4693b73c9ccc50fbb6a7 - - default default] Method 'is_advsvc' is deprecated since 2023.2 release (neutron-lib 3.8.0) and will be removed once support for the old RBAC API policies will be removed from Neutron. Please use method 'is_service_role' instead.
2026-05-12 17:40:19.964 10 INFO neutron.wsgi [None req-a32ac352-bbf2-4609-96f4-f2f67eb11a13 163592f9849c495c836dbd99d6f8c6d5 f22e11b4dfd9452e926f1303062920ed - - default default] 10.0.0.112 "PUT /v2.0/routers/6535d852-71cf-4f01-99ff-95c0268b3ef5/remove_router_interface HTTP/1.1" status: 200 len: 503 time: 1.4085479
2026-05-12 17:40:19.977 10 INFO neutron.db.ovn_revision_numbers_db [None req-8262f000-a92e-426c-bcfc-e6d263ea6e9b d17dd8b8f8a34200aefd14b344883cae b18a3c7626204d3fa2f796cfc6859079 - - default default] Successfully bumped revision number for resource 6daeb617-17d6-4990-b185-a295e350b7b6 (type: networks) to 1
2026-05-12 17:40:20.136 9 WARNING neutron.scheduler.dhcp_agent_scheduler [None req-c8e5c12f-872d-4c3a-864e-aba1be8ee041 ab91bec844144cd98f0353ef76c17496 8994e9be45ae4693b73c9ccc50fbb6a7 - - default default] No more DHCP agents
2026-05-12 17:40:20.140 9 WARNING neutron.api.rpc.agentnotifiers.dhcp_rpc_agent_api [None req-c8e5c12f-872d-4c3a-864e-aba1be8ee041 ab91bec844144cd98f0353ef76c17496 8994e9be45ae4693b73c9ccc50fbb6a7 - - default default] Unable to schedule network 36e1267a-948c-4f7d-8178-8db07fc2da6e: no agents available; will retry on subsequent port and subnet creation events.
2026-05-12 17:40:20.195 10 WARNING neutron.scheduler.dhcp_agent_scheduler [None req-8262f000-a92e-426c-bcfc-e6d263ea6e9b d17dd8b8f8a34200aefd14b344883cae b18a3c7626204d3fa2f796cfc6859079 - - default default] No more DHCP agents
2026-05-12 17:40:20.203 10 WARNING neutron.api.rpc.agentnotifiers.dhcp_rpc_agent_api [None req-8262f000-a92e-426c-bcfc-e6d263ea6e9b d17dd8b8f8a34200aefd14b344883cae b18a3c7626204d3fa2f796cfc6859079 - - default default] Unable to schedule network 6daeb617-17d6-4990-b185-a295e350b7b6: no agents available; will retry on subsequent port and subnet creation events.
2026-05-12 17:40:20.233 9 INFO neutron.wsgi [None req-175098c2-ab25-4598-8663-476e790bc500 163592f9849c495c836dbd99d6f8c6d5 f22e11b4dfd9452e926f1303062920ed - - default default] 10.0.0.112 "DELETE /v2.0/subnets/8441d725-b4cf-46be-9c56-06ee0fd58593 HTTP/1.1" status: 204 len: 168 time: 0.2639358 /var/lib/openstack/lib/python3.10/site-packages/pycadf/identifier.py:71: UserWarning: Invalid uuid: neutron. To ensure interoperability, identifiers should be a valid uuid. warnings.warn(('Invalid uuid: %s. To ensure interoperability, '
2026-05-12 17:40:20.302 10 INFO neutron.db.ovn_revision_numbers_db [None req-8262f000-a92e-426c-bcfc-e6d263ea6e9b d17dd8b8f8a34200aefd14b344883cae b18a3c7626204d3fa2f796cfc6859079 - - default default] Successfully bumped revision number for resource 3efeb602-b8f4-4eb8-90c0-070124152e9f (type: ports) to 1
2026-05-12 17:40:20.359 9 INFO neutron.db.ovn_revision_numbers_db [None req-c8e5c12f-872d-4c3a-864e-aba1be8ee041 ab91bec844144cd98f0353ef76c17496 8994e9be45ae4693b73c9ccc50fbb6a7 - - default default] Successfully bumped revision number for resource dbe9a1aa-1393-4eb8-9818-b7257cb2cca5 (type: ports) to 1
2026-05-12 17:40:20.392 9 INFO neutron.wsgi [None req-c8e5c12f-872d-4c3a-864e-aba1be8ee041 ab91bec844144cd98f0353ef76c17496 8994e9be45ae4693b73c9ccc50fbb6a7 - - default default] 10.0.0.112 "POST /v2.0/ports HTTP/1.1" status: 201 len: 1147 time: 0.6039824
2026-05-12 17:40:20.412 10 INFO neutron.db.ovn_revision_numbers_db [None req-8262f000-a92e-426c-bcfc-e6d263ea6e9b d17dd8b8f8a34200aefd14b344883cae b18a3c7626204d3fa2f796cfc6859079 - - default default] Successfully bumped revision number for resource 987d2f70-5839-4276-b4d5-699c85be90dd (type: networks) to 1
2026-05-12 17:40:20.653 10 WARNING neutron.scheduler.dhcp_agent_scheduler [None req-8262f000-a92e-426c-bcfc-e6d263ea6e9b d17dd8b8f8a34200aefd14b344883cae b18a3c7626204d3fa2f796cfc6859079 - - default default] No more DHCP agents
2026-05-12 17:40:20.664 10 WARNING neutron.api.rpc.agentnotifiers.dhcp_rpc_agent_api [None req-8262f000-a92e-426c-bcfc-e6d263ea6e9b d17dd8b8f8a34200aefd14b344883cae b18a3c7626204d3fa2f796cfc6859079 - - default default] Unable to schedule network 987d2f70-5839-4276-b4d5-699c85be90dd: no agents available; will retry on subsequent port and subnet creation events.
