2026-05-12 17:39:41.522 9 INFO neutron.db.ovn_revision_numbers_db [None req-44847e8a-32bc-46dc-b6cd-b061c419101d 89c7c0ccc7d74d74a920db16618ef9d9 543b054082004ff38cacdf23608d078d - - default default] Successfully bumped revision number for resource af067d76-ec35-44df-8a07-c647acbb5567 (type: floatingips) to 2
2026-05-12 17:39:41.546 9 INFO neutron.wsgi [None req-44847e8a-32bc-46dc-b6cd-b061c419101d 89c7c0ccc7d74d74a920db16618ef9d9 543b054082004ff38cacdf23608d078d - - default default] 10.0.0.112 "PUT /v2.0/floatingips/af067d76-ec35-44df-8a07-c647acbb5567 HTTP/1.1" status: 200 len: 1050 time: 0.6131997
2026-05-12 17:39:41.885 9 INFO neutron.notifiers.nova [-] Nova event matching ['req-ef583fe9-887a-444a-b268-33e29fce5a0d'] response: {'server_uuid': '56414d21-d063-481c-8f60-f25a559662ab', 'name': 'network-vif-plugged', 'status': 'completed', 'tag': '0bbea417-f3fb-46d7-ac4b-6e0032072e8c', 'code': 200}
2026-05-12 17:39:41.886 9 INFO neutron.notifiers.nova [-] Nova event matching ['req-ef583fe9-887a-444a-b268-33e29fce5a0d'] response: {'name': 'network-changed', 'server_uuid': '56414d21-d063-481c-8f60-f25a559662ab', 'tag': '0bbea417-f3fb-46d7-ac4b-6e0032072e8c', 'status': 'completed', 'code': 200}
2026-05-12 17:39:41.953 10 INFO neutron.wsgi [req-3c73b43c-1be1-4195-92cf-60176ffb5053 req-5f45bc56-8e30-4905-9c98-9278184d4317 e9b5f01a8d8347b98401cc1ba37cd678 f1aefb37df6f44aaa8d030aa698c8832 - - f7b2a552975f4b9f8031dad981529eb6 f7b2a552975f4b9f8031dad981529eb6] 199.19.213.43 "GET /v2.0/ports?tenant_id=543b054082004ff38cacdf23608d078d&device_id=56414d21-d063-481c-8f60-f25a559662ab HTTP/1.1" status: 200 len: 1413 time: 0.0420895
2026-05-12 17:39:42.030 10 INFO neutron.wsgi [req-3c73b43c-1be1-4195-92cf-60176ffb5053 req-7f59f35b-e01f-4aa2-af30-83d4786d35ac e9b5f01a8d8347b98401cc1ba37cd678 f1aefb37df6f44aaa8d030aa698c8832 - - f7b2a552975f4b9f8031dad981529eb6 f7b2a552975f4b9f8031dad981529eb6] 199.19.213.43 "GET /v2.0/networks?id=41b04651-eb1f-47bb-bbc9-be64a017f3be HTTP/1.1" status: 200 len: 973 time: 0.0705023
2026-05-12 17:39:42.075 10 INFO neutron.wsgi [req-3c73b43c-1be1-4195-92cf-60176ffb5053 req-3cbd9566-ca50-4d92-b858-ab47d5be87d1 e9b5f01a8d8347b98401cc1ba37cd678 f1aefb37df6f44aaa8d030aa698c8832 - - f7b2a552975f4b9f8031dad981529eb6 f7b2a552975f4b9f8031dad981529eb6] 199.19.213.43 "GET /v2.0/floatingips?fixed_ip_address=10.100.0.14&port_id=0bbea417-f3fb-46d7-ac4b-6e0032072e8c HTTP/1.1" status: 200 len: 1060 time: 0.0396442
2026-05-12 17:39:42.119 10 INFO neutron.wsgi [req-3c73b43c-1be1-4195-92cf-60176ffb5053 req-ac3b46af-8e12-4142-b26d-860bfdf8b7ef e9b5f01a8d8347b98401cc1ba37cd678 f1aefb37df6f44aaa8d030aa698c8832 - - f7b2a552975f4b9f8031dad981529eb6 f7b2a552975f4b9f8031dad981529eb6] 199.19.213.43 "GET /v2.0/subnets?id=9fb99669-151b-45c5-b34e-8b722b3ae92a HTTP/1.1" status: 200 len: 868 time: 0.0358095
2026-05-12 17:39:42.145 10 INFO neutron.wsgi [req-3c73b43c-1be1-4195-92cf-60176ffb5053 req-08fb3ffa-4022-496a-b8fd-a4ce33698a34 e9b5f01a8d8347b98401cc1ba37cd678 f1aefb37df6f44aaa8d030aa698c8832 - - f7b2a552975f4b9f8031dad981529eb6 f7b2a552975f4b9f8031dad981529eb6] 199.19.213.43 "GET /v2.0/ports?network_id=41b04651-eb1f-47bb-bbc9-be64a017f3be&device_owner=network%3Adhcp HTTP/1.1" status: 200 len: 210 time: 0.0187330
2026-05-12 17:39:42.215 10 INFO neutron.wsgi [req-3c73b43c-1be1-4195-92cf-60176ffb5053 req-649ab6f3-0f38-479a-bbb7-6d896a59fdf5 e9b5f01a8d8347b98401cc1ba37cd678 f1aefb37df6f44aaa8d030aa698c8832 - - f7b2a552975f4b9f8031dad981529eb6 f7b2a552975f4b9f8031dad981529eb6] 199.19.213.43 "GET /v2.0/networks/41b04651-eb1f-47bb-bbc9-be64a017f3be?fields=segments HTTP/1.1" status: 200 len: 212 time: 0.0622411
2026-05-12 17:39:42.318 10 INFO neutron.wsgi [req-3c73b43c-1be1-4195-92cf-60176ffb5053 req-2ed90501-d4a0-4bb1-8ccf-cd25b9f3bd72 e9b5f01a8d8347b98401cc1ba37cd678 f1aefb37df6f44aaa8d030aa698c8832 - - f7b2a552975f4b9f8031dad981529eb6 f7b2a552975f4b9f8031dad981529eb6] 199.19.213.43 "GET /v2.0/networks/41b04651-eb1f-47bb-bbc9-be64a017f3be?fields=provider%3Aphysical_network&fields=provider%3Anetwork_type HTTP/1.1" status: 200 len: 277 time: 0.0976799 /var/lib/openstack/lib/python3.10/site-packages/pycadf/identifier.py:71: UserWarning: Invalid uuid: neutron. To ensure interoperability, identifiers should be a valid uuid. warnings.warn(('Invalid uuid: %s. To ensure interoperability, '
2026-05-12 17:39:42.396 9 INFO neutron.wsgi [None req-02c79e55-f4e2-4723-8654-f4b271aa49e8 47cc16f72e9046638185cbc34bd09055 e4c9b40c70cc4d13aa8046933332264d - - default default] 10.0.0.163 "GET /v2.0/subnets HTTP/1.1" status: 200 len: 2734 time: 0.1165147
2026-05-12 17:39:42.407 10 INFO neutron.db.ovn_revision_numbers_db [None req-bde9df0e-b6cf-409e-b43d-2f03cf6577d0 47cc16f72e9046638185cbc34bd09055 e4c9b40c70cc4d13aa8046933332264d - - default default] Successfully bumped revision number for resource c6e37e25-d82a-49f8-875b-3eee07f3405c (type: security_groups) to 1
2026-05-12 17:39:42.428 10 INFO neutron.db.ovn_revision_numbers_db [None req-bde9df0e-b6cf-409e-b43d-2f03cf6577d0 47cc16f72e9046638185cbc34bd09055 e4c9b40c70cc4d13aa8046933332264d - - default default] Successfully bumped revision number for resource 31e15692-89d5-48eb-b6d4-90bfa0056f15 (type: security_group_rules) to 0
2026-05-12 17:39:42.441 9 INFO neutron.wsgi [None req-37f45214-684f-45a9-81bb-1e9040a980c9 47cc16f72e9046638185cbc34bd09055 e4c9b40c70cc4d13aa8046933332264d - - default default] 10.0.0.163 "GET /v2.0/subnets HTTP/1.1" status: 200 len: 2734 time: 0.0424988
2026-05-12 17:39:42.445 10 INFO neutron.db.ovn_revision_numbers_db [None req-bde9df0e-b6cf-409e-b43d-2f03cf6577d0 47cc16f72e9046638185cbc34bd09055 e4c9b40c70cc4d13aa8046933332264d - - default default] Successfully bumped revision number for resource 3ec0b3b6-c051-44ca-822c-f83f249e38b4 (type: security_group_rules) to 0
2026-05-12 17:39:42.453 9 INFO neutron.wsgi [None req-ebc506f0-3a79-4641-9997-de415b703541 47cc16f72e9046638185cbc34bd09055 e4c9b40c70cc4d13aa8046933332264d - - default default] 10.0.0.163 "GET /v2.0/subnetpools HTTP/1.1" status: 200 len: 193 time: 0.0103817
2026-05-12 17:39:42.462 10 INFO neutron.db.ovn_revision_numbers_db [None req-bde9df0e-b6cf-409e-b43d-2f03cf6577d0 47cc16f72e9046638185cbc34bd09055 e4c9b40c70cc4d13aa8046933332264d - - default default] Successfully bumped revision number for resource 692665ed-5579-4a82-b5b5-2fcf81f6fc74 (type: security_group_rules) to 0
2026-05-12 17:39:42.486 10 INFO neutron.db.ovn_revision_numbers_db [None req-bde9df0e-b6cf-409e-b43d-2f03cf6577d0 47cc16f72e9046638185cbc34bd09055 e4c9b40c70cc4d13aa8046933332264d - - default default] Successfully bumped revision number for resource 87189c65-6f52-4c3c-bd6f-f52c89c0e6dc (type: security_group_rules) to 0
2026-05-12 17:39:42.511 10 INFO neutron.wsgi [None req-bde9df0e-b6cf-409e-b43d-2f03cf6577d0 47cc16f72e9046638185cbc34bd09055 e4c9b40c70cc4d13aa8046933332264d - - default default] 10.0.0.112 "GET /v2.0/security-groups?tenant_id=fe5142c20b6148a683ab0910bbbd4692&name=default HTTP/1.1" status: 200 len: 2996 time: 0.4113317
2026-05-12 17:39:42.559 9 INFO neutron.wsgi [None req-3111c2e7-a6c6-4525-b730-904228279078 47cc16f72e9046638185cbc34bd09055 e4c9b40c70cc4d13aa8046933332264d - - default default] 10.0.0.163 "GET /v2.0/ports HTTP/1.1" status: 200 len: 16190 time: 0.1047337
2026-05-12 17:39:42.659 9 INFO neutron.wsgi [None req-3b40d28e-5786-4cb0-b35a-2b4c5392c05d 47cc16f72e9046638185cbc34bd09055 e4c9b40c70cc4d13aa8046933332264d - - default default] 10.0.0.163 "GET /v2.0/routers HTTP/1.1" status: 200 len: 1534 time: 0.0893731
2026-05-12 17:39:42.671 9 INFO neutron.wsgi [None req-8024c02c-144e-4ff9-9de4-ddfee505027f 47cc16f72e9046638185cbc34bd09055 e4c9b40c70cc4d13aa8046933332264d - - default default] 10.0.0.163 "GET /v2.0/agents?binary=ovn-controller HTTP/1.1" status: 200 len: 591 time: 0.0112870
2026-05-12 17:39:42.683 9 INFO neutron.wsgi [None req-9f546853-8c77-4922-91fe-96e4abbdd511 47cc16f72e9046638185cbc34bd09055 e4c9b40c70cc4d13aa8046933332264d - - default default] 10.0.0.163 "GET /v2.0/agents HTTP/1.1" status: 200 len: 997 time: 0.0108941
2026-05-12 17:39:42.696 9 INFO neutron.wsgi [None req-0f1311a3-f237-4e10-bfcd-194b8986c264 47cc16f72e9046638185cbc34bd09055 e4c9b40c70cc4d13aa8046933332264d - - default default] 10.0.0.163 "GET /v2.0/network-ip-availabilities HTTP/1.1" status: 200 len: 2202 time: 0.0122263
2026-05-12 17:39:42.727 10 INFO neutron.wsgi [None req-981f4381-b5a8-413f-b199-bb384c28df54 47cc16f72e9046638185cbc34bd09055 e4c9b40c70cc4d13aa8046933332264d - - default default] 10.0.0.112 "DELETE /v2.0/security-groups/c6e37e25-d82a-49f8-875b-3eee07f3405c HTTP/1.1" status: 204 len: 168 time: 0.2108066
2026-05-12 17:39:42.751 9 INFO neutron.wsgi [None req-b4385f8c-d606-43dd-bdec-0e3dedc055c7 47cc16f72e9046638185cbc34bd09055 e4c9b40c70cc4d13aa8046933332264d - - default default] 10.0.0.163 "GET /v2.0/floatingips HTTP/1.1" status: 200 len: 1881 time: 0.0544591
2026-05-12 17:39:42.834 9 INFO neutron.wsgi [None req-f37ef1b0-6967-4b8c-883e-16611ba2cbde 47cc16f72e9046638185cbc34bd09055 e4c9b40c70cc4d13aa8046933332264d - - default default] 10.0.0.163 "GET /v2.0/networks HTTP/1.1" status: 200 len: 3855 time: 0.0815392
2026-05-12 17:39:42.901 9 INFO neutron.wsgi [None req-054c51d8-41ba-4763-8dfa-10a2a4e03738 47cc16f72e9046638185cbc34bd09055 e4c9b40c70cc4d13aa8046933332264d - - default default] 10.0.0.163 "GET /v2.0/security-groups HTTP/1.1" status: 200 len: 30193 time: 0.0650096
2026-05-12 17:39:43.031 10 INFO neutron.db.ovn_revision_numbers_db [None req-0b8493fb-2114-4c41-8183-bf303b0ba47d 47cc16f72e9046638185cbc34bd09055 e4c9b40c70cc4d13aa8046933332264d - - default default] Successfully bumped revision number for resource cd526df9-16b0-42d0-8f84-fba237d02ff6 (type: security_groups) to 1
2026-05-12 17:39:43.045 10 INFO neutron.db.ovn_revision_numbers_db [None req-0b8493fb-2114-4c41-8183-bf303b0ba47d 47cc16f72e9046638185cbc34bd09055 e4c9b40c70cc4d13aa8046933332264d - - default default] Successfully bumped revision number for resource 82d233f1-b4f1-4451-91bb-ee48abecdd09 (type: security_group_rules) to 0
2026-05-12 17:39:43.056 10 INFO neutron.db.ovn_revision_numbers_db [None req-0b8493fb-2114-4c41-8183-bf303b0ba47d 47cc16f72e9046638185cbc34bd09055 e4c9b40c70cc4d13aa8046933332264d - - default default] Successfully bumped revision number for resource 9c432815-52b1-42dd-b2d6-af724e3540cd (type: security_group_rules) to 0
2026-05-12 17:39:43.071 10 INFO neutron.db.ovn_revision_numbers_db [None req-0b8493fb-2114-4c41-8183-bf303b0ba47d 47cc16f72e9046638185cbc34bd09055 e4c9b40c70cc4d13aa8046933332264d - - default default] Successfully bumped revision number for resource bf3c9927-86af-4ea1-9ca0-1b91be0e5744 (type: security_group_rules) to 0
2026-05-12 17:39:43.086 10 INFO neutron.db.ovn_revision_numbers_db [None req-0b8493fb-2114-4c41-8183-bf303b0ba47d 47cc16f72e9046638185cbc34bd09055 e4c9b40c70cc4d13aa8046933332264d - - default default] Successfully bumped revision number for resource ce586b10-7ef9-4666-af03-b45c1c3e083c (type: security_group_rules) to 0
2026-05-12 17:39:43.113 10 INFO neutron.wsgi [None req-0b8493fb-2114-4c41-8183-bf303b0ba47d 47cc16f72e9046638185cbc34bd09055 e4c9b40c70cc4d13aa8046933332264d - - default default] 10.0.0.112 "GET /v2.0/security-groups?tenant_id=ce9b403d20574434adfb3b9b42f28ff7&name=default HTTP/1.1" status: 200 len: 2996 time: 0.2419250
2026-05-12 17:39:43.326 10 INFO neutron.wsgi [None req-8f9e3800-8bb1-4bcd-b18c-51ca0259b373 47cc16f72e9046638185cbc34bd09055 e4c9b40c70cc4d13aa8046933332264d - - default default] 10.0.0.112 "DELETE /v2.0/security-groups/cd526df9-16b0-42d0-8f84-fba237d02ff6 HTTP/1.1" status: 204 len: 168 time: 0.2003601
2026-05-12 17:39:46.939 9 INFO neutron.db.ovn_revision_numbers_db [None req-1054cc76-f269-4bda-95f3-ce9e7ee6dc9a 47cc16f72e9046638185cbc34bd09055 e4c9b40c70cc4d13aa8046933332264d - - default default] Successfully bumped revision number for resource 24abb4c0-637b-4967-b7ed-3815a7fea8df (type: security_groups) to 1
2026-05-12 17:39:46.961 9 INFO neutron.db.ovn_revision_numbers_db [None req-1054cc76-f269-4bda-95f3-ce9e7ee6dc9a 47cc16f72e9046638185cbc34bd09055 e4c9b40c70cc4d13aa8046933332264d - - default default] Successfully bumped revision number for resource 0a50273b-0981-4e10-b917-707b161b4962 (type: security_group_rules) to 0
2026-05-12 17:39:46.977 9 INFO neutron.db.ovn_revision_numbers_db [None req-1054cc76-f269-4bda-95f3-ce9e7ee6dc9a 47cc16f72e9046638185cbc34bd09055 e4c9b40c70cc4d13aa8046933332264d - - default default] Successfully bumped revision number for resource 6f2828e8-a105-4d11-8ebe-151f56003844 (type: security_group_rules) to 0
2026-05-12 17:39:46.995 9 INFO neutron.db.ovn_revision_numbers_db [None req-1054cc76-f269-4bda-95f3-ce9e7ee6dc9a 47cc16f72e9046638185cbc34bd09055 e4c9b40c70cc4d13aa8046933332264d - - default default] Successfully bumped revision number for resource 8fd75561-e5c4-477e-a043-62d796c946d0 (type: security_group_rules) to 0
2026-05-12 17:39:47.013 9 INFO neutron.db.ovn_revision_numbers_db [None req-1054cc76-f269-4bda-95f3-ce9e7ee6dc9a 47cc16f72e9046638185cbc34bd09055 e4c9b40c70cc4d13aa8046933332264d - - default default] Successfully bumped revision number for resource e76d3440-6d11-4d15-88bb-cfcb26041bc7 (type: security_group_rules) to 0
2026-05-12 17:39:47.035 9 INFO neutron.wsgi [None req-1054cc76-f269-4bda-95f3-ce9e7ee6dc9a 47cc16f72e9046638185cbc34bd09055 e4c9b40c70cc4d13aa8046933332264d - - default default] 10.0.0.112 "GET /v2.0/security-groups?tenant_id=1d0a3f6c00804e0c9151b391a8096239&name=default HTTP/1.1" status: 200 len: 2996 time: 0.4281847
2026-05-12 17:39:47.254 9 INFO neutron.wsgi [None req-6b11d5c4-33a1-4464-a1ac-a8102716bf81 47cc16f72e9046638185cbc34bd09055 e4c9b40c70cc4d13aa8046933332264d - - default default] 10.0.0.112 "DELETE /v2.0/security-groups/24abb4c0-637b-4967-b7ed-3815a7fea8df HTTP/1.1" status: 204 len: 168 time: 0.2137959
2026-05-12 17:39:47.517 10 INFO neutron.db.ovn_revision_numbers_db [None req-6d2ef8b3-2424-4a72-9cbb-55f405005016 47cc16f72e9046638185cbc34bd09055 e4c9b40c70cc4d13aa8046933332264d - - default default] Successfully bumped revision number for resource 707e6711-8ca9-4664-b27c-ef5a8b82a773 (type: security_groups) to 1
2026-05-12 17:39:47.533 10 INFO neutron.db.ovn_revision_numbers_db [None req-6d2ef8b3-2424-4a72-9cbb-55f405005016 47cc16f72e9046638185cbc34bd09055 e4c9b40c70cc4d13aa8046933332264d - - default default] Successfully bumped revision number for resource 98222de6-63a6-451a-8f9d-46381843854a (type: security_group_rules) to 0
2026-05-12 17:39:47.546 10 INFO neutron.db.ovn_revision_numbers_db [None req-6d2ef8b3-2424-4a72-9cbb-55f405005016 47cc16f72e9046638185cbc34bd09055 e4c9b40c70cc4d13aa8046933332264d - - default default] Successfully bumped revision number for resource b23674d2-eb24-464f-b2c2-37eedb647e93 (type: security_group_rules) to 0
2026-05-12 17:39:47.561 10 INFO neutron.db.ovn_revision_numbers_db [None req-6d2ef8b3-2424-4a72-9cbb-55f405005016 47cc16f72e9046638185cbc34bd09055 e4c9b40c70cc4d13aa8046933332264d - - default default] Successfully bumped revision number for resource bbc836d1-ec32-4986-b8e7-b4b6a4bb6bfe (type: security_group_rules) to 0
2026-05-12 17:39:47.575 10 INFO neutron.db.ovn_revision_numbers_db [None req-6d2ef8b3-2424-4a72-9cbb-55f405005016 47cc16f72e9046638185cbc34bd09055 e4c9b40c70cc4d13aa8046933332264d - - default default] Successfully bumped revision number for resource e6e81646-35a8-4957-b059-8d4e864e6e10 (type: security_group_rules) to 0
2026-05-12 17:39:47.599 10 INFO neutron.wsgi [None req-6d2ef8b3-2424-4a72-9cbb-55f405005016 47cc16f72e9046638185cbc34bd09055 e4c9b40c70cc4d13aa8046933332264d - - default default] 10.0.0.112 "GET /v2.0/security-groups?tenant_id=8c1739d6c39c4c5f914453ff0ea55668&name=default HTTP/1.1" status: 200 len: 2996 time: 0.1987071
2026-05-12 17:39:47.714 9 INFO neutron.db.ovn_revision_numbers_db [None req-ba510f1f-5314-467b-918e-3ff0d4a16eef 47cc16f72e9046638185cbc34bd09055 e4c9b40c70cc4d13aa8046933332264d - - default default] Successfully bumped revision number for resource 004b0f7d-e4f5-4146-9fa9-5b8ad2d8fb7c (type: security_groups) to 1
2026-05-12 17:39:47.736 9 INFO neutron.db.ovn_revision_numbers_db [None req-ba510f1f-5314-467b-918e-3ff0d4a16eef 47cc16f72e9046638185cbc34bd09055 e4c9b40c70cc4d13aa8046933332264d - - default default] Successfully bumped revision number for resource 46111fa9-fe15-41c8-97c8-4941d1486f2b (type: security_group_rules) to 0
2026-05-12 17:39:47.754 9 INFO neutron.db.ovn_revision_numbers_db [None req-ba510f1f-5314-467b-918e-3ff0d4a16eef 47cc16f72e9046638185cbc34bd09055 e4c9b40c70cc4d13aa8046933332264d - - default default] Successfully bumped revision number for resource 551ce678-6770-4d31-b64f-65744d62f8a7 (type: security_group_rules) to 0
2026-05-12 17:39:47.769 9 INFO neutron.db.ovn_revision_numbers_db [None req-ba510f1f-5314-467b-918e-3ff0d4a16eef 47cc16f72e9046638185cbc34bd09055 e4c9b40c70cc4d13aa8046933332264d - - default default] Successfully bumped revision number for resource 5c774361-33b8-4799-864e-17a7d05c2dbe (type: security_group_rules) to 0
2026-05-12 17:39:47.785 9 INFO neutron.db.ovn_revision_numbers_db [None req-ba510f1f-5314-467b-918e-3ff0d4a16eef 47cc16f72e9046638185cbc34bd09055 e4c9b40c70cc4d13aa8046933332264d - - default default] Successfully bumped revision number for resource 624ce12e-a493-42b6-a623-986319a2b312 (type: security_group_rules) to 0
2026-05-12 17:39:47.789 10 INFO neutron.wsgi [None req-260741aa-af85-4187-b6b9-f32cb5b7291f 47cc16f72e9046638185cbc34bd09055 e4c9b40c70cc4d13aa8046933332264d - - default default] 10.0.0.112 "DELETE /v2.0/security-groups/707e6711-8ca9-4664-b27c-ef5a8b82a773 HTTP/1.1" status: 204 len: 168 time: 0.1858690
2026-05-12 17:39:47.808 9 INFO neutron.wsgi [None req-ba510f1f-5314-467b-918e-3ff0d4a16eef 47cc16f72e9046638185cbc34bd09055 e4c9b40c70cc4d13aa8046933332264d - - default default] 10.0.0.112 "GET /v2.0/security-groups?tenant_id=57ad493b31e145a0a619abef454441b8&name=default HTTP/1.1" status: 200 len: 2996 time: 0.4501317
2026-05-12 17:39:47.998 9 INFO neutron.wsgi [None req-09207f56-3f8e-4de8-8778-e1d944df1ef4 47cc16f72e9046638185cbc34bd09055 e4c9b40c70cc4d13aa8046933332264d - - default default] 10.0.0.112 "DELETE /v2.0/security-groups/004b0f7d-e4f5-4146-9fa9-5b8ad2d8fb7c HTTP/1.1" status: 204 len: 168 time: 0.1848493
2026-05-12 17:39:48.248 10 INFO neutron.db.ovn_revision_numbers_db [None req-929d4372-a2db-4a6d-89dc-d6148385365b 47cc16f72e9046638185cbc34bd09055 e4c9b40c70cc4d13aa8046933332264d - - default default] Successfully bumped revision number for resource e426b265-2f36-4d86-bcbc-363fe2620ccc (type: security_groups) to 1
2026-05-12 17:39:48.264 10 INFO neutron.db.ovn_revision_numbers_db [None req-929d4372-a2db-4a6d-89dc-d6148385365b 47cc16f72e9046638185cbc34bd09055 e4c9b40c70cc4d13aa8046933332264d - - default default] Successfully bumped revision number for resource a71fddf7-7cd4-4bfc-8ac2-6d2a417071ab (type: security_group_rules) to 0
2026-05-12 17:39:48.275 10 INFO neutron.db.ovn_revision_numbers_db [None req-929d4372-a2db-4a6d-89dc-d6148385365b 47cc16f72e9046638185cbc34bd09055 e4c9b40c70cc4d13aa8046933332264d - - default default] Successfully bumped revision number for resource a9f0df66-55ed-4628-ae50-bb1685ae931d (type: security_group_rules) to 0
2026-05-12 17:39:48.289 10 INFO neutron.db.ovn_revision_numbers_db [None req-929d4372-a2db-4a6d-89dc-d6148385365b 47cc16f72e9046638185cbc34bd09055 e4c9b40c70cc4d13aa8046933332264d - - default default] Successfully bumped revision number for resource d1affbb2-8ea5-494d-90cd-208878202e4e (type: security_group_rules) to 0
2026-05-12 17:39:48.301 10 INFO neutron.db.ovn_revision_numbers_db [None req-929d4372-a2db-4a6d-89dc-d6148385365b 47cc16f72e9046638185cbc34bd09055 e4c9b40c70cc4d13aa8046933332264d - - default default] Successfully bumped revision number for resource d7edfa73-be8d-4f02-81e7-fe21ed6dd694 (type: security_group_rules) to 0
2026-05-12 17:39:48.327 10 INFO neutron.wsgi [None req-929d4372-a2db-4a6d-89dc-d6148385365b 47cc16f72e9046638185cbc34bd09055 e4c9b40c70cc4d13aa8046933332264d - - default default] 10.0.0.112 "GET /v2.0/security-groups?tenant_id=fcfe1f661c3346a6b18b3e47daf9c0ed&name=default HTTP/1.1" status: 200 len: 2996 time: 0.1975672
2026-05-12 17:39:48.502 10 INFO neutron.wsgi [None req-d6ac2fa4-3504-4f98-a8ba-f839daa0ea44 47cc16f72e9046638185cbc34bd09055 e4c9b40c70cc4d13aa8046933332264d - - default default] 10.0.0.112 "DELETE /v2.0/security-groups/e426b265-2f36-4d86-bcbc-363fe2620ccc HTTP/1.1" status: 204 len: 168 time: 0.1704192
2026-05-12 17:39:49.963 10 INFO neutron.wsgi [req-6a7e0bfa-5315-448e-a68f-d58ed53c4dde req-fcdba6db-885c-438d-9e5d-c0497ff042d7 e9b5f01a8d8347b98401cc1ba37cd678 f1aefb37df6f44aaa8d030aa698c8832 - - f7b2a552975f4b9f8031dad981529eb6 f7b2a552975f4b9f8031dad981529eb6] 10.0.0.72 "GET /v2.0/ports?device_id=1ce0ffe8-da41-458c-870f-42c4bc9383a5 HTTP/1.1" status: 200 len: 1413 time: 0.0361440
2026-05-12 17:39:50.002 10 INFO neutron.wsgi [req-6a7e0bfa-5315-448e-a68f-d58ed53c4dde req-7e6d395a-71fa-4c3f-9d30-73ea3bddda2f e9b5f01a8d8347b98401cc1ba37cd678 f1aefb37df6f44aaa8d030aa698c8832 - - f7b2a552975f4b9f8031dad981529eb6 f7b2a552975f4b9f8031dad981529eb6] 10.0.0.72 "GET /v2.0/security-groups?id=ac778bb5-85d9-448c-8cb4-70dbdf0211f8&fields=id&fields=name HTTP/1.1" status: 200 len: 313 time: 0.0349643
2026-05-12 17:39:51.801 10 INFO neutron.wsgi [req-6da99904-634f-4c66-9724-090c7301e147 req-f988b3f1-88b7-4bfd-9316-be0f2bd9c809 e9b5f01a8d8347b98401cc1ba37cd678 f1aefb37df6f44aaa8d030aa698c8832 - - f7b2a552975f4b9f8031dad981529eb6 f7b2a552975f4b9f8031dad981529eb6] 10.0.0.72 "GET /v2.0/ports?device_id=56414d21-d063-481c-8f60-f25a559662ab HTTP/1.1" status: 200 len: 1413 time: 0.0354676
2026-05-12 17:39:51.843 10 INFO neutron.wsgi [req-6da99904-634f-4c66-9724-090c7301e147 req-8d6c7101-5022-4f1a-b6ef-0dfb2ecc09ea e9b5f01a8d8347b98401cc1ba37cd678 f1aefb37df6f44aaa8d030aa698c8832 - - f7b2a552975f4b9f8031dad981529eb6 f7b2a552975f4b9f8031dad981529eb6] 10.0.0.72 "GET /v2.0/security-groups?id=d4fcf07b-ae57-46f5-bb0d-000e2f448941&fields=id&fields=name HTTP/1.1" status: 200 len: 312 time: 0.0344002
2026-05-12 17:39:52.518 10 INFO neutron.wsgi [None req-66ca1a25-c278-40b3-b537-ec0bfc885e51 f0f4fe1ec260419caac92d94c9719771 5585027a116d4bff9ea079a789edf2d9 - - default default] 10.0.0.112 "GET /v2.0/ports?project_id=f22e11b4dfd9452e926f1303062920ed&network_id=b45536f8-ba06-42f6-8635-9f850ca36f96 HTTP/1.1" status: 200 len: 3514 time: 0.0709245
2026-05-12 17:39:52.762 9 INFO neutron.wsgi [None req-66147381-ca0a-4b41-b000-460d05a6dc40 f0f4fe1ec260419caac92d94c9719771 5585027a116d4bff9ea079a789edf2d9 - - default default] 10.0.0.112 "GET /v2.0/subnets?network_id=91c7c4b7-9d1f-490c-8b0f-73b9bd6de455 HTTP/1.1" status: 200 len: 838 time: 0.0486577
2026-05-12 17:39:53.086 9 INFO neutron.db.l3_db [None req-29dc359f-9b38-4068-95cb-1e2b6fafe610 163592f9849c495c836dbd99d6f8c6d5 f22e11b4dfd9452e926f1303062920ed - - default default] Floating IP f54f7972-4914-4a82-9bfd-978251aae2bf disassociated. External IP: 10.96.250.207, port: 8abe0c7b-93ae-4e00-8f25-9229e3e2054d.
2026-05-12 17:39:53.147 9 INFO neutron.db.ovn_revision_numbers_db [None req-29dc359f-9b38-4068-95cb-1e2b6fafe610 163592f9849c495c836dbd99d6f8c6d5 f22e11b4dfd9452e926f1303062920ed - - default default] Successfully bumped revision number for resource f54f7972-4914-4a82-9bfd-978251aae2bf (type: floatingips) to 2
2026-05-12 17:39:53.225 9 INFO neutron.wsgi [None req-29dc359f-9b38-4068-95cb-1e2b6fafe610 163592f9849c495c836dbd99d6f8c6d5 f22e11b4dfd9452e926f1303062920ed - - default default] 10.0.0.112 "PUT /v2.0/floatingips/f54f7972-4914-4a82-9bfd-978251aae2bf HTTP/1.1" status: 200 len: 748 time: 0.2816057 /var/lib/openstack/lib/python3.10/site-packages/pycadf/identifier.py:71: UserWarning: Invalid uuid: neutron. To ensure interoperability, identifiers should be a valid uuid. warnings.warn(('Invalid uuid: %s. To ensure interoperability, '
2026-05-12 17:39:53.264 9 INFO neutron.notifiers.nova [-] Nova event matching ['req-294cc091-cea6-474f-9476-d7f181f6859d'] response: {'name': 'network-changed', 'server_uuid': '1ce0ffe8-da41-458c-870f-42c4bc9383a5', 'tag': '8abe0c7b-93ae-4e00-8f25-9229e3e2054d', 'status': 'completed', 'code': 200}
2026-05-12 17:39:53.268 9 INFO neutron.wsgi [None req-5c3e836a-cb3e-4871-87ad-dc653ad469af 163592f9849c495c836dbd99d6f8c6d5 f22e11b4dfd9452e926f1303062920ed - - default default] 10.0.0.112 "GET /v2.0/floatingips/f54f7972-4914-4a82-9bfd-978251aae2bf HTTP/1.1" status: 200 len: 746 time: 0.0359848
2026-05-12 17:39:53.333 10 INFO neutron.wsgi [req-0400eb07-bddd-4e55-90aa-100047cfcde7 req-7c6aedbc-7e3d-4e92-b2e3-a3ef7fb621b4 e9b5f01a8d8347b98401cc1ba37cd678 f1aefb37df6f44aaa8d030aa698c8832 - - f7b2a552975f4b9f8031dad981529eb6 f7b2a552975f4b9f8031dad981529eb6] 199.19.213.43 "GET /v2.0/ports?tenant_id=f22e11b4dfd9452e926f1303062920ed&device_id=1ce0ffe8-da41-458c-870f-42c4bc9383a5 HTTP/1.1" status: 200 len: 1413 time: 0.0425828
2026-05-12 17:39:53.404 10 INFO neutron.wsgi [req-0400eb07-bddd-4e55-90aa-100047cfcde7 req-bdc4b3ff-3d10-49dc-94e1-e03ee1b0cc4c e9b5f01a8d8347b98401cc1ba37cd678 f1aefb37df6f44aaa8d030aa698c8832 - - f7b2a552975f4b9f8031dad981529eb6 f7b2a552975f4b9f8031dad981529eb6] 199.19.213.43 "GET /v2.0/networks?id=b45536f8-ba06-42f6-8635-9f850ca36f96 HTTP/1.1" status: 200 len: 958 time: 0.0650985
2026-05-12 17:39:53.436 10 INFO neutron.wsgi [req-0400eb07-bddd-4e55-90aa-100047cfcde7 req-f487b544-debd-4f73-a219-9aa086c70aa1 e9b5f01a8d8347b98401cc1ba37cd678 f1aefb37df6f44aaa8d030aa698c8832 - - f7b2a552975f4b9f8031dad981529eb6 f7b2a552975f4b9f8031dad981529eb6] 199.19.213.43 "GET /v2.0/floatingips?fixed_ip_address=10.100.0.11&port_id=8abe0c7b-93ae-4e00-8f25-9229e3e2054d HTTP/1.1" status: 200 len: 217 time: 0.0264041
2026-05-12 17:39:53.480 10 INFO neutron.wsgi [req-0400eb07-bddd-4e55-90aa-100047cfcde7 req-d564528e-434e-4468-ac42-1eb835430dc9 e9b5f01a8d8347b98401cc1ba37cd678 f1aefb37df6f44aaa8d030aa698c8832 - - f7b2a552975f4b9f8031dad981529eb6 f7b2a552975f4b9f8031dad981529eb6] 199.19.213.43 "GET /v2.0/subnets?id=8441d725-b4cf-46be-9c56-06ee0fd58593 HTTP/1.1" status: 200 len: 853 time: 0.0366628
2026-05-12 17:39:53.506 10 INFO neutron.wsgi [req-0400eb07-bddd-4e55-90aa-100047cfcde7 req-f2a95147-e515-4796-b3f3-985766227c20 e9b5f01a8d8347b98401cc1ba37cd678 f1aefb37df6f44aaa8d030aa698c8832 - - f7b2a552975f4b9f8031dad981529eb6 f7b2a552975f4b9f8031dad981529eb6] 199.19.213.43 "GET /v2.0/ports?network_id=b45536f8-ba06-42f6-8635-9f850ca36f96&device_owner=network%3Adhcp HTTP/1.1" status: 200 len: 210 time: 0.0215108
2026-05-12 17:39:53.564 10 INFO neutron.wsgi [req-0400eb07-bddd-4e55-90aa-100047cfcde7 req-28078afe-7755-4818-8225-d5bd96deaae0 e9b5f01a8d8347b98401cc1ba37cd678 f1aefb37df6f44aaa8d030aa698c8832 - - f7b2a552975f4b9f8031dad981529eb6 f7b2a552975f4b9f8031dad981529eb6] 199.19.213.43 "GET /v2.0/networks/b45536f8-ba06-42f6-8635-9f850ca36f96?fields=segments HTTP/1.1" status: 200 len: 212 time: 0.0531030
2026-05-12 17:39:53.636 10 INFO neutron.wsgi [req-0400eb07-bddd-4e55-90aa-100047cfcde7 req-50119a56-80c9-4589-8c0e-65990243e7ce e9b5f01a8d8347b98401cc1ba37cd678 f1aefb37df6f44aaa8d030aa698c8832 - - f7b2a552975f4b9f8031dad981529eb6 f7b2a552975f4b9f8031dad981529eb6] 199.19.213.43 "GET /v2.0/networks/b45536f8-ba06-42f6-8635-9f850ca36f96?fields=provider%3Aphysical_network&fields=provider%3Anetwork_type HTTP/1.1" status: 200 len: 277 time: 0.0618823
2026-05-12 17:39:54.184 9 INFO neutron.db.ovn_revision_numbers_db [None req-1dfaa6d1-0b7b-475f-823f-c71449ab5384 47cc16f72e9046638185cbc34bd09055 e4c9b40c70cc4d13aa8046933332264d - - default default] Successfully bumped revision number for resource 2cec73a7-b291-4f7a-9e53-30067755da56 (type: security_groups) to 1
2026-05-12 17:39:54.198 9 INFO neutron.db.ovn_revision_numbers_db [None req-1dfaa6d1-0b7b-475f-823f-c71449ab5384 47cc16f72e9046638185cbc34bd09055 e4c9b40c70cc4d13aa8046933332264d - - default default] Successfully bumped revision number for resource 081fbf26-240e-4f93-9b66-ace250c300c4 (type: security_group_rules) to 0
2026-05-12 17:39:54.211 9 INFO neutron.db.ovn_revision_numbers_db [None req-1dfaa6d1-0b7b-475f-823f-c71449ab5384 47cc16f72e9046638185cbc34bd09055 e4c9b40c70cc4d13aa8046933332264d - - default default] Successfully bumped revision number for resource 8eb6a3fb-a06e-47d2-a7cc-3b160ff41a71 (type: security_group_rules) to 0
2026-05-12 17:39:54.226 9 INFO neutron.db.ovn_revision_numbers_db [None req-1dfaa6d1-0b7b-475f-823f-c71449ab5384 47cc16f72e9046638185cbc34bd09055 e4c9b40c70cc4d13aa8046933332264d - - default default] Successfully bumped revision number for resource f357cae7-b42e-48fa-82e3-2499f37f7fce (type: security_group_rules) to 0
2026-05-12 17:39:54.240 9 INFO neutron.db.ovn_revision_numbers_db [None req-1dfaa6d1-0b7b-475f-823f-c71449ab5384 47cc16f72e9046638185cbc34bd09055 e4c9b40c70cc4d13aa8046933332264d - - default default] Successfully bumped revision number for resource fad73fe3-e8e5-4578-b296-63b42d8cc542 (type: security_group_rules) to 0
2026-05-12 17:39:54.262 9 INFO neutron.wsgi [None req-1dfaa6d1-0b7b-475f-823f-c71449ab5384 47cc16f72e9046638185cbc34bd09055 e4c9b40c70cc4d13aa8046933332264d - - default default] 10.0.0.112 "GET /v2.0/security-groups?tenant_id=7d3599ab4e254cea9fc8cee5b640ad07&name=default HTTP/1.1" status: 200 len: 2996 time: 0.3906944
2026-05-12 17:39:54.351 10 WARNING neutron_lib.context [None req-d107d4fb-ae90-444d-9e6d-9541fef2fa97 163592f9849c495c836dbd99d6f8c6d5 f22e11b4dfd9452e926f1303062920ed - - default default] Method 'is_advsvc' is deprecated since 2023.2 release (neutron-lib 3.8.0) and will be removed once support for the old RBAC API policies will be removed from Neutron. Please use method 'is_service_role' instead.
2026-05-12 17:39:54.438 9 INFO neutron.wsgi [None req-d6b23c37-d515-4579-b86b-49d432548db4 47cc16f72e9046638185cbc34bd09055 e4c9b40c70cc4d13aa8046933332264d - - default default] 10.0.0.112 "DELETE /v2.0/security-groups/2cec73a7-b291-4f7a-9e53-30067755da56 HTTP/1.1" status: 204 len: 168 time: 0.1707630
2026-05-12 17:39:54.481 10 INFO neutron.db.ovn_revision_numbers_db [None req-d107d4fb-ae90-444d-9e6d-9541fef2fa97 163592f9849c495c836dbd99d6f8c6d5 f22e11b4dfd9452e926f1303062920ed - - default default] Successfully bumped revision number for resource 81a865e6-cdab-4287-a720-1a985c980d9a (type: security_groups) to 1
2026-05-12 17:39:54.494 10 INFO neutron.db.ovn_revision_numbers_db [None req-d107d4fb-ae90-444d-9e6d-9541fef2fa97 163592f9849c495c836dbd99d6f8c6d5 f22e11b4dfd9452e926f1303062920ed - - default default] Successfully bumped revision number for resource 610ff40b-eeb0-4af2-8ef5-31ed1f964041 (type: security_group_rules) to 0
2026-05-12 17:39:54.513 10 INFO neutron.db.ovn_revision_numbers_db [None req-d107d4fb-ae90-444d-9e6d-9541fef2fa97 163592f9849c495c836dbd99d6f8c6d5 f22e11b4dfd9452e926f1303062920ed - - default default] Successfully bumped revision number for resource ad6719cf-274e-44e5-81fc-fd98ab0f72f7 (type: security_group_rules) to 0
2026-05-12 17:39:54.533 10 INFO neutron.wsgi [None req-d107d4fb-ae90-444d-9e6d-9541fef2fa97 163592f9849c495c836dbd99d6f8c6d5 f22e11b4dfd9452e926f1303062920ed - - default default] 10.0.0.112 "POST /v2.0/security-groups HTTP/1.1" status: 201 len: 1811 time: 0.1891990
2026-05-12 17:39:54.543 10 WARNING neutron_lib.context [None req-88a82ed1-7310-4ac2-b1ab-39c2bfc27c85 163592f9849c495c836dbd99d6f8c6d5 f22e11b4dfd9452e926f1303062920ed - - default default] Method 'is_advsvc' is deprecated since 2023.2 release (neutron-lib 3.8.0) and will be removed once support for the old RBAC API policies will be removed from Neutron. Please use method 'is_service_role' instead.
2026-05-12 17:39:54.665 10 INFO neutron.db.ovn_revision_numbers_db [None req-88a82ed1-7310-4ac2-b1ab-39c2bfc27c85 163592f9849c495c836dbd99d6f8c6d5 f22e11b4dfd9452e926f1303062920ed - - default default] Successfully bumped revision number for resource 40b4f0ce-1a8c-4e5d-9861-9be5c3c37679 (type: security_group_rules) to 0
2026-05-12 17:39:54.693 10 INFO neutron.wsgi [None req-88a82ed1-7310-4ac2-b1ab-39c2bfc27c85 163592f9849c495c836dbd99d6f8c6d5 f22e11b4dfd9452e926f1303062920ed - - default default] 10.0.0.112 "POST /v2.0/security-group-rules HTTP/1.1" status: 201 len: 764 time: 0.1546788
2026-05-12 17:39:54.703 10 WARNING neutron_lib.context [None req-8f92a59f-f2da-42e7-bc70-10bd28c2f990 163592f9849c495c836dbd99d6f8c6d5 f22e11b4dfd9452e926f1303062920ed - - default default] Method 'is_advsvc' is deprecated since 2023.2 release (neutron-lib 3.8.0) and will be removed once support for the old RBAC API policies will be removed from Neutron. Please use method 'is_service_role' instead.
2026-05-12 17:39:54.707 9 INFO neutron.db.ovn_revision_numbers_db [None req-f4fe1c77-75d8-4458-bb1a-cde29262d862 47cc16f72e9046638185cbc34bd09055 e4c9b40c70cc4d13aa8046933332264d - - default default] Successfully bumped revision number for resource 811fc28b-d384-4c68-9696-25de98ff8126 (type: security_groups) to 1
2026-05-12 17:39:54.728 9 INFO neutron.db.ovn_revision_numbers_db [None req-f4fe1c77-75d8-4458-bb1a-cde29262d862 47cc16f72e9046638185cbc34bd09055 e4c9b40c70cc4d13aa8046933332264d - - default default] Successfully bumped revision number for resource 19609701-849c-4805-bd07-035980e25c66 (type: security_group_rules) to 0
2026-05-12 17:39:54.746 9 INFO neutron.db.ovn_revision_numbers_db [None req-f4fe1c77-75d8-4458-bb1a-cde29262d862 47cc16f72e9046638185cbc34bd09055 e4c9b40c70cc4d13aa8046933332264d - - default default] Successfully bumped revision number for resource 30a46e22-6c7d-46cc-bec0-16d6f10acca5 (type: security_group_rules) to 0
2026-05-12 17:39:54.760 9 INFO neutron.db.ovn_revision_numbers_db [None req-f4fe1c77-75d8-4458-bb1a-cde29262d862 47cc16f72e9046638185cbc34bd09055 e4c9b40c70cc4d13aa8046933332264d - - default default] Successfully bumped revision number for resource 44a8140c-7134-454c-a83e-f653b63f749c (type: security_group_rules) to 0
2026-05-12 17:39:54.772 9 INFO neutron.db.ovn_revision_numbers_db [None req-f4fe1c77-75d8-4458-bb1a-cde29262d862 47cc16f72e9046638185cbc34bd09055 e4c9b40c70cc4d13aa8046933332264d - - default default] Successfully bumped revision number for resource 5498ce87-25e4-44cb-a443-47e6604ac55d (type: security_group_rules) to 0
2026-05-12 17:39:54.791 9 INFO neutron.wsgi [-] 10.0.0.232 "GET / HTTP/1.1" status: 200 len: 246 time: 0.0017624
2026-05-12 17:39:54.793 9 INFO neutron.wsgi [-] 10.0.0.232 "GET / HTTP/1.1" status: 200 len: 246 time: 0.0008924
2026-05-12 17:39:54.800 9 INFO neutron.wsgi [None req-f4fe1c77-75d8-4458-bb1a-cde29262d862 47cc16f72e9046638185cbc34bd09055 e4c9b40c70cc4d13aa8046933332264d - - default default] 10.0.0.112 "GET /v2.0/security-groups?tenant_id=402e83f40dcd4f76b65a0e49ec5b8a7e&name=default HTTP/1.1" status: 200 len: 2996 time: 0.2220943
2026-05-12 17:39:54.816 10 INFO neutron.db.ovn_revision_numbers_db [None req-8f92a59f-f2da-42e7-bc70-10bd28c2f990 163592f9849c495c836dbd99d6f8c6d5 f22e11b4dfd9452e926f1303062920ed - - default default] Successfully bumped revision number for resource 9dcbd13b-66d1-4767-9a05-4edd6a0e6567 (type: security_group_rules) to 0
2026-05-12 17:39:54.840 10 INFO neutron.wsgi [None req-8f92a59f-f2da-42e7-bc70-10bd28c2f990 163592f9849c495c836dbd99d6f8c6d5 f22e11b4dfd9452e926f1303062920ed - - default default] 10.0.0.112 "POST /v2.0/security-group-rules HTTP/1.1" status: 201 len: 763 time: 0.1414442
2026-05-12 17:39:54.850 9 WARNING neutron_lib.context [None req-128561fc-4aa1-4403-a39e-3269460200dc 163592f9849c495c836dbd99d6f8c6d5 f22e11b4dfd9452e926f1303062920ed - - default default] Method 'is_advsvc' is deprecated since 2023.2 release (neutron-lib 3.8.0) and will be removed once support for the old RBAC API policies will be removed from Neutron. Please use method 'is_service_role' instead.
2026-05-12 17:39:54.995 10 INFO neutron.db.ovn_revision_numbers_db [None req-3e92c4ef-8972-453d-8ce4-867e4cfea01b 47cc16f72e9046638185cbc34bd09055 e4c9b40c70cc4d13aa8046933332264d - - default default] Successfully bumped revision number for resource aa259276-132f-4ea2-9128-5f2b6afb8583 (type: security_groups) to 1
2026-05-12 17:39:55.001 9 INFO neutron.db.ovn_revision_numbers_db [None req-128561fc-4aa1-4403-a39e-3269460200dc 163592f9849c495c836dbd99d6f8c6d5 f22e11b4dfd9452e926f1303062920ed - - default default] Successfully bumped revision number for resource 2c6e3cc5-9e65-4663-b8d8-d62475111aa1 (type: security_group_rules) to 0
2026-05-12 17:39:55.008 10 INFO neutron.db.ovn_revision_numbers_db [None req-3e92c4ef-8972-453d-8ce4-867e4cfea01b 47cc16f72e9046638185cbc34bd09055 e4c9b40c70cc4d13aa8046933332264d - - default default] Successfully bumped revision number for resource 2948b1ac-4aa6-412f-a031-18febe57c157 (type: security_group_rules) to 0
2026-05-12 17:39:55.020 10 INFO neutron.db.ovn_revision_numbers_db [None req-3e92c4ef-8972-453d-8ce4-867e4cfea01b 47cc16f72e9046638185cbc34bd09055 e4c9b40c70cc4d13aa8046933332264d - - default default] Successfully bumped revision number for resource 29aab177-0449-4153-93e2-ed3e095c0f82 (type: security_group_rules) to 0
2026-05-12 17:39:55.024 9 INFO neutron.wsgi [None req-be396f8c-33c2-4595-b1aa-83f9b28b39ed 47cc16f72e9046638185cbc34bd09055 e4c9b40c70cc4d13aa8046933332264d - - default default] 10.0.0.112 "DELETE /v2.0/security-groups/811fc28b-d384-4c68-9696-25de98ff8126 HTTP/1.1" status: 204 len: 168 time: 0.2185254
2026-05-12 17:39:55.027 9 INFO neutron.wsgi [None req-128561fc-4aa1-4403-a39e-3269460200dc 163592f9849c495c836dbd99d6f8c6d5 f22e11b4dfd9452e926f1303062920ed - - default default] 10.0.0.112 "POST /v2.0/security-group-rules HTTP/1.1" status: 201 len: 769 time: 0.1817458
2026-05-12 17:39:55.034 10 INFO neutron.db.ovn_revision_numbers_db [None req-3e92c4ef-8972-453d-8ce4-867e4cfea01b 47cc16f72e9046638185cbc34bd09055 e4c9b40c70cc4d13aa8046933332264d - - default default] Successfully bumped revision number for resource a7a17fe6-be86-490d-a4a3-78b152cd35bd (type: security_group_rules) to 0
2026-05-12 17:39:55.038 9 WARNING neutron_lib.context [None req-4f25e5bb-fc0e-468d-8fa9-f4cd8393c24b 163592f9849c495c836dbd99d6f8c6d5 f22e11b4dfd9452e926f1303062920ed - - default default] Method 'is_advsvc' is deprecated since 2023.2 release (neutron-lib 3.8.0) and will be removed once support for the old RBAC API policies will be removed from Neutron. Please use method 'is_service_role' instead.
2026-05-12 17:39:55.048 10 INFO neutron.db.ovn_revision_numbers_db [None req-3e92c4ef-8972-453d-8ce4-867e4cfea01b 47cc16f72e9046638185cbc34bd09055 e4c9b40c70cc4d13aa8046933332264d - - default default] Successfully bumped revision number for resource d7d3ca05-d300-4ef0-b74d-3b3a36c01167 (type: security_group_rules) to 0
2026-05-12 17:39:55.072 10 INFO neutron.wsgi [None req-3e92c4ef-8972-453d-8ce4-867e4cfea01b 47cc16f72e9046638185cbc34bd09055 e4c9b40c70cc4d13aa8046933332264d - - default default] 10.0.0.112 "GET /v2.0/security-groups?tenant_id=a921a153e662477db6f0296011da26b5&name=default HTTP/1.1" status: 200 len: 2996 time: 0.3629496
2026-05-12 17:39:55.166 9 INFO neutron.db.ovn_revision_numbers_db [None req-4f25e5bb-fc0e-468d-8fa9-f4cd8393c24b 163592f9849c495c836dbd99d6f8c6d5 f22e11b4dfd9452e926f1303062920ed - - default default] Successfully bumped revision number for resource b06fbe47-af76-406d-a3ce-53ab36284c28 (type: security_group_rules) to 0
2026-05-12 17:39:55.189 9 INFO neutron.wsgi [None req-4f25e5bb-fc0e-468d-8fa9-f4cd8393c24b 163592f9849c495c836dbd99d6f8c6d5 f22e11b4dfd9452e926f1303062920ed - - default default] 10.0.0.112 "POST /v2.0/security-group-rules HTTP/1.1" status: 201 len: 768 time: 0.1565447
2026-05-12 17:39:55.199 9 WARNING neutron_lib.context [None req-892a4729-9825-465b-8d46-17f4ac6d4ab5 163592f9849c495c836dbd99d6f8c6d5 f22e11b4dfd9452e926f1303062920ed - - default default] Method 'is_advsvc' is deprecated since 2023.2 release (neutron-lib 3.8.0) and will be removed once support for the old RBAC API policies will be removed from Neutron. Please use method 'is_service_role' instead.
2026-05-12 17:39:55.217 9 INFO neutron.db.securitygroups_db [None req-892a4729-9825-465b-8d46-17f4ac6d4ab5 163592f9849c495c836dbd99d6f8c6d5 f22e11b4dfd9452e926f1303062920ed - - default default] Project f22e11b4dfd9452e926f1303062920ed added a security group rule with legacy IPv6 ICMP protocol name icmp, ipv6-icmp should be used instead. It was automatically converted.
2026-05-12 17:39:55.255 10 INFO neutron.wsgi [None req-5db8c725-0490-4595-8229-1aa21138e13a 47cc16f72e9046638185cbc34bd09055 e4c9b40c70cc4d13aa8046933332264d - - default default] 10.0.0.112 "DELETE /v2.0/security-groups/aa259276-132f-4ea2-9128-5f2b6afb8583 HTTP/1.1" status: 204 len: 168 time: 0.1779108
2026-05-12 17:39:55.302 9 INFO neutron.db.ovn_revision_numbers_db [None req-892a4729-9825-465b-8d46-17f4ac6d4ab5 163592f9849c495c836dbd99d6f8c6d5 f22e11b4dfd9452e926f1303062920ed - - default default] Successfully bumped revision number for resource a79c568b-fa54-43d0-83ac-149f16d8de40 (type: security_group_rules) to 0
2026-05-12 17:39:55.331 9 INFO neutron.wsgi [None req-892a4729-9825-465b-8d46-17f4ac6d4ab5 163592f9849c495c836dbd99d6f8c6d5 f22e11b4dfd9452e926f1303062920ed - - default default] 10.0.0.112 "POST /v2.0/security-group-rules HTTP/1.1" status: 201 len: 774 time: 0.1367941
2026-05-12 17:39:55.343 9 WARNING neutron_lib.context [None req-a62fe3dc-2451-40d4-8eec-b09298ca53eb 163592f9849c495c836dbd99d6f8c6d5 f22e11b4dfd9452e926f1303062920ed - - default default] Method 'is_advsvc' is deprecated since 2023.2 release (neutron-lib 3.8.0) and will be removed once support for the old RBAC API policies will be removed from Neutron. Please use method 'is_service_role' instead.
2026-05-12 17:39:55.361 9 INFO neutron.db.securitygroups_db [None req-a62fe3dc-2451-40d4-8eec-b09298ca53eb 163592f9849c495c836dbd99d6f8c6d5 f22e11b4dfd9452e926f1303062920ed - - default default] Project f22e11b4dfd9452e926f1303062920ed added a security group rule with legacy IPv6 ICMP protocol name icmp, ipv6-icmp should be used instead. It was automatically converted.
2026-05-12 17:39:55.467 9 INFO neutron.db.ovn_revision_numbers_db [None req-a62fe3dc-2451-40d4-8eec-b09298ca53eb 163592f9849c495c836dbd99d6f8c6d5 f22e11b4dfd9452e926f1303062920ed - - default default] Successfully bumped revision number for resource dde57ed0-94e7-4268-8b46-e6f6dcda9f58 (type: security_group_rules) to 0
2026-05-12 17:39:55.494 9 INFO neutron.wsgi [None req-a62fe3dc-2451-40d4-8eec-b09298ca53eb 163592f9849c495c836dbd99d6f8c6d5 f22e11b4dfd9452e926f1303062920ed - - default default] 10.0.0.112 "POST /v2.0/security-group-rules HTTP/1.1" status: 201 len: 773 time: 0.1568959
2026-05-12 17:39:55.496 10 INFO neutron.db.ovn_revision_numbers_db [None req-77007c26-0ea5-4e96-bdd9-590b312eef25 47cc16f72e9046638185cbc34bd09055 e4c9b40c70cc4d13aa8046933332264d - - default default] Successfully bumped revision number for resource 79e1ce55-5e39-4680-9612-1013ef41a7c5 (type: security_groups) to 1
2026-05-12 17:39:55.511 10 INFO neutron.db.ovn_revision_numbers_db [None req-77007c26-0ea5-4e96-bdd9-590b312eef25 47cc16f72e9046638185cbc34bd09055 e4c9b40c70cc4d13aa8046933332264d - - default default] Successfully bumped revision number for resource 291b8ffb-371d-47bb-9241-304d91ea1d9f (type: security_group_rules) to 0
2026-05-12 17:39:55.526 10 INFO neutron.db.ovn_revision_numbers_db [None req-77007c26-0ea5-4e96-bdd9-590b312eef25 47cc16f72e9046638185cbc34bd09055 e4c9b40c70cc4d13aa8046933332264d - - default default] Successfully bumped revision number for resource 989763ed-1a7d-43c5-ad60-e7773a92ee8b (type: security_group_rules) to 0
2026-05-12 17:39:55.544 10 INFO neutron.db.ovn_revision_numbers_db [None req-77007c26-0ea5-4e96-bdd9-590b312eef25 47cc16f72e9046638185cbc34bd09055 e4c9b40c70cc4d13aa8046933332264d - - default default] Successfully bumped revision number for resource d56660ec-1bd1-4797-8f21-2a6014293fe8 (type: security_group_rules) to 0
2026-05-12 17:39:55.559 10 INFO neutron.db.ovn_revision_numbers_db [None req-77007c26-0ea5-4e96-bdd9-590b312eef25 47cc16f72e9046638185cbc34bd09055 e4c9b40c70cc4d13aa8046933332264d - - default default] Successfully bumped revision number for resource e0cb220d-770f-41a7-a795-cb233c8f7e1c (type: security_group_rules) to 0
2026-05-12 17:39:55.583 10 INFO neutron.wsgi [None req-77007c26-0ea5-4e96-bdd9-590b312eef25 47cc16f72e9046638185cbc34bd09055 e4c9b40c70cc4d13aa8046933332264d - - default default] 10.0.0.112 "GET /v2.0/security-groups?tenant_id=49fbf1729ab445a9ab1df5c8aa1c0243&name=default HTTP/1.1" status: 200 len: 2996 time: 0.1960599
2026-05-12 17:39:55.759 10 INFO neutron.wsgi [None req-cb4e632f-29bc-4c57-b0cd-7a80e4ee853f 47cc16f72e9046638185cbc34bd09055 e4c9b40c70cc4d13aa8046933332264d - - default default] 10.0.0.112 "DELETE /v2.0/security-groups/79e1ce55-5e39-4680-9612-1013ef41a7c5 HTTP/1.1" status: 204 len: 168 time: 0.1720417
2026-05-12 17:39:56.145 9 INFO neutron.wsgi [None req-e18b4e79-9c55-4a20-9e2d-6f1b99d49070 163592f9849c495c836dbd99d6f8c6d5 f22e11b4dfd9452e926f1303062920ed - - default default] 10.0.0.112 "GET /v2.0/networks HTTP/1.1" status: 200 len: 1492 time: 0.2728992
2026-05-12 17:39:56.258 9 INFO neutron.wsgi [req-88e4f444-fa3e-4cdb-8273-ecd41234045f req-9fd43ff2-19cc-46cb-8f92-24a283ec8486 163592f9849c495c836dbd99d6f8c6d5 f22e11b4dfd9452e926f1303062920ed - - default default] 10.0.0.78 "GET /v2.0/security-groups?name=tempest-secgroup-smoke-1004084151&fields=id&tenant_id=f22e11b4dfd9452e926f1303062920ed HTTP/1.1" status: 200 len: 267 time: 0.0450730
2026-05-12 17:39:56.339 9 INFO neutron.wsgi [req-88e4f444-fa3e-4cdb-8273-ecd41234045f req-02413982-a3e6-4ad8-97f2-6aac0582951a 163592f9849c495c836dbd99d6f8c6d5 f22e11b4dfd9452e926f1303062920ed - - default default] 10.0.0.78 "GET /v2.0/networks?id=b45536f8-ba06-42f6-8635-9f850ca36f96 HTTP/1.1" status: 200 len: 859 time: 0.0723920
2026-05-12 17:39:56.353 9 INFO neutron.wsgi [req-88e4f444-fa3e-4cdb-8273-ecd41234045f req-0cf21766-554e-4341-ada8-617c3bccb494 163592f9849c495c836dbd99d6f8c6d5 f22e11b4dfd9452e926f1303062920ed - - default default] 10.0.0.78 "GET /v2.0/quotas/f22e11b4dfd9452e926f1303062920ed HTTP/1.1" status: 200 len: 386 time: 0.0097520
2026-05-12 17:39:56.457 9 INFO neutron.wsgi [req-88e4f444-fa3e-4cdb-8273-ecd41234045f req-5211fb0d-ffe1-436e-9f91-28c7b9cb8526 163592f9849c495c836dbd99d6f8c6d5 f22e11b4dfd9452e926f1303062920ed - - default default] 10.0.0.78 "GET /v2.0/ports?tenant_id=f22e11b4dfd9452e926f1303062920ed&fields=id HTTP/1.1" status: 200 len: 348 time: 0.0986509
2026-05-12 17:39:56.535 9 INFO neutron.wsgi [req-88e4f444-fa3e-4cdb-8273-ecd41234045f req-3381fff1-9d1d-417d-abf2-e42b3e527c76 e9b5f01a8d8347b98401cc1ba37cd678 f1aefb37df6f44aaa8d030aa698c8832 - - f7b2a552975f4b9f8031dad981529eb6 f7b2a552975f4b9f8031dad981529eb6] 10.0.0.78 "GET /v2.0/networks/b45536f8-ba06-42f6-8635-9f850ca36f96?fields=segments HTTP/1.1" status: 200 len: 212 time: 0.0651731
2026-05-12 17:39:56.605 9 INFO neutron.wsgi [req-88e4f444-fa3e-4cdb-8273-ecd41234045f req-3c76c695-72b6-4ddd-bec0-18d589133316 e9b5f01a8d8347b98401cc1ba37cd678 f1aefb37df6f44aaa8d030aa698c8832 - - f7b2a552975f4b9f8031dad981529eb6 f7b2a552975f4b9f8031dad981529eb6] 10.0.0.78 "GET /v2.0/networks/b45536f8-ba06-42f6-8635-9f850ca36f96?fields=provider%3Aphysical_network&fields=provider%3Anetwork_type HTTP/1.1" status: 200 len: 277 time: 0.0627732
2026-05-12 17:39:56.739 9 INFO neutron.wsgi [req-e7f4c8d0-3727-4236-b319-0ad0400c763e req-238dd09c-1e7c-4208-8b55-47959b77a2b2 163592f9849c495c836dbd99d6f8c6d5 f22e11b4dfd9452e926f1303062920ed - - default default] 10.0.0.78 "GET /v2.0/ports?device_id=fc0194ee-4b37-40b2-8ac3-ac50b9969110 HTTP/1.1" status: 200 len: 210 time: 0.0242741
2026-05-12 17:39:57.189 9 INFO neutron.wsgi [req-e81da8dd-c39e-45d6-bb33-7e67ef16b1d0 req-23c2955e-56e4-46f5-8775-7c0dd7075989 89c7c0ccc7d74d74a920db16618ef9d9 543b054082004ff38cacdf23608d078d - - default default] 10.0.0.78 "GET /v2.0/ports?device_id=56414d21-d063-481c-8f60-f25a559662ab HTTP/1.1" status: 200 len: 1174 time: 0.1213813
2026-05-12 17:39:57.250 9 INFO neutron.wsgi [req-e81da8dd-c39e-45d6-bb33-7e67ef16b1d0 req-d4cd7856-6ed0-4834-838d-2ae2c467d726 89c7c0ccc7d74d74a920db16618ef9d9 543b054082004ff38cacdf23608d078d - - default default] 10.0.0.78 "GET /v2.0/security-groups?id=d4fcf07b-ae57-46f5-bb0d-000e2f448941&fields=id&fields=name HTTP/1.1" status: 200 len: 312 time: 0.0533180
2026-05-12 17:39:57.378 9 INFO neutron.wsgi [req-cbc73a77-a5a4-4d94-9d05-75c71f72ee1b req-305b6d04-10e8-433f-ab24-73681060bf47 89c7c0ccc7d74d74a920db16618ef9d9 543b054082004ff38cacdf23608d078d - - default default] 10.0.0.78 "GET /v2.0/ports?device_id=56414d21-d063-481c-8f60-f25a559662ab HTTP/1.1" status: 200 len: 1174 time: 0.0530617
2026-05-12 17:39:57.422 9 INFO neutron.wsgi [req-cbc73a77-a5a4-4d94-9d05-75c71f72ee1b req-c687de7a-f18e-4afe-8afe-2b7dad312cb0 89c7c0ccc7d74d74a920db16618ef9d9 543b054082004ff38cacdf23608d078d - - default default] 10.0.0.78 "GET /v2.0/security-groups?id=d4fcf07b-ae57-46f5-bb0d-000e2f448941&fields=id&fields=name HTTP/1.1" status: 200 len: 312 time: 0.0368485
2026-05-12 17:39:57.533 10 INFO neutron.wsgi [req-88e4f444-fa3e-4cdb-8273-ecd41234045f req-f41ac106-483d-444d-b068-fa527932fcd4 163592f9849c495c836dbd99d6f8c6d5 f22e11b4dfd9452e926f1303062920ed - - default default] 199.19.213.43 "GET /v2.0/networks?id=b45536f8-ba06-42f6-8635-9f850ca36f96 HTTP/1.1" status: 200 len: 859 time: 0.0612030
2026-05-12 17:39:57.607 10 INFO neutron.wsgi [req-88e4f444-fa3e-4cdb-8273-ecd41234045f req-97f2b481-1ba3-481b-8c28-7050c0654796 163592f9849c495c836dbd99d6f8c6d5 f22e11b4dfd9452e926f1303062920ed - - default default] 199.19.213.43 "GET /v2.0/security-groups?fields=id&fields=name&tenant_id=f22e11b4dfd9452e926f1303062920ed HTTP/1.1" status: 200 len: 473 time: 0.0667508
