2026-05-12 17:46:23.911 9 INFO neutron.db.ovn_revision_numbers_db [req-e2804862-94ce-4008-b157-9fa88c66e15c req-d2c37a24-67e3-44ed-865a-e45448e19223 e9b5f01a8d8347b98401cc1ba37cd678 f1aefb37df6f44aaa8d030aa698c8832 - - f7b2a552975f4b9f8031dad981529eb6 f7b2a552975f4b9f8031dad981529eb6] Successfully bumped revision number for resource 9f87c335-ace2-4dc0-8fda-0e63d8355ee5 (type: ports) to 8
2026-05-12 17:46:23.930 9 INFO neutron.wsgi [req-e2804862-94ce-4008-b157-9fa88c66e15c req-d2c37a24-67e3-44ed-865a-e45448e19223 e9b5f01a8d8347b98401cc1ba37cd678 f1aefb37df6f44aaa8d030aa698c8832 - - f7b2a552975f4b9f8031dad981529eb6 f7b2a552975f4b9f8031dad981529eb6] 199.19.213.43 "PUT /v2.0/ports/9f87c335-ace2-4dc0-8fda-0e63d8355ee5 HTTP/1.1" status: 200 len: 1350 time: 0.4294777 /var/lib/openstack/lib/python3.10/site-packages/pycadf/identifier.py:71: UserWarning: Invalid uuid: neutron. To ensure interoperability, identifiers should be a valid uuid. warnings.warn(('Invalid uuid: %s. To ensure interoperability, '
2026-05-12 17:46:24.025 9 INFO neutron.wsgi [req-e2804862-94ce-4008-b157-9fa88c66e15c req-cd93c4ee-399e-40f9-9d9c-01332102ba10 e9b5f01a8d8347b98401cc1ba37cd678 f1aefb37df6f44aaa8d030aa698c8832 - - f7b2a552975f4b9f8031dad981529eb6 f7b2a552975f4b9f8031dad981529eb6] 199.19.213.43 "GET /v2.0/ports?tenant_id=e4c9b40c70cc4d13aa8046933332264d&device_id=1a17d366-1f27-4cfa-b667-732aa63c2d0a HTTP/1.1" status: 200 len: 1417 time: 0.0413454 /var/lib/openstack/lib/python3.10/site-packages/pycadf/identifier.py:71: UserWarning: Invalid uuid: neutron. To ensure interoperability, identifiers should be a valid uuid. warnings.warn(('Invalid uuid: %s. To ensure interoperability, '
2026-05-12 17:46:24.102 9 INFO neutron.wsgi [req-e2804862-94ce-4008-b157-9fa88c66e15c req-26d35892-15a4-4cf3-b17c-20a63c57e23f e9b5f01a8d8347b98401cc1ba37cd678 f1aefb37df6f44aaa8d030aa698c8832 - - f7b2a552975f4b9f8031dad981529eb6 f7b2a552975f4b9f8031dad981529eb6] 199.19.213.43 "GET /v2.0/networks?id=f02dfb20-701c-4c32-a107-3d34bb7ef664&id=8bd2a32b-0839-4a69-944d-b6750bc2aace HTTP/1.1" status: 200 len: 1729 time: 0.0702398
2026-05-12 17:46:24.104 10 INFO neutron.wsgi [None req-251a9200-3a2a-4566-817e-ed51542f28b4 47cc16f72e9046638185cbc34bd09055 e4c9b40c70cc4d13aa8046933332264d - - default default] 199.19.213.43 "GET /v2.0/ports?device_id=1a17d366-1f27-4cfa-b667-732aa63c2d0a HTTP/1.1" status: 200 len: 1417 time: 0.0332491
2026-05-12 17:46:24.139 9 INFO neutron.wsgi [req-e2804862-94ce-4008-b157-9fa88c66e15c req-ad3b1479-1688-4f69-ac41-7e0b745f34db e9b5f01a8d8347b98401cc1ba37cd678 f1aefb37df6f44aaa8d030aa698c8832 - - f7b2a552975f4b9f8031dad981529eb6 f7b2a552975f4b9f8031dad981529eb6] 199.19.213.43 "GET /v2.0/floatingips?fixed_ip_address=172.24.1.226&port_id=e3655784-7fe4-42c3-8e63-613f8a27bd38 HTTP/1.1" status: 200 len: 217 time: 0.0290296
2026-05-12 17:46:24.177 9 INFO neutron.wsgi [req-e2804862-94ce-4008-b157-9fa88c66e15c req-82eccd06-53c4-46da-aa73-a1ee2498532f e9b5f01a8d8347b98401cc1ba37cd678 f1aefb37df6f44aaa8d030aa698c8832 - - f7b2a552975f4b9f8031dad981529eb6 f7b2a552975f4b9f8031dad981529eb6] 199.19.213.43 "GET /v2.0/subnets?id=754278c1-fbf5-4bf8-944d-2b01d8af3a8e HTTP/1.1" status: 200 len: 829 time: 0.0326693
2026-05-12 17:46:24.206 9 INFO neutron.wsgi [req-e2804862-94ce-4008-b157-9fa88c66e15c req-f26532bf-bb43-4f0c-b5e7-78384c483983 e9b5f01a8d8347b98401cc1ba37cd678 f1aefb37df6f44aaa8d030aa698c8832 - - f7b2a552975f4b9f8031dad981529eb6 f7b2a552975f4b9f8031dad981529eb6] 199.19.213.43 "GET /v2.0/ports?network_id=f02dfb20-701c-4c32-a107-3d34bb7ef664&device_owner=network%3Adhcp HTTP/1.1" status: 200 len: 210 time: 0.0217531
2026-05-12 17:46:24.273 9 INFO neutron.wsgi [req-e2804862-94ce-4008-b157-9fa88c66e15c req-0634fc93-538d-4efc-b724-4aab8603f239 e9b5f01a8d8347b98401cc1ba37cd678 f1aefb37df6f44aaa8d030aa698c8832 - - f7b2a552975f4b9f8031dad981529eb6 f7b2a552975f4b9f8031dad981529eb6] 199.19.213.43 "GET /v2.0/networks/f02dfb20-701c-4c32-a107-3d34bb7ef664?fields=segments HTTP/1.1" status: 200 len: 212 time: 0.0606239
2026-05-12 17:46:24.348 9 INFO neutron.wsgi [req-e2804862-94ce-4008-b157-9fa88c66e15c req-e1552f03-0acb-475f-b03c-58e04898cd78 e9b5f01a8d8347b98401cc1ba37cd678 f1aefb37df6f44aaa8d030aa698c8832 - - f7b2a552975f4b9f8031dad981529eb6 f7b2a552975f4b9f8031dad981529eb6] 199.19.213.43 "GET /v2.0/networks/f02dfb20-701c-4c32-a107-3d34bb7ef664?fields=provider%3Aphysical_network&fields=provider%3Anetwork_type HTTP/1.1" status: 200 len: 277 time: 0.0672615
2026-05-12 17:46:24.493 10 INFO neutron.db.ovn_revision_numbers_db [None req-41ea70fc-b958-4417-bf91-f72cdfaa9d2f 47cc16f72e9046638185cbc34bd09055 e4c9b40c70cc4d13aa8046933332264d - - default default] Successfully bumped revision number for resource 9f87c335-ace2-4dc0-8fda-0e63d8355ee5 (type: ports) to 9
2026-05-12 17:46:24.515 10 INFO neutron.wsgi [None req-41ea70fc-b958-4417-bf91-f72cdfaa9d2f 47cc16f72e9046638185cbc34bd09055 e4c9b40c70cc4d13aa8046933332264d - - default default] 199.19.213.43 "PUT /v2.0/ports/9f87c335-ace2-4dc0-8fda-0e63d8355ee5 HTTP/1.1" status: 200 len: 1290 time: 0.3984575 /var/lib/openstack/lib/python3.10/site-packages/pycadf/identifier.py:71: UserWarning: Invalid uuid: neutron. To ensure interoperability, identifiers should be a valid uuid. warnings.warn(('Invalid uuid: %s. To ensure interoperability, '
2026-05-12 17:46:24.561 10 INFO neutron.wsgi [None req-f1154e06-1353-4963-b946-80a09696d279 47cc16f72e9046638185cbc34bd09055 e4c9b40c70cc4d13aa8046933332264d - - default default] 199.19.213.43 "GET /v2.0/ports/9f87c335-ace2-4dc0-8fda-0e63d8355ee5 HTTP/1.1" status: 200 len: 1290 time: 0.0379794
2026-05-12 17:46:24.605 10 INFO neutron.db.ovn_revision_numbers_db [None req-53618408-f57a-42ad-9e76-fb822fc50b4e - - - - - -] Successfully bumped revision number for resource 996c4623-d6a1-4474-a81f-a70cce49cfd8 (type: ports) to 8
2026-05-12 17:46:24.790 10 INFO neutron.wsgi [-] 10.0.0.232 "GET / HTTP/1.1" status: 200 len: 246 time: 0.0015273
2026-05-12 17:46:24.793 10 INFO neutron.wsgi [-] 10.0.0.232 "GET / HTTP/1.1" status: 200 len: 246 time: 0.0016906
2026-05-12 17:46:24.882 10 INFO neutron.wsgi [None req-82dc9060-6023-48e2-8693-51de9ed4510a 47cc16f72e9046638185cbc34bd09055 e4c9b40c70cc4d13aa8046933332264d - - default default] 199.19.213.43 "DELETE /v2.0/ports/9f87c335-ace2-4dc0-8fda-0e63d8355ee5 HTTP/1.1" status: 204 len: 173 time: 0.3165255
2026-05-12 17:46:24.972 10 INFO neutron.wsgi [None req-0e314a26-1bc7-4211-bf1d-12bcb6db8526 47cc16f72e9046638185cbc34bd09055 e4c9b40c70cc4d13aa8046933332264d - - default default] 199.19.213.43 "GET /v2.0/extensions/security-group HTTP/1.1" status: 200 len: 369 time: 0.0069461
2026-05-12 17:46:24.981 10 INFO neutron.wsgi [None req-af4e8d3c-6b2c-42ea-9780-e6cc4b483e00 47cc16f72e9046638185cbc34bd09055 e4c9b40c70cc4d13aa8046933332264d - - default default] 199.19.213.43 "GET /v2.0/extensions/dns-integration HTTP/1.1" status: 200 len: 371 time: 0.0039401
2026-05-12 17:46:24.989 10 INFO neutron.wsgi [None req-8fe36351-8d11-4a55-b3ac-83102fc8678c 47cc16f72e9046638185cbc34bd09055 e4c9b40c70cc4d13aa8046933332264d - - default default] 199.19.213.43 "GET /v2.0/extensions/qos HTTP/1.1" status: 200 len: 365 time: 0.0040636
2026-05-12 17:46:25.000 10 INFO neutron.wsgi [None req-6f6dc371-cb45-4e05-a608-82ebfa5c6510 47cc16f72e9046638185cbc34bd09055 e4c9b40c70cc4d13aa8046933332264d - - default default] 199.19.213.43 "GET /v2.0/extensions/allowed-address-pairs HTTP/1.1" status: 200 len: 383 time: 0.0044432
2026-05-12 17:46:25.025 10 INFO neutron.pecan_wsgi.hooks.translation [None req-45c04f8e-4318-4870-a268-bf2cdf08422a 47cc16f72e9046638185cbc34bd09055 e4c9b40c70cc4d13aa8046933332264d - - default default] DELETE failed (client error): The resource could not be found.
2026-05-12 17:46:25.028 10 INFO neutron.wsgi [None req-45c04f8e-4318-4870-a268-bf2cdf08422a 47cc16f72e9046638185cbc34bd09055 e4c9b40c70cc4d13aa8046933332264d - - default default] 199.19.213.43 "DELETE /v2.0/ports/9f87c335-ace2-4dc0-8fda-0e63d8355ee5 HTTP/1.1" status: 404 len: 338 time: 0.0229261
2026-05-12 17:46:25.068 10 INFO neutron.wsgi [None req-6729ceb4-85b7-4dea-b681-06ca0a148a1e 47cc16f72e9046638185cbc34bd09055 e4c9b40c70cc4d13aa8046933332264d - - default default] 199.19.213.43 "GET /v2.0/ports/996c4623-d6a1-4474-a81f-a70cce49cfd8 HTTP/1.1" status: 200 len: 1328 time: 0.0331564
2026-05-12 17:46:25.086 10 INFO neutron.api.v2.resource [None req-6933f966-5158-4dd3-8115-2745757f2531 47cc16f72e9046638185cbc34bd09055 e4c9b40c70cc4d13aa8046933332264d - - default default] show failed (client error): The resource could not be found.
2026-05-12 17:46:25.087 10 INFO neutron.wsgi [None req-6933f966-5158-4dd3-8115-2745757f2531 47cc16f72e9046638185cbc34bd09055 e4c9b40c70cc4d13aa8046933332264d - - default default] 199.19.213.43 "GET /v2.0/security-groups/lb-7932f828-ff74-4064-bb53-44c622b85f36 HTTP/1.1" status: 404 len: 355 time: 0.0101342
2026-05-12 17:46:25.122 10 INFO neutron.wsgi [None req-4f4c4169-183b-4212-a22d-977e72e64d73 47cc16f72e9046638185cbc34bd09055 e4c9b40c70cc4d13aa8046933332264d - - default default] 199.19.213.43 "GET /v2.0/security-groups?name=lb-7932f828-ff74-4064-bb53-44c622b85f36 HTTP/1.1" status: 200 len: 1777 time: 0.0328753
2026-05-12 17:46:25.156 10 INFO neutron.wsgi [None req-c9e44bb4-0fe2-48b5-8e58-f7470cd3f5e5 47cc16f72e9046638185cbc34bd09055 e4c9b40c70cc4d13aa8046933332264d - - default default] 199.19.213.43 "GET /v2.0/ports/996c4623-d6a1-4474-a81f-a70cce49cfd8 HTTP/1.1" status: 200 len: 1328 time: 0.0292046
2026-05-12 17:46:25.516 10 INFO neutron.notifiers.nova [-] Nova event matching ['req-18c9783b-25ec-4885-a180-b1d2d8aac32d'] response: {'server_uuid': '1a17d366-1f27-4cfa-b667-732aa63c2d0a', 'name': 'network-vif-plugged', 'status': 'completed', 'tag': '9f87c335-ace2-4dc0-8fda-0e63d8355ee5', 'code': 200}
2026-05-12 17:46:25.523 10 INFO neutron.db.ovn_revision_numbers_db [None req-103cbfb2-c9cc-4f7d-9abb-85e5233c048e 47cc16f72e9046638185cbc34bd09055 e4c9b40c70cc4d13aa8046933332264d - - default default] Successfully bumped revision number for resource 996c4623-d6a1-4474-a81f-a70cce49cfd8 (type: ports) to 9
2026-05-12 17:46:25.539 10 INFO neutron.wsgi [None req-103cbfb2-c9cc-4f7d-9abb-85e5233c048e 47cc16f72e9046638185cbc34bd09055 e4c9b40c70cc4d13aa8046933332264d - - default default] 199.19.213.43 "PUT /v2.0/ports/996c4623-d6a1-4474-a81f-a70cce49cfd8 HTTP/1.1" status: 200 len: 1290 time: 0.3780565
2026-05-12 17:46:25.649 10 INFO neutron.wsgi [None req-97833b16-6b5d-4e74-b211-9b58aa922dd3 47cc16f72e9046638185cbc34bd09055 e4c9b40c70cc4d13aa8046933332264d - - default default] 199.19.213.43 "DELETE /v2.0/security-groups/1646cdd3-d167-4201-8a87-8d90dd4e6298 HTTP/1.1" status: 204 len: 173 time: 0.1022229
2026-05-12 17:46:26.007 10 INFO neutron.wsgi [None req-8eb95784-f737-495d-8740-a3ca3cd0de6e 47cc16f72e9046638185cbc34bd09055 e4c9b40c70cc4d13aa8046933332264d - - default default] 199.19.213.43 "DELETE /v2.0/ports/996c4623-d6a1-4474-a81f-a70cce49cfd8 HTTP/1.1" status: 204 len: 173 time: 0.3493385
2026-05-12 17:46:26.642 9 INFO neutron.plugins.ml2.drivers.ovn.mech_driver.mech_driver [None req-a859fdc7-1ecc-4a3c-96bf-971a0d1b1f65 - - - - - -] OVN reports status down for port: e3655784-7fe4-42c3-8e63-613f8a27bd38
2026-05-12 17:46:26.795 9 INFO neutron.notifiers.nova [-] Nova event matching ['req-93c31074-a6ff-4830-aea2-7600d9ddf1f9'] response: {'server_uuid': '1a17d366-1f27-4cfa-b667-732aa63c2d0a', 'name': 'network-vif-unplugged', 'status': 'completed', 'tag': 'e3655784-7fe4-42c3-8e63-613f8a27bd38', 'code': 200}
2026-05-12 17:46:26.995 9 INFO neutron.wsgi [req-5ea3711c-b134-4edb-ab1c-9424ae60977f req-fe73210e-142d-4d2f-9e68-f6feed24a110 47cc16f72e9046638185cbc34bd09055 e4c9b40c70cc4d13aa8046933332264d - - default default] 199.19.213.43 "GET /v2.0/ports?device_id=1a17d366-1f27-4cfa-b667-732aa63c2d0a HTTP/1.1" status: 200 len: 1415 time: 0.0698843
2026-05-12 17:46:27.017 9 INFO neutron.db.ovn_revision_numbers_db [None req-a859fdc7-1ecc-4a3c-96bf-971a0d1b1f65 - - - - - -] Successfully bumped revision number for resource e3655784-7fe4-42c3-8e63-613f8a27bd38 (type: ports) to 5
2026-05-12 17:46:27.537 9 INFO neutron.wsgi [req-5ea3711c-b134-4edb-ab1c-9424ae60977f req-c01e6b55-ba48-4db2-b554-2a44f50f6c2c 47cc16f72e9046638185cbc34bd09055 e4c9b40c70cc4d13aa8046933332264d - - default default] 199.19.213.43 "DELETE /v2.0/ports/e3655784-7fe4-42c3-8e63-613f8a27bd38 HTTP/1.1" status: 204 len: 173 time: 0.5362778
2026-05-12 17:46:27.697 10 INFO neutron.db.l3_db [None req-f91a5795-89f9-4909-b7db-2db2417792ec 779cff710593421e88c9d5cb2dc80d34 e831e21008fd4903aeb2d5461bcabf35 - - default default] Floating IP 2a48b5f8-3f14-4cc4-9af5-6b5fbf2e8136 disassociated (deleted). External IP: 10.96.250.208, port: e8ebc4df-dae8-41d1-b441-b22c3431dcf6.
2026-05-12 17:46:27.786 10 INFO neutron.wsgi [None req-f91a5795-89f9-4909-b7db-2db2417792ec 779cff710593421e88c9d5cb2dc80d34 e831e21008fd4903aeb2d5461bcabf35 - - default default] 10.0.0.112 "DELETE /v2.0/floatingips/2a48b5f8-3f14-4cc4-9af5-6b5fbf2e8136 HTTP/1.1" status: 204 len: 168 time: 0.4869299 /var/lib/openstack/lib/python3.10/site-packages/pycadf/identifier.py:71: UserWarning: Invalid uuid: neutron. To ensure interoperability, identifiers should be a valid uuid. warnings.warn(('Invalid uuid: %s. To ensure interoperability, '
2026-05-12 17:46:27.818 9 INFO neutron.api.v2.resource [None req-3bd18063-36dc-46a6-9b4b-cb5e23f78099 779cff710593421e88c9d5cb2dc80d34 e831e21008fd4903aeb2d5461bcabf35 - - default default] show failed (client error): The resource could not be found.
2026-05-12 17:46:27.819 9 INFO neutron.wsgi [None req-3bd18063-36dc-46a6-9b4b-cb5e23f78099 779cff710593421e88c9d5cb2dc80d34 e831e21008fd4903aeb2d5461bcabf35 - - default default] 10.0.0.112 "GET /v2.0/floatingips/2a48b5f8-3f14-4cc4-9af5-6b5fbf2e8136 HTTP/1.1" status: 404 len: 345 time: 0.0267773
2026-05-12 17:46:27.822 10 INFO neutron.notifiers.nova [-] Nova event matching ['req-2d99eb88-fb58-4197-a2fb-97de1d9b990b'] response: {'name': 'network-changed', 'server_uuid': '19d76104-96a0-46fd-ae46-fc4e5bd3eca6', 'tag': 'e8ebc4df-dae8-41d1-b441-b22c3431dcf6', 'status': 'completed', 'code': 200}
2026-05-12 17:46:27.886 9 INFO neutron.wsgi [req-edaceced-849a-4d71-8dad-34145f0d3bf7 req-ee465ff5-7c5f-4a75-ba50-8f4b106a64fd e9b5f01a8d8347b98401cc1ba37cd678 f1aefb37df6f44aaa8d030aa698c8832 - - f7b2a552975f4b9f8031dad981529eb6 f7b2a552975f4b9f8031dad981529eb6] 199.19.213.43 "GET /v2.0/ports?tenant_id=e831e21008fd4903aeb2d5461bcabf35&device_id=19d76104-96a0-46fd-ae46-fc4e5bd3eca6 HTTP/1.1" status: 200 len: 1638 time: 0.0446441
2026-05-12 17:46:27.963 9 INFO neutron.wsgi [req-edaceced-849a-4d71-8dad-34145f0d3bf7 req-acd0b73a-40fb-4128-a274-54058b13fff9 e9b5f01a8d8347b98401cc1ba37cd678 f1aefb37df6f44aaa8d030aa698c8832 - - f7b2a552975f4b9f8031dad981529eb6 f7b2a552975f4b9f8031dad981529eb6] 199.19.213.43 "GET /v2.0/networks?id=1ffd4c1f-0847-4a29-b92b-aab012d3b6c8 HTTP/1.1" status: 200 len: 1003 time: 0.0712652
2026-05-12 17:46:27.996 9 INFO neutron.wsgi [req-edaceced-849a-4d71-8dad-34145f0d3bf7 req-06140214-2d89-4d93-906b-2007f52027d0 e9b5f01a8d8347b98401cc1ba37cd678 f1aefb37df6f44aaa8d030aa698c8832 - - f7b2a552975f4b9f8031dad981529eb6 f7b2a552975f4b9f8031dad981529eb6] 199.19.213.43 "GET /v2.0/floatingips?fixed_ip_address=10.2.2.72&port_id=e8ebc4df-dae8-41d1-b441-b22c3431dcf6 HTTP/1.1" status: 200 len: 217 time: 0.0286696
2026-05-12 17:46:28.032 9 INFO neutron.plugins.ml2.drivers.ovn.mech_driver.mech_driver [None req-a859fdc7-1ecc-4a3c-96bf-971a0d1b1f65 - - - - - -] OVN reports status down for port: e8ebc4df-dae8-41d1-b441-b22c3431dcf6
2026-05-12 17:46:28.058 9 INFO neutron.wsgi [req-edaceced-849a-4d71-8dad-34145f0d3bf7 req-b37cc3d9-16de-4566-954e-068d6e6af2de e9b5f01a8d8347b98401cc1ba37cd678 f1aefb37df6f44aaa8d030aa698c8832 - - f7b2a552975f4b9f8031dad981529eb6 f7b2a552975f4b9f8031dad981529eb6] 199.19.213.43 "GET /v2.0/floatingips?fixed_ip_address=fd77%3A1457%3A4cf0%3A26a8%3A%3A31a&port_id=e8ebc4df-dae8-41d1-b441-b22c3431dcf6 HTTP/1.1" status: 200 len: 217 time: 0.0472486
2026-05-12 17:46:28.137 9 INFO neutron.wsgi [req-edaceced-849a-4d71-8dad-34145f0d3bf7 req-3bd80444-8d2b-4adf-a824-3765d8fdb5e7 e9b5f01a8d8347b98401cc1ba37cd678 f1aefb37df6f44aaa8d030aa698c8832 - - f7b2a552975f4b9f8031dad981529eb6 f7b2a552975f4b9f8031dad981529eb6] 199.19.213.43 "GET /v2.0/subnets?id=4823a0d9-eef8-44c2-97ae-4f7d9cea0532&id=513fab53-b7e9-4540-8346-966755a4c625 HTTP/1.1" status: 200 len: 1566 time: 0.0716896
2026-05-12 17:46:28.172 9 INFO neutron.wsgi [req-afcde889-94e4-41fd-b114-df92532e58db req-115db5ee-4d12-47f4-ad05-565d99d6bfd8 779cff710593421e88c9d5cb2dc80d34 e831e21008fd4903aeb2d5461bcabf35 - - default default] 10.0.0.78 "GET /v2.0/ports?device_id=19d76104-96a0-46fd-ae46-fc4e5bd3eca6 HTTP/1.1" status: 200 len: 1400 time: 0.1850085
2026-05-12 17:46:28.193 9 INFO neutron.wsgi [req-edaceced-849a-4d71-8dad-34145f0d3bf7 req-15463b36-b4d0-4ad8-8bbd-20acdc49a59b e9b5f01a8d8347b98401cc1ba37cd678 f1aefb37df6f44aaa8d030aa698c8832 - - f7b2a552975f4b9f8031dad981529eb6 f7b2a552975f4b9f8031dad981529eb6] 199.19.213.43 "GET /v2.0/ports?network_id=1ffd4c1f-0847-4a29-b92b-aab012d3b6c8&device_owner=network%3Adhcp HTTP/1.1" status: 200 len: 210 time: 0.0415177
2026-05-12 17:46:28.227 9 INFO neutron.wsgi [req-edaceced-849a-4d71-8dad-34145f0d3bf7 req-5f87b601-18bf-4b3a-87b8-38ad7f149624 e9b5f01a8d8347b98401cc1ba37cd678 f1aefb37df6f44aaa8d030aa698c8832 - - f7b2a552975f4b9f8031dad981529eb6 f7b2a552975f4b9f8031dad981529eb6] 199.19.213.43 "GET /v2.0/ports?network_id=1ffd4c1f-0847-4a29-b92b-aab012d3b6c8&device_owner=network%3Adhcp HTTP/1.1" status: 200 len: 210 time: 0.0259833
2026-05-12 17:46:28.254 9 INFO neutron.wsgi [req-afcde889-94e4-41fd-b114-df92532e58db req-8593821a-6c59-4050-a9f7-2308f0540fcc 779cff710593421e88c9d5cb2dc80d34 e831e21008fd4903aeb2d5461bcabf35 - - default default] 10.0.0.78 "GET /v2.0/security-groups?id=169e81f5-6df2-4e9e-b002-e9c6398b7190&fields=id&fields=name HTTP/1.1" status: 200 len: 310 time: 0.0698872 /var/lib/openstack/lib/python3.10/site-packages/pycadf/identifier.py:71: UserWarning: Invalid uuid: neutron. To ensure interoperability, identifiers should be a valid uuid. warnings.warn(('Invalid uuid: %s. To ensure interoperability, '
2026-05-12 17:46:28.333 9 INFO neutron.wsgi [req-edaceced-849a-4d71-8dad-34145f0d3bf7 req-7c457c28-0afa-4a29-9f14-1ce0648f3f42 e9b5f01a8d8347b98401cc1ba37cd678 f1aefb37df6f44aaa8d030aa698c8832 - - f7b2a552975f4b9f8031dad981529eb6 f7b2a552975f4b9f8031dad981529eb6] 199.19.213.43 "GET /v2.0/networks/1ffd4c1f-0847-4a29-b92b-aab012d3b6c8?fields=segments HTTP/1.1" status: 200 len: 212 time: 0.0937417
2026-05-12 17:46:28.404 10 INFO neutron.wsgi [req-19c73b1c-23cc-4454-89f2-bd63d9f9ae20 req-8703e4b3-d711-4c14-8bee-63e4eee16eef 779cff710593421e88c9d5cb2dc80d34 e831e21008fd4903aeb2d5461bcabf35 - - default default] 199.19.213.43 "GET /v2.0/ports?device_id=19d76104-96a0-46fd-ae46-fc4e5bd3eca6 HTTP/1.1" status: 200 len: 1398 time: 0.0995021
2026-05-12 17:46:28.419 9 INFO neutron.wsgi [req-edaceced-849a-4d71-8dad-34145f0d3bf7 req-7cf44356-1d69-4f4a-a868-54fc2f9fe2ab e9b5f01a8d8347b98401cc1ba37cd678 f1aefb37df6f44aaa8d030aa698c8832 - - f7b2a552975f4b9f8031dad981529eb6 f7b2a552975f4b9f8031dad981529eb6] 199.19.213.43 "GET /v2.0/networks/1ffd4c1f-0847-4a29-b92b-aab012d3b6c8?fields=provider%3Aphysical_network&fields=provider%3Anetwork_type HTTP/1.1" status: 200 len: 277 time: 0.0798361
2026-05-12 17:46:28.508 9 INFO neutron.db.ovn_revision_numbers_db [None req-a859fdc7-1ecc-4a3c-96bf-971a0d1b1f65 - - - - - -] Successfully bumped revision number for resource e8ebc4df-dae8-41d1-b441-b22c3431dcf6 (type: ports) to 5
2026-05-12 17:46:28.701 10 INFO neutron.wsgi [req-19c73b1c-23cc-4454-89f2-bd63d9f9ae20 req-60e0879f-58c5-41a1-919f-1e624fbec8ed 779cff710593421e88c9d5cb2dc80d34 e831e21008fd4903aeb2d5461bcabf35 - - default default] 199.19.213.43 "DELETE /v2.0/ports/e8ebc4df-dae8-41d1-b441-b22c3431dcf6 HTTP/1.1" status: 204 len: 173 time: 0.2924113
2026-05-12 17:46:28.846 9 INFO neutron.notifiers.nova [-] Nova event matching ['req-2c458df2-63b0-4e1b-81de-c3519660f977'] response: {'server_uuid': '1a17d366-1f27-4cfa-b667-732aa63c2d0a', 'name': 'network-vif-plugged', 'status': 'completed', 'tag': 'e3655784-7fe4-42c3-8e63-613f8a27bd38', 'code': 200}
2026-05-12 17:46:28.846 9 INFO neutron.notifiers.nova [-] Nova event matching ['req-2c458df2-63b0-4e1b-81de-c3519660f977'] response: {'server_uuid': '1a17d366-1f27-4cfa-b667-732aa63c2d0a', 'name': 'network-vif-deleted', 'tag': 'e3655784-7fe4-42c3-8e63-613f8a27bd38', 'status': 'completed', 'code': 200}
2026-05-12 17:46:28.847 9 INFO neutron.notifiers.nova [-] Nova event matching ['req-2c458df2-63b0-4e1b-81de-c3519660f977'] response: {'server_uuid': '19d76104-96a0-46fd-ae46-fc4e5bd3eca6', 'name': 'network-vif-unplugged', 'status': 'completed', 'tag': 'e8ebc4df-dae8-41d1-b441-b22c3431dcf6', 'code': 200}
2026-05-12 17:46:28.847 9 INFO neutron.notifiers.nova [-] Nova event matching ['req-2c458df2-63b0-4e1b-81de-c3519660f977'] response: {'server_uuid': '19d76104-96a0-46fd-ae46-fc4e5bd3eca6', 'name': 'network-vif-plugged', 'status': 'completed', 'tag': 'e8ebc4df-dae8-41d1-b441-b22c3431dcf6', 'code': 200}
2026-05-12 17:46:29.859 10 INFO neutron.notifiers.nova [-] Nova event matching ['req-d6dd4ddc-7e1e-45d7-ba0b-95a3362a7147'] response: {'server_uuid': '19d76104-96a0-46fd-ae46-fc4e5bd3eca6', 'name': 'network-vif-deleted', 'tag': 'e8ebc4df-dae8-41d1-b441-b22c3431dcf6', 'status': 'completed', 'code': 200} /var/lib/openstack/lib/python3.10/site-packages/pycadf/identifier.py:71: UserWarning: Invalid uuid: neutron. To ensure interoperability, identifiers should be a valid uuid. warnings.warn(('Invalid uuid: %s. To ensure interoperability, '
2026-05-12 17:46:33.720 9 INFO neutron.db.l3_db [None req-6c7ef99e-22ee-4300-9a69-dd00853bc525 779cff710593421e88c9d5cb2dc80d34 e831e21008fd4903aeb2d5461bcabf35 - - default default] Floating IP 6f5c0778-288f-4fd6-a5c1-dfe73c65dc28 disassociated (deleted). External IP: 10.96.250.211, port: d59718df-a31e-4894-8c9b-dd7a22920280.
2026-05-12 17:46:33.772 9 INFO neutron.wsgi [None req-6c7ef99e-22ee-4300-9a69-dd00853bc525 779cff710593421e88c9d5cb2dc80d34 e831e21008fd4903aeb2d5461bcabf35 - - default default] 10.0.0.112 "DELETE /v2.0/floatingips/6f5c0778-288f-4fd6-a5c1-dfe73c65dc28 HTTP/1.1" status: 204 len: 168 time: 0.4556627 /var/lib/openstack/lib/python3.10/site-packages/pycadf/identifier.py:71: UserWarning: Invalid uuid: neutron. To ensure interoperability, identifiers should be a valid uuid. warnings.warn(('Invalid uuid: %s. To ensure interoperability, '
2026-05-12 17:46:33.808 9 INFO neutron.notifiers.nova [-] Nova event matching ['req-7316b2ef-9cf7-446b-a18a-6a52b6bc3739'] response: {'name': 'network-changed', 'server_uuid': '26af7b57-f020-497d-ba87-f8779c8c2637', 'tag': 'd59718df-a31e-4894-8c9b-dd7a22920280', 'status': 'completed', 'code': 200}
2026-05-12 17:46:33.813 10 INFO neutron.api.v2.resource [None req-c97ee842-5831-45fd-9c0b-469ee54f4b74 779cff710593421e88c9d5cb2dc80d34 e831e21008fd4903aeb2d5461bcabf35 - - default default] show failed (client error): The resource could not be found.
2026-05-12 17:46:33.815 10 INFO neutron.wsgi [None req-c97ee842-5831-45fd-9c0b-469ee54f4b74 779cff710593421e88c9d5cb2dc80d34 e831e21008fd4903aeb2d5461bcabf35 - - default default] 10.0.0.112 "GET /v2.0/floatingips/6f5c0778-288f-4fd6-a5c1-dfe73c65dc28 HTTP/1.1" status: 404 len: 345 time: 0.0363038
2026-05-12 17:46:33.871 10 INFO neutron.wsgi [req-f53f3ba3-4b1d-425b-8b2b-d2636d107835 req-58556b1c-9332-4d4a-90d9-824e3ded0b3e e9b5f01a8d8347b98401cc1ba37cd678 f1aefb37df6f44aaa8d030aa698c8832 - - f7b2a552975f4b9f8031dad981529eb6 f7b2a552975f4b9f8031dad981529eb6] 199.19.213.43 "GET /v2.0/ports?tenant_id=e831e21008fd4903aeb2d5461bcabf35&device_id=26af7b57-f020-497d-ba87-f8779c8c2637 HTTP/1.1" status: 200 len: 1634 time: 0.0417080
2026-05-12 17:46:33.946 10 INFO neutron.wsgi [req-f53f3ba3-4b1d-425b-8b2b-d2636d107835 req-03aea261-52ca-4219-878b-77a4725fb1b9 e9b5f01a8d8347b98401cc1ba37cd678 f1aefb37df6f44aaa8d030aa698c8832 - - f7b2a552975f4b9f8031dad981529eb6 f7b2a552975f4b9f8031dad981529eb6] 199.19.213.43 "GET /v2.0/networks?id=2b025717-024b-42f0-9836-951427c58e29 HTTP/1.1" status: 200 len: 1002 time: 0.0667467
2026-05-12 17:46:33.973 10 INFO neutron.wsgi [req-f53f3ba3-4b1d-425b-8b2b-d2636d107835 req-eacbe3ee-c470-4b6b-b5a8-a62cccf570e9 e9b5f01a8d8347b98401cc1ba37cd678 f1aefb37df6f44aaa8d030aa698c8832 - - f7b2a552975f4b9f8031dad981529eb6 f7b2a552975f4b9f8031dad981529eb6] 199.19.213.43 "GET /v2.0/floatingips?fixed_ip_address=10.2.1.20&port_id=d59718df-a31e-4894-8c9b-dd7a22920280 HTTP/1.1" status: 200 len: 217 time: 0.0195582
2026-05-12 17:46:34.009 10 INFO neutron.wsgi [req-f53f3ba3-4b1d-425b-8b2b-d2636d107835 req-7fb4e2dc-30f4-4ea8-b6aa-8e6137a33861 e9b5f01a8d8347b98401cc1ba37cd678 f1aefb37df6f44aaa8d030aa698c8832 - - f7b2a552975f4b9f8031dad981529eb6 f7b2a552975f4b9f8031dad981529eb6] 199.19.213.43 "GET /v2.0/floatingips?fixed_ip_address=fd7b%3Af9f7%3Afff%3A4eca%3A%3A114&port_id=d59718df-a31e-4894-8c9b-dd7a22920280 HTTP/1.1" status: 200 len: 217 time: 0.0297484
2026-05-12 17:46:34.029 9 INFO neutron.plugins.ml2.drivers.ovn.mech_driver.mech_driver [None req-a859fdc7-1ecc-4a3c-96bf-971a0d1b1f65 - - - - - -] OVN reports status down for port: d59718df-a31e-4894-8c9b-dd7a22920280
2026-05-12 17:46:34.053 10 INFO neutron.wsgi [req-f53f3ba3-4b1d-425b-8b2b-d2636d107835 req-9c0ce4cf-3dd0-4ff3-8e4b-00f07e255a12 e9b5f01a8d8347b98401cc1ba37cd678 f1aefb37df6f44aaa8d030aa698c8832 - - f7b2a552975f4b9f8031dad981529eb6 f7b2a552975f4b9f8031dad981529eb6] 199.19.213.43 "GET /v2.0/subnets?id=7bcd4e6a-1ff6-4a45-a4f3-282ab9be466f&id=91242b0c-1ea0-4e21-b144-85837879bc2c HTTP/1.1" status: 200 len: 1563 time: 0.0370848
2026-05-12 17:46:34.074 9 INFO neutron.wsgi [req-dd44d06c-a601-4e96-9233-5f375975df69 req-581ae41c-155d-451e-9f82-c93925d396a8 779cff710593421e88c9d5cb2dc80d34 e831e21008fd4903aeb2d5461bcabf35 - - default default] 10.0.0.78 "GET /v2.0/ports?device_id=26af7b57-f020-497d-ba87-f8779c8c2637 HTTP/1.1" status: 200 len: 1396 time: 0.1133764
2026-05-12 17:46:34.079 10 INFO neutron.wsgi [req-f53f3ba3-4b1d-425b-8b2b-d2636d107835 req-47366c0b-b1b3-489a-9c0d-4b170ce70a7a e9b5f01a8d8347b98401cc1ba37cd678 f1aefb37df6f44aaa8d030aa698c8832 - - f7b2a552975f4b9f8031dad981529eb6 f7b2a552975f4b9f8031dad981529eb6] 199.19.213.43 "GET /v2.0/ports?network_id=2b025717-024b-42f0-9836-951427c58e29&device_owner=network%3Adhcp HTTP/1.1" status: 200 len: 210 time: 0.0163896
2026-05-12 17:46:34.101 10 INFO neutron.wsgi [req-f53f3ba3-4b1d-425b-8b2b-d2636d107835 req-532dc3a3-cb5e-46e4-9ae0-169ca333a912 e9b5f01a8d8347b98401cc1ba37cd678 f1aefb37df6f44aaa8d030aa698c8832 - - f7b2a552975f4b9f8031dad981529eb6 f7b2a552975f4b9f8031dad981529eb6] 199.19.213.43 "GET /v2.0/ports?network_id=2b025717-024b-42f0-9836-951427c58e29&device_owner=network%3Adhcp HTTP/1.1" status: 200 len: 210 time: 0.0154166
2026-05-12 17:46:34.130 9 INFO neutron.wsgi [req-dd44d06c-a601-4e96-9233-5f375975df69 req-8bc30e7e-02a1-4c65-9d1c-d0c80eedcaec 779cff710593421e88c9d5cb2dc80d34 e831e21008fd4903aeb2d5461bcabf35 - - default default] 10.0.0.78 "GET /v2.0/security-groups?id=169e81f5-6df2-4e9e-b002-e9c6398b7190&fields=id&fields=name HTTP/1.1" status: 200 len: 310 time: 0.0485809
2026-05-12 17:46:34.163 10 INFO neutron.wsgi [req-f53f3ba3-4b1d-425b-8b2b-d2636d107835 req-4092a3ee-1c84-4bfb-8fe1-08306eccdcc5 e9b5f01a8d8347b98401cc1ba37cd678 f1aefb37df6f44aaa8d030aa698c8832 - - f7b2a552975f4b9f8031dad981529eb6 f7b2a552975f4b9f8031dad981529eb6] 199.19.213.43 "GET /v2.0/networks/2b025717-024b-42f0-9836-951427c58e29?fields=segments HTTP/1.1" status: 200 len: 212 time: 0.0541599
2026-05-12 17:46:34.226 10 INFO neutron.wsgi [req-f53f3ba3-4b1d-425b-8b2b-d2636d107835 req-676d42e9-e4c2-4188-b62f-0537c906c580 e9b5f01a8d8347b98401cc1ba37cd678 f1aefb37df6f44aaa8d030aa698c8832 - - f7b2a552975f4b9f8031dad981529eb6 f7b2a552975f4b9f8031dad981529eb6] 199.19.213.43 "GET /v2.0/networks/2b025717-024b-42f0-9836-951427c58e29?fields=provider%3Aphysical_network&fields=provider%3Anetwork_type HTTP/1.1" status: 200 len: 277 time: 0.0570099
2026-05-12 17:46:34.346 9 INFO neutron.db.ovn_revision_numbers_db [None req-a859fdc7-1ecc-4a3c-96bf-971a0d1b1f65 - - - - - -] Successfully bumped revision number for resource d59718df-a31e-4894-8c9b-dd7a22920280 (type: ports) to 5
2026-05-12 17:46:34.594 10 INFO neutron.wsgi [req-ee4d3e12-c7bd-4ed6-8ca7-f06d2510459a req-093de8b1-ea35-4f01-9b90-f60fbd3d1d58 779cff710593421e88c9d5cb2dc80d34 e831e21008fd4903aeb2d5461bcabf35 - - default default] 199.19.213.43 "GET /v2.0/ports?device_id=26af7b57-f020-497d-ba87-f8779c8c2637 HTTP/1.1" status: 200 len: 1394 time: 0.3157184
2026-05-12 17:46:34.892 10 INFO neutron.wsgi [req-ee4d3e12-c7bd-4ed6-8ca7-f06d2510459a req-c107569b-b5fd-425f-9dab-6025e237af12 779cff710593421e88c9d5cb2dc80d34 e831e21008fd4903aeb2d5461bcabf35 - - default default] 199.19.213.43 "DELETE /v2.0/ports/d59718df-a31e-4894-8c9b-dd7a22920280 HTTP/1.1" status: 204 len: 173 time: 0.2937164
2026-05-12 17:46:34.927 10 INFO neutron.notifiers.nova [-] Nova event matching ['req-4a1d4f9d-ca8d-4170-9c16-644cde71efb4'] response: {'server_uuid': '26af7b57-f020-497d-ba87-f8779c8c2637', 'name': 'network-vif-deleted', 'tag': 'd59718df-a31e-4894-8c9b-dd7a22920280', 'status': 'completed', 'code': 200}
2026-05-12 17:46:35.844 9 INFO neutron.notifiers.nova [-] Nova event matching ['req-b20963f0-0add-4bd0-9d48-cbc8095d159f'] response: {'server_uuid': '26af7b57-f020-497d-ba87-f8779c8c2637', 'name': 'network-vif-unplugged', 'status': 'completed', 'tag': 'd59718df-a31e-4894-8c9b-dd7a22920280', 'code': 200}
2026-05-12 17:46:35.844 9 INFO neutron.notifiers.nova [-] Nova event matching ['req-b20963f0-0add-4bd0-9d48-cbc8095d159f'] response: {'server_uuid': '26af7b57-f020-497d-ba87-f8779c8c2637', 'name': 'network-vif-plugged', 'status': 'completed', 'tag': 'd59718df-a31e-4894-8c9b-dd7a22920280', 'code': 200}
2026-05-12 17:46:39.321 10 INFO neutron.wsgi [None req-aab47afd-19e8-4ea7-a984-c589e4ccbda4 779cff710593421e88c9d5cb2dc80d34 e831e21008fd4903aeb2d5461bcabf35 - - default default] 10.0.0.112 "DELETE /v2.0/security-group-rules/ffbc85a5-0cab-40e0-8dc6-fec5c3032d83 HTTP/1.1" status: 204 len: 168 time: 0.1287572
2026-05-12 17:46:39.334 10 INFO neutron.api.v2.resource [None req-aa4dd0cf-79cb-491c-badf-55e87e28d244 779cff710593421e88c9d5cb2dc80d34 e831e21008fd4903aeb2d5461bcabf35 - - default default] show failed (client error): The resource could not be found.
2026-05-12 17:46:39.335 10 INFO neutron.wsgi [None req-aa4dd0cf-79cb-491c-badf-55e87e28d244 779cff710593421e88c9d5cb2dc80d34 e831e21008fd4903aeb2d5461bcabf35 - - default default] 10.0.0.112 "GET /v2.0/security-group-rules/ffbc85a5-0cab-40e0-8dc6-fec5c3032d83 HTTP/1.1" status: 404 len: 356 time: 0.0084908
2026-05-12 17:46:39.457 10 INFO neutron.wsgi [None req-ccaf6b2d-0cb0-4b19-bd1e-cfdd532b07e4 779cff710593421e88c9d5cb2dc80d34 e831e21008fd4903aeb2d5461bcabf35 - - default default] 10.0.0.112 "DELETE /v2.0/security-group-rules/38a7a470-ef32-47b8-8ff7-d232f9f9224d HTTP/1.1" status: 204 len: 168 time: 0.1187875
2026-05-12 17:46:39.473 10 INFO neutron.api.v2.resource [None req-cfd00ff2-ebc1-4b32-b484-9ecd820e8a5a 779cff710593421e88c9d5cb2dc80d34 e831e21008fd4903aeb2d5461bcabf35 - - default default] show failed (client error): The resource could not be found.
2026-05-12 17:46:39.475 10 INFO neutron.wsgi [None req-cfd00ff2-ebc1-4b32-b484-9ecd820e8a5a 779cff710593421e88c9d5cb2dc80d34 e831e21008fd4903aeb2d5461bcabf35 - - default default] 10.0.0.112 "GET /v2.0/security-group-rules/38a7a470-ef32-47b8-8ff7-d232f9f9224d HTTP/1.1" status: 404 len: 356 time: 0.0126023
2026-05-12 17:46:39.607 10 INFO neutron.wsgi [None req-df30a1c8-25ef-4391-ba84-793ef49c200c 779cff710593421e88c9d5cb2dc80d34 e831e21008fd4903aeb2d5461bcabf35 - - default default] 10.0.0.112 "DELETE /v2.0/security-group-rules/17fee7fb-4f42-4430-aa02-2f015e96eee9 HTTP/1.1" status: 204 len: 168 time: 0.1269486
2026-05-12 17:46:39.620 10 INFO neutron.api.v2.resource [None req-012602dc-60ff-45cf-a11b-ea27ba261e99 779cff710593421e88c9d5cb2dc80d34 e831e21008fd4903aeb2d5461bcabf35 - - default default] show failed (client error): The resource could not be found.
2026-05-12 17:46:39.622 10 INFO neutron.wsgi [None req-012602dc-60ff-45cf-a11b-ea27ba261e99 779cff710593421e88c9d5cb2dc80d34 e831e21008fd4903aeb2d5461bcabf35 - - default default] 10.0.0.112 "GET /v2.0/security-group-rules/17fee7fb-4f42-4430-aa02-2f015e96eee9 HTTP/1.1" status: 404 len: 356 time: 0.0091405
2026-05-12 17:46:39.750 10 INFO neutron.wsgi [None req-8bee53ad-af8c-4fc8-b37f-6291eed908a7 779cff710593421e88c9d5cb2dc80d34 e831e21008fd4903aeb2d5461bcabf35 - - default default] 10.0.0.112 "DELETE /v2.0/security-group-rules/e3dbe48d-2ff2-4a98-bd6d-0340794b22be HTTP/1.1" status: 204 len: 168 time: 0.1249664
2026-05-12 17:46:39.761 10 INFO neutron.api.v2.resource [None req-f5c88335-3c15-4723-a639-254ddcb90207 779cff710593421e88c9d5cb2dc80d34 e831e21008fd4903aeb2d5461bcabf35 - - default default] show failed (client error): The resource could not be found.
2026-05-12 17:46:39.763 10 INFO neutron.wsgi [None req-f5c88335-3c15-4723-a639-254ddcb90207 779cff710593421e88c9d5cb2dc80d34 e831e21008fd4903aeb2d5461bcabf35 - - default default] 10.0.0.112 "GET /v2.0/security-group-rules/e3dbe48d-2ff2-4a98-bd6d-0340794b22be HTTP/1.1" status: 404 len: 356 time: 0.0088503
2026-05-12 17:46:39.789 10 INFO neutron.wsgi [-] 10.0.0.232 "GET / HTTP/1.1" status: 200 len: 246 time: 0.0016279
2026-05-12 17:46:39.791 9 INFO neutron.wsgi [-] 10.0.0.232 "GET / HTTP/1.1" status: 200 len: 246 time: 0.0025504
2026-05-12 17:46:39.887 10 INFO neutron.wsgi [None req-fc380042-f0b4-4e2f-8965-25d8ee095e6e 779cff710593421e88c9d5cb2dc80d34 e831e21008fd4903aeb2d5461bcabf35 - - default default] 10.0.0.112 "DELETE /v2.0/security-group-rules/1f4be2e4-8abd-495d-a549-f814355826ae HTTP/1.1" status: 204 len: 168 time: 0.1216645
2026-05-12 17:46:39.902 10 INFO neutron.api.v2.resource [None req-3504d131-c213-426b-8549-8e9752675dce 779cff710593421e88c9d5cb2dc80d34 e831e21008fd4903aeb2d5461bcabf35 - - default default] show failed (client error): The resource could not be found.
2026-05-12 17:46:39.903 10 INFO neutron.wsgi [None req-3504d131-c213-426b-8549-8e9752675dce 779cff710593421e88c9d5cb2dc80d34 e831e21008fd4903aeb2d5461bcabf35 - - default default] 10.0.0.112 "GET /v2.0/security-group-rules/1f4be2e4-8abd-495d-a549-f814355826ae HTTP/1.1" status: 404 len: 356 time: 0.0106843
2026-05-12 17:46:40.054 10 INFO neutron.wsgi [None req-b7fa466a-9038-47ad-8559-a7772d411fec 779cff710593421e88c9d5cb2dc80d34 e831e21008fd4903aeb2d5461bcabf35 - - default default] 10.0.0.112 "DELETE /v2.0/security-group-rules/f640217a-002d-41ce-903c-261e5fa3399d HTTP/1.1" status: 204 len: 168 time: 0.1469803
2026-05-12 17:46:40.065 10 INFO neutron.api.v2.resource [None req-78c54652-c610-485b-a964-bc9daa2b16b5 779cff710593421e88c9d5cb2dc80d34 e831e21008fd4903aeb2d5461bcabf35 - - default default] show failed (client error): The resource could not be found.
2026-05-12 17:46:40.066 10 INFO neutron.wsgi [None req-78c54652-c610-485b-a964-bc9daa2b16b5 779cff710593421e88c9d5cb2dc80d34 e831e21008fd4903aeb2d5461bcabf35 - - default default] 10.0.0.112 "GET /v2.0/security-group-rules/f640217a-002d-41ce-903c-261e5fa3399d HTTP/1.1" status: 404 len: 356 time: 0.0084600
2026-05-12 17:46:40.183 10 INFO neutron.wsgi [None req-f963763b-3e9c-4733-b7eb-94ca4e61485e 779cff710593421e88c9d5cb2dc80d34 e831e21008fd4903aeb2d5461bcabf35 - - default default] 10.0.0.112 "DELETE /v2.0/security-group-rules/55b19bd8-47ff-49d9-83cf-86c5347549a7 HTTP/1.1" status: 204 len: 168 time: 0.1128416
2026-05-12 17:46:40.198 10 INFO neutron.api.v2.resource [None req-787c7e7c-a22b-4836-8b46-144e88a8b59f 779cff710593421e88c9d5cb2dc80d34 e831e21008fd4903aeb2d5461bcabf35 - - default default] show failed (client error): The resource could not be found.
2026-05-12 17:46:40.199 10 INFO neutron.wsgi [None req-787c7e7c-a22b-4836-8b46-144e88a8b59f 779cff710593421e88c9d5cb2dc80d34 e831e21008fd4903aeb2d5461bcabf35 - - default default] 10.0.0.112 "GET /v2.0/security-group-rules/55b19bd8-47ff-49d9-83cf-86c5347549a7 HTTP/1.1" status: 404 len: 356 time: 0.0115604
2026-05-12 17:46:40.317 10 INFO neutron.wsgi [None req-bc3ba283-d070-45a1-b2af-97020f60fc8e 779cff710593421e88c9d5cb2dc80d34 e831e21008fd4903aeb2d5461bcabf35 - - default default] 10.0.0.112 "DELETE /v2.0/security-group-rules/532e150b-c1fc-4d7d-8bae-dbf4f08b28b4 HTTP/1.1" status: 204 len: 168 time: 0.1131995
2026-05-12 17:46:40.330 10 INFO neutron.api.v2.resource [None req-3c45b5cb-3f92-4ad0-ac06-47040fb4eb55 779cff710593421e88c9d5cb2dc80d34 e831e21008fd4903aeb2d5461bcabf35 - - default default] show failed (client error): The resource could not be found.
2026-05-12 17:46:40.331 10 INFO neutron.wsgi [None req-3c45b5cb-3f92-4ad0-ac06-47040fb4eb55 779cff710593421e88c9d5cb2dc80d34 e831e21008fd4903aeb2d5461bcabf35 - - default default] 10.0.0.112 "GET /v2.0/security-group-rules/532e150b-c1fc-4d7d-8bae-dbf4f08b28b4 HTTP/1.1" status: 404 len: 356 time: 0.0089612
2026-05-12 17:46:40.450 10 INFO neutron.wsgi [None req-1ee56019-3e51-4186-9aed-3ebc6fa2e0d9 779cff710593421e88c9d5cb2dc80d34 e831e21008fd4903aeb2d5461bcabf35 - - default default] 10.0.0.112 "DELETE /v2.0/security-group-rules/9ed8585e-383e-4b1d-ba5f-6a9baf83aa2a HTTP/1.1" status: 204 len: 168 time: 0.1151409
2026-05-12 17:46:40.463 10 INFO neutron.api.v2.resource [None req-afb127b5-102f-4cac-9618-a7a42b9882bb 779cff710593421e88c9d5cb2dc80d34 e831e21008fd4903aeb2d5461bcabf35 - - default default] show failed (client error): The resource could not be found.
2026-05-12 17:46:40.465 10 INFO neutron.wsgi [None req-afb127b5-102f-4cac-9618-a7a42b9882bb 779cff710593421e88c9d5cb2dc80d34 e831e21008fd4903aeb2d5461bcabf35 - - default default] 10.0.0.112 "GET /v2.0/security-group-rules/9ed8585e-383e-4b1d-ba5f-6a9baf83aa2a HTTP/1.1" status: 404 len: 356 time: 0.0093696
2026-05-12 17:46:40.571 10 INFO neutron.wsgi [None req-7cb7e568-f749-44ea-bea5-3171c7c91b7b 779cff710593421e88c9d5cb2dc80d34 e831e21008fd4903aeb2d5461bcabf35 - - default default] 10.0.0.112 "DELETE /v2.0/security-group-rules/d21f42a2-7ff2-4644-aa9e-1d60351c0cc0 HTTP/1.1" status: 204 len: 168 time: 0.1027591
2026-05-12 17:46:40.584 10 INFO neutron.api.v2.resource [None req-9f7697e3-d36e-45b0-8197-e127456ea556 779cff710593421e88c9d5cb2dc80d34 e831e21008fd4903aeb2d5461bcabf35 - - default default] show failed (client error): The resource could not be found.
2026-05-12 17:46:40.585 10 INFO neutron.wsgi [None req-9f7697e3-d36e-45b0-8197-e127456ea556 779cff710593421e88c9d5cb2dc80d34 e831e21008fd4903aeb2d5461bcabf35 - - default default] 10.0.0.112 "GET /v2.0/security-group-rules/d21f42a2-7ff2-4644-aa9e-1d60351c0cc0 HTTP/1.1" status: 404 len: 356 time: 0.0093021
2026-05-12 17:46:40.711 10 INFO neutron.wsgi [None req-5beb7e2a-130b-4970-9210-fd701d0a971a 779cff710593421e88c9d5cb2dc80d34 e831e21008fd4903aeb2d5461bcabf35 - - default default] 10.0.0.112 "DELETE /v2.0/security-group-rules/afb65fdc-3aec-49dd-a740-cc46e6555d38 HTTP/1.1" status: 204 len: 168 time: 0.1208527
2026-05-12 17:46:40.723 10 INFO neutron.api.v2.resource [None req-5ee58125-cc4f-43f1-899c-19845f9e19ac 779cff710593421e88c9d5cb2dc80d34 e831e21008fd4903aeb2d5461bcabf35 - - default default] show failed (client error): The resource could not be found.
2026-05-12 17:46:40.724 10 INFO neutron.wsgi [None req-5ee58125-cc4f-43f1-899c-19845f9e19ac 779cff710593421e88c9d5cb2dc80d34 e831e21008fd4903aeb2d5461bcabf35 - - default default] 10.0.0.112 "GET /v2.0/security-group-rules/afb65fdc-3aec-49dd-a740-cc46e6555d38 HTTP/1.1" status: 404 len: 356 time: 0.0087852 /var/lib/openstack/lib/python3.10/site-packages/pycadf/identifier.py:71: UserWarning: Invalid uuid: neutron. To ensure interoperability, identifiers should be a valid uuid. warnings.warn(('Invalid uuid: %s. To ensure interoperability, '
2026-05-12 17:46:40.848 9 INFO neutron.wsgi [None req-a1c02863-ed82-4084-a4e0-45d0101909d3 779cff710593421e88c9d5cb2dc80d34 e831e21008fd4903aeb2d5461bcabf35 - - default default] 10.0.0.112 "DELETE /v2.0/security-groups/169e81f5-6df2-4e9e-b002-e9c6398b7190 HTTP/1.1" status: 204 len: 168 time: 0.1182647
2026-05-12 17:46:40.862 9 INFO neutron.api.v2.resource [None req-2c0e635e-f664-4126-847a-025b8e938970 779cff710593421e88c9d5cb2dc80d34 e831e21008fd4903aeb2d5461bcabf35 - - default default] show failed (client error): The resource could not be found.
2026-05-12 17:46:40.863 9 INFO neutron.wsgi [None req-2c0e635e-f664-4126-847a-025b8e938970 779cff710593421e88c9d5cb2dc80d34 e831e21008fd4903aeb2d5461bcabf35 - - default default] 10.0.0.112 "GET /v2.0/security-groups/169e81f5-6df2-4e9e-b002-e9c6398b7190 HTTP/1.1" status: 404 len: 347 time: 0.0107558
2026-05-12 17:46:41.784 9 INFO neutron.wsgi [None req-ffd91574-2ce2-444f-be6d-b737cb04668e 779cff710593421e88c9d5cb2dc80d34 e831e21008fd4903aeb2d5461bcabf35 - - default default] 10.0.0.112 "PUT /v2.0/routers/cb56526b-5b70-4512-85a2-1010b3660510/remove_router_interface HTTP/1.1" status: 200 len: 503 time: 0.8712976
2026-05-12 17:46:41.915 10 INFO neutron.api.v2.resource [None req-c613d6ed-2701-4b78-ba9e-318e73a22b69 779cff710593421e88c9d5cb2dc80d34 e831e21008fd4903aeb2d5461bcabf35 - - default default] remove_router_interface failed (client error): The resource could not be found.
2026-05-12 17:46:41.916 10 INFO neutron.wsgi [None req-c613d6ed-2701-4b78-ba9e-318e73a22b69 779cff710593421e88c9d5cb2dc80d34 e831e21008fd4903aeb2d5461bcabf35 - - default default] 10.0.0.112 "PUT /v2.0/routers/cb56526b-5b70-4512-85a2-1010b3660510/remove_router_interface HTTP/1.1" status: 404 len: 399 time: 0.1277184 /var/lib/openstack/lib/python3.10/site-packages/pycadf/identifier.py:71: UserWarning: Invalid uuid: neutron. To ensure interoperability, identifiers should be a valid uuid. warnings.warn(('Invalid uuid: %s. To ensure interoperability, '
2026-05-12 17:46:42.303 9 INFO neutron.wsgi [None req-ba0b59f8-964a-44d4-9de1-eb5f8c6085f8 47cc16f72e9046638185cbc34bd09055 e4c9b40c70cc4d13aa8046933332264d - - default default] 10.0.0.163 "GET /v2.0/subnets HTTP/1.1" status: 200 len: 5497 time: 0.1107516
2026-05-12 17:46:42.318 9 INFO neutron.wsgi [None req-7282f175-19ae-47d7-bcd3-dda6c4d3e544 47cc16f72e9046638185cbc34bd09055 e4c9b40c70cc4d13aa8046933332264d - - default default] 10.0.0.163 "GET /v2.0/subnetpools HTTP/1.1" status: 200 len: 193 time: 0.0126879
2026-05-12 17:46:42.418 9 INFO neutron.wsgi [None req-8ffd33cb-5cbf-4ef7-b5e4-c79beb1ba60a 47cc16f72e9046638185cbc34bd09055 e4c9b40c70cc4d13aa8046933332264d - - default default] 10.0.0.163 "GET /v2.0/networks HTTP/1.1" status: 200 len: 4720 time: 0.0996017
2026-05-12 17:46:42.465 9 INFO neutron.wsgi [None req-9c028bd9-0435-40b2-a515-545356a0767e 47cc16f72e9046638185cbc34bd09055 e4c9b40c70cc4d13aa8046933332264d - - default default] 10.0.0.163 "GET /v2.0/subnets HTTP/1.1" status: 200 len: 5497 time: 0.0428081
2026-05-12 17:46:42.537 9 INFO neutron.wsgi [None req-5a3e1210-b9eb-404d-a8cd-0167a0fab275 47cc16f72e9046638185cbc34bd09055 e4c9b40c70cc4d13aa8046933332264d - - default default] 10.0.0.163 "GET /v2.0/ports HTTP/1.1" status: 200 len: 10643 time: 0.0706906
2026-05-12 17:46:42.630 9 INFO neutron.wsgi [None req-dc1ef4ec-3a4b-41b5-bf99-fe01a8902b2a 47cc16f72e9046638185cbc34bd09055 e4c9b40c70cc4d13aa8046933332264d - - default default] 10.0.0.163 "GET /v2.0/routers HTTP/1.1" status: 200 len: 850 time: 0.0853131
2026-05-12 17:46:42.643 9 INFO neutron.wsgi [None req-10741325-e1b0-4361-adde-691bd3756978 47cc16f72e9046638185cbc34bd09055 e4c9b40c70cc4d13aa8046933332264d - - default default] 10.0.0.163 "GET /v2.0/agents?binary=ovn-controller HTTP/1.1" status: 200 len: 591 time: 0.0120656
2026-05-12 17:46:42.653 9 INFO neutron.wsgi [None req-8b3f1001-a4dd-4684-9e69-5e7929894c07 47cc16f72e9046638185cbc34bd09055 e4c9b40c70cc4d13aa8046933332264d - - default default] 10.0.0.163 "GET /v2.0/agents HTTP/1.1" status: 200 len: 997 time: 0.0096610
2026-05-12 17:46:42.708 9 INFO neutron.wsgi [None req-5ca9d131-794e-4a21-a913-681bb407d9df 47cc16f72e9046638185cbc34bd09055 e4c9b40c70cc4d13aa8046933332264d - - default default] 10.0.0.163 "GET /v2.0/security-groups HTTP/1.1" status: 200 len: 19583 time: 0.0534186
2026-05-12 17:46:42.736 9 INFO neutron.wsgi [None req-5b8a8753-fccd-4952-95bc-d2b23f90559b 47cc16f72e9046638185cbc34bd09055 e4c9b40c70cc4d13aa8046933332264d - - default default] 10.0.0.163 "GET /v2.0/floatingips HTTP/1.1" status: 200 len: 193 time: 0.0240078
2026-05-12 17:46:42.749 9 INFO neutron.wsgi [None req-93ca44bf-e107-4b91-b9a4-699ce07e9baa 47cc16f72e9046638185cbc34bd09055 e4c9b40c70cc4d13aa8046933332264d - - default default] 10.0.0.163 "GET /v2.0/network-ip-availabilities HTTP/1.1" status: 200 len: 3363 time: 0.0115325
2026-05-12 17:46:42.827 10 INFO neutron.wsgi [None req-ecd866de-40b8-4408-bf08-12d13742a14a 779cff710593421e88c9d5cb2dc80d34 e831e21008fd4903aeb2d5461bcabf35 - - default default] 10.0.0.112 "PUT /v2.0/routers/cb56526b-5b70-4512-85a2-1010b3660510/remove_router_interface HTTP/1.1" status: 200 len: 503 time: 0.9016595 /var/lib/openstack/lib/python3.10/site-packages/pycadf/identifier.py:71: UserWarning: Invalid uuid: neutron. To ensure interoperability, identifiers should be a valid uuid. warnings.warn(('Invalid uuid: %s. To ensure interoperability, '
2026-05-12 17:46:42.972 10 INFO neutron.api.v2.resource [None req-698ee029-6aa2-4d50-b805-6773676a04f9 779cff710593421e88c9d5cb2dc80d34 e831e21008fd4903aeb2d5461bcabf35 - - default default] remove_router_interface failed (client error): The resource could not be found.
2026-05-12 17:46:42.973 10 INFO neutron.wsgi [None req-698ee029-6aa2-4d50-b805-6773676a04f9 779cff710593421e88c9d5cb2dc80d34 e831e21008fd4903aeb2d5461bcabf35 - - default default] 10.0.0.112 "PUT /v2.0/routers/cb56526b-5b70-4512-85a2-1010b3660510/remove_router_interface HTTP/1.1" status: 404 len: 399 time: 0.1422827
2026-05-12 17:46:43.838 9 INFO neutron.wsgi [None req-d29af82d-14c1-40e9-8e76-a77bbf5dcd6f 779cff710593421e88c9d5cb2dc80d34 e831e21008fd4903aeb2d5461bcabf35 - - default default] 10.0.0.112 "PUT /v2.0/routers/cb56526b-5b70-4512-85a2-1010b3660510/remove_router_interface HTTP/1.1" status: 200 len: 503 time: 0.8503506 /var/lib/openstack/lib/python3.10/site-packages/pycadf/identifier.py:71: UserWarning: Invalid uuid: neutron. To ensure interoperability, identifiers should be a valid uuid. warnings.warn(('Invalid uuid: %s. To ensure interoperability, '
2026-05-12 17:46:44.247 9 INFO neutron.api.v2.resource [None req-4e2e83e3-835e-48ec-8e70-5683ac41b736 779cff710593421e88c9d5cb2dc80d34 e831e21008fd4903aeb2d5461bcabf35 - - default default] remove_router_interface failed (client error): The resource could not be found.
2026-05-12 17:46:44.248 9 INFO neutron.wsgi [None req-4e2e83e3-835e-48ec-8e70-5683ac41b736 779cff710593421e88c9d5cb2dc80d34 e831e21008fd4903aeb2d5461bcabf35 - - default default] 10.0.0.112 "PUT /v2.0/routers/cb56526b-5b70-4512-85a2-1010b3660510/remove_router_interface HTTP/1.1" status: 404 len: 399 time: 0.4020808
2026-05-12 17:46:45.045 9 INFO neutron.wsgi [None req-36676aad-665f-46a0-a0db-ec373b027984 779cff710593421e88c9d5cb2dc80d34 e831e21008fd4903aeb2d5461bcabf35 - - default default] 10.0.0.112 "DELETE /v2.0/routers/cb56526b-5b70-4512-85a2-1010b3660510 HTTP/1.1" status: 204 len: 168 time: 0.7919211
2026-05-12 17:46:45.075 9 INFO neutron.api.v2.resource [None req-e9148c69-590b-4cdd-be0c-ebd98cb73526 779cff710593421e88c9d5cb2dc80d34 e831e21008fd4903aeb2d5461bcabf35 - - default default] show failed (client error): The resource could not be found.
2026-05-12 17:46:45.076 9 INFO neutron.wsgi [None req-e9148c69-590b-4cdd-be0c-ebd98cb73526 779cff710593421e88c9d5cb2dc80d34 e831e21008fd4903aeb2d5461bcabf35 - - default default] 10.0.0.112 "GET /v2.0/routers/cb56526b-5b70-4512-85a2-1010b3660510 HTTP/1.1" status: 404 len: 336 time: 0.0271862
2026-05-12 17:46:45.277 9 INFO neutron.wsgi [None req-757e9980-2d74-462b-8f55-5f95bc593359 779cff710593421e88c9d5cb2dc80d34 e831e21008fd4903aeb2d5461bcabf35 - - default default] 10.0.0.112 "DELETE /v2.0/subnets/513fab53-b7e9-4540-8346-966755a4c625 HTTP/1.1" status: 204 len: 168 time: 0.1964626
2026-05-12 17:46:45.296 9 INFO neutron.pecan_wsgi.hooks.translation [None req-c854fc9c-2ccd-455b-86c6-e98de7d37b6a 779cff710593421e88c9d5cb2dc80d34 e831e21008fd4903aeb2d5461bcabf35 - - default default] GET failed (client error): The resource could not be found.
2026-05-12 17:46:45.298 9 INFO neutron.wsgi [None req-c854fc9c-2ccd-455b-86c6-e98de7d37b6a 779cff710593421e88c9d5cb2dc80d34 e831e21008fd4903aeb2d5461bcabf35 - - default default] 10.0.0.112 "GET /v2.0/subnets/513fab53-b7e9-4540-8346-966755a4c625 HTTP/1.1" status: 404 len: 337 time: 0.0155783
2026-05-12 17:46:45.527 9 INFO neutron.wsgi [None req-5f17646e-5d6a-47c8-b5c5-332d8ca8a9fd 779cff710593421e88c9d5cb2dc80d34 e831e21008fd4903aeb2d5461bcabf35 - - default default] 10.0.0.112 "DELETE /v2.0/subnets/4823a0d9-eef8-44c2-97ae-4f7d9cea0532 HTTP/1.1" status: 204 len: 168 time: 0.2214937
2026-05-12 17:46:45.548 9 INFO neutron.pecan_wsgi.hooks.translation [None req-24281bd7-0306-4848-afca-37d687d66383 779cff710593421e88c9d5cb2dc80d34 e831e21008fd4903aeb2d5461bcabf35 - - default default] GET failed (client error): The resource could not be found.
2026-05-12 17:46:45.550 9 INFO neutron.wsgi [None req-24281bd7-0306-4848-afca-37d687d66383 779cff710593421e88c9d5cb2dc80d34 e831e21008fd4903aeb2d5461bcabf35 - - default default] 10.0.0.112 "GET /v2.0/subnets/4823a0d9-eef8-44c2-97ae-4f7d9cea0532 HTTP/1.1" status: 404 len: 337 time: 0.0172780
2026-05-12 17:46:45.938 9 INFO neutron.wsgi [None req-6f4cdc23-fddc-4921-a0b6-6a0d28e881e4 779cff710593421e88c9d5cb2dc80d34 e831e21008fd4903aeb2d5461bcabf35 - - default default] 10.0.0.112 "DELETE /v2.0/networks/1ffd4c1f-0847-4a29-b92b-aab012d3b6c8 HTTP/1.1" status: 204 len: 168 time: 0.3833275
