2026-05-12 17:42:41.098 9 INFO neutron.wsgi [req-3286647d-1168-4a26-bc68-af958237fd69 req-7e5647ef-b280-491b-8d92-c8810055060a 7ed4554eccd94578ad110c1c5b4bad36 00d93befdcc0449ba670bfaccc1dd7b9 - - default default] 10.0.0.78 "GET /v2.0/security-groups?id=6875e61f-9cea-4038-8775-bf53900aa4f8&id=f9700b80-0f53-4803-92a2-b7b72954fcef&fields=id&fields=name HTTP/1.1" status: 200 len: 404 time: 0.0543535
2026-05-12 17:42:41.112 9 INFO neutron.wsgi [req-e3a7ac17-6c8e-479a-87a3-88fa87e5a54f req-9054b24c-7a4d-4af7-bc7b-a7e4650ff404 e9b5f01a8d8347b98401cc1ba37cd678 f1aefb37df6f44aaa8d030aa698c8832 - - f7b2a552975f4b9f8031dad981529eb6 f7b2a552975f4b9f8031dad981529eb6] 199.19.213.43 "GET /v2.0/networks/54bdd6d7-7640-4d30-a0c2-4a704b26f702?fields=provider%3Aphysical_network&fields=provider%3Anetwork_type HTTP/1.1" status: 200 len: 277 time: 0.0633414
2026-05-12 17:42:41.193 9 INFO neutron.wsgi [req-4f810e77-24b1-48e3-a444-bd481eb90e95 req-69210726-0b56-4cf1-9a00-c0a41731b9a1 e9b5f01a8d8347b98401cc1ba37cd678 f1aefb37df6f44aaa8d030aa698c8832 - - f7b2a552975f4b9f8031dad981529eb6 f7b2a552975f4b9f8031dad981529eb6] 199.19.213.43 "GET /v2.0/ports?tenant_id=00d93befdcc0449ba670bfaccc1dd7b9&device_id=e6a90275-3b92-4df3-bd42-1775d5a465eb HTTP/1.1" status: 200 len: 1446 time: 0.0423038
2026-05-12 17:42:41.263 9 INFO neutron.wsgi [req-4f810e77-24b1-48e3-a444-bd481eb90e95 req-61462b42-96f7-4fa7-b4fe-509f100d56a9 e9b5f01a8d8347b98401cc1ba37cd678 f1aefb37df6f44aaa8d030aa698c8832 - - f7b2a552975f4b9f8031dad981529eb6 f7b2a552975f4b9f8031dad981529eb6] 199.19.213.43 "GET /v2.0/networks?id=54bdd6d7-7640-4d30-a0c2-4a704b26f702 HTTP/1.1" status: 200 len: 970 time: 0.0641615
2026-05-12 17:42:41.295 9 INFO neutron.wsgi [req-4f810e77-24b1-48e3-a444-bd481eb90e95 req-f89a51bb-08bf-40dd-9057-a720938fdfc4 e9b5f01a8d8347b98401cc1ba37cd678 f1aefb37df6f44aaa8d030aa698c8832 - - f7b2a552975f4b9f8031dad981529eb6 f7b2a552975f4b9f8031dad981529eb6] 199.19.213.43 "GET /v2.0/floatingips?fixed_ip_address=10.100.0.7&port_id=0ba78ee7-7292-4b08-839c-60f815bb96c1 HTTP/1.1" status: 200 len: 217 time: 0.0246847
2026-05-12 17:42:41.300 10 INFO neutron.wsgi [req-7d0cda91-3792-4635-be7e-bf46870d2195 req-651bfc66-393e-4cae-9773-5157ea951461 e9b5f01a8d8347b98401cc1ba37cd678 f1aefb37df6f44aaa8d030aa698c8832 - - f7b2a552975f4b9f8031dad981529eb6 f7b2a552975f4b9f8031dad981529eb6] 199.19.213.43 "GET /v2.0/ports?device_id=e6a90275-3b92-4df3-bd42-1775d5a465eb HTTP/1.1" status: 200 len: 1446 time: 0.0475528
2026-05-12 17:42:41.338 9 INFO neutron.wsgi [req-4f810e77-24b1-48e3-a444-bd481eb90e95 req-044f81fe-0a54-44c9-9aea-687089fd3517 e9b5f01a8d8347b98401cc1ba37cd678 f1aefb37df6f44aaa8d030aa698c8832 - - f7b2a552975f4b9f8031dad981529eb6 f7b2a552975f4b9f8031dad981529eb6] 199.19.213.43 "GET /v2.0/subnets?id=0fa9a570-d770-4360-aeb4-9197f61c71c1 HTTP/1.1" status: 200 len: 865 time: 0.0294707
2026-05-12 17:42:41.352 10 INFO neutron.wsgi [req-7d0cda91-3792-4635-be7e-bf46870d2195 req-9160db10-972b-4659-bb1b-11ad26c85591 e9b5f01a8d8347b98401cc1ba37cd678 f1aefb37df6f44aaa8d030aa698c8832 - - f7b2a552975f4b9f8031dad981529eb6 f7b2a552975f4b9f8031dad981529eb6] 199.19.213.43 "GET /v2.0/security-groups?id=6875e61f-9cea-4038-8775-bf53900aa4f8&id=f9700b80-0f53-4803-92a2-b7b72954fcef&fields=id&fields=name HTTP/1.1" status: 200 len: 404 time: 0.0432003
2026-05-12 17:42:41.365 9 INFO neutron.wsgi [req-4f810e77-24b1-48e3-a444-bd481eb90e95 req-316c454a-feb6-45dc-a15a-cec39831a273 e9b5f01a8d8347b98401cc1ba37cd678 f1aefb37df6f44aaa8d030aa698c8832 - - f7b2a552975f4b9f8031dad981529eb6 f7b2a552975f4b9f8031dad981529eb6] 199.19.213.43 "GET /v2.0/ports?network_id=54bdd6d7-7640-4d30-a0c2-4a704b26f702&device_owner=network%3Adhcp HTTP/1.1" status: 200 len: 210 time: 0.0217881
2026-05-12 17:42:41.455 9 INFO neutron.wsgi [req-4f810e77-24b1-48e3-a444-bd481eb90e95 req-87d3152b-323c-4803-9afd-a819ceebbd81 e9b5f01a8d8347b98401cc1ba37cd678 f1aefb37df6f44aaa8d030aa698c8832 - - f7b2a552975f4b9f8031dad981529eb6 f7b2a552975f4b9f8031dad981529eb6] 199.19.213.43 "GET /v2.0/networks/54bdd6d7-7640-4d30-a0c2-4a704b26f702?fields=segments HTTP/1.1" status: 200 len: 212 time: 0.0762565
2026-05-12 17:42:41.457 10 INFO neutron.plugins.ml2.drivers.ovn.mech_driver.mech_driver [None req-dccbfcc7-2f93-4273-bcec-7377bf79d4cc - - - - - -] OVN reports status up for port: 0ba78ee7-7292-4b08-839c-60f815bb96c1
2026-05-12 17:42:41.471 10 INFO neutron.plugins.ml2.plugin [None req-dccbfcc7-2f93-4273-bcec-7377bf79d4cc - - - - - -] Attempt 1 to provision port 0ba78ee7-7292-4b08-839c-60f815bb96c1
2026-05-12 17:42:41.542 9 INFO neutron.wsgi [req-4f810e77-24b1-48e3-a444-bd481eb90e95 req-cb2e1e2d-4c84-4cd4-bcc5-892869117b25 e9b5f01a8d8347b98401cc1ba37cd678 f1aefb37df6f44aaa8d030aa698c8832 - - f7b2a552975f4b9f8031dad981529eb6 f7b2a552975f4b9f8031dad981529eb6] 199.19.213.43 "GET /v2.0/networks/54bdd6d7-7640-4d30-a0c2-4a704b26f702?fields=provider%3Aphysical_network&fields=provider%3Anetwork_type HTTP/1.1" status: 200 len: 277 time: 0.0777662
2026-05-12 17:42:41.828 10 INFO neutron.notifiers.nova [-] Nova event matching ['req-7a5c3414-6003-4575-b686-60b1b5efc667'] response: {'server_uuid': 'e6a90275-3b92-4df3-bd42-1775d5a465eb', 'name': 'network-vif-plugged', 'status': 'completed', 'tag': '0ba78ee7-7292-4b08-839c-60f815bb96c1', 'code': 200}
2026-05-12 17:42:41.993 10 INFO neutron.db.ovn_revision_numbers_db [None req-dccbfcc7-2f93-4273-bcec-7377bf79d4cc - - - - - -] Successfully bumped revision number for resource 0ba78ee7-7292-4b08-839c-60f815bb96c1 (type: ports) to 4
2026-05-12 17:42:42.231 9 INFO neutron.wsgi [req-6507cf1d-3d66-45c7-b2af-7501cf40c58d req-db833ccd-6faf-4276-b424-25d01fdd8063 7ed4554eccd94578ad110c1c5b4bad36 00d93befdcc0449ba670bfaccc1dd7b9 - - default default] 10.0.0.78 "GET /v2.0/ports?device_id=e6a90275-3b92-4df3-bd42-1775d5a465eb HTTP/1.1" status: 200 len: 1210 time: 0.0696938
2026-05-12 17:42:42.296 9 INFO neutron.wsgi [req-6507cf1d-3d66-45c7-b2af-7501cf40c58d req-dc621dd1-b08f-45ac-8d6f-e5c4e9975d9c 7ed4554eccd94578ad110c1c5b4bad36 00d93befdcc0449ba670bfaccc1dd7b9 - - default default] 10.0.0.78 "GET /v2.0/security-groups?id=6875e61f-9cea-4038-8775-bf53900aa4f8&id=f9700b80-0f53-4803-92a2-b7b72954fcef&fields=id&fields=name HTTP/1.1" status: 200 len: 404 time: 0.0596681
2026-05-12 17:42:42.476 9 INFO neutron.wsgi [None req-29646162-fc4c-4f62-bbe7-7c4938537b3f 47cc16f72e9046638185cbc34bd09055 e4c9b40c70cc4d13aa8046933332264d - - default default] 10.0.0.163 "GET /v2.0/subnets HTTP/1.1" status: 200 len: 2744 time: 0.2314281
2026-05-12 17:42:42.498 9 INFO neutron.wsgi [None req-9d79a125-ef7d-4335-aced-29ce299f5217 47cc16f72e9046638185cbc34bd09055 e4c9b40c70cc4d13aa8046933332264d - - default default] 10.0.0.163 "GET /v2.0/network-ip-availabilities HTTP/1.1" status: 200 len: 2222 time: 0.0202858
2026-05-12 17:42:42.589 9 INFO neutron.wsgi [None req-a5a54c58-90ae-425a-bfb7-f83e4668af52 47cc16f72e9046638185cbc34bd09055 e4c9b40c70cc4d13aa8046933332264d - - default default] 10.0.0.163 "GET /v2.0/ports HTTP/1.1" status: 200 len: 14029 time: 0.0896885
2026-05-12 17:42:42.608 9 INFO neutron.wsgi [None req-1e7ba8d2-6233-4c51-b96e-efbd2aa7ebf3 47cc16f72e9046638185cbc34bd09055 e4c9b40c70cc4d13aa8046933332264d - - default default] 10.0.0.163 "GET /v2.0/agents HTTP/1.1" status: 200 len: 997 time: 0.0132060
2026-05-12 17:42:42.648 9 INFO neutron.wsgi [None req-9bcdc10e-66d5-46e0-bccd-7dd9c295ffb4 47cc16f72e9046638185cbc34bd09055 e4c9b40c70cc4d13aa8046933332264d - - default default] 10.0.0.163 "GET /v2.0/subnets HTTP/1.1" status: 200 len: 2744 time: 0.0391397
2026-05-12 17:42:42.658 9 INFO neutron.wsgi [None req-75847740-3a7a-4832-a383-4ef43e42a48c 47cc16f72e9046638185cbc34bd09055 e4c9b40c70cc4d13aa8046933332264d - - default default] 10.0.0.163 "GET /v2.0/subnetpools HTTP/1.1" status: 200 len: 193 time: 0.0078888
2026-05-12 17:42:42.703 9 INFO neutron.wsgi [None req-4cd02ee8-18d8-418f-bf50-59fadac6aa39 47cc16f72e9046638185cbc34bd09055 e4c9b40c70cc4d13aa8046933332264d - - default default] 10.0.0.163 "GET /v2.0/floatingips HTTP/1.1" status: 200 len: 730 time: 0.0442371
2026-05-12 17:42:42.818 9 INFO neutron.wsgi [None req-2226ce04-6d6c-4255-b8db-a808968920de 47cc16f72e9046638185cbc34bd09055 e4c9b40c70cc4d13aa8046933332264d - - default default] 10.0.0.163 "GET /v2.0/networks HTTP/1.1" status: 200 len: 3865 time: 0.1129544
2026-05-12 17:42:42.900 9 INFO neutron.wsgi [None req-1bab1d4f-c683-4008-bb53-ce07f99b8c42 47cc16f72e9046638185cbc34bd09055 e4c9b40c70cc4d13aa8046933332264d - - default default] 10.0.0.163 "GET /v2.0/security-groups HTTP/1.1" status: 200 len: 30212 time: 0.0784259
2026-05-12 17:42:43.056 9 INFO neutron.wsgi [None req-88aac5d9-9629-4e0b-b4df-463e06d6fe20 47cc16f72e9046638185cbc34bd09055 e4c9b40c70cc4d13aa8046933332264d - - default default] 10.0.0.163 "GET /v2.0/routers HTTP/1.1" status: 200 len: 1530 time: 0.1440628
2026-05-12 17:42:43.071 9 INFO neutron.wsgi [None req-63cd4204-c163-4fb5-8013-6b0389eba8c5 47cc16f72e9046638185cbc34bd09055 e4c9b40c70cc4d13aa8046933332264d - - default default] 10.0.0.163 "GET /v2.0/agents?binary=ovn-controller HTTP/1.1" status: 200 len: 591 time: 0.0146637
2026-05-12 17:42:43.469 9 INFO neutron.wsgi [req-74452634-2eca-4dec-83ec-af788bb2aec8 req-8dc5c48c-9562-4e0f-a56b-17bfe1a3782e 7ed4554eccd94578ad110c1c5b4bad36 00d93befdcc0449ba670bfaccc1dd7b9 - - default default] 10.0.0.78 "GET /v2.0/ports?device_id=e6a90275-3b92-4df3-bd42-1775d5a465eb HTTP/1.1" status: 200 len: 1210 time: 0.1016858
2026-05-12 17:42:43.516 9 INFO neutron.wsgi [req-74452634-2eca-4dec-83ec-af788bb2aec8 req-8143abd5-087f-40a9-bbff-8cd127504370 7ed4554eccd94578ad110c1c5b4bad36 00d93befdcc0449ba670bfaccc1dd7b9 - - default default] 10.0.0.78 "GET /v2.0/security-groups?id=6875e61f-9cea-4038-8775-bf53900aa4f8&id=f9700b80-0f53-4803-92a2-b7b72954fcef&fields=id&fields=name HTTP/1.1" status: 200 len: 404 time: 0.0397682
2026-05-12 17:42:43.608 9 INFO neutron.wsgi [req-3e72f139-9e37-4146-bfd6-695d4a73518c req-bfec9a92-ad0a-45f2-aea6-6b01b6829ab8 7ed4554eccd94578ad110c1c5b4bad36 00d93befdcc0449ba670bfaccc1dd7b9 - - default default] 10.0.0.78 "GET /v2.0/ports?device_id=e6a90275-3b92-4df3-bd42-1775d5a465eb HTTP/1.1" status: 200 len: 1210 time: 0.0314608
2026-05-12 17:42:43.866 10 INFO neutron.notifiers.nova [-] Nova event matching ['req-1a23c64b-00f7-48fc-a1f5-2dd819e292a0'] response: {'server_uuid': 'e6a90275-3b92-4df3-bd42-1775d5a465eb', 'name': 'network-vif-plugged', 'status': 'completed', 'tag': '0ba78ee7-7292-4b08-839c-60f815bb96c1', 'code': 200}
2026-05-12 17:42:43.923 9 INFO neutron.db.l3_db [None req-761078bc-30dc-407d-9239-7f17c9ca6a0f 7ed4554eccd94578ad110c1c5b4bad36 00d93befdcc0449ba670bfaccc1dd7b9 - - default default] Floating IP c7a8c3b6-2ff8-44c0-b7f1-ee7cc1802f04 associated. External IP: 10.96.250.207, port: 0ba78ee7-7292-4b08-839c-60f815bb96c1.
2026-05-12 17:42:44.397 9 INFO neutron.db.ovn_revision_numbers_db [None req-761078bc-30dc-407d-9239-7f17c9ca6a0f 7ed4554eccd94578ad110c1c5b4bad36 00d93befdcc0449ba670bfaccc1dd7b9 - - default default] Successfully bumped revision number for resource c7a8c3b6-2ff8-44c0-b7f1-ee7cc1802f04 (type: floatingips) to 1
2026-05-12 17:42:44.524 9 INFO neutron.db.ovn_revision_numbers_db [None req-761078bc-30dc-407d-9239-7f17c9ca6a0f 7ed4554eccd94578ad110c1c5b4bad36 00d93befdcc0449ba670bfaccc1dd7b9 - - default default] Successfully bumped revision number for resource c7a8c3b6-2ff8-44c0-b7f1-ee7cc1802f04 (type: floatingips) to 2
2026-05-12 17:42:44.550 9 INFO neutron.wsgi [None req-761078bc-30dc-407d-9239-7f17c9ca6a0f 7ed4554eccd94578ad110c1c5b4bad36 00d93befdcc0449ba670bfaccc1dd7b9 - - default default] 10.0.0.112 "PUT /v2.0/floatingips/c7a8c3b6-2ff8-44c0-b7f1-ee7cc1802f04 HTTP/1.1" status: 200 len: 1049 time: 0.9325116
2026-05-12 17:42:44.582 9 INFO neutron.notifiers.nova [-] Nova event matching ['req-58138f4b-c461-4659-bb95-2919bc416da4'] response: {'name': 'network-changed', 'server_uuid': 'e6a90275-3b92-4df3-bd42-1775d5a465eb', 'tag': '0ba78ee7-7292-4b08-839c-60f815bb96c1', 'status': 'completed', 'code': 200}
2026-05-12 17:42:44.643 9 INFO neutron.wsgi [req-f071d494-204c-4466-8b36-ec011397bb05 req-d60d4d88-7b52-47a4-8044-dd4c091c0917 e9b5f01a8d8347b98401cc1ba37cd678 f1aefb37df6f44aaa8d030aa698c8832 - - f7b2a552975f4b9f8031dad981529eb6 f7b2a552975f4b9f8031dad981529eb6] 199.19.213.43 "GET /v2.0/ports?tenant_id=00d93befdcc0449ba670bfaccc1dd7b9&device_id=e6a90275-3b92-4df3-bd42-1775d5a465eb HTTP/1.1" status: 200 len: 1448 time: 0.0439291
2026-05-12 17:42:44.713 9 INFO neutron.wsgi [req-f071d494-204c-4466-8b36-ec011397bb05 req-9c5765aa-adb4-40db-9a10-ad36db450991 e9b5f01a8d8347b98401cc1ba37cd678 f1aefb37df6f44aaa8d030aa698c8832 - - f7b2a552975f4b9f8031dad981529eb6 f7b2a552975f4b9f8031dad981529eb6] 199.19.213.43 "GET /v2.0/networks?id=54bdd6d7-7640-4d30-a0c2-4a704b26f702 HTTP/1.1" status: 200 len: 970 time: 0.0625215
2026-05-12 17:42:44.774 9 INFO neutron.wsgi [req-f071d494-204c-4466-8b36-ec011397bb05 req-4d2745c3-7f70-400e-ab98-1cb2245debaa e9b5f01a8d8347b98401cc1ba37cd678 f1aefb37df6f44aaa8d030aa698c8832 - - f7b2a552975f4b9f8031dad981529eb6 f7b2a552975f4b9f8031dad981529eb6] 199.19.213.43 "GET /v2.0/floatingips?fixed_ip_address=10.100.0.7&port_id=0ba78ee7-7292-4b08-839c-60f815bb96c1 HTTP/1.1" status: 200 len: 1059 time: 0.0551915
2026-05-12 17:42:44.822 9 INFO neutron.wsgi [req-f071d494-204c-4466-8b36-ec011397bb05 req-fa32fc3c-ec0d-430e-a2c8-d86d33a86953 e9b5f01a8d8347b98401cc1ba37cd678 f1aefb37df6f44aaa8d030aa698c8832 - - f7b2a552975f4b9f8031dad981529eb6 f7b2a552975f4b9f8031dad981529eb6] 199.19.213.43 "GET /v2.0/subnets?id=0fa9a570-d770-4360-aeb4-9197f61c71c1 HTTP/1.1" status: 200 len: 865 time: 0.0414569
2026-05-12 17:42:44.858 9 INFO neutron.wsgi [req-f071d494-204c-4466-8b36-ec011397bb05 req-785697bf-c404-4ea6-affb-6deb47cfb201 e9b5f01a8d8347b98401cc1ba37cd678 f1aefb37df6f44aaa8d030aa698c8832 - - f7b2a552975f4b9f8031dad981529eb6 f7b2a552975f4b9f8031dad981529eb6] 199.19.213.43 "GET /v2.0/ports?network_id=54bdd6d7-7640-4d30-a0c2-4a704b26f702&device_owner=network%3Adhcp HTTP/1.1" status: 200 len: 210 time: 0.0178933
2026-05-12 17:42:44.927 9 INFO neutron.wsgi [req-f071d494-204c-4466-8b36-ec011397bb05 req-dfd9dbf8-d2ad-4f19-b869-ce507df02bcf e9b5f01a8d8347b98401cc1ba37cd678 f1aefb37df6f44aaa8d030aa698c8832 - - f7b2a552975f4b9f8031dad981529eb6 f7b2a552975f4b9f8031dad981529eb6] 199.19.213.43 "GET /v2.0/networks/54bdd6d7-7640-4d30-a0c2-4a704b26f702?fields=segments HTTP/1.1" status: 200 len: 212 time: 0.0646307
2026-05-12 17:42:44.993 9 INFO neutron.wsgi [req-f071d494-204c-4466-8b36-ec011397bb05 req-cd9138d9-7e37-4d33-b38c-ace9b6e46e0a e9b5f01a8d8347b98401cc1ba37cd678 f1aefb37df6f44aaa8d030aa698c8832 - - f7b2a552975f4b9f8031dad981529eb6 f7b2a552975f4b9f8031dad981529eb6] 199.19.213.43 "GET /v2.0/networks/54bdd6d7-7640-4d30-a0c2-4a704b26f702?fields=provider%3Aphysical_network&fields=provider%3Anetwork_type HTTP/1.1" status: 200 len: 277 time: 0.0605397
2026-05-12 17:42:54.792 9 INFO neutron.wsgi [-] 10.0.0.232 "GET / HTTP/1.1" status: 200 len: 246 time: 0.0026600
2026-05-12 17:42:54.793 10 INFO neutron.wsgi [-] 10.0.0.232 "GET / HTTP/1.1" status: 200 len: 246 time: 0.0038671
2026-05-12 17:43:00.235 9 INFO neutron.wsgi [req-39ce3e33-8d6c-4f51-af55-fe44574bb6c7 req-53c14c9c-ac16-4485-9d8a-a036ab01a81c 7ed4554eccd94578ad110c1c5b4bad36 00d93befdcc0449ba670bfaccc1dd7b9 - - default default] 10.0.0.78 "GET /v2.0/ports?device_id=e6a90275-3b92-4df3-bd42-1775d5a465eb HTTP/1.1" status: 200 len: 1210 time: 0.0908959
2026-05-12 17:43:00.286 9 INFO neutron.wsgi [req-39ce3e33-8d6c-4f51-af55-fe44574bb6c7 req-1a3bc00e-8654-47a5-bf9c-d15552bbd270 7ed4554eccd94578ad110c1c5b4bad36 00d93befdcc0449ba670bfaccc1dd7b9 - - default default] 10.0.0.78 "GET /v2.0/security-groups?id=6875e61f-9cea-4038-8775-bf53900aa4f8&id=f9700b80-0f53-4803-92a2-b7b72954fcef&fields=id&fields=name HTTP/1.1" status: 200 len: 404 time: 0.0437751
2026-05-12 17:43:00.420 9 INFO neutron.wsgi [None req-3140a6ff-eec0-4974-86e4-3b8d8e399682 09b836699681476e82b70afcf8337743 7c6a80f97f74414a88d62a7c95f0864a - - default default] 10.0.0.112 "GET /v2.0/ports?device_id=e6a90275-3b92-4df3-bd42-1775d5a465eb HTTP/1.1" status: 200 len: 1443 time: 0.1043956
2026-05-12 17:43:00.497 9 INFO neutron.wsgi [None req-11b7e8ee-2c4a-4db7-8529-c7931f0615ea 7ed4554eccd94578ad110c1c5b4bad36 00d93befdcc0449ba670bfaccc1dd7b9 - - default default] 10.0.0.112 "GET /v2.0/floatingips?floating_network_id=91c7c4b7-9d1f-490c-8b0f-73b9bd6de455&port_id=0ba78ee7-7292-4b08-839c-60f815bb96c1 HTTP/1.1" status: 200 len: 1054 time: 0.0721259 /var/lib/openstack/lib/python3.10/site-packages/pycadf/identifier.py:71: UserWarning: Invalid uuid: neutron. To ensure interoperability, identifiers should be a valid uuid. warnings.warn(('Invalid uuid: %s. To ensure interoperability, '
2026-05-12 17:43:00.793 10 INFO neutron.wsgi [req-f2896e43-fc78-4fa0-adc3-cd95313711c6 req-a5469f97-c86e-46b9-ac95-7e025239c22e e9b5f01a8d8347b98401cc1ba37cd678 f1aefb37df6f44aaa8d030aa698c8832 - - f7b2a552975f4b9f8031dad981529eb6 f7b2a552975f4b9f8031dad981529eb6] 10.0.0.72 "GET /v2.0/ports?device_id=e6a90275-3b92-4df3-bd42-1775d5a465eb HTTP/1.1" status: 200 len: 1448 time: 0.0526607
2026-05-12 17:43:00.847 10 INFO neutron.wsgi [req-f2896e43-fc78-4fa0-adc3-cd95313711c6 req-7366db16-eab8-4445-a388-bcbb3e53f6eb e9b5f01a8d8347b98401cc1ba37cd678 f1aefb37df6f44aaa8d030aa698c8832 - - f7b2a552975f4b9f8031dad981529eb6 f7b2a552975f4b9f8031dad981529eb6] 10.0.0.72 "GET /v2.0/security-groups?id=f9700b80-0f53-4803-92a2-b7b72954fcef&id=6875e61f-9cea-4038-8775-bf53900aa4f8&fields=id&fields=name HTTP/1.1" status: 200 len: 404 time: 0.0467746
2026-05-12 17:43:03.019 10 INFO neutron.plugins.ml2.drivers.ovn.mech_driver.mech_driver [None req-dccbfcc7-2f93-4273-bcec-7377bf79d4cc - - - - - -] OVN reports status down for port: 0ba78ee7-7292-4b08-839c-60f815bb96c1
2026-05-12 17:43:03.032 9 INFO neutron.wsgi [req-5d25f059-ee6e-44d1-82ae-5bba2299e527 req-6a67b1c5-ffc8-4d00-8e56-9f81897e7fc6 7ed4554eccd94578ad110c1c5b4bad36 00d93befdcc0449ba670bfaccc1dd7b9 - - default default] 10.0.0.78 "GET /v2.0/ports?device_id=e6a90275-3b92-4df3-bd42-1775d5a465eb HTTP/1.1" status: 200 len: 1210 time: 0.0650423
2026-05-12 17:43:03.117 9 INFO neutron.wsgi [req-5d25f059-ee6e-44d1-82ae-5bba2299e527 req-7052123e-a6ba-4cd1-b496-a631aa32758a 7ed4554eccd94578ad110c1c5b4bad36 00d93befdcc0449ba670bfaccc1dd7b9 - - default default] 10.0.0.78 "GET /v2.0/security-groups?id=6875e61f-9cea-4038-8775-bf53900aa4f8&id=f9700b80-0f53-4803-92a2-b7b72954fcef&fields=id&fields=name HTTP/1.1" status: 200 len: 404 time: 0.0747383
2026-05-12 17:43:03.167 10 INFO neutron.notifiers.nova [-] Nova event matching ['req-07125c3c-4bbd-4a75-abea-ae26a1d92465'] response: {'server_uuid': 'e6a90275-3b92-4df3-bd42-1775d5a465eb', 'name': 'network-vif-unplugged', 'status': 'completed', 'tag': '0ba78ee7-7292-4b08-839c-60f815bb96c1', 'code': 200}
2026-05-12 17:43:03.320 9 INFO neutron.wsgi [req-9a097069-73ee-4fb0-967f-6dfe786a700a req-604d2f63-8daa-40d7-8e3d-c627e288d010 7ed4554eccd94578ad110c1c5b4bad36 00d93befdcc0449ba670bfaccc1dd7b9 - - default default] 199.19.213.43 "GET /v2.0/ports?device_id=e6a90275-3b92-4df3-bd42-1775d5a465eb HTTP/1.1" status: 200 len: 1208 time: 0.0382931
2026-05-12 17:43:03.347 10 INFO neutron.db.ovn_revision_numbers_db [None req-dccbfcc7-2f93-4273-bcec-7377bf79d4cc - - - - - -] Successfully bumped revision number for resource 0ba78ee7-7292-4b08-839c-60f815bb96c1 (type: ports) to 5
2026-05-12 17:43:03.621 9 INFO neutron.db.l3_db [req-9a097069-73ee-4fb0-967f-6dfe786a700a req-399fb1a7-cbc2-4f9f-ac8e-c8ecc6954f8b 7ed4554eccd94578ad110c1c5b4bad36 00d93befdcc0449ba670bfaccc1dd7b9 - - default default] Floating IP c7a8c3b6-2ff8-44c0-b7f1-ee7cc1802f04 disassociated. External IP: 10.96.250.207, port: 0ba78ee7-7292-4b08-839c-60f815bb96c1.
2026-05-12 17:43:03.801 9 INFO neutron.wsgi [req-9a097069-73ee-4fb0-967f-6dfe786a700a req-399fb1a7-cbc2-4f9f-ac8e-c8ecc6954f8b 7ed4554eccd94578ad110c1c5b4bad36 00d93befdcc0449ba670bfaccc1dd7b9 - - default default] 199.19.213.43 "DELETE /v2.0/ports/0ba78ee7-7292-4b08-839c-60f815bb96c1 HTTP/1.1" status: 204 len: 173 time: 0.4774730
2026-05-12 17:43:03.838 9 INFO neutron.notifiers.nova [-] Nova event matching ['req-bbe7af1b-8921-4cb1-a3a1-e7b687726898'] response: {'server_uuid': 'e6a90275-3b92-4df3-bd42-1775d5a465eb', 'name': 'network-vif-deleted', 'tag': '0ba78ee7-7292-4b08-839c-60f815bb96c1', 'status': 'completed', 'code': 200}
2026-05-12 17:43:04.391 9 INFO neutron.wsgi [None req-06e51990-b32d-4907-a033-b826c519cb8d 7ed4554eccd94578ad110c1c5b4bad36 00d93befdcc0449ba670bfaccc1dd7b9 - - default default] 10.0.0.112 "DELETE /v2.0/security-groups/6875e61f-9cea-4038-8775-bf53900aa4f8 HTTP/1.1" status: 204 len: 168 time: 0.1258528 /var/lib/openstack/lib/python3.10/site-packages/pycadf/identifier.py:71: UserWarning: Invalid uuid: neutron. To ensure interoperability, identifiers should be a valid uuid. warnings.warn(('Invalid uuid: %s. To ensure interoperability, '
2026-05-12 17:43:04.410 10 INFO neutron.api.v2.resource [None req-3ba76218-b569-47b1-bf3a-bc51d6db4b2b 7ed4554eccd94578ad110c1c5b4bad36 00d93befdcc0449ba670bfaccc1dd7b9 - - default default] show failed (client error): The resource could not be found.
2026-05-12 17:43:04.412 10 INFO neutron.wsgi [None req-3ba76218-b569-47b1-bf3a-bc51d6db4b2b 7ed4554eccd94578ad110c1c5b4bad36 00d93befdcc0449ba670bfaccc1dd7b9 - - default default] 10.0.0.112 "GET /v2.0/security-groups/6875e61f-9cea-4038-8775-bf53900aa4f8 HTTP/1.1" status: 404 len: 347 time: 0.0152898
2026-05-12 17:43:04.788 10 INFO neutron.wsgi [None req-0437e294-3739-4fd2-9bce-987bfb662164 7ed4554eccd94578ad110c1c5b4bad36 00d93befdcc0449ba670bfaccc1dd7b9 - - default default] 10.0.0.112 "DELETE /v2.0/floatingips/c7a8c3b6-2ff8-44c0-b7f1-ee7cc1802f04 HTTP/1.1" status: 204 len: 168 time: 0.3707652
2026-05-12 17:43:04.923 9 INFO neutron.wsgi [None req-26b05a79-208f-43f0-9dd6-8ff9e5260ea1 7ed4554eccd94578ad110c1c5b4bad36 00d93befdcc0449ba670bfaccc1dd7b9 - - default default] 10.0.0.112 "DELETE /v2.0/security-groups/f9700b80-0f53-4803-92a2-b7b72954fcef HTTP/1.1" status: 204 len: 168 time: 0.1285665
2026-05-12 17:43:05.205 10 INFO neutron.notifiers.nova [-] Nova event matching ['req-663adc9a-26f3-402e-b2dd-b1e842b23c5c'] response: {'server_uuid': 'e6a90275-3b92-4df3-bd42-1775d5a465eb', 'name': 'network-vif-plugged', 'status': 'completed', 'tag': '0ba78ee7-7292-4b08-839c-60f815bb96c1', 'code': 200}
2026-05-12 17:43:06.076 10 INFO neutron.wsgi [None req-7d00d4dd-382b-4b22-bb18-0b7a44aaae07 47cc16f72e9046638185cbc34bd09055 e4c9b40c70cc4d13aa8046933332264d - - default default] 10.0.0.112 "PUT /v2.0/routers/29d80964-ae34-4b91-a18f-1eadca131edf/remove_router_interface HTTP/1.1" status: 200 len: 503 time: 1.1202235 /var/lib/openstack/lib/python3.10/site-packages/pycadf/identifier.py:71: UserWarning: Invalid uuid: neutron. To ensure interoperability, identifiers should be a valid uuid. warnings.warn(('Invalid uuid: %s. To ensure interoperability, '
2026-05-12 17:43:07.102 10 INFO neutron.wsgi [None req-ebafc46e-eded-4560-99d5-803feb236b9a 47cc16f72e9046638185cbc34bd09055 e4c9b40c70cc4d13aa8046933332264d - - default default] 10.0.0.112 "DELETE /v2.0/routers/29d80964-ae34-4b91-a18f-1eadca131edf HTTP/1.1" status: 204 len: 168 time: 1.0195563
2026-05-12 17:43:07.132 15 INFO neutron.plugins.ml2.drivers.ovn.mech_driver.ovsdb.maintenance [None req-adeb6b8c-6625-4e8e-bac3-5a9595b4866e - - - - - -] Maintenance task: Synchronization finished (took 2.02 seconds)
2026-05-12 17:43:07.318 10 INFO neutron.wsgi [None req-95f480f2-39a5-4c83-9ba5-31747ff033c6 47cc16f72e9046638185cbc34bd09055 e4c9b40c70cc4d13aa8046933332264d - - default default] 10.0.0.112 "DELETE /v2.0/subnets/0fa9a570-d770-4360-aeb4-9197f61c71c1 HTTP/1.1" status: 204 len: 168 time: 0.2107601
2026-05-12 17:43:07.647 10 INFO neutron.services.segments.plugin [-] Segment 6a5f1793-85e9-4448-bf78-67295426141e resource provider aggregate not found
2026-05-12 17:43:07.653 10 INFO neutron.services.segments.plugin [-] Segment 6a5f1793-85e9-4448-bf78-67295426141e resource provider aggregate not found
2026-05-12 17:43:07.673 10 INFO neutron.services.segments.plugin [-] Segment 6a5f1793-85e9-4448-bf78-67295426141e resource provider not found; error: Placement Client Error (4xx): {"errors": [{"status": 404, "title": "Not Found", "detail": "The resource could not be found.\n\n No resource provider with uuid 6a5f1793-85e9-4448-bf78-67295426141e found for delete ", "request_id": "req-f9850443-3c10-45a2-a636-c2939797c50f"}]}
2026-05-12 17:43:07.674 10 INFO neutron.services.segments.plugin [-] Segment 6a5f1793-85e9-4448-bf78-67295426141e resource provider not found; error: Placement Client Error (4xx): {"errors": [{"status": 404, "title": "Not Found", "detail": "The resource could not be found.\n\n No resource provider with uuid 6a5f1793-85e9-4448-bf78-67295426141e found for delete ", "request_id": "req-7e75fd1f-9c79-404d-b32a-1dbc073539b7"}]}
2026-05-12 17:43:07.696 10 INFO neutron.wsgi [None req-b4bfbe5d-2679-4404-a920-b9e231196402 47cc16f72e9046638185cbc34bd09055 e4c9b40c70cc4d13aa8046933332264d - - default default] 10.0.0.112 "DELETE /v2.0/networks/54bdd6d7-7640-4d30-a0c2-4a704b26f702 HTTP/1.1" status: 204 len: 168 time: 0.3732655
2026-05-12 17:43:08.919 9 INFO neutron.wsgi [None req-5fd0b49e-4b38-45bf-9e08-f20752062569 47cc16f72e9046638185cbc34bd09055 e4c9b40c70cc4d13aa8046933332264d - - default default] 10.0.0.112 "PUT /v2.0/routers/186339e8-9dc7-41a8-92da-061156da8875/remove_router_interface HTTP/1.1" status: 200 len: 503 time: 1.2171090
2026-05-12 17:43:09.641 10 INFO neutron.wsgi [None req-4a3ba93c-ba46-429e-8434-659ebf8674d8 47cc16f72e9046638185cbc34bd09055 e4c9b40c70cc4d13aa8046933332264d - - default default] 10.0.0.112 "DELETE /v2.0/routers/186339e8-9dc7-41a8-92da-061156da8875 HTTP/1.1" status: 204 len: 168 time: 0.7180715
2026-05-12 17:43:09.789 10 INFO neutron.wsgi [-] 10.0.0.232 "GET / HTTP/1.1" status: 200 len: 246 time: 0.0016782
2026-05-12 17:43:09.791 10 INFO neutron.wsgi [-] 10.0.0.232 "GET / HTTP/1.1" status: 200 len: 246 time: 0.0013356
2026-05-12 17:43:09.838 10 INFO neutron.wsgi [None req-95a0c347-dfc0-43e3-8abd-1c9556b295c9 47cc16f72e9046638185cbc34bd09055 e4c9b40c70cc4d13aa8046933332264d - - default default] 10.0.0.112 "DELETE /v2.0/subnets/190454c7-d145-4869-b5f3-f4e715e74702 HTTP/1.1" status: 204 len: 168 time: 0.1932342
2026-05-12 17:43:10.205 10 INFO neutron.services.segments.plugin [-] Segment 66d9e17b-47af-4397-afba-075dd9355d41 resource provider aggregate not found
2026-05-12 17:43:10.210 10 INFO neutron.services.segments.plugin [-] Segment 66d9e17b-47af-4397-afba-075dd9355d41 resource provider aggregate not found
2026-05-12 17:43:10.226 10 INFO neutron.services.segments.plugin [-] Segment 66d9e17b-47af-4397-afba-075dd9355d41 resource provider not found; error: Placement Client Error (4xx): {"errors": [{"status": 404, "title": "Not Found", "detail": "The resource could not be found.\n\n No resource provider with uuid 66d9e17b-47af-4397-afba-075dd9355d41 found for delete ", "request_id": "req-1e5e68b9-3b5e-40d5-ab25-3186ac087ec1"}]}
2026-05-12 17:43:10.232 10 INFO neutron.services.segments.plugin [-] Segment 66d9e17b-47af-4397-afba-075dd9355d41 resource provider not found; error: Placement Client Error (4xx): {"errors": [{"status": 404, "title": "Not Found", "detail": "The resource could not be found.\n\n No resource provider with uuid 66d9e17b-47af-4397-afba-075dd9355d41 found for delete ", "request_id": "req-cd5b9373-944d-467b-89b8-5bd623c5803d"}]}
2026-05-12 17:43:10.246 10 INFO neutron.wsgi [None req-4179254f-0c1c-4ba6-ac67-ecbef7691800 47cc16f72e9046638185cbc34bd09055 e4c9b40c70cc4d13aa8046933332264d - - default default] 10.0.0.112 "DELETE /v2.0/networks/0d3776fd-1450-4fb7-87df-9abc40ac4a95 HTTP/1.1" status: 204 len: 168 time: 0.4021857
2026-05-12 17:43:10.517 10 INFO neutron.wsgi [None req-00e91bdf-9aac-4d19-ada0-e15d634bd710 47cc16f72e9046638185cbc34bd09055 e4c9b40c70cc4d13aa8046933332264d - - default default] 10.0.0.112 "GET /v2.0/security-groups?tenant_id=7c6a80f97f74414a88d62a7c95f0864a&name=default HTTP/1.1" status: 200 len: 3000 time: 0.0364492
2026-05-12 17:43:10.708 10 INFO neutron.wsgi [None req-6f1c26a7-3050-4111-bd8b-a97d78689178 47cc16f72e9046638185cbc34bd09055 e4c9b40c70cc4d13aa8046933332264d - - default default] 10.0.0.112 "DELETE /v2.0/security-groups/c498bbeb-6ac1-4fd5-a7c6-75eb6800265a HTTP/1.1" status: 204 len: 168 time: 0.1856656
2026-05-12 17:43:10.904 10 INFO neutron.wsgi [None req-e67e66a2-d0b2-46cc-9340-cbf1c8bd84f5 47cc16f72e9046638185cbc34bd09055 e4c9b40c70cc4d13aa8046933332264d - - default default] 10.0.0.112 "GET /v2.0/security-groups?tenant_id=00d93befdcc0449ba670bfaccc1dd7b9&name=default HTTP/1.1" status: 200 len: 3000 time: 0.0359647
2026-05-12 17:43:11.077 10 INFO neutron.wsgi [None req-5fd8bd61-1fa4-484d-99d6-74b89e9c7763 47cc16f72e9046638185cbc34bd09055 e4c9b40c70cc4d13aa8046933332264d - - default default] 10.0.0.112 "DELETE /v2.0/security-groups/c159c322-e5ff-4a9b-888c-b24a566ebdd4 HTTP/1.1" status: 204 len: 168 time: 0.1680894
2026-05-12 17:43:14.335 10 INFO neutron.wsgi [None req-c984b147-4332-4996-85cf-69a2cfa2d574 f54022fa613e4838a2ab33061c9834d4 cfa848ebebab43a584e8a3542a983390 - - default default] 10.0.0.112 "POST /v2.0/qos/policies HTTP/1.1" status: 201 len: 558 time: 0.2140093
2026-05-12 17:43:14.364 10 INFO neutron.wsgi [None req-31686c56-6e9e-4e86-aa8e-40a913fba1cf f54022fa613e4838a2ab33061c9834d4 cfa848ebebab43a584e8a3542a983390 - - default default] 10.0.0.112 "PUT /v2.0/policies/8564e192-6887-4f68-a7d2-077ce7cdad85/tags HTTP/1.1" status: 200 len: 218 time: 0.0238073
2026-05-12 17:43:14.381 10 INFO neutron.wsgi [None req-46250582-76ec-47cd-92c8-9dd0ff8d290b f54022fa613e4838a2ab33061c9834d4 cfa848ebebab43a584e8a3542a983390 - - default default] 10.0.0.112 "GET /v2.0/policies/8564e192-6887-4f68-a7d2-077ce7cdad85/tags HTTP/1.1" status: 200 len: 218 time: 0.0124316
2026-05-12 17:43:14.407 10 INFO neutron.wsgi [None req-c4bf0a1e-8a82-4a4a-a728-5705efaef37f f54022fa613e4838a2ab33061c9834d4 cfa848ebebab43a584e8a3542a983390 - - default default] 10.0.0.112 "PUT /v2.0/policies/8564e192-6887-4f68-a7d2-077ce7cdad85/tags/green HTTP/1.1" status: 201 len: 201 time: 0.0226076
2026-05-12 17:43:14.427 10 INFO neutron.wsgi [None req-8d63a7c7-8ece-4514-9536-3ab9a51235fd f54022fa613e4838a2ab33061c9834d4 cfa848ebebab43a584e8a3542a983390 - - default default] 10.0.0.112 "GET /v2.0/policies/8564e192-6887-4f68-a7d2-077ce7cdad85/tags HTTP/1.1" status: 200 len: 227 time: 0.0155230
2026-05-12 17:43:14.447 10 INFO neutron.wsgi [None req-0d19d537-2658-4c53-87ad-5a60fdf46fc2 f54022fa613e4838a2ab33061c9834d4 cfa848ebebab43a584e8a3542a983390 - - default default] 10.0.0.112 "PUT /v2.0/policies/8564e192-6887-4f68-a7d2-077ce7cdad85/tags/red HTTP/1.1" status: 201 len: 201 time: 0.0157325
2026-05-12 17:43:14.465 10 INFO neutron.wsgi [None req-b41dc6c5-d0aa-4971-ad94-6f6c5396513b f54022fa613e4838a2ab33061c9834d4 cfa848ebebab43a584e8a3542a983390 - - default default] 10.0.0.112 "GET /v2.0/policies/8564e192-6887-4f68-a7d2-077ce7cdad85/tags HTTP/1.1" status: 200 len: 227 time: 0.0156975
2026-05-12 17:43:14.494 10 INFO neutron.wsgi [None req-38c6f13f-7a65-4535-bd6b-4c780db5c5e9 f54022fa613e4838a2ab33061c9834d4 cfa848ebebab43a584e8a3542a983390 - - default default] 10.0.0.112 "PUT /v2.0/policies/8564e192-6887-4f68-a7d2-077ce7cdad85/tags/black.or.white HTTP/1.1" status: 201 len: 201 time: 0.0253208
2026-05-12 17:43:14.515 10 INFO neutron.wsgi [None req-2cd3fd85-1f32-4fbb-b58f-13d4a7e381ef f54022fa613e4838a2ab33061c9834d4 cfa848ebebab43a584e8a3542a983390 - - default default] 10.0.0.112 "GET /v2.0/policies/8564e192-6887-4f68-a7d2-077ce7cdad85/tags HTTP/1.1" status: 200 len: 245 time: 0.0177395
2026-05-12 17:43:14.545 10 INFO neutron.wsgi [None req-a4c27e59-1396-4924-93d3-a66f1be86c5a f54022fa613e4838a2ab33061c9834d4 cfa848ebebab43a584e8a3542a983390 - - default default] 10.0.0.112 "PUT /v2.0/policies/8564e192-6887-4f68-a7d2-077ce7cdad85/tags HTTP/1.1" status: 200 len: 230 time: 0.0252967
2026-05-12 17:43:14.562 10 INFO neutron.wsgi [None req-0c5eee53-2fd5-42b2-ad90-52844e65fd48 f54022fa613e4838a2ab33061c9834d4 cfa848ebebab43a584e8a3542a983390 - - default default] 10.0.0.112 "GET /v2.0/policies/8564e192-6887-4f68-a7d2-077ce7cdad85/tags HTTP/1.1" status: 200 len: 230 time: 0.0132301
2026-05-12 17:43:14.579 10 INFO neutron.wsgi [None req-ab04d6dc-97f1-4abb-997e-1e39cc110a5c f54022fa613e4838a2ab33061c9834d4 cfa848ebebab43a584e8a3542a983390 - - default default] 10.0.0.112 "GET /v2.0/policies/8564e192-6887-4f68-a7d2-077ce7cdad85/tags/red HTTP/1.1" status: 204 len: 168 time: 0.0129855
2026-05-12 17:43:14.599 10 INFO neutron.api.v2.resource [None req-d51ba5d2-8b91-4399-8eea-0310b479525f f54022fa613e4838a2ab33061c9834d4 cfa848ebebab43a584e8a3542a983390 - - default default] show failed (client error): The resource could not be found.
2026-05-12 17:43:14.600 10 INFO neutron.wsgi [None req-d51ba5d2-8b91-4399-8eea-0310b479525f f54022fa613e4838a2ab33061c9834d4 cfa848ebebab43a584e8a3542a983390 - - default default] 10.0.0.112 "GET /v2.0/policies/8564e192-6887-4f68-a7d2-077ce7cdad85/tags/green HTTP/1.1" status: 404 len: 299 time: 0.0163887
2026-05-12 17:43:14.632 10 INFO neutron.wsgi [None req-3b743732-c4b2-4622-9b8f-6f23509d5a4b f54022fa613e4838a2ab33061c9834d4 cfa848ebebab43a584e8a3542a983390 - - default default] 10.0.0.112 "DELETE /v2.0/policies/8564e192-6887-4f68-a7d2-077ce7cdad85/tags/red HTTP/1.1" status: 204 len: 168 time: 0.0260117
2026-05-12 17:43:14.651 10 INFO neutron.wsgi [None req-61751b37-38db-4fca-a5a5-1e7fea773413 f54022fa613e4838a2ab33061c9834d4 cfa848ebebab43a584e8a3542a983390 - - default default] 10.0.0.112 "GET /v2.0/policies/8564e192-6887-4f68-a7d2-077ce7cdad85/tags HTTP/1.1" status: 200 len: 223 time: 0.0136781
2026-05-12 17:43:14.670 10 INFO neutron.api.v2.resource [None req-563a18ed-42f1-4822-a9ad-49debea3f2c3 f54022fa613e4838a2ab33061c9834d4 cfa848ebebab43a584e8a3542a983390 - - default default] delete failed (client error): The resource could not be found.
2026-05-12 17:43:14.671 10 INFO neutron.wsgi [None req-563a18ed-42f1-4822-a9ad-49debea3f2c3 f54022fa613e4838a2ab33061c9834d4 cfa848ebebab43a584e8a3542a983390 - - default default] 10.0.0.112 "DELETE /v2.0/policies/8564e192-6887-4f68-a7d2-077ce7cdad85/tags/green HTTP/1.1" status: 404 len: 299 time: 0.0160203
2026-05-12 17:43:14.707 10 INFO neutron.wsgi [None req-88e2de61-bafc-42f3-9d2b-848a45ddc5b2 f54022fa613e4838a2ab33061c9834d4 cfa848ebebab43a584e8a3542a983390 - - default default] 10.0.0.112 "DELETE /v2.0/policies/8564e192-6887-4f68-a7d2-077ce7cdad85/tags HTTP/1.1" status: 204 len: 168 time: 0.0308936
2026-05-12 17:43:14.727 10 INFO neutron.wsgi [None req-9e3cdd09-f834-4ee1-8f8a-67d18d47aee4 f54022fa613e4838a2ab33061c9834d4 cfa848ebebab43a584e8a3542a983390 - - default default] 10.0.0.112 "GET /v2.0/policies/8564e192-6887-4f68-a7d2-077ce7cdad85/tags HTTP/1.1" status: 200 len: 205 time: 0.0147097
2026-05-12 17:43:14.788 10 INFO neutron.wsgi [None req-eb131a02-d484-41a7-853c-a88c49f6e779 f54022fa613e4838a2ab33061c9834d4 cfa848ebebab43a584e8a3542a983390 - - default default] 10.0.0.112 "DELETE /v2.0/qos/policies/8564e192-6887-4f68-a7d2-077ce7cdad85 HTTP/1.1" status: 204 len: 168 time: 0.0544293
2026-05-12 17:43:15.658 10 INFO neutron.db.ovn_revision_numbers_db [None req-3986a26a-2e44-4b98-801b-b0900ab8a004 47cc16f72e9046638185cbc34bd09055 e4c9b40c70cc4d13aa8046933332264d - - default default] Successfully bumped revision number for resource 612a720f-49c2-477e-bf53-a308c82cc4a8 (type: security_groups) to 1
2026-05-12 17:43:15.677 10 INFO neutron.db.ovn_revision_numbers_db [None req-3986a26a-2e44-4b98-801b-b0900ab8a004 47cc16f72e9046638185cbc34bd09055 e4c9b40c70cc4d13aa8046933332264d - - default default] Successfully bumped revision number for resource 87752317-572f-48b5-b4ee-5e78419ceb3a (type: security_group_rules) to 0
2026-05-12 17:43:15.697 10 INFO neutron.db.ovn_revision_numbers_db [None req-3986a26a-2e44-4b98-801b-b0900ab8a004 47cc16f72e9046638185cbc34bd09055 e4c9b40c70cc4d13aa8046933332264d - - default default] Successfully bumped revision number for resource 91369749-56a5-41c8-a481-b2b2f5594862 (type: security_group_rules) to 0
2026-05-12 17:43:15.715 10 INFO neutron.db.ovn_revision_numbers_db [None req-3986a26a-2e44-4b98-801b-b0900ab8a004 47cc16f72e9046638185cbc34bd09055 e4c9b40c70cc4d13aa8046933332264d - - default default] Successfully bumped revision number for resource 937af904-b42c-44b2-ab2f-3c06a94fa34e (type: security_group_rules) to 0
2026-05-12 17:43:15.729 10 INFO neutron.db.ovn_revision_numbers_db [None req-3986a26a-2e44-4b98-801b-b0900ab8a004 47cc16f72e9046638185cbc34bd09055 e4c9b40c70cc4d13aa8046933332264d - - default default] Successfully bumped revision number for resource c13bd3af-955f-4f07-88bb-a964285e05d0 (type: security_group_rules) to 0
2026-05-12 17:43:15.758 10 INFO neutron.wsgi [None req-3986a26a-2e44-4b98-801b-b0900ab8a004 47cc16f72e9046638185cbc34bd09055 e4c9b40c70cc4d13aa8046933332264d - - default default] 10.0.0.112 "GET /v2.0/security-groups?tenant_id=e61c474a5bb14e1786accff060fe88f4&name=default HTTP/1.1" status: 200 len: 3000 time: 0.3056040
2026-05-12 17:43:15.960 10 INFO neutron.wsgi [None req-05b87b10-49b0-4c7f-8684-d5372e6c5d9b 47cc16f72e9046638185cbc34bd09055 e4c9b40c70cc4d13aa8046933332264d - - default default] 10.0.0.112 "DELETE /v2.0/security-groups/612a720f-49c2-477e-bf53-a308c82cc4a8 HTTP/1.1" status: 204 len: 168 time: 0.1976542
2026-05-12 17:43:16.165 10 INFO neutron.db.ovn_revision_numbers_db [None req-2de53026-7d55-4af3-8fdf-9f9e0a3edbe7 47cc16f72e9046638185cbc34bd09055 e4c9b40c70cc4d13aa8046933332264d - - default default] Successfully bumped revision number for resource 8cc24a33-ff23-4914-814a-34d56aa4a050 (type: security_groups) to 1
2026-05-12 17:43:16.179 10 INFO neutron.db.ovn_revision_numbers_db [None req-2de53026-7d55-4af3-8fdf-9f9e0a3edbe7 47cc16f72e9046638185cbc34bd09055 e4c9b40c70cc4d13aa8046933332264d - - default default] Successfully bumped revision number for resource 20d43c6f-fcd7-4620-b0ca-58b0440262b2 (type: security_group_rules) to 0
2026-05-12 17:43:16.193 10 INFO neutron.db.ovn_revision_numbers_db [None req-2de53026-7d55-4af3-8fdf-9f9e0a3edbe7 47cc16f72e9046638185cbc34bd09055 e4c9b40c70cc4d13aa8046933332264d - - default default] Successfully bumped revision number for resource 4ba38a46-748b-4ad8-9f7d-8cfe7ee4bff1 (type: security_group_rules) to 0
2026-05-12 17:43:16.207 10 INFO neutron.db.ovn_revision_numbers_db [None req-2de53026-7d55-4af3-8fdf-9f9e0a3edbe7 47cc16f72e9046638185cbc34bd09055 e4c9b40c70cc4d13aa8046933332264d - - default default] Successfully bumped revision number for resource c63f0c5c-f6ec-452c-a216-0f841c5d2012 (type: security_group_rules) to 0
2026-05-12 17:43:16.221 10 INFO neutron.db.ovn_revision_numbers_db [None req-2de53026-7d55-4af3-8fdf-9f9e0a3edbe7 47cc16f72e9046638185cbc34bd09055 e4c9b40c70cc4d13aa8046933332264d - - default default] Successfully bumped revision number for resource ff46ecf3-e530-4946-aa0e-99389900b9fe (type: security_group_rules) to 0
2026-05-12 17:43:16.244 10 INFO neutron.wsgi [None req-2de53026-7d55-4af3-8fdf-9f9e0a3edbe7 47cc16f72e9046638185cbc34bd09055 e4c9b40c70cc4d13aa8046933332264d - - default default] 10.0.0.112 "GET /v2.0/security-groups?tenant_id=cfa848ebebab43a584e8a3542a983390&name=default HTTP/1.1" status: 200 len: 3000 time: 0.1938064
2026-05-12 17:43:16.421 10 INFO neutron.wsgi [None req-0377ba8d-eb15-46d0-813f-efef58d585b8 47cc16f72e9046638185cbc34bd09055 e4c9b40c70cc4d13aa8046933332264d - - default default] 10.0.0.112 "DELETE /v2.0/security-groups/8cc24a33-ff23-4914-814a-34d56aa4a050 HTTP/1.1" status: 204 len: 168 time: 0.1727507
2026-05-12 17:43:19.605 10 WARNING neutron_lib.context [None req-3dd43c4a-5a18-4060-9ede-5a83a99dfed3 37298dcb221f4109ac90bab5c0b2bb05 b4f2d67592414fba9b8d8997d1fd5419 - - default default] Method 'is_advsvc' is deprecated since 2023.2 release (neutron-lib 3.8.0) and will be removed once support for the old RBAC API policies will be removed from Neutron. Please use method 'is_service_role' instead.
2026-05-12 17:43:19.654 10 INFO neutron.wsgi [None req-3dd43c4a-5a18-4060-9ede-5a83a99dfed3 37298dcb221f4109ac90bab5c0b2bb05 b4f2d67592414fba9b8d8997d1fd5419 - - default default] 10.0.0.112 "POST /v2.0/subnetpools HTTP/1.1" status: 201 len: 715 time: 0.2062230
2026-05-12 17:43:19.701 10 INFO neutron.wsgi [None req-d2d061ba-a895-446b-ae31-c97b207456f5 37298dcb221f4109ac90bab5c0b2bb05 b4f2d67592414fba9b8d8997d1fd5419 - - default default] 10.0.0.112 "PUT /v2.0/subnetpools/bcfca8b5-d50e-413d-8eee-74897ac3427a/tags HTTP/1.1" status: 200 len: 218 time: 0.0401936 /var/lib/openstack/lib/python3.10/site-packages/pycadf/identifier.py:71: UserWarning: Invalid uuid: neutron. To ensure interoperability, identifiers should be a valid uuid. warnings.warn(('Invalid uuid: %s. To ensure interoperability, '
2026-05-12 17:43:19.741 9 INFO neutron.wsgi [None req-b2c597e3-8548-430f-b4e7-2e4ce318e2ad 37298dcb221f4109ac90bab5c0b2bb05 b4f2d67592414fba9b8d8997d1fd5419 - - default default] 10.0.0.112 "GET /v2.0/subnetpools/bcfca8b5-d50e-413d-8eee-74897ac3427a/tags HTTP/1.1" status: 200 len: 218 time: 0.0333729
2026-05-12 17:43:19.784 9 INFO neutron.wsgi [None req-2a5b5037-e14d-4f9f-a7bb-adbc1c36f1c7 37298dcb221f4109ac90bab5c0b2bb05 b4f2d67592414fba9b8d8997d1fd5419 - - default default] 10.0.0.112 "PUT /v2.0/subnetpools/bcfca8b5-d50e-413d-8eee-74897ac3427a/tags/green HTTP/1.1" status: 201 len: 201 time: 0.0388255
2026-05-12 17:43:19.818 9 INFO neutron.wsgi [None req-a5c79b2a-9853-432d-ab12-8b309533b671 37298dcb221f4109ac90bab5c0b2bb05 b4f2d67592414fba9b8d8997d1fd5419 - - default default] 10.0.0.112 "GET /v2.0/subnetpools/bcfca8b5-d50e-413d-8eee-74897ac3427a/tags HTTP/1.1" status: 200 len: 227 time: 0.0289164
2026-05-12 17:43:19.845 9 INFO neutron.wsgi [None req-65fb01b7-9242-440e-ac65-6902e0f3be71 37298dcb221f4109ac90bab5c0b2bb05 b4f2d67592414fba9b8d8997d1fd5419 - - default default] 10.0.0.112 "PUT /v2.0/subnetpools/bcfca8b5-d50e-413d-8eee-74897ac3427a/tags/red HTTP/1.1" status: 201 len: 201 time: 0.0225992
2026-05-12 17:43:19.872 9 INFO neutron.wsgi [None req-c28333b0-7103-49ee-bf5e-f118dbb95faa 37298dcb221f4109ac90bab5c0b2bb05 b4f2d67592414fba9b8d8997d1fd5419 - - default default] 10.0.0.112 "GET /v2.0/subnetpools/bcfca8b5-d50e-413d-8eee-74897ac3427a/tags HTTP/1.1" status: 200 len: 227 time: 0.0235732
2026-05-12 17:43:19.910 9 INFO neutron.wsgi [None req-2faef676-5864-40c2-b376-3175fb657a37 37298dcb221f4109ac90bab5c0b2bb05 b4f2d67592414fba9b8d8997d1fd5419 - - default default] 10.0.0.112 "PUT /v2.0/subnetpools/bcfca8b5-d50e-413d-8eee-74897ac3427a/tags/black.or.white HTTP/1.1" status: 201 len: 201 time: 0.0331821
2026-05-12 17:43:19.933 9 INFO neutron.wsgi [None req-4060e9f2-ae2e-49e7-bbd8-9d916222d1bf 37298dcb221f4109ac90bab5c0b2bb05 b4f2d67592414fba9b8d8997d1fd5419 - - default default] 10.0.0.112 "GET /v2.0/subnetpools/bcfca8b5-d50e-413d-8eee-74897ac3427a/tags HTTP/1.1" status: 200 len: 245 time: 0.0194952
2026-05-12 17:43:19.975 9 INFO neutron.wsgi [None req-2e0755ba-49ac-46ca-a104-526aac052fa9 37298dcb221f4109ac90bab5c0b2bb05 b4f2d67592414fba9b8d8997d1fd5419 - - default default] 10.0.0.112 "PUT /v2.0/subnetpools/bcfca8b5-d50e-413d-8eee-74897ac3427a/tags HTTP/1.1" status: 200 len: 230 time: 0.0371199
2026-05-12 17:43:20.001 9 INFO neutron.wsgi [None req-8a5d52d5-74ea-4341-a32d-d4febb3caf97 37298dcb221f4109ac90bab5c0b2bb05 b4f2d67592414fba9b8d8997d1fd5419 - - default default] 10.0.0.112 "GET /v2.0/subnetpools/bcfca8b5-d50e-413d-8eee-74897ac3427a/tags HTTP/1.1" status: 200 len: 230 time: 0.0219500
2026-05-12 17:43:20.030 10 INFO neutron.wsgi [None req-2f14679f-0848-45d4-a804-28c780b4f4e6 37298dcb221f4109ac90bab5c0b2bb05 b4f2d67592414fba9b8d8997d1fd5419 - - default default] 10.0.0.112 "GET /v2.0/subnetpools/bcfca8b5-d50e-413d-8eee-74897ac3427a/tags/red HTTP/1.1" status: 204 len: 168 time: 0.0232995
2026-05-12 17:43:20.055 10 INFO neutron.api.v2.resource [None req-a52bd4bb-da54-4aec-87db-4062cec2b2c4 37298dcb221f4109ac90bab5c0b2bb05 b4f2d67592414fba9b8d8997d1fd5419 - - default default] show failed (client error): The resource could not be found.
2026-05-12 17:43:20.056 10 INFO neutron.wsgi [None req-a52bd4bb-da54-4aec-87db-4062cec2b2c4 37298dcb221f4109ac90bab5c0b2bb05 b4f2d67592414fba9b8d8997d1fd5419 - - default default] 10.0.0.112 "GET /v2.0/subnetpools/bcfca8b5-d50e-413d-8eee-74897ac3427a/tags/green HTTP/1.1" status: 404 len: 299 time: 0.0216186
2026-05-12 17:43:20.094 10 INFO neutron.wsgi [None req-649ce1d9-e922-43f7-97b5-796a0d89c312 37298dcb221f4109ac90bab5c0b2bb05 b4f2d67592414fba9b8d8997d1fd5419 - - default default] 10.0.0.112 "DELETE /v2.0/subnetpools/bcfca8b5-d50e-413d-8eee-74897ac3427a/tags/red HTTP/1.1" status: 204 len: 168 time: 0.0337029
2026-05-12 17:43:20.119 10 INFO neutron.wsgi [None req-d7f06c3e-91fe-4a9c-9105-c8fd9a247b15 37298dcb221f4109ac90bab5c0b2bb05 b4f2d67592414fba9b8d8997d1fd5419 - - default default] 10.0.0.112 "GET /v2.0/subnetpools/bcfca8b5-d50e-413d-8eee-74897ac3427a/tags HTTP/1.1" status: 200 len: 223 time: 0.0214939
2026-05-12 17:43:20.149 10 INFO neutron.api.v2.resource [None req-1dcb05a3-b0e2-4601-82af-61f412da7ab2 37298dcb221f4109ac90bab5c0b2bb05 b4f2d67592414fba9b8d8997d1fd5419 - - default default] delete failed (client error): The resource could not be found.
2026-05-12 17:43:20.150 10 INFO neutron.wsgi [None req-1dcb05a3-b0e2-4601-82af-61f412da7ab2 37298dcb221f4109ac90bab5c0b2bb05 b4f2d67592414fba9b8d8997d1fd5419 - - default default] 10.0.0.112 "DELETE /v2.0/subnetpools/bcfca8b5-d50e-413d-8eee-74897ac3427a/tags/green HTTP/1.1" status: 404 len: 299 time: 0.0268416
2026-05-12 17:43:20.196 10 INFO neutron.wsgi [None req-bbbc0d13-58ad-4b14-a3c5-222e883d9f9e 37298dcb221f4109ac90bab5c0b2bb05 b4f2d67592414fba9b8d8997d1fd5419 - - default default] 10.0.0.112 "DELETE /v2.0/subnetpools/bcfca8b5-d50e-413d-8eee-74897ac3427a/tags HTTP/1.1" status: 204 len: 168 time: 0.0429485
2026-05-12 17:43:20.223 10 INFO neutron.wsgi [None req-0a355ac1-3213-465f-bcd0-0bb028f2e718 37298dcb221f4109ac90bab5c0b2bb05 b4f2d67592414fba9b8d8997d1fd5419 - - default default] 10.0.0.112 "GET /v2.0/subnetpools/bcfca8b5-d50e-413d-8eee-74897ac3427a/tags HTTP/1.1" status: 200 len: 205 time: 0.0228112
2026-05-12 17:43:20.310 10 INFO neutron.wsgi [None req-be01f9d7-cced-41aa-ad0f-b590d01a8d19 37298dcb221f4109ac90bab5c0b2bb05 b4f2d67592414fba9b8d8997d1fd5419 - - default default] 10.0.0.112 "DELETE /v2.0/subnetpools/bcfca8b5-d50e-413d-8eee-74897ac3427a HTTP/1.1" status: 204 len: 168 time: 0.0707297
2026-05-12 17:43:21.174 10 INFO neutron.db.ovn_revision_numbers_db [None req-d53f769e-d651-496b-8831-f429e125eb15 47cc16f72e9046638185cbc34bd09055 e4c9b40c70cc4d13aa8046933332264d - - default default] Successfully bumped revision number for resource a6b3f236-a1fa-46e8-a777-73536c86a893 (type: security_groups) to 1
2026-05-12 17:43:21.187 10 INFO neutron.db.ovn_revision_numbers_db [None req-d53f769e-d651-496b-8831-f429e125eb15 47cc16f72e9046638185cbc34bd09055 e4c9b40c70cc4d13aa8046933332264d - - default default] Successfully bumped revision number for resource 2c8be3de-ccb3-4e6d-a01b-200c0897e15c (type: security_group_rules) to 0
2026-05-12 17:43:21.199 10 INFO neutron.db.ovn_revision_numbers_db [None req-d53f769e-d651-496b-8831-f429e125eb15 47cc16f72e9046638185cbc34bd09055 e4c9b40c70cc4d13aa8046933332264d - - default default] Successfully bumped revision number for resource 53c20846-87c7-406f-93b7-ffcd15d859f8 (type: security_group_rules) to 0
2026-05-12 17:43:21.212 10 INFO neutron.db.ovn_revision_numbers_db [None req-d53f769e-d651-496b-8831-f429e125eb15 47cc16f72e9046638185cbc34bd09055 e4c9b40c70cc4d13aa8046933332264d - - default default] Successfully bumped revision number for resource 89ca5e3d-afe3-4d47-a56e-f967294bfb40 (type: security_group_rules) to 0
2026-05-12 17:43:21.224 10 INFO neutron.db.ovn_revision_numbers_db [None req-d53f769e-d651-496b-8831-f429e125eb15 47cc16f72e9046638185cbc34bd09055 e4c9b40c70cc4d13aa8046933332264d - - default default] Successfully bumped revision number for resource f5699c8c-441a-4d1e-9adf-8816b6e9fdbf (type: security_group_rules) to 0
2026-05-12 17:43:21.247 10 INFO neutron.wsgi [None req-d53f769e-d651-496b-8831-f429e125eb15 47cc16f72e9046638185cbc34bd09055 e4c9b40c70cc4d13aa8046933332264d - - default default] 10.0.0.112 "GET /v2.0/security-groups?tenant_id=d48ecfd4aadc4e388137b6240c29005d&name=default HTTP/1.1" status: 200 len: 3000 time: 0.3092954
2026-05-12 17:43:21.419 10 INFO neutron.wsgi [None req-8333eed9-8d4a-4cb9-9da7-15317c341aff 47cc16f72e9046638185cbc34bd09055 e4c9b40c70cc4d13aa8046933332264d - - default default] 10.0.0.112 "DELETE /v2.0/security-groups/a6b3f236-a1fa-46e8-a777-73536c86a893 HTTP/1.1" status: 204 len: 168 time: 0.1666713
2026-05-12 17:43:21.625 9 INFO neutron.db.ovn_revision_numbers_db [None req-07e1bd81-a4e6-4367-8173-57980b81b8db 47cc16f72e9046638185cbc34bd09055 e4c9b40c70cc4d13aa8046933332264d - - default default] Successfully bumped revision number for resource 13278647-a398-4be9-aaa7-3e8c61f8ea09 (type: security_groups) to 1
2026-05-12 17:43:21.641 9 INFO neutron.db.ovn_revision_numbers_db [None req-07e1bd81-a4e6-4367-8173-57980b81b8db 47cc16f72e9046638185cbc34bd09055 e4c9b40c70cc4d13aa8046933332264d - - default default] Successfully bumped revision number for resource 1713f352-118a-432c-a27a-f0f67fc70c54 (type: security_group_rules) to 0
2026-05-12 17:43:21.658 9 INFO neutron.db.ovn_revision_numbers_db [None req-07e1bd81-a4e6-4367-8173-57980b81b8db 47cc16f72e9046638185cbc34bd09055 e4c9b40c70cc4d13aa8046933332264d - - default default] Successfully bumped revision number for resource 444b7455-239f-4aaa-9d41-deab5a13a55f (type: security_group_rules) to 0
