2026-05-12 17:44:19.573 10 INFO neutron.wsgi [None req-c980decb-0efe-48e8-8507-f59546182086 887926cead0041f7a8dd78e351b0a178 304fd067555545b0b45b6bc8b0df8f27 - - default default] 10.0.0.112 "GET /v2.0/subnets/07352985-c120-4992-a9a2-c33b5cebd4d7 HTTP/1.1" status: 200 len: 846 time: 0.0350456
2026-05-12 17:44:20.440 9 INFO neutron.wsgi [None req-c0649fb9-f66d-4d0e-b356-698e1fcbe1b2 47cc16f72e9046638185cbc34bd09055 e4c9b40c70cc4d13aa8046933332264d - - default default] 10.0.0.204 "GET /v2.0/extensions/security-group HTTP/1.1" status: 200 len: 369 time: 0.0486522
2026-05-12 17:44:20.454 9 INFO neutron.wsgi [None req-f20855a7-89d0-4a3e-b2fa-21e26fa7bfcd 47cc16f72e9046638185cbc34bd09055 e4c9b40c70cc4d13aa8046933332264d - - default default] 10.0.0.204 "GET /v2.0/extensions/dns-integration HTTP/1.1" status: 200 len: 371 time: 0.0061016
2026-05-12 17:44:20.466 9 INFO neutron.wsgi [None req-65e4c2f8-2335-4179-ac25-22d42fb94d4c 47cc16f72e9046638185cbc34bd09055 e4c9b40c70cc4d13aa8046933332264d - - default default] 10.0.0.204 "GET /v2.0/extensions/qos HTTP/1.1" status: 200 len: 365 time: 0.0074451
2026-05-12 17:44:20.476 9 INFO neutron.wsgi [None req-f282ef81-27d1-434f-8a71-b692a612c629 47cc16f72e9046638185cbc34bd09055 e4c9b40c70cc4d13aa8046933332264d - - default default] 10.0.0.204 "GET /v2.0/extensions/allowed-address-pairs HTTP/1.1" status: 200 len: 383 time: 0.0036571
2026-05-12 17:44:20.948 9 INFO neutron.wsgi [-] 10.0.0.204 "GET / HTTP/1.1" status: 200 len: 284 time: 0.0024300
2026-05-12 17:44:21.007 9 INFO neutron.wsgi [None req-cb0012db-99f2-424b-b0b5-9556ea09a2f0 779cff710593421e88c9d5cb2dc80d34 e831e21008fd4903aeb2d5461bcabf35 - - default default] 10.0.0.204 "GET /v2.0/subnets/07352985-c120-4992-a9a2-c33b5cebd4d7 HTTP/1.1" status: 200 len: 833 time: 0.0417914
2026-05-12 17:44:21.017 9 INFO neutron.wsgi [None req-1895203d-74bf-4bd2-8c5e-c47b1bb0db6a 47cc16f72e9046638185cbc34bd09055 e4c9b40c70cc4d13aa8046933332264d - - default default] 10.0.0.204 "GET /v2.0/extensions/security-group HTTP/1.1" status: 200 len: 369 time: 0.0047314
2026-05-12 17:44:21.026 9 INFO neutron.wsgi [None req-0bdc7f49-1d76-4f92-972b-c1f375921767 47cc16f72e9046638185cbc34bd09055 e4c9b40c70cc4d13aa8046933332264d - - default default] 10.0.0.204 "GET /v2.0/extensions/dns-integration HTTP/1.1" status: 200 len: 371 time: 0.0044160
2026-05-12 17:44:21.034 9 INFO neutron.wsgi [None req-1a595060-70dd-41b5-bddd-9876f9fbd30e 47cc16f72e9046638185cbc34bd09055 e4c9b40c70cc4d13aa8046933332264d - - default default] 10.0.0.204 "GET /v2.0/extensions/qos HTTP/1.1" status: 200 len: 365 time: 0.0039587
2026-05-12 17:44:21.045 9 INFO neutron.wsgi [None req-69e3fac5-8737-4cc9-84fb-f307b6df35b4 47cc16f72e9046638185cbc34bd09055 e4c9b40c70cc4d13aa8046933332264d - - default default] 10.0.0.204 "GET /v2.0/extensions/allowed-address-pairs HTTP/1.1" status: 200 len: 383 time: 0.0064392
2026-05-12 17:44:21.090 9 INFO neutron.wsgi [None req-8359cc7c-3464-4ffb-af60-0b896d145eb4 47cc16f72e9046638185cbc34bd09055 e4c9b40c70cc4d13aa8046933332264d - - default default] 10.0.0.204 "GET /v2.0/subnets/07352985-c120-4992-a9a2-c33b5cebd4d7 HTTP/1.1" status: 200 len: 851 time: 0.0372345
2026-05-12 17:44:21.178 9 INFO neutron.wsgi [None req-b30822db-8cc5-478e-b4cc-1cc9a037fb6f 47cc16f72e9046638185cbc34bd09055 e4c9b40c70cc4d13aa8046933332264d - - default default] 10.0.0.204 "GET /v2.0/extensions/security-group HTTP/1.1" status: 200 len: 369 time: 0.0075326
2026-05-12 17:44:21.188 9 INFO neutron.wsgi [None req-8ed33ba3-31fe-47a8-b8d7-92bda778969f 47cc16f72e9046638185cbc34bd09055 e4c9b40c70cc4d13aa8046933332264d - - default default] 10.0.0.204 "GET /v2.0/extensions/dns-integration HTTP/1.1" status: 200 len: 371 time: 0.0041771
2026-05-12 17:44:21.196 9 INFO neutron.wsgi [None req-d862f653-f278-4656-967d-6db4734f9dc9 47cc16f72e9046638185cbc34bd09055 e4c9b40c70cc4d13aa8046933332264d - - default default] 10.0.0.204 "GET /v2.0/extensions/qos HTTP/1.1" status: 200 len: 365 time: 0.0040236
2026-05-12 17:44:21.205 9 INFO neutron.wsgi [None req-bf7853b6-2597-4eaf-be66-2497d89a2cc6 47cc16f72e9046638185cbc34bd09055 e4c9b40c70cc4d13aa8046933332264d - - default default] 10.0.0.204 "GET /v2.0/extensions/allowed-address-pairs HTTP/1.1" status: 200 len: 383 time: 0.0042984
2026-05-12 17:44:21.270 9 INFO neutron.wsgi [None req-ddcaa93a-d83c-4f33-ad5f-95a4ad2ace62 47cc16f72e9046638185cbc34bd09055 e4c9b40c70cc4d13aa8046933332264d - - default default] 10.0.0.204 "GET /v2.0/networks/8bd2a32b-0839-4a69-944d-b6750bc2aace HTTP/1.1" status: 200 len: 1001 time: 0.0595651
2026-05-12 17:44:21.283 9 INFO neutron.wsgi [None req-ae036b05-9049-44d2-8770-9424d50be841 47cc16f72e9046638185cbc34bd09055 e4c9b40c70cc4d13aa8046933332264d - - default default] 10.0.0.204 "GET /v2.0/extensions/project-id HTTP/1.1" status: 200 len: 403 time: 0.0064464
2026-05-12 17:44:21.606 9 WARNING neutron.scheduler.dhcp_agent_scheduler [None req-7d32ea78-0cad-4338-86ca-302618830460 47cc16f72e9046638185cbc34bd09055 e4c9b40c70cc4d13aa8046933332264d - - default default] No more DHCP agents
2026-05-12 17:44:21.610 9 WARNING neutron.api.rpc.agentnotifiers.dhcp_rpc_agent_api [None req-7d32ea78-0cad-4338-86ca-302618830460 47cc16f72e9046638185cbc34bd09055 e4c9b40c70cc4d13aa8046933332264d - - default default] Unable to schedule network 8bd2a32b-0839-4a69-944d-b6750bc2aace: no agents available; will retry on subsequent port and subnet creation events.
2026-05-12 17:44:21.810 9 INFO neutron.db.ovn_revision_numbers_db [None req-7d32ea78-0cad-4338-86ca-302618830460 47cc16f72e9046638185cbc34bd09055 e4c9b40c70cc4d13aa8046933332264d - - default default] Successfully bumped revision number for resource 996c4623-d6a1-4474-a81f-a70cce49cfd8 (type: ports) to 1
2026-05-12 17:44:21.842 9 INFO neutron.wsgi [None req-7d32ea78-0cad-4338-86ca-302618830460 47cc16f72e9046638185cbc34bd09055 e4c9b40c70cc4d13aa8046933332264d - - default default] 10.0.0.204 "POST /v2.0/ports HTTP/1.1" status: 201 len: 1333 time: 0.5530462
2026-05-12 17:44:24.317 10 INFO neutron.wsgi [None req-c26adf22-f032-42b7-bc70-dfb6e39bb6f1 47cc16f72e9046638185cbc34bd09055 e4c9b40c70cc4d13aa8046933332264d - - default default] 199.19.213.43 "GET /v2.0/extensions/security-group HTTP/1.1" status: 200 len: 369 time: 0.0549810
2026-05-12 17:44:24.327 10 INFO neutron.wsgi [None req-09a53b90-df8e-4fdb-84da-60d0bdcf8d52 47cc16f72e9046638185cbc34bd09055 e4c9b40c70cc4d13aa8046933332264d - - default default] 199.19.213.43 "GET /v2.0/extensions/dns-integration HTTP/1.1" status: 200 len: 371 time: 0.0055788
2026-05-12 17:44:24.337 10 INFO neutron.wsgi [None req-57f891cb-e612-4ed8-93aa-aeb2afe22e4f 47cc16f72e9046638185cbc34bd09055 e4c9b40c70cc4d13aa8046933332264d - - default default] 199.19.213.43 "GET /v2.0/extensions/qos HTTP/1.1" status: 200 len: 365 time: 0.0053225
2026-05-12 17:44:24.345 10 INFO neutron.wsgi [None req-ec2625ed-b535-47e1-9ec4-0f405ae4c022 47cc16f72e9046638185cbc34bd09055 e4c9b40c70cc4d13aa8046933332264d - - default default] 199.19.213.43 "GET /v2.0/extensions/allowed-address-pairs HTTP/1.1" status: 200 len: 383 time: 0.0044742
2026-05-12 17:44:24.385 10 INFO neutron.wsgi [None req-153c92d5-d7d8-4e46-b781-01b81b9017d4 47cc16f72e9046638185cbc34bd09055 e4c9b40c70cc4d13aa8046933332264d - - default default] 199.19.213.43 "GET /v2.0/ports/996c4623-d6a1-4474-a81f-a70cce49cfd8 HTTP/1.1" status: 200 len: 1328 time: 0.0339322
2026-05-12 17:44:24.710 10 INFO neutron.wsgi [None req-97d44fd7-0972-477f-8b39-0b7c6833f5ca 47cc16f72e9046638185cbc34bd09055 e4c9b40c70cc4d13aa8046933332264d - - default default] 199.19.213.43 "GET /v2.0/extensions/security-group HTTP/1.1" status: 200 len: 369 time: 0.0086231
2026-05-12 17:44:24.720 10 INFO neutron.wsgi [None req-d11cb512-8a4d-4d4b-b70d-819958ae4d29 47cc16f72e9046638185cbc34bd09055 e4c9b40c70cc4d13aa8046933332264d - - default default] 199.19.213.43 "GET /v2.0/extensions/dns-integration HTTP/1.1" status: 200 len: 371 time: 0.0041449
2026-05-12 17:44:24.731 10 INFO neutron.wsgi [None req-289e5ae4-9dc6-4164-9f54-6cbeda1034f7 47cc16f72e9046638185cbc34bd09055 e4c9b40c70cc4d13aa8046933332264d - - default default] 199.19.213.43 "GET /v2.0/extensions/qos HTTP/1.1" status: 200 len: 365 time: 0.0071857
2026-05-12 17:44:24.741 10 INFO neutron.wsgi [None req-e689964d-19a4-4bfa-b75d-a6c2793cc896 47cc16f72e9046638185cbc34bd09055 e4c9b40c70cc4d13aa8046933332264d - - default default] 199.19.213.43 "GET /v2.0/extensions/allowed-address-pairs HTTP/1.1" status: 200 len: 383 time: 0.0063066
2026-05-12 17:44:24.755 10 INFO neutron.api.v2.resource [None req-ba72ece9-a544-4808-b203-303c628f4a7f 47cc16f72e9046638185cbc34bd09055 e4c9b40c70cc4d13aa8046933332264d - - default default] show failed (client error): The resource could not be found.
2026-05-12 17:44:24.756 10 INFO neutron.wsgi [None req-ba72ece9-a544-4808-b203-303c628f4a7f 47cc16f72e9046638185cbc34bd09055 e4c9b40c70cc4d13aa8046933332264d - - default default] 199.19.213.43 "GET /v2.0/security-groups/lb-7932f828-ff74-4064-bb53-44c622b85f36 HTTP/1.1" status: 404 len: 355 time: 0.0105493
2026-05-12 17:44:24.784 10 INFO neutron.wsgi [None req-3ad8e8f8-8d80-4719-9990-cdda7fd9e0ee 47cc16f72e9046638185cbc34bd09055 e4c9b40c70cc4d13aa8046933332264d - - default default] 199.19.213.43 "GET /v2.0/security-groups?name=lb-7932f828-ff74-4064-bb53-44c622b85f36 HTTP/1.1" status: 200 len: 221 time: 0.0239165
2026-05-12 17:44:24.789 10 INFO neutron.wsgi [-] 10.0.0.232 "GET / HTTP/1.1" status: 200 len: 246 time: 0.0012422
2026-05-12 17:44:24.791 10 INFO neutron.wsgi [-] 10.0.0.232 "GET / HTTP/1.1" status: 200 len: 246 time: 0.0012732
2026-05-12 17:44:24.905 10 INFO neutron.db.ovn_revision_numbers_db [None req-999dada1-56ba-4ee8-a91a-ffa23fc4b804 47cc16f72e9046638185cbc34bd09055 e4c9b40c70cc4d13aa8046933332264d - - default default] Successfully bumped revision number for resource 1646cdd3-d167-4201-8a87-8d90dd4e6298 (type: security_groups) to 1
2026-05-12 17:44:24.920 10 INFO neutron.db.ovn_revision_numbers_db [None req-999dada1-56ba-4ee8-a91a-ffa23fc4b804 47cc16f72e9046638185cbc34bd09055 e4c9b40c70cc4d13aa8046933332264d - - default default] Successfully bumped revision number for resource a452ce23-7d40-47f9-b80b-cbd4ef23c36e (type: security_group_rules) to 0
2026-05-12 17:44:24.936 10 INFO neutron.db.ovn_revision_numbers_db [None req-999dada1-56ba-4ee8-a91a-ffa23fc4b804 47cc16f72e9046638185cbc34bd09055 e4c9b40c70cc4d13aa8046933332264d - - default default] Successfully bumped revision number for resource e9f21d8f-c1a2-432d-98d8-e132b9dc66ab (type: security_group_rules) to 0
2026-05-12 17:44:24.956 10 INFO neutron.wsgi [None req-999dada1-56ba-4ee8-a91a-ffa23fc4b804 47cc16f72e9046638185cbc34bd09055 e4c9b40c70cc4d13aa8046933332264d - - default default] 199.19.213.43 "POST /v2.0/security-groups HTTP/1.1" status: 201 len: 1779 time: 0.1650312
2026-05-12 17:44:24.992 10 INFO neutron.wsgi [None req-cafdad84-8eb5-466a-8d41-28d751cdbffd 47cc16f72e9046638185cbc34bd09055 e4c9b40c70cc4d13aa8046933332264d - - default default] 199.19.213.43 "GET /v2.0/security-group-rules?security_group_id=1646cdd3-d167-4201-8a87-8d90dd4e6298 HTTP/1.1" status: 200 len: 1318 time: 0.0300915
2026-05-12 17:44:25.346 10 INFO neutron.db.ovn_revision_numbers_db [None req-75fc323b-0969-4dc8-800f-83636304aba5 47cc16f72e9046638185cbc34bd09055 e4c9b40c70cc4d13aa8046933332264d - - default default] Successfully bumped revision number for resource 996c4623-d6a1-4474-a81f-a70cce49cfd8 (type: ports) to 2
2026-05-12 17:44:25.357 10 INFO neutron.wsgi [None req-75fc323b-0969-4dc8-800f-83636304aba5 47cc16f72e9046638185cbc34bd09055 e4c9b40c70cc4d13aa8046933332264d - - default default] 199.19.213.43 "PUT /v2.0/ports/996c4623-d6a1-4474-a81f-a70cce49cfd8 HTTP/1.1" status: 200 len: 1328 time: 0.3551605 /var/lib/openstack/lib/python3.10/site-packages/pycadf/identifier.py:71: UserWarning: Invalid uuid: neutron. To ensure interoperability, identifiers should be a valid uuid. warnings.warn(('Invalid uuid: %s. To ensure interoperability, '
2026-05-12 17:44:25.436 10 INFO neutron.wsgi [None req-0c5a8f97-1b85-470b-983f-8792e4e9f38b 47cc16f72e9046638185cbc34bd09055 e4c9b40c70cc4d13aa8046933332264d - - default default] 199.19.213.43 "GET /v2.0/extensions/security-group HTTP/1.1" status: 200 len: 369 time: 0.0062857
2026-05-12 17:44:25.447 10 INFO neutron.wsgi [None req-538025ec-1413-4b09-97f7-f52e96ea10d7 47cc16f72e9046638185cbc34bd09055 e4c9b40c70cc4d13aa8046933332264d - - default default] 199.19.213.43 "GET /v2.0/extensions/dns-integration HTTP/1.1" status: 200 len: 371 time: 0.0043085
2026-05-12 17:44:25.454 10 INFO neutron.wsgi [None req-a7f9ac51-7b77-48ac-a002-9cd9b97960a4 47cc16f72e9046638185cbc34bd09055 e4c9b40c70cc4d13aa8046933332264d - - default default] 199.19.213.43 "GET /v2.0/extensions/qos HTTP/1.1" status: 200 len: 365 time: 0.0039852
2026-05-12 17:44:25.462 10 INFO neutron.wsgi [None req-b4e7367d-e7e4-427c-97af-ca174c816261 47cc16f72e9046638185cbc34bd09055 e4c9b40c70cc4d13aa8046933332264d - - default default] 199.19.213.43 "GET /v2.0/extensions/allowed-address-pairs HTTP/1.1" status: 200 len: 383 time: 0.0039678
2026-05-12 17:44:25.496 10 INFO neutron.wsgi [None req-d454e1d4-9ab0-4ee0-9314-70625b1f6d97 47cc16f72e9046638185cbc34bd09055 e4c9b40c70cc4d13aa8046933332264d - - default default] 199.19.213.43 "GET /v2.0/subnets/07352985-c120-4992-a9a2-c33b5cebd4d7 HTTP/1.1" status: 200 len: 851 time: 0.0295069 /var/lib/openstack/lib/python3.10/site-packages/pycadf/identifier.py:71: UserWarning: Invalid uuid: neutron. To ensure interoperability, identifiers should be a valid uuid. warnings.warn(('Invalid uuid: %s. To ensure interoperability, '
2026-05-12 17:44:32.666 9 INFO neutron.wsgi [req-f7ae0849-247d-4c98-8331-d38779059af2 req-b3745faa-f121-4b0d-91fa-b46ed9f1f530 47cc16f72e9046638185cbc34bd09055 e4c9b40c70cc4d13aa8046933332264d - - default default] 10.0.0.78 "GET /v2.0/security-groups?id=27178dbb-bbcd-4cf6-8875-cefb23318132&fields=id HTTP/1.1" status: 200 len: 267 time: 0.0427184
2026-05-12 17:44:32.739 9 INFO neutron.wsgi [req-f7ae0849-247d-4c98-8331-d38779059af2 req-5dfe7ae2-8f1d-49cf-a320-434007bd3b68 47cc16f72e9046638185cbc34bd09055 e4c9b40c70cc4d13aa8046933332264d - - default default] 10.0.0.78 "GET /v2.0/networks?id=f02dfb20-701c-4c32-a107-3d34bb7ef664 HTTP/1.1" status: 200 len: 937 time: 0.0649600
2026-05-12 17:44:32.765 9 INFO neutron.wsgi [req-f7ae0849-247d-4c98-8331-d38779059af2 req-22429f08-0dc0-409b-9702-4503176c4d8f 47cc16f72e9046638185cbc34bd09055 e4c9b40c70cc4d13aa8046933332264d - - default default] 10.0.0.78 "GET /v2.0/quotas/e4c9b40c70cc4d13aa8046933332264d HTTP/1.1" status: 200 len: 385 time: 0.0187449
2026-05-12 17:44:32.818 9 INFO neutron.wsgi [req-f7ae0849-247d-4c98-8331-d38779059af2 req-efa07344-0491-419e-a555-11c287fad2ed 47cc16f72e9046638185cbc34bd09055 e4c9b40c70cc4d13aa8046933332264d - - default default] 10.0.0.78 "GET /v2.0/ports?tenant_id=e4c9b40c70cc4d13aa8046933332264d&fields=id HTTP/1.1" status: 200 len: 348 time: 0.0474727
2026-05-12 17:44:32.950 9 INFO neutron.wsgi [req-f7ae0849-247d-4c98-8331-d38779059af2 req-9a79cfea-d699-4b3e-996d-0b4f2e9ed1d8 e9b5f01a8d8347b98401cc1ba37cd678 f1aefb37df6f44aaa8d030aa698c8832 - - f7b2a552975f4b9f8031dad981529eb6 f7b2a552975f4b9f8031dad981529eb6] 10.0.0.78 "GET /v2.0/networks/f02dfb20-701c-4c32-a107-3d34bb7ef664?fields=segments HTTP/1.1" status: 200 len: 212 time: 0.1186116
2026-05-12 17:44:33.021 9 INFO neutron.wsgi [req-f7ae0849-247d-4c98-8331-d38779059af2 req-609e2275-fb56-43ee-8c76-85ee47dca6e6 e9b5f01a8d8347b98401cc1ba37cd678 f1aefb37df6f44aaa8d030aa698c8832 - - f7b2a552975f4b9f8031dad981529eb6 f7b2a552975f4b9f8031dad981529eb6] 10.0.0.78 "GET /v2.0/networks/f02dfb20-701c-4c32-a107-3d34bb7ef664?fields=provider%3Aphysical_network&fields=provider%3Anetwork_type HTTP/1.1" status: 200 len: 277 time: 0.0632162
2026-05-12 17:44:33.521 9 INFO neutron.wsgi [req-52d4a354-e2c3-40da-b0d1-ed1e7f350766 req-05ba7233-53cc-4a31-9650-5653df192e1a 47cc16f72e9046638185cbc34bd09055 e4c9b40c70cc4d13aa8046933332264d - - default default] 10.0.0.78 "GET /v2.0/ports?device_id=1a17d366-1f27-4cfa-b667-732aa63c2d0a HTTP/1.1" status: 200 len: 210 time: 0.0169749
2026-05-12 17:44:33.594 9 INFO neutron.wsgi [req-7aaeda11-7868-49fd-895c-ae332503f6be req-32a4048c-56c8-4cf0-8d36-086785dfb2a8 47cc16f72e9046638185cbc34bd09055 e4c9b40c70cc4d13aa8046933332264d - - default default] 10.0.0.78 "GET /v2.0/ports?device_id=1a17d366-1f27-4cfa-b667-732aa63c2d0a HTTP/1.1" status: 200 len: 210 time: 0.0238590
2026-05-12 17:44:34.107 9 INFO neutron.wsgi [req-f7ae0849-247d-4c98-8331-d38779059af2 req-d652d976-300d-49cb-8300-a94bbbe8bd16 47cc16f72e9046638185cbc34bd09055 e4c9b40c70cc4d13aa8046933332264d - - default default] 199.19.213.43 "GET /v2.0/networks?id=f02dfb20-701c-4c32-a107-3d34bb7ef664 HTTP/1.1" status: 200 len: 937 time: 0.0627105
2026-05-12 17:44:34.164 9 INFO neutron.wsgi [req-f7ae0849-247d-4c98-8331-d38779059af2 req-fbca7200-b655-45dc-a7f4-dccd4c9b7be1 47cc16f72e9046638185cbc34bd09055 e4c9b40c70cc4d13aa8046933332264d - - default default] 199.19.213.43 "GET /v2.0/security-groups?fields=id&fields=name&tenant_id=e4c9b40c70cc4d13aa8046933332264d HTTP/1.1" status: 200 len: 542 time: 0.0491297
2026-05-12 17:44:34.429 9 WARNING neutron.scheduler.dhcp_agent_scheduler [req-f7ae0849-247d-4c98-8331-d38779059af2 req-2cd71760-ae9d-4872-9dec-571c6db56169 47cc16f72e9046638185cbc34bd09055 e4c9b40c70cc4d13aa8046933332264d - - default default] No more DHCP agents
2026-05-12 17:44:34.432 9 WARNING neutron.api.rpc.agentnotifiers.dhcp_rpc_agent_api [req-f7ae0849-247d-4c98-8331-d38779059af2 req-2cd71760-ae9d-4872-9dec-571c6db56169 47cc16f72e9046638185cbc34bd09055 e4c9b40c70cc4d13aa8046933332264d - - default default] Unable to schedule network f02dfb20-701c-4c32-a107-3d34bb7ef664: no agents available; will retry on subsequent port and subnet creation events.
2026-05-12 17:44:34.898 9 INFO neutron.db.ovn_revision_numbers_db [req-f7ae0849-247d-4c98-8331-d38779059af2 req-2cd71760-ae9d-4872-9dec-571c6db56169 47cc16f72e9046638185cbc34bd09055 e4c9b40c70cc4d13aa8046933332264d - - default default] Successfully bumped revision number for resource e3655784-7fe4-42c3-8e63-613f8a27bd38 (type: ports) to 1
2026-05-12 17:44:34.921 9 INFO neutron.wsgi [req-f7ae0849-247d-4c98-8331-d38779059af2 req-2cd71760-ae9d-4872-9dec-571c6db56169 47cc16f72e9046638185cbc34bd09055 e4c9b40c70cc4d13aa8046933332264d - - default default] 199.19.213.43 "POST /v2.0/ports HTTP/1.1" status: 201 len: 1287 time: 0.7522352 /var/lib/openstack/lib/python3.10/site-packages/pycadf/identifier.py:71: UserWarning: Invalid uuid: neutron. To ensure interoperability, identifiers should be a valid uuid. warnings.warn(('Invalid uuid: %s. To ensure interoperability, '
2026-05-12 17:44:35.294 9 INFO neutron.db.ovn_revision_numbers_db [req-f7ae0849-247d-4c98-8331-d38779059af2 req-e2d28122-4330-4b34-ac60-c549dd9aa714 e9b5f01a8d8347b98401cc1ba37cd678 f1aefb37df6f44aaa8d030aa698c8832 - - f7b2a552975f4b9f8031dad981529eb6 f7b2a552975f4b9f8031dad981529eb6] Successfully bumped revision number for resource e3655784-7fe4-42c3-8e63-613f8a27bd38 (type: ports) to 2
2026-05-12 17:44:35.364 10 INFO neutron.wsgi [req-046e7608-0f5f-4bf0-a5cf-4be8f380b4b3 req-d70e2423-e54c-48ce-ab53-bb4334b0c62e e9b5f01a8d8347b98401cc1ba37cd678 f1aefb37df6f44aaa8d030aa698c8832 - - f7b2a552975f4b9f8031dad981529eb6 f7b2a552975f4b9f8031dad981529eb6] 199.19.213.43 "GET /v2.0/ports?device_id=26af7b57-f020-497d-ba87-f8779c8c2637&fields=binding%3Ahost_id&fields=binding%3Avif_type HTTP/1.1" status: 200 len: 265 time: 0.0384791
2026-05-12 17:44:35.463 10 INFO neutron.wsgi [req-046e7608-0f5f-4bf0-a5cf-4be8f380b4b3 req-afd36ce7-81a9-4b54-b53e-c22d0042f9ff e9b5f01a8d8347b98401cc1ba37cd678 f1aefb37df6f44aaa8d030aa698c8832 - - f7b2a552975f4b9f8031dad981529eb6 f7b2a552975f4b9f8031dad981529eb6] 199.19.213.43 "GET /v2.0/ports?tenant_id=e831e21008fd4903aeb2d5461bcabf35&device_id=26af7b57-f020-497d-ba87-f8779c8c2637 HTTP/1.1" status: 200 len: 1634 time: 0.0538847
2026-05-12 17:44:35.496 9 INFO neutron.db.ovn_revision_numbers_db [req-f7ae0849-247d-4c98-8331-d38779059af2 req-e2d28122-4330-4b34-ac60-c549dd9aa714 e9b5f01a8d8347b98401cc1ba37cd678 f1aefb37df6f44aaa8d030aa698c8832 - - f7b2a552975f4b9f8031dad981529eb6 f7b2a552975f4b9f8031dad981529eb6] Successfully bumped revision number for resource e3655784-7fe4-42c3-8e63-613f8a27bd38 (type: ports) to 2
2026-05-12 17:44:35.512 9 INFO neutron.wsgi [req-f7ae0849-247d-4c98-8331-d38779059af2 req-e2d28122-4330-4b34-ac60-c549dd9aa714 e9b5f01a8d8347b98401cc1ba37cd678 f1aefb37df6f44aaa8d030aa698c8832 - - f7b2a552975f4b9f8031dad981529eb6 f7b2a552975f4b9f8031dad981529eb6] 199.19.213.43 "PUT /v2.0/ports/e3655784-7fe4-42c3-8e63-613f8a27bd38 HTTP/1.1" status: 200 len: 1384 time: 0.5802641
2026-05-12 17:44:35.545 9 INFO neutron.notifiers.nova [-] Nova event matching ['req-ee283ebd-8d74-4477-ad3c-fd084d543d56'] response: {'name': 'network-changed', 'server_uuid': '1a17d366-1f27-4cfa-b667-732aa63c2d0a', 'tag': 'e3655784-7fe4-42c3-8e63-613f8a27bd38', 'status': 'completed', 'code': 200}
2026-05-12 17:44:35.545 10 INFO neutron.wsgi [req-046e7608-0f5f-4bf0-a5cf-4be8f380b4b3 req-d4608afa-65f8-4946-8a6c-bd4e9ea681ad e9b5f01a8d8347b98401cc1ba37cd678 f1aefb37df6f44aaa8d030aa698c8832 - - f7b2a552975f4b9f8031dad981529eb6 f7b2a552975f4b9f8031dad981529eb6] 199.19.213.43 "GET /v2.0/networks?id=2b025717-024b-42f0-9836-951427c58e29 HTTP/1.1" status: 200 len: 1002 time: 0.0582056 /var/lib/openstack/lib/python3.10/site-packages/pycadf/identifier.py:71: UserWarning: Invalid uuid: neutron. To ensure interoperability, identifiers should be a valid uuid. warnings.warn(('Invalid uuid: %s. To ensure interoperability, '
2026-05-12 17:44:35.590 9 INFO neutron.wsgi [req-f7ae0849-247d-4c98-8331-d38779059af2 req-1471bda3-6977-425a-bef1-295e09bd1513 e9b5f01a8d8347b98401cc1ba37cd678 f1aefb37df6f44aaa8d030aa698c8832 - - f7b2a552975f4b9f8031dad981529eb6 f7b2a552975f4b9f8031dad981529eb6] 199.19.213.43 "GET /v2.0/ports?tenant_id=e4c9b40c70cc4d13aa8046933332264d&device_id=1a17d366-1f27-4cfa-b667-732aa63c2d0a HTTP/1.1" status: 200 len: 1415 time: 0.0386140
2026-05-12 17:44:35.613 10 INFO neutron.wsgi [req-046e7608-0f5f-4bf0-a5cf-4be8f380b4b3 req-f6e01f66-d2e6-437d-8e86-d4c5a88a6ec0 e9b5f01a8d8347b98401cc1ba37cd678 f1aefb37df6f44aaa8d030aa698c8832 - - f7b2a552975f4b9f8031dad981529eb6 f7b2a552975f4b9f8031dad981529eb6] 199.19.213.43 "GET /v2.0/floatingips?fixed_ip_address=10.2.1.20&port_id=d59718df-a31e-4894-8c9b-dd7a22920280 HTTP/1.1" status: 200 len: 1058 time: 0.0615659
2026-05-12 17:44:35.613 9 INFO neutron.wsgi [req-f7ae0849-247d-4c98-8331-d38779059af2 req-f8692425-88ce-4313-80b7-da54d21ec41d e9b5f01a8d8347b98401cc1ba37cd678 f1aefb37df6f44aaa8d030aa698c8832 - - f7b2a552975f4b9f8031dad981529eb6 f7b2a552975f4b9f8031dad981529eb6] 199.19.213.43 "GET /v2.0/floatingips?fixed_ip_address=172.24.1.226&port_id=e3655784-7fe4-42c3-8e63-613f8a27bd38 HTTP/1.1" status: 200 len: 217 time: 0.0195339
2026-05-12 17:44:35.648 10 INFO neutron.wsgi [req-046e7608-0f5f-4bf0-a5cf-4be8f380b4b3 req-5765c62f-8be7-4e2f-9c1b-0367dd11b576 e9b5f01a8d8347b98401cc1ba37cd678 f1aefb37df6f44aaa8d030aa698c8832 - - f7b2a552975f4b9f8031dad981529eb6 f7b2a552975f4b9f8031dad981529eb6] 199.19.213.43 "GET /v2.0/floatingips?fixed_ip_address=fd7b%3Af9f7%3Afff%3A4eca%3A%3A114&port_id=d59718df-a31e-4894-8c9b-dd7a22920280 HTTP/1.1" status: 200 len: 217 time: 0.0218217
2026-05-12 17:44:35.658 9 INFO neutron.wsgi [req-f7ae0849-247d-4c98-8331-d38779059af2 req-6d62b076-023a-4458-b72c-55e7f8f46fb6 e9b5f01a8d8347b98401cc1ba37cd678 f1aefb37df6f44aaa8d030aa698c8832 - - f7b2a552975f4b9f8031dad981529eb6 f7b2a552975f4b9f8031dad981529eb6] 199.19.213.43 "GET /v2.0/subnets?id=754278c1-fbf5-4bf8-944d-2b01d8af3a8e HTTP/1.1" status: 200 len: 829 time: 0.0312717
2026-05-12 17:44:35.684 9 INFO neutron.wsgi [req-f7ae0849-247d-4c98-8331-d38779059af2 req-dea52704-2523-4cf7-8968-c417b347d5a4 e9b5f01a8d8347b98401cc1ba37cd678 f1aefb37df6f44aaa8d030aa698c8832 - - f7b2a552975f4b9f8031dad981529eb6 f7b2a552975f4b9f8031dad981529eb6] 199.19.213.43 "GET /v2.0/ports?network_id=f02dfb20-701c-4c32-a107-3d34bb7ef664&device_owner=network%3Adhcp HTTP/1.1" status: 200 len: 210 time: 0.0195870
2026-05-12 17:44:35.697 10 INFO neutron.wsgi [req-046e7608-0f5f-4bf0-a5cf-4be8f380b4b3 req-887ca57c-a7df-42e5-b8f8-5cc6411c2f3d e9b5f01a8d8347b98401cc1ba37cd678 f1aefb37df6f44aaa8d030aa698c8832 - - f7b2a552975f4b9f8031dad981529eb6 f7b2a552975f4b9f8031dad981529eb6] 199.19.213.43 "GET /v2.0/subnets?id=7bcd4e6a-1ff6-4a45-a4f3-282ab9be466f&id=91242b0c-1ea0-4e21-b144-85837879bc2c HTTP/1.1" status: 200 len: 1563 time: 0.0416946
2026-05-12 17:44:35.729 10 INFO neutron.wsgi [req-046e7608-0f5f-4bf0-a5cf-4be8f380b4b3 req-47641358-db95-4e44-84c5-8c1c36310b9e e9b5f01a8d8347b98401cc1ba37cd678 f1aefb37df6f44aaa8d030aa698c8832 - - f7b2a552975f4b9f8031dad981529eb6 f7b2a552975f4b9f8031dad981529eb6] 199.19.213.43 "GET /v2.0/ports?network_id=2b025717-024b-42f0-9836-951427c58e29&device_owner=network%3Adhcp HTTP/1.1" status: 200 len: 210 time: 0.0282187
2026-05-12 17:44:35.753 9 INFO neutron.wsgi [req-f7ae0849-247d-4c98-8331-d38779059af2 req-7a3651a7-61a4-4b34-86e8-3cf8635a90db e9b5f01a8d8347b98401cc1ba37cd678 f1aefb37df6f44aaa8d030aa698c8832 - - f7b2a552975f4b9f8031dad981529eb6 f7b2a552975f4b9f8031dad981529eb6] 199.19.213.43 "GET /v2.0/networks/f02dfb20-701c-4c32-a107-3d34bb7ef664?fields=segments HTTP/1.1" status: 200 len: 212 time: 0.0603309
2026-05-12 17:44:35.760 10 INFO neutron.wsgi [req-046e7608-0f5f-4bf0-a5cf-4be8f380b4b3 req-f4f3f024-c4c4-4d88-a712-dba61c2a956e e9b5f01a8d8347b98401cc1ba37cd678 f1aefb37df6f44aaa8d030aa698c8832 - - f7b2a552975f4b9f8031dad981529eb6 f7b2a552975f4b9f8031dad981529eb6] 199.19.213.43 "GET /v2.0/ports?network_id=2b025717-024b-42f0-9836-951427c58e29&device_owner=network%3Adhcp HTTP/1.1" status: 200 len: 210 time: 0.0228710
2026-05-12 17:44:35.826 9 INFO neutron.wsgi [req-f7ae0849-247d-4c98-8331-d38779059af2 req-6a7ff35d-0a19-46d9-918a-144e09a3ccd2 e9b5f01a8d8347b98401cc1ba37cd678 f1aefb37df6f44aaa8d030aa698c8832 - - f7b2a552975f4b9f8031dad981529eb6 f7b2a552975f4b9f8031dad981529eb6] 199.19.213.43 "GET /v2.0/networks/f02dfb20-701c-4c32-a107-3d34bb7ef664?fields=provider%3Aphysical_network&fields=provider%3Anetwork_type HTTP/1.1" status: 200 len: 277 time: 0.0678747
2026-05-12 17:44:35.826 10 INFO neutron.wsgi [req-046e7608-0f5f-4bf0-a5cf-4be8f380b4b3 req-2234fe96-1f5d-467a-b1fb-7544094fa335 e9b5f01a8d8347b98401cc1ba37cd678 f1aefb37df6f44aaa8d030aa698c8832 - - f7b2a552975f4b9f8031dad981529eb6 f7b2a552975f4b9f8031dad981529eb6] 199.19.213.43 "GET /v2.0/networks/2b025717-024b-42f0-9836-951427c58e29?fields=segments HTTP/1.1" status: 200 len: 212 time: 0.0615306
2026-05-12 17:44:35.896 10 INFO neutron.wsgi [req-046e7608-0f5f-4bf0-a5cf-4be8f380b4b3 req-469f316c-0beb-4831-9f1f-58c83875e185 e9b5f01a8d8347b98401cc1ba37cd678 f1aefb37df6f44aaa8d030aa698c8832 - - f7b2a552975f4b9f8031dad981529eb6 f7b2a552975f4b9f8031dad981529eb6] 199.19.213.43 "GET /v2.0/networks/2b025717-024b-42f0-9836-951427c58e29?fields=provider%3Aphysical_network&fields=provider%3Anetwork_type HTTP/1.1" status: 200 len: 277 time: 0.0639167
2026-05-12 17:44:35.902 9 INFO neutron.wsgi [req-58631e21-d90b-496a-aa90-963fd4cecf02 req-a23da554-61d6-4e50-8f73-151939cf4d45 e9b5f01a8d8347b98401cc1ba37cd678 f1aefb37df6f44aaa8d030aa698c8832 - - f7b2a552975f4b9f8031dad981529eb6 f7b2a552975f4b9f8031dad981529eb6] 199.19.213.43 "GET /v2.0/ports?tenant_id=e4c9b40c70cc4d13aa8046933332264d&device_id=1a17d366-1f27-4cfa-b667-732aa63c2d0a HTTP/1.1" status: 200 len: 1415 time: 0.0350466
2026-05-12 17:44:35.965 9 INFO neutron.wsgi [req-58631e21-d90b-496a-aa90-963fd4cecf02 req-337ed782-ff17-4468-94fa-b2d77ff4ee89 e9b5f01a8d8347b98401cc1ba37cd678 f1aefb37df6f44aaa8d030aa698c8832 - - f7b2a552975f4b9f8031dad981529eb6 f7b2a552975f4b9f8031dad981529eb6] 199.19.213.43 "GET /v2.0/networks?id=f02dfb20-701c-4c32-a107-3d34bb7ef664 HTTP/1.1" status: 200 len: 937 time: 0.0542607
2026-05-12 17:44:35.994 9 INFO neutron.wsgi [req-58631e21-d90b-496a-aa90-963fd4cecf02 req-31bc312b-9bfd-4fcb-814e-b1fc2967fb68 e9b5f01a8d8347b98401cc1ba37cd678 f1aefb37df6f44aaa8d030aa698c8832 - - f7b2a552975f4b9f8031dad981529eb6 f7b2a552975f4b9f8031dad981529eb6] 199.19.213.43 "GET /v2.0/floatingips?fixed_ip_address=172.24.1.226&port_id=e3655784-7fe4-42c3-8e63-613f8a27bd38 HTTP/1.1" status: 200 len: 217 time: 0.0200861
2026-05-12 17:44:36.048 9 INFO neutron.wsgi [req-58631e21-d90b-496a-aa90-963fd4cecf02 req-a7267957-abcc-4a6b-aa18-60a0598e2ad6 e9b5f01a8d8347b98401cc1ba37cd678 f1aefb37df6f44aaa8d030aa698c8832 - - f7b2a552975f4b9f8031dad981529eb6 f7b2a552975f4b9f8031dad981529eb6] 199.19.213.43 "GET /v2.0/subnets?id=754278c1-fbf5-4bf8-944d-2b01d8af3a8e HTTP/1.1" status: 200 len: 829 time: 0.0374799
2026-05-12 17:44:36.054 10 INFO neutron.wsgi [req-910db397-3f97-4aea-9037-875bae1fba4c req-d5738213-d952-43ce-a0f1-fe83fde25f31 e9b5f01a8d8347b98401cc1ba37cd678 f1aefb37df6f44aaa8d030aa698c8832 - - f7b2a552975f4b9f8031dad981529eb6 f7b2a552975f4b9f8031dad981529eb6] 199.19.213.43 "GET /v2.0/ports?device_id=1a17d366-1f27-4cfa-b667-732aa63c2d0a HTTP/1.1" status: 200 len: 1415 time: 0.0438442
2026-05-12 17:44:36.074 9 INFO neutron.wsgi [req-58631e21-d90b-496a-aa90-963fd4cecf02 req-1866483e-db1a-404c-b540-774a2129a7c3 e9b5f01a8d8347b98401cc1ba37cd678 f1aefb37df6f44aaa8d030aa698c8832 - - f7b2a552975f4b9f8031dad981529eb6 f7b2a552975f4b9f8031dad981529eb6] 199.19.213.43 "GET /v2.0/ports?network_id=f02dfb20-701c-4c32-a107-3d34bb7ef664&device_owner=network%3Adhcp HTTP/1.1" status: 200 len: 210 time: 0.0207667
2026-05-12 17:44:36.100 10 INFO neutron.wsgi [req-910db397-3f97-4aea-9037-875bae1fba4c req-c0ceb6cd-6da8-4047-99f3-6577c0585891 e9b5f01a8d8347b98401cc1ba37cd678 f1aefb37df6f44aaa8d030aa698c8832 - - f7b2a552975f4b9f8031dad981529eb6 f7b2a552975f4b9f8031dad981529eb6] 199.19.213.43 "GET /v2.0/security-groups?id=27178dbb-bbcd-4cf6-8875-cefb23318132&fields=id&fields=name HTTP/1.1" status: 200 len: 294 time: 0.0413599
2026-05-12 17:44:36.150 9 INFO neutron.wsgi [req-58631e21-d90b-496a-aa90-963fd4cecf02 req-b53cc869-3520-4c9b-803a-b6dd939fb584 e9b5f01a8d8347b98401cc1ba37cd678 f1aefb37df6f44aaa8d030aa698c8832 - - f7b2a552975f4b9f8031dad981529eb6 f7b2a552975f4b9f8031dad981529eb6] 199.19.213.43 "GET /v2.0/networks/f02dfb20-701c-4c32-a107-3d34bb7ef664?fields=segments HTTP/1.1" status: 200 len: 212 time: 0.0675459
2026-05-12 17:44:36.206 9 INFO neutron.plugins.ml2.drivers.ovn.mech_driver.mech_driver [None req-a859fdc7-1ecc-4a3c-96bf-971a0d1b1f65 - - - - - -] OVN reports status up for port: e3655784-7fe4-42c3-8e63-613f8a27bd38
2026-05-12 17:44:36.230 9 INFO neutron.plugins.ml2.plugin [None req-a859fdc7-1ecc-4a3c-96bf-971a0d1b1f65 - - - - - -] Attempt 1 to provision port e3655784-7fe4-42c3-8e63-613f8a27bd38
2026-05-12 17:44:36.268 9 INFO neutron.wsgi [req-58631e21-d90b-496a-aa90-963fd4cecf02 req-746da142-9df0-44f4-aedf-28b29e820087 e9b5f01a8d8347b98401cc1ba37cd678 f1aefb37df6f44aaa8d030aa698c8832 - - f7b2a552975f4b9f8031dad981529eb6 f7b2a552975f4b9f8031dad981529eb6] 199.19.213.43 "GET /v2.0/networks/f02dfb20-701c-4c32-a107-3d34bb7ef664?fields=provider%3Aphysical_network&fields=provider%3Anetwork_type HTTP/1.1" status: 200 len: 277 time: 0.1073399
2026-05-12 17:44:36.517 9 INFO neutron.db.ovn_revision_numbers_db [None req-a859fdc7-1ecc-4a3c-96bf-971a0d1b1f65 - - - - - -] Successfully bumped revision number for resource e3655784-7fe4-42c3-8e63-613f8a27bd38 (type: ports) to 4
2026-05-12 17:44:36.620 9 INFO neutron.wsgi [req-e4f1aae7-4982-4afe-8d40-6502d7f62843 req-59deaf22-1c08-4f00-9e0a-a70a495b8bc1 47cc16f72e9046638185cbc34bd09055 e4c9b40c70cc4d13aa8046933332264d - - default default] 10.0.0.78 "GET /v2.0/ports?device_id=1a17d366-1f27-4cfa-b667-732aa63c2d0a HTTP/1.1" status: 200 len: 1417 time: 0.0549793 /var/lib/openstack/lib/python3.10/site-packages/pycadf/identifier.py:71: UserWarning: Invalid uuid: neutron. To ensure interoperability, identifiers should be a valid uuid. warnings.warn(('Invalid uuid: %s. To ensure interoperability, '
2026-05-12 17:44:36.667 9 INFO neutron.wsgi [req-e4f1aae7-4982-4afe-8d40-6502d7f62843 req-d39e1c6e-6a97-45a3-b7b3-11460dfc146f 47cc16f72e9046638185cbc34bd09055 e4c9b40c70cc4d13aa8046933332264d - - default default] 10.0.0.78 "GET /v2.0/security-groups?id=27178dbb-bbcd-4cf6-8875-cefb23318132&fields=id&fields=name HTTP/1.1" status: 200 len: 294 time: 0.0395250
2026-05-12 17:44:36.783 9 INFO neutron.wsgi [req-c32adc4c-6699-4ce0-901a-1d2300316b5b req-21cc5dcd-cc25-4700-b8e8-17d7d7eb16e3 47cc16f72e9046638185cbc34bd09055 e4c9b40c70cc4d13aa8046933332264d - - default default] 10.0.0.78 "GET /v2.0/ports?device_id=1a17d366-1f27-4cfa-b667-732aa63c2d0a HTTP/1.1" status: 200 len: 1417 time: 0.0385633
2026-05-12 17:44:37.589 9 INFO neutron.notifiers.nova [-] Nova event matching ['req-85488a56-09b8-445f-b8df-b723e379731c'] response: {'server_uuid': '1a17d366-1f27-4cfa-b667-732aa63c2d0a', 'name': 'network-vif-plugged', 'status': 'completed', 'tag': 'e3655784-7fe4-42c3-8e63-613f8a27bd38', 'code': 200}
2026-05-12 17:44:37.589 9 INFO neutron.notifiers.nova [-] Nova event matching ['req-85488a56-09b8-445f-b8df-b723e379731c'] response: {'server_uuid': '1a17d366-1f27-4cfa-b667-732aa63c2d0a', 'name': 'network-vif-plugged', 'status': 'completed', 'tag': 'e3655784-7fe4-42c3-8e63-613f8a27bd38', 'code': 200}
2026-05-12 17:44:39.531 9 INFO neutron.wsgi [req-fa8cd519-e70a-4e74-9dfe-e50807c66305 req-6b036a7d-f215-40e9-b277-6676e3896be9 47cc16f72e9046638185cbc34bd09055 e4c9b40c70cc4d13aa8046933332264d - - default default] 10.0.0.78 "GET /v2.0/ports?device_id=1a17d366-1f27-4cfa-b667-732aa63c2d0a HTTP/1.1" status: 200 len: 1417 time: 0.0338302
2026-05-12 17:44:39.582 9 INFO neutron.wsgi [req-fa8cd519-e70a-4e74-9dfe-e50807c66305 req-6bacfcf6-b1a0-41e2-9e72-fff258cee2d9 47cc16f72e9046638185cbc34bd09055 e4c9b40c70cc4d13aa8046933332264d - - default default] 10.0.0.78 "GET /v2.0/security-groups?id=27178dbb-bbcd-4cf6-8875-cefb23318132&fields=id&fields=name HTTP/1.1" status: 200 len: 294 time: 0.0434129
2026-05-12 17:44:39.683 9 INFO neutron.wsgi [req-df536867-8242-44e8-98a8-ff63ccadaa9c req-3b2ea28a-002e-4fd1-bf2d-45e7a7513dfd 47cc16f72e9046638185cbc34bd09055 e4c9b40c70cc4d13aa8046933332264d - - default default] 10.0.0.78 "GET /v2.0/ports?device_id=1a17d366-1f27-4cfa-b667-732aa63c2d0a HTTP/1.1" status: 200 len: 1417 time: 0.0508406
2026-05-12 17:44:39.790 10 INFO neutron.wsgi [-] 10.0.0.232 "GET / HTTP/1.1" status: 200 len: 246 time: 0.0024595
2026-05-12 17:44:39.792 9 INFO neutron.wsgi [-] 10.0.0.232 "GET / HTTP/1.1" status: 200 len: 246 time: 0.0026336
2026-05-12 17:44:42.293 9 INFO neutron.wsgi [None req-1d9134c2-07f6-42d5-858c-2014c55357d2 47cc16f72e9046638185cbc34bd09055 e4c9b40c70cc4d13aa8046933332264d - - default default] 10.0.0.163 "GET /v2.0/agents HTTP/1.1" status: 200 len: 997 time: 0.0837324
2026-05-12 17:44:42.387 9 INFO neutron.wsgi [None req-994088f0-e59b-434a-bbaf-440140f0308d 47cc16f72e9046638185cbc34bd09055 e4c9b40c70cc4d13aa8046933332264d - - default default] 10.0.0.163 "GET /v2.0/networks HTTP/1.1" status: 200 len: 4720 time: 0.0932915
2026-05-12 17:44:42.412 9 INFO neutron.wsgi [None req-86ed1452-3fa9-48b7-8427-8809244fefcc 47cc16f72e9046638185cbc34bd09055 e4c9b40c70cc4d13aa8046933332264d - - default default] 10.0.0.163 "GET /v2.0/network-ip-availabilities HTTP/1.1" status: 200 len: 3363 time: 0.0208051
2026-05-12 17:44:42.482 9 INFO neutron.wsgi [None req-97648c2e-4c7c-4ace-b73e-38f5431e8fcb 47cc16f72e9046638185cbc34bd09055 e4c9b40c70cc4d13aa8046933332264d - - default default] 10.0.0.163 "GET /v2.0/security-groups HTTP/1.1" status: 200 len: 29083 time: 0.0691450
2026-05-12 17:44:42.587 9 INFO neutron.wsgi [None req-6cecb280-8a11-432a-8d05-e6dbc5e37208 47cc16f72e9046638185cbc34bd09055 e4c9b40c70cc4d13aa8046933332264d - - default default] 10.0.0.163 "GET /v2.0/routers HTTP/1.1" status: 200 len: 850 time: 0.0925429
2026-05-12 17:44:42.599 9 INFO neutron.wsgi [None req-226dddc8-bf7d-4d61-8895-46fe73ae1766 47cc16f72e9046638185cbc34bd09055 e4c9b40c70cc4d13aa8046933332264d - - default default] 10.0.0.163 "GET /v2.0/agents?binary=ovn-controller HTTP/1.1" status: 200 len: 591 time: 0.0098002
2026-05-12 17:44:42.640 9 INFO neutron.wsgi [None req-22c4a201-1781-430e-807c-00b2f9e0f571 47cc16f72e9046638185cbc34bd09055 e4c9b40c70cc4d13aa8046933332264d - - default default] 10.0.0.163 "GET /v2.0/subnets HTTP/1.1" status: 200 len: 5497 time: 0.0400622
2026-05-12 17:44:42.653 9 INFO neutron.wsgi [None req-2532b3ad-c21e-4145-98e6-8540bbe0b1d7 47cc16f72e9046638185cbc34bd09055 e4c9b40c70cc4d13aa8046933332264d - - default default] 10.0.0.163 "GET /v2.0/subnetpools HTTP/1.1" status: 200 len: 193 time: 0.0100842
2026-05-12 17:44:42.701 9 INFO neutron.wsgi [None req-5ea8c065-f575-4a29-b9a7-2917ba260af2 47cc16f72e9046638185cbc34bd09055 e4c9b40c70cc4d13aa8046933332264d - - default default] 10.0.0.163 "GET /v2.0/floatingips HTTP/1.1" status: 200 len: 1877 time: 0.0468018
2026-05-12 17:44:42.748 9 INFO neutron.wsgi [None req-8656ee63-bc9b-45d2-83aa-f310d26b4d42 47cc16f72e9046638185cbc34bd09055 e4c9b40c70cc4d13aa8046933332264d - - default default] 10.0.0.163 "GET /v2.0/subnets HTTP/1.1" status: 200 len: 5497 time: 0.0451310
2026-05-12 17:44:42.840 9 INFO neutron.wsgi [None req-43ea1eaf-0709-4c9f-9531-06071b206659 47cc16f72e9046638185cbc34bd09055 e4c9b40c70cc4d13aa8046933332264d - - default default] 10.0.0.163 "GET /v2.0/ports HTTP/1.1" status: 200 len: 19901 time: 0.0885515
2026-05-12 17:44:54.789 10 INFO neutron.wsgi [-] 10.0.0.232 "GET / HTTP/1.1" status: 200 len: 246 time: 0.0013819
2026-05-12 17:44:54.789 9 INFO neutron.wsgi [-] 10.0.0.232 "GET / HTTP/1.1" status: 200 len: 246 time: 0.0014038
2026-05-12 17:45:09.791 9 INFO neutron.wsgi [-] 10.0.0.232 "GET / HTTP/1.1" status: 200 len: 246 time: 0.0025983
2026-05-12 17:45:09.794 9 INFO neutron.wsgi [-] 10.0.0.232 "GET / HTTP/1.1" status: 200 len: 246 time: 0.0021801
2026-05-12 17:45:12.696 10 INFO neutron.wsgi [None req-4b4e2599-04c8-40d5-86b9-b51be35cfcba 47cc16f72e9046638185cbc34bd09055 e4c9b40c70cc4d13aa8046933332264d - - default default] 199.19.213.43 "GET /v2.0/extensions/security-group HTTP/1.1" status: 200 len: 369 time: 0.0063767
2026-05-12 17:45:12.707 10 INFO neutron.wsgi [None req-b334d8fc-60b7-4364-a3c1-5130abd8f7dc 47cc16f72e9046638185cbc34bd09055 e4c9b40c70cc4d13aa8046933332264d - - default default] 199.19.213.43 "GET /v2.0/extensions/dns-integration HTTP/1.1" status: 200 len: 371 time: 0.0048575
2026-05-12 17:45:12.719 10 INFO neutron.wsgi [None req-04900ebb-cc08-4a79-ad86-f5922834f5b7 47cc16f72e9046638185cbc34bd09055 e4c9b40c70cc4d13aa8046933332264d - - default default] 199.19.213.43 "GET /v2.0/extensions/qos HTTP/1.1" status: 200 len: 365 time: 0.0073237
2026-05-12 17:45:12.729 10 INFO neutron.wsgi [None req-3c7c3b28-c8b6-462d-9377-97a6b669519f 47cc16f72e9046638185cbc34bd09055 e4c9b40c70cc4d13aa8046933332264d - - default default] 199.19.213.43 "GET /v2.0/extensions/allowed-address-pairs HTTP/1.1" status: 200 len: 383 time: 0.0045445
2026-05-12 17:45:12.786 10 INFO neutron.wsgi [None req-7eaf0451-9385-441b-9de0-62157f0a3868 47cc16f72e9046638185cbc34bd09055 e4c9b40c70cc4d13aa8046933332264d - - default default] 199.19.213.43 "GET /v2.0/subnets/07352985-c120-4992-a9a2-c33b5cebd4d7 HTTP/1.1" status: 200 len: 851 time: 0.0519583
2026-05-12 17:45:12.830 10 INFO neutron.wsgi [None req-9275174a-e062-4cf8-9f9b-f4f0baf4e573 47cc16f72e9046638185cbc34bd09055 e4c9b40c70cc4d13aa8046933332264d - - default default] 199.19.213.43 "GET /v2.0/ports?device_id=1a17d366-1f27-4cfa-b667-732aa63c2d0a HTTP/1.1" status: 200 len: 1417 time: 0.0333893
2026-05-12 17:45:13.151 10 WARNING neutron.scheduler.dhcp_agent_scheduler [None req-2b699016-556f-49cb-9c89-07863fe46c7a 47cc16f72e9046638185cbc34bd09055 e4c9b40c70cc4d13aa8046933332264d - - default default] No more DHCP agents
2026-05-12 17:45:13.154 10 WARNING neutron.api.rpc.agentnotifiers.dhcp_rpc_agent_api [None req-2b699016-556f-49cb-9c89-07863fe46c7a 47cc16f72e9046638185cbc34bd09055 e4c9b40c70cc4d13aa8046933332264d - - default default] Unable to schedule network 8bd2a32b-0839-4a69-944d-b6750bc2aace: no agents available; will retry on subsequent port and subnet creation events.
2026-05-12 17:45:13.355 10 INFO neutron.db.ovn_revision_numbers_db [None req-2b699016-556f-49cb-9c89-07863fe46c7a 47cc16f72e9046638185cbc34bd09055 e4c9b40c70cc4d13aa8046933332264d - - default default] Successfully bumped revision number for resource 9f87c335-ace2-4dc0-8fda-0e63d8355ee5 (type: ports) to 1
2026-05-12 17:45:13.382 10 INFO neutron.wsgi [None req-2b699016-556f-49cb-9c89-07863fe46c7a 47cc16f72e9046638185cbc34bd09055 e4c9b40c70cc4d13aa8046933332264d - - default default] 199.19.213.43 "POST /v2.0/ports HTTP/1.1" status: 201 len: 1302 time: 0.5425508
2026-05-12 17:45:13.475 9 INFO neutron.wsgi [req-04a4239a-4ffe-4d15-9282-ee2192ac622b req-7fc56da3-6782-4c85-a491-58cf2bda0c79 47cc16f72e9046638185cbc34bd09055 e4c9b40c70cc4d13aa8046933332264d - - default default] 10.0.0.78 "GET /v2.0/ports/9f87c335-ace2-4dc0-8fda-0e63d8355ee5 HTTP/1.1" status: 200 len: 1297 time: 0.0325119
2026-05-12 17:45:13.489 9 INFO neutron.wsgi [req-04a4239a-4ffe-4d15-9282-ee2192ac622b req-02c5957b-eaad-472c-9b21-5c7050434528 47cc16f72e9046638185cbc34bd09055 e4c9b40c70cc4d13aa8046933332264d - - default default] 10.0.0.78 "GET /v2.0/extensions HTTP/1.1" status: 200 len: 16980 time: 0.0059714
2026-05-12 17:45:13.623 9 INFO neutron.wsgi [req-04a4239a-4ffe-4d15-9282-ee2192ac622b req-9f994eee-2e62-4569-b44d-2b848d2a82d2 e9b5f01a8d8347b98401cc1ba37cd678 f1aefb37df6f44aaa8d030aa698c8832 - - f7b2a552975f4b9f8031dad981529eb6 f7b2a552975f4b9f8031dad981529eb6] 199.19.213.43 "GET /v2.0/ports/9f87c335-ace2-4dc0-8fda-0e63d8355ee5?fields=binding%3Avnic_type&fields=binding%3Aprofile&fields=network_id&fields=resource_request&fields=numa_affinity_policy&fields=device_profile HTTP/1.1" status: 200 len: 335 time: 0.0359457
2026-05-12 17:45:13.689 9 INFO neutron.wsgi [req-04a4239a-4ffe-4d15-9282-ee2192ac622b req-d4a094d7-1a31-47bb-836d-c8259d7f4f36 e9b5f01a8d8347b98401cc1ba37cd678 f1aefb37df6f44aaa8d030aa698c8832 - - f7b2a552975f4b9f8031dad981529eb6 f7b2a552975f4b9f8031dad981529eb6] 199.19.213.43 "GET /v2.0/networks/8bd2a32b-0839-4a69-944d-b6750bc2aace?fields=segments HTTP/1.1" status: 200 len: 212 time: 0.0590615
2026-05-12 17:45:13.746 9 INFO neutron.wsgi [req-04a4239a-4ffe-4d15-9282-ee2192ac622b req-136e423b-e5ec-4f40-85be-fc3e58dbac4a e9b5f01a8d8347b98401cc1ba37cd678 f1aefb37df6f44aaa8d030aa698c8832 - - f7b2a552975f4b9f8031dad981529eb6 f7b2a552975f4b9f8031dad981529eb6] 199.19.213.43 "GET /v2.0/networks/8bd2a32b-0839-4a69-944d-b6750bc2aace?fields=provider%3Aphysical_network&fields=provider%3Anetwork_type HTTP/1.1" status: 200 len: 277 time: 0.0480976
2026-05-12 17:45:13.795 9 INFO neutron.wsgi [req-04a4239a-4ffe-4d15-9282-ee2192ac622b req-cce85720-8f42-4bf0-b9f5-f8491c617b4b e9b5f01a8d8347b98401cc1ba37cd678 f1aefb37df6f44aaa8d030aa698c8832 - - f7b2a552975f4b9f8031dad981529eb6 f7b2a552975f4b9f8031dad981529eb6] 199.19.213.43 "GET /v2.0/ports/9f87c335-ace2-4dc0-8fda-0e63d8355ee5 HTTP/1.1" status: 200 len: 1297 time: 0.0273366
2026-05-12 17:45:13.851 9 INFO neutron.wsgi [req-04a4239a-4ffe-4d15-9282-ee2192ac622b req-d3e7487f-73f9-4fd5-8672-ffb5be5b15a5 47cc16f72e9046638185cbc34bd09055 e4c9b40c70cc4d13aa8046933332264d - - default default] 199.19.213.43 "GET /v2.0/networks?id=8bd2a32b-0839-4a69-944d-b6750bc2aace HTTP/1.1" status: 200 len: 1004 time: 0.0507405
2026-05-12 17:45:14.270 9 INFO neutron.db.ovn_revision_numbers_db [req-04a4239a-4ffe-4d15-9282-ee2192ac622b req-01ab97e3-4469-47d3-867c-0d138ae04d81 e9b5f01a8d8347b98401cc1ba37cd678 f1aefb37df6f44aaa8d030aa698c8832 - - f7b2a552975f4b9f8031dad981529eb6 f7b2a552975f4b9f8031dad981529eb6] Successfully bumped revision number for resource 9f87c335-ace2-4dc0-8fda-0e63d8355ee5 (type: ports) to 2
2026-05-12 17:45:14.506 9 INFO neutron.db.ovn_revision_numbers_db [req-04a4239a-4ffe-4d15-9282-ee2192ac622b req-01ab97e3-4469-47d3-867c-0d138ae04d81 e9b5f01a8d8347b98401cc1ba37cd678 f1aefb37df6f44aaa8d030aa698c8832 - - f7b2a552975f4b9f8031dad981529eb6 f7b2a552975f4b9f8031dad981529eb6] Successfully bumped revision number for resource 9f87c335-ace2-4dc0-8fda-0e63d8355ee5 (type: ports) to 2
2026-05-12 17:45:14.523 9 INFO neutron.wsgi [req-04a4239a-4ffe-4d15-9282-ee2192ac622b req-01ab97e3-4469-47d3-867c-0d138ae04d81 e9b5f01a8d8347b98401cc1ba37cd678 f1aefb37df6f44aaa8d030aa698c8832 - - f7b2a552975f4b9f8031dad981529eb6 f7b2a552975f4b9f8031dad981529eb6] 199.19.213.43 "PUT /v2.0/ports/9f87c335-ace2-4dc0-8fda-0e63d8355ee5 HTTP/1.1" status: 200 len: 1428 time: 0.6629438 /var/lib/openstack/lib/python3.10/site-packages/pycadf/identifier.py:71: UserWarning: Invalid uuid: neutron. To ensure interoperability, identifiers should be a valid uuid. warnings.warn(('Invalid uuid: %s. To ensure interoperability, '
2026-05-12 17:45:14.572 9 INFO neutron.notifiers.nova [-] Nova event matching ['req-92983171-97c7-487d-9a7b-77343c954391'] response: {'name': 'network-changed', 'server_uuid': '1a17d366-1f27-4cfa-b667-732aa63c2d0a', 'tag': '9f87c335-ace2-4dc0-8fda-0e63d8355ee5', 'status': 'completed', 'code': 200}
2026-05-12 17:45:14.605 9 INFO neutron.wsgi [req-04a4239a-4ffe-4d15-9282-ee2192ac622b req-a444d7c5-9a24-497d-8938-d149ccc5e544 e9b5f01a8d8347b98401cc1ba37cd678 f1aefb37df6f44aaa8d030aa698c8832 - - f7b2a552975f4b9f8031dad981529eb6 f7b2a552975f4b9f8031dad981529eb6] 199.19.213.43 "GET /v2.0/ports?tenant_id=e4c9b40c70cc4d13aa8046933332264d&device_id=1a17d366-1f27-4cfa-b667-732aa63c2d0a HTTP/1.1" status: 200 len: 2665 time: 0.0445964
2026-05-12 17:45:14.632 9 INFO neutron.wsgi [req-04a4239a-4ffe-4d15-9282-ee2192ac622b req-221ff064-2b8c-4f74-b693-498ef4327b07 e9b5f01a8d8347b98401cc1ba37cd678 f1aefb37df6f44aaa8d030aa698c8832 - - f7b2a552975f4b9f8031dad981529eb6 f7b2a552975f4b9f8031dad981529eb6] 199.19.213.43 "GET /v2.0/floatingips?fixed_ip_address=172.24.1.226&port_id=e3655784-7fe4-42c3-8e63-613f8a27bd38 HTTP/1.1" status: 200 len: 217 time: 0.0218906
2026-05-12 17:45:14.665 9 INFO neutron.wsgi [req-04a4239a-4ffe-4d15-9282-ee2192ac622b req-5cea0264-5abf-45ed-9816-d0858f11fd97 e9b5f01a8d8347b98401cc1ba37cd678 f1aefb37df6f44aaa8d030aa698c8832 - - f7b2a552975f4b9f8031dad981529eb6 f7b2a552975f4b9f8031dad981529eb6] 199.19.213.43 "GET /v2.0/subnets?id=754278c1-fbf5-4bf8-944d-2b01d8af3a8e HTTP/1.1" status: 200 len: 829 time: 0.0284202
2026-05-12 17:45:14.688 9 INFO neutron.wsgi [req-04a4239a-4ffe-4d15-9282-ee2192ac622b req-f03df88a-a74d-4e17-b123-5a73717c9ad2 e9b5f01a8d8347b98401cc1ba37cd678 f1aefb37df6f44aaa8d030aa698c8832 - - f7b2a552975f4b9f8031dad981529eb6 f7b2a552975f4b9f8031dad981529eb6] 199.19.213.43 "GET /v2.0/ports?network_id=f02dfb20-701c-4c32-a107-3d34bb7ef664&device_owner=network%3Adhcp HTTP/1.1" status: 200 len: 210 time: 0.0193172
2026-05-12 17:45:14.755 9 INFO neutron.wsgi [req-04a4239a-4ffe-4d15-9282-ee2192ac622b req-7ec35780-9799-4f9e-8c49-42904cb6ca91 e9b5f01a8d8347b98401cc1ba37cd678 f1aefb37df6f44aaa8d030aa698c8832 - - f7b2a552975f4b9f8031dad981529eb6 f7b2a552975f4b9f8031dad981529eb6] 199.19.213.43 "GET /v2.0/networks/f02dfb20-701c-4c32-a107-3d34bb7ef664?fields=segments HTTP/1.1" status: 200 len: 212 time: 0.0621746
2026-05-12 17:45:14.834 9 INFO neutron.wsgi [req-04a4239a-4ffe-4d15-9282-ee2192ac622b req-9d1d0cb5-2d96-4116-9eb0-cbe4b309f4b1 e9b5f01a8d8347b98401cc1ba37cd678 f1aefb37df6f44aaa8d030aa698c8832 - - f7b2a552975f4b9f8031dad981529eb6 f7b2a552975f4b9f8031dad981529eb6] 199.19.213.43 "GET /v2.0/networks/f02dfb20-701c-4c32-a107-3d34bb7ef664?fields=provider%3Aphysical_network&fields=provider%3Anetwork_type HTTP/1.1" status: 200 len: 277 time: 0.0697258
2026-05-12 17:45:14.870 9 INFO neutron.wsgi [req-04a4239a-4ffe-4d15-9282-ee2192ac622b req-4387ba95-8d82-4646-a29c-09cd6cb6b42d e9b5f01a8d8347b98401cc1ba37cd678 f1aefb37df6f44aaa8d030aa698c8832 - - f7b2a552975f4b9f8031dad981529eb6 f7b2a552975f4b9f8031dad981529eb6] 199.19.213.43 "GET /v2.0/floatingips?fixed_ip_address=10.1.1.125&port_id=9f87c335-ace2-4dc0-8fda-0e63d8355ee5 HTTP/1.1" status: 200 len: 217 time: 0.0275488
2026-05-12 17:45:14.923 9 INFO neutron.wsgi [req-04a4239a-4ffe-4d15-9282-ee2192ac622b req-93dfe84b-71b5-44d6-8f0d-9960ca3f6bf1 e9b5f01a8d8347b98401cc1ba37cd678 f1aefb37df6f44aaa8d030aa698c8832 - - f7b2a552975f4b9f8031dad981529eb6 f7b2a552975f4b9f8031dad981529eb6] 199.19.213.43 "GET /v2.0/subnets?id=07352985-c120-4992-a9a2-c33b5cebd4d7 HTTP/1.1" status: 200 len: 854 time: 0.0454023
2026-05-12 17:45:14.954 9 INFO neutron.wsgi [req-04a4239a-4ffe-4d15-9282-ee2192ac622b req-174d7770-d8ad-49f7-98a8-5e1a91b44b22 e9b5f01a8d8347b98401cc1ba37cd678 f1aefb37df6f44aaa8d030aa698c8832 - - f7b2a552975f4b9f8031dad981529eb6 f7b2a552975f4b9f8031dad981529eb6] 199.19.213.43 "GET /v2.0/ports?network_id=8bd2a32b-0839-4a69-944d-b6750bc2aace&device_owner=network%3Adhcp HTTP/1.1" status: 200 len: 210 time: 0.0238910
2026-05-12 17:45:15.031 9 INFO neutron.wsgi [req-04a4239a-4ffe-4d15-9282-ee2192ac622b req-3f64cffd-5d84-45bd-a511-30d5cf9091bc e9b5f01a8d8347b98401cc1ba37cd678 f1aefb37df6f44aaa8d030aa698c8832 - - f7b2a552975f4b9f8031dad981529eb6 f7b2a552975f4b9f8031dad981529eb6] 199.19.213.43 "GET /v2.0/networks/8bd2a32b-0839-4a69-944d-b6750bc2aace?fields=segments HTTP/1.1" status: 200 len: 212 time: 0.0700624
2026-05-12 17:45:15.105 9 INFO neutron.wsgi [req-04a4239a-4ffe-4d15-9282-ee2192ac622b req-efaa51bb-196e-43d0-92c8-371f81f08f2d e9b5f01a8d8347b98401cc1ba37cd678 f1aefb37df6f44aaa8d030aa698c8832 - - f7b2a552975f4b9f8031dad981529eb6 f7b2a552975f4b9f8031dad981529eb6] 199.19.213.43 "GET /v2.0/networks/8bd2a32b-0839-4a69-944d-b6750bc2aace?fields=provider%3Aphysical_network&fields=provider%3Anetwork_type HTTP/1.1" status: 200 len: 277 time: 0.0676208
2026-05-12 17:45:15.206 10 INFO neutron.plugins.ml2.drivers.ovn.mech_driver.mech_driver [None req-dccbfcc7-2f93-4273-bcec-7377bf79d4cc - - - - - -] OVN reports status up for port: 9f87c335-ace2-4dc0-8fda-0e63d8355ee5
