2026-05-12 17:40:20.765 10 INFO neutron.db.ovn_revision_numbers_db [None req-8262f000-a92e-426c-bcfc-e6d263ea6e9b d17dd8b8f8a34200aefd14b344883cae b18a3c7626204d3fa2f796cfc6859079 - - default default] Successfully bumped revision number for resource 0ec29c50-4fae-4b4d-9b1e-e9c5afdb76ef (type: ports) to 1
2026-05-12 17:40:20.795 10 INFO neutron.wsgi [None req-8262f000-a92e-426c-bcfc-e6d263ea6e9b d17dd8b8f8a34200aefd14b344883cae b18a3c7626204d3fa2f796cfc6859079 - - default default] 10.0.0.112 "POST /v2.0/networks HTTP/1.1" status: 201 len: 1444 time: 1.9120402
2026-05-12 17:40:20.801 9 INFO neutron.wsgi [None req-cd514d46-1c9b-405b-a86c-a4e1ba6c1a9b ab91bec844144cd98f0353ef76c17496 8994e9be45ae4693b73c9ccc50fbb6a7 - - default default] 10.0.0.112 "DELETE /v2.0/ports/dbe9a1aa-1393-4eb8-9818-b7257cb2cca5 HTTP/1.1" status: 204 len: 168 time: 0.4036844 /var/lib/openstack/lib/python3.10/site-packages/pycadf/identifier.py:71: UserWarning: Invalid uuid: neutron. To ensure interoperability, identifiers should be a valid uuid. warnings.warn(('Invalid uuid: %s. To ensure interoperability, '
2026-05-12 17:40:20.838 9 INFO neutron.pecan_wsgi.hooks.translation [None req-8955b450-6d85-487a-87a6-84c90879dd74 ab91bec844144cd98f0353ef76c17496 8994e9be45ae4693b73c9ccc50fbb6a7 - - default default] DELETE failed (client error): The resource could not be found.
2026-05-12 17:40:20.841 9 INFO neutron.wsgi [None req-8955b450-6d85-487a-87a6-84c90879dd74 ab91bec844144cd98f0353ef76c17496 8994e9be45ae4693b73c9ccc50fbb6a7 - - default default] 10.0.0.112 "DELETE /v2.0/ports/dbe9a1aa-1393-4eb8-9818-b7257cb2cca5 HTTP/1.1" status: 404 len: 333 time: 0.0346057
2026-05-12 17:40:20.867 9 INFO neutron.pecan_wsgi.hooks.translation [None req-b25bdee1-cda7-4711-8443-7e5bbc2121ff ab91bec844144cd98f0353ef76c17496 8994e9be45ae4693b73c9ccc50fbb6a7 - - default default] GET failed (client error): The resource could not be found.
2026-05-12 17:40:20.868 9 INFO neutron.wsgi [None req-b25bdee1-cda7-4711-8443-7e5bbc2121ff ab91bec844144cd98f0353ef76c17496 8994e9be45ae4693b73c9ccc50fbb6a7 - - default default] 10.0.0.112 "GET /v2.0/ports/dbe9a1aa-1393-4eb8-9818-b7257cb2cca5 HTTP/1.1" status: 404 len: 333 time: 0.0226829
2026-05-12 17:40:20.922 10 INFO neutron.wsgi [None req-527c60fb-8f1b-4162-9e76-6f78318d6d2b d17dd8b8f8a34200aefd14b344883cae b18a3c7626204d3fa2f796cfc6859079 - - default default] 10.0.0.112 "GET /v2.0/networks HTTP/1.1" status: 200 len: 2050 time: 0.1225796
2026-05-12 17:40:20.928 10 INFO neutron.wsgi [None req-a7174e9a-5602-419b-9b10-a23c2f57e837 47cc16f72e9046638185cbc34bd09055 e4c9b40c70cc4d13aa8046933332264d - - default default] 10.0.0.112 "PUT /v2.0/routers/2a7b2ea1-2199-4e92-895a-c7101ce55a1f/remove_router_interface HTTP/1.1" status: 200 len: 503 time: 1.5565913 /var/lib/openstack/lib/python3.10/site-packages/pycadf/identifier.py:71: UserWarning: Invalid uuid: neutron. To ensure interoperability, identifiers should be a valid uuid. warnings.warn(('Invalid uuid: %s. To ensure interoperability, '
2026-05-12 17:40:21.272 10 INFO neutron.services.segments.plugin [-] Segment f5b1f962-7ecb-44d1-bf69-07baaec24af0 resource provider aggregate not found
2026-05-12 17:40:21.277 10 INFO neutron.services.segments.plugin [-] Segment f5b1f962-7ecb-44d1-bf69-07baaec24af0 resource provider aggregate not found
2026-05-12 17:40:21.287 10 INFO neutron.services.segments.plugin [-] Segment f5b1f962-7ecb-44d1-bf69-07baaec24af0 resource provider not found; error: Placement Client Error (4xx): {"errors": [{"status": 404, "title": "Not Found", "detail": "The resource could not be found.\n\n No resource provider with uuid f5b1f962-7ecb-44d1-bf69-07baaec24af0 found for delete ", "request_id": "req-3a37f1e5-4838-4aff-8e61-c0018cd4bf44"}]}
2026-05-12 17:40:21.294 10 INFO neutron.services.segments.plugin [-] Segment f5b1f962-7ecb-44d1-bf69-07baaec24af0 resource provider not found; error: Placement Client Error (4xx): {"errors": [{"status": 404, "title": "Not Found", "detail": "The resource could not be found.\n\n No resource provider with uuid f5b1f962-7ecb-44d1-bf69-07baaec24af0 found for delete ", "request_id": "req-86ef6674-f5df-4e14-ba32-27c1ecf4b9f1"}]}
2026-05-12 17:40:21.317 10 INFO neutron.wsgi [None req-99c07d9b-9da9-4b46-ac32-6d8235871389 d17dd8b8f8a34200aefd14b344883cae b18a3c7626204d3fa2f796cfc6859079 - - default default] 10.0.0.112 "DELETE /v2.0/networks/6daeb617-17d6-4990-b185-a295e350b7b6 HTTP/1.1" status: 204 len: 168 time: 0.3885541
2026-05-12 17:40:21.543 9 INFO neutron.wsgi [None req-3531f4d9-e913-4f6c-99af-9232ba68ceca ab91bec844144cd98f0353ef76c17496 8994e9be45ae4693b73c9ccc50fbb6a7 - - default default] 10.0.0.112 "DELETE /v2.0/subnets/2e7ccbba-79d3-4ebb-90b8-7ab099f5d13c HTTP/1.1" status: 204 len: 168 time: 0.6701050
2026-05-12 17:40:21.619 9 INFO neutron.wsgi [None req-a92a2937-ebf4-4aea-a6d9-bf044bada723 163592f9849c495c836dbd99d6f8c6d5 f22e11b4dfd9452e926f1303062920ed - - default default] 10.0.0.112 "DELETE /v2.0/routers/6535d852-71cf-4f01-99ff-95c0268b3ef5 HTTP/1.1" status: 204 len: 168 time: 1.3813987
2026-05-12 17:40:21.972 10 INFO neutron.wsgi [None req-c2fc4d1c-78cd-4e01-9623-f2a3050c2ed5 d17dd8b8f8a34200aefd14b344883cae b18a3c7626204d3fa2f796cfc6859079 - - default default] 10.0.0.112 "DELETE /v2.0/networks/987d2f70-5839-4276-b4d5-699c85be90dd HTTP/1.1" status: 204 len: 168 time: 0.6482828
2026-05-12 17:40:22.110 9 INFO neutron.wsgi [None req-24f31c42-6045-4265-9d02-7985a6499ae6 d17dd8b8f8a34200aefd14b344883cae b18a3c7626204d3fa2f796cfc6859079 - - default default] 10.0.0.112 "GET /v2.0/networks HTTP/1.1" status: 200 len: 845 time: 0.1325035
2026-05-12 17:40:22.129 9 INFO neutron.wsgi [None req-3aea1b86-d833-4a9a-ae71-a8c785ba36b4 47cc16f72e9046638185cbc34bd09055 e4c9b40c70cc4d13aa8046933332264d - - default default] 10.0.0.112 "DELETE /v2.0/routers/2a7b2ea1-2199-4e92-895a-c7101ce55a1f HTTP/1.1" status: 204 len: 168 time: 1.1925409
2026-05-12 17:40:22.137 10 WARNING neutron_lib.context [None req-4241f4c3-ac80-48fd-ad69-3ca4e1a71ca6 d17dd8b8f8a34200aefd14b344883cae b18a3c7626204d3fa2f796cfc6859079 - - default default] Method 'is_advsvc' is deprecated since 2023.2 release (neutron-lib 3.8.0) and will be removed once support for the old RBAC API policies will be removed from Neutron. Please use method 'is_service_role' instead.
2026-05-12 17:40:22.279 10 INFO neutron.db.segments_db [None req-4241f4c3-ac80-48fd-ad69-3ca4e1a71ca6 d17dd8b8f8a34200aefd14b344883cae b18a3c7626204d3fa2f796cfc6859079 - - default default] Added segment 51c87e51-5ebe-4d8f-b895-0356991cd7ee of type geneve for network b0f2cb03-84fc-4daa-888a-5bda14dace5e
2026-05-12 17:40:22.343 9 INFO neutron.wsgi [None req-1031b89f-4ea2-4e7c-9937-0bdf1d913432 47cc16f72e9046638185cbc34bd09055 e4c9b40c70cc4d13aa8046933332264d - - default default] 10.0.0.112 "DELETE /v2.0/subnets/9fb99669-151b-45c5-b34e-8b722b3ae92a HTTP/1.1" status: 204 len: 168 time: 0.2105885
2026-05-12 17:40:22.392 10 INFO neutron.wsgi [None req-3777f05b-de5b-4591-8150-0c794b4c18e8 ab91bec844144cd98f0353ef76c17496 8994e9be45ae4693b73c9ccc50fbb6a7 - - default default] 10.0.0.112 "DELETE /v2.0/networks/36e1267a-948c-4f7d-8178-8db07fc2da6e HTTP/1.1" status: 204 len: 168 time: 0.8428025
2026-05-12 17:40:22.402 9 WARNING neutron_lib.context [None req-8998dbb3-5000-47d4-aca8-5bd45721e9e8 ab91bec844144cd98f0353ef76c17496 8994e9be45ae4693b73c9ccc50fbb6a7 - - default default] Method 'is_advsvc' is deprecated since 2023.2 release (neutron-lib 3.8.0) and will be removed once support for the old RBAC API policies will be removed from Neutron. Please use method 'is_service_role' instead.
2026-05-12 17:40:22.430 10 INFO neutron.wsgi [None req-2a778ac9-f58c-483b-862d-f2aa0ade0e5e 163592f9849c495c836dbd99d6f8c6d5 f22e11b4dfd9452e926f1303062920ed - - default default] 10.0.0.112 "DELETE /v2.0/networks/b45536f8-ba06-42f6-8635-9f850ca36f96 HTTP/1.1" status: 204 len: 168 time: 0.8066597
2026-05-12 17:40:22.493 10 INFO neutron.db.ovn_revision_numbers_db [None req-4241f4c3-ac80-48fd-ad69-3ca4e1a71ca6 d17dd8b8f8a34200aefd14b344883cae b18a3c7626204d3fa2f796cfc6859079 - - default default] Successfully bumped revision number for resource b0f2cb03-84fc-4daa-888a-5bda14dace5e (type: networks) to 1
2026-05-12 17:40:22.498 9 INFO neutron.db.segments_db [None req-8998dbb3-5000-47d4-aca8-5bd45721e9e8 ab91bec844144cd98f0353ef76c17496 8994e9be45ae4693b73c9ccc50fbb6a7 - - default default] Added segment 5f64275e-7fa6-4b9d-b60b-a9bb04df5be8 of type geneve for network a7d0b5f4-7e37-45ef-820b-304be2bf15db
2026-05-12 17:40:22.662 10 WARNING neutron.scheduler.dhcp_agent_scheduler [None req-4241f4c3-ac80-48fd-ad69-3ca4e1a71ca6 d17dd8b8f8a34200aefd14b344883cae b18a3c7626204d3fa2f796cfc6859079 - - default default] No more DHCP agents
2026-05-12 17:40:22.664 10 WARNING neutron.api.rpc.agentnotifiers.dhcp_rpc_agent_api [None req-4241f4c3-ac80-48fd-ad69-3ca4e1a71ca6 d17dd8b8f8a34200aefd14b344883cae b18a3c7626204d3fa2f796cfc6859079 - - default default] Unable to schedule network b0f2cb03-84fc-4daa-888a-5bda14dace5e: no agents available; will retry on subsequent port and subnet creation events.
2026-05-12 17:40:22.676 9 INFO neutron.db.ovn_revision_numbers_db [None req-8998dbb3-5000-47d4-aca8-5bd45721e9e8 ab91bec844144cd98f0353ef76c17496 8994e9be45ae4693b73c9ccc50fbb6a7 - - default default] Successfully bumped revision number for resource a7d0b5f4-7e37-45ef-820b-304be2bf15db (type: networks) to 1
2026-05-12 17:40:22.750 10 INFO neutron.db.ovn_revision_numbers_db [None req-4241f4c3-ac80-48fd-ad69-3ca4e1a71ca6 d17dd8b8f8a34200aefd14b344883cae b18a3c7626204d3fa2f796cfc6859079 - - default default] Successfully bumped revision number for resource ba077dff-69c4-4cf7-8c5f-7d8dfff7580b (type: ports) to 1
2026-05-12 17:40:22.771 10 INFO neutron.wsgi [None req-4241f4c3-ac80-48fd-ad69-3ca4e1a71ca6 d17dd8b8f8a34200aefd14b344883cae b18a3c7626204d3fa2f796cfc6859079 - - default default] 10.0.0.112 "POST /v2.0/networks HTTP/1.1" status: 201 len: 849 time: 0.6541514
2026-05-12 17:40:22.779 10 WARNING neutron_lib.context [None req-ff07ecef-2023-44c9-94b6-1ec5fd59d700 d17dd8b8f8a34200aefd14b344883cae b18a3c7626204d3fa2f796cfc6859079 - - default default] Method 'is_advsvc' is deprecated since 2023.2 release (neutron-lib 3.8.0) and will be removed once support for the old RBAC API policies will be removed from Neutron. Please use method 'is_service_role' instead.
2026-05-12 17:40:22.840 9 INFO neutron.services.segments.plugin [-] Segment 9339f83b-fd8b-4bf8-85ab-6418fe996b15 resource provider aggregate not found
2026-05-12 17:40:22.845 9 INFO neutron.services.segments.plugin [-] Segment 9339f83b-fd8b-4bf8-85ab-6418fe996b15 resource provider aggregate not found
2026-05-12 17:40:22.854 9 INFO neutron.services.segments.plugin [-] Segment 9339f83b-fd8b-4bf8-85ab-6418fe996b15 resource provider not found; error: Placement Client Error (4xx): {"errors": [{"status": 404, "title": "Not Found", "detail": "The resource could not be found.\n\n No resource provider with uuid 9339f83b-fd8b-4bf8-85ab-6418fe996b15 found for delete ", "request_id": "req-03be1552-10e5-413d-94f2-8f931ad54eed"}]}
2026-05-12 17:40:22.861 9 INFO neutron.services.segments.plugin [-] Segment 9339f83b-fd8b-4bf8-85ab-6418fe996b15 resource provider not found; error: Placement Client Error (4xx): {"errors": [{"status": 404, "title": "Not Found", "detail": "The resource could not be found.\n\n No resource provider with uuid 9339f83b-fd8b-4bf8-85ab-6418fe996b15 found for delete ", "request_id": "req-de99fa43-4d2f-4d62-91da-ca6c3e1a0b6c"}]}
2026-05-12 17:40:22.886 9 INFO neutron.wsgi [None req-ae46d34a-b7d2-49b9-93a1-316dd4816dea 47cc16f72e9046638185cbc34bd09055 e4c9b40c70cc4d13aa8046933332264d - - default default] 10.0.0.112 "DELETE /v2.0/networks/41b04651-eb1f-47bb-bbc9-be64a017f3be HTTP/1.1" status: 204 len: 168 time: 0.5366955
2026-05-12 17:40:22.894 10 INFO neutron.db.segments_db [None req-ff07ecef-2023-44c9-94b6-1ec5fd59d700 d17dd8b8f8a34200aefd14b344883cae b18a3c7626204d3fa2f796cfc6859079 - - default default] Added segment 7e8683d4-dcef-43e2-b7ec-c9178fe18c8d of type geneve for network 9eb6089b-c8e7-4311-bcf9-82d0bd6984a9
2026-05-12 17:40:22.914 9 WARNING neutron.scheduler.dhcp_agent_scheduler [None req-8998dbb3-5000-47d4-aca8-5bd45721e9e8 ab91bec844144cd98f0353ef76c17496 8994e9be45ae4693b73c9ccc50fbb6a7 - - default default] No more DHCP agents
2026-05-12 17:40:22.917 9 WARNING neutron.api.rpc.agentnotifiers.dhcp_rpc_agent_api [None req-8998dbb3-5000-47d4-aca8-5bd45721e9e8 ab91bec844144cd98f0353ef76c17496 8994e9be45ae4693b73c9ccc50fbb6a7 - - default default] Unable to schedule network a7d0b5f4-7e37-45ef-820b-304be2bf15db: no agents available; will retry on subsequent port and subnet creation events.
2026-05-12 17:40:23.001 9 INFO neutron.db.ovn_revision_numbers_db [None req-8998dbb3-5000-47d4-aca8-5bd45721e9e8 ab91bec844144cd98f0353ef76c17496 8994e9be45ae4693b73c9ccc50fbb6a7 - - default default] Successfully bumped revision number for resource 161c69d3-2d6a-421a-9d67-1c87a0b8fff2 (type: ports) to 1
2026-05-12 17:40:23.018 9 INFO neutron.wsgi [None req-8998dbb3-5000-47d4-aca8-5bd45721e9e8 ab91bec844144cd98f0353ef76c17496 8994e9be45ae4693b73c9ccc50fbb6a7 - - default default] 10.0.0.112 "POST /v2.0/networks HTTP/1.1" status: 201 len: 831 time: 0.6199088
2026-05-12 17:40:23.029 9 WARNING neutron_lib.context [None req-fa51ac9f-1858-4ca1-87a6-c2719f11383d ab91bec844144cd98f0353ef76c17496 8994e9be45ae4693b73c9ccc50fbb6a7 - - default default] Method 'is_advsvc' is deprecated since 2023.2 release (neutron-lib 3.8.0) and will be removed once support for the old RBAC API policies will be removed from Neutron. Please use method 'is_service_role' instead.
2026-05-12 17:40:23.051 10 INFO neutron.db.ovn_revision_numbers_db [None req-ff07ecef-2023-44c9-94b6-1ec5fd59d700 d17dd8b8f8a34200aefd14b344883cae b18a3c7626204d3fa2f796cfc6859079 - - default default] Successfully bumped revision number for resource 9eb6089b-c8e7-4311-bcf9-82d0bd6984a9 (type: networks) to 1
2026-05-12 17:40:23.130 9 INFO neutron.wsgi [None req-994ed185-1956-422c-a530-87ca6cfe07ac 47cc16f72e9046638185cbc34bd09055 e4c9b40c70cc4d13aa8046933332264d - - default default] 10.0.0.112 "GET /v2.0/security-groups?tenant_id=543b054082004ff38cacdf23608d078d&name=default HTTP/1.1" status: 200 len: 2996 time: 0.0482342
2026-05-12 17:40:23.232 10 WARNING neutron.scheduler.dhcp_agent_scheduler [None req-ff07ecef-2023-44c9-94b6-1ec5fd59d700 d17dd8b8f8a34200aefd14b344883cae b18a3c7626204d3fa2f796cfc6859079 - - default default] No more DHCP agents
2026-05-12 17:40:23.234 10 WARNING neutron.api.rpc.agentnotifiers.dhcp_rpc_agent_api [None req-ff07ecef-2023-44c9-94b6-1ec5fd59d700 d17dd8b8f8a34200aefd14b344883cae b18a3c7626204d3fa2f796cfc6859079 - - default default] Unable to schedule network 9eb6089b-c8e7-4311-bcf9-82d0bd6984a9: no agents available; will retry on subsequent port and subnet creation events.
2026-05-12 17:40:23.288 9 WARNING neutron.scheduler.dhcp_agent_scheduler [None req-fa51ac9f-1858-4ca1-87a6-c2719f11383d ab91bec844144cd98f0353ef76c17496 8994e9be45ae4693b73c9ccc50fbb6a7 - - default default] No more DHCP agents
2026-05-12 17:40:23.293 9 WARNING neutron.api.rpc.agentnotifiers.dhcp_rpc_agent_api [None req-fa51ac9f-1858-4ca1-87a6-c2719f11383d ab91bec844144cd98f0353ef76c17496 8994e9be45ae4693b73c9ccc50fbb6a7 - - default default] Unable to schedule network a7d0b5f4-7e37-45ef-820b-304be2bf15db: no agents available; will retry on subsequent port and subnet creation events.
2026-05-12 17:40:23.310 10 INFO neutron.services.segments.plugin [-] Segment 54d01dbb-c42f-452f-9eaf-5b7937d53714 resource provider aggregate not found
2026-05-12 17:40:23.315 10 INFO neutron.services.segments.plugin [-] Segment 54d01dbb-c42f-452f-9eaf-5b7937d53714 resource provider aggregate not found
2026-05-12 17:40:23.329 10 INFO neutron.services.segments.plugin [-] Segment 54d01dbb-c42f-452f-9eaf-5b7937d53714 resource provider not found; error: Placement Client Error (4xx): {"errors": [{"status": 404, "title": "Not Found", "detail": "The resource could not be found.\n\n No resource provider with uuid 54d01dbb-c42f-452f-9eaf-5b7937d53714 found for delete ", "request_id": "req-4beb6b55-5cc6-4e68-8424-d6d79aaf9506"}]}
2026-05-12 17:40:23.334 10 INFO neutron.services.segments.plugin [-] Segment 54d01dbb-c42f-452f-9eaf-5b7937d53714 resource provider not found; error: Placement Client Error (4xx): {"errors": [{"status": 404, "title": "Not Found", "detail": "The resource could not be found.\n\n No resource provider with uuid 54d01dbb-c42f-452f-9eaf-5b7937d53714 found for delete ", "request_id": "req-eca8e994-5963-41c7-b40e-958696dca788"}]}
2026-05-12 17:40:23.348 10 INFO neutron.services.segments.plugin [-] Segment 0d5acc42-8d14-4fef-83eb-d1301e2f5d16 resource provider aggregate not found
2026-05-12 17:40:23.353 10 INFO neutron.services.segments.plugin [-] Segment 0d5acc42-8d14-4fef-83eb-d1301e2f5d16 resource provider aggregate not found
2026-05-12 17:40:23.360 10 INFO neutron.services.segments.plugin [-] Segment 0d5acc42-8d14-4fef-83eb-d1301e2f5d16 resource provider not found; error: Placement Client Error (4xx): {"errors": [{"status": 404, "title": "Not Found", "detail": "The resource could not be found.\n\n No resource provider with uuid 0d5acc42-8d14-4fef-83eb-d1301e2f5d16 found for delete ", "request_id": "req-35ca07a6-a993-4a32-aa5a-b72289989f82"}]}
2026-05-12 17:40:23.366 10 INFO neutron.db.ovn_revision_numbers_db [None req-ff07ecef-2023-44c9-94b6-1ec5fd59d700 d17dd8b8f8a34200aefd14b344883cae b18a3c7626204d3fa2f796cfc6859079 - - default default] Successfully bumped revision number for resource 7299ee6b-18fc-4826-af4d-7f1c895d8943 (type: ports) to 1
2026-05-12 17:40:23.371 10 INFO neutron.services.segments.plugin [-] Segment 0d5acc42-8d14-4fef-83eb-d1301e2f5d16 resource provider not found; error: Placement Client Error (4xx): {"errors": [{"status": 404, "title": "Not Found", "detail": "The resource could not be found.\n\n No resource provider with uuid 0d5acc42-8d14-4fef-83eb-d1301e2f5d16 found for delete ", "request_id": "req-f5eb5279-ca00-4587-a7a0-a7c2f1283f9e"}]}
2026-05-12 17:40:23.377 10 INFO neutron.services.segments.plugin [-] Segment 5a1a68f5-1415-48e3-8548-d206f4aa28ce resource provider aggregate not found
2026-05-12 17:40:23.387 10 INFO neutron.services.segments.plugin [-] Segment 5a1a68f5-1415-48e3-8548-d206f4aa28ce resource provider aggregate not found
2026-05-12 17:40:23.392 10 INFO neutron.services.segments.plugin [-] Segment 5a1a68f5-1415-48e3-8548-d206f4aa28ce resource provider not found; error: Placement Client Error (4xx): {"errors": [{"status": 404, "title": "Not Found", "detail": "The resource could not be found.\n\n No resource provider with uuid 5a1a68f5-1415-48e3-8548-d206f4aa28ce found for delete ", "request_id": "req-63706bcc-52fd-433c-80fd-644907a0f64d"}]}
2026-05-12 17:40:23.400 9 INFO neutron.wsgi [None req-3daa519c-2407-4c7f-9886-282fda348c53 47cc16f72e9046638185cbc34bd09055 e4c9b40c70cc4d13aa8046933332264d - - default default] 10.0.0.112 "DELETE /v2.0/security-groups/122e5750-12d8-41c1-b3d8-2c34df3b8224 HTTP/1.1" status: 204 len: 168 time: 0.2656124
2026-05-12 17:40:23.402 10 INFO neutron.wsgi [None req-ff07ecef-2023-44c9-94b6-1ec5fd59d700 d17dd8b8f8a34200aefd14b344883cae b18a3c7626204d3fa2f796cfc6859079 - - default default] 10.0.0.112 "POST /v2.0/networks HTTP/1.1" status: 201 len: 849 time: 0.6276515
2026-05-12 17:40:23.406 10 INFO neutron.services.segments.plugin [-] Segment 5a1a68f5-1415-48e3-8548-d206f4aa28ce resource provider not found; error: Placement Client Error (4xx): {"errors": [{"status": 404, "title": "Not Found", "detail": "The resource could not be found.\n\n No resource provider with uuid 5a1a68f5-1415-48e3-8548-d206f4aa28ce found for delete ", "request_id": "req-188d8e43-f4da-47ca-a51e-c987744c123f"}]}
2026-05-12 17:40:23.410 9 WARNING neutron_lib.context [None req-ecf79903-6e5e-41d2-b458-6b99740beee4 d17dd8b8f8a34200aefd14b344883cae b18a3c7626204d3fa2f796cfc6859079 - - default default] Method 'is_advsvc' is deprecated since 2023.2 release (neutron-lib 3.8.0) and will be removed once support for the old RBAC API policies will be removed from Neutron. Please use method 'is_service_role' instead.
2026-05-12 17:40:23.467 9 WARNING neutron_lib.context [None req-ecf79903-6e5e-41d2-b458-6b99740beee4 d17dd8b8f8a34200aefd14b344883cae b18a3c7626204d3fa2f796cfc6859079 - - default default] Method 'is_advsvc' is deprecated since 2023.2 release (neutron-lib 3.8.0) and will be removed once support for the old RBAC API policies will be removed from Neutron. Please use method 'is_service_role' instead.
2026-05-12 17:40:23.486 9 INFO neutron.wsgi [None req-cab2bf1e-4fd7-4f20-928d-2f6c0eb35f33 47cc16f72e9046638185cbc34bd09055 e4c9b40c70cc4d13aa8046933332264d - - default default] 10.0.0.112 "GET /v2.0/security-groups?tenant_id=f22e11b4dfd9452e926f1303062920ed&name=default HTTP/1.1" status: 200 len: 2996 time: 0.2666159
2026-05-12 17:40:23.668 10 INFO neutron.wsgi [None req-2da3fa57-83bc-4763-b0c0-8744b8a53671 47cc16f72e9046638185cbc34bd09055 e4c9b40c70cc4d13aa8046933332264d - - default default] 10.0.0.112 "DELETE /v2.0/security-groups/11677991-eea8-46c7-a5fd-d8f6369252cc HTTP/1.1" status: 204 len: 168 time: 0.1771517
2026-05-12 17:40:23.873 9 INFO neutron.db.ovn_revision_numbers_db [None req-fa51ac9f-1858-4ca1-87a6-c2719f11383d ab91bec844144cd98f0353ef76c17496 8994e9be45ae4693b73c9ccc50fbb6a7 - - default default] Successfully bumped revision number for resource 161c69d3-2d6a-421a-9d67-1c87a0b8fff2 (type: ports) to 2
2026-05-12 17:40:23.920 9 INFO neutron.db.ovn_revision_numbers_db [None req-fa51ac9f-1858-4ca1-87a6-c2719f11383d ab91bec844144cd98f0353ef76c17496 8994e9be45ae4693b73c9ccc50fbb6a7 - - default default] Successfully bumped revision number for resource 93e56aad-b81d-48f8-8b1a-bbb76bb14c14 (type: subnets) to 0
2026-05-12 17:40:23.925 10 INFO neutron.db.ovn_revision_numbers_db [None req-cfee0704-93c3-4feb-b6b5-3b86cafb8b49 47cc16f72e9046638185cbc34bd09055 e4c9b40c70cc4d13aa8046933332264d - - default default] Successfully bumped revision number for resource b97dec4b-25c5-47a3-abe6-12bff9353ad3 (type: security_groups) to 1
2026-05-12 17:40:23.934 9 INFO neutron.wsgi [None req-fa51ac9f-1858-4ca1-87a6-c2719f11383d ab91bec844144cd98f0353ef76c17496 8994e9be45ae4693b73c9ccc50fbb6a7 - - default default] 10.0.0.112 "POST /v2.0/subnets HTTP/1.1" status: 201 len: 801 time: 0.9095721
2026-05-12 17:40:23.944 10 WARNING neutron_lib.context [None req-3a0d805c-c405-48f4-8d1f-3595bd4b07f7 ab91bec844144cd98f0353ef76c17496 8994e9be45ae4693b73c9ccc50fbb6a7 - - default default] Method 'is_advsvc' is deprecated since 2023.2 release (neutron-lib 3.8.0) and will be removed once support for the old RBAC API policies will be removed from Neutron. Please use method 'is_service_role' instead.
2026-05-12 17:40:23.946 10 INFO neutron.db.ovn_revision_numbers_db [None req-cfee0704-93c3-4feb-b6b5-3b86cafb8b49 47cc16f72e9046638185cbc34bd09055 e4c9b40c70cc4d13aa8046933332264d - - default default] Successfully bumped revision number for resource 1947fe27-020a-4611-9d40-9cd17d9dbd24 (type: security_group_rules) to 0
2026-05-12 17:40:23.949 9 WARNING neutron.scheduler.dhcp_agent_scheduler [None req-ecf79903-6e5e-41d2-b458-6b99740beee4 d17dd8b8f8a34200aefd14b344883cae b18a3c7626204d3fa2f796cfc6859079 - - default default] No more DHCP agents
2026-05-12 17:40:23.952 9 WARNING neutron.api.rpc.agentnotifiers.dhcp_rpc_agent_api [None req-ecf79903-6e5e-41d2-b458-6b99740beee4 d17dd8b8f8a34200aefd14b344883cae b18a3c7626204d3fa2f796cfc6859079 - - default default] Unable to schedule network b0f2cb03-84fc-4daa-888a-5bda14dace5e: no agents available; will retry on subsequent port and subnet creation events.
2026-05-12 17:40:23.974 10 INFO neutron.db.ovn_revision_numbers_db [None req-cfee0704-93c3-4feb-b6b5-3b86cafb8b49 47cc16f72e9046638185cbc34bd09055 e4c9b40c70cc4d13aa8046933332264d - - default default] Successfully bumped revision number for resource 19ca58a0-edce-4f44-94c6-b249f196e57d (type: security_group_rules) to 0
2026-05-12 17:40:23.994 10 INFO neutron.db.ovn_revision_numbers_db [None req-cfee0704-93c3-4feb-b6b5-3b86cafb8b49 47cc16f72e9046638185cbc34bd09055 e4c9b40c70cc4d13aa8046933332264d - - default default] Successfully bumped revision number for resource 33ba9024-2f8b-47df-8c72-b11e3707f471 (type: security_group_rules) to 0
2026-05-12 17:40:24.018 10 INFO neutron.db.ovn_revision_numbers_db [None req-cfee0704-93c3-4feb-b6b5-3b86cafb8b49 47cc16f72e9046638185cbc34bd09055 e4c9b40c70cc4d13aa8046933332264d - - default default] Successfully bumped revision number for resource ba79b92f-fb05-4c92-b46e-ddfb2fec80ba (type: security_group_rules) to 0
2026-05-12 17:40:24.033 9 INFO neutron.db.ovn_revision_numbers_db [None req-ecf79903-6e5e-41d2-b458-6b99740beee4 d17dd8b8f8a34200aefd14b344883cae b18a3c7626204d3fa2f796cfc6859079 - - default default] Successfully bumped revision number for resource e12bd199-4e7b-474d-8686-91dfffce86ca (type: ports) to 1
2026-05-12 17:40:24.044 10 INFO neutron.wsgi [None req-cfee0704-93c3-4feb-b6b5-3b86cafb8b49 47cc16f72e9046638185cbc34bd09055 e4c9b40c70cc4d13aa8046933332264d - - default default] 10.0.0.112 "GET /v2.0/security-groups?tenant_id=5585027a116d4bff9ea079a789edf2d9&name=default HTTP/1.1" status: 200 len: 2996 time: 0.2354288 /var/lib/openstack/lib/python3.10/site-packages/pycadf/identifier.py:71: UserWarning: Invalid uuid: neutron. To ensure interoperability, identifiers should be a valid uuid. warnings.warn(('Invalid uuid: %s. To ensure interoperability, '
2026-05-12 17:40:24.079 9 WARNING neutron.scheduler.dhcp_agent_scheduler [None req-ecf79903-6e5e-41d2-b458-6b99740beee4 d17dd8b8f8a34200aefd14b344883cae b18a3c7626204d3fa2f796cfc6859079 - - default default] No more DHCP agents
2026-05-12 17:40:24.082 9 WARNING neutron.api.rpc.agentnotifiers.dhcp_rpc_agent_api [None req-ecf79903-6e5e-41d2-b458-6b99740beee4 d17dd8b8f8a34200aefd14b344883cae b18a3c7626204d3fa2f796cfc6859079 - - default default] Unable to schedule network 9eb6089b-c8e7-4311-bcf9-82d0bd6984a9: no agents available; will retry on subsequent port and subnet creation events.
2026-05-12 17:40:24.179 9 INFO neutron.db.ovn_revision_numbers_db [None req-ecf79903-6e5e-41d2-b458-6b99740beee4 d17dd8b8f8a34200aefd14b344883cae b18a3c7626204d3fa2f796cfc6859079 - - default default] Successfully bumped revision number for resource 582d01d2-aa3e-45ad-b570-a18122e0d317 (type: ports) to 1
2026-05-12 17:40:24.203 9 INFO neutron.wsgi [None req-ecf79903-6e5e-41d2-b458-6b99740beee4 d17dd8b8f8a34200aefd14b344883cae b18a3c7626204d3fa2f796cfc6859079 - - default default] 10.0.0.112 "POST /v2.0/ports HTTP/1.1" status: 201 len: 1705 time: 0.7976441 /var/lib/openstack/lib/python3.10/site-packages/pycadf/identifier.py:71: UserWarning: Invalid uuid: neutron. To ensure interoperability, identifiers should be a valid uuid. warnings.warn(('Invalid uuid: %s. To ensure interoperability, '
2026-05-12 17:40:24.290 10 WARNING neutron.scheduler.dhcp_agent_scheduler [None req-3a0d805c-c405-48f4-8d1f-3595bd4b07f7 ab91bec844144cd98f0353ef76c17496 8994e9be45ae4693b73c9ccc50fbb6a7 - - default default] No more DHCP agents
2026-05-12 17:40:24.292 10 WARNING neutron.api.rpc.agentnotifiers.dhcp_rpc_agent_api [None req-3a0d805c-c405-48f4-8d1f-3595bd4b07f7 ab91bec844144cd98f0353ef76c17496 8994e9be45ae4693b73c9ccc50fbb6a7 - - default default] Unable to schedule network a7d0b5f4-7e37-45ef-820b-304be2bf15db: no agents available; will retry on subsequent port and subnet creation events.
2026-05-12 17:40:24.323 9 INFO neutron.wsgi [None req-11a99be6-1329-4574-b0e3-53b95581da4c d17dd8b8f8a34200aefd14b344883cae b18a3c7626204d3fa2f796cfc6859079 - - default default] 10.0.0.112 "GET /v2.0/ports HTTP/1.1" status: 200 len: 3212 time: 0.1148279
2026-05-12 17:40:24.340 9 INFO neutron.wsgi [None req-1266d467-47c5-4b21-a000-af7361061deb 47cc16f72e9046638185cbc34bd09055 e4c9b40c70cc4d13aa8046933332264d - - default default] 10.0.0.112 "DELETE /v2.0/security-groups/b97dec4b-25c5-47a3-abe6-12bff9353ad3 HTTP/1.1" status: 204 len: 168 time: 0.2833145
2026-05-12 17:40:24.475 10 INFO neutron.db.ovn_revision_numbers_db [None req-3a0d805c-c405-48f4-8d1f-3595bd4b07f7 ab91bec844144cd98f0353ef76c17496 8994e9be45ae4693b73c9ccc50fbb6a7 - - default default] Successfully bumped revision number for resource d5d42dc6-995b-4fcb-8bff-8cf79ff56b03 (type: ports) to 1
2026-05-12 17:40:24.499 10 INFO neutron.wsgi [None req-3a0d805c-c405-48f4-8d1f-3595bd4b07f7 ab91bec844144cd98f0353ef76c17496 8994e9be45ae4693b73c9ccc50fbb6a7 - - default default] 10.0.0.112 "POST /v2.0/ports HTTP/1.1" status: 201 len: 1111 time: 0.5600231
2026-05-12 17:40:24.544 9 INFO neutron.wsgi [None req-c91a8acd-064b-4cb6-b150-97a66131c5f0 d17dd8b8f8a34200aefd14b344883cae b18a3c7626204d3fa2f796cfc6859079 - - default default] 10.0.0.112 "DELETE /v2.0/ports/e12bd199-4e7b-474d-8686-91dfffce86ca HTTP/1.1" status: 204 len: 168 time: 0.2149823
2026-05-12 17:40:24.765 9 INFO neutron.wsgi [None req-f75034c3-dffc-4936-832d-f11634bad093 d17dd8b8f8a34200aefd14b344883cae b18a3c7626204d3fa2f796cfc6859079 - - default default] 10.0.0.112 "DELETE /v2.0/ports/582d01d2-aa3e-45ad-b570-a18122e0d317 HTTP/1.1" status: 204 len: 168 time: 0.2161336
2026-05-12 17:40:24.789 10 INFO neutron.wsgi [-] 10.0.0.232 "GET / HTTP/1.1" status: 200 len: 246 time: 0.0013106
2026-05-12 17:40:24.791 10 INFO neutron.wsgi [-] 10.0.0.232 "GET / HTTP/1.1" status: 200 len: 246 time: 0.0008676
2026-05-12 17:40:24.820 10 INFO neutron.wsgi [None req-df8f0b56-92b8-4d49-86e5-cf2f8ac638d6 ab91bec844144cd98f0353ef76c17496 8994e9be45ae4693b73c9ccc50fbb6a7 - - default default] 10.0.0.112 "DELETE /v2.0/ports/d5d42dc6-995b-4fcb-8bff-8cf79ff56b03 HTTP/1.1" status: 204 len: 168 time: 0.3163712
2026-05-12 17:40:24.838 10 INFO neutron.pecan_wsgi.hooks.translation [None req-b1e237ba-2148-42f7-b48c-64db25304e24 ab91bec844144cd98f0353ef76c17496 8994e9be45ae4693b73c9ccc50fbb6a7 - - default default] GET failed (client error): The resource could not be found.
2026-05-12 17:40:24.840 10 INFO neutron.wsgi [None req-b1e237ba-2148-42f7-b48c-64db25304e24 ab91bec844144cd98f0353ef76c17496 8994e9be45ae4693b73c9ccc50fbb6a7 - - default default] 10.0.0.112 "GET /v2.0/ports/d5d42dc6-995b-4fcb-8bff-8cf79ff56b03 HTTP/1.1" status: 404 len: 333 time: 0.0160193
2026-05-12 17:40:25.048 10 INFO neutron.wsgi [None req-ac9d4378-a2dd-4acb-87e8-625baf19500c ab91bec844144cd98f0353ef76c17496 8994e9be45ae4693b73c9ccc50fbb6a7 - - default default] 10.0.0.112 "DELETE /v2.0/subnets/93e56aad-b81d-48f8-8b1a-bbb76bb14c14 HTTP/1.1" status: 204 len: 168 time: 0.2041349
2026-05-12 17:40:25.056 9 INFO neutron.wsgi [None req-3046cb17-e360-4e00-a937-5a43501bc42a d17dd8b8f8a34200aefd14b344883cae b18a3c7626204d3fa2f796cfc6859079 - - default default] 10.0.0.112 "GET /v2.0/ports HTTP/1.1" status: 200 len: 1718 time: 0.2861998
2026-05-12 17:40:25.065 9 WARNING neutron_lib.context [None req-90cdfaec-2a49-4838-971b-68d262b7f000 d17dd8b8f8a34200aefd14b344883cae b18a3c7626204d3fa2f796cfc6859079 - - default default] Method 'is_advsvc' is deprecated since 2023.2 release (neutron-lib 3.8.0) and will be removed once support for the old RBAC API policies will be removed from Neutron. Please use method 'is_service_role' instead.
2026-05-12 17:40:25.136 9 INFO neutron.db.segments_db [None req-90cdfaec-2a49-4838-971b-68d262b7f000 d17dd8b8f8a34200aefd14b344883cae b18a3c7626204d3fa2f796cfc6859079 - - default default] Added segment f1d3a7e0-430a-4976-836e-8d40f68ba815 of type geneve for network 629fac4a-0091-4006-bf6c-0dc6f9b2838a
2026-05-12 17:40:25.261 10 INFO neutron.db.ovn_revision_numbers_db [None req-8c1a4fb1-1885-4335-9717-a2562d74bf69 47cc16f72e9046638185cbc34bd09055 e4c9b40c70cc4d13aa8046933332264d - - default default] Successfully bumped revision number for resource 87e1d4bf-aa7b-4824-9615-859bd9836a4e (type: security_groups) to 1
2026-05-12 17:40:25.270 9 INFO neutron.db.ovn_revision_numbers_db [None req-90cdfaec-2a49-4838-971b-68d262b7f000 d17dd8b8f8a34200aefd14b344883cae b18a3c7626204d3fa2f796cfc6859079 - - default default] Successfully bumped revision number for resource 629fac4a-0091-4006-bf6c-0dc6f9b2838a (type: networks) to 1
2026-05-12 17:40:25.284 10 INFO neutron.db.ovn_revision_numbers_db [None req-8c1a4fb1-1885-4335-9717-a2562d74bf69 47cc16f72e9046638185cbc34bd09055 e4c9b40c70cc4d13aa8046933332264d - - default default] Successfully bumped revision number for resource 173cfc56-56f7-449b-b18e-2b0ed583f783 (type: security_group_rules) to 0
2026-05-12 17:40:25.305 10 INFO neutron.db.ovn_revision_numbers_db [None req-8c1a4fb1-1885-4335-9717-a2562d74bf69 47cc16f72e9046638185cbc34bd09055 e4c9b40c70cc4d13aa8046933332264d - - default default] Successfully bumped revision number for resource 1bfe51a6-710f-414f-adb2-07051eb6d531 (type: security_group_rules) to 0
2026-05-12 17:40:25.328 10 INFO neutron.db.ovn_revision_numbers_db [None req-8c1a4fb1-1885-4335-9717-a2562d74bf69 47cc16f72e9046638185cbc34bd09055 e4c9b40c70cc4d13aa8046933332264d - - default default] Successfully bumped revision number for resource 5d3c48e2-bbec-44ac-92d8-ce29b747327b (type: security_group_rules) to 0
2026-05-12 17:40:25.345 10 INFO neutron.db.ovn_revision_numbers_db [None req-8c1a4fb1-1885-4335-9717-a2562d74bf69 47cc16f72e9046638185cbc34bd09055 e4c9b40c70cc4d13aa8046933332264d - - default default] Successfully bumped revision number for resource d7f05b51-1efc-4aad-b635-2730e8ef9302 (type: security_group_rules) to 0
2026-05-12 17:40:25.412 10 INFO neutron.db.segments_db [None req-8c1a4fb1-1885-4335-9717-a2562d74bf69 47cc16f72e9046638185cbc34bd09055 e4c9b40c70cc4d13aa8046933332264d - - default default] Added segment 79dd36e2-913c-4469-bd5c-7b9088c27a63 of type geneve for network 65b80fdf-b26c-407e-b512-8f80ed860e4b
2026-05-12 17:40:25.416 10 INFO neutron.services.segments.plugin [-] Segment 5f64275e-7fa6-4b9d-b60b-a9bb04df5be8 resource provider aggregate not found
2026-05-12 17:40:25.417 9 WARNING neutron.scheduler.dhcp_agent_scheduler [None req-90cdfaec-2a49-4838-971b-68d262b7f000 d17dd8b8f8a34200aefd14b344883cae b18a3c7626204d3fa2f796cfc6859079 - - default default] No more DHCP agents
2026-05-12 17:40:25.420 9 WARNING neutron.api.rpc.agentnotifiers.dhcp_rpc_agent_api [None req-90cdfaec-2a49-4838-971b-68d262b7f000 d17dd8b8f8a34200aefd14b344883cae b18a3c7626204d3fa2f796cfc6859079 - - default default] Unable to schedule network 629fac4a-0091-4006-bf6c-0dc6f9b2838a: no agents available; will retry on subsequent port and subnet creation events.
2026-05-12 17:40:25.427 10 INFO neutron.services.segments.plugin [-] Segment 5f64275e-7fa6-4b9d-b60b-a9bb04df5be8 resource provider aggregate not found
2026-05-12 17:40:25.432 10 INFO neutron.services.segments.plugin [-] Segment 5f64275e-7fa6-4b9d-b60b-a9bb04df5be8 resource provider not found; error: Placement Client Error (4xx): {"errors": [{"status": 404, "title": "Not Found", "detail": "The resource could not be found.\n\n No resource provider with uuid 5f64275e-7fa6-4b9d-b60b-a9bb04df5be8 found for delete ", "request_id": "req-697a1585-3baa-4931-935c-00bda7cce7a5"}]}
2026-05-12 17:40:25.440 10 INFO neutron.services.segments.plugin [-] Segment 5f64275e-7fa6-4b9d-b60b-a9bb04df5be8 resource provider not found; error: Placement Client Error (4xx): {"errors": [{"status": 404, "title": "Not Found", "detail": "The resource could not be found.\n\n No resource provider with uuid 5f64275e-7fa6-4b9d-b60b-a9bb04df5be8 found for delete ", "request_id": "req-b9a0ec87-559a-49c7-9681-352639f1b3d6"}]}
2026-05-12 17:40:25.454 10 INFO neutron.wsgi [None req-7380f7c5-2999-4ecd-bf26-90018bff75c7 ab91bec844144cd98f0353ef76c17496 8994e9be45ae4693b73c9ccc50fbb6a7 - - default default] 10.0.0.112 "DELETE /v2.0/networks/a7d0b5f4-7e37-45ef-820b-304be2bf15db HTTP/1.1" status: 204 len: 168 time: 0.4008243
2026-05-12 17:40:25.467 10 WARNING neutron_lib.context [None req-97fa7fac-46e0-4c2a-a21f-a428dd0694e9 ab91bec844144cd98f0353ef76c17496 8994e9be45ae4693b73c9ccc50fbb6a7 - - default default] Method 'is_advsvc' is deprecated since 2023.2 release (neutron-lib 3.8.0) and will be removed once support for the old RBAC API policies will be removed from Neutron. Please use method 'is_service_role' instead.
2026-05-12 17:40:25.503 9 INFO neutron.db.ovn_revision_numbers_db [None req-90cdfaec-2a49-4838-971b-68d262b7f000 d17dd8b8f8a34200aefd14b344883cae b18a3c7626204d3fa2f796cfc6859079 - - default default] Successfully bumped revision number for resource 7f45aeaf-de1c-4cb7-9f8b-22577be46d89 (type: ports) to 1
2026-05-12 17:40:25.527 9 INFO neutron.wsgi [None req-90cdfaec-2a49-4838-971b-68d262b7f000 d17dd8b8f8a34200aefd14b344883cae b18a3c7626204d3fa2f796cfc6859079 - - default default] 10.0.0.112 "POST /v2.0/networks HTTP/1.1" status: 201 len: 849 time: 0.4655983
2026-05-12 17:40:25.538 9 WARNING neutron_lib.context [None req-2aa982db-8b1a-4d35-ae3a-53ae38890d01 d17dd8b8f8a34200aefd14b344883cae b18a3c7626204d3fa2f796cfc6859079 - - default default] Method 'is_advsvc' is deprecated since 2023.2 release (neutron-lib 3.8.0) and will be removed once support for the old RBAC API policies will be removed from Neutron. Please use method 'is_service_role' instead.
2026-05-12 17:40:25.581 10 INFO neutron.db.ovn_revision_numbers_db [None req-8c1a4fb1-1885-4335-9717-a2562d74bf69 47cc16f72e9046638185cbc34bd09055 e4c9b40c70cc4d13aa8046933332264d - - default default] Successfully bumped revision number for resource 65b80fdf-b26c-407e-b512-8f80ed860e4b (type: networks) to 1
2026-05-12 17:40:25.619 9 INFO neutron.db.segments_db [None req-2aa982db-8b1a-4d35-ae3a-53ae38890d01 d17dd8b8f8a34200aefd14b344883cae b18a3c7626204d3fa2f796cfc6859079 - - default default] Added segment b1a88072-9504-473e-af0d-762a4c3031c0 of type geneve for network 626f1fb7-c450-4e61-8f2a-da3a9cde92d5
2026-05-12 17:40:25.755 9 INFO neutron.db.ovn_revision_numbers_db [None req-2aa982db-8b1a-4d35-ae3a-53ae38890d01 d17dd8b8f8a34200aefd14b344883cae b18a3c7626204d3fa2f796cfc6859079 - - default default] Successfully bumped revision number for resource 626f1fb7-c450-4e61-8f2a-da3a9cde92d5 (type: networks) to 1
2026-05-12 17:40:25.767 10 WARNING neutron.scheduler.dhcp_agent_scheduler [None req-97fa7fac-46e0-4c2a-a21f-a428dd0694e9 ab91bec844144cd98f0353ef76c17496 8994e9be45ae4693b73c9ccc50fbb6a7 - - default default] No more DHCP agents
2026-05-12 17:40:25.771 10 WARNING neutron.api.rpc.agentnotifiers.dhcp_rpc_agent_api [None req-97fa7fac-46e0-4c2a-a21f-a428dd0694e9 ab91bec844144cd98f0353ef76c17496 8994e9be45ae4693b73c9ccc50fbb6a7 - - default default] Unable to schedule network 35a53d95-27aa-4973-9055-2471f663a1da: no agents available; will retry on subsequent port and subnet creation events.
2026-05-12 17:40:25.778 10 WARNING neutron.scheduler.dhcp_agent_scheduler [None req-8c1a4fb1-1885-4335-9717-a2562d74bf69 47cc16f72e9046638185cbc34bd09055 e4c9b40c70cc4d13aa8046933332264d - - default default] No more DHCP agents
2026-05-12 17:40:25.788 10 WARNING neutron.api.rpc.agentnotifiers.dhcp_rpc_agent_api [None req-8c1a4fb1-1885-4335-9717-a2562d74bf69 47cc16f72e9046638185cbc34bd09055 e4c9b40c70cc4d13aa8046933332264d - - default default] Unable to schedule network 65b80fdf-b26c-407e-b512-8f80ed860e4b: no agents available; will retry on subsequent port and subnet creation events.
2026-05-12 17:40:25.890 10 INFO neutron.db.ovn_revision_numbers_db [None req-97fa7fac-46e0-4c2a-a21f-a428dd0694e9 ab91bec844144cd98f0353ef76c17496 8994e9be45ae4693b73c9ccc50fbb6a7 - - default default] Successfully bumped revision number for resource 9235bee2-196d-4151-952f-161f6371a884 (type: ports) to 1
2026-05-12 17:40:25.901 10 INFO neutron.db.ovn_revision_numbers_db [None req-8c1a4fb1-1885-4335-9717-a2562d74bf69 47cc16f72e9046638185cbc34bd09055 e4c9b40c70cc4d13aa8046933332264d - - default default] Successfully bumped revision number for resource 9e58e606-bc44-490b-a32c-88bb7b25efa6 (type: ports) to 1
2026-05-12 17:40:25.927 10 INFO neutron.wsgi [None req-97fa7fac-46e0-4c2a-a21f-a428dd0694e9 ab91bec844144cd98f0353ef76c17496 8994e9be45ae4693b73c9ccc50fbb6a7 - - default default] 10.0.0.112 "POST /v2.0/ports HTTP/1.1" status: 201 len: 974 time: 0.4642155
2026-05-12 17:40:25.933 10 INFO neutron.wsgi [None req-8c1a4fb1-1885-4335-9717-a2562d74bf69 47cc16f72e9046638185cbc34bd09055 e4c9b40c70cc4d13aa8046933332264d - - default default] 10.0.0.112 "POST /v2.0/networks HTTP/1.1" status: 201 len: 947 time: 0.9378884 /var/lib/openstack/lib/python3.10/site-packages/pycadf/identifier.py:71: UserWarning: Invalid uuid: neutron. To ensure interoperability, identifiers should be a valid uuid. warnings.warn(('Invalid uuid: %s. To ensure interoperability, '
2026-05-12 17:40:25.949 9 WARNING neutron.scheduler.dhcp_agent_scheduler [None req-2aa982db-8b1a-4d35-ae3a-53ae38890d01 d17dd8b8f8a34200aefd14b344883cae b18a3c7626204d3fa2f796cfc6859079 - - default default] No more DHCP agents
2026-05-12 17:40:25.951 9 WARNING neutron.api.rpc.agentnotifiers.dhcp_rpc_agent_api [None req-2aa982db-8b1a-4d35-ae3a-53ae38890d01 d17dd8b8f8a34200aefd14b344883cae b18a3c7626204d3fa2f796cfc6859079 - - default default] Unable to schedule network 626f1fb7-c450-4e61-8f2a-da3a9cde92d5: no agents available; will retry on subsequent port and subnet creation events.
2026-05-12 17:40:26.044 9 INFO neutron.db.ovn_revision_numbers_db [None req-2aa982db-8b1a-4d35-ae3a-53ae38890d01 d17dd8b8f8a34200aefd14b344883cae b18a3c7626204d3fa2f796cfc6859079 - - default default] Successfully bumped revision number for resource 9281e5cc-c761-47fb-9ad8-2627300f215a (type: ports) to 1
2026-05-12 17:40:26.068 9 INFO neutron.wsgi [None req-2aa982db-8b1a-4d35-ae3a-53ae38890d01 d17dd8b8f8a34200aefd14b344883cae b18a3c7626204d3fa2f796cfc6859079 - - default default] 10.0.0.112 "POST /v2.0/networks HTTP/1.1" status: 201 len: 848 time: 0.5337639
2026-05-12 17:40:26.123 9 WARNING neutron_lib.context [None req-af07f091-8bf2-43ba-9fa8-003c86d11c19 d17dd8b8f8a34200aefd14b344883cae b18a3c7626204d3fa2f796cfc6859079 - - default default] Method 'is_advsvc' is deprecated since 2023.2 release (neutron-lib 3.8.0) and will be removed once support for the old RBAC API policies will be removed from Neutron. Please use method 'is_service_role' instead.
2026-05-12 17:40:26.163 9 WARNING neutron_lib.context [None req-af07f091-8bf2-43ba-9fa8-003c86d11c19 d17dd8b8f8a34200aefd14b344883cae b18a3c7626204d3fa2f796cfc6859079 - - default default] Method 'is_advsvc' is deprecated since 2023.2 release (neutron-lib 3.8.0) and will be removed once support for the old RBAC API policies will be removed from Neutron. Please use method 'is_service_role' instead.
2026-05-12 17:40:26.216 10 WARNING neutron.scheduler.dhcp_agent_scheduler [None req-0d7509e3-6e39-49b0-a197-234ad5aa9c5d 47cc16f72e9046638185cbc34bd09055 e4c9b40c70cc4d13aa8046933332264d - - default default] No more DHCP agents
2026-05-12 17:40:26.225 10 WARNING neutron.api.rpc.agentnotifiers.dhcp_rpc_agent_api [None req-0d7509e3-6e39-49b0-a197-234ad5aa9c5d 47cc16f72e9046638185cbc34bd09055 e4c9b40c70cc4d13aa8046933332264d - - default default] Unable to schedule network 65b80fdf-b26c-407e-b512-8f80ed860e4b: no agents available; will retry on subsequent port and subnet creation events.
2026-05-12 17:40:26.236 9 INFO neutron.plugins.ml2.drivers.ovn.mech_driver.mech_driver [None req-a859fdc7-1ecc-4a3c-96bf-971a0d1b1f65 - - - - - -] OVN reports status down for port: 9235bee2-196d-4151-952f-161f6371a884
2026-05-12 17:40:26.284 10 INFO neutron.db.ovn_revision_numbers_db [None req-aa95993b-3d35-45c8-9cc3-18f77465227f ab91bec844144cd98f0353ef76c17496 8994e9be45ae4693b73c9ccc50fbb6a7 - - default default] Successfully bumped revision number for resource 9235bee2-196d-4151-952f-161f6371a884 (type: ports) to 2
2026-05-12 17:40:26.301 10 INFO neutron.wsgi [None req-aa95993b-3d35-45c8-9cc3-18f77465227f ab91bec844144cd98f0353ef76c17496 8994e9be45ae4693b73c9ccc50fbb6a7 - - default default] 10.0.0.112 "PUT /v2.0/ports/9235bee2-196d-4151-952f-161f6371a884 HTTP/1.1" status: 200 len: 946 time: 0.3654521 /var/lib/openstack/lib/python3.10/site-packages/pycadf/identifier.py:71: UserWarning: Invalid uuid: neutron. To ensure interoperability, identifiers should be a valid uuid. warnings.warn(('Invalid uuid: %s. To ensure interoperability, '
2026-05-12 17:40:26.548 9 WARNING neutron.scheduler.dhcp_agent_scheduler [None req-af07f091-8bf2-43ba-9fa8-003c86d11c19 d17dd8b8f8a34200aefd14b344883cae b18a3c7626204d3fa2f796cfc6859079 - - default default] No more DHCP agents
2026-05-12 17:40:26.553 9 WARNING neutron.api.rpc.agentnotifiers.dhcp_rpc_agent_api [None req-af07f091-8bf2-43ba-9fa8-003c86d11c19 d17dd8b8f8a34200aefd14b344883cae b18a3c7626204d3fa2f796cfc6859079 - - default default] Unable to schedule network 629fac4a-0091-4006-bf6c-0dc6f9b2838a: no agents available; will retry on subsequent port and subnet creation events.
2026-05-12 17:40:26.890 10 INFO neutron.wsgi [None req-d1bb7345-dbf8-4e40-aa01-9af456efe813 ab91bec844144cd98f0353ef76c17496 8994e9be45ae4693b73c9ccc50fbb6a7 - - default default] 10.0.0.112 "DELETE /v2.0/ports/9235bee2-196d-4151-952f-161f6371a884 HTTP/1.1" status: 204 len: 168 time: 0.5809243
2026-05-12 17:40:27.019 9 INFO neutron.wsgi [None req-26bf92e6-0a02-4121-9184-e96c29edfba8 ab91bec844144cd98f0353ef76c17496 8994e9be45ae4693b73c9ccc50fbb6a7 - - default default] 10.0.0.112 "GET /v2.0/ports HTTP/1.1" status: 200 len: 1729 time: 0.1206398
2026-05-12 17:40:27.044 9 INFO neutron.pecan_wsgi.hooks.translation [None req-9f08be37-7626-483e-90af-c49f6ef6a58a ab91bec844144cd98f0353ef76c17496 8994e9be45ae4693b73c9ccc50fbb6a7 - - default default] GET failed (client error): The resource could not be found.
2026-05-12 17:40:27.045 9 INFO neutron.wsgi [None req-9f08be37-7626-483e-90af-c49f6ef6a58a ab91bec844144cd98f0353ef76c17496 8994e9be45ae4693b73c9ccc50fbb6a7 - - default default] 10.0.0.112 "GET /v2.0/ports/9235bee2-196d-4151-952f-161f6371a884 HTTP/1.1" status: 404 len: 333 time: 0.0216010
2026-05-12 17:40:27.085 10 INFO neutron.db.ovn_revision_numbers_db [None req-0d7509e3-6e39-49b0-a197-234ad5aa9c5d 47cc16f72e9046638185cbc34bd09055 e4c9b40c70cc4d13aa8046933332264d - - default default] Successfully bumped revision number for resource 9e58e606-bc44-490b-a32c-88bb7b25efa6 (type: ports) to 2
2026-05-12 17:40:27.140 10 INFO neutron.wsgi [None req-0aa4109e-2e22-44ac-a451-8620697645f0 ab91bec844144cd98f0353ef76c17496 8994e9be45ae4693b73c9ccc50fbb6a7 - - default default] 10.0.0.112 "GET /v2.0/ports HTTP/1.1" status: 200 len: 1729 time: 0.0859447
2026-05-12 17:40:27.143 9 INFO neutron.db.ovn_revision_numbers_db [None req-af07f091-8bf2-43ba-9fa8-003c86d11c19 d17dd8b8f8a34200aefd14b344883cae b18a3c7626204d3fa2f796cfc6859079 - - default default] Successfully bumped revision number for resource 7f45aeaf-de1c-4cb7-9f8b-22577be46d89 (type: ports) to 2
2026-05-12 17:40:27.157 10 INFO neutron.db.ovn_revision_numbers_db [None req-0d7509e3-6e39-49b0-a197-234ad5aa9c5d 47cc16f72e9046638185cbc34bd09055 e4c9b40c70cc4d13aa8046933332264d - - default default] Successfully bumped revision number for resource d22d5437-e38d-4dd6-b9b3-2f2c1fa45fac (type: subnets) to 0
2026-05-12 17:40:27.174 10 INFO neutron.wsgi [None req-0d7509e3-6e39-49b0-a197-234ad5aa9c5d 47cc16f72e9046638185cbc34bd09055 e4c9b40c70cc4d13aa8046933332264d - - default default] 10.0.0.112 "POST /v2.0/subnets HTTP/1.1" status: 201 len: 868 time: 1.2310164
2026-05-12 17:40:27.191 9 INFO neutron.wsgi [None req-1480d929-0a2f-4052-bd67-30c50b707d8f ab91bec844144cd98f0353ef76c17496 8994e9be45ae4693b73c9ccc50fbb6a7 - - default default] 10.0.0.112 "GET /v2.0/ports/1a1a29bf-bb0b-40b4-bfe0-367297298788 HTTP/1.1" status: 200 len: 969 time: 0.0400169
2026-05-12 17:40:27.196 9 INFO neutron.db.ovn_revision_numbers_db [None req-af07f091-8bf2-43ba-9fa8-003c86d11c19 d17dd8b8f8a34200aefd14b344883cae b18a3c7626204d3fa2f796cfc6859079 - - default default] Successfully bumped revision number for resource 09134ee2-5164-48c4-8793-2d73037324c1 (type: subnets) to 0
2026-05-12 17:40:27.213 10 INFO neutron.pecan_wsgi.hooks.translation [None req-8e1a7361-c823-4822-b47f-fc2dbd92aeec ab91bec844144cd98f0353ef76c17496 8994e9be45ae4693b73c9ccc50fbb6a7 - - default default] DELETE failed (client error): The resource could not be found.
2026-05-12 17:40:27.215 10 INFO neutron.wsgi [None req-8e1a7361-c823-4822-b47f-fc2dbd92aeec ab91bec844144cd98f0353ef76c17496 8994e9be45ae4693b73c9ccc50fbb6a7 - - default default] 10.0.0.112 "DELETE /v2.0/ports/d5d42dc6-995b-4fcb-8bff-8cf79ff56b03 HTTP/1.1" status: 404 len: 333 time: 0.0169704
2026-05-12 17:40:27.217 9 WARNING neutron.scheduler.dhcp_agent_scheduler [None req-af07f091-8bf2-43ba-9fa8-003c86d11c19 d17dd8b8f8a34200aefd14b344883cae b18a3c7626204d3fa2f796cfc6859079 - - default default] No more DHCP agents
2026-05-12 17:40:27.221 9 WARNING neutron.api.rpc.agentnotifiers.dhcp_rpc_agent_api [None req-af07f091-8bf2-43ba-9fa8-003c86d11c19 d17dd8b8f8a34200aefd14b344883cae b18a3c7626204d3fa2f796cfc6859079 - - default default] Unable to schedule network 626f1fb7-c450-4e61-8f2a-da3a9cde92d5: no agents available; will retry on subsequent port and subnet creation events.
2026-05-12 17:40:27.250 9 INFO neutron.pecan_wsgi.hooks.translation [None req-a94fc870-6194-4281-a9f4-24a06e8e4f7f ab91bec844144cd98f0353ef76c17496 8994e9be45ae4693b73c9ccc50fbb6a7 - - default default] DELETE failed (client error): The resource could not be found.
2026-05-12 17:40:27.252 9 INFO neutron.wsgi [None req-a94fc870-6194-4281-a9f4-24a06e8e4f7f ab91bec844144cd98f0353ef76c17496 8994e9be45ae4693b73c9ccc50fbb6a7 - - default default] 10.0.0.112 "DELETE /v2.0/subnets/93e56aad-b81d-48f8-8b1a-bbb76bb14c14 HTTP/1.1" status: 404 len: 337 time: 0.0320363
2026-05-12 17:40:27.286 9 INFO neutron.pecan_wsgi.hooks.translation [None req-ad8b0e08-a83f-4cd2-8808-8cf91a9c1147 ab91bec844144cd98f0353ef76c17496 8994e9be45ae4693b73c9ccc50fbb6a7 - - default default] DELETE failed (client error): The resource could not be found.
