2026-07-16 01:35:17.546 7 INFO neutron.db.ovn_revision_numbers_db [None req-ff5348a2-334a-4fc2-8cb1-0ef4c06a63b3 8cac7c07b9f6492aa7c6009f01709d8c ea5533cfed38463b9b7a371b46832154 - - default default] Successfully bumped revision number for resource 7fccdd59-70e8-4b7e-8f9e-9b1e2ef9c2e1 (type: ports) to 2
2026-07-16 01:35:17.603 8 INFO neutron.db.ovn_revision_numbers_db [None req-b648867b-3255-49fa-939f-35ddc5227775 d9b8eddf003d4606aa91acdd7f1b7682 da231ebf08024183b5c1877e7840dcc4 - - default default] Successfully bumped revision number for resource cadca53d-b6ac-4cf9-ba23-13df7f310329 (type: ports) to 1 [pid: 8|app: 0|req: 671/1368] 10.0.0.48 () {34 vars in 669 bytes} [Thu Jul 16 01:35:17 2026] POST /v2.0/networks => generated 673 bytes in 458 msecs (HTTP/1.1 201) 4 headers in 162 bytes (1 switches on core 0)
2026-07-16 01:35:17.631 7 INFO neutron.plugins.ml2.drivers.ovn.mech_driver.mech_driver [None req-94ddd187-fc0c-410c-a717-765d984e0ac0 - - - - - -] OVN reports status down for port: cadca53d-b6ac-4cf9-ba23-13df7f310329 [pid: 7|app: 0|req: 698/1369] 10.0.0.48 () {34 vars in 736 bytes} [Thu Jul 16 01:35:17 2026] PUT /v2.0/ports/7fccdd59-70e8-4b7e-8f9e-9b1e2ef9c2e1 => generated 752 bytes in 389 msecs (HTTP/1.1 200) 4 headers in 157 bytes (1 switches on core 0) /var/lib/openstack/lib/python3.12/site-packages/pycadf/identifier.py:70: UserWarning: Invalid uuid: neutron. To ensure interoperability, identifiers should be a valid uuid. warnings.warn(('Invalid uuid: %s. To ensure interoperability, ' [pid: 7|app: 0|req: 699/1370] 10.0.0.48 () {32 vars in 646 bytes} [Thu Jul 16 01:35:17 2026] GET /v2.0/subnets => generated 1959 bytes in 57 msecs (HTTP/1.1 200) 4 headers in 158 bytes (1 switches on core 0) [pid: 8|app: 0|req: 672/1371] 10.0.0.48 () {32 vars in 723 bytes} [Thu Jul 16 01:35:17 2026] DELETE /v2.0/subnets/0bd10b31-c266-4014-8572-72e2909e0cfb => generated 0 bytes in 169 msecs (HTTP/1.1 204) 3 headers in 131 bytes (1 switches on core 0)
2026-07-16 01:35:17.882 7 WARNING neutron.scheduler.dhcp_agent_scheduler [None req-2ba66de3-a52f-4d09-8aac-4d9fc4cd4e59 d9b8eddf003d4606aa91acdd7f1b7682 da231ebf08024183b5c1877e7840dcc4 - - default default] No more DHCP agents
2026-07-16 01:35:17.884 7 WARNING neutron.api.rpc.agentnotifiers.dhcp_rpc_agent_api [None req-2ba66de3-a52f-4d09-8aac-4d9fc4cd4e59 d9b8eddf003d4606aa91acdd7f1b7682 da231ebf08024183b5c1877e7840dcc4 - - default default] Unable to schedule network d8db7d8e-bc94-4aba-a9ee-c785fedc3b66: no agents available; will retry on subsequent port and subnet creation events.
2026-07-16 01:35:17.892 8 INFO neutron_taas.services.taas.taas_plugin [None req-ae74abda-68ee-4686-8116-ee46cf241ceb 8cac7c07b9f6492aa7c6009f01709d8c ea5533cfed38463b9b7a371b46832154 - - default default] TaaS: Handle Delete Port: 7fccdd59-70e8-4b7e-8f9e-9b1e2ef9c2e1
2026-07-16 01:35:17.895 8 INFO neutron_taas.services.taas.tap_mirror_plugin [None req-ae74abda-68ee-4686-8116-ee46cf241ceb 8cac7c07b9f6492aa7c6009f01709d8c ea5533cfed38463b9b7a371b46832154 - - default default] Tap Mirror: Handle Delete Port: 7fccdd59-70e8-4b7e-8f9e-9b1e2ef9c2e1
2026-07-16 01:35:17.916 7 INFO neutron.db.ovn_revision_numbers_db [None req-2ba66de3-a52f-4d09-8aac-4d9fc4cd4e59 d9b8eddf003d4606aa91acdd7f1b7682 da231ebf08024183b5c1877e7840dcc4 - - default default] Successfully bumped revision number for resource d4cf99fa-ca38-48ba-9a68-5c3f200987e4 (type: subnets) to 0 [pid: 7|app: 0|req: 700/1372] 10.0.0.48 () {34 vars in 668 bytes} [Thu Jul 16 01:35:17 2026] POST /v2.0/subnets => generated 646 bytes in 219 msecs (HTTP/1.1 201) 4 headers in 162 bytes (1 switches on core 0) [pid: 8|app: 0|req: 673/1373] 10.0.0.48 () {32 vars in 719 bytes} [Thu Jul 16 01:35:17 2026] DELETE /v2.0/ports/7fccdd59-70e8-4b7e-8f9e-9b1e2ef9c2e1 => generated 0 bytes in 193 msecs (HTTP/1.1 204) 3 headers in 131 bytes (1 switches on core 0)
2026-07-16 01:35:18.059 8 WARNING neutron.plugins.ml2.drivers.ovn.mech_driver.ovsdb.ovn_client [None req-491df729-59f0-444b-bb66-4498b9e1bbbc - - - - - -] No port found with ID a6a0fb07-1832-4b42-90d4-50b136a82ac1: RuntimeError: No port found with ID a6a0fb07-1832-4b42-90d4-50b136a82ac1
2026-07-16 01:35:18.087 8 INFO neutron.plugins.ml2.drivers.ovn.mech_driver.mech_driver [None req-491df729-59f0-444b-bb66-4498b9e1bbbc - - - - - -] OVN reports status down for port: 428eff7d-c155-404c-a0fb-97ab29855655 [pid: 7|app: 0|req: 701/1374] 10.0.0.48 () {32 vars in 723 bytes} [Thu Jul 16 01:35:17 2026] DELETE /v2.0/subnets/aff11211-b9ba-4173-a512-985f70adb777 => generated 0 bytes in 163 msecs (HTTP/1.1 204) 3 headers in 131 bytes (1 switches on core 0)
2026-07-16 01:35:18.129 8 INFO neutron_taas.services.taas.taas_plugin [None req-46c97e1b-c854-4472-a9a9-4e4fefbd6914 c355512d18e3458b965781d37c8a447b 47887087ba4d41fc956001eabbbebca8 - - default default] TaaS: Handle Delete Port: dcd44cb4-c3c5-4943-a339-fe0da6f4c49d
2026-07-16 01:35:18.133 8 INFO neutron_taas.services.taas.tap_mirror_plugin [None req-46c97e1b-c854-4472-a9a9-4e4fefbd6914 c355512d18e3458b965781d37c8a447b 47887087ba4d41fc956001eabbbebca8 - - default default] Tap Mirror: Handle Delete Port: dcd44cb4-c3c5-4943-a339-fe0da6f4c49d
2026-07-16 01:35:18.181 8 INFO neutron.plugins.ml2.drivers.ovn.mech_driver.mech_driver [None req-491df729-59f0-444b-bb66-4498b9e1bbbc - - - - - -] OVN reports status down for port: 69aeae9e-9d65-42f9-a8b4-4191a5f6c8e3
2026-07-16 01:35:18.279 8 INFO neutron.plugins.ml2.drivers.ovn.mech_driver.mech_driver [None req-491df729-59f0-444b-bb66-4498b9e1bbbc - - - - - -] OVN reports status down for port: b9674d84-5adb-4c33-a7d1-791ab9296eb0
2026-07-16 01:35:18.294 8 INFO neutron.plugins.ml2.drivers.ovn.mech_driver.mech_driver [None req-491df729-59f0-444b-bb66-4498b9e1bbbc - - - - - -] OVN reports status down for port: 6087673f-2be1-4ee4-9e31-2918faf8cece
2026-07-16 01:35:18.309 8 INFO neutron.plugins.ml2.drivers.ovn.mech_driver.mech_driver [None req-491df729-59f0-444b-bb66-4498b9e1bbbc - - - - - -] OVN reports status down for port: 9441d0fc-7900-4852-bd22-6b085bc40fbe
2026-07-16 01:35:18.309 7 WARNING neutron.scheduler.dhcp_agent_scheduler [None req-891f60ef-15af-44d7-b40b-f84655cfc525 d9b8eddf003d4606aa91acdd7f1b7682 da231ebf08024183b5c1877e7840dcc4 - - default default] No more DHCP agents
2026-07-16 01:35:18.310 7 WARNING neutron.api.rpc.agentnotifiers.dhcp_rpc_agent_api [None req-891f60ef-15af-44d7-b40b-f84655cfc525 d9b8eddf003d4606aa91acdd7f1b7682 da231ebf08024183b5c1877e7840dcc4 - - default default] Unable to schedule network d8db7d8e-bc94-4aba-a9ee-c785fedc3b66: no agents available; will retry on subsequent port and subnet creation events.
2026-07-16 01:35:18.410 7 INFO neutron.plugins.ml2.drivers.ovn.mech_driver.mech_driver [None req-94ddd187-fc0c-410c-a717-765d984e0ac0 - - - - - -] OVN reports status down for port: 91dcdd19-c792-444a-9951-a3ed31a16e94
2026-07-16 01:35:18.415 8 INFO neutron.services.segments.plugin [-] Segment 1d007186-adfb-414d-a7f3-e93dffcdb156 resource provider aggregate not found
2026-07-16 01:35:18.422 8 INFO neutron.services.segments.plugin [-] Segment 1d007186-adfb-414d-a7f3-e93dffcdb156 resource provider aggregate not found
2026-07-16 01:35:18.439 8 INFO neutron.services.segments.plugin [-] Client error retrieving segment 1d007186-adfb-414d-a7f3-e93dffcdb156 resource provider; error: Placement Client Error (4xx): {"errors": [{"status": 404, "title": "Not Found", "detail": "The resource could not be found.\n\n No resource provider with uuid 1d007186-adfb-414d-a7f3-e93dffcdb156 found for delete ", "request_id": "req-5991d62a-1f13-4e97-a4a2-9e3ea193dbf5"}]}
2026-07-16 01:35:18.442 8 INFO neutron.plugins.ml2.drivers.ovn.mech_driver.mech_driver [None req-491df729-59f0-444b-bb66-4498b9e1bbbc - - - - - -] OVN reports status down for port: 7f39237d-ec1d-48ad-988a-8c66f2b33ab1
2026-07-16 01:35:18.443 8 INFO neutron.services.segments.plugin [-] Client error retrieving segment 1d007186-adfb-414d-a7f3-e93dffcdb156 resource provider; error: Placement Client Error (4xx): {"errors": [{"status": 404, "title": "Not Found", "detail": "The resource could not be found.\n\n No resource provider with uuid 1d007186-adfb-414d-a7f3-e93dffcdb156 found for delete ", "request_id": "req-90a2c950-de54-4e94-9857-b04d0eea9776"}]}
2026-07-16 01:35:18.472 7 INFO neutron.db.ovn_revision_numbers_db [None req-891f60ef-15af-44d7-b40b-f84655cfc525 d9b8eddf003d4606aa91acdd7f1b7682 da231ebf08024183b5c1877e7840dcc4 - - default default] Successfully bumped revision number for resource 91dcdd19-c792-444a-9951-a3ed31a16e94 (type: ports) to 1
2026-07-16 01:35:18.499 7 INFO neutron.services.segments.plugin [-] Segment 90d5fe15-59a8-4d38-80e6-201421875685 resource provider aggregate not found
2026-07-16 01:35:18.502 7 INFO neutron.services.segments.plugin [-] Segment 90d5fe15-59a8-4d38-80e6-201421875685 resource provider aggregate not found [pid: 8|app: 0|req: 674/1375] 10.0.0.48 () {32 vars in 725 bytes} [Thu Jul 16 01:35:17 2026] DELETE /v2.0/networks/d3bd2dfa-e0e7-4165-9994-39a975329e97 => generated 0 bytes in 519 msecs (HTTP/1.1 204) 3 headers in 131 bytes (1 switches on core 0)
2026-07-16 01:35:18.526 7 INFO neutron.services.segments.plugin [-] Client error retrieving segment 90d5fe15-59a8-4d38-80e6-201421875685 resource provider; error: Placement Client Error (4xx): {"errors": [{"status": 404, "title": "Not Found", "detail": "The resource could not be found.\n\n No resource provider with uuid 90d5fe15-59a8-4d38-80e6-201421875685 found for delete ", "request_id": "req-e81a6012-83d1-4cfa-ae3a-c042f7eb39db"}]}
2026-07-16 01:35:18.528 7 INFO neutron.services.segments.plugin [-] Client error retrieving segment 90d5fe15-59a8-4d38-80e6-201421875685 resource provider; error: Placement Client Error (4xx): {"errors": [{"status": 404, "title": "Not Found", "detail": "The resource could not be found.\n\n No resource provider with uuid 90d5fe15-59a8-4d38-80e6-201421875685 found for delete ", "request_id": "req-93c04de8-7c17-4f5f-b55a-782e03ece575"}]} [pid: 7|app: 0|req: 702/1376] 10.0.0.48 () {34 vars in 664 bytes} [Thu Jul 16 01:35:18 2026] POST /v2.0/ports => generated 927 bytes in 442 msecs (HTTP/1.1 201) 4 headers in 162 bytes (1 switches on core 0) [pid: 8|app: 0|req: 675/1377] 10.0.0.48 () {32 vars in 642 bytes} [Thu Jul 16 01:35:18 2026] GET /v2.0/ports => generated 1533 bytes in 51 msecs (HTTP/1.1 200) 4 headers in 158 bytes (1 switches on core 0) [pid: 7|app: 0|req: 703/1378] 10.0.0.48 () {32 vars in 723 bytes} [Thu Jul 16 01:35:18 2026] DELETE /v2.0/subnets/df724255-1570-4a9c-8643-23b92b5b18a3 => generated 0 bytes in 137 msecs (HTTP/1.1 204) 3 headers in 131 bytes (1 switches on core 0)
2026-07-16 01:35:18.681 8 INFO neutron_taas.services.taas.taas_plugin [None req-31b961f7-9989-454f-8b55-7092b60e289e c355512d18e3458b965781d37c8a447b 47887087ba4d41fc956001eabbbebca8 - - default default] TaaS: Handle Delete Port: 354c934e-2345-43cb-adaa-6c82a716252a
2026-07-16 01:35:18.686 8 INFO neutron_taas.services.taas.tap_mirror_plugin [None req-31b961f7-9989-454f-8b55-7092b60e289e c355512d18e3458b965781d37c8a447b 47887087ba4d41fc956001eabbbebca8 - - default default] Tap Mirror: Handle Delete Port: 354c934e-2345-43cb-adaa-6c82a716252a
2026-07-16 01:35:18.831 7 INFO neutron_taas.services.taas.taas_plugin [None req-b831d9af-19fd-4494-a9ca-a55e45b87b1f d9b8eddf003d4606aa91acdd7f1b7682 da231ebf08024183b5c1877e7840dcc4 - - default default] TaaS: Handle Delete Port: 91dcdd19-c792-444a-9951-a3ed31a16e94
2026-07-16 01:35:18.834 7 INFO neutron_taas.services.taas.tap_mirror_plugin [None req-b831d9af-19fd-4494-a9ca-a55e45b87b1f d9b8eddf003d4606aa91acdd7f1b7682 da231ebf08024183b5c1877e7840dcc4 - - default default] Tap Mirror: Handle Delete Port: 91dcdd19-c792-444a-9951-a3ed31a16e94 [pid: 8|app: 0|req: 676/1379] 10.0.0.48 () {32 vars in 725 bytes} [Thu Jul 16 01:35:18 2026] DELETE /v2.0/networks/c7a9799c-89fc-472e-aaba-d8baf0263afc => generated 0 bytes in 375 msecs (HTTP/1.1 204) 3 headers in 131 bytes (1 switches on core 0)
2026-07-16 01:35:18.954 8 INFO neutron.pecan_wsgi.hooks.translation [None req-27a51272-f67f-4614-a9ee-d6a36710b25f 8cac7c07b9f6492aa7c6009f01709d8c ea5533cfed38463b9b7a371b46832154 - - default default] GET failed (client error): The resource could not be found. [pid: 8|app: 0|req: 677/1380] 10.0.0.48 () {32 vars in 716 bytes} [Thu Jul 16 01:35:18 2026] GET /v2.0/ports/7fccdd59-70e8-4b7e-8f9e-9b1e2ef9c2e1 => generated 132 bytes in 20 msecs (HTTP/1.1 404) 4 headers in 164 bytes (1 switches on core 0) [pid: 7|app: 0|req: 704/1381] 10.0.0.48 () {32 vars in 719 bytes} [Thu Jul 16 01:35:18 2026] DELETE /v2.0/ports/91dcdd19-c792-444a-9951-a3ed31a16e94 => generated 0 bytes in 298 msecs (HTTP/1.1 204) 3 headers in 131 bytes (1 switches on core 0) [pid: 8|app: 0|req: 678/1382] 10.0.0.48 () {32 vars in 646 bytes} [Thu Jul 16 01:35:18 2026] GET /v2.0/subnets => generated 649 bytes in 25 msecs (HTTP/1.1 200) 4 headers in 157 bytes (1 switches on core 0) [pid: 8|app: 0|req: 679/1383] 10.0.0.48 () {32 vars in 642 bytes} [Thu Jul 16 01:35:18 2026] GET /v2.0/ports => generated 1533 bytes in 30 msecs (HTTP/1.1 200) 4 headers in 158 bytes (1 switches on core 0)
2026-07-16 01:35:19.024 8 INFO neutron.pecan_wsgi.hooks.translation [None req-420858f8-6425-4bbb-832e-3856acf8e058 d9b8eddf003d4606aa91acdd7f1b7682 da231ebf08024183b5c1877e7840dcc4 - - default default] GET failed (client error): The resource could not be found. [pid: 8|app: 0|req: 680/1384] 10.0.0.48 () {32 vars in 716 bytes} [Thu Jul 16 01:35:19 2026] GET /v2.0/ports/91dcdd19-c792-444a-9951-a3ed31a16e94 => generated 132 bytes in 13 msecs (HTTP/1.1 404) 4 headers in 164 bytes (1 switches on core 0)
2026-07-16 01:35:19.062 7 INFO neutron.db.segments_db [None req-cf26c7be-ec59-4cfd-b8dc-3112c06064e2 c355512d18e3458b965781d37c8a447b 47887087ba4d41fc956001eabbbebca8 - - default default] Added segment 14a9cbf7-d567-4ad4-b1d1-270495fd01d4 of type geneve for network 57977520-7214-4316-9a47-3d38bb0afc22
2026-07-16 01:35:19.135 8 INFO neutron_taas.services.taas.taas_plugin [None req-9c345e00-f79f-415f-af4e-5a58db374ad5 387f7ed64318455fa676abf15bfa8337 033278167e3a44f8ba8197651dc3f4f5 - - default default] TaaS: Handle Delete Port: 7f39237d-ec1d-48ad-988a-8c66f2b33ab1
2026-07-16 01:35:19.144 8 INFO neutron_taas.services.taas.tap_mirror_plugin [None req-9c345e00-f79f-415f-af4e-5a58db374ad5 387f7ed64318455fa676abf15bfa8337 033278167e3a44f8ba8197651dc3f4f5 - - default default] Tap Mirror: Handle Delete Port: 7f39237d-ec1d-48ad-988a-8c66f2b33ab1
2026-07-16 01:35:19.169 7 INFO neutron.db.ovn_revision_numbers_db [None req-cf26c7be-ec59-4cfd-b8dc-3112c06064e2 c355512d18e3458b965781d37c8a447b 47887087ba4d41fc956001eabbbebca8 - - default default] Successfully bumped revision number for resource 57977520-7214-4316-9a47-3d38bb0afc22 (type: networks) to 1 [pid: 8|app: 0|req: 681/1385] 10.0.0.48 () {32 vars in 725 bytes} [Thu Jul 16 01:35:19 2026] DELETE /v2.0/networks/7da96801-130a-46f4-9f0a-889fa9b67206 => generated 0 bytes in 331 msecs (HTTP/1.1 204) 3 headers in 131 bytes (1 switches on core 0)
2026-07-16 01:35:19.366 7 WARNING neutron.scheduler.dhcp_agent_scheduler [None req-cf26c7be-ec59-4cfd-b8dc-3112c06064e2 c355512d18e3458b965781d37c8a447b 47887087ba4d41fc956001eabbbebca8 - - default default] No more DHCP agents
2026-07-16 01:35:19.368 7 WARNING neutron.api.rpc.agentnotifiers.dhcp_rpc_agent_api [None req-cf26c7be-ec59-4cfd-b8dc-3112c06064e2 c355512d18e3458b965781d37c8a447b 47887087ba4d41fc956001eabbbebca8 - - default default] Unable to schedule network 57977520-7214-4316-9a47-3d38bb0afc22: no agents available; will retry on subsequent port and subnet creation events. [pid: 8|app: 0|req: 682/1386] 10.0.0.48 () {32 vars in 716 bytes} [Thu Jul 16 01:35:19 2026] GET /v2.0/ports/eee95b35-d007-46ea-a082-218b775d87fc => generated 774 bytes in 37 msecs (HTTP/1.1 200) 4 headers in 157 bytes (1 switches on core 0)
2026-07-16 01:35:19.428 7 INFO neutron.plugins.ml2.drivers.ovn.mech_driver.mech_driver [None req-94ddd187-fc0c-410c-a717-765d984e0ac0 - - - - - -] OVN reports status down for port: df177783-d011-4d47-ba35-70bb4fd08409
2026-07-16 01:35:19.487 7 INFO neutron.db.ovn_revision_numbers_db [None req-cf26c7be-ec59-4cfd-b8dc-3112c06064e2 c355512d18e3458b965781d37c8a447b 47887087ba4d41fc956001eabbbebca8 - - default default] Successfully bumped revision number for resource df177783-d011-4d47-ba35-70bb4fd08409 (type: ports) to 1 [pid: 8|app: 0|req: 683/1387] 10.0.0.48 () {32 vars in 723 bytes} [Thu Jul 16 01:35:19 2026] DELETE /v2.0/subnets/d4cf99fa-ca38-48ba-9a68-5c3f200987e4 => generated 0 bytes in 121 msecs (HTTP/1.1 204) 3 headers in 131 bytes (1 switches on core 0) [pid: 7|app: 0|req: 705/1388] 10.0.0.48 () {34 vars in 669 bytes} [Thu Jul 16 01:35:18 2026] POST /v2.0/networks => generated 667 bytes in 572 msecs (HTTP/1.1 201) 4 headers in 162 bytes (1 switches on core 0)
2026-07-16 01:35:19.570 7 INFO neutron.pecan_wsgi.hooks.translation [None req-87b9ecb6-f12a-496b-8ece-bfd741c17679 8cac7c07b9f6492aa7c6009f01709d8c ea5533cfed38463b9b7a371b46832154 - - default default] DELETE failed (client error): The resource could not be found. [pid: 7|app: 0|req: 706/1389] 10.0.0.48 () {32 vars in 719 bytes} [Thu Jul 16 01:35:19 2026] DELETE /v2.0/ports/6087673f-2be1-4ee4-9e31-2918faf8cece => generated 132 bytes in 24 msecs (HTTP/1.1 404) 4 headers in 164 bytes (1 switches on core 0)
2026-07-16 01:35:19.619 8 INFO neutron_taas.services.taas.taas_plugin [None req-c56741f5-0afd-4e91-9467-bd759b4d65d2 387f7ed64318455fa676abf15bfa8337 033278167e3a44f8ba8197651dc3f4f5 - - default default] TaaS: Handle Delete Port: 9441d0fc-7900-4852-bd22-6b085bc40fbe
2026-07-16 01:35:19.622 8 INFO neutron_taas.services.taas.tap_mirror_plugin [None req-c56741f5-0afd-4e91-9467-bd759b4d65d2 387f7ed64318455fa676abf15bfa8337 033278167e3a44f8ba8197651dc3f4f5 - - default default] Tap Mirror: Handle Delete Port: 9441d0fc-7900-4852-bd22-6b085bc40fbe
2026-07-16 01:35:19.689 7 INFO neutron_taas.services.taas.taas_plugin [None req-55a8113c-108a-4004-a476-0ee3102a0d01 d9b8eddf003d4606aa91acdd7f1b7682 da231ebf08024183b5c1877e7840dcc4 - - default default] TaaS: Handle Delete Port: cadca53d-b6ac-4cf9-ba23-13df7f310329
2026-07-16 01:35:19.694 7 INFO neutron_taas.services.taas.tap_mirror_plugin [None req-55a8113c-108a-4004-a476-0ee3102a0d01 d9b8eddf003d4606aa91acdd7f1b7682 da231ebf08024183b5c1877e7840dcc4 - - default default] Tap Mirror: Handle Delete Port: cadca53d-b6ac-4cf9-ba23-13df7f310329 [pid: 8|app: 0|req: 684/1390] 10.0.0.48 () {32 vars in 725 bytes} [Thu Jul 16 01:35:19 2026] DELETE /v2.0/networks/d4b3d6d1-10d4-42fa-bc97-a843e73c8a10 => generated 0 bytes in 333 msecs (HTTP/1.1 204) 3 headers in 131 bytes (1 switches on core 0) [pid: 7|app: 0|req: 707/1391] 10.0.0.48 () {32 vars in 725 bytes} [Thu Jul 16 01:35:19 2026] DELETE /v2.0/networks/d8db7d8e-bc94-4aba-a9ee-c785fedc3b66 => generated 0 bytes in 355 msecs (HTTP/1.1 204) 3 headers in 131 bytes (1 switches on core 0)
2026-07-16 01:35:19.940 7 INFO neutron.pecan_wsgi.hooks.translation [None req-85c199ad-5f22-4d23-9444-c0a54b3d2a8a 8cac7c07b9f6492aa7c6009f01709d8c ea5533cfed38463b9b7a371b46832154 - - default default] DELETE failed (client error): The resource could not be found. [pid: 7|app: 0|req: 708/1392] 10.0.0.48 () {32 vars in 723 bytes} [Thu Jul 16 01:35:19 2026] DELETE /v2.0/subnets/6cc1b5ec-813b-43c3-a7cb-427904821740 => generated 136 bytes in 15 msecs (HTTP/1.1 404) 4 headers in 164 bytes (1 switches on core 0)
2026-07-16 01:35:20.007 8 WARNING neutron.scheduler.dhcp_agent_scheduler [None req-c42d45f3-1aac-4139-ab3b-42d534bf5857 c355512d18e3458b965781d37c8a447b 47887087ba4d41fc956001eabbbebca8 - - default default] No more DHCP agents
2026-07-16 01:35:20.008 8 WARNING neutron.api.rpc.agentnotifiers.dhcp_rpc_agent_api [None req-c42d45f3-1aac-4139-ab3b-42d534bf5857 c355512d18e3458b965781d37c8a447b 47887087ba4d41fc956001eabbbebca8 - - default default] Unable to schedule network 57977520-7214-4316-9a47-3d38bb0afc22: no agents available; will retry on subsequent port and subnet creation events.
2026-07-16 01:35:20.054 7 INFO neutron_taas.services.taas.taas_plugin [None req-2008c231-c4c4-492e-a622-9498c83f50a7 387f7ed64318455fa676abf15bfa8337 033278167e3a44f8ba8197651dc3f4f5 - - default default] TaaS: Handle Delete Port: de5f5a51-155b-4a98-91b4-0664f025eb94
2026-07-16 01:35:20.057 7 INFO neutron_taas.services.taas.tap_mirror_plugin [None req-2008c231-c4c4-492e-a622-9498c83f50a7 387f7ed64318455fa676abf15bfa8337 033278167e3a44f8ba8197651dc3f4f5 - - default default] Tap Mirror: Handle Delete Port: de5f5a51-155b-4a98-91b4-0664f025eb94 [pid: 7|app: 0|req: 709/1393] 10.0.0.48 () {32 vars in 725 bytes} [Thu Jul 16 01:35:19 2026] DELETE /v2.0/networks/c0e47183-c520-4f0e-bdfc-7c0cb717ba08 => generated 0 bytes in 330 msecs (HTTP/1.1 204) 3 headers in 131 bytes (1 switches on core 0)
2026-07-16 01:35:20.461 8 INFO neutron.services.segments.plugin [-] Segment 66db50d7-ea1b-4378-955f-b9b0f8196cef resource provider aggregate not found
2026-07-16 01:35:20.465 8 INFO neutron.services.segments.plugin [-] Segment 66db50d7-ea1b-4378-955f-b9b0f8196cef resource provider aggregate not found
2026-07-16 01:35:20.465 7 WARNING neutron.scheduler.dhcp_agent_scheduler [None req-53e6eb84-e985-4367-8a88-7c47629252b1 d9b8eddf003d4606aa91acdd7f1b7682 da231ebf08024183b5c1877e7840dcc4 - - default default] No more DHCP agents
2026-07-16 01:35:20.466 7 WARNING neutron.api.rpc.agentnotifiers.dhcp_rpc_agent_api [None req-53e6eb84-e985-4367-8a88-7c47629252b1 d9b8eddf003d4606aa91acdd7f1b7682 da231ebf08024183b5c1877e7840dcc4 - - default default] Unable to schedule network 15e3e80b-03d2-4b57-a2ad-1ec3fd44de5e: no agents available; will retry on subsequent port and subnet creation events.
2026-07-16 01:35:20.470 8 INFO neutron.db.ovn_revision_numbers_db [None req-c42d45f3-1aac-4139-ab3b-42d534bf5857 c355512d18e3458b965781d37c8a447b 47887087ba4d41fc956001eabbbebca8 - - default default] Successfully bumped revision number for resource df177783-d011-4d47-ba35-70bb4fd08409 (type: ports) to 2
2026-07-16 01:35:20.480 8 INFO neutron.services.segments.plugin [-] Client error retrieving segment 66db50d7-ea1b-4378-955f-b9b0f8196cef resource provider; error: Placement Client Error (4xx): {"errors": [{"status": 404, "title": "Not Found", "detail": "The resource could not be found.\n\n No resource provider with uuid 66db50d7-ea1b-4378-955f-b9b0f8196cef found for delete ", "request_id": "req-52698b94-fea9-4e43-9355-6fc048de5ba3"}]}
2026-07-16 01:35:20.488 8 INFO neutron.services.segments.plugin [-] Client error retrieving segment 66db50d7-ea1b-4378-955f-b9b0f8196cef resource provider; error: Placement Client Error (4xx): {"errors": [{"status": 404, "title": "Not Found", "detail": "The resource could not be found.\n\n No resource provider with uuid 66db50d7-ea1b-4378-955f-b9b0f8196cef found for delete ", "request_id": "req-0ff78efd-d522-4543-83d0-b919265232ae"}]}
2026-07-16 01:35:20.503 8 INFO neutron.services.segments.plugin [-] Segment 53f5f8a0-ebf6-47d2-a8d8-58b15476d604 resource provider aggregate not found
2026-07-16 01:35:20.509 8 INFO neutron.services.segments.plugin [-] Segment 53f5f8a0-ebf6-47d2-a8d8-58b15476d604 resource provider aggregate not found
2026-07-16 01:35:20.532 8 INFO neutron.services.segments.plugin [-] Client error retrieving segment 53f5f8a0-ebf6-47d2-a8d8-58b15476d604 resource provider; error: Placement Client Error (4xx): {"errors": [{"status": 404, "title": "Not Found", "detail": "The resource could not be found.\n\n No resource provider with uuid 53f5f8a0-ebf6-47d2-a8d8-58b15476d604 found for delete ", "request_id": "req-2cd842e1-5d28-4e71-bf90-2af4b92b9350"}]}
2026-07-16 01:35:20.535 8 INFO neutron.services.segments.plugin [-] Client error retrieving segment 53f5f8a0-ebf6-47d2-a8d8-58b15476d604 resource provider; error: Placement Client Error (4xx): {"errors": [{"status": 404, "title": "Not Found", "detail": "The resource could not be found.\n\n No resource provider with uuid 53f5f8a0-ebf6-47d2-a8d8-58b15476d604 found for delete ", "request_id": "req-f937298b-0887-4c1a-8389-5ee8fc1c1df7"}]}
2026-07-16 01:35:20.546 8 INFO neutron.services.segments.plugin [-] Segment b54aabf9-a563-45b6-9c91-e3db1a8f9dd0 resource provider aggregate not found
2026-07-16 01:35:20.549 8 INFO neutron.db.ovn_revision_numbers_db [None req-c42d45f3-1aac-4139-ab3b-42d534bf5857 c355512d18e3458b965781d37c8a447b 47887087ba4d41fc956001eabbbebca8 - - default default] Successfully bumped revision number for resource eb534ba6-c102-4bad-af56-861fbf751608 (type: subnets) to 0
2026-07-16 01:35:20.552 7 INFO neutron.services.segments.plugin [-] Segment 7a516945-38da-44e1-8f67-4f9a78cd0144 resource provider aggregate not found
2026-07-16 01:35:20.555 8 INFO neutron.services.segments.plugin [-] Segment b54aabf9-a563-45b6-9c91-e3db1a8f9dd0 resource provider aggregate not found
2026-07-16 01:35:20.555 8 INFO neutron.plugins.ml2.drivers.ovn.mech_driver.mech_driver [None req-491df729-59f0-444b-bb66-4498b9e1bbbc - - - - - -] OVN reports status down for port: 883d48a0-fdfc-4a67-aa60-01008c77e939
2026-07-16 01:35:20.559 7 INFO neutron.services.segments.plugin [-] Segment 7a516945-38da-44e1-8f67-4f9a78cd0144 resource provider aggregate not found
2026-07-16 01:35:20.562 7 INFO neutron.services.segments.plugin [-] Client error retrieving segment 7a516945-38da-44e1-8f67-4f9a78cd0144 resource provider; error: Placement Client Error (4xx): {"errors": [{"status": 404, "title": "Not Found", "detail": "The resource could not be found.\n\n No resource provider with uuid 7a516945-38da-44e1-8f67-4f9a78cd0144 found for delete ", "request_id": "req-17a83a8d-49fe-4177-b502-a14bd13f678b"}]}
2026-07-16 01:35:20.569 8 INFO neutron.services.segments.plugin [-] Client error retrieving segment b54aabf9-a563-45b6-9c91-e3db1a8f9dd0 resource provider; error: Placement Client Error (4xx): {"errors": [{"status": 404, "title": "Not Found", "detail": "The resource could not be found.\n\n No resource provider with uuid b54aabf9-a563-45b6-9c91-e3db1a8f9dd0 found for delete ", "request_id": "req-7567cacb-65f0-4f7f-b6ab-6f1b176951be"}]}
2026-07-16 01:35:20.574 7 INFO neutron.services.segments.plugin [-] Segment c03c4662-789f-4f09-a74c-079fc6f58752 resource provider aggregate not found
2026-07-16 01:35:20.577 8 INFO neutron.services.segments.plugin [-] Client error retrieving segment b54aabf9-a563-45b6-9c91-e3db1a8f9dd0 resource provider; error: Placement Client Error (4xx): {"errors": [{"status": 404, "title": "Not Found", "detail": "The resource could not be found.\n\n No resource provider with uuid b54aabf9-a563-45b6-9c91-e3db1a8f9dd0 found for delete ", "request_id": "req-7d71c98c-fe3f-417e-8e63-287922806174"}]}
2026-07-16 01:35:20.587 7 INFO neutron.services.segments.plugin [-] Client error retrieving segment 7a516945-38da-44e1-8f67-4f9a78cd0144 resource provider; error: Placement Client Error (4xx): {"errors": [{"status": 404, "title": "Not Found", "detail": "The resource could not be found.\n\n No resource provider with uuid 7a516945-38da-44e1-8f67-4f9a78cd0144 found for delete ", "request_id": "req-63de7e0d-e142-49c8-a79f-09c399da7fc2"}]}
2026-07-16 01:35:20.590 7 INFO neutron.services.segments.plugin [-] Client error retrieving segment c03c4662-789f-4f09-a74c-079fc6f58752 resource provider; error: Placement Client Error (4xx): {"errors": [{"status": 404, "title": "Not Found", "detail": "The resource could not be found.\n\n No resource provider with uuid c03c4662-789f-4f09-a74c-079fc6f58752 found for delete ", "request_id": "req-84e4339d-d0c6-49db-a293-514da50fa053"}]} [pid: 8|app: 0|req: 685/1394] 10.0.0.48 () {34 vars in 668 bytes} [Thu Jul 16 01:35:19 2026] POST /v2.0/subnets => generated 626 bytes in 746 msecs (HTTP/1.1 201) 4 headers in 162 bytes (1 switches on core 0)
2026-07-16 01:35:20.605 7 INFO neutron.services.segments.plugin [-] Segment c03c4662-789f-4f09-a74c-079fc6f58752 resource provider aggregate not found
2026-07-16 01:35:20.615 7 INFO neutron.db.ovn_revision_numbers_db [None req-53e6eb84-e985-4367-8a88-7c47629252b1 d9b8eddf003d4606aa91acdd7f1b7682 da231ebf08024183b5c1877e7840dcc4 - - default default] Successfully bumped revision number for resource 883d48a0-fdfc-4a67-aa60-01008c77e939 (type: ports) to 1
2026-07-16 01:35:20.619 8 INFO neutron.pecan_wsgi.hooks.translation [None req-3a44df46-7d8a-482b-b056-5ff8bb078ba7 8cac7c07b9f6492aa7c6009f01709d8c ea5533cfed38463b9b7a371b46832154 - - default default] DELETE failed (client error): The resource could not be found.
2026-07-16 01:35:20.624 7 INFO neutron.services.segments.plugin [-] Client error retrieving segment c03c4662-789f-4f09-a74c-079fc6f58752 resource provider; error: Placement Client Error (4xx): {"errors": [{"status": 404, "title": "Not Found", "detail": "The resource could not be found.\n\n No resource provider with uuid c03c4662-789f-4f09-a74c-079fc6f58752 found for delete ", "request_id": "req-f4677e28-999c-4372-94a9-1659ac8f0972"}]} [pid: 8|app: 0|req: 686/1395] 10.0.0.48 () {32 vars in 723 bytes} [Thu Jul 16 01:35:20 2026] DELETE /v2.0/subnets/b9a2e964-56c8-49fa-8fe9-681f431b75fb => generated 136 bytes in 29 msecs (HTTP/1.1 404) 4 headers in 164 bytes (1 switches on core 0) [pid: 7|app: 0|req: 710/1396] 10.0.0.48 () {34 vars in 664 bytes} [Thu Jul 16 01:35:20 2026] POST /v2.0/ports => generated 779 bytes in 380 msecs (HTTP/1.1 201) 4 headers in 162 bytes (1 switches on core 0) /var/lib/openstack/lib/python3.12/site-packages/pycadf/identifier.py:70: UserWarning: Invalid uuid: neutron. To ensure interoperability, identifiers should be a valid uuid. warnings.warn(('Invalid uuid: %s. To ensure interoperability, '
2026-07-16 01:35:20.758 7 INFO neutron.db.ovn_revision_numbers_db [None req-d3015f7b-3c60-4317-b0be-38f96dd62941 c355512d18e3458b965781d37c8a447b 47887087ba4d41fc956001eabbbebca8 - - default default] Successfully bumped revision number for resource 2721bd72-48f2-4aa7-8922-c00d6a4f9032 (type: routers) to 1 [pid: 7|app: 0|req: 711/1397] 10.0.0.48 () {34 vars in 668 bytes} [Thu Jul 16 01:35:20 2026] POST /v2.0/routers => generated 624 bytes in 121 msecs (HTTP/1.1 201) 4 headers in 162 bytes (1 switches on core 0)
2026-07-16 01:35:20.785 8 INFO neutron_taas.services.taas.taas_plugin [None req-fec56235-255a-4983-b2d7-9b4ad758fcd2 387f7ed64318455fa676abf15bfa8337 033278167e3a44f8ba8197651dc3f4f5 - - default default] TaaS: Handle Delete Port: 56d5c317-7ba0-4dbe-a85c-c6aef380534b
2026-07-16 01:35:20.788 8 INFO neutron_taas.services.taas.tap_mirror_plugin [None req-fec56235-255a-4983-b2d7-9b4ad758fcd2 387f7ed64318455fa676abf15bfa8337 033278167e3a44f8ba8197651dc3f4f5 - - default default] Tap Mirror: Handle Delete Port: 56d5c317-7ba0-4dbe-a85c-c6aef380534b
2026-07-16 01:35:20.916 7 INFO neutron_taas.services.taas.taas_plugin [None req-48e1e5a0-2078-4d11-88a9-fe511a89f9e8 8cac7c07b9f6492aa7c6009f01709d8c ea5533cfed38463b9b7a371b46832154 - - default default] TaaS: Handle Delete Port: eee95b35-d007-46ea-a082-218b775d87fc
2026-07-16 01:35:20.919 7 INFO neutron_taas.services.taas.tap_mirror_plugin [None req-48e1e5a0-2078-4d11-88a9-fe511a89f9e8 8cac7c07b9f6492aa7c6009f01709d8c ea5533cfed38463b9b7a371b46832154 - - default default] Tap Mirror: Handle Delete Port: eee95b35-d007-46ea-a082-218b775d87fc [pid: 8|app: 0|req: 687/1398] 10.0.0.48 () {32 vars in 725 bytes} [Thu Jul 16 01:35:20 2026] DELETE /v2.0/networks/c29f4be2-22de-4140-b915-69368708d093 => generated 0 bytes in 320 msecs (HTTP/1.1 204) 3 headers in 131 bytes (1 switches on core 0) [pid: 7|app: 0|req: 712/1399] 10.0.0.48 () {32 vars in 719 bytes} [Thu Jul 16 01:35:20 2026] DELETE /v2.0/ports/eee95b35-d007-46ea-a082-218b775d87fc => generated 0 bytes in 278 msecs (HTTP/1.1 204) 3 headers in 131 bytes (1 switches on core 0)
2026-07-16 01:35:21.152 8 INFO neutron.plugins.ml2.drivers.ovn.mech_driver.mech_driver [None req-491df729-59f0-444b-bb66-4498b9e1bbbc - - - - - -] OVN reports status down for port: 883d48a0-fdfc-4a67-aa60-01008c77e939
2026-07-16 01:35:21.203 8 INFO neutron.db.ovn_revision_numbers_db [None req-a416f5d8-0429-4149-966d-f6c03c9be2c3 d9b8eddf003d4606aa91acdd7f1b7682 da231ebf08024183b5c1877e7840dcc4 - - default default] Successfully bumped revision number for resource 883d48a0-fdfc-4a67-aa60-01008c77e939 (type: ports) to 2 [pid: 8|app: 0|req: 688/1400] 10.0.0.48 () {34 vars in 736 bytes} [Thu Jul 16 01:35:20 2026] PUT /v2.0/ports/883d48a0-fdfc-4a67-aa60-01008c77e939 => generated 752 bytes in 312 msecs (HTTP/1.1 200) 4 headers in 157 bytes (1 switches on core 0) /var/lib/openstack/lib/python3.12/site-packages/pycadf/identifier.py:70: UserWarning: Invalid uuid: neutron. To ensure interoperability, identifiers should be a valid uuid. warnings.warn(('Invalid uuid: %s. To ensure interoperability, '
2026-07-16 01:35:21.364 7 WARNING neutron.scheduler.dhcp_agent_scheduler [None req-37fe101f-0f74-4623-9ee7-874434a61598 c355512d18e3458b965781d37c8a447b 47887087ba4d41fc956001eabbbebca8 - - default default] No more DHCP agents
2026-07-16 01:35:21.371 7 WARNING neutron.api.rpc.agentnotifiers.dhcp_rpc_agent_api [None req-37fe101f-0f74-4623-9ee7-874434a61598 c355512d18e3458b965781d37c8a447b 47887087ba4d41fc956001eabbbebca8 - - default default] Unable to schedule network 57977520-7214-4316-9a47-3d38bb0afc22: no agents available; will retry on subsequent port and subnet creation events.
2026-07-16 01:35:21.389 8 INFO neutron_taas.services.taas.taas_plugin [None req-a060cda4-85e5-4871-9dcb-b3ca2e281766 8cac7c07b9f6492aa7c6009f01709d8c ea5533cfed38463b9b7a371b46832154 - - default default] TaaS: Handle Delete Port: 68aed60c-c925-417e-9a6a-caf623d32642
2026-07-16 01:35:21.392 8 INFO neutron_taas.services.taas.tap_mirror_plugin [None req-a060cda4-85e5-4871-9dcb-b3ca2e281766 8cac7c07b9f6492aa7c6009f01709d8c ea5533cfed38463b9b7a371b46832154 - - default default] Tap Mirror: Handle Delete Port: 68aed60c-c925-417e-9a6a-caf623d32642
2026-07-16 01:35:21.537 8 INFO neutron.plugins.ml2.drivers.ovn.mech_driver.mech_driver [None req-491df729-59f0-444b-bb66-4498b9e1bbbc - - - - - -] OVN reports status down for port: faa17054-f32c-4a1d-bdce-8ffe62b47c91
2026-07-16 01:35:21.550 7 INFO neutron.db.ovn_revision_numbers_db [None req-37fe101f-0f74-4623-9ee7-874434a61598 c355512d18e3458b965781d37c8a447b 47887087ba4d41fc956001eabbbebca8 - - default default] Successfully bumped revision number for resource faa17054-f32c-4a1d-bdce-8ffe62b47c91 (type: ports) to 1 [pid: 7|app: 0|req: 713/1401] 10.0.0.48 () {34 vars in 664 bytes} [Thu Jul 16 01:35:21 2026] POST /v2.0/ports => generated 947 bytes in 525 msecs (HTTP/1.1 201) 4 headers in 162 bytes (1 switches on core 0) /var/lib/openstack/lib/python3.12/site-packages/pycadf/identifier.py:70: UserWarning: Invalid uuid: neutron. To ensure interoperability, identifiers should be a valid uuid. warnings.warn(('Invalid uuid: %s. To ensure interoperability, ' [pid: 8|app: 0|req: 689/1402] 10.0.0.48 () {32 vars in 725 bytes} [Thu Jul 16 01:35:21 2026] DELETE /v2.0/networks/394c0499-2bea-45d1-b77c-6bfe2cd54219 => generated 0 bytes in 416 msecs (HTTP/1.1 204) 3 headers in 131 bytes (1 switches on core 0)
2026-07-16 01:35:21.720 7 INFO neutron_taas.services.taas.taas_plugin [None req-65504581-b7da-4308-a615-1c49bdd1e958 d9b8eddf003d4606aa91acdd7f1b7682 da231ebf08024183b5c1877e7840dcc4 - - default default] TaaS: Handle Delete Port: 883d48a0-fdfc-4a67-aa60-01008c77e939
2026-07-16 01:35:21.725 7 INFO neutron_taas.services.taas.tap_mirror_plugin [None req-65504581-b7da-4308-a615-1c49bdd1e958 d9b8eddf003d4606aa91acdd7f1b7682 da231ebf08024183b5c1877e7840dcc4 - - default default] Tap Mirror: Handle Delete Port: 883d48a0-fdfc-4a67-aa60-01008c77e939
2026-07-16 01:35:21.802 8 WARNING neutron.db.securitygroups_db [None req-b247eb28-3b4f-499a-8830-43190eba21fa 8cc1d740443049a4a1d131ca53f7955c 20b667deae5f4b188b86b1c895bd6537 - - default default] project_id key not found in filters, using tenant_id instead. This support has been deprecated and will be removed in a future release. [pid: 8|app: 0|req: 690/1403] 10.0.0.48 () {32 vars in 773 bytes} [Thu Jul 16 01:35:21 2026] GET /v2.0/security-groups?tenant_id=033278167e3a44f8ba8197651dc3f4f5&name=default => generated 2925 bytes in 155 msecs (HTTP/1.1 200) 4 headers in 158 bytes (1 switches on core 0) [pid: 7|app: 0|req: 714/1404] 10.0.0.48 () {32 vars in 719 bytes} [Thu Jul 16 01:35:21 2026] DELETE /v2.0/ports/883d48a0-fdfc-4a67-aa60-01008c77e939 => generated 0 bytes in 296 msecs (HTTP/1.1 204) 3 headers in 131 bytes (1 switches on core 0) [pid: 7|app: 0|req: 715/1405] 10.0.0.48 () {32 vars in 739 bytes} [Thu Jul 16 01:35:21 2026] DELETE /v2.0/security-groups/4eaf8b2a-e27c-4721-b5f5-f0aee915e786 => generated 0 bytes in 179 msecs (HTTP/1.1 204) 2 headers in 112 bytes (1 switches on core 0) [pid: 7|app: 0|req: 716/1406] 10.0.0.48 () {32 vars in 642 bytes} [Thu Jul 16 01:35:22 2026] GET /v2.0/ports => generated 1538 bytes in 43 msecs (HTTP/1.1 200) 4 headers in 158 bytes (1 switches on core 0)
2026-07-16 01:35:22.122 7 INFO neutron.pecan_wsgi.hooks.translation [None req-97323fc7-2970-4d35-982e-970165cdbb85 d9b8eddf003d4606aa91acdd7f1b7682 da231ebf08024183b5c1877e7840dcc4 - - default default] GET failed (client error): The resource could not be found. [pid: 7|app: 0|req: 717/1407] 10.0.0.48 () {32 vars in 716 bytes} [Thu Jul 16 01:35:22 2026] GET /v2.0/ports/883d48a0-fdfc-4a67-aa60-01008c77e939 => generated 132 bytes in 21 msecs (HTTP/1.1 404) 4 headers in 164 bytes (1 switches on core 0) [pid: 7|app: 0|req: 718/1408] 10.0.0.48 () {32 vars in 642 bytes} [Thu Jul 16 01:35:22 2026] GET /v2.0/ports => generated 1538 bytes in 39 msecs (HTTP/1.1 200) 4 headers in 158 bytes (1 switches on core 0) [pid: 7|app: 0|req: 719/1409] 10.0.0.48 () {32 vars in 716 bytes} [Thu Jul 16 01:35:22 2026] GET /v2.0/ports/69aeae9e-9d65-42f9-a8b4-4191a5f6c8e3 => generated 779 bytes in 35 msecs (HTTP/1.1 200) 4 headers in 157 bytes (1 switches on core 0)
2026-07-16 01:35:22.357 8 INFO neutron.plugins.ml2.drivers.ovn.mech_driver.mech_driver [None req-491df729-59f0-444b-bb66-4498b9e1bbbc - - - - - -] OVN reports status up for port: faa17054-f32c-4a1d-bdce-8ffe62b47c91
2026-07-16 01:35:22.392 8 INFO neutron.plugins.ml2.plugin [None req-491df729-59f0-444b-bb66-4498b9e1bbbc - - - - - -] Attempt 1 to provision port faa17054-f32c-4a1d-bdce-8ffe62b47c91
2026-07-16 01:35:22.401 7 WARNING neutron.db.securitygroups_db [None req-d96b7200-867a-4f8b-a196-f64a3fef0b0d 8cc1d740443049a4a1d131ca53f7955c 20b667deae5f4b188b86b1c895bd6537 - - default default] project_id key not found in filters, using tenant_id instead. This support has been deprecated and will be removed in a future release.
2026-07-16 01:35:22.402 8 INFO neutron.db.ovn_revision_numbers_db [None req-5c5ac27d-3416-42a8-903f-0a3fdc00dbeb c355512d18e3458b965781d37c8a447b 47887087ba4d41fc956001eabbbebca8 - - default default] Successfully bumped revision number for resource faa17054-f32c-4a1d-bdce-8ffe62b47c91 (type: ports) to 2 [pid: 7|app: 0|req: 720/1410] 10.0.0.48 () {32 vars in 773 bytes} [Thu Jul 16 01:35:22 2026] GET /v2.0/security-groups?tenant_id=ea5533cfed38463b9b7a371b46832154&name=default => generated 2925 bytes in 216 msecs (HTTP/1.1 200) 4 headers in 158 bytes (1 switches on core 0)
2026-07-16 01:35:22.438 7 INFO neutron.pecan_wsgi.hooks.translation [None req-6afd8ba2-cf4b-4dc7-bb25-516bcbfa18ff d9b8eddf003d4606aa91acdd7f1b7682 da231ebf08024183b5c1877e7840dcc4 - - default default] DELETE failed (client error): The resource could not be found. [pid: 7|app: 0|req: 721/1411] 10.0.0.48 () {32 vars in 719 bytes} [Thu Jul 16 01:35:22 2026] DELETE /v2.0/ports/91dcdd19-c792-444a-9951-a3ed31a16e94 => generated 132 bytes in 16 msecs (HTTP/1.1 404) 4 headers in 164 bytes (1 switches on core 0) [pid: 7|app: 0|req: 722/1412] 10.0.0.48 () {32 vars in 739 bytes} [Thu Jul 16 01:35:22 2026] DELETE /v2.0/security-groups/7459c04a-59e3-4ccc-9ed2-bd953b2527e1 => generated 0 bytes in 232 msecs (HTTP/1.1 204) 2 headers in 112 bytes (1 switches on core 0)
2026-07-16 01:35:22.688 7 INFO neutron.pecan_wsgi.hooks.translation [None req-8f1f6dc4-14f4-4044-9586-86c17ae2ea56 d9b8eddf003d4606aa91acdd7f1b7682 da231ebf08024183b5c1877e7840dcc4 - - default default] DELETE failed (client error): The resource could not be found. [pid: 7|app: 0|req: 723/1413] 10.0.0.48 () {32 vars in 723 bytes} [Thu Jul 16 01:35:22 2026] DELETE /v2.0/subnets/d4cf99fa-ca38-48ba-9a68-5c3f200987e4 => generated 136 bytes in 17 msecs (HTTP/1.1 404) 4 headers in 164 bytes (1 switches on core 0)
2026-07-16 01:35:22.710 7 INFO neutron.pecan_wsgi.hooks.translation [None req-6d7e6944-af87-495b-98a8-b0b176256c23 d9b8eddf003d4606aa91acdd7f1b7682 da231ebf08024183b5c1877e7840dcc4 - - default default] DELETE failed (client error): The resource could not be found. [pid: 7|app: 0|req: 724/1414] 10.0.0.48 () {32 vars in 723 bytes} [Thu Jul 16 01:35:22 2026] DELETE /v2.0/subnets/ab362e1f-17bb-4386-b874-1bb21b45b004 => generated 136 bytes in 18 msecs (HTTP/1.1 404) 4 headers in 164 bytes (1 switches on core 0)
2026-07-16 01:35:22.840 7 INFO neutron_taas.services.taas.taas_plugin [None req-e83d7a33-682f-4220-b4fb-3e3b9c736bec d9b8eddf003d4606aa91acdd7f1b7682 da231ebf08024183b5c1877e7840dcc4 - - default default] TaaS: Handle Delete Port: 69aeae9e-9d65-42f9-a8b4-4191a5f6c8e3
2026-07-16 01:35:22.842 7 INFO neutron_taas.services.taas.tap_mirror_plugin [None req-e83d7a33-682f-4220-b4fb-3e3b9c736bec d9b8eddf003d4606aa91acdd7f1b7682 da231ebf08024183b5c1877e7840dcc4 - - default default] Tap Mirror: Handle Delete Port: 69aeae9e-9d65-42f9-a8b4-4191a5f6c8e3 [pid: 7|app: 0|req: 725/1415] 10.0.0.48 () {32 vars in 719 bytes} [Thu Jul 16 01:35:22 2026] DELETE /v2.0/ports/69aeae9e-9d65-42f9-a8b4-4191a5f6c8e3 => generated 0 bytes in 244 msecs (HTTP/1.1 204) 3 headers in 131 bytes (1 switches on core 0)
2026-07-16 01:35:22.991 8 INFO neutron.services.segments.plugin [-] Segment ac5d45f4-957e-4f6c-98f3-44782437ca0e resource provider aggregate not found
2026-07-16 01:35:22.996 8 INFO neutron.services.segments.plugin [-] Segment ac5d45f4-957e-4f6c-98f3-44782437ca0e resource provider aggregate not found
2026-07-16 01:35:23.009 8 INFO neutron.services.segments.plugin [-] Client error retrieving segment ac5d45f4-957e-4f6c-98f3-44782437ca0e resource provider; error: Placement Client Error (4xx): {"errors": [{"status": 404, "title": "Not Found", "detail": "The resource could not be found.\n\n No resource provider with uuid ac5d45f4-957e-4f6c-98f3-44782437ca0e found for delete ", "request_id": "req-0cb18562-d573-4d15-9eae-e4e78f7812d6"}]}
2026-07-16 01:35:23.014 8 INFO neutron.services.segments.plugin [-] Client error retrieving segment ac5d45f4-957e-4f6c-98f3-44782437ca0e resource provider; error: Placement Client Error (4xx): {"errors": [{"status": 404, "title": "Not Found", "detail": "The resource could not be found.\n\n No resource provider with uuid ac5d45f4-957e-4f6c-98f3-44782437ca0e found for delete ", "request_id": "req-0b6a3020-72f0-460b-8c55-b1ecdbbc0ab1"}]}
2026-07-16 01:35:23.036 8 INFO neutron.services.segments.plugin [-] Segment 50e7e8ec-622d-4e3c-8eba-5a29da8caad6 resource provider aggregate not found
2026-07-16 01:35:23.055 8 INFO neutron.services.segments.plugin [-] Segment 50e7e8ec-622d-4e3c-8eba-5a29da8caad6 resource provider aggregate not found
2026-07-16 01:35:23.085 8 INFO neutron.services.segments.plugin [-] Client error retrieving segment 50e7e8ec-622d-4e3c-8eba-5a29da8caad6 resource provider; error: Placement Client Error (4xx): {"errors": [{"status": 404, "title": "Not Found", "detail": "The resource could not be found.\n\n No resource provider with uuid 50e7e8ec-622d-4e3c-8eba-5a29da8caad6 found for delete ", "request_id": "req-cbe45834-8b6c-499b-877e-a788499828f4"}]}
2026-07-16 01:35:23.096 8 INFO neutron.services.segments.plugin [-] Client error retrieving segment 50e7e8ec-622d-4e3c-8eba-5a29da8caad6 resource provider; error: Placement Client Error (4xx): {"errors": [{"status": 404, "title": "Not Found", "detail": "The resource could not be found.\n\n No resource provider with uuid 50e7e8ec-622d-4e3c-8eba-5a29da8caad6 found for delete ", "request_id": "req-37046225-f5e3-4e6b-b283-fa84938d9b82"}]}
2026-07-16 01:35:23.144 7 INFO neutron_taas.services.taas.taas_plugin [None req-34415b4b-7878-412a-9787-e8e080c70292 d9b8eddf003d4606aa91acdd7f1b7682 da231ebf08024183b5c1877e7840dcc4 - - default default] TaaS: Handle Delete Port: 428eff7d-c155-404c-a0fb-97ab29855655
2026-07-16 01:35:23.147 7 INFO neutron_taas.services.taas.tap_mirror_plugin [None req-34415b4b-7878-412a-9787-e8e080c70292 d9b8eddf003d4606aa91acdd7f1b7682 da231ebf08024183b5c1877e7840dcc4 - - default default] Tap Mirror: Handle Delete Port: 428eff7d-c155-404c-a0fb-97ab29855655
2026-07-16 01:35:23.333 7 INFO neutron.services.segments.plugin [-] Segment 6b08a43f-59ec-4c95-a5a8-ea3920d8d93a resource provider aggregate not found
2026-07-16 01:35:23.337 7 INFO neutron.services.segments.plugin [-] Segment 6b08a43f-59ec-4c95-a5a8-ea3920d8d93a resource provider aggregate not found
2026-07-16 01:35:23.348 7 INFO neutron.services.segments.plugin [-] Client error retrieving segment 6b08a43f-59ec-4c95-a5a8-ea3920d8d93a resource provider; error: Placement Client Error (4xx): {"errors": [{"status": 404, "title": "Not Found", "detail": "The resource could not be found.\n\n No resource provider with uuid 6b08a43f-59ec-4c95-a5a8-ea3920d8d93a found for delete ", "request_id": "req-08d67f0d-50a6-4c7e-b368-7356594e6d88"}]}
2026-07-16 01:35:23.355 7 INFO neutron.services.segments.plugin [-] Client error retrieving segment 6b08a43f-59ec-4c95-a5a8-ea3920d8d93a resource provider; error: Placement Client Error (4xx): {"errors": [{"status": 404, "title": "Not Found", "detail": "The resource could not be found.\n\n No resource provider with uuid 6b08a43f-59ec-4c95-a5a8-ea3920d8d93a found for delete ", "request_id": "req-e1314fdc-2802-425e-8923-eaf19fc36253"}]} [pid: 7|app: 0|req: 726/1416] 10.0.0.48 () {32 vars in 725 bytes} [Thu Jul 16 01:35:22 2026] DELETE /v2.0/networks/15e3e80b-03d2-4b57-a2ad-1ec3fd44de5e => generated 0 bytes in 444 msecs (HTTP/1.1 204) 3 headers in 131 bytes (1 switches on core 0)
2026-07-16 01:35:23.603 8 INFO neutron.db.ovn_revision_numbers_db [None req-491df729-59f0-444b-bb66-4498b9e1bbbc - - - - - -] Successfully bumped revision number for resource faa17054-f32c-4a1d-bdce-8ffe62b47c91 (type: ports) to 3
2026-07-16 01:35:23.929 8 WARNING neutron.scheduler.dhcp_agent_scheduler [None req-5c5ac27d-3416-42a8-903f-0a3fdc00dbeb c355512d18e3458b965781d37c8a447b 47887087ba4d41fc956001eabbbebca8 - - default default] No more DHCP agents
2026-07-16 01:35:23.930 7 WARNING neutron.db.securitygroups_db [None req-09f700ef-09ad-4ca9-81ef-aea72eee7138 8cc1d740443049a4a1d131ca53f7955c 20b667deae5f4b188b86b1c895bd6537 - - default default] project_id key not found in filters, using tenant_id instead. This support has been deprecated and will be removed in a future release.
2026-07-16 01:35:23.930 8 WARNING neutron.api.rpc.agentnotifiers.dhcp_rpc_agent_api [None req-5c5ac27d-3416-42a8-903f-0a3fdc00dbeb c355512d18e3458b965781d37c8a447b 47887087ba4d41fc956001eabbbebca8 - - default default] Unable to schedule network 57977520-7214-4316-9a47-3d38bb0afc22: no agents available; will retry on subsequent port and subnet creation events. [pid: 7|app: 0|req: 727/1417] 10.0.0.48 () {32 vars in 773 bytes} [Thu Jul 16 01:35:23 2026] GET /v2.0/security-groups?tenant_id=da231ebf08024183b5c1877e7840dcc4&name=default => generated 2925 bytes in 121 msecs (HTTP/1.1 200) 4 headers in 158 bytes (1 switches on core 0)
2026-07-16 01:35:24.184 7 INFO neutron.db.ovn_revision_numbers_db [None req-0421bdb4-ae64-4a81-9a6f-171c943430a3 1ff71a7074c64c5b80a178b6ba3459e0 702c47df1ea247d3b0000b7327d0bbcb - - default default] Successfully bumped revision number for resource a7e5e3a7-06dd-42bb-81a7-ef0ed6335ed2 (type: security_groups) to 1
2026-07-16 01:35:24.186 8 INFO neutron.db.ovn_revision_numbers_db [None req-5c5ac27d-3416-42a8-903f-0a3fdc00dbeb c355512d18e3458b965781d37c8a447b 47887087ba4d41fc956001eabbbebca8 - - default default] Successfully bumped revision number for resource faa17054-f32c-4a1d-bdce-8ffe62b47c91 (type: router_ports) to 3 [pid: 8|app: 0|req: 691/1418] 10.0.0.48 () {34 vars in 782 bytes} [Thu Jul 16 01:35:21 2026] PUT /v2.0/routers/2721bd72-48f2-4aa7-8922-c00d6a4f9032/add_router_interface => generated 310 bytes in 2360 msecs (HTTP/1.1 200) 4 headers in 157 bytes (1 switches on core 0) /var/lib/openstack/lib/python3.12/site-packages/pycadf/identifier.py:70: UserWarning: Invalid uuid: neutron. To ensure interoperability, identifiers should be a valid uuid. warnings.warn(('Invalid uuid: %s. To ensure interoperability, '
2026-07-16 01:35:24.196 7 INFO neutron.db.ovn_revision_numbers_db [None req-0421bdb4-ae64-4a81-9a6f-171c943430a3 1ff71a7074c64c5b80a178b6ba3459e0 702c47df1ea247d3b0000b7327d0bbcb - - default default] Successfully bumped revision number for resource 21d9c6e1-7590-457e-902d-03ad1267a59d (type: security_group_rules) to 0
2026-07-16 01:35:24.208 7 INFO neutron.db.ovn_revision_numbers_db [None req-0421bdb4-ae64-4a81-9a6f-171c943430a3 1ff71a7074c64c5b80a178b6ba3459e0 702c47df1ea247d3b0000b7327d0bbcb - - default default] Successfully bumped revision number for resource 9900f32b-af00-4d58-bd2d-05085a222290 (type: security_group_rules) to 0
2026-07-16 01:35:24.221 7 INFO neutron.db.ovn_revision_numbers_db [None req-0421bdb4-ae64-4a81-9a6f-171c943430a3 1ff71a7074c64c5b80a178b6ba3459e0 702c47df1ea247d3b0000b7327d0bbcb - - default default] Successfully bumped revision number for resource c206baf2-a9ad-4109-8968-6de0a2b6cd61 (type: security_group_rules) to 0
2026-07-16 01:35:24.234 7 INFO neutron.db.ovn_revision_numbers_db [None req-0421bdb4-ae64-4a81-9a6f-171c943430a3 1ff71a7074c64c5b80a178b6ba3459e0 702c47df1ea247d3b0000b7327d0bbcb - - default default] Successfully bumped revision number for resource f7776965-49ca-4eb6-bee0-12c251668bae (type: security_group_rules) to 0
