2026-07-16 01:34:11.630 7 INFO neutron.plugins.ml2.drivers.ovn.mech_driver.mech_driver [None req-a78a7bbe-fcb6-4cc3-9199-41e2129088ab - - - - - -] OVN reports status up for port: 202f8e2a-0942-497e-87cf-9a44b54d6e97
2026-07-16 01:34:11.663 7 INFO neutron.plugins.ml2.plugin [None req-a78a7bbe-fcb6-4cc3-9199-41e2129088ab - - - - - -] Attempt 1 to provision port 202f8e2a-0942-497e-87cf-9a44b54d6e97
2026-07-16 01:34:11.737 7 INFO neutron.db.ovn_revision_numbers_db [None req-83dac906-ee39-44cf-bb62-b241da75c54c 8cc1d740443049a4a1d131ca53f7955c 20b667deae5f4b188b86b1c895bd6537 - - default default] Successfully bumped revision number for resource 202f8e2a-0942-497e-87cf-9a44b54d6e97 (type: router_ports) to 1
2026-07-16 01:34:11.923 7 INFO neutron.db.ovn_revision_numbers_db [None req-83dac906-ee39-44cf-bb62-b241da75c54c 8cc1d740443049a4a1d131ca53f7955c 20b667deae5f4b188b86b1c895bd6537 - - default default] Successfully bumped revision number for resource a8800837-0fc2-4717-9f81-cf2fcb907025 (type: routers) to 2 [pid: 7|app: 0|req: 437/881] 10.0.0.48 () {34 vars in 668 bytes} [Thu Jul 16 01:34:10 2026] POST /v2.0/routers => generated 991 bytes in 1770 msecs (HTTP/1.1 201) 4 headers in 162 bytes (1 switches on core 0)
2026-07-16 01:34:12.100 8 INFO neutron.db.ovn_revision_numbers_db [None req-3b1df286-a250-4d46-a4d3-988ae32c8a90 8cc1d740443049a4a1d131ca53f7955c 20b667deae5f4b188b86b1c895bd6537 - - default default] Successfully bumped revision number for resource 49eddd2c-8b27-46cd-b08d-8b86d9de4707 (type: security_groups) to 1
2026-07-16 01:34:12.123 8 INFO neutron.db.ovn_revision_numbers_db [None req-3b1df286-a250-4d46-a4d3-988ae32c8a90 8cc1d740443049a4a1d131ca53f7955c 20b667deae5f4b188b86b1c895bd6537 - - default default] Successfully bumped revision number for resource 2c16c639-4f3c-4ae4-9476-366350bbc384 (type: security_group_rules) to 0
2026-07-16 01:34:12.141 8 INFO neutron.db.ovn_revision_numbers_db [None req-3b1df286-a250-4d46-a4d3-988ae32c8a90 8cc1d740443049a4a1d131ca53f7955c 20b667deae5f4b188b86b1c895bd6537 - - default default] Successfully bumped revision number for resource 64fe8dad-6e6a-46cd-ac30-eca608919b71 (type: security_group_rules) to 0
2026-07-16 01:34:12.153 8 INFO neutron.db.ovn_revision_numbers_db [None req-3b1df286-a250-4d46-a4d3-988ae32c8a90 8cc1d740443049a4a1d131ca53f7955c 20b667deae5f4b188b86b1c895bd6537 - - default default] Successfully bumped revision number for resource d60e0d1f-e0a4-45f4-8cab-03f526b64bf7 (type: security_group_rules) to 0
2026-07-16 01:34:12.165 8 INFO neutron.db.ovn_revision_numbers_db [None req-3b1df286-a250-4d46-a4d3-988ae32c8a90 8cc1d740443049a4a1d131ca53f7955c 20b667deae5f4b188b86b1c895bd6537 - - default default] Successfully bumped revision number for resource f6ea61e1-4abb-49d3-ab5f-0a7fafc04773 (type: security_group_rules) to 0
2026-07-16 01:34:12.237 8 INFO neutron.db.segments_db [None req-3b1df286-a250-4d46-a4d3-988ae32c8a90 8cc1d740443049a4a1d131ca53f7955c 20b667deae5f4b188b86b1c895bd6537 - - default default] Added segment b85e6523-6835-463c-a550-3cd91b5c743c of type geneve for network cf3e9975-6241-43c4-92e3-f5610c125d4e
2026-07-16 01:34:12.368 8 INFO neutron.db.ovn_revision_numbers_db [None req-3b1df286-a250-4d46-a4d3-988ae32c8a90 8cc1d740443049a4a1d131ca53f7955c 20b667deae5f4b188b86b1c895bd6537 - - default default] Successfully bumped revision number for resource cf3e9975-6241-43c4-92e3-f5610c125d4e (type: networks) to 1
2026-07-16 01:34:12.533 8 WARNING neutron.scheduler.dhcp_agent_scheduler [None req-3b1df286-a250-4d46-a4d3-988ae32c8a90 8cc1d740443049a4a1d131ca53f7955c 20b667deae5f4b188b86b1c895bd6537 - - default default] No more DHCP agents
2026-07-16 01:34:12.535 8 WARNING neutron.api.rpc.agentnotifiers.dhcp_rpc_agent_api [None req-3b1df286-a250-4d46-a4d3-988ae32c8a90 8cc1d740443049a4a1d131ca53f7955c 20b667deae5f4b188b86b1c895bd6537 - - default default] Unable to schedule network cf3e9975-6241-43c4-92e3-f5610c125d4e: no agents available; will retry on subsequent port and subnet creation events.
2026-07-16 01:34:12.602 8 INFO neutron.db.ovn_revision_numbers_db [None req-3b1df286-a250-4d46-a4d3-988ae32c8a90 8cc1d740443049a4a1d131ca53f7955c 20b667deae5f4b188b86b1c895bd6537 - - default default] Successfully bumped revision number for resource f02a0606-de74-47a9-87c5-66a80d34db48 (type: ports) to 1 [pid: 8|app: 0|req: 445/882] 10.0.0.48 () {34 vars in 670 bytes} [Thu Jul 16 01:34:11 2026] POST /v2.0/networks => generated 784 bytes in 788 msecs (HTTP/1.1 201) 4 headers in 162 bytes (1 switches on core 0)
2026-07-16 01:34:12.811 7 WARNING neutron.scheduler.dhcp_agent_scheduler [None req-2ade61fb-93de-4bd8-97ee-f6206326f490 8cc1d740443049a4a1d131ca53f7955c 20b667deae5f4b188b86b1c895bd6537 - - default default] No more DHCP agents
2026-07-16 01:34:12.814 7 WARNING neutron.api.rpc.agentnotifiers.dhcp_rpc_agent_api [None req-2ade61fb-93de-4bd8-97ee-f6206326f490 8cc1d740443049a4a1d131ca53f7955c 20b667deae5f4b188b86b1c895bd6537 - - default default] Unable to schedule network e0595df4-7076-48b9-a9f2-66907b955b37: no agents available; will retry on subsequent port and subnet creation events.
2026-07-16 01:34:12.817 8 WARNING neutron.scheduler.dhcp_agent_scheduler [None req-b80513bd-208f-44a8-ac54-d095d35ce430 8cc1d740443049a4a1d131ca53f7955c 20b667deae5f4b188b86b1c895bd6537 - - default default] No more DHCP agents
2026-07-16 01:34:12.819 8 WARNING neutron.api.rpc.agentnotifiers.dhcp_rpc_agent_api [None req-b80513bd-208f-44a8-ac54-d095d35ce430 8cc1d740443049a4a1d131ca53f7955c 20b667deae5f4b188b86b1c895bd6537 - - default default] Unable to schedule network cf3e9975-6241-43c4-92e3-f5610c125d4e: no agents available; will retry on subsequent port and subnet creation events.
2026-07-16 01:34:13.083 7 INFO neutron.db.ovn_revision_numbers_db [None req-2ade61fb-93de-4bd8-97ee-f6206326f490 8cc1d740443049a4a1d131ca53f7955c 20b667deae5f4b188b86b1c895bd6537 - - default default] Successfully bumped revision number for resource f20f523d-cd7f-4e51-ac3f-149276e32e1c (type: ports) to 1
2026-07-16 01:34:13.254 7 INFO neutron.db.ovn_revision_numbers_db [None req-9378b7ec-d50e-4009-9874-3727273ed2d9 - - - - - -] Successfully bumped revision number for resource 202f8e2a-0942-497e-87cf-9a44b54d6e97 (type: ports) to 4
2026-07-16 01:34:13.373 8 INFO neutron.db.ovn_revision_numbers_db [None req-b80513bd-208f-44a8-ac54-d095d35ce430 8cc1d740443049a4a1d131ca53f7955c 20b667deae5f4b188b86b1c895bd6537 - - default default] Successfully bumped revision number for resource f02a0606-de74-47a9-87c5-66a80d34db48 (type: ports) to 2
2026-07-16 01:34:13.397 8 INFO neutron.db.ovn_revision_numbers_db [None req-b80513bd-208f-44a8-ac54-d095d35ce430 8cc1d740443049a4a1d131ca53f7955c 20b667deae5f4b188b86b1c895bd6537 - - default default] Successfully bumped revision number for resource afc60ed5-409d-42cf-92ff-094945ed6eca (type: subnets) to 0 [pid: 8|app: 0|req: 446/883] 10.0.0.48 () {34 vars in 668 bytes} [Thu Jul 16 01:34:12 2026] POST /v2.0/subnets => generated 690 bytes in 788 msecs (HTTP/1.1 201) 4 headers in 162 bytes (1 switches on core 0)
2026-07-16 01:34:13.685 8 INFO neutron.db.ovn_revision_numbers_db [None req-9530ed76-1d1d-4a27-a40b-8977497add9d 8cc1d740443049a4a1d131ca53f7955c 20b667deae5f4b188b86b1c895bd6537 - - default default] Successfully bumped revision number for resource 85bb5f7c-37d1-4d75-bada-27edfe2177df (type: security_groups) to 1
2026-07-16 01:34:13.703 8 INFO neutron.db.ovn_revision_numbers_db [None req-9530ed76-1d1d-4a27-a40b-8977497add9d 8cc1d740443049a4a1d131ca53f7955c 20b667deae5f4b188b86b1c895bd6537 - - default default] Successfully bumped revision number for resource 7d51ea39-5469-4391-992f-08abd0421f19 (type: security_group_rules) to 0
2026-07-16 01:34:13.720 8 INFO neutron.db.ovn_revision_numbers_db [None req-9530ed76-1d1d-4a27-a40b-8977497add9d 8cc1d740443049a4a1d131ca53f7955c 20b667deae5f4b188b86b1c895bd6537 - - default default] Successfully bumped revision number for resource be4b122a-329c-4da2-b97c-f782bc42a9d7 (type: security_group_rules) to 0
2026-07-16 01:34:13.735 8 INFO neutron.db.ovn_revision_numbers_db [None req-9530ed76-1d1d-4a27-a40b-8977497add9d 8cc1d740443049a4a1d131ca53f7955c 20b667deae5f4b188b86b1c895bd6537 - - default default] Successfully bumped revision number for resource cdd3ae02-ae12-4154-8f4a-6336439b5cf6 (type: security_group_rules) to 0
2026-07-16 01:34:13.753 8 INFO neutron.db.ovn_revision_numbers_db [None req-9530ed76-1d1d-4a27-a40b-8977497add9d 8cc1d740443049a4a1d131ca53f7955c 20b667deae5f4b188b86b1c895bd6537 - - default default] Successfully bumped revision number for resource f60b5473-4e1d-47a0-8370-6eacebea7c82 (type: security_group_rules) to 0
2026-07-16 01:34:13.834 8 INFO neutron.db.segments_db [None req-9530ed76-1d1d-4a27-a40b-8977497add9d 8cc1d740443049a4a1d131ca53f7955c 20b667deae5f4b188b86b1c895bd6537 - - default default] Added segment a3b09c5e-d40c-4c7c-af9a-ce773b935f62 of type geneve for network b0167b45-4091-4215-8b82-248ca533ac60
2026-07-16 01:34:13.947 7 INFO neutron.db.ovn_revision_numbers_db [None req-9378b7ec-d50e-4009-9874-3727273ed2d9 - - - - - -] Successfully bumped revision number for resource 202f8e2a-0942-497e-87cf-9a44b54d6e97 (type: ports) to 5
2026-07-16 01:34:13.953 8 INFO neutron.db.ovn_revision_numbers_db [None req-9530ed76-1d1d-4a27-a40b-8977497add9d 8cc1d740443049a4a1d131ca53f7955c 20b667deae5f4b188b86b1c895bd6537 - - default default] Successfully bumped revision number for resource b0167b45-4091-4215-8b82-248ca533ac60 (type: networks) to 1
2026-07-16 01:34:14.130 8 WARNING neutron.scheduler.dhcp_agent_scheduler [None req-9530ed76-1d1d-4a27-a40b-8977497add9d 8cc1d740443049a4a1d131ca53f7955c 20b667deae5f4b188b86b1c895bd6537 - - default default] No more DHCP agents
2026-07-16 01:34:14.131 8 WARNING neutron.api.rpc.agentnotifiers.dhcp_rpc_agent_api [None req-9530ed76-1d1d-4a27-a40b-8977497add9d 8cc1d740443049a4a1d131ca53f7955c 20b667deae5f4b188b86b1c895bd6537 - - default default] Unable to schedule network b0167b45-4091-4215-8b82-248ca533ac60: no agents available; will retry on subsequent port and subnet creation events.
2026-07-16 01:34:14.203 8 INFO neutron.db.ovn_revision_numbers_db [None req-9530ed76-1d1d-4a27-a40b-8977497add9d 8cc1d740443049a4a1d131ca53f7955c 20b667deae5f4b188b86b1c895bd6537 - - default default] Successfully bumped revision number for resource c30af7f3-ecdf-48e1-a8b2-412e6dc145b3 (type: ports) to 1 [pid: 8|app: 0|req: 447/884] 10.0.0.48 () {34 vars in 670 bytes} [Thu Jul 16 01:34:13 2026] POST /v2.0/networks => generated 789 bytes in 805 msecs (HTTP/1.1 201) 4 headers in 162 bytes (1 switches on core 0)
2026-07-16 01:34:14.227 7 WARNING neutron.scheduler.dhcp_agent_scheduler [None req-2ade61fb-93de-4bd8-97ee-f6206326f490 8cc1d740443049a4a1d131ca53f7955c 20b667deae5f4b188b86b1c895bd6537 - - default default] No more DHCP agents
2026-07-16 01:34:14.229 7 WARNING neutron.api.rpc.agentnotifiers.dhcp_rpc_agent_api [None req-2ade61fb-93de-4bd8-97ee-f6206326f490 8cc1d740443049a4a1d131ca53f7955c 20b667deae5f4b188b86b1c895bd6537 - - default default] Unable to schedule network e0595df4-7076-48b9-a9f2-66907b955b37: no agents available; will retry on subsequent port and subnet creation events.
2026-07-16 01:34:14.534 7 INFO neutron.plugins.ml2.drivers.ovn.mech_driver.mech_driver [None req-a78a7bbe-fcb6-4cc3-9199-41e2129088ab - - - - - -] OVN reports status down for port: f02a0606-de74-47a9-87c5-66a80d34db48
2026-07-16 01:34:14.621 8 WARNING neutron.scheduler.dhcp_agent_scheduler [None req-f7c964d9-aec3-4c28-91d6-6efe1178d70b 8cc1d740443049a4a1d131ca53f7955c 20b667deae5f4b188b86b1c895bd6537 - - default default] No more DHCP agents
2026-07-16 01:34:14.622 8 WARNING neutron.api.rpc.agentnotifiers.dhcp_rpc_agent_api [None req-f7c964d9-aec3-4c28-91d6-6efe1178d70b 8cc1d740443049a4a1d131ca53f7955c 20b667deae5f4b188b86b1c895bd6537 - - default default] Unable to schedule network ac06050b-8dbb-4d7e-9381-0fb079dfb45d: no agents available; will retry on subsequent port and subnet creation events.
2026-07-16 01:34:14.741 7 INFO neutron.plugins.ml2.drivers.ovn.mech_driver.mech_driver [None req-a78a7bbe-fcb6-4cc3-9199-41e2129088ab - - - - - -] OVN reports status down for port: f20f523d-cd7f-4e51-ac3f-149276e32e1c
2026-07-16 01:34:14.812 8 INFO neutron.db.ovn_revision_numbers_db [None req-f7c964d9-aec3-4c28-91d6-6efe1178d70b 8cc1d740443049a4a1d131ca53f7955c 20b667deae5f4b188b86b1c895bd6537 - - default default] Successfully bumped revision number for resource 55d052f8-7d5e-4ba0-ab1b-ea772f6eaec7 (type: ports) to 1
2026-07-16 01:34:14.837 7 INFO neutron.db.ovn_revision_numbers_db [None req-2ade61fb-93de-4bd8-97ee-f6206326f490 8cc1d740443049a4a1d131ca53f7955c 20b667deae5f4b188b86b1c895bd6537 - - default default] Successfully bumped revision number for resource f20f523d-cd7f-4e51-ac3f-149276e32e1c (type: router_ports) to 1 [pid: 7|app: 0|req: 438/885] 10.0.0.48 () {34 vars in 782 bytes} [Thu Jul 16 01:34:11 2026] PUT /v2.0/routers/a8800837-0fc2-4717-9f81-cf2fcb907025/add_router_interface => generated 310 bytes in 2891 msecs (HTTP/1.1 200) 4 headers in 157 bytes (1 switches on core 0)
2026-07-16 01:34:14.892 7 WARNING neutron.plugins.ml2.drivers.ovn.mech_driver.ovsdb.ovn_client [None req-a78a7bbe-fcb6-4cc3-9199-41e2129088ab - - - - - -] Logical_Switch_Port f20f523d-cd7f-4e51-ac3f-149276e32e1c host information not removed, the port state is up
2026-07-16 01:34:14.892 7 INFO neutron.plugins.ml2.drivers.ovn.mech_driver.mech_driver [None req-a78a7bbe-fcb6-4cc3-9199-41e2129088ab - - - - - -] OVN reports status up for port: f20f523d-cd7f-4e51-ac3f-149276e32e1c
2026-07-16 01:34:14.915 7 INFO neutron.plugins.ml2.plugin [None req-a78a7bbe-fcb6-4cc3-9199-41e2129088ab - - - - - -] Attempt 1 to provision port f20f523d-cd7f-4e51-ac3f-149276e32e1c
2026-07-16 01:34:15.079 7 WARNING neutron.scheduler.dhcp_agent_scheduler [None req-720789d2-78be-441b-8c21-f5d215b18b46 8cc1d740443049a4a1d131ca53f7955c 20b667deae5f4b188b86b1c895bd6537 - - default default] No more DHCP agents
2026-07-16 01:34:15.082 7 WARNING neutron.api.rpc.agentnotifiers.dhcp_rpc_agent_api [None req-720789d2-78be-441b-8c21-f5d215b18b46 8cc1d740443049a4a1d131ca53f7955c 20b667deae5f4b188b86b1c895bd6537 - - default default] Unable to schedule network b0167b45-4091-4215-8b82-248ca533ac60: no agents available; will retry on subsequent port and subnet creation events.
2026-07-16 01:34:15.434 8 INFO neutron.db.ovn_revision_numbers_db [None req-f7c964d9-aec3-4c28-91d6-6efe1178d70b 8cc1d740443049a4a1d131ca53f7955c 20b667deae5f4b188b86b1c895bd6537 - - default default] Successfully bumped revision number for resource 55d052f8-7d5e-4ba0-ab1b-ea772f6eaec7 (type: router_ports) to 1
2026-07-16 01:34:15.471 7 INFO neutron.plugins.ml2.drivers.ovn.mech_driver.ovsdb.ovsdb_monitor [None req-9378b7ec-d50e-4009-9874-3727273ed2d9 - - - - - -] Router 90c4520d-7389-4d4f-8915-e1ac55dd41f3 is bound to host instance
2026-07-16 01:34:15.499 8 INFO neutron.db.ovn_revision_numbers_db [None req-f7c964d9-aec3-4c28-91d6-6efe1178d70b 8cc1d740443049a4a1d131ca53f7955c 20b667deae5f4b188b86b1c895bd6537 - - default default] Successfully bumped revision number for resource 90c4520d-7389-4d4f-8915-e1ac55dd41f3 (type: routers) to 2 [pid: 8|app: 0|req: 448/886] 10.0.0.48 () {34 vars in 668 bytes} [Thu Jul 16 01:34:14 2026] POST /v2.0/routers => generated 989 bytes in 1295 msecs (HTTP/1.1 201) 4 headers in 162 bytes (1 switches on core 0)
2026-07-16 01:34:15.858 7 INFO neutron.db.ovn_revision_numbers_db [None req-a78a7bbe-fcb6-4cc3-9199-41e2129088ab - - - - - -] Successfully bumped revision number for resource f20f523d-cd7f-4e51-ac3f-149276e32e1c (type: ports) to 2
2026-07-16 01:34:15.960 8 WARNING neutron.scheduler.dhcp_agent_scheduler [None req-15c2a722-5b01-4780-b0a8-95da7367b551 8cc1d740443049a4a1d131ca53f7955c 20b667deae5f4b188b86b1c895bd6537 - - default default] No more DHCP agents
2026-07-16 01:34:15.962 8 WARNING neutron.api.rpc.agentnotifiers.dhcp_rpc_agent_api [None req-15c2a722-5b01-4780-b0a8-95da7367b551 8cc1d740443049a4a1d131ca53f7955c 20b667deae5f4b188b86b1c895bd6537 - - default default] Unable to schedule network cf3e9975-6241-43c4-92e3-f5610c125d4e: no agents available; will retry on subsequent port and subnet creation events.
2026-07-16 01:34:16.083 8 INFO neutron.plugins.ml2.drivers.ovn.mech_driver.mech_driver [None req-c11ed042-2b18-461c-9e88-ab35a9a767fc - - - - - -] OVN reports status down for port: 55aac61c-9988-4c2a-a23f-ead4e01039dd
2026-07-16 01:34:16.153 8 INFO neutron.db.ovn_revision_numbers_db [None req-15c2a722-5b01-4780-b0a8-95da7367b551 8cc1d740443049a4a1d131ca53f7955c 20b667deae5f4b188b86b1c895bd6537 - - default default] Successfully bumped revision number for resource 55aac61c-9988-4c2a-a23f-ead4e01039dd (type: ports) to 1
2026-07-16 01:34:16.251 7 INFO neutron.db.ovn_revision_numbers_db [None req-720789d2-78be-441b-8c21-f5d215b18b46 8cc1d740443049a4a1d131ca53f7955c 20b667deae5f4b188b86b1c895bd6537 - - default default] Successfully bumped revision number for resource c30af7f3-ecdf-48e1-a8b2-412e6dc145b3 (type: ports) to 2
2026-07-16 01:34:16.298 7 INFO neutron.db.ovn_revision_numbers_db [None req-720789d2-78be-441b-8c21-f5d215b18b46 8cc1d740443049a4a1d131ca53f7955c 20b667deae5f4b188b86b1c895bd6537 - - default default] Successfully bumped revision number for resource ad06fe30-8110-4d20-872d-f3646a272d2a (type: subnets) to 0 [pid: 7|app: 0|req: 439/887] 10.0.0.48 () {34 vars in 668 bytes} [Thu Jul 16 01:34:14 2026] POST /v2.0/subnets => generated 695 bytes in 1479 msecs (HTTP/1.1 201) 4 headers in 162 bytes (1 switches on core 0) [pid: 7|app: 0|req: 440/888] 10.0.0.30 () {34 vars in 981 bytes} [Thu Jul 16 01:34:16 2026] GET /v2.0/networks?id=e0595df4-7076-48b9-a9f2-66907b955b37 => generated 715 bytes in 90 msecs (HTTP/1.1 200) 4 headers in 157 bytes (1 switches on core 0)
2026-07-16 01:34:16.757 8 INFO neutron.plugins.ml2.drivers.ovn.mech_driver.mech_driver [None req-c11ed042-2b18-461c-9e88-ab35a9a767fc - - - - - -] OVN reports status up for port: 55aac61c-9988-4c2a-a23f-ead4e01039dd
2026-07-16 01:34:16.788 8 INFO neutron.plugins.ml2.plugin [None req-c11ed042-2b18-461c-9e88-ab35a9a767fc - - - - - -] Attempt 1 to provision port 55aac61c-9988-4c2a-a23f-ead4e01039dd
2026-07-16 01:34:16.900 8 WARNING neutron.scheduler.dhcp_agent_scheduler [None req-15c2a722-5b01-4780-b0a8-95da7367b551 8cc1d740443049a4a1d131ca53f7955c 20b667deae5f4b188b86b1c895bd6537 - - default default] No more DHCP agents
2026-07-16 01:34:16.902 8 WARNING neutron.api.rpc.agentnotifiers.dhcp_rpc_agent_api [None req-15c2a722-5b01-4780-b0a8-95da7367b551 8cc1d740443049a4a1d131ca53f7955c 20b667deae5f4b188b86b1c895bd6537 - - default default] Unable to schedule network cf3e9975-6241-43c4-92e3-f5610c125d4e: no agents available; will retry on subsequent port and subnet creation events.
2026-07-16 01:34:17.154 7 WARNING neutron.scheduler.dhcp_agent_scheduler [None req-d8abce48-3fa1-4298-bf67-1b2eac08a501 8cc1d740443049a4a1d131ca53f7955c 20b667deae5f4b188b86b1c895bd6537 - - default default] No more DHCP agents
2026-07-16 01:34:17.162 7 WARNING neutron.api.rpc.agentnotifiers.dhcp_rpc_agent_api [None req-d8abce48-3fa1-4298-bf67-1b2eac08a501 8cc1d740443049a4a1d131ca53f7955c 20b667deae5f4b188b86b1c895bd6537 - - default default] Unable to schedule network ac06050b-8dbb-4d7e-9381-0fb079dfb45d: no agents available; will retry on subsequent port and subnet creation events.
2026-07-16 01:34:17.192 7 INFO neutron.db.ovn_revision_numbers_db [None req-c54831f0-671d-4f41-8ffc-77325e6955b5 - - - - - -] Successfully bumped revision number for resource 55d052f8-7d5e-4ba0-ab1b-ea772f6eaec7 (type: ports) to 4
2026-07-16 01:34:17.402 7 INFO neutron.db.ovn_revision_numbers_db [None req-d8abce48-3fa1-4298-bf67-1b2eac08a501 8cc1d740443049a4a1d131ca53f7955c 20b667deae5f4b188b86b1c895bd6537 - - default default] Successfully bumped revision number for resource e785f723-1f1c-4428-a734-3c13060f7938 (type: ports) to 1
2026-07-16 01:34:17.811 8 INFO neutron.db.ovn_revision_numbers_db [None req-c11ed042-2b18-461c-9e88-ab35a9a767fc - - - - - -] Successfully bumped revision number for resource 55aac61c-9988-4c2a-a23f-ead4e01039dd (type: ports) to 2
2026-07-16 01:34:17.812 7 INFO neutron.db.ovn_revision_numbers_db [None req-c54831f0-671d-4f41-8ffc-77325e6955b5 - - - - - -] Successfully bumped revision number for resource 55d052f8-7d5e-4ba0-ab1b-ea772f6eaec7 (type: ports) to 5
2026-07-16 01:34:18.039 8 INFO neutron.db.ovn_revision_numbers_db [None req-15c2a722-5b01-4780-b0a8-95da7367b551 8cc1d740443049a4a1d131ca53f7955c 20b667deae5f4b188b86b1c895bd6537 - - default default] Successfully bumped revision number for resource 55aac61c-9988-4c2a-a23f-ead4e01039dd (type: router_ports) to 1 [pid: 8|app: 0|req: 449/891] 10.0.0.48 () {34 vars in 782 bytes} [Thu Jul 16 01:34:15 2026] PUT /v2.0/routers/90c4520d-7389-4d4f-8915-e1ac55dd41f3/add_router_interface => generated 310 bytes in 2517 msecs (HTTP/1.1 200) 4 headers in 157 bytes (1 switches on core 0) [pid: 8|app: 0|req: 450/892] 10.0.0.30 () {34 vars in 964 bytes} [Thu Jul 16 01:34:18 2026] GET /v2.0/quotas/6e340ae31c684190afbf71ff260f4db0 => generated 312 bytes in 14 msecs (HTTP/1.1 200) 4 headers in 157 bytes (1 switches on core 0)
2026-07-16 01:34:18.214 7 INFO neutron.plugins.ml2.drivers.ovn.mech_driver.ovsdb.ovsdb_monitor [None req-c54831f0-671d-4f41-8ffc-77325e6955b5 - - - - - -] Router 875bfb7a-c53c-46dc-b38f-119e14ae6678 is bound to host instance
2026-07-16 01:34:18.237 8 WARNING neutron.db.securitygroups_db [None req-a94da342-9f3f-415c-81b9-f6c8681409b9 8cc1d740443049a4a1d131ca53f7955c 20b667deae5f4b188b86b1c895bd6537 - - default default] project_id key not found in filters, using tenant_id instead. This support has been deprecated and will be removed in a future release.
2026-07-16 01:34:18.314 7 INFO neutron.db.ovn_revision_numbers_db [None req-d8abce48-3fa1-4298-bf67-1b2eac08a501 8cc1d740443049a4a1d131ca53f7955c 20b667deae5f4b188b86b1c895bd6537 - - default default] Successfully bumped revision number for resource e785f723-1f1c-4428-a734-3c13060f7938 (type: router_ports) to 1
2026-07-16 01:34:18.389 8 INFO neutron.db.ovn_revision_numbers_db [None req-a94da342-9f3f-415c-81b9-f6c8681409b9 8cc1d740443049a4a1d131ca53f7955c 20b667deae5f4b188b86b1c895bd6537 - - default default] Successfully bumped revision number for resource 47dc5269-9f39-428b-8f22-3c3c13c7f5db (type: security_groups) to 1
2026-07-16 01:34:18.401 8 INFO neutron.db.ovn_revision_numbers_db [None req-a94da342-9f3f-415c-81b9-f6c8681409b9 8cc1d740443049a4a1d131ca53f7955c 20b667deae5f4b188b86b1c895bd6537 - - default default] Successfully bumped revision number for resource 02b0488a-62e5-4a23-80e8-dbbfc82c833f (type: security_group_rules) to 0
2026-07-16 01:34:18.412 8 INFO neutron.db.ovn_revision_numbers_db [None req-a94da342-9f3f-415c-81b9-f6c8681409b9 8cc1d740443049a4a1d131ca53f7955c 20b667deae5f4b188b86b1c895bd6537 - - default default] Successfully bumped revision number for resource 80aa1ffd-8f2d-4a7a-b3f7-207768853ba9 (type: security_group_rules) to 0
2026-07-16 01:34:18.424 8 INFO neutron.db.ovn_revision_numbers_db [None req-a94da342-9f3f-415c-81b9-f6c8681409b9 8cc1d740443049a4a1d131ca53f7955c 20b667deae5f4b188b86b1c895bd6537 - - default default] Successfully bumped revision number for resource 9d0edca0-235d-4980-b59a-d50142d69026 (type: security_group_rules) to 0
2026-07-16 01:34:18.435 8 INFO neutron.db.ovn_revision_numbers_db [None req-a94da342-9f3f-415c-81b9-f6c8681409b9 8cc1d740443049a4a1d131ca53f7955c 20b667deae5f4b188b86b1c895bd6537 - - default default] Successfully bumped revision number for resource db84f8cb-1847-4026-803c-2789a308ba4c (type: security_group_rules) to 0
2026-07-16 01:34:18.462 7 INFO neutron.db.ovn_revision_numbers_db [None req-d8abce48-3fa1-4298-bf67-1b2eac08a501 8cc1d740443049a4a1d131ca53f7955c 20b667deae5f4b188b86b1c895bd6537 - - default default] Successfully bumped revision number for resource 875bfb7a-c53c-46dc-b38f-119e14ae6678 (type: routers) to 2 [pid: 8|app: 0|req: 451/893] 10.0.0.48 () {32 vars in 773 bytes} [Thu Jul 16 01:34:18 2026] GET /v2.0/security-groups?tenant_id=c5ec2ef382014bc1bc6b1a158e21d70d&name=default => generated 2925 bytes in 414 msecs (HTTP/1.1 200) 4 headers in 158 bytes (1 switches on core 0) [pid: 7|app: 0|req: 443/894] 10.0.0.48 () {34 vars in 668 bytes} [Thu Jul 16 01:34:16 2026] POST /v2.0/routers => generated 994 bytes in 2075 msecs (HTTP/1.1 201) 4 headers in 162 bytes (1 switches on core 0) [pid: 8|app: 0|req: 452/895] 10.0.0.30 () {34 vars in 1001 bytes} [Thu Jul 16 01:34:18 2026] GET /v2.0/ports?tenant_id=6e340ae31c684190afbf71ff260f4db0&fields=id => generated 103 bytes in 75 msecs (HTTP/1.1 200) 4 headers in 157 bytes (1 switches on core 0) [pid: 7|app: 0|req: 444/896] 10.0.0.48 () {32 vars in 739 bytes} [Thu Jul 16 01:34:18 2026] DELETE /v2.0/security-groups/47dc5269-9f39-428b-8f22-3c3c13c7f5db => generated 0 bytes in 341 msecs (HTTP/1.1 204) 2 headers in 112 bytes (1 switches on core 0) [pid: 7|app: 0|req: 445/897] 10.0.0.30 () {34 vars in 1007 bytes} [Thu Jul 16 01:34:18 2026] GET /v2.0/networks/e0595df4-7076-48b9-a9f2-66907b955b37?fields=segments => generated 14 bytes in 85 msecs (HTTP/1.1 200) 4 headers in 156 bytes (1 switches on core 0)
2026-07-16 01:34:18.987 8 WARNING neutron.scheduler.dhcp_agent_scheduler [None req-013145dc-006c-42fd-88dc-a32be94bc47a 8cc1d740443049a4a1d131ca53f7955c 20b667deae5f4b188b86b1c895bd6537 - - default default] No more DHCP agents
2026-07-16 01:34:18.988 8 WARNING neutron.api.rpc.agentnotifiers.dhcp_rpc_agent_api [None req-013145dc-006c-42fd-88dc-a32be94bc47a 8cc1d740443049a4a1d131ca53f7955c 20b667deae5f4b188b86b1c895bd6537 - - default default] Unable to schedule network b0167b45-4091-4215-8b82-248ca533ac60: no agents available; will retry on subsequent port and subnet creation events.
2026-07-16 01:34:19.127 8 INFO neutron.db.ovn_revision_numbers_db [None req-013145dc-006c-42fd-88dc-a32be94bc47a 8cc1d740443049a4a1d131ca53f7955c 20b667deae5f4b188b86b1c895bd6537 - - default default] Successfully bumped revision number for resource 9b43020e-1fa6-4e4b-86fb-4e64f7a4fa06 (type: ports) to 1
2026-07-16 01:34:19.187 7 INFO neutron.db.ovn_revision_numbers_db [None req-4dd1ef37-3d23-40a7-9073-c014835bd4ed 372f0bb39d3e47ebbfac8ab36077eca7 c493fcf7168e4f7b900f0499e640ec4d - - default default] Successfully bumped revision number for resource 044c6bed-73b5-406b-9e2f-1fc5f22b741b (type: security_groups) to 1
2026-07-16 01:34:19.210 7 INFO neutron.db.ovn_revision_numbers_db [None req-4dd1ef37-3d23-40a7-9073-c014835bd4ed 372f0bb39d3e47ebbfac8ab36077eca7 c493fcf7168e4f7b900f0499e640ec4d - - default default] Successfully bumped revision number for resource 54053ff1-4d7b-4549-b06b-3a5710fdf9ce (type: security_group_rules) to 0
2026-07-16 01:34:19.229 7 INFO neutron.db.ovn_revision_numbers_db [None req-4dd1ef37-3d23-40a7-9073-c014835bd4ed 372f0bb39d3e47ebbfac8ab36077eca7 c493fcf7168e4f7b900f0499e640ec4d - - default default] Successfully bumped revision number for resource d2213bbf-9469-462e-92bb-9c7ee86a8147 (type: security_group_rules) to 0 [pid: 7|app: 0|req: 446/898] 10.0.0.48 () {34 vars in 684 bytes} [Thu Jul 16 01:34:18 2026] POST /v2.0/security-groups => generated 1661 bytes in 362 msecs (HTTP/1.1 201) 4 headers in 163 bytes (1 switches on core 0)
2026-07-16 01:34:19.304 7 WARNING neutron.db.securitygroups_db [None req-b97fc584-bcd4-4348-8a63-830c67391e16 8cc1d740443049a4a1d131ca53f7955c 20b667deae5f4b188b86b1c895bd6537 - - default default] project_id key not found in filters, using tenant_id instead. This support has been deprecated and will be removed in a future release.
2026-07-16 01:34:19.514 7 INFO neutron.db.ovn_revision_numbers_db [None req-6c89a2f4-75c8-4178-bb69-f9cdb272b460 - - - - - -] Successfully bumped revision number for resource e785f723-1f1c-4428-a734-3c13060f7938 (type: ports) to 4
2026-07-16 01:34:19.535 7 INFO neutron.db.ovn_revision_numbers_db [None req-b97fc584-bcd4-4348-8a63-830c67391e16 8cc1d740443049a4a1d131ca53f7955c 20b667deae5f4b188b86b1c895bd6537 - - default default] Successfully bumped revision number for resource 29f465c0-240e-422f-9e12-dfe33df93a66 (type: security_groups) to 1
2026-07-16 01:34:19.558 7 INFO neutron.db.ovn_revision_numbers_db [None req-b97fc584-bcd4-4348-8a63-830c67391e16 8cc1d740443049a4a1d131ca53f7955c 20b667deae5f4b188b86b1c895bd6537 - - default default] Successfully bumped revision number for resource 06d53a29-b3bc-4945-8e4b-eb256b48d3fe (type: security_group_rules) to 0
2026-07-16 01:34:19.580 7 INFO neutron.db.ovn_revision_numbers_db [None req-b97fc584-bcd4-4348-8a63-830c67391e16 8cc1d740443049a4a1d131ca53f7955c 20b667deae5f4b188b86b1c895bd6537 - - default default] Successfully bumped revision number for resource 53744fb6-9f0b-4b61-addc-f7b926f551bc (type: security_group_rules) to 0
2026-07-16 01:34:19.599 7 INFO neutron.db.ovn_revision_numbers_db [None req-b97fc584-bcd4-4348-8a63-830c67391e16 8cc1d740443049a4a1d131ca53f7955c 20b667deae5f4b188b86b1c895bd6537 - - default default] Successfully bumped revision number for resource 5e332a93-c793-4516-bfdf-e61bff48b103 (type: security_group_rules) to 0
2026-07-16 01:34:19.625 7 INFO neutron.db.ovn_revision_numbers_db [None req-b97fc584-bcd4-4348-8a63-830c67391e16 8cc1d740443049a4a1d131ca53f7955c 20b667deae5f4b188b86b1c895bd6537 - - default default] Successfully bumped revision number for resource 8dd15c2e-0e48-41eb-82e4-d6827c5db743 (type: security_group_rules) to 0 [pid: 7|app: 0|req: 447/899] 10.0.0.48 () {32 vars in 773 bytes} [Thu Jul 16 01:34:19 2026] GET /v2.0/security-groups?tenant_id=70f0819c5fcd457a9ff69d24e65d4ed3&name=default => generated 2925 bytes in 400 msecs (HTTP/1.1 200) 4 headers in 158 bytes (1 switches on core 0) [pid: 7|app: 0|req: 448/900] 10.0.0.30 () {34 vars in 1107 bytes} [Thu Jul 16 01:34:19 2026] GET /v2.0/networks/e0595df4-7076-48b9-a9f2-66907b955b37?fields=provider%3Aphysical_network&fields=provider%3Anetwork_type => generated 79 bytes in 74 msecs (HTTP/1.1 200) 4 headers in 156 bytes (1 switches on core 0)
2026-07-16 01:34:19.851 8 WARNING neutron.scheduler.dhcp_agent_scheduler [None req-013145dc-006c-42fd-88dc-a32be94bc47a 8cc1d740443049a4a1d131ca53f7955c 20b667deae5f4b188b86b1c895bd6537 - - default default] No more DHCP agents
2026-07-16 01:34:19.852 8 WARNING neutron.api.rpc.agentnotifiers.dhcp_rpc_agent_api [None req-013145dc-006c-42fd-88dc-a32be94bc47a 8cc1d740443049a4a1d131ca53f7955c 20b667deae5f4b188b86b1c895bd6537 - - default default] Unable to schedule network b0167b45-4091-4215-8b82-248ca533ac60: no agents available; will retry on subsequent port and subnet creation events.
2026-07-16 01:34:19.997 7 INFO neutron.db.ovn_revision_numbers_db [None req-21c94c98-5d4f-43a8-9644-4d1d6e2a6888 372f0bb39d3e47ebbfac8ab36077eca7 c493fcf7168e4f7b900f0499e640ec4d - - default default] Successfully bumped revision number for resource 5a233285-6095-458b-b4cf-218098d622a1 (type: security_group_rules) to 0 [pid: 7|app: 0|req: 449/901] 10.0.0.48 () {34 vars in 694 bytes} [Thu Jul 16 01:34:19 2026] POST /v2.0/security-group-rules => generated 597 bytes in 299 msecs (HTTP/1.1 201) 4 headers in 162 bytes (1 switches on core 0)
2026-07-16 01:34:20.070 7 INFO neutron.db.ovn_revision_numbers_db [None req-6c89a2f4-75c8-4178-bb69-f9cdb272b460 - - - - - -] Successfully bumped revision number for resource e785f723-1f1c-4428-a734-3c13060f7938 (type: ports) to 5
2026-07-16 01:34:20.212 8 INFO neutron.db.ovn_revision_numbers_db [None req-013145dc-006c-42fd-88dc-a32be94bc47a 8cc1d740443049a4a1d131ca53f7955c 20b667deae5f4b188b86b1c895bd6537 - - default default] Successfully bumped revision number for resource 9b43020e-1fa6-4e4b-86fb-4e64f7a4fa06 (type: router_ports) to 1 [pid: 8|app: 0|req: 453/902] 10.0.0.48 () {34 vars in 782 bytes} [Thu Jul 16 01:34:18 2026] PUT /v2.0/routers/875bfb7a-c53c-46dc-b38f-119e14ae6678/add_router_interface => generated 310 bytes in 1666 msecs (HTTP/1.1 200) 4 headers in 157 bytes (1 switches on core 0) [pid: 8|app: 0|req: 454/903] 10.0.0.30 () {34 vars in 1069 bytes} [Thu Jul 16 01:34:20 2026] GET /v2.0/ports?fields=security_groups&fields=device_id&device_id=73a21c27-253d-4d6f-b052-34bdb4904b14 => generated 12 bytes in 21 msecs (HTTP/1.1 200) 4 headers in 156 bytes (1 switches on core 0) [pid: 7|app: 0|req: 450/904] 10.0.0.48 () {32 vars in 739 bytes} [Thu Jul 16 01:34:20 2026] DELETE /v2.0/security-groups/29f465c0-240e-422f-9e12-dfe33df93a66 => generated 0 bytes in 295 msecs (HTTP/1.1 204) 2 headers in 112 bytes (1 switches on core 0)
2026-07-16 01:34:20.366 8 INFO neutron.db.ovn_revision_numbers_db [None req-9b19a248-4d18-4242-93c1-35d0c57bcd5e 372f0bb39d3e47ebbfac8ab36077eca7 c493fcf7168e4f7b900f0499e640ec4d - - default default] Successfully bumped revision number for resource eebac68c-3af5-40b2-95f9-7dd1b40e806d (type: security_group_rules) to 0 [pid: 8|app: 0|req: 455/905] 10.0.0.48 () {34 vars in 694 bytes} [Thu Jul 16 01:34:20 2026] POST /v2.0/security-group-rules => generated 602 bytes in 163 msecs (HTTP/1.1 201) 4 headers in 162 bytes (1 switches on core 0)
2026-07-16 01:34:20.633 7 WARNING neutron.scheduler.dhcp_agent_scheduler [None req-702aa9f5-7b1c-4b5d-a5ab-8c791b9f9340 372f0bb39d3e47ebbfac8ab36077eca7 c493fcf7168e4f7b900f0499e640ec4d - - default default] No more DHCP agents
2026-07-16 01:34:20.634 7 WARNING neutron.api.rpc.agentnotifiers.dhcp_rpc_agent_api [None req-702aa9f5-7b1c-4b5d-a5ab-8c791b9f9340 372f0bb39d3e47ebbfac8ab36077eca7 c493fcf7168e4f7b900f0499e640ec4d - - default default] Unable to schedule network ac06050b-8dbb-4d7e-9381-0fb079dfb45d: no agents available; will retry on subsequent port and subnet creation events. [pid: 7|app: 0|req: 451/906] 10.0.0.48 () {34 vars in 675 bytes} [Thu Jul 16 01:34:20 2026] POST /v2.0/floatingips => generated 552 bytes in 469 msecs (HTTP/1.1 201) 4 headers in 162 bytes (1 switches on core 0)
2026-07-16 01:34:20.976 8 INFO neutron.db.ovn_revision_numbers_db [None req-91079196-6563-4204-ab79-cbbe881dd43e 7a0449d5d6884a1ebee46e24f2ea3622 2c0a999736d143ae8eeb5e7e08a0ac6f - - default default] Successfully bumped revision number for resource 77631226-6b0b-4613-9889-9745d48c1d37 (type: security_groups) to 1
2026-07-16 01:34:20.987 8 INFO neutron.db.ovn_revision_numbers_db [None req-91079196-6563-4204-ab79-cbbe881dd43e 7a0449d5d6884a1ebee46e24f2ea3622 2c0a999736d143ae8eeb5e7e08a0ac6f - - default default] Successfully bumped revision number for resource 3f58deab-caec-4b9e-a8a1-6d298cb46a3c (type: security_group_rules) to 0
2026-07-16 01:34:20.997 8 INFO neutron.db.ovn_revision_numbers_db [None req-91079196-6563-4204-ab79-cbbe881dd43e 7a0449d5d6884a1ebee46e24f2ea3622 2c0a999736d143ae8eeb5e7e08a0ac6f - - default default] Successfully bumped revision number for resource f266096d-70c8-4f87-8ada-5b47db816e19 (type: security_group_rules) to 0 [pid: 8|app: 0|req: 456/907] 10.0.0.48 () {34 vars in 684 bytes} [Thu Jul 16 01:34:20 2026] POST /v2.0/security-groups => generated 1661 bytes in 202 msecs (HTTP/1.1 201) 4 headers in 163 bytes (1 switches on core 0)
2026-07-16 01:34:21.164 7 INFO neutron.db.ovn_revision_numbers_db [None req-b1536b62-45cb-489a-8385-09b1651ea860 7a0449d5d6884a1ebee46e24f2ea3622 2c0a999736d143ae8eeb5e7e08a0ac6f - - default default] Successfully bumped revision number for resource d13a38fe-8491-4650-9dc3-c2e095dacff6 (type: security_group_rules) to 0 [pid: 7|app: 0|req: 452/908] 10.0.0.48 () {34 vars in 694 bytes} [Thu Jul 16 01:34:21 2026] POST /v2.0/security-group-rules => generated 597 bytes in 134 msecs (HTTP/1.1 201) 4 headers in 162 bytes (1 switches on core 0)
2026-07-16 01:34:21.297 7 WARNING neutron.db.securitygroups_db [req-9158dbc6-cdb5-40bf-9a23-9bcd4be2df4d req-aa3c87fa-7031-4ca1-a00f-353ffdde0870 372f0bb39d3e47ebbfac8ab36077eca7 c493fcf7168e4f7b900f0499e640ec4d - - default default] project_id key not found in filters, using tenant_id instead. This support has been deprecated and will be removed in a future release.
2026-07-16 01:34:21.315 8 INFO neutron.db.ovn_revision_numbers_db [None req-77c21e57-6138-43f4-85e1-dfb81cd9be91 7a0449d5d6884a1ebee46e24f2ea3622 2c0a999736d143ae8eeb5e7e08a0ac6f - - default default] Successfully bumped revision number for resource 13064569-13ae-45c1-90a7-34cc5ab0e98c (type: security_group_rules) to 0 [pid: 7|app: 0|req: 453/909] 10.0.0.30 () {34 vars in 1099 bytes} [Thu Jul 16 01:34:21 2026] GET /v2.0/security-groups?name=tempest-securitygroup--1827787127&fields=id&tenant_id=c493fcf7168e4f7b900f0499e640ec4d => generated 69 bytes in 30 msecs (HTTP/1.1 200) 4 headers in 156 bytes (1 switches on core 0) [pid: 7|app: 0|req: 454/910] 10.0.0.30 () {34 vars in 1069 bytes} [Thu Jul 16 01:34:21 2026] GET /v2.0/ports?fields=security_groups&fields=device_id&device_id=73a21c27-253d-4d6f-b052-34bdb4904b14 => generated 12 bytes in 23 msecs (HTTP/1.1 200) 4 headers in 156 bytes (1 switches on core 0) [pid: 8|app: 0|req: 457/911] 10.0.0.48 () {34 vars in 694 bytes} [Thu Jul 16 01:34:21 2026] POST /v2.0/security-group-rules => generated 602 bytes in 147 msecs (HTTP/1.1 201) 4 headers in 162 bytes (1 switches on core 0) [pid: 7|app: 0|req: 455/912] 10.0.0.30 () {34 vars in 981 bytes} [Thu Jul 16 01:34:21 2026] GET /v2.0/networks?id=cf3e9975-6241-43c4-92e3-f5610c125d4e => generated 713 bytes in 55 msecs (HTTP/1.1 200) 4 headers in 157 bytes (1 switches on core 0) [pid: 7|app: 0|req: 456/913] 10.0.0.30 () {34 vars in 964 bytes} [Thu Jul 16 01:34:21 2026] GET /v2.0/quotas/c493fcf7168e4f7b900f0499e640ec4d => generated 312 bytes in 12 msecs (HTTP/1.1 200) 4 headers in 157 bytes (1 switches on core 0)
2026-07-16 01:34:21.480 7 WARNING neutron.plugins.ml2.drivers.ovn.mech_driver.ovsdb.ovn_client [None req-02967549-92f0-45da-a4ba-ab035d0d0c7b - - - - - -] No hosting information found for port f20f523d-cd7f-4e51-ac3f-149276e32e1c: RuntimeError: No hosting information found for port f20f523d-cd7f-4e51-ac3f-149276e32e1c
2026-07-16 01:34:21.480 7 INFO neutron.plugins.ml2.drivers.ovn.mech_driver.mech_driver [None req-02967549-92f0-45da-a4ba-ab035d0d0c7b - - - - - -] OVN reports status down for port: c30af7f3-ecdf-48e1-a8b2-412e6dc145b3
2026-07-16 01:34:21.594 8 WARNING neutron.scheduler.dhcp_agent_scheduler [None req-cb2575e7-b53d-4ec8-af63-98a3b6fce94e 7a0449d5d6884a1ebee46e24f2ea3622 2c0a999736d143ae8eeb5e7e08a0ac6f - - default default] No more DHCP agents
2026-07-16 01:34:21.595 8 WARNING neutron.api.rpc.agentnotifiers.dhcp_rpc_agent_api [None req-cb2575e7-b53d-4ec8-af63-98a3b6fce94e 7a0449d5d6884a1ebee46e24f2ea3622 2c0a999736d143ae8eeb5e7e08a0ac6f - - default default] Unable to schedule network ac06050b-8dbb-4d7e-9381-0fb079dfb45d: no agents available; will retry on subsequent port and subnet creation events. [pid: 7|app: 0|req: 457/914] 10.0.0.30 () {34 vars in 1001 bytes} [Thu Jul 16 01:34:21 2026] GET /v2.0/ports?tenant_id=c493fcf7168e4f7b900f0499e640ec4d&fields=id => generated 103 bytes in 178 msecs (HTTP/1.1 200) 4 headers in 157 bytes (1 switches on core 0)
2026-07-16 01:34:21.642 7 INFO neutron.common.ovn.utils [None req-02967549-92f0-45da-a4ba-ab035d0d0c7b - - - - - -] HA Chassis Group neutron-e0595df4-7076-48b9-a9f2-66907b955b37 synchronized; highest priority chassis eb23917e-5812-40f0-834f-2934fa3f6eb1 [pid: 7|app: 0|req: 458/915] 10.0.0.30 () {34 vars in 1007 bytes} [Thu Jul 16 01:34:21 2026] GET /v2.0/networks/cf3e9975-6241-43c4-92e3-f5610c125d4e?fields=segments => generated 14 bytes in 88 msecs (HTTP/1.1 200) 4 headers in 156 bytes (1 switches on core 0)
2026-07-16 01:34:21.808 7 INFO neutron.db.ovn_revision_numbers_db [None req-02967549-92f0-45da-a4ba-ab035d0d0c7b - - - - - -] Successfully bumped revision number for resource f20f523d-cd7f-4e51-ac3f-149276e32e1c (type: router_ports) to 2
2026-07-16 01:34:21.809 7 INFO neutron.plugins.ml2.drivers.ovn.mech_driver.mech_driver [None req-02967549-92f0-45da-a4ba-ab035d0d0c7b - - - - - -] OVN reports status down for port: 55d052f8-7d5e-4ba0-ab1b-ea772f6eaec7 [pid: 7|app: 0|req: 459/916] 10.0.0.30 () {34 vars in 1107 bytes} [Thu Jul 16 01:34:21 2026] GET /v2.0/networks/cf3e9975-6241-43c4-92e3-f5610c125d4e?fields=provider%3Aphysical_network&fields=provider%3Anetwork_type => generated 79 bytes in 91 msecs (HTTP/1.1 200) 4 headers in 156 bytes (1 switches on core 0) [pid: 8|app: 0|req: 458/917] 10.0.0.48 () {34 vars in 675 bytes} [Thu Jul 16 01:34:21 2026] POST /v2.0/floatingips => generated 552 bytes in 556 msecs (HTTP/1.1 201) 4 headers in 162 bytes (1 switches on core 0) [pid: 7|app: 0|req: 460/918] 10.0.0.30 () {34 vars in 1069 bytes} [Thu Jul 16 01:34:21 2026] GET /v2.0/ports?fields=security_groups&fields=device_id&device_id=d1ef46af-6d79-4d75-ad89-9790cac43b63 => generated 12 bytes in 29 msecs (HTTP/1.1 200) 4 headers in 156 bytes (1 switches on core 0)
2026-07-16 01:34:22.129 7 INFO neutron.db.ovn_revision_numbers_db [None req-02967549-92f0-45da-a4ba-ab035d0d0c7b - - - - - -] Successfully bumped revision number for resource 55d052f8-7d5e-4ba0-ab1b-ea772f6eaec7 (type: ports) to 6
2026-07-16 01:34:22.184 7 WARNING neutron.plugins.ml2.drivers.ovn.mech_driver.ovsdb.ovn_client [None req-92a3919c-845f-422e-baee-d0729b152c93 - - - - - -] Logical_Switch_Port 55d052f8-7d5e-4ba0-ab1b-ea772f6eaec7 host information not removed, the port state is up
2026-07-16 01:34:22.216 7 INFO neutron.common.ovn.utils [None req-92a3919c-845f-422e-baee-d0729b152c93 - - - - - -] HA Chassis Group neutron-cf3e9975-6241-43c4-92e3-f5610c125d4e synchronized; highest priority chassis eb23917e-5812-40f0-834f-2934fa3f6eb1
2026-07-16 01:34:22.228 7 INFO neutron.plugins.ml2.drivers.ovn.mech_driver.mech_driver [None req-92a3919c-845f-422e-baee-d0729b152c93 - - - - - -] OVN reports status up for port: 55d052f8-7d5e-4ba0-ab1b-ea772f6eaec7
2026-07-16 01:34:22.238 7 INFO neutron.plugins.ml2.plugin [None req-92a3919c-845f-422e-baee-d0729b152c93 - - - - - -] Attempt 1 to provision port 55d052f8-7d5e-4ba0-ab1b-ea772f6eaec7 [pid: 8|app: 0|req: 459/919] 10.0.0.30 () {34 vars in 1069 bytes} [Thu Jul 16 01:34:22 2026] GET /v2.0/ports?fields=security_groups&fields=device_id&device_id=73a21c27-253d-4d6f-b052-34bdb4904b14 => generated 12 bytes in 21 msecs (HTTP/1.1 200) 4 headers in 156 bytes (1 switches on core 0)
2026-07-16 01:34:22.516 7 INFO neutron.db.ovn_revision_numbers_db [None req-92a3919c-845f-422e-baee-d0729b152c93 - - - - - -] Successfully bumped revision number for resource 55d052f8-7d5e-4ba0-ab1b-ea772f6eaec7 (type: ports) to 7
2026-07-16 01:34:22.637 7 INFO neutron.plugins.ml2.drivers.ovn.mech_driver.mech_driver [None req-f6a81471-e720-4341-bcdb-26510cf7c09a - - - - - -] OVN reports status down for port: e785f723-1f1c-4428-a734-3c13060f7938
2026-07-16 01:34:22.790 8 WARNING neutron.plugins.ml2.drivers.ovn.mech_driver.ovsdb.ovn_client [None req-d689f411-178a-4ba1-bfd2-4237de8dff02 - - - - - -] No hosting information found for port 55aac61c-9988-4c2a-a23f-ead4e01039dd: RuntimeError: No hosting information found for port 55aac61c-9988-4c2a-a23f-ead4e01039dd
2026-07-16 01:34:22.866 8 INFO neutron.db.ovn_revision_numbers_db [None req-d689f411-178a-4ba1-bfd2-4237de8dff02 - - - - - -] Successfully bumped revision number for resource 55aac61c-9988-4c2a-a23f-ead4e01039dd (type: router_ports) to 2
2026-07-16 01:34:22.898 8 INFO neutron.common.ovn.utils [None req-d689f411-178a-4ba1-bfd2-4237de8dff02 - - - - - -] HA Chassis Group neutron-b0167b45-4091-4215-8b82-248ca533ac60 synchronized; highest priority chassis eb23917e-5812-40f0-834f-2934fa3f6eb1
2026-07-16 01:34:22.954 7 INFO neutron.db.ovn_revision_numbers_db [None req-f6a81471-e720-4341-bcdb-26510cf7c09a - - - - - -] Successfully bumped revision number for resource e785f723-1f1c-4428-a734-3c13060f7938 (type: ports) to 6 [pid: 7|app: 0|req: 461/920] 10.0.0.30 () {34 vars in 1069 bytes} [Thu Jul 16 01:34:23 2026] GET /v2.0/ports?fields=security_groups&fields=device_id&device_id=d1ef46af-6d79-4d75-ad89-9790cac43b63 => generated 12 bytes in 41 msecs (HTTP/1.1 200) 4 headers in 156 bytes (1 switches on core 0)
2026-07-16 01:34:23.055 7 WARNING neutron.plugins.ml2.drivers.ovn.mech_driver.ovsdb.ovn_client [None req-f89d886d-ac84-4643-b5e5-2bcf51ce8957 - - - - - -] Logical_Switch_Port e785f723-1f1c-4428-a734-3c13060f7938 host information not removed, the port state is up
2026-07-16 01:34:23.106 7 INFO neutron.common.ovn.utils [None req-f89d886d-ac84-4643-b5e5-2bcf51ce8957 - - - - - -] HA Chassis Group neutron-cf3e9975-6241-43c4-92e3-f5610c125d4e synchronized; highest priority chassis eb23917e-5812-40f0-834f-2934fa3f6eb1
2026-07-16 01:34:23.142 7 INFO neutron.common.ovn.utils [None req-f89d886d-ac84-4643-b5e5-2bcf51ce8957 - - - - - -] HA Chassis Group neutron-b0167b45-4091-4215-8b82-248ca533ac60 synchronized; highest priority chassis eb23917e-5812-40f0-834f-2934fa3f6eb1
2026-07-16 01:34:23.144 7 INFO neutron.plugins.ml2.drivers.ovn.mech_driver.mech_driver [None req-f89d886d-ac84-4643-b5e5-2bcf51ce8957 - - - - - -] OVN reports status up for port: e785f723-1f1c-4428-a734-3c13060f7938
2026-07-16 01:34:23.151 7 INFO neutron.plugins.ml2.plugin [None req-f89d886d-ac84-4643-b5e5-2bcf51ce8957 - - - - - -] Attempt 1 to provision port e785f723-1f1c-4428-a734-3c13060f7938
2026-07-16 01:34:23.461 7 INFO neutron.db.ovn_revision_numbers_db [None req-f89d886d-ac84-4643-b5e5-2bcf51ce8957 - - - - - -] Successfully bumped revision number for resource e785f723-1f1c-4428-a734-3c13060f7938 (type: ports) to 7 [pid: 8|app: 0|req: 460/921] 10.0.0.30 () {34 vars in 1069 bytes} [Thu Jul 16 01:34:23 2026] GET /v2.0/ports?fields=security_groups&fields=device_id&device_id=73a21c27-253d-4d6f-b052-34bdb4904b14 => generated 12 bytes in 23 msecs (HTTP/1.1 200) 4 headers in 156 bytes (1 switches on core 0)
2026-07-16 01:34:23.542 7 INFO neutron.plugins.ml2.drivers.ovn.mech_driver.mech_driver [None req-d8a7c30f-7192-492f-9c0e-254f3a8bf3ab - - - - - -] OVN reports status down for port: 9b43020e-1fa6-4e4b-86fb-4e64f7a4fa06
2026-07-16 01:34:23.600 7 WARNING neutron.plugins.ml2.drivers.ovn.mech_driver.ovsdb.ovn_client [None req-d8a7c30f-7192-492f-9c0e-254f3a8bf3ab - - - - - -] Logical_Switch_Port 9b43020e-1fa6-4e4b-86fb-4e64f7a4fa06 host information not removed, the port state is up
2026-07-16 01:34:23.601 7 INFO neutron.plugins.ml2.drivers.ovn.mech_driver.mech_driver [None req-d8a7c30f-7192-492f-9c0e-254f3a8bf3ab - - - - - -] OVN reports status up for port: 9b43020e-1fa6-4e4b-86fb-4e64f7a4fa06
2026-07-16 01:34:23.611 7 INFO neutron.plugins.ml2.plugin [None req-d8a7c30f-7192-492f-9c0e-254f3a8bf3ab - - - - - -] Attempt 1 to provision port 9b43020e-1fa6-4e4b-86fb-4e64f7a4fa06
2026-07-16 01:34:24.055 7 INFO neutron.db.ovn_revision_numbers_db [None req-d8a7c30f-7192-492f-9c0e-254f3a8bf3ab - - - - - -] Successfully bumped revision number for resource 9b43020e-1fa6-4e4b-86fb-4e64f7a4fa06 (type: ports) to 2 [pid: 7|app: 0|req: 462/922] 10.0.0.30 () {34 vars in 1069 bytes} [Thu Jul 16 01:34:24 2026] GET /v2.0/ports?fields=security_groups&fields=device_id&device_id=d1ef46af-6d79-4d75-ad89-9790cac43b63 => generated 12 bytes in 26 msecs (HTTP/1.1 200) 4 headers in 156 bytes (1 switches on core 0) [pid: 7|app: 0|req: 463/923] 199.204.45.210 () {34 vars in 986 bytes} [Thu Jul 16 01:34:24 2026] GET /v2.0/networks?id=e0595df4-7076-48b9-a9f2-66907b955b37 => generated 715 bytes in 46 msecs (HTTP/1.1 200) 4 headers in 157 bytes (1 switches on core 0)
2026-07-16 01:34:24.244 8 WARNING neutron.db.securitygroups_db [None req-7dbb8e95-4d02-4053-bdb7-36dab7e0bcb5 8cc1d740443049a4a1d131ca53f7955c 20b667deae5f4b188b86b1c895bd6537 - - default default] project_id key not found in filters, using tenant_id instead. This support has been deprecated and will be removed in a future release.
2026-07-16 01:34:24.376 8 INFO neutron.db.ovn_revision_numbers_db [None req-7dbb8e95-4d02-4053-bdb7-36dab7e0bcb5 8cc1d740443049a4a1d131ca53f7955c 20b667deae5f4b188b86b1c895bd6537 - - default default] Successfully bumped revision number for resource bd88de4c-cf87-4878-96fc-5c82114c53de (type: security_groups) to 1
2026-07-16 01:34:24.402 8 INFO neutron.db.ovn_revision_numbers_db [None req-7dbb8e95-4d02-4053-bdb7-36dab7e0bcb5 8cc1d740443049a4a1d131ca53f7955c 20b667deae5f4b188b86b1c895bd6537 - - default default] Successfully bumped revision number for resource 429eb7dd-b6bb-4b17-940e-676a794dd56d (type: security_group_rules) to 0
2026-07-16 01:34:24.418 8 INFO neutron.db.ovn_revision_numbers_db [None req-7dbb8e95-4d02-4053-bdb7-36dab7e0bcb5 8cc1d740443049a4a1d131ca53f7955c 20b667deae5f4b188b86b1c895bd6537 - - default default] Successfully bumped revision number for resource 432e56c4-545e-43cf-90dc-095790bcfeaa (type: security_group_rules) to 0
2026-07-16 01:34:24.433 8 INFO neutron.db.ovn_revision_numbers_db [None req-7dbb8e95-4d02-4053-bdb7-36dab7e0bcb5 8cc1d740443049a4a1d131ca53f7955c 20b667deae5f4b188b86b1c895bd6537 - - default default] Successfully bumped revision number for resource 9e801cd6-2e1c-4b0d-b571-d7ed2566b27c (type: security_group_rules) to 0
2026-07-16 01:34:24.445 8 INFO neutron.db.ovn_revision_numbers_db [None req-7dbb8e95-4d02-4053-bdb7-36dab7e0bcb5 8cc1d740443049a4a1d131ca53f7955c 20b667deae5f4b188b86b1c895bd6537 - - default default] Successfully bumped revision number for resource c84fc0de-57ed-4a0f-a0a4-47cbcfa8e39d (type: security_group_rules) to 0 [pid: 8|app: 0|req: 461/924] 10.0.0.48 () {32 vars in 773 bytes} [Thu Jul 16 01:34:24 2026] GET /v2.0/security-groups?tenant_id=8c5cfa341cce4a0ab44d662845e63311&name=default => generated 2925 bytes in 337 msecs (HTTP/1.1 200) 4 headers in 158 bytes (1 switches on core 0)
2026-07-16 01:34:24.537 7 WARNING neutron.scheduler.dhcp_agent_scheduler [req-26ba9fc8-d44c-448c-b1ee-bb11a3a69c88 req-92199714-c448-492f-ac9b-c28ef6578a77 4c7a482dcc0e4047898cfedbb1f25687 6e340ae31c684190afbf71ff260f4db0 - - default default] No more DHCP agents
