2026-07-16 01:36:37.835 8 WARNING tagging [None req-bbd18390-8c50-463c-8950-321a57a91528 cedd302c5832441baa24c6018bce56b8 6485a73e57e04eadb94c89740244a89a - - default default] project_id key not found in request, using tenant_id instead. This support has been deprecated and will be removed in a future release. [pid: 8|app: 0|req: 991/1998] 10.0.0.48 () {34 vars in 766 bytes} [Thu Jul 16 01:36:37 2026] PUT /v2.0/security-groups/9dc4a892-7e0e-4f52-bf0b-14874e64d57c/tags => generated 19 bytes in 51 msecs (HTTP/1.1 200) 4 headers in 156 bytes (1 switches on core 0) [pid: 8|app: 0|req: 992/1999] 10.0.0.48 () {32 vars in 679 bytes} [Thu Jul 16 01:36:37 2026] GET /v2.0/security-groups?tags=red => generated 4804 bytes in 38 msecs (HTTP/1.1 200) 4 headers in 158 bytes (1 switches on core 0) [pid: 8|app: 0|req: 993/2000] 10.0.0.48 () {32 vars in 693 bytes} [Thu Jul 16 01:36:37 2026] GET /v2.0/security-groups?tags=red%2Cblue => generated 3218 bytes in 39 msecs (HTTP/1.1 200) 4 headers in 158 bytes (1 switches on core 0) [pid: 8|app: 0|req: 994/2001] 10.0.0.48 () {32 vars in 689 bytes} [Thu Jul 16 01:36:37 2026] GET /v2.0/security-groups?tags-any=blue => generated 3218 bytes in 36 msecs (HTTP/1.1 200) 4 headers in 158 bytes (1 switches on core 0) [pid: 8|app: 0|req: 995/2002] 10.0.0.48 () {32 vars in 701 bytes} [Thu Jul 16 01:36:37 2026] GET /v2.0/security-groups?tags-any=red%2Cblue => generated 4804 bytes in 33 msecs (HTTP/1.1 200) 4 headers in 158 bytes (1 switches on core 0) [pid: 8|app: 0|req: 996/2003] 10.0.0.48 () {32 vars in 687 bytes} [Thu Jul 16 01:36:38 2026] GET /v2.0/security-groups?not-tags=red => generated 6094 bytes in 42 msecs (HTTP/1.1 200) 4 headers in 158 bytes (1 switches on core 0)
2026-07-16 01:36:38.128 7 INFO neutron.db.ovn_revision_numbers_db [None req-9350a66f-6d2d-4abf-90f5-16cd06f7da32 6a51ef384c614a90936cf54a38a7af4f b95dab26c0c249ecba30356afd6ac190 - - default default] Successfully bumped revision number for resource f1b97787-7f0b-4f46-9f51-2fa42ac9f021 (type: security_groups) to 1 [pid: 8|app: 0|req: 997/2004] 10.0.0.48 () {32 vars in 701 bytes} [Thu Jul 16 01:36:38 2026] GET /v2.0/security-groups?not-tags=red%2Cblue => generated 7680 bytes in 52 msecs (HTTP/1.1 200) 4 headers in 158 bytes (1 switches on core 0)
2026-07-16 01:36:38.140 7 INFO neutron.db.ovn_revision_numbers_db [None req-9350a66f-6d2d-4abf-90f5-16cd06f7da32 6a51ef384c614a90936cf54a38a7af4f b95dab26c0c249ecba30356afd6ac190 - - default default] Successfully bumped revision number for resource 5a9aff17-8ee8-4711-989c-017150b6aa8a (type: security_group_rules) to 0
2026-07-16 01:36:38.152 7 INFO neutron.db.ovn_revision_numbers_db [None req-9350a66f-6d2d-4abf-90f5-16cd06f7da32 6a51ef384c614a90936cf54a38a7af4f b95dab26c0c249ecba30356afd6ac190 - - default default] Successfully bumped revision number for resource bcd0715a-bb20-468b-9a0f-acdde2970cb8 (type: security_group_rules) to 0
2026-07-16 01:36:38.164 7 INFO neutron.db.ovn_revision_numbers_db [None req-9350a66f-6d2d-4abf-90f5-16cd06f7da32 6a51ef384c614a90936cf54a38a7af4f b95dab26c0c249ecba30356afd6ac190 - - default default] Successfully bumped revision number for resource c103374c-7b27-4fc6-955e-2ed54f96cfc9 (type: security_group_rules) to 0
2026-07-16 01:36:38.177 7 INFO neutron.db.ovn_revision_numbers_db [None req-9350a66f-6d2d-4abf-90f5-16cd06f7da32 6a51ef384c614a90936cf54a38a7af4f b95dab26c0c249ecba30356afd6ac190 - - default default] Successfully bumped revision number for resource fe8c4b00-e83b-45ee-908c-d8d525e2cf6e (type: security_group_rules) to 0 [pid: 8|app: 0|req: 998/2005] 10.0.0.48 () {32 vars in 697 bytes} [Thu Jul 16 01:36:38 2026] GET /v2.0/security-groups?not-tags-any=blue => generated 7680 bytes in 41 msecs (HTTP/1.1 200) 4 headers in 158 bytes (1 switches on core 0) [pid: 8|app: 0|req: 999/2006] 10.0.0.48 () {32 vars in 709 bytes} [Thu Jul 16 01:36:38 2026] GET /v2.0/security-groups?not-tags-any=red%2Cblue => generated 6094 bytes in 31 msecs (HTTP/1.1 200) 4 headers in 158 bytes (1 switches on core 0)
2026-07-16 01:36:38.255 7 INFO neutron.db.segments_db [None req-9350a66f-6d2d-4abf-90f5-16cd06f7da32 6a51ef384c614a90936cf54a38a7af4f b95dab26c0c249ecba30356afd6ac190 - - default default] Added segment 1d5a08d2-4de6-477a-9f75-425d1ff4a862 of type geneve for network afbf8816-6649-4c9f-a11e-5b54e0ae0cc2 [pid: 8|app: 0|req: 1000/2007] 10.0.0.48 () {32 vars in 739 bytes} [Thu Jul 16 01:36:38 2026] DELETE /v2.0/security-groups/43872053-cfa9-46e4-80c9-c8e236c15098 => generated 0 bytes in 107 msecs (HTTP/1.1 204) 2 headers in 112 bytes (1 switches on core 0)
2026-07-16 01:36:38.375 7 INFO neutron.db.ovn_revision_numbers_db [None req-9350a66f-6d2d-4abf-90f5-16cd06f7da32 6a51ef384c614a90936cf54a38a7af4f b95dab26c0c249ecba30356afd6ac190 - - default default] Successfully bumped revision number for resource afbf8816-6649-4c9f-a11e-5b54e0ae0cc2 (type: networks) to 1 [pid: 8|app: 0|req: 1001/2008] 10.0.0.48 () {32 vars in 739 bytes} [Thu Jul 16 01:36:38 2026] DELETE /v2.0/security-groups/d830ecd1-9fdf-4b9c-9778-ea57c6501c38 => generated 0 bytes in 144 msecs (HTTP/1.1 204) 2 headers in 112 bytes (1 switches on core 0) [pid: 8|app: 0|req: 1002/2009] 10.0.0.30 () {34 vars in 1069 bytes} [Thu Jul 16 01:36:38 2026] GET /v2.0/ports?fields=security_groups&fields=device_id&device_id=978f97e0-dc3c-4034-a379-a50ade89bbd7 => generated 123 bytes in 37 msecs (HTTP/1.1 200) 4 headers in 157 bytes (1 switches on core 0)
2026-07-16 01:36:38.569 7 WARNING neutron.scheduler.dhcp_agent_scheduler [None req-9350a66f-6d2d-4abf-90f5-16cd06f7da32 6a51ef384c614a90936cf54a38a7af4f b95dab26c0c249ecba30356afd6ac190 - - default default] No more DHCP agents
2026-07-16 01:36:38.571 7 WARNING neutron.api.rpc.agentnotifiers.dhcp_rpc_agent_api [None req-9350a66f-6d2d-4abf-90f5-16cd06f7da32 6a51ef384c614a90936cf54a38a7af4f b95dab26c0c249ecba30356afd6ac190 - - default default] Unable to schedule network afbf8816-6649-4c9f-a11e-5b54e0ae0cc2: no agents available; will retry on subsequent port and subnet creation events.
2026-07-16 01:36:38.618 7 INFO neutron.plugins.ml2.drivers.ovn.mech_driver.mech_driver [None req-aab2ebab-9776-499d-bdfa-f9453af623e0 - - - - - -] OVN reports status down for port: cc01c318-0d66-4946-8f45-648bd44cfda1 [pid: 8|app: 0|req: 1003/2010] 10.0.0.48 () {32 vars in 739 bytes} [Thu Jul 16 01:36:38 2026] DELETE /v2.0/security-groups/7323daff-78ef-438a-ae48-add80b4b2d55 => generated 0 bytes in 133 msecs (HTTP/1.1 204) 2 headers in 112 bytes (1 switches on core 0)
2026-07-16 01:36:38.668 7 INFO neutron.db.ovn_revision_numbers_db [None req-9350a66f-6d2d-4abf-90f5-16cd06f7da32 6a51ef384c614a90936cf54a38a7af4f b95dab26c0c249ecba30356afd6ac190 - - default default] Successfully bumped revision number for resource cc01c318-0d66-4946-8f45-648bd44cfda1 (type: ports) to 1 [pid: 8|app: 0|req: 1004/2011] 10.0.0.30 () {34 vars in 1039 bytes} [Thu Jul 16 01:36:38 2026] GET /v2.0/security-groups?id=8cc8df23-bcec-47f0-991e-314034548f91&fields=id&fields=name => generated 88 bytes in 35 msecs (HTTP/1.1 200) 4 headers in 156 bytes (1 switches on core 0) [pid: 7|app: 0|req: 1008/2012] 10.0.0.48 () {34 vars in 669 bytes} [Thu Jul 16 01:36:37 2026] POST /v2.0/networks => generated 767 bytes in 864 msecs (HTTP/1.1 201) 4 headers in 162 bytes (1 switches on core 0) [pid: 8|app: 0|req: 1005/2013] 10.0.0.48 () {32 vars in 739 bytes} [Thu Jul 16 01:36:38 2026] DELETE /v2.0/security-groups/9dc4a892-7e0e-4f52-bf0b-14874e64d57c => generated 0 bytes in 136 msecs (HTTP/1.1 204) 2 headers in 112 bytes (1 switches on core 0)
2026-07-16 01:36:38.864 7 WARNING neutron.scheduler.dhcp_agent_scheduler [None req-34ac54e1-1bf4-47fd-8401-9fee0dfcf8bc 6a51ef384c614a90936cf54a38a7af4f b95dab26c0c249ecba30356afd6ac190 - - default default] No more DHCP agents
2026-07-16 01:36:38.865 7 WARNING neutron.api.rpc.agentnotifiers.dhcp_rpc_agent_api [None req-34ac54e1-1bf4-47fd-8401-9fee0dfcf8bc 6a51ef384c614a90936cf54a38a7af4f b95dab26c0c249ecba30356afd6ac190 - - default default] Unable to schedule network afbf8816-6649-4c9f-a11e-5b54e0ae0cc2: no agents available; will retry on subsequent port and subnet creation events. [pid: 8|app: 0|req: 1006/2014] 10.0.0.48 () {32 vars in 739 bytes} [Thu Jul 16 01:36:38 2026] DELETE /v2.0/security-groups/d87472fe-5205-41e0-b4eb-cf1303f58417 => generated 0 bytes in 116 msecs (HTTP/1.1 204) 2 headers in 112 bytes (1 switches on core 0)
2026-07-16 01:36:39.325 7 INFO neutron.db.ovn_revision_numbers_db [None req-34ac54e1-1bf4-47fd-8401-9fee0dfcf8bc 6a51ef384c614a90936cf54a38a7af4f b95dab26c0c249ecba30356afd6ac190 - - default default] Successfully bumped revision number for resource cc01c318-0d66-4946-8f45-648bd44cfda1 (type: ports) to 2
2026-07-16 01:36:39.369 7 INFO neutron.db.ovn_revision_numbers_db [None req-34ac54e1-1bf4-47fd-8401-9fee0dfcf8bc 6a51ef384c614a90936cf54a38a7af4f b95dab26c0c249ecba30356afd6ac190 - - default default] Successfully bumped revision number for resource bc281e82-c23e-4887-b572-a627ed8668e1 (type: subnets) to 0 [pid: 7|app: 0|req: 1009/2015] 10.0.0.48 () {34 vars in 668 bytes} [Thu Jul 16 01:36:38 2026] POST /v2.0/subnets => generated 644 bytes in 673 msecs (HTTP/1.1 201) 4 headers in 162 bytes (1 switches on core 0)
2026-07-16 01:36:39.407 8 WARNING neutron.api.v2.base [None req-b26a783d-1aad-4ea6-9da3-91a87e7f0ba9 6a51ef384c614a90936cf54a38a7af4f b95dab26c0c249ecba30356afd6ac190 - - default default] An exception happened while processing the request body. The exception message is [Invalid input for target_tenant. Reason: 'None' is not a valid string.].: webob.exc.HTTPBadRequest: Invalid input for target_tenant. Reason: 'None' is not a valid string.
2026-07-16 01:36:39.408 8 INFO neutron.api.v2.resource [None req-b26a783d-1aad-4ea6-9da3-91a87e7f0ba9 6a51ef384c614a90936cf54a38a7af4f b95dab26c0c249ecba30356afd6ac190 - - default default] create failed (client error): Invalid input for target_tenant. Reason: 'None' is not a valid string. [pid: 8|app: 0|req: 1007/2016] 10.0.0.48 () {34 vars in 680 bytes} [Thu Jul 16 01:36:39 2026] POST /v2.0/rbac-policies => generated 143 bytes in 10 msecs (HTTP/1.1 400) 4 headers in 166 bytes (1 switches on core 0)
2026-07-16 01:36:39.532 7 INFO neutron_taas.services.taas.taas_plugin [None req-e61f03f1-bef5-49b7-b85a-43988526eec7 6a51ef384c614a90936cf54a38a7af4f b95dab26c0c249ecba30356afd6ac190 - - default default] TaaS: Handle Delete Port: cc01c318-0d66-4946-8f45-648bd44cfda1
2026-07-16 01:36:39.535 7 INFO neutron_taas.services.taas.tap_mirror_plugin [None req-e61f03f1-bef5-49b7-b85a-43988526eec7 6a51ef384c614a90936cf54a38a7af4f b95dab26c0c249ecba30356afd6ac190 - - default default] Tap Mirror: Handle Delete Port: cc01c318-0d66-4946-8f45-648bd44cfda1 [pid: 8|app: 0|req: 1008/2017] 10.0.0.48 () {34 vars in 677 bytes} [Thu Jul 16 01:36:39 2026] POST /v2.0/qos/policies => generated 359 bytes in 188 msecs (HTTP/1.1 201) 4 headers in 162 bytes (1 switches on core 0)
2026-07-16 01:36:39.718 8 WARNING tagging [None req-95ebe210-cd98-44a0-abe1-027add4b6b1d 2c86b57779814d21b0bca991d9a05d8b 0682e2b1267a49928320bffc84594a57 - - default default] project_id key not found in request, using tenant_id instead. This support has been deprecated and will be removed in a future release. [pid: 8|app: 0|req: 1009/2018] 10.0.0.48 () {34 vars in 752 bytes} [Thu Jul 16 01:36:39 2026] PUT /v2.0/policies/69e2dc28-e003-4341-8ca9-ca883f72d577/tags => generated 25 bytes in 59 msecs (HTTP/1.1 200) 4 headers in 156 bytes (1 switches on core 0)
2026-07-16 01:36:39.787 8 WARNING neutron.db.securitygroups_db [None req-3142b9b4-9ca3-4738-8892-545ca44c2499 8cc1d740443049a4a1d131ca53f7955c 20b667deae5f4b188b86b1c895bd6537 - - default default] project_id key not found in filters, using tenant_id instead. This support has been deprecated and will be removed in a future release. [pid: 8|app: 0|req: 1010/2019] 10.0.0.48 () {32 vars in 773 bytes} [Thu Jul 16 01:36:39 2026] GET /v2.0/security-groups?tenant_id=6485a73e57e04eadb94c89740244a89a&name=default => generated 2925 bytes in 75 msecs (HTTP/1.1 200) 4 headers in 158 bytes (1 switches on core 0)
2026-07-16 01:36:39.834 8 WARNING tagging [None req-d61e1a9f-f18c-4b63-926b-c7c01f79b641 2c86b57779814d21b0bca991d9a05d8b 0682e2b1267a49928320bffc84594a57 - - default default] project_id key not found in request, using tenant_id instead. This support has been deprecated and will be removed in a future release. [pid: 8|app: 0|req: 1011/2020] 10.0.0.48 () {32 vars in 732 bytes} [Thu Jul 16 01:36:39 2026] GET /v2.0/policies/69e2dc28-e003-4341-8ca9-ca883f72d577/tags => generated 25 bytes in 30 msecs (HTTP/1.1 200) 4 headers in 156 bytes (1 switches on core 0)
2026-07-16 01:36:39.872 7 INFO neutron.services.segments.plugin [-] Segment 1d5a08d2-4de6-477a-9f75-425d1ff4a862 resource provider aggregate not found [pid: 8|app: 0|req: 1012/2021] 10.0.0.30 () {34 vars in 1069 bytes} [Thu Jul 16 01:36:39 2026] GET /v2.0/ports?fields=security_groups&fields=device_id&device_id=978f97e0-dc3c-4034-a379-a50ade89bbd7 => generated 123 bytes in 34 msecs (HTTP/1.1 200) 4 headers in 157 bytes (1 switches on core 0)
2026-07-16 01:36:39.882 7 INFO neutron.services.segments.plugin [-] Segment 1d5a08d2-4de6-477a-9f75-425d1ff4a862 resource provider aggregate not found
2026-07-16 01:36:39.898 7 INFO neutron.services.segments.plugin [-] Client error retrieving segment 1d5a08d2-4de6-477a-9f75-425d1ff4a862 resource provider; error: Placement Client Error (4xx): {"errors": [{"status": 404, "title": "Not Found", "detail": "The resource could not be found.\n\n No resource provider with uuid 1d5a08d2-4de6-477a-9f75-425d1ff4a862 found for delete ", "request_id": "req-a8db334e-33f9-48e8-a5a0-6a5f7e1a9e1c"}]}
2026-07-16 01:36:39.901 7 INFO neutron.services.segments.plugin [-] Client error retrieving segment 1d5a08d2-4de6-477a-9f75-425d1ff4a862 resource provider; error: Placement Client Error (4xx): {"errors": [{"status": 404, "title": "Not Found", "detail": "The resource could not be found.\n\n No resource provider with uuid 1d5a08d2-4de6-477a-9f75-425d1ff4a862 found for delete ", "request_id": "req-5b6fa758-49da-4c3d-8fa9-913bad598014"}]} [pid: 7|app: 0|req: 1010/2022] 10.0.0.48 () {32 vars in 725 bytes} [Thu Jul 16 01:36:39 2026] DELETE /v2.0/networks/afbf8816-6649-4c9f-a11e-5b54e0ae0cc2 => generated 0 bytes in 511 msecs (HTTP/1.1 204) 3 headers in 131 bytes (1 switches on core 0)
2026-07-16 01:36:39.949 7 WARNING tagging [None req-abeeb905-330d-4435-89a0-ac7d56e93d1b 2c86b57779814d21b0bca991d9a05d8b 0682e2b1267a49928320bffc84594a57 - - default default] project_id key not found in request, using tenant_id instead. This support has been deprecated and will be removed in a future release. [pid: 7|app: 0|req: 1011/2023] 10.0.0.48 () {34 vars in 763 bytes} [Thu Jul 16 01:36:39 2026] PUT /v2.0/policies/69e2dc28-e003-4341-8ca9-ca883f72d577/tags/green => generated 4 bytes in 48 msecs (HTTP/1.1 201) 4 headers in 160 bytes (1 switches on core 0) [pid: 7|app: 0|req: 1012/2024] 10.0.0.30 () {34 vars in 1039 bytes} [Thu Jul 16 01:36:39 2026] GET /v2.0/security-groups?id=8cc8df23-bcec-47f0-991e-314034548f91&fields=id&fields=name => generated 88 bytes in 34 msecs (HTTP/1.1 200) 4 headers in 156 bytes (1 switches on core 0) [pid: 8|app: 0|req: 1013/2025] 10.0.0.48 () {32 vars in 739 bytes} [Thu Jul 16 01:36:39 2026] DELETE /v2.0/security-groups/66343a8c-a7fd-4bcb-ac45-cfbeda25f7ff => generated 0 bytes in 162 msecs (HTTP/1.1 204) 2 headers in 112 bytes (1 switches on core 0)
2026-07-16 01:36:40.065 8 WARNING tagging [None req-0d60bc5c-32d3-4346-aaf7-dde3792377e2 2c86b57779814d21b0bca991d9a05d8b 0682e2b1267a49928320bffc84594a57 - - default default] project_id key not found in request, using tenant_id instead. This support has been deprecated and will be removed in a future release. [pid: 8|app: 0|req: 1014/2026] 10.0.0.48 () {32 vars in 732 bytes} [Thu Jul 16 01:36:40 2026] GET /v2.0/policies/69e2dc28-e003-4341-8ca9-ca883f72d577/tags => generated 34 bytes in 30 msecs (HTTP/1.1 200) 4 headers in 156 bytes (1 switches on core 0)
2026-07-16 01:36:40.093 7 INFO neutron.db.segments_db [None req-f657cf27-4c08-433f-ad19-0288999ef9fc 6a51ef384c614a90936cf54a38a7af4f b95dab26c0c249ecba30356afd6ac190 - - default default] Added segment 09da20e6-9491-4af8-beb2-867e199d18dc of type geneve for network 12f95d93-d82b-4425-834c-d231b8aac756
2026-07-16 01:36:40.099 8 WARNING tagging [None req-14964843-8dc9-452e-b0e2-d793595400d3 2c86b57779814d21b0bca991d9a05d8b 0682e2b1267a49928320bffc84594a57 - - default default] project_id key not found in request, using tenant_id instead. This support has been deprecated and will be removed in a future release. [pid: 8|app: 0|req: 1015/2027] 10.0.0.48 () {34 vars in 759 bytes} [Thu Jul 16 01:36:40 2026] PUT /v2.0/policies/69e2dc28-e003-4341-8ca9-ca883f72d577/tags/red => generated 4 bytes in 36 msecs (HTTP/1.1 201) 4 headers in 160 bytes (1 switches on core 0)
2026-07-16 01:36:40.137 8 WARNING tagging [None req-3ee8b41e-f30b-47a9-9695-89d171b48eb8 2c86b57779814d21b0bca991d9a05d8b 0682e2b1267a49928320bffc84594a57 - - default default] project_id key not found in request, using tenant_id instead. This support has been deprecated and will be removed in a future release. [pid: 8|app: 0|req: 1016/2028] 10.0.0.48 () {32 vars in 732 bytes} [Thu Jul 16 01:36:40 2026] GET /v2.0/policies/69e2dc28-e003-4341-8ca9-ca883f72d577/tags => generated 34 bytes in 28 msecs (HTTP/1.1 200) 4 headers in 156 bytes (1 switches on core 0)
2026-07-16 01:36:40.149 8 WARNING neutron.db.securitygroups_db [None req-f1afa21e-9a55-4495-ab9a-da4ffc88060e 8cc1d740443049a4a1d131ca53f7955c 20b667deae5f4b188b86b1c895bd6537 - - default default] project_id key not found in filters, using tenant_id instead. This support has been deprecated and will be removed in a future release.
2026-07-16 01:36:40.201 7 INFO neutron.db.ovn_revision_numbers_db [None req-f657cf27-4c08-433f-ad19-0288999ef9fc 6a51ef384c614a90936cf54a38a7af4f b95dab26c0c249ecba30356afd6ac190 - - default default] Successfully bumped revision number for resource 12f95d93-d82b-4425-834c-d231b8aac756 (type: networks) to 1
2026-07-16 01:36:40.266 8 INFO neutron.db.ovn_revision_numbers_db [None req-f1afa21e-9a55-4495-ab9a-da4ffc88060e 8cc1d740443049a4a1d131ca53f7955c 20b667deae5f4b188b86b1c895bd6537 - - default default] Successfully bumped revision number for resource 973103ca-4e37-4dc9-92ec-07ca614f64bb (type: security_groups) to 1
2026-07-16 01:36:40.278 8 INFO neutron.db.ovn_revision_numbers_db [None req-f1afa21e-9a55-4495-ab9a-da4ffc88060e 8cc1d740443049a4a1d131ca53f7955c 20b667deae5f4b188b86b1c895bd6537 - - default default] Successfully bumped revision number for resource 1f65bee2-487e-4d5e-9455-e97f37a6ac4d (type: security_group_rules) to 0
2026-07-16 01:36:40.287 8 INFO neutron.db.ovn_revision_numbers_db [None req-f1afa21e-9a55-4495-ab9a-da4ffc88060e 8cc1d740443049a4a1d131ca53f7955c 20b667deae5f4b188b86b1c895bd6537 - - default default] Successfully bumped revision number for resource 4d0276aa-08b6-4726-b153-4e73234e58e9 (type: security_group_rules) to 0
2026-07-16 01:36:40.297 8 INFO neutron.db.ovn_revision_numbers_db [None req-f1afa21e-9a55-4495-ab9a-da4ffc88060e 8cc1d740443049a4a1d131ca53f7955c 20b667deae5f4b188b86b1c895bd6537 - - default default] Successfully bumped revision number for resource 59c8227d-d823-4de9-8e34-2a143d4ca187 (type: security_group_rules) to 0
2026-07-16 01:36:40.308 8 INFO neutron.db.ovn_revision_numbers_db [None req-f1afa21e-9a55-4495-ab9a-da4ffc88060e 8cc1d740443049a4a1d131ca53f7955c 20b667deae5f4b188b86b1c895bd6537 - - default default] Successfully bumped revision number for resource 849fc599-78c9-4a9c-985d-4ecc86970dd7 (type: security_group_rules) to 0 [pid: 8|app: 0|req: 1017/2029] 10.0.0.48 () {32 vars in 773 bytes} [Thu Jul 16 01:36:40 2026] GET /v2.0/security-groups?tenant_id=b5b15332338544cc86dceaae15f731b2&name=default => generated 2925 bytes in 193 msecs (HTTP/1.1 200) 4 headers in 158 bytes (1 switches on core 0)
2026-07-16 01:36:40.354 7 WARNING neutron.scheduler.dhcp_agent_scheduler [None req-f657cf27-4c08-433f-ad19-0288999ef9fc 6a51ef384c614a90936cf54a38a7af4f b95dab26c0c249ecba30356afd6ac190 - - default default] No more DHCP agents
2026-07-16 01:36:40.355 7 WARNING neutron.api.rpc.agentnotifiers.dhcp_rpc_agent_api [None req-f657cf27-4c08-433f-ad19-0288999ef9fc 6a51ef384c614a90936cf54a38a7af4f b95dab26c0c249ecba30356afd6ac190 - - default default] Unable to schedule network 12f95d93-d82b-4425-834c-d231b8aac756: no agents available; will retry on subsequent port and subnet creation events.
2026-07-16 01:36:40.360 8 WARNING tagging [None req-0400c953-14cf-48fe-9a17-392b771336bd 2c86b57779814d21b0bca991d9a05d8b 0682e2b1267a49928320bffc84594a57 - - default default] project_id key not found in request, using tenant_id instead. This support has been deprecated and will be removed in a future release. [pid: 8|app: 0|req: 1018/2030] 10.0.0.48 () {34 vars in 781 bytes} [Thu Jul 16 01:36:40 2026] PUT /v2.0/policies/69e2dc28-e003-4341-8ca9-ca883f72d577/tags/black.or.white => generated 4 bytes in 48 msecs (HTTP/1.1 201) 4 headers in 160 bytes (1 switches on core 0)
2026-07-16 01:36:40.398 8 INFO neutron.plugins.ml2.drivers.ovn.mech_driver.mech_driver [None req-f395a1f9-bc6e-4c2a-8797-602adff336ad - - - - - -] OVN reports status down for port: ba2ad113-519b-4d50-9d09-c40c15f7983a
2026-07-16 01:36:40.432 7 INFO neutron.db.ovn_revision_numbers_db [None req-f657cf27-4c08-433f-ad19-0288999ef9fc 6a51ef384c614a90936cf54a38a7af4f b95dab26c0c249ecba30356afd6ac190 - - default default] Successfully bumped revision number for resource ba2ad113-519b-4d50-9d09-c40c15f7983a (type: ports) to 1 [pid: 7|app: 0|req: 1013/2031] 10.0.0.48 () {34 vars in 669 bytes} [Thu Jul 16 01:36:40 2026] POST /v2.0/networks => generated 767 bytes in 454 msecs (HTTP/1.1 201) 4 headers in 162 bytes (1 switches on core 0)
2026-07-16 01:36:40.487 7 WARNING tagging [None req-86893ecc-c58e-4a79-999e-10d2d6192ec9 2c86b57779814d21b0bca991d9a05d8b 0682e2b1267a49928320bffc84594a57 - - default default] project_id key not found in request, using tenant_id instead. This support has been deprecated and will be removed in a future release. [pid: 7|app: 0|req: 1014/2032] 10.0.0.48 () {32 vars in 732 bytes} [Thu Jul 16 01:36:40 2026] GET /v2.0/policies/69e2dc28-e003-4341-8ca9-ca883f72d577/tags => generated 52 bytes in 32 msecs (HTTP/1.1 200) 4 headers in 156 bytes (1 switches on core 0) [pid: 8|app: 0|req: 1019/2033] 10.0.0.48 () {32 vars in 739 bytes} [Thu Jul 16 01:36:40 2026] DELETE /v2.0/security-groups/973103ca-4e37-4dc9-92ec-07ca614f64bb => generated 0 bytes in 206 msecs (HTTP/1.1 204) 2 headers in 112 bytes (1 switches on core 0)
2026-07-16 01:36:40.615 8 WARNING tagging [None req-f27c33d5-0cd7-4f23-baf3-9f44cd1d4348 2c86b57779814d21b0bca991d9a05d8b 0682e2b1267a49928320bffc84594a57 - - default default] project_id key not found in request, using tenant_id instead. This support has been deprecated and will be removed in a future release.
2026-07-16 01:36:40.635 7 WARNING neutron.scheduler.dhcp_agent_scheduler [None req-82573ba0-4b8e-4a87-81e0-fa6f6a1da0be 6a51ef384c614a90936cf54a38a7af4f b95dab26c0c249ecba30356afd6ac190 - - default default] No more DHCP agents
2026-07-16 01:36:40.636 7 WARNING neutron.api.rpc.agentnotifiers.dhcp_rpc_agent_api [None req-82573ba0-4b8e-4a87-81e0-fa6f6a1da0be 6a51ef384c614a90936cf54a38a7af4f b95dab26c0c249ecba30356afd6ac190 - - default default] Unable to schedule network 12f95d93-d82b-4425-834c-d231b8aac756: no agents available; will retry on subsequent port and subnet creation events. [pid: 8|app: 0|req: 1020/2034] 10.0.0.48 () {34 vars in 752 bytes} [Thu Jul 16 01:36:40 2026] PUT /v2.0/policies/69e2dc28-e003-4341-8ca9-ca883f72d577/tags => generated 37 bytes in 42 msecs (HTTP/1.1 200) 4 headers in 156 bytes (1 switches on core 0)
2026-07-16 01:36:40.662 8 WARNING tagging [None req-e2fb4e8d-9d9e-4c6e-b4db-9b96337e32a5 2c86b57779814d21b0bca991d9a05d8b 0682e2b1267a49928320bffc84594a57 - - default default] project_id key not found in request, using tenant_id instead. This support has been deprecated and will be removed in a future release. [pid: 8|app: 0|req: 1021/2035] 10.0.0.48 () {32 vars in 732 bytes} [Thu Jul 16 01:36:40 2026] GET /v2.0/policies/69e2dc28-e003-4341-8ca9-ca883f72d577/tags => generated 37 bytes in 28 msecs (HTTP/1.1 200) 4 headers in 156 bytes (1 switches on core 0)
2026-07-16 01:36:40.705 8 WARNING tagging [None req-45da5a22-bd1b-4d27-8d53-56d3fba5ccbd 2c86b57779814d21b0bca991d9a05d8b 0682e2b1267a49928320bffc84594a57 - - default default] project_id key not found in request, using tenant_id instead. This support has been deprecated and will be removed in a future release. [pid: 8|app: 0|req: 1022/2036] 10.0.0.48 () {32 vars in 740 bytes} [Thu Jul 16 01:36:40 2026] GET /v2.0/policies/69e2dc28-e003-4341-8ca9-ca883f72d577/tags/red => generated 0 bytes in 42 msecs (HTTP/1.1 204) 2 headers in 112 bytes (1 switches on core 0)
2026-07-16 01:36:40.748 8 WARNING tagging [None req-eab1b450-cc58-4a96-8b67-a151ea30aaee 2c86b57779814d21b0bca991d9a05d8b 0682e2b1267a49928320bffc84594a57 - - default default] project_id key not found in request, using tenant_id instead. This support has been deprecated and will be removed in a future release.
2026-07-16 01:36:40.754 8 INFO neutron.api.v2.resource [None req-eab1b450-cc58-4a96-8b67-a151ea30aaee 2c86b57779814d21b0bca991d9a05d8b 0682e2b1267a49928320bffc84594a57 - - default default] show failed (client error): The resource could not be found. [pid: 8|app: 0|req: 1023/2037] 10.0.0.48 () {32 vars in 744 bytes} [Thu Jul 16 01:36:40 2026] GET /v2.0/policies/69e2dc28-e003-4341-8ca9-ca883f72d577/tags/green => generated 99 bytes in 34 msecs (HTTP/1.1 404) 4 headers in 163 bytes (1 switches on core 0)
2026-07-16 01:36:40.760 8 WARNING neutron.db.securitygroups_db [None req-3d4343f8-fce3-494c-b3d8-05dd0be92f29 8cc1d740443049a4a1d131ca53f7955c 20b667deae5f4b188b86b1c895bd6537 - - default default] project_id key not found in filters, using tenant_id instead. This support has been deprecated and will be removed in a future release.
2026-07-16 01:36:40.856 8 INFO neutron.db.ovn_revision_numbers_db [None req-3d4343f8-fce3-494c-b3d8-05dd0be92f29 8cc1d740443049a4a1d131ca53f7955c 20b667deae5f4b188b86b1c895bd6537 - - default default] Successfully bumped revision number for resource ebacacad-1c66-40e2-9781-b1ee768d2c36 (type: security_groups) to 1
2026-07-16 01:36:40.867 8 INFO neutron.db.ovn_revision_numbers_db [None req-3d4343f8-fce3-494c-b3d8-05dd0be92f29 8cc1d740443049a4a1d131ca53f7955c 20b667deae5f4b188b86b1c895bd6537 - - default default] Successfully bumped revision number for resource 052f2e09-53bf-46dd-9393-ee507365ecab (type: security_group_rules) to 0
2026-07-16 01:36:40.878 8 INFO neutron.db.ovn_revision_numbers_db [None req-3d4343f8-fce3-494c-b3d8-05dd0be92f29 8cc1d740443049a4a1d131ca53f7955c 20b667deae5f4b188b86b1c895bd6537 - - default default] Successfully bumped revision number for resource 9eb3f3ad-75c8-4edc-94ab-44c0ad559e9c (type: security_group_rules) to 0
2026-07-16 01:36:40.888 8 INFO neutron.db.ovn_revision_numbers_db [None req-3d4343f8-fce3-494c-b3d8-05dd0be92f29 8cc1d740443049a4a1d131ca53f7955c 20b667deae5f4b188b86b1c895bd6537 - - default default] Successfully bumped revision number for resource c1333083-f00b-496e-a182-47e8f71a1ca3 (type: security_group_rules) to 0
2026-07-16 01:36:40.899 8 INFO neutron.db.ovn_revision_numbers_db [None req-3d4343f8-fce3-494c-b3d8-05dd0be92f29 8cc1d740443049a4a1d131ca53f7955c 20b667deae5f4b188b86b1c895bd6537 - - default default] Successfully bumped revision number for resource d134c08e-efd4-447b-9dff-89e42888aa37 (type: security_group_rules) to 0 [pid: 8|app: 0|req: 1024/2038] 10.0.0.48 () {32 vars in 773 bytes} [Thu Jul 16 01:36:40 2026] GET /v2.0/security-groups?tenant_id=39bc5be1f3f44c4f9ecdf8f7c62d702c&name=default => generated 2925 bytes in 186 msecs (HTTP/1.1 200) 4 headers in 158 bytes (1 switches on core 0)
2026-07-16 01:36:40.973 8 WARNING tagging [None req-76ff7300-4bd9-4de0-953a-3bfcb771a12e 2c86b57779814d21b0bca991d9a05d8b 0682e2b1267a49928320bffc84594a57 - - default default] project_id key not found in request, using tenant_id instead. This support has been deprecated and will be removed in a future release. [pid: 8|app: 0|req: 1025/2039] 10.0.0.48 () {32 vars in 743 bytes} [Thu Jul 16 01:36:40 2026] DELETE /v2.0/policies/69e2dc28-e003-4341-8ca9-ca883f72d577/tags/red => generated 0 bytes in 53 msecs (HTTP/1.1 204) 2 headers in 112 bytes (1 switches on core 0)
2026-07-16 01:36:41.099 7 INFO neutron.db.ovn_revision_numbers_db [None req-82573ba0-4b8e-4a87-81e0-fa6f6a1da0be 6a51ef384c614a90936cf54a38a7af4f b95dab26c0c249ecba30356afd6ac190 - - default default] Successfully bumped revision number for resource ba2ad113-519b-4d50-9d09-c40c15f7983a (type: ports) to 2
2026-07-16 01:36:41.138 7 INFO neutron.db.ovn_revision_numbers_db [None req-82573ba0-4b8e-4a87-81e0-fa6f6a1da0be 6a51ef384c614a90936cf54a38a7af4f b95dab26c0c249ecba30356afd6ac190 - - default default] Successfully bumped revision number for resource a3183463-06f5-4cb0-82fa-0f3c6bda79d9 (type: subnets) to 0 [pid: 8|app: 0|req: 1026/2040] 10.0.0.48 () {32 vars in 739 bytes} [Thu Jul 16 01:36:40 2026] DELETE /v2.0/security-groups/ebacacad-1c66-40e2-9781-b1ee768d2c36 => generated 0 bytes in 146 msecs (HTTP/1.1 204) 2 headers in 112 bytes (1 switches on core 0) [pid: 7|app: 0|req: 1015/2041] 10.0.0.48 () {34 vars in 668 bytes} [Thu Jul 16 01:36:40 2026] POST /v2.0/subnets => generated 647 bytes in 658 msecs (HTTP/1.1 201) 4 headers in 162 bytes (1 switches on core 0)
2026-07-16 01:36:41.163 8 WARNING tagging [None req-550ea2b7-a4cf-4de2-9229-9ddc8e8854dd 2c86b57779814d21b0bca991d9a05d8b 0682e2b1267a49928320bffc84594a57 - - default default] project_id key not found in request, using tenant_id instead. This support has been deprecated and will be removed in a future release. [pid: 8|app: 0|req: 1027/2042] 10.0.0.48 () {32 vars in 732 bytes} [Thu Jul 16 01:36:41 2026] GET /v2.0/policies/69e2dc28-e003-4341-8ca9-ca883f72d577/tags => generated 30 bytes in 26 msecs (HTTP/1.1 200) 4 headers in 156 bytes (1 switches on core 0)
2026-07-16 01:36:41.173 8 WARNING neutron.api.v2.base [None req-4b80738a-c954-456f-b76b-c9c0c7f5ae93 6a51ef384c614a90936cf54a38a7af4f b95dab26c0c249ecba30356afd6ac190 - - default default] An exception happened while processing the request body. The exception message is [Invalid input for target_tenant. Reason: '1234123412341234123412341234123412341234123412341234123412341234123412341234123412341234123412341234123412341234123412341234123412341234123412341234123412341234123412341234123412341234123412341234123412341234123412341234123412341234123412341234123412341234123412341234123412341234123412341234123412341234123412341234123412341234123412341234123412341234123412341234123412341234123412341234123412341234' exceeds maximum length of 255.].: webob.exc.HTTPBadRequest: Invalid input for target_tenant. Reason: '1234123412341234123412341234123412341234123412341234123412341234123412341234123412341234123412341234123412341234123412341234123412341234123412341234123412341234123412341234123412341234123412341234123412341234123412341234123412341234123412341234123412341234123412341234123412341234123412341234123412341234123412341234123412341234123412341234123412341234123412341234123412341234123412341234123412341234' exceeds maximum length of 255.
2026-07-16 01:36:41.173 8 INFO neutron.api.v2.resource [None req-4b80738a-c954-456f-b76b-c9c0c7f5ae93 6a51ef384c614a90936cf54a38a7af4f b95dab26c0c249ecba30356afd6ac190 - - default default] create failed (client error): Invalid input for target_tenant. Reason: '1234123412341234123412341234123412341234123412341234123412341234123412341234123412341234123412341234123412341234123412341234123412341234123412341234123412341234123412341234123412341234123412341234123412341234123412341234123412341234123412341234123412341234123412341234123412341234123412341234123412341234123412341234123412341234123412341234123412341234123412341234123412341234123412341234123412341234' exceeds maximum length of 255. [pid: 8|app: 0|req: 1028/2043] 10.0.0.48 () {34 vars in 680 bytes} [Thu Jul 16 01:36:41 2026] POST /v2.0/rbac-policies => generated 547 bytes in 5 msecs (HTTP/1.1 400) 4 headers in 166 bytes (1 switches on core 0)
2026-07-16 01:36:41.192 8 WARNING tagging [None req-5dcead20-7aab-44dc-a845-62869c9198c3 2c86b57779814d21b0bca991d9a05d8b 0682e2b1267a49928320bffc84594a57 - - default default] project_id key not found in request, using tenant_id instead. This support has been deprecated and will be removed in a future release.
2026-07-16 01:36:41.200 8 INFO neutron.api.v2.resource [None req-5dcead20-7aab-44dc-a845-62869c9198c3 2c86b57779814d21b0bca991d9a05d8b 0682e2b1267a49928320bffc84594a57 - - default default] delete failed (client error): The resource could not be found. [pid: 8|app: 0|req: 1029/2044] 10.0.0.48 () {32 vars in 747 bytes} [Thu Jul 16 01:36:41 2026] DELETE /v2.0/policies/69e2dc28-e003-4341-8ca9-ca883f72d577/tags/green => generated 99 bytes in 26 msecs (HTTP/1.1 404) 4 headers in 163 bytes (1 switches on core 0) [pid: 7|app: 0|req: 1016/2045] 10.0.0.30 () {34 vars in 1069 bytes} [Thu Jul 16 01:36:41 2026] GET /v2.0/ports?fields=security_groups&fields=device_id&device_id=978f97e0-dc3c-4034-a379-a50ade89bbd7 => generated 123 bytes in 68 msecs (HTTP/1.1 200) 4 headers in 157 bytes (1 switches on core 0)
2026-07-16 01:36:41.246 7 WARNING tagging [None req-b9cc6096-f22f-4756-b8fc-70422203add4 2c86b57779814d21b0bca991d9a05d8b 0682e2b1267a49928320bffc84594a57 - - default default] project_id key not found in request, using tenant_id instead. This support has been deprecated and will be removed in a future release. [pid: 7|app: 0|req: 1017/2046] 10.0.0.48 () {32 vars in 735 bytes} [Thu Jul 16 01:36:41 2026] DELETE /v2.0/policies/69e2dc28-e003-4341-8ca9-ca883f72d577/tags => generated 0 bytes in 49 msecs (HTTP/1.1 204) 2 headers in 112 bytes (1 switches on core 0) [pid: 7|app: 0|req: 1018/2047] 10.0.0.30 () {34 vars in 1039 bytes} [Thu Jul 16 01:36:41 2026] GET /v2.0/security-groups?id=8cc8df23-bcec-47f0-991e-314034548f91&fields=id&fields=name => generated 88 bytes in 30 msecs (HTTP/1.1 200) 4 headers in 156 bytes (1 switches on core 0)
2026-07-16 01:36:41.323 8 INFO neutron_taas.services.taas.taas_plugin [None req-a280b775-aba4-4bf7-977a-5d2090970fe0 6a51ef384c614a90936cf54a38a7af4f b95dab26c0c249ecba30356afd6ac190 - - default default] TaaS: Handle Delete Port: ba2ad113-519b-4d50-9d09-c40c15f7983a
2026-07-16 01:36:41.325 7 WARNING tagging [None req-a19afeb5-6779-4955-80d7-7593489fa08b 2c86b57779814d21b0bca991d9a05d8b 0682e2b1267a49928320bffc84594a57 - - default default] project_id key not found in request, using tenant_id instead. This support has been deprecated and will be removed in a future release.
2026-07-16 01:36:41.326 8 INFO neutron_taas.services.taas.tap_mirror_plugin [None req-a280b775-aba4-4bf7-977a-5d2090970fe0 6a51ef384c614a90936cf54a38a7af4f b95dab26c0c249ecba30356afd6ac190 - - default default] Tap Mirror: Handle Delete Port: ba2ad113-519b-4d50-9d09-c40c15f7983a [pid: 7|app: 0|req: 1019/2048] 10.0.0.48 () {32 vars in 732 bytes} [Thu Jul 16 01:36:41 2026] GET /v2.0/policies/69e2dc28-e003-4341-8ca9-ca883f72d577/tags => generated 12 bytes in 31 msecs (HTTP/1.1 200) 4 headers in 156 bytes (1 switches on core 0) [pid: 7|app: 0|req: 1020/2049] 10.0.0.48 () {32 vars in 733 bytes} [Thu Jul 16 01:36:41 2026] DELETE /v2.0/qos/policies/69e2dc28-e003-4341-8ca9-ca883f72d577 => generated 0 bytes in 53 msecs (HTTP/1.1 204) 2 headers in 112 bytes (1 switches on core 0) [pid: 7|app: 0|req: 1021/2050] 199.204.45.210 () {34 vars in 994 bytes} [Thu Jul 16 01:36:41 2026] GET /v2.0/ports?device_id=978f97e0-dc3c-4034-a379-a50ade89bbd7 => generated 973 bytes in 32 msecs (HTTP/1.1 200) 4 headers in 157 bytes (1 switches on core 0)
2026-07-16 01:36:41.591 7 INFO neutron_taas.services.taas.taas_plugin [req-ac93e93a-9f7e-4dee-8b2c-34de05ca4845 req-91b4901c-e894-4503-a319-d2b813d4e7b2 9ea751f1031d4a69bb366d6891e40513 daa2a01db1e14da4a72526d7c87b0443 - - default default] TaaS: Handle Delete Port: 825cee49-6f2c-43f2-abe8-b11a37851cf6
2026-07-16 01:36:41.594 7 INFO neutron_taas.services.taas.tap_mirror_plugin [req-ac93e93a-9f7e-4dee-8b2c-34de05ca4845 req-91b4901c-e894-4503-a319-d2b813d4e7b2 9ea751f1031d4a69bb366d6891e40513 daa2a01db1e14da4a72526d7c87b0443 - - default default] Tap Mirror: Handle Delete Port: 825cee49-6f2c-43f2-abe8-b11a37851cf6
2026-07-16 01:36:41.622 8 INFO neutron.services.segments.plugin [-] Segment 09da20e6-9491-4af8-beb2-867e199d18dc resource provider aggregate not found
2026-07-16 01:36:41.625 8 INFO neutron.services.segments.plugin [-] Segment 09da20e6-9491-4af8-beb2-867e199d18dc resource provider aggregate not found
2026-07-16 01:36:41.644 8 INFO neutron.services.segments.plugin [-] Client error retrieving segment 09da20e6-9491-4af8-beb2-867e199d18dc resource provider; error: Placement Client Error (4xx): {"errors": [{"status": 404, "title": "Not Found", "detail": "The resource could not be found.\n\n No resource provider with uuid 09da20e6-9491-4af8-beb2-867e199d18dc found for delete ", "request_id": "req-2a8e374c-579c-4218-b0cd-6b2d02e6a5ff"}]}
2026-07-16 01:36:41.645 8 INFO neutron.services.segments.plugin [-] Client error retrieving segment 09da20e6-9491-4af8-beb2-867e199d18dc resource provider; error: Placement Client Error (4xx): {"errors": [{"status": 404, "title": "Not Found", "detail": "The resource could not be found.\n\n No resource provider with uuid 09da20e6-9491-4af8-beb2-867e199d18dc found for delete ", "request_id": "req-43020abc-273c-428a-821e-d1b180de3053"}]} [pid: 8|app: 0|req: 1030/2051] 10.0.0.48 () {32 vars in 725 bytes} [Thu Jul 16 01:36:41 2026] DELETE /v2.0/networks/12f95d93-d82b-4425-834c-d231b8aac756 => generated 0 bytes in 459 msecs (HTTP/1.1 204) 3 headers in 131 bytes (1 switches on core 0) [pid: 7|app: 0|req: 1022/2052] 199.204.45.210 () {36 vars in 997 bytes} [Thu Jul 16 01:36:41 2026] DELETE /v2.0/ports/825cee49-6f2c-43f2-abe8-b11a37851cf6 => generated 0 bytes in 251 msecs (HTTP/1.1 204) 3 headers in 131 bytes (1 switches on core 0)
2026-07-16 01:36:41.749 7 WARNING neutron.notifiers.nova [-] Nova event matching ['req-5e1298fc-cded-4c64-b539-671ccc2dbf91']: {'server_uuid': '978f97e0-dc3c-4034-a379-a50ade89bbd7', 'name': 'network-vif-deleted', 'tag': '825cee49-6f2c-43f2-abe8-b11a37851cf6', 'status': 'failed', 'code': 422} returned with failed status
2026-07-16 01:36:41.767 8 INFO neutron.db.segments_db [None req-0730e262-d98d-456d-a62b-c0460acb448a 6a51ef384c614a90936cf54a38a7af4f b95dab26c0c249ecba30356afd6ac190 - - default default] Added segment 1e1f2e4e-70f7-4da6-97dd-a86d5bd251e3 of type geneve for network 4a7a5019-a38f-444d-93df-82a2f9797cc1
2026-07-16 01:36:41.870 8 INFO neutron.db.ovn_revision_numbers_db [None req-0730e262-d98d-456d-a62b-c0460acb448a 6a51ef384c614a90936cf54a38a7af4f b95dab26c0c249ecba30356afd6ac190 - - default default] Successfully bumped revision number for resource 4a7a5019-a38f-444d-93df-82a2f9797cc1 (type: networks) to 1
2026-07-16 01:36:42.003 8 WARNING neutron.scheduler.dhcp_agent_scheduler [None req-0730e262-d98d-456d-a62b-c0460acb448a 6a51ef384c614a90936cf54a38a7af4f b95dab26c0c249ecba30356afd6ac190 - - default default] No more DHCP agents
2026-07-16 01:36:42.004 8 WARNING neutron.api.rpc.agentnotifiers.dhcp_rpc_agent_api [None req-0730e262-d98d-456d-a62b-c0460acb448a 6a51ef384c614a90936cf54a38a7af4f b95dab26c0c249ecba30356afd6ac190 - - default default] Unable to schedule network 4a7a5019-a38f-444d-93df-82a2f9797cc1: no agents available; will retry on subsequent port and subnet creation events.
2026-07-16 01:36:42.046 8 INFO neutron.plugins.ml2.drivers.ovn.mech_driver.mech_driver [None req-f395a1f9-bc6e-4c2a-8797-602adff336ad - - - - - -] OVN reports status down for port: 4fbd7f3b-0833-4162-a3e7-ccf96dd33645
2026-07-16 01:36:42.094 8 INFO neutron.db.ovn_revision_numbers_db [None req-0730e262-d98d-456d-a62b-c0460acb448a 6a51ef384c614a90936cf54a38a7af4f b95dab26c0c249ecba30356afd6ac190 - - default default] Successfully bumped revision number for resource 4fbd7f3b-0833-4162-a3e7-ccf96dd33645 (type: ports) to 1 [pid: 8|app: 0|req: 1031/2053] 10.0.0.48 () {34 vars in 669 bytes} [Thu Jul 16 01:36:41 2026] POST /v2.0/networks => generated 767 bytes in 464 msecs (HTTP/1.1 201) 4 headers in 162 bytes (1 switches on core 0)
2026-07-16 01:36:42.191 7 WARNING neutron.db.securitygroups_db [None req-759056f2-e624-406e-a741-b885e2eeb85d 8cc1d740443049a4a1d131ca53f7955c 20b667deae5f4b188b86b1c895bd6537 - - default default] project_id key not found in filters, using tenant_id instead. This support has been deprecated and will be removed in a future release.
2026-07-16 01:36:42.279 8 WARNING neutron.scheduler.dhcp_agent_scheduler [None req-a4597917-efec-44b8-a30b-a3c3878c3d6a 6a51ef384c614a90936cf54a38a7af4f b95dab26c0c249ecba30356afd6ac190 - - default default] No more DHCP agents
2026-07-16 01:36:42.283 8 WARNING neutron.api.rpc.agentnotifiers.dhcp_rpc_agent_api [None req-a4597917-efec-44b8-a30b-a3c3878c3d6a 6a51ef384c614a90936cf54a38a7af4f b95dab26c0c249ecba30356afd6ac190 - - default default] Unable to schedule network 4a7a5019-a38f-444d-93df-82a2f9797cc1: no agents available; will retry on subsequent port and subnet creation events.
2026-07-16 01:36:42.310 7 INFO neutron.db.ovn_revision_numbers_db [None req-759056f2-e624-406e-a741-b885e2eeb85d 8cc1d740443049a4a1d131ca53f7955c 20b667deae5f4b188b86b1c895bd6537 - - default default] Successfully bumped revision number for resource f37ccb51-eac3-4c85-9fbc-4f9f5dc7255c (type: security_groups) to 1
2026-07-16 01:36:42.324 7 INFO neutron.db.ovn_revision_numbers_db [None req-759056f2-e624-406e-a741-b885e2eeb85d 8cc1d740443049a4a1d131ca53f7955c 20b667deae5f4b188b86b1c895bd6537 - - default default] Successfully bumped revision number for resource 6b16f84d-44fe-430a-a497-f53649f8d452 (type: security_group_rules) to 0
2026-07-16 01:36:42.335 7 INFO neutron.db.ovn_revision_numbers_db [None req-759056f2-e624-406e-a741-b885e2eeb85d 8cc1d740443049a4a1d131ca53f7955c 20b667deae5f4b188b86b1c895bd6537 - - default default] Successfully bumped revision number for resource 898b581a-6061-4f87-873e-5b0f00087bff (type: security_group_rules) to 0
2026-07-16 01:36:42.347 7 INFO neutron.db.ovn_revision_numbers_db [None req-759056f2-e624-406e-a741-b885e2eeb85d 8cc1d740443049a4a1d131ca53f7955c 20b667deae5f4b188b86b1c895bd6537 - - default default] Successfully bumped revision number for resource ae31eda1-76b1-4df7-a90b-a0b060ce22ca (type: security_group_rules) to 0
2026-07-16 01:36:42.358 7 INFO neutron.db.ovn_revision_numbers_db [None req-759056f2-e624-406e-a741-b885e2eeb85d 8cc1d740443049a4a1d131ca53f7955c 20b667deae5f4b188b86b1c895bd6537 - - default default] Successfully bumped revision number for resource b2e48e68-b92e-42d2-af5a-6000b3ebcddc (type: security_group_rules) to 0 [pid: 7|app: 0|req: 1023/2054] 10.0.0.48 () {32 vars in 773 bytes} [Thu Jul 16 01:36:42 2026] GET /v2.0/security-groups?tenant_id=ac9ca6192bb947bb818a191ce56dcfe0&name=default => generated 2925 bytes in 375 msecs (HTTP/1.1 200) 4 headers in 158 bytes (1 switches on core 0) [pid: 7|app: 0|req: 1024/2055] 10.0.0.30 () {34 vars in 1069 bytes} [Thu Jul 16 01:36:42 2026] GET /v2.0/ports?fields=security_groups&fields=device_id&device_id=978f97e0-dc3c-4034-a379-a50ade89bbd7 => generated 12 bytes in 19 msecs (HTTP/1.1 200) 4 headers in 156 bytes (1 switches on core 0) [pid: 7|app: 0|req: 1025/2056] 10.0.0.48 () {32 vars in 739 bytes} [Thu Jul 16 01:36:42 2026] DELETE /v2.0/security-groups/f37ccb51-eac3-4c85-9fbc-4f9f5dc7255c => generated 0 bytes in 168 msecs (HTTP/1.1 204) 2 headers in 112 bytes (1 switches on core 0)
2026-07-16 01:36:42.686 8 INFO neutron.db.ovn_revision_numbers_db [None req-a4597917-efec-44b8-a30b-a3c3878c3d6a 6a51ef384c614a90936cf54a38a7af4f b95dab26c0c249ecba30356afd6ac190 - - default default] Successfully bumped revision number for resource 4fbd7f3b-0833-4162-a3e7-ccf96dd33645 (type: ports) to 2
2026-07-16 01:36:42.713 7 WARNING neutron.db.securitygroups_db [None req-2a4166bc-6583-4fe5-b882-492f2e078d54 8cc1d740443049a4a1d131ca53f7955c 20b667deae5f4b188b86b1c895bd6537 - - default default] project_id key not found in filters, using tenant_id instead. This support has been deprecated and will be removed in a future release.
2026-07-16 01:36:42.727 8 INFO neutron.db.ovn_revision_numbers_db [None req-a4597917-efec-44b8-a30b-a3c3878c3d6a 6a51ef384c614a90936cf54a38a7af4f b95dab26c0c249ecba30356afd6ac190 - - default default] Successfully bumped revision number for resource 3bc3030f-7a92-41ce-a3c9-1a7d117ca67a (type: subnets) to 0 [pid: 8|app: 0|req: 1032/2057] 10.0.0.48 () {34 vars in 668 bytes} [Thu Jul 16 01:36:42 2026] POST /v2.0/subnets => generated 647 bytes in 615 msecs (HTTP/1.1 201) 4 headers in 162 bytes (1 switches on core 0)
2026-07-16 01:36:42.852 7 INFO neutron.db.ovn_revision_numbers_db [None req-2a4166bc-6583-4fe5-b882-492f2e078d54 8cc1d740443049a4a1d131ca53f7955c 20b667deae5f4b188b86b1c895bd6537 - - default default] Successfully bumped revision number for resource 9bdfcc47-e8a8-4a57-b516-7f53a3b091db (type: security_groups) to 1
2026-07-16 01:36:42.862 7 INFO neutron.db.ovn_revision_numbers_db [None req-2a4166bc-6583-4fe5-b882-492f2e078d54 8cc1d740443049a4a1d131ca53f7955c 20b667deae5f4b188b86b1c895bd6537 - - default default] Successfully bumped revision number for resource 11b1182e-4922-4482-8012-43737d374b1f (type: security_group_rules) to 0
2026-07-16 01:36:42.872 7 INFO neutron.db.ovn_revision_numbers_db [None req-2a4166bc-6583-4fe5-b882-492f2e078d54 8cc1d740443049a4a1d131ca53f7955c 20b667deae5f4b188b86b1c895bd6537 - - default default] Successfully bumped revision number for resource 5a416d66-68a1-4c25-9c17-7783c8c6ec7a (type: security_group_rules) to 0
2026-07-16 01:36:42.883 7 INFO neutron.db.ovn_revision_numbers_db [None req-2a4166bc-6583-4fe5-b882-492f2e078d54 8cc1d740443049a4a1d131ca53f7955c 20b667deae5f4b188b86b1c895bd6537 - - default default] Successfully bumped revision number for resource 7c3a4712-03c3-43ca-ab18-3802058d5ebe (type: security_group_rules) to 0
2026-07-16 01:36:42.894 7 INFO neutron.db.ovn_revision_numbers_db [None req-2a4166bc-6583-4fe5-b882-492f2e078d54 8cc1d740443049a4a1d131ca53f7955c 20b667deae5f4b188b86b1c895bd6537 - - default default] Successfully bumped revision number for resource f090dff8-8615-49ac-822c-6dd24efdbda5 (type: security_group_rules) to 0 [pid: 8|app: 0|req: 1033/2058] 10.0.0.48 () {34 vars in 680 bytes} [Thu Jul 16 01:36:42 2026] POST /v2.0/rbac-policies => generated 324 bytes in 171 msecs (HTTP/1.1 201) 4 headers in 162 bytes (1 switches on core 0) [pid: 7|app: 0|req: 1026/2059] 10.0.0.48 () {32 vars in 773 bytes} [Thu Jul 16 01:36:42 2026] GET /v2.0/security-groups?tenant_id=0682e2b1267a49928320bffc84594a57&name=default => generated 2925 bytes in 227 msecs (HTTP/1.1 200) 4 headers in 158 bytes (1 switches on core 0) [pid: 8|app: 0|req: 1034/2060] 10.0.0.48 () {32 vars in 739 bytes} [Thu Jul 16 01:36:42 2026] DELETE /v2.0/security-groups/9bdfcc47-e8a8-4a57-b516-7f53a3b091db => generated 0 bytes in 188 msecs (HTTP/1.1 204) 2 headers in 112 bytes (1 switches on core 0) [pid: 7|app: 0|req: 1027/2061] 10.0.0.48 () {32 vars in 722 bytes} [Thu Jul 16 01:36:43 2026] GET /v2.0/networks/4a7a5019-a38f-444d-93df-82a2f9797cc1 => generated 692 bytes in 126 msecs (HTTP/1.1 200) 4 headers in 157 bytes (1 switches on core 0) [pid: 8|app: 0|req: 1035/2062] 10.0.0.30 () {34 vars in 1069 bytes} [Thu Jul 16 01:36:43 2026] GET /v2.0/ports?fields=security_groups&fields=device_id&device_id=978f97e0-dc3c-4034-a379-a50ade89bbd7 => generated 12 bytes in 28 msecs (HTTP/1.1 200) 4 headers in 156 bytes (1 switches on core 0)
2026-07-16 01:36:43.857 7 INFO neutron.pecan_wsgi.hooks.translation [None req-09d427a3-9667-48b9-a810-2b02a8f70622 f22bf978b29b4cbc89b8d0edfc16fe6e 8cc79bbfaab84ef69424a876f82530d2 - - default default] GET failed (client error): The resource could not be found. [pid: 7|app: 0|req: 1028/2063] 10.0.0.48 () {32 vars in 722 bytes} [Thu Jul 16 01:36:43 2026] GET /v2.0/networks/4a7a5019-a38f-444d-93df-82a2f9797cc1 => generated 138 bytes in 94 msecs (HTTP/1.1 404) 4 headers in 164 bytes (1 switches on core 0) [pid: 8|app: 0|req: 1036/2064] 10.0.0.78 () {34 vars in 989 bytes} [Thu Jul 16 01:36:43 2026] GET /v2.0/ports?device_id=978f97e0-dc3c-4034-a379-a50ade89bbd7 => generated 12 bytes in 22 msecs (HTTP/1.1 200) 4 headers in 156 bytes (1 switches on core 0)
2026-07-16 01:36:43.996 7 INFO neutron_taas.services.taas.taas_plugin [None req-3aea055f-a114-4733-8bf4-7674abab6043 6a51ef384c614a90936cf54a38a7af4f b95dab26c0c249ecba30356afd6ac190 - - default default] TaaS: Handle Delete Port: 4fbd7f3b-0833-4162-a3e7-ccf96dd33645
2026-07-16 01:36:43.999 7 INFO neutron_taas.services.taas.tap_mirror_plugin [None req-3aea055f-a114-4733-8bf4-7674abab6043 6a51ef384c614a90936cf54a38a7af4f b95dab26c0c249ecba30356afd6ac190 - - default default] Tap Mirror: Handle Delete Port: 4fbd7f3b-0833-4162-a3e7-ccf96dd33645
2026-07-16 01:36:44.319 7 INFO neutron.services.segments.plugin [-] Segment 1e1f2e4e-70f7-4da6-97dd-a86d5bd251e3 resource provider aggregate not found
2026-07-16 01:36:44.327 7 INFO neutron.services.segments.plugin [-] Segment 1e1f2e4e-70f7-4da6-97dd-a86d5bd251e3 resource provider aggregate not found
2026-07-16 01:36:44.339 7 INFO neutron.services.segments.plugin [-] Client error retrieving segment 1e1f2e4e-70f7-4da6-97dd-a86d5bd251e3 resource provider; error: Placement Client Error (4xx): {"errors": [{"status": 404, "title": "Not Found", "detail": "The resource could not be found.\n\n No resource provider with uuid 1e1f2e4e-70f7-4da6-97dd-a86d5bd251e3 found for delete ", "request_id": "req-7b987594-40bd-4d7e-8315-f338c9981812"}]}
