2026-08-16 14:02:26.824 8 INFO neutron.db.ovn_revision_numbers_db [None req-e77fe5ba-e59b-4b69-8240-9d5d816c785a a39c609d531149349b06116f62c1dffa 07a97b6ba3a84d4987f4b420ca3ce0fb - - default default] Successfully bumped revision number for resource 9c6742bb-5ddf-487e-9653-b627f17bac9f (type: networks) to 1
2026-08-16 14:02:26.993 8 WARNING neutron.scheduler.dhcp_agent_scheduler [None req-e77fe5ba-e59b-4b69-8240-9d5d816c785a a39c609d531149349b06116f62c1dffa 07a97b6ba3a84d4987f4b420ca3ce0fb - - default default] No more DHCP agents
2026-08-16 14:02:26.995 8 WARNING neutron.api.rpc.agentnotifiers.dhcp_rpc_agent_api [None req-e77fe5ba-e59b-4b69-8240-9d5d816c785a a39c609d531149349b06116f62c1dffa 07a97b6ba3a84d4987f4b420ca3ce0fb - - default default] Unable to schedule network 9c6742bb-5ddf-487e-9653-b627f17bac9f: no agents available; will retry on subsequent port and subnet creation events.
2026-08-16 14:02:27.061 8 INFO neutron.plugins.ml2.drivers.ovn.mech_driver.mech_driver [None req-12635f26-b1fe-4da1-ac6a-4b37766a3ec6 - - - - - -] OVN reports status down for port: ff390427-58d7-46a5-8c0d-c2411ae047e0
2026-08-16 14:02:27.126 8 INFO neutron.db.ovn_revision_numbers_db [None req-e77fe5ba-e59b-4b69-8240-9d5d816c785a a39c609d531149349b06116f62c1dffa 07a97b6ba3a84d4987f4b420ca3ce0fb - - default default] Successfully bumped revision number for resource ff390427-58d7-46a5-8c0d-c2411ae047e0 (type: ports) to 1 [pid: 8|app: 0|req: 652/1278] 10.0.0.168 () {34 vars in 670 bytes} [Sun Aug 16 14:02:26 2026] POST /v2.0/networks => generated 628 bytes in 597 msecs (HTTP/1.1 201) 4 headers in 162 bytes (1 switches on core 0)
2026-08-16 14:02:27.369 7 WARNING neutron.scheduler.dhcp_agent_scheduler [None req-553853eb-2b75-438f-9ed7-7ff0bc643f2c a39c609d531149349b06116f62c1dffa 07a97b6ba3a84d4987f4b420ca3ce0fb - - default default] No more DHCP agents
2026-08-16 14:02:27.376 7 WARNING neutron.api.rpc.agentnotifiers.dhcp_rpc_agent_api [None req-553853eb-2b75-438f-9ed7-7ff0bc643f2c a39c609d531149349b06116f62c1dffa 07a97b6ba3a84d4987f4b420ca3ce0fb - - default default] Unable to schedule network 99010e00-4682-4917-9b72-3e52c9c264e5: no agents available; will retry on subsequent port and subnet creation events. [pid: 8|app: 0|req: 653/1279] 10.0.0.136 () {34 vars in 990 bytes} [Sun Aug 16 14:02:27 2026] GET /v2.0/ports?device_id=2f206b77-f411-43e4-bf2d-854b0304bd2e => generated 12 bytes in 21 msecs (HTTP/1.1 200) 4 headers in 156 bytes (1 switches on core 0)
2026-08-16 14:02:27.817 7 INFO neutron.db.ovn_revision_numbers_db [None req-9c6ba384-d0d0-4f29-96c4-54fd9f5b3a71 - - - - - -] Successfully bumped revision number for resource ad49cfef-cc63-4569-a9df-029aa81275a9 (type: ports) to 2
2026-08-16 14:02:27.851 7 INFO neutron.db.ovn_revision_numbers_db [None req-9c6ba384-d0d0-4f29-96c4-54fd9f5b3a71 - - - - - -] Successfully bumped revision number for resource 9e1b0083-d88c-415b-a03e-059a00b4dbdb (type: subnets) to 0 [pid: 7|app: 0|req: 627/1280] 10.0.0.168 () {34 vars in 669 bytes} [Sun Aug 16 14:02:27 2026] POST /v2.0/subnets => generated 626 bytes in 677 msecs (HTTP/1.1 201) 4 headers in 162 bytes (1 switches on core 0)
2026-08-16 14:02:28.044 8 WARNING neutron.scheduler.dhcp_agent_scheduler [None req-28162af4-87ca-45f8-be62-0492147e1d5a a39c609d531149349b06116f62c1dffa 07a97b6ba3a84d4987f4b420ca3ce0fb - - default default] No more DHCP agents
2026-08-16 14:02:28.045 8 WARNING neutron.api.rpc.agentnotifiers.dhcp_rpc_agent_api [None req-28162af4-87ca-45f8-be62-0492147e1d5a a39c609d531149349b06116f62c1dffa 07a97b6ba3a84d4987f4b420ca3ce0fb - - default default] Unable to schedule network 9c6742bb-5ddf-487e-9653-b627f17bac9f: no agents available; will retry on subsequent port and subnet creation events.
2026-08-16 14:02:28.488 8 INFO neutron.db.ovn_revision_numbers_db [None req-b3dbf1f9-e5d7-4a9a-aaf0-85cb761cee02 - - - - - -] Successfully bumped revision number for resource ff390427-58d7-46a5-8c0d-c2411ae047e0 (type: ports) to 2
2026-08-16 14:02:28.519 8 INFO neutron.db.ovn_revision_numbers_db [None req-b3dbf1f9-e5d7-4a9a-aaf0-85cb761cee02 - - - - - -] Successfully bumped revision number for resource 8bf30892-4aba-434f-baf9-e6f0ce7bb0f1 (type: subnets) to 0 [pid: 8|app: 0|req: 654/1281] 10.0.0.168 () {34 vars in 669 bytes} [Sun Aug 16 14:02:27 2026] POST /v2.0/subnets => generated 626 bytes in 662 msecs (HTTP/1.1 201) 4 headers in 162 bytes (1 switches on core 0)
2026-08-16 14:02:28.653 7 INFO neutron.db.ovn_revision_numbers_db [None req-80c315ec-8c4d-4837-9c22-dec259074bec a39c609d531149349b06116f62c1dffa 07a97b6ba3a84d4987f4b420ca3ce0fb - - default default] Successfully bumped revision number for resource 85fe8eeb-ae97-429e-9190-fef36f15dab2 (type: routers) to 1 [pid: 7|app: 0|req: 628/1282] 10.0.0.168 () {34 vars in 669 bytes} [Sun Aug 16 14:02:28 2026] POST /v2.0/routers => generated 601 bytes in 133 msecs (HTTP/1.1 201) 4 headers in 162 bytes (1 switches on core 0) [pid: 8|app: 0|req: 655/1283] 10.0.0.168 () {32 vars in 740 bytes} [Sun Aug 16 14:02:28 2026] DELETE /v2.0/security-groups/5bc5b070-3d8d-478e-bc92-ac8bf9c4aaf1 => generated 0 bytes in 152 msecs (HTTP/1.1 204) 2 headers in 112 bytes (1 switches on core 0)
2026-08-16 14:02:29.031 7 WARNING neutron.scheduler.dhcp_agent_scheduler [None req-a59e84d6-c530-4a75-9aac-033f03bc3386 a39c609d531149349b06116f62c1dffa 07a97b6ba3a84d4987f4b420ca3ce0fb - - default default] No more DHCP agents
2026-08-16 14:02:29.032 7 WARNING neutron.api.rpc.agentnotifiers.dhcp_rpc_agent_api [None req-a59e84d6-c530-4a75-9aac-033f03bc3386 a39c609d531149349b06116f62c1dffa 07a97b6ba3a84d4987f4b420ca3ce0fb - - default default] Unable to schedule network 99010e00-4682-4917-9b72-3e52c9c264e5: no agents available; will retry on subsequent port and subnet creation events.
2026-08-16 14:02:29.130 8 INFO neutron.db.ovn_revision_numbers_db [None req-c992f453-a9eb-4186-9f89-86d86c76a847 760e2de94b1e482f8ae2e0f5535856a1 f160c46874cb4226a0df5868e03ccc4f - - default default] Successfully bumped revision number for resource 3651e3ef-2dda-4688-ad25-6437e615f10b (type: security_groups) to 1
2026-08-16 14:02:29.140 7 INFO neutron.plugins.ml2.drivers.ovn.mech_driver.mech_driver [None req-d498dbc6-aa6d-4c30-9a2a-0f63b5f0fa27 - - - - - -] OVN reports status down for port: 0266c16c-cedf-4adb-a56f-8196cf982f2b
2026-08-16 14:02:29.151 8 INFO neutron.db.ovn_revision_numbers_db [None req-c992f453-a9eb-4186-9f89-86d86c76a847 760e2de94b1e482f8ae2e0f5535856a1 f160c46874cb4226a0df5868e03ccc4f - - default default] Successfully bumped revision number for resource 0aa9f319-6b36-4354-8539-7f541e4581bd (type: security_group_rules) to 0
2026-08-16 14:02:29.164 8 INFO neutron.db.ovn_revision_numbers_db [None req-c992f453-a9eb-4186-9f89-86d86c76a847 760e2de94b1e482f8ae2e0f5535856a1 f160c46874cb4226a0df5868e03ccc4f - - default default] Successfully bumped revision number for resource 32586609-2ccd-41a2-9c02-e390e48765d2 (type: security_group_rules) to 0
2026-08-16 14:02:29.177 8 INFO neutron.db.ovn_revision_numbers_db [None req-c992f453-a9eb-4186-9f89-86d86c76a847 760e2de94b1e482f8ae2e0f5535856a1 f160c46874cb4226a0df5868e03ccc4f - - default default] Successfully bumped revision number for resource 4298eabf-6795-4b2f-a30b-d594baa151f3 (type: security_group_rules) to 0
2026-08-16 14:02:29.194 8 INFO neutron.db.ovn_revision_numbers_db [None req-c992f453-a9eb-4186-9f89-86d86c76a847 760e2de94b1e482f8ae2e0f5535856a1 f160c46874cb4226a0df5868e03ccc4f - - default default] Successfully bumped revision number for resource 762b03aa-ea19-4dae-b0e4-9ce4a2d054b8 (type: security_group_rules) to 0
2026-08-16 14:02:29.199 7 INFO neutron.db.ovn_revision_numbers_db [None req-a59e84d6-c530-4a75-9aac-033f03bc3386 a39c609d531149349b06116f62c1dffa 07a97b6ba3a84d4987f4b420ca3ce0fb - - default default] Successfully bumped revision number for resource 0266c16c-cedf-4adb-a56f-8196cf982f2b (type: ports) to 1
2026-08-16 14:02:29.282 8 INFO neutron.db.segments_db [None req-c992f453-a9eb-4186-9f89-86d86c76a847 760e2de94b1e482f8ae2e0f5535856a1 f160c46874cb4226a0df5868e03ccc4f - - default default] Added segment 9b60e547-9239-4c21-a4fe-da895d03d150 of type geneve for network 74adea1e-1fc1-4fc8-88b8-1bc3137e3e2e
2026-08-16 14:02:29.369 8 INFO neutron.db.segments_db [None req-c992f453-a9eb-4186-9f89-86d86c76a847 760e2de94b1e482f8ae2e0f5535856a1 f160c46874cb4226a0df5868e03ccc4f - - default default] Added segment 4fc24e05-1ed4-4292-b94b-28dc6bd32d89 of type geneve for network eec6e7e0-ba27-4737-8c0e-0b05350ef6c0
2026-08-16 14:02:29.479 8 INFO neutron.db.ovn_revision_numbers_db [None req-c992f453-a9eb-4186-9f89-86d86c76a847 760e2de94b1e482f8ae2e0f5535856a1 f160c46874cb4226a0df5868e03ccc4f - - default default] Successfully bumped revision number for resource 74adea1e-1fc1-4fc8-88b8-1bc3137e3e2e (type: networks) to 1
2026-08-16 14:02:29.629 8 WARNING neutron.scheduler.dhcp_agent_scheduler [None req-c992f453-a9eb-4186-9f89-86d86c76a847 760e2de94b1e482f8ae2e0f5535856a1 f160c46874cb4226a0df5868e03ccc4f - - default default] No more DHCP agents
2026-08-16 14:02:29.630 8 WARNING neutron.api.rpc.agentnotifiers.dhcp_rpc_agent_api [None req-c992f453-a9eb-4186-9f89-86d86c76a847 760e2de94b1e482f8ae2e0f5535856a1 f160c46874cb4226a0df5868e03ccc4f - - default default] Unable to schedule network 74adea1e-1fc1-4fc8-88b8-1bc3137e3e2e: no agents available; will retry on subsequent port and subnet creation events.
2026-08-16 14:02:29.660 7 INFO neutron.plugins.ml2.drivers.ovn.mech_driver.mech_driver [None req-d498dbc6-aa6d-4c30-9a2a-0f63b5f0fa27 - - - - - -] OVN reports status up for port: 0266c16c-cedf-4adb-a56f-8196cf982f2b
2026-08-16 14:02:29.697 8 INFO neutron.plugins.ml2.drivers.ovn.mech_driver.mech_driver [None req-12635f26-b1fe-4da1-ac6a-4b37766a3ec6 - - - - - -] OVN reports status down for port: ed33950f-99fa-4fa5-abdf-e5483552b8c3
2026-08-16 14:02:29.696 7 INFO neutron.plugins.ml2.plugin [None req-d498dbc6-aa6d-4c30-9a2a-0f63b5f0fa27 - - - - - -] Attempt 1 to provision port 0266c16c-cedf-4adb-a56f-8196cf982f2b
2026-08-16 14:02:29.765 8 INFO neutron.db.ovn_revision_numbers_db [None req-c992f453-a9eb-4186-9f89-86d86c76a847 760e2de94b1e482f8ae2e0f5535856a1 f160c46874cb4226a0df5868e03ccc4f - - default default] Successfully bumped revision number for resource ed33950f-99fa-4fa5-abdf-e5483552b8c3 (type: ports) to 1
2026-08-16 14:02:29.813 7 WARNING neutron.scheduler.dhcp_agent_scheduler [None req-a59e84d6-c530-4a75-9aac-033f03bc3386 a39c609d531149349b06116f62c1dffa 07a97b6ba3a84d4987f4b420ca3ce0fb - - default default] No more DHCP agents
2026-08-16 14:02:29.815 7 WARNING neutron.api.rpc.agentnotifiers.dhcp_rpc_agent_api [None req-a59e84d6-c530-4a75-9aac-033f03bc3386 a39c609d531149349b06116f62c1dffa 07a97b6ba3a84d4987f4b420ca3ce0fb - - default default] Unable to schedule network 99010e00-4682-4917-9b72-3e52c9c264e5: no agents available; will retry on subsequent port and subnet creation events.
2026-08-16 14:02:29.856 8 INFO neutron.db.ovn_revision_numbers_db [None req-c992f453-a9eb-4186-9f89-86d86c76a847 760e2de94b1e482f8ae2e0f5535856a1 f160c46874cb4226a0df5868e03ccc4f - - default default] Successfully bumped revision number for resource eec6e7e0-ba27-4737-8c0e-0b05350ef6c0 (type: networks) to 1
2026-08-16 14:02:29.996 8 WARNING neutron.scheduler.dhcp_agent_scheduler [None req-c992f453-a9eb-4186-9f89-86d86c76a847 760e2de94b1e482f8ae2e0f5535856a1 f160c46874cb4226a0df5868e03ccc4f - - default default] No more DHCP agents
2026-08-16 14:02:29.997 8 WARNING neutron.api.rpc.agentnotifiers.dhcp_rpc_agent_api [None req-c992f453-a9eb-4186-9f89-86d86c76a847 760e2de94b1e482f8ae2e0f5535856a1 f160c46874cb4226a0df5868e03ccc4f - - default default] Unable to schedule network eec6e7e0-ba27-4737-8c0e-0b05350ef6c0: no agents available; will retry on subsequent port and subnet creation events.
2026-08-16 14:02:30.042 8 INFO neutron.plugins.ml2.drivers.ovn.mech_driver.mech_driver [None req-12635f26-b1fe-4da1-ac6a-4b37766a3ec6 - - - - - -] OVN reports status down for port: b9e9daf4-f27d-4b98-93d4-e4093d157fc3
2026-08-16 14:02:30.108 8 INFO neutron.db.ovn_revision_numbers_db [None req-c992f453-a9eb-4186-9f89-86d86c76a847 760e2de94b1e482f8ae2e0f5535856a1 f160c46874cb4226a0df5868e03ccc4f - - default default] Successfully bumped revision number for resource b9e9daf4-f27d-4b98-93d4-e4093d157fc3 (type: ports) to 1 [pid: 8|app: 0|req: 656/1284] 10.0.0.168 () {34 vars in 670 bytes} [Sun Aug 16 14:02:28 2026] POST /v2.0/networks => generated 1245 bytes in 1382 msecs (HTTP/1.1 201) 4 headers in 163 bytes (1 switches on core 0)
2026-08-16 14:02:30.177 8 INFO neutron.api.v2.resource [None req-147b0a13-9b51-488d-8010-534da60f54ae 3189e7ae9a90450cbe14d99d94620242 6484f450294b4b88a47f233797b7d333 - - default default] show failed (client error): The resource could not be found. [pid: 8|app: 0|req: 657/1285] 10.0.0.168 () {32 vars in 737 bytes} [Sun Aug 16 14:02:30 2026] GET /v2.0/security-groups/5bc5b070-3d8d-478e-bc92-ac8bf9c4aaf1 => generated 146 bytes in 10 msecs (HTTP/1.1 404) 4 headers in 164 bytes (1 switches on core 0)
2026-08-16 14:02:30.221 7 INFO neutron.db.ovn_revision_numbers_db [None req-a59e84d6-c530-4a75-9aac-033f03bc3386 a39c609d531149349b06116f62c1dffa 07a97b6ba3a84d4987f4b420ca3ce0fb - - default default] Successfully bumped revision number for resource 0266c16c-cedf-4adb-a56f-8196cf982f2b (type: router_ports) to 1 [pid: 7|app: 0|req: 629/1286] 10.0.0.168 () {34 vars in 783 bytes} [Sun Aug 16 14:02:28 2026] PUT /v2.0/routers/85fe8eeb-ae97-429e-9190-fef36f15dab2/add_router_interface => generated 309 bytes in 1556 msecs (HTTP/1.1 200) 4 headers in 157 bytes (1 switches on core 0) [pid: 7|app: 0|req: 630/1287] 10.0.0.168 () {32 vars in 649 bytes} [Sun Aug 16 14:02:30 2026] GET /v2.0/networks => generated 1856 bytes in 129 msecs (HTTP/1.1 200) 4 headers in 158 bytes (1 switches on core 0)
2026-08-16 14:02:30.388 7 INFO neutron.db.ovn_revision_numbers_db [None req-d498dbc6-aa6d-4c30-9a2a-0f63b5f0fa27 - - - - - -] Successfully bumped revision number for resource 0266c16c-cedf-4adb-a56f-8196cf982f2b (type: ports) to 2
2026-08-16 14:02:30.451 8 INFO neutron.db.ovn_revision_numbers_db [None req-718c7272-3146-43f4-a9e6-95b8e92d331a 9f6d98f48e2f4f8db240f141065beec7 9092ff553a1d423e96aa28d698d36fb9 - - default default] Successfully bumped revision number for resource fd0176d3-cc8c-4901-a0be-26f0fdebd3e1 (type: security_groups) to 1
2026-08-16 14:02:30.463 8 INFO neutron.db.ovn_revision_numbers_db [None req-718c7272-3146-43f4-a9e6-95b8e92d331a 9f6d98f48e2f4f8db240f141065beec7 9092ff553a1d423e96aa28d698d36fb9 - - default default] Successfully bumped revision number for resource 44d977a8-5d7d-4e31-aff0-272b7ee14c4e (type: security_group_rules) to 0
2026-08-16 14:02:30.474 8 INFO neutron.db.ovn_revision_numbers_db [None req-718c7272-3146-43f4-a9e6-95b8e92d331a 9f6d98f48e2f4f8db240f141065beec7 9092ff553a1d423e96aa28d698d36fb9 - - default default] Successfully bumped revision number for resource 90b2acc2-f0f9-4e57-81a4-31ae6be964ae (type: security_group_rules) to 0
2026-08-16 14:02:30.486 8 INFO neutron.db.ovn_revision_numbers_db [None req-718c7272-3146-43f4-a9e6-95b8e92d331a 9f6d98f48e2f4f8db240f141065beec7 9092ff553a1d423e96aa28d698d36fb9 - - default default] Successfully bumped revision number for resource b5c61e8c-0f21-40f5-81c6-d18a16598e87 (type: security_group_rules) to 0
2026-08-16 14:02:30.498 8 INFO neutron.db.ovn_revision_numbers_db [None req-718c7272-3146-43f4-a9e6-95b8e92d331a 9f6d98f48e2f4f8db240f141065beec7 9092ff553a1d423e96aa28d698d36fb9 - - default default] Successfully bumped revision number for resource e5d0fdc4-0a46-4a7a-9728-b49ce1178943 (type: security_group_rules) to 0 [pid: 8|app: 0|req: 658/1288] 10.0.0.168 () {32 vars in 774 bytes} [Sun Aug 16 14:02:30 2026] GET /v2.0/security-groups?tenant_id=dde4adc1e02c4e9ba554b7bbe449975b&name=default => generated 2925 bytes in 362 msecs (HTTP/1.1 200) 4 headers in 158 bytes (1 switches on core 0) [pid: 8|app: 0|req: 659/1289] 10.0.0.168 () {32 vars in 717 bytes} [Sun Aug 16 14:02:30 2026] GET /v2.0/ports/0266c16c-cedf-4adb-a56f-8196cf982f2b => generated 943 bytes in 74 msecs (HTTP/1.1 200) 4 headers in 157 bytes (1 switches on core 0)
2026-08-16 14:02:30.617 7 INFO neutron_taas.services.taas.taas_plugin [None req-24467d9e-8f5b-4c1f-a4b1-13ffa17a167b 3189e7ae9a90450cbe14d99d94620242 6484f450294b4b88a47f233797b7d333 - - default default] TaaS: Handle Delete Port: df852548-3b4b-40e5-b6a5-afc7654da9ae
2026-08-16 14:02:30.623 7 INFO neutron_taas.services.taas.tap_mirror_plugin [None req-24467d9e-8f5b-4c1f-a4b1-13ffa17a167b 3189e7ae9a90450cbe14d99d94620242 6484f450294b4b88a47f233797b7d333 - - default default] Tap Mirror: Handle Delete Port: df852548-3b4b-40e5-b6a5-afc7654da9ae
2026-08-16 14:02:30.704 7 INFO neutron.db.ovn_revision_numbers_db [None req-32166737-c976-4873-aee3-510d6c2142f2 - - - - - -] Successfully bumped revision number for resource 0266c16c-cedf-4adb-a56f-8196cf982f2b (type: router_ports) to 2
2026-08-16 14:02:30.750 8 INFO neutron_taas.services.taas.taas_plugin [None req-8c909fd4-3d46-4c65-9162-b383166351b3 760e2de94b1e482f8ae2e0f5535856a1 f160c46874cb4226a0df5868e03ccc4f - - default default] TaaS: Handle Delete Port: ed33950f-99fa-4fa5-abdf-e5483552b8c3
2026-08-16 14:02:30.753 8 INFO neutron_taas.services.taas.tap_mirror_plugin [None req-8c909fd4-3d46-4c65-9162-b383166351b3 760e2de94b1e482f8ae2e0f5535856a1 f160c46874cb4226a0df5868e03ccc4f - - default default] Tap Mirror: Handle Delete Port: ed33950f-99fa-4fa5-abdf-e5483552b8c3 [pid: 7|app: 0|req: 631/1290] 10.0.0.168 () {32 vars in 732 bytes} [Sun Aug 16 14:02:30 2026] DELETE /v2.0/floatingips/248d1f36-80f0-4a7d-bd6b-257bfa8c39c7 => generated 0 bytes in 506 msecs (HTTP/1.1 204) 2 headers in 112 bytes (1 switches on core 0)
2026-08-16 14:02:30.915 8 INFO neutron.services.segments.plugin [-] Segment 9b60e547-9239-4c21-a4fe-da895d03d150 resource provider aggregate not found
2026-08-16 14:02:30.915 8 INFO neutron.services.segments.plugin [-] Segment 9b60e547-9239-4c21-a4fe-da895d03d150 resource provider aggregate not found
2026-08-16 14:02:30.939 8 INFO neutron.services.segments.plugin [-] Client error retrieving segment 9b60e547-9239-4c21-a4fe-da895d03d150 resource provider; error: Placement Client Error (4xx): {"errors": [{"status": 404, "title": "Not Found", "detail": "The resource could not be found.\n\n No resource provider with uuid 9b60e547-9239-4c21-a4fe-da895d03d150 found for delete ", "request_id": "req-b222515e-5f47-4b66-bb0d-c069010837ba"}]}
2026-08-16 14:02:30.941 8 INFO neutron.services.segments.plugin [-] Client error retrieving segment 9b60e547-9239-4c21-a4fe-da895d03d150 resource provider; error: Placement Client Error (4xx): {"errors": [{"status": 404, "title": "Not Found", "detail": "The resource could not be found.\n\n No resource provider with uuid 9b60e547-9239-4c21-a4fe-da895d03d150 found for delete ", "request_id": "req-5c77a43f-40a4-47cd-b7bc-86bb5629b766"}]} [pid: 8|app: 0|req: 660/1291] 10.0.0.168 () {32 vars in 726 bytes} [Sun Aug 16 14:02:30 2026] DELETE /v2.0/networks/74adea1e-1fc1-4fc8-88b8-1bc3137e3e2e => generated 0 bytes in 339 msecs (HTTP/1.1 204) 3 headers in 131 bytes (1 switches on core 0) [pid: 7|app: 0|req: 632/1292] 10.0.0.168 () {32 vars in 740 bytes} [Sun Aug 16 14:02:30 2026] DELETE /v2.0/security-groups/fd0176d3-cc8c-4901-a0be-26f0fdebd3e1 => generated 0 bytes in 241 msecs (HTTP/1.1 204) 2 headers in 112 bytes (1 switches on core 0)
2026-08-16 14:02:31.371 8 WARNING neutron.scheduler.dhcp_agent_scheduler [None req-5f821207-3e44-4a9d-8dbf-1ca4c04eea08 a39c609d531149349b06116f62c1dffa 07a97b6ba3a84d4987f4b420ca3ce0fb - - default default] No more DHCP agents
2026-08-16 14:02:31.372 8 WARNING neutron.api.rpc.agentnotifiers.dhcp_rpc_agent_api [None req-5f821207-3e44-4a9d-8dbf-1ca4c04eea08 a39c609d531149349b06116f62c1dffa 07a97b6ba3a84d4987f4b420ca3ce0fb - - default default] Unable to schedule network 9c6742bb-5ddf-487e-9653-b627f17bac9f: no agents available; will retry on subsequent port and subnet creation events.
2026-08-16 14:02:31.528 8 INFO neutron.db.ovn_revision_numbers_db [None req-5f821207-3e44-4a9d-8dbf-1ca4c04eea08 a39c609d531149349b06116f62c1dffa 07a97b6ba3a84d4987f4b420ca3ce0fb - - default default] Successfully bumped revision number for resource 2c60482b-cf21-4f21-8339-86a7d9b1898d (type: ports) to 1
2026-08-16 14:02:31.632 7 INFO neutron.plugins.ml2.drivers.ovn.mech_driver.mech_driver [None req-32166737-c976-4873-aee3-510d6c2142f2 - - - - - -] OVN reports status down for port: 2c60482b-cf21-4f21-8339-86a7d9b1898d
2026-08-16 14:02:31.801 7 INFO neutron_taas.services.taas.taas_plugin [None req-b98a9de9-410c-4b91-980a-5d2e8768a71c 9f6d98f48e2f4f8db240f141065beec7 9092ff553a1d423e96aa28d698d36fb9 - - default default] TaaS: Handle Delete Port: a67f042f-774d-4f89-b5c6-72ce67f32538
2026-08-16 14:02:31.805 7 INFO neutron_taas.services.taas.tap_mirror_plugin [None req-b98a9de9-410c-4b91-980a-5d2e8768a71c 9f6d98f48e2f4f8db240f141065beec7 9092ff553a1d423e96aa28d698d36fb9 - - default default] Tap Mirror: Handle Delete Port: a67f042f-774d-4f89-b5c6-72ce67f32538
2026-08-16 14:02:32.132 7 INFO neutron.plugins.ml2.drivers.ovn.mech_driver.mech_driver [None req-32166737-c976-4873-aee3-510d6c2142f2 - - - - - -] OVN reports status up for port: 2c60482b-cf21-4f21-8339-86a7d9b1898d
2026-08-16 14:02:32.162 7 INFO neutron.plugins.ml2.plugin [None req-32166737-c976-4873-aee3-510d6c2142f2 - - - - - -] Attempt 1 to provision port 2c60482b-cf21-4f21-8339-86a7d9b1898d
2026-08-16 14:02:32.227 8 WARNING neutron.scheduler.dhcp_agent_scheduler [None req-5f821207-3e44-4a9d-8dbf-1ca4c04eea08 a39c609d531149349b06116f62c1dffa 07a97b6ba3a84d4987f4b420ca3ce0fb - - default default] No more DHCP agents
2026-08-16 14:02:32.229 8 WARNING neutron.api.rpc.agentnotifiers.dhcp_rpc_agent_api [None req-5f821207-3e44-4a9d-8dbf-1ca4c04eea08 a39c609d531149349b06116f62c1dffa 07a97b6ba3a84d4987f4b420ca3ce0fb - - default default] Unable to schedule network 9c6742bb-5ddf-487e-9653-b627f17bac9f: no agents available; will retry on subsequent port and subnet creation events.
2026-08-16 14:02:32.403 8 INFO neutron.db.ovn_revision_numbers_db [None req-5f821207-3e44-4a9d-8dbf-1ca4c04eea08 a39c609d531149349b06116f62c1dffa 07a97b6ba3a84d4987f4b420ca3ce0fb - - default default] Successfully bumped revision number for resource 2c60482b-cf21-4f21-8339-86a7d9b1898d (type: router_ports) to 1 [pid: 8|app: 0|req: 661/1293] 10.0.0.168 () {34 vars in 783 bytes} [Sun Aug 16 14:02:30 2026] PUT /v2.0/routers/85fe8eeb-ae97-429e-9190-fef36f15dab2/add_router_interface => generated 309 bytes in 1455 msecs (HTTP/1.1 200) 4 headers in 157 bytes (1 switches on core 0)
2026-08-16 14:02:32.528 8 INFO neutron_taas.services.taas.taas_plugin [None req-0d4b790a-23de-4857-96c0-ca54c691c065 760e2de94b1e482f8ae2e0f5535856a1 f160c46874cb4226a0df5868e03ccc4f - - default default] TaaS: Handle Delete Port: b9e9daf4-f27d-4b98-93d4-e4093d157fc3
2026-08-16 14:02:32.530 8 INFO neutron_taas.services.taas.tap_mirror_plugin [None req-0d4b790a-23de-4857-96c0-ca54c691c065 760e2de94b1e482f8ae2e0f5535856a1 f160c46874cb4226a0df5868e03ccc4f - - default default] Tap Mirror: Handle Delete Port: b9e9daf4-f27d-4b98-93d4-e4093d157fc3 [pid: 7|app: 0|req: 633/1294] 10.0.0.168 () {34 vars in 789 bytes} [Sun Aug 16 14:02:31 2026] PUT /v2.0/routers/0d2a2a0d-26e7-4309-86fd-1ccc7d033c07/remove_router_interface => generated 309 bytes in 1450 msecs (HTTP/1.1 200) 4 headers in 157 bytes (1 switches on core 0) /var/lib/openstack/lib/python3.12/site-packages/pycadf/identifier.py:70: UserWarning: Invalid uuid: neutron. To ensure interoperability, identifiers should be a valid uuid. warnings.warn(('Invalid uuid: %s. To ensure interoperability, ' [pid: 8|app: 0|req: 662/1295] 10.0.0.168 () {32 vars in 726 bytes} [Sun Aug 16 14:02:32 2026] DELETE /v2.0/networks/eec6e7e0-ba27-4737-8c0e-0b05350ef6c0 => generated 0 bytes in 336 msecs (HTTP/1.1 204) 3 headers in 131 bytes (1 switches on core 0) [pid: 8|app: 0|req: 663/1296] 10.0.0.168 () {32 vars in 717 bytes} [Sun Aug 16 14:02:32 2026] GET /v2.0/ports/2c60482b-cf21-4f21-8339-86a7d9b1898d => generated 943 bytes in 43 msecs (HTTP/1.1 200) 4 headers in 157 bytes (1 switches on core 0)
2026-08-16 14:02:32.840 7 INFO neutron.db.ovn_revision_numbers_db [None req-1f992c48-f999-478a-8043-44563b5b17ec 9f6d98f48e2f4f8db240f141065beec7 9092ff553a1d423e96aa28d698d36fb9 - - default default] Successfully bumped revision number for resource e4c71f9d-0b1e-4890-a315-af61b5200ff8 (type: security_groups) to 1
2026-08-16 14:02:32.868 7 INFO neutron.db.ovn_revision_numbers_db [None req-1f992c48-f999-478a-8043-44563b5b17ec 9f6d98f48e2f4f8db240f141065beec7 9092ff553a1d423e96aa28d698d36fb9 - - default default] Successfully bumped revision number for resource 0b06b3aa-668b-4a53-aec6-ea0b8aebf7bc (type: security_group_rules) to 0
2026-08-16 14:02:32.886 7 INFO neutron.db.ovn_revision_numbers_db [None req-1f992c48-f999-478a-8043-44563b5b17ec 9f6d98f48e2f4f8db240f141065beec7 9092ff553a1d423e96aa28d698d36fb9 - - default default] Successfully bumped revision number for resource 17e46b41-a923-461e-a0c0-66325a706542 (type: security_group_rules) to 0
2026-08-16 14:02:32.908 7 INFO neutron.db.ovn_revision_numbers_db [None req-1f992c48-f999-478a-8043-44563b5b17ec 9f6d98f48e2f4f8db240f141065beec7 9092ff553a1d423e96aa28d698d36fb9 - - default default] Successfully bumped revision number for resource 8207f9fe-afe2-467a-99e4-09f5d4078ff9 (type: security_group_rules) to 0
2026-08-16 14:02:32.920 7 INFO neutron.db.ovn_revision_numbers_db [None req-32166737-c976-4873-aee3-510d6c2142f2 - - - - - -] Successfully bumped revision number for resource 2c60482b-cf21-4f21-8339-86a7d9b1898d (type: ports) to 2
2026-08-16 14:02:32.923 7 INFO neutron.db.ovn_revision_numbers_db [None req-1f992c48-f999-478a-8043-44563b5b17ec 9f6d98f48e2f4f8db240f141065beec7 9092ff553a1d423e96aa28d698d36fb9 - - default default] Successfully bumped revision number for resource 99554f6c-1452-484e-9efc-b8e6dc9a93fe (type: security_group_rules) to 0
2026-08-16 14:02:32.960 8 INFO neutron.services.segments.plugin [-] Segment 4fc24e05-1ed4-4292-b94b-28dc6bd32d89 resource provider aggregate not found
2026-08-16 14:02:32.967 8 INFO neutron.services.segments.plugin [-] Segment 4fc24e05-1ed4-4292-b94b-28dc6bd32d89 resource provider aggregate not found
2026-08-16 14:02:32.988 8 INFO neutron.services.segments.plugin [-] Client error retrieving segment 4fc24e05-1ed4-4292-b94b-28dc6bd32d89 resource provider; error: Placement Client Error (4xx): {"errors": [{"status": 404, "title": "Not Found", "detail": "The resource could not be found.\n\n No resource provider with uuid 4fc24e05-1ed4-4292-b94b-28dc6bd32d89 found for delete ", "request_id": "req-c09f67d1-246a-4b60-9129-45a2f8bac559"}]} [pid: 7|app: 0|req: 634/1297] 10.0.0.168 () {32 vars in 774 bytes} [Sun Aug 16 14:02:32 2026] GET /v2.0/security-groups?tenant_id=29cf6637658f4430aa682581768d5b74&name=default => generated 2925 bytes in 429 msecs (HTTP/1.1 200) 4 headers in 158 bytes (1 switches on core 0)
2026-08-16 14:02:32.988 8 INFO neutron.services.segments.plugin [-] Client error retrieving segment 4fc24e05-1ed4-4292-b94b-28dc6bd32d89 resource provider; error: Placement Client Error (4xx): {"errors": [{"status": 404, "title": "Not Found", "detail": "The resource could not be found.\n\n No resource provider with uuid 4fc24e05-1ed4-4292-b94b-28dc6bd32d89 found for delete ", "request_id": "req-616cf066-636a-483c-b714-53f6d073a05f"}]} [pid: 7|app: 0|req: 635/1298] 10.0.0.168 () {32 vars in 649 bytes} [Sun Aug 16 14:02:32 2026] GET /v2.0/networks => generated 651 bytes in 89 msecs (HTTP/1.1 200) 4 headers in 157 bytes (1 switches on core 0)
2026-08-16 14:02:33.181 8 INFO neutron_taas.services.taas.taas_plugin [None req-b0eb3878-8538-451b-9dcc-9ed569d97c96 9f6d98f48e2f4f8db240f141065beec7 9092ff553a1d423e96aa28d698d36fb9 - - default default] TaaS: Handle Delete Port: 45b4559e-b702-4fe6-b673-db6aef9d9265
2026-08-16 14:02:33.189 8 INFO neutron_taas.services.taas.tap_mirror_plugin [None req-b0eb3878-8538-451b-9dcc-9ed569d97c96 9f6d98f48e2f4f8db240f141065beec7 9092ff553a1d423e96aa28d698d36fb9 - - default default] Tap Mirror: Handle Delete Port: 45b4559e-b702-4fe6-b673-db6aef9d9265
2026-08-16 14:02:33.191 7 INFO neutron.db.ovn_revision_numbers_db [None req-6e5641c2-9416-409e-9984-929a1fc03ab4 - - - - - -] Successfully bumped revision number for resource 2c60482b-cf21-4f21-8339-86a7d9b1898d (type: router_ports) to 2 [pid: 7|app: 0|req: 636/1299] 10.0.0.168 () {32 vars in 717 bytes} [Sun Aug 16 14:02:33 2026] GET /v2.0/ports/2c60482b-cf21-4f21-8339-86a7d9b1898d => generated 943 bytes in 128 msecs (HTTP/1.1 200) 4 headers in 157 bytes (1 switches on core 0) [pid: 7|app: 0|req: 637/1300] 10.0.0.168 () {32 vars in 740 bytes} [Sun Aug 16 14:02:33 2026] DELETE /v2.0/security-groups/e4c71f9d-0b1e-4890-a315-af61b5200ff8 => generated 0 bytes in 250 msecs (HTTP/1.1 204) 2 headers in 112 bytes (1 switches on core 0)
2026-08-16 14:02:33.537 7 INFO neutron.db.segments_db [None req-470575b6-705e-42c3-bda0-981fb16b9da2 760e2de94b1e482f8ae2e0f5535856a1 f160c46874cb4226a0df5868e03ccc4f - - default default] Added segment 064d43f2-24c8-41d9-adc7-fe087acd799a of type geneve for network e18f9aba-6fe7-4d1d-adb2-edeec4e3b5b2
2026-08-16 14:02:33.640 7 INFO neutron.db.ovn_revision_numbers_db [None req-470575b6-705e-42c3-bda0-981fb16b9da2 760e2de94b1e482f8ae2e0f5535856a1 f160c46874cb4226a0df5868e03ccc4f - - default default] Successfully bumped revision number for resource e18f9aba-6fe7-4d1d-adb2-edeec4e3b5b2 (type: networks) to 1
2026-08-16 14:02:33.803 7 WARNING neutron.scheduler.dhcp_agent_scheduler [None req-470575b6-705e-42c3-bda0-981fb16b9da2 760e2de94b1e482f8ae2e0f5535856a1 f160c46874cb4226a0df5868e03ccc4f - - default default] No more DHCP agents
2026-08-16 14:02:33.804 7 WARNING neutron.api.rpc.agentnotifiers.dhcp_rpc_agent_api [None req-470575b6-705e-42c3-bda0-981fb16b9da2 760e2de94b1e482f8ae2e0f5535856a1 f160c46874cb4226a0df5868e03ccc4f - - default default] Unable to schedule network e18f9aba-6fe7-4d1d-adb2-edeec4e3b5b2: no agents available; will retry on subsequent port and subnet creation events.
2026-08-16 14:02:33.858 7 INFO neutron.plugins.ml2.drivers.ovn.mech_driver.mech_driver [None req-6e5641c2-9416-409e-9984-929a1fc03ab4 - - - - - -] OVN reports status down for port: a1bc28b0-d52e-41f0-bd01-8324d8af1e98
2026-08-16 14:02:33.908 7 INFO neutron.db.ovn_revision_numbers_db [None req-470575b6-705e-42c3-bda0-981fb16b9da2 760e2de94b1e482f8ae2e0f5535856a1 f160c46874cb4226a0df5868e03ccc4f - - default default] Successfully bumped revision number for resource a1bc28b0-d52e-41f0-bd01-8324d8af1e98 (type: ports) to 1 [pid: 7|app: 0|req: 638/1301] 10.0.0.168 () {34 vars in 670 bytes} [Sun Aug 16 14:02:33 2026] POST /v2.0/networks => generated 654 bytes in 483 msecs (HTTP/1.1 201) 4 headers in 162 bytes (1 switches on core 0) [pid: 8|app: 0|req: 664/1302] 10.0.0.168 () {32 vars in 724 bytes} [Sun Aug 16 14:02:32 2026] DELETE /v2.0/routers/0d2a2a0d-26e7-4309-86fd-1ccc7d033c07 => generated 0 bytes in 1335 msecs (HTTP/1.1 204) 2 headers in 112 bytes (1 switches on core 0)
2026-08-16 14:02:34.175 7 INFO neutron_taas.services.taas.taas_plugin [None req-407caa28-c28b-4b62-9687-25e468a3d809 a39c609d531149349b06116f62c1dffa 07a97b6ba3a84d4987f4b420ca3ce0fb - - default default] TaaS: Handle Delete Port: 2c60482b-cf21-4f21-8339-86a7d9b1898d
2026-08-16 14:02:34.179 7 INFO neutron_taas.services.taas.tap_mirror_plugin [None req-407caa28-c28b-4b62-9687-25e468a3d809 a39c609d531149349b06116f62c1dffa 07a97b6ba3a84d4987f4b420ca3ce0fb - - default default] Tap Mirror: Handle Delete Port: 2c60482b-cf21-4f21-8339-86a7d9b1898d
2026-08-16 14:02:34.205 8 INFO neutron.db.segments_db [None req-ceb18de7-eded-4a97-968a-6be811667ba9 760e2de94b1e482f8ae2e0f5535856a1 f160c46874cb4226a0df5868e03ccc4f - - default default] Added segment 93c79361-de1c-416c-92f5-f73b85aca8c4 of type geneve for network b9064b3d-57ad-4b40-96c4-31b3446c942f
2026-08-16 14:02:34.305 8 INFO neutron.db.ovn_revision_numbers_db [None req-ceb18de7-eded-4a97-968a-6be811667ba9 760e2de94b1e482f8ae2e0f5535856a1 f160c46874cb4226a0df5868e03ccc4f - - default default] Successfully bumped revision number for resource b9064b3d-57ad-4b40-96c4-31b3446c942f (type: networks) to 1
2026-08-16 14:02:34.452 8 WARNING neutron.scheduler.dhcp_agent_scheduler [None req-ceb18de7-eded-4a97-968a-6be811667ba9 760e2de94b1e482f8ae2e0f5535856a1 f160c46874cb4226a0df5868e03ccc4f - - default default] No more DHCP agents
2026-08-16 14:02:34.454 8 WARNING neutron.api.rpc.agentnotifiers.dhcp_rpc_agent_api [None req-ceb18de7-eded-4a97-968a-6be811667ba9 760e2de94b1e482f8ae2e0f5535856a1 f160c46874cb4226a0df5868e03ccc4f - - default default] Unable to schedule network b9064b3d-57ad-4b40-96c4-31b3446c942f: no agents available; will retry on subsequent port and subnet creation events. [pid: 7|app: 0|req: 639/1303] 10.0.0.168 () {34 vars in 789 bytes} [Sun Aug 16 14:02:33 2026] PUT /v2.0/routers/85fe8eeb-ae97-429e-9190-fef36f15dab2/remove_router_interface => generated 309 bytes in 538 msecs (HTTP/1.1 200) 4 headers in 157 bytes (1 switches on core 0) /var/lib/openstack/lib/python3.12/site-packages/pycadf/identifier.py:70: UserWarning: Invalid uuid: neutron. To ensure interoperability, identifiers should be a valid uuid. warnings.warn(('Invalid uuid: %s. To ensure interoperability, '
2026-08-16 14:02:34.520 8 INFO neutron.plugins.ml2.drivers.ovn.mech_driver.mech_driver [None req-12635f26-b1fe-4da1-ac6a-4b37766a3ec6 - - - - - -] OVN reports status down for port: 9f5246d7-707d-47c6-88c5-e42b8eb1080d
2026-08-16 14:02:34.580 8 INFO neutron.db.ovn_revision_numbers_db [None req-ceb18de7-eded-4a97-968a-6be811667ba9 760e2de94b1e482f8ae2e0f5535856a1 f160c46874cb4226a0df5868e03ccc4f - - default default] Successfully bumped revision number for resource 9f5246d7-707d-47c6-88c5-e42b8eb1080d (type: ports) to 1 [pid: 8|app: 0|req: 665/1304] 10.0.0.168 () {34 vars in 670 bytes} [Sun Aug 16 14:02:34 2026] POST /v2.0/networks => generated 653 bytes in 502 msecs (HTTP/1.1 201) 4 headers in 162 bytes (1 switches on core 0) [pid: 7|app: 0|req: 640/1305] 10.0.0.168 () {32 vars in 724 bytes} [Sun Aug 16 14:02:34 2026] DELETE /v2.0/subnets/f4b80fde-5053-4368-847d-159a6d93d399 => generated 0 bytes in 159 msecs (HTTP/1.1 204) 3 headers in 131 bytes (1 switches on core 0) [pid: 8|app: 0|req: 666/1306] 10.0.0.168 () {32 vars in 717 bytes} [Sun Aug 16 14:02:34 2026] GET /v2.0/ports/0266c16c-cedf-4adb-a56f-8196cf982f2b => generated 943 bytes in 32 msecs (HTTP/1.1 200) 4 headers in 157 bytes (1 switches on core 0)
2026-08-16 14:02:34.777 8 INFO neutron_taas.services.taas.taas_plugin [None req-0e429884-b8b3-4163-a179-e4217cddd660 9f6d98f48e2f4f8db240f141065beec7 9092ff553a1d423e96aa28d698d36fb9 - - default default] TaaS: Handle Delete Port: 645504b6-ef2b-453d-83e3-f51508aef082
2026-08-16 14:02:34.780 8 INFO neutron_taas.services.taas.tap_mirror_plugin [None req-0e429884-b8b3-4163-a179-e4217cddd660 9f6d98f48e2f4f8db240f141065beec7 9092ff553a1d423e96aa28d698d36fb9 - - default default] Tap Mirror: Handle Delete Port: 645504b6-ef2b-453d-83e3-f51508aef082 [pid: 8|app: 0|req: 667/1307] 10.0.0.168 () {32 vars in 726 bytes} [Sun Aug 16 14:02:34 2026] DELETE /v2.0/networks/20801eb2-d54a-41c6-85be-ed9064c2398b => generated 0 bytes in 311 msecs (HTTP/1.1 204) 3 headers in 131 bytes (1 switches on core 0)
2026-08-16 14:02:35.015 8 INFO neutron.services.segments.plugin [-] Segment e2bb56e1-fc83-4798-b005-906c99656987 resource provider aggregate not found
2026-08-16 14:02:35.021 8 INFO neutron.services.segments.plugin [-] Segment e2bb56e1-fc83-4798-b005-906c99656987 resource provider aggregate not found
2026-08-16 14:02:35.031 8 INFO neutron.services.segments.plugin [-] Client error retrieving segment e2bb56e1-fc83-4798-b005-906c99656987 resource provider; error: Placement Client Error (4xx): {"errors": [{"status": 404, "title": "Not Found", "detail": "The resource could not be found.\n\n No resource provider with uuid e2bb56e1-fc83-4798-b005-906c99656987 found for delete ", "request_id": "req-56f5ab61-156f-417f-8e81-61b65beec1c2"}]}
2026-08-16 14:02:35.033 8 INFO neutron.services.segments.plugin [-] Client error retrieving segment e2bb56e1-fc83-4798-b005-906c99656987 resource provider; error: Placement Client Error (4xx): {"errors": [{"status": 404, "title": "Not Found", "detail": "The resource could not be found.\n\n No resource provider with uuid e2bb56e1-fc83-4798-b005-906c99656987 found for delete ", "request_id": "req-f1c15327-daa6-48f6-bfee-51089937411c"}]}
2026-08-16 14:02:35.039 7 WARNING neutron.scheduler.dhcp_agent_scheduler [None req-ac767c57-96b7-4869-bca8-9f77027f6788 760e2de94b1e482f8ae2e0f5535856a1 f160c46874cb4226a0df5868e03ccc4f - - default default] No more DHCP agents
2026-08-16 14:02:35.041 7 WARNING neutron.api.rpc.agentnotifiers.dhcp_rpc_agent_api [None req-ac767c57-96b7-4869-bca8-9f77027f6788 760e2de94b1e482f8ae2e0f5535856a1 f160c46874cb4226a0df5868e03ccc4f - - default default] Unable to schedule network e18f9aba-6fe7-4d1d-adb2-edeec4e3b5b2: no agents available; will retry on subsequent port and subnet creation events.
2026-08-16 14:02:35.099 7 INFO neutron.plugins.ml2.drivers.ovn.mech_driver.mech_driver [None req-6e5641c2-9416-409e-9984-929a1fc03ab4 - - - - - -] OVN reports status down for port: 05d66f00-68c3-4a44-bcfa-7e4128188558
2026-08-16 14:02:35.162 7 INFO neutron.db.ovn_revision_numbers_db [None req-ac767c57-96b7-4869-bca8-9f77027f6788 760e2de94b1e482f8ae2e0f5535856a1 f160c46874cb4226a0df5868e03ccc4f - - default default] Successfully bumped revision number for resource 05d66f00-68c3-4a44-bcfa-7e4128188558 (type: ports) to 1
2026-08-16 14:02:35.230 7 WARNING neutron.scheduler.dhcp_agent_scheduler [None req-ac767c57-96b7-4869-bca8-9f77027f6788 760e2de94b1e482f8ae2e0f5535856a1 f160c46874cb4226a0df5868e03ccc4f - - default default] No more DHCP agents
2026-08-16 14:02:35.231 7 WARNING neutron.api.rpc.agentnotifiers.dhcp_rpc_agent_api [None req-ac767c57-96b7-4869-bca8-9f77027f6788 760e2de94b1e482f8ae2e0f5535856a1 f160c46874cb4226a0df5868e03ccc4f - - default default] Unable to schedule network b9064b3d-57ad-4b40-96c4-31b3446c942f: no agents available; will retry on subsequent port and subnet creation events.
2026-08-16 14:02:35.292 7 INFO neutron.plugins.ml2.drivers.ovn.mech_driver.mech_driver [None req-6e5641c2-9416-409e-9984-929a1fc03ab4 - - - - - -] OVN reports status down for port: 1248d70c-cedd-4e0c-a94f-c740a1221440
2026-08-16 14:02:35.361 7 INFO neutron.db.ovn_revision_numbers_db [None req-ac767c57-96b7-4869-bca8-9f77027f6788 760e2de94b1e482f8ae2e0f5535856a1 f160c46874cb4226a0df5868e03ccc4f - - default default] Successfully bumped revision number for resource 1248d70c-cedd-4e0c-a94f-c740a1221440 (type: ports) to 1 [pid: 7|app: 0|req: 641/1308] 10.0.0.168 () {34 vars in 665 bytes} [Sun Aug 16 14:02:34 2026] POST /v2.0/ports => generated 1505 bytes in 839 msecs (HTTP/1.1 201) 4 headers in 163 bytes (1 switches on core 0) /var/lib/openstack/lib/python3.12/site-packages/pycadf/identifier.py:70: UserWarning: Invalid uuid: neutron. To ensure interoperability, identifiers should be a valid uuid. warnings.warn(('Invalid uuid: %s. To ensure interoperability, ' [pid: 7|app: 0|req: 642/1309] 10.0.0.168 () {32 vars in 774 bytes} [Sun Aug 16 14:02:35 2026] GET /v2.0/security-groups?tenant_id=6484f450294b4b88a47f233797b7d333&name=default => generated 2925 bytes in 27 msecs (HTTP/1.1 200) 4 headers in 158 bytes (1 switches on core 0) [pid: 7|app: 0|req: 643/1310] 10.0.0.168 () {32 vars in 643 bytes} [Sun Aug 16 14:02:35 2026] GET /v2.0/ports => generated 3017 bytes in 49 msecs (HTTP/1.1 200) 4 headers in 158 bytes (1 switches on core 0)
2026-08-16 14:02:35.720 8 INFO neutron_taas.services.taas.taas_plugin [None req-c0ccff09-ecde-4f81-bc8b-7b51ec46f83e a39c609d531149349b06116f62c1dffa 07a97b6ba3a84d4987f4b420ca3ce0fb - - default default] TaaS: Handle Delete Port: 0266c16c-cedf-4adb-a56f-8196cf982f2b
2026-08-16 14:02:35.722 8 INFO neutron_taas.services.taas.tap_mirror_plugin [None req-c0ccff09-ecde-4f81-bc8b-7b51ec46f83e a39c609d531149349b06116f62c1dffa 07a97b6ba3a84d4987f4b420ca3ce0fb - - default default] Tap Mirror: Handle Delete Port: 0266c16c-cedf-4adb-a56f-8196cf982f2b [pid: 7|app: 0|req: 644/1311] 10.0.0.168 () {32 vars in 740 bytes} [Sun Aug 16 14:02:35 2026] DELETE /v2.0/security-groups/23451660-5ea6-4b26-afd4-fcebcb7df386 => generated 0 bytes in 276 msecs (HTTP/1.1 204) 2 headers in 112 bytes (1 switches on core 0)
2026-08-16 14:02:35.996 7 INFO neutron_taas.services.taas.taas_plugin [None req-0fe9eb2b-786d-43b4-adf2-1d593c5471d0 760e2de94b1e482f8ae2e0f5535856a1 f160c46874cb4226a0df5868e03ccc4f - - default default] TaaS: Handle Delete Port: 05d66f00-68c3-4a44-bcfa-7e4128188558
2026-08-16 14:02:35.999 7 INFO neutron_taas.services.taas.tap_mirror_plugin [None req-0fe9eb2b-786d-43b4-adf2-1d593c5471d0 760e2de94b1e482f8ae2e0f5535856a1 f160c46874cb4226a0df5868e03ccc4f - - default default] Tap Mirror: Handle Delete Port: 05d66f00-68c3-4a44-bcfa-7e4128188558 [pid: 8|app: 0|req: 668/1312] 10.0.0.168 () {34 vars in 789 bytes} [Sun Aug 16 14:02:34 2026] PUT /v2.0/routers/85fe8eeb-ae97-429e-9190-fef36f15dab2/remove_router_interface => generated 309 bytes in 1063 msecs (HTTP/1.1 200) 4 headers in 157 bytes (1 switches on core 0) /var/lib/openstack/lib/python3.12/site-packages/pycadf/identifier.py:70: UserWarning: Invalid uuid: neutron. To ensure interoperability, identifiers should be a valid uuid. warnings.warn(('Invalid uuid: %s. To ensure interoperability, ' [pid: 8|app: 0|req: 669/1313] 10.0.0.168 () {32 vars in 736 bytes} [Sun Aug 16 14:02:36 2026] GET /v2.0/ports?device_id=85fe8eeb-ae97-429e-9190-fef36f15dab2 => generated 12 bytes in 21 msecs (HTTP/1.1 200) 4 headers in 156 bytes (1 switches on core 0) [pid: 7|app: 0|req: 645/1314] 10.0.0.168 () {32 vars in 720 bytes} [Sun Aug 16 14:02:35 2026] DELETE /v2.0/ports/05d66f00-68c3-4a44-bcfa-7e4128188558 => generated 0 bytes in 265 msecs (HTTP/1.1 204) 3 headers in 131 bytes (1 switches on core 0)
2026-08-16 14:02:36.225 7 INFO neutron_taas.services.taas.taas_plugin [None req-61d3c5e3-46a7-46ed-8a23-02fe3416ed40 760e2de94b1e482f8ae2e0f5535856a1 f160c46874cb4226a0df5868e03ccc4f - - default default] TaaS: Handle Delete Port: 1248d70c-cedd-4e0c-a94f-c740a1221440
2026-08-16 14:02:36.228 7 INFO neutron_taas.services.taas.tap_mirror_plugin [None req-61d3c5e3-46a7-46ed-8a23-02fe3416ed40 760e2de94b1e482f8ae2e0f5535856a1 f160c46874cb4226a0df5868e03ccc4f - - default default] Tap Mirror: Handle Delete Port: 1248d70c-cedd-4e0c-a94f-c740a1221440 [pid: 8|app: 0|req: 670/1315] 10.0.0.168 () {32 vars in 724 bytes} [Sun Aug 16 14:02:36 2026] DELETE /v2.0/routers/85fe8eeb-ae97-429e-9190-fef36f15dab2 => generated 0 bytes in 215 msecs (HTTP/1.1 204) 2 headers in 112 bytes (1 switches on core 0) [pid: 7|app: 0|req: 646/1316] 10.0.0.168 () {32 vars in 720 bytes} [Sun Aug 16 14:02:36 2026] DELETE /v2.0/ports/1248d70c-cedd-4e0c-a94f-c740a1221440 => generated 0 bytes in 228 msecs (HTTP/1.1 204) 3 headers in 131 bytes (1 switches on core 0) [pid: 7|app: 0|req: 647/1317] 10.0.0.168 () {32 vars in 643 bytes} [Sun Aug 16 14:02:36 2026] GET /v2.0/ports => generated 1523 bytes in 43 msecs (HTTP/1.1 200) 4 headers in 158 bytes (1 switches on core 0) [pid: 8|app: 0|req: 671/1318] 10.0.0.168 () {32 vars in 724 bytes} [Sun Aug 16 14:02:36 2026] DELETE /v2.0/subnets/8bf30892-4aba-434f-baf9-e6f0ce7bb0f1 => generated 0 bytes in 159 msecs (HTTP/1.1 204) 3 headers in 131 bytes (1 switches on core 0)
2026-08-16 14:02:36.485 7 INFO neutron.db.segments_db [None req-967d8ac3-4d93-402a-9a41-453b6f8e31c6 760e2de94b1e482f8ae2e0f5535856a1 f160c46874cb4226a0df5868e03ccc4f - - default default] Added segment 89026755-2a61-4253-bdd5-ef8ed1baa287 of type geneve for network 2e00805b-37c6-42bb-b049-d99efc076b5e [pid: 8|app: 0|req: 672/1319] 10.0.0.168 () {32 vars in 724 bytes} [Sun Aug 16 14:02:36 2026] DELETE /v2.0/subnets/9e1b0083-d88c-415b-a03e-059a00b4dbdb => generated 0 bytes in 123 msecs (HTTP/1.1 204) 3 headers in 131 bytes (1 switches on core 0)
2026-08-16 14:02:36.598 7 INFO neutron.db.ovn_revision_numbers_db [None req-967d8ac3-4d93-402a-9a41-453b6f8e31c6 760e2de94b1e482f8ae2e0f5535856a1 f160c46874cb4226a0df5868e03ccc4f - - default default] Successfully bumped revision number for resource 2e00805b-37c6-42bb-b049-d99efc076b5e (type: networks) to 1
2026-08-16 14:02:36.686 8 INFO neutron_taas.services.taas.taas_plugin [None req-68981f16-65d3-44f7-b4d3-75c0aafca430 a39c609d531149349b06116f62c1dffa 07a97b6ba3a84d4987f4b420ca3ce0fb - - default default] TaaS: Handle Delete Port: ff390427-58d7-46a5-8c0d-c2411ae047e0
2026-08-16 14:02:36.689 8 INFO neutron_taas.services.taas.tap_mirror_plugin [None req-68981f16-65d3-44f7-b4d3-75c0aafca430 a39c609d531149349b06116f62c1dffa 07a97b6ba3a84d4987f4b420ca3ce0fb - - default default] Tap Mirror: Handle Delete Port: ff390427-58d7-46a5-8c0d-c2411ae047e0
2026-08-16 14:02:36.767 7 WARNING neutron.scheduler.dhcp_agent_scheduler [None req-967d8ac3-4d93-402a-9a41-453b6f8e31c6 760e2de94b1e482f8ae2e0f5535856a1 f160c46874cb4226a0df5868e03ccc4f - - default default] No more DHCP agents
2026-08-16 14:02:36.770 7 WARNING neutron.api.rpc.agentnotifiers.dhcp_rpc_agent_api [None req-967d8ac3-4d93-402a-9a41-453b6f8e31c6 760e2de94b1e482f8ae2e0f5535856a1 f160c46874cb4226a0df5868e03ccc4f - - default default] Unable to schedule network 2e00805b-37c6-42bb-b049-d99efc076b5e: no agents available; will retry on subsequent port and subnet creation events.
2026-08-16 14:02:36.859 7 INFO neutron.db.ovn_revision_numbers_db [None req-967d8ac3-4d93-402a-9a41-453b6f8e31c6 760e2de94b1e482f8ae2e0f5535856a1 f160c46874cb4226a0df5868e03ccc4f - - default default] Successfully bumped revision number for resource 0ddea41d-1de4-4403-8cc5-78f0bf3fa04e (type: ports) to 1
2026-08-16 14:02:36.870 8 INFO neutron.plugins.ml2.drivers.ovn.mech_driver.mech_driver [None req-12635f26-b1fe-4da1-ac6a-4b37766a3ec6 - - - - - -] OVN reports status down for port: 0ddea41d-1de4-4403-8cc5-78f0bf3fa04e [pid: 7|app: 0|req: 648/1320] 10.0.0.168 () {34 vars in 670 bytes} [Sun Aug 16 14:02:36 2026] POST /v2.0/networks => generated 654 bytes in 493 msecs (HTTP/1.1 201) 4 headers in 162 bytes (1 switches on core 0)
2026-08-16 14:02:36.975 7 INFO neutron.db.segments_db [None req-062c8414-1965-4996-b301-7a7a7cea1370 760e2de94b1e482f8ae2e0f5535856a1 f160c46874cb4226a0df5868e03ccc4f - - default default] Added segment 075de590-ebb4-4ee1-87af-c8f90b11ca9a of type geneve for network d52e9ca1-de75-44c8-8641-09deaf155beb [pid: 8|app: 0|req: 673/1321] 10.0.0.168 () {32 vars in 726 bytes} [Sun Aug 16 14:02:36 2026] DELETE /v2.0/networks/9c6742bb-5ddf-487e-9653-b627f17bac9f => generated 0 bytes in 466 msecs (HTTP/1.1 204) 3 headers in 131 bytes (1 switches on core 0)
2026-08-16 14:02:37.060 8 INFO neutron.services.segments.plugin [-] Segment 724ea767-6d90-4b19-82cf-5d1029b08185 resource provider aggregate not found
2026-08-16 14:02:37.065 8 INFO neutron.services.segments.plugin [-] Segment 724ea767-6d90-4b19-82cf-5d1029b08185 resource provider aggregate not found
2026-08-16 14:02:37.079 8 INFO neutron.services.segments.plugin [-] Client error retrieving segment 724ea767-6d90-4b19-82cf-5d1029b08185 resource provider; error: Placement Client Error (4xx): {"errors": [{"status": 404, "title": "Not Found", "detail": "The resource could not be found.\n\n No resource provider with uuid 724ea767-6d90-4b19-82cf-5d1029b08185 found for delete ", "request_id": "req-533d8a90-5cd2-42e5-8a01-a40d61629804"}]}
2026-08-16 14:02:37.083 7 INFO neutron.db.ovn_revision_numbers_db [None req-062c8414-1965-4996-b301-7a7a7cea1370 760e2de94b1e482f8ae2e0f5535856a1 f160c46874cb4226a0df5868e03ccc4f - - default default] Successfully bumped revision number for resource d52e9ca1-de75-44c8-8641-09deaf155beb (type: networks) to 1
2026-08-16 14:02:37.096 8 INFO neutron.services.segments.plugin [-] Client error retrieving segment 724ea767-6d90-4b19-82cf-5d1029b08185 resource provider; error: Placement Client Error (4xx): {"errors": [{"status": 404, "title": "Not Found", "detail": "The resource could not be found.\n\n No resource provider with uuid 724ea767-6d90-4b19-82cf-5d1029b08185 found for delete ", "request_id": "req-83c53b68-bcad-4752-bdf6-850988426b8b"}]}
2026-08-16 14:02:37.243 7 WARNING neutron.scheduler.dhcp_agent_scheduler [None req-062c8414-1965-4996-b301-7a7a7cea1370 760e2de94b1e482f8ae2e0f5535856a1 f160c46874cb4226a0df5868e03ccc4f - - default default] No more DHCP agents
2026-08-16 14:02:37.245 7 WARNING neutron.api.rpc.agentnotifiers.dhcp_rpc_agent_api [None req-062c8414-1965-4996-b301-7a7a7cea1370 760e2de94b1e482f8ae2e0f5535856a1 f160c46874cb4226a0df5868e03ccc4f - - default default] Unable to schedule network d52e9ca1-de75-44c8-8641-09deaf155beb: no agents available; will retry on subsequent port and subnet creation events.
2026-08-16 14:02:37.291 7 INFO neutron.plugins.ml2.drivers.ovn.mech_driver.mech_driver [None req-6e5641c2-9416-409e-9984-929a1fc03ab4 - - - - - -] OVN reports status down for port: 8d9ac8f3-5b42-4b1b-8a53-52adcb84cc57
2026-08-16 14:02:37.344 8 INFO neutron.db.ovn_revision_numbers_db [None req-4dc28922-1861-4563-8e4c-724db474e308 9f6d98f48e2f4f8db240f141065beec7 9092ff553a1d423e96aa28d698d36fb9 - - default default] Successfully bumped revision number for resource bf1f1c57-e637-4aa7-99e4-64cf2846138a (type: security_groups) to 1
2026-08-16 14:02:37.353 7 INFO neutron.db.ovn_revision_numbers_db [None req-062c8414-1965-4996-b301-7a7a7cea1370 760e2de94b1e482f8ae2e0f5535856a1 f160c46874cb4226a0df5868e03ccc4f - - default default] Successfully bumped revision number for resource 8d9ac8f3-5b42-4b1b-8a53-52adcb84cc57 (type: ports) to 1
