2026-08-16 14:03:13.958 8 INFO neutron.db.ovn_revision_numbers_db [None req-777e2e7b-a446-4f0e-9d28-09ea06f6d26e 9f6d98f48e2f4f8db240f141065beec7 9092ff553a1d423e96aa28d698d36fb9 - - default default] Successfully bumped revision number for resource df5ed676-2422-4044-bcda-e0e456977f45 (type: security_group_rules) to 0 [pid: 7|app: 0|req: 849/1695] 10.0.0.168 () {34 vars in 676 bytes} [Sun Aug 16 14:03:13 2026] POST /v2.0/floatingips => generated 552 bytes in 471 msecs (HTTP/1.1 201) 4 headers in 162 bytes (1 switches on core 0)
2026-08-16 14:03:14.027 8 INFO neutron.db.segments_db [None req-777e2e7b-a446-4f0e-9d28-09ea06f6d26e 9f6d98f48e2f4f8db240f141065beec7 9092ff553a1d423e96aa28d698d36fb9 - - default default] Added segment 86a8ed82-42c1-4124-863a-58ebdd9d234e of type geneve for network 472ef3a4-8998-450f-a7bb-dd96fa77741b
2026-08-16 14:03:14.129 8 INFO neutron.db.ovn_revision_numbers_db [None req-777e2e7b-a446-4f0e-9d28-09ea06f6d26e 9f6d98f48e2f4f8db240f141065beec7 9092ff553a1d423e96aa28d698d36fb9 - - default default] Successfully bumped revision number for resource 472ef3a4-8998-450f-a7bb-dd96fa77741b (type: networks) to 1
2026-08-16 14:03:14.219 7 WARNING neutron.scheduler.dhcp_agent_scheduler [None req-ed575cf2-5f9f-4d0d-abdb-43d1a633684f ca9e3b083039450390bacfe93fa47d18 55b4403ec5614163ac39db01db9f873c - - default default] No more DHCP agents
2026-08-16 14:03:14.220 7 WARNING neutron.api.rpc.agentnotifiers.dhcp_rpc_agent_api [None req-ed575cf2-5f9f-4d0d-abdb-43d1a633684f ca9e3b083039450390bacfe93fa47d18 55b4403ec5614163ac39db01db9f873c - - default default] Unable to schedule network 3e8c471f-3da3-4f43-9057-19512c625971: no agents available; will retry on subsequent port and subnet creation events.
2026-08-16 14:03:14.270 8 WARNING neutron.scheduler.dhcp_agent_scheduler [None req-777e2e7b-a446-4f0e-9d28-09ea06f6d26e 9f6d98f48e2f4f8db240f141065beec7 9092ff553a1d423e96aa28d698d36fb9 - - default default] No more DHCP agents
2026-08-16 14:03:14.271 8 WARNING neutron.api.rpc.agentnotifiers.dhcp_rpc_agent_api [None req-777e2e7b-a446-4f0e-9d28-09ea06f6d26e 9f6d98f48e2f4f8db240f141065beec7 9092ff553a1d423e96aa28d698d36fb9 - - default default] Unable to schedule network 472ef3a4-8998-450f-a7bb-dd96fa77741b: no agents available; will retry on subsequent port and subnet creation events.
2026-08-16 14:03:14.309 7 INFO neutron.plugins.ml2.drivers.ovn.mech_driver.mech_driver [None req-6e5641c2-9416-409e-9984-929a1fc03ab4 - - - - - -] OVN reports status down for port: b9189e88-e08d-428c-97bd-c212d4126dfd
2026-08-16 14:03:14.341 8 INFO neutron.db.ovn_revision_numbers_db [None req-777e2e7b-a446-4f0e-9d28-09ea06f6d26e 9f6d98f48e2f4f8db240f141065beec7 9092ff553a1d423e96aa28d698d36fb9 - - default default] Successfully bumped revision number for resource b9189e88-e08d-428c-97bd-c212d4126dfd (type: ports) to 1 [pid: 8|app: 0|req: 847/1696] 10.0.0.168 () {34 vars in 671 bytes} [Sun Aug 16 14:03:13 2026] POST /v2.0/networks => generated 744 bytes in 690 msecs (HTTP/1.1 201) 4 headers in 162 bytes (1 switches on core 0)
2026-08-16 14:03:14.489 8 WARNING neutron.scheduler.dhcp_agent_scheduler [None req-ea0e0750-c345-45ac-bdd8-819d12ac3e23 9f6d98f48e2f4f8db240f141065beec7 9092ff553a1d423e96aa28d698d36fb9 - - default default] No more DHCP agents
2026-08-16 14:03:14.491 8 WARNING neutron.api.rpc.agentnotifiers.dhcp_rpc_agent_api [None req-ea0e0750-c345-45ac-bdd8-819d12ac3e23 9f6d98f48e2f4f8db240f141065beec7 9092ff553a1d423e96aa28d698d36fb9 - - default default] Unable to schedule network 472ef3a4-8998-450f-a7bb-dd96fa77741b: no agents available; will retry on subsequent port and subnet creation events. [pid: 7|app: 0|req: 850/1697] 10.0.0.168 () {34 vars in 676 bytes} [Sun Aug 16 14:03:14 2026] POST /v2.0/floatingips => generated 552 bytes in 510 msecs (HTTP/1.1 201) 4 headers in 162 bytes (1 switches on core 0)
2026-08-16 14:03:14.754 7 WARNING neutron.scheduler.dhcp_agent_scheduler [None req-780672aa-71e5-4533-885c-eca84be05fb8 ca9e3b083039450390bacfe93fa47d18 55b4403ec5614163ac39db01db9f873c - - default default] No more DHCP agents
2026-08-16 14:03:14.755 7 WARNING neutron.api.rpc.agentnotifiers.dhcp_rpc_agent_api [None req-780672aa-71e5-4533-885c-eca84be05fb8 ca9e3b083039450390bacfe93fa47d18 55b4403ec5614163ac39db01db9f873c - - default default] Unable to schedule network 3e8c471f-3da3-4f43-9057-19512c625971: no agents available; will retry on subsequent port and subnet creation events.
2026-08-16 14:03:14.920 8 INFO neutron.db.ovn_revision_numbers_db [None req-44d8800d-6637-41e6-8d37-0420fc495256 - - - - - -] Successfully bumped revision number for resource b9189e88-e08d-428c-97bd-c212d4126dfd (type: ports) to 2
2026-08-16 14:03:14.950 8 INFO neutron.db.ovn_revision_numbers_db [None req-44d8800d-6637-41e6-8d37-0420fc495256 - - - - - -] Successfully bumped revision number for resource 9fb97fbe-6f16-470b-8fdd-56d7936d033d (type: subnets) to 0 [pid: 8|app: 0|req: 848/1698] 10.0.0.168 () {34 vars in 669 bytes} [Sun Aug 16 14:03:14 2026] POST /v2.0/subnets => generated 688 bytes in 597 msecs (HTTP/1.1 201) 4 headers in 162 bytes (1 switches on core 0) [pid: 7|app: 0|req: 851/1699] 10.0.0.168 () {34 vars in 676 bytes} [Sun Aug 16 14:03:14 2026] POST /v2.0/floatingips => generated 552 bytes in 496 msecs (HTTP/1.1 201) 4 headers in 162 bytes (1 switches on core 0)
2026-08-16 14:03:15.228 8 INFO neutron.db.ovn_revision_numbers_db [None req-8e1512d8-2845-4068-9f05-ab1c8326f4ff aec2243e6a4547e19ddee8a31c7d4797 566274722d4347eb9936b1b6528706c5 - - default default] Successfully bumped revision number for resource 08b7789f-f442-4a15-a999-b2a0b9e2c6f9 (type: security_groups) to 1
2026-08-16 14:03:15.241 8 INFO neutron.db.ovn_revision_numbers_db [None req-8e1512d8-2845-4068-9f05-ab1c8326f4ff aec2243e6a4547e19ddee8a31c7d4797 566274722d4347eb9936b1b6528706c5 - - default default] Successfully bumped revision number for resource 0ce0ea4e-2397-4cbe-9107-072822e1a21e (type: security_group_rules) to 0
2026-08-16 14:03:15.254 8 INFO neutron.db.ovn_revision_numbers_db [None req-8e1512d8-2845-4068-9f05-ab1c8326f4ff aec2243e6a4547e19ddee8a31c7d4797 566274722d4347eb9936b1b6528706c5 - - default default] Successfully bumped revision number for resource 6d6dc904-10d6-45df-8816-f7764d69948c (type: security_group_rules) to 0
2026-08-16 14:03:15.270 8 INFO neutron.db.ovn_revision_numbers_db [None req-8e1512d8-2845-4068-9f05-ab1c8326f4ff aec2243e6a4547e19ddee8a31c7d4797 566274722d4347eb9936b1b6528706c5 - - default default] Successfully bumped revision number for resource 981c9adb-823b-458d-b965-3ea46be487f1 (type: security_group_rules) to 0
2026-08-16 14:03:15.282 8 INFO neutron.db.ovn_revision_numbers_db [None req-8e1512d8-2845-4068-9f05-ab1c8326f4ff aec2243e6a4547e19ddee8a31c7d4797 566274722d4347eb9936b1b6528706c5 - - default default] Successfully bumped revision number for resource c66ab86b-789f-419b-81fc-f54729ab3082 (type: security_group_rules) to 0
2026-08-16 14:03:15.353 8 INFO neutron.db.segments_db [None req-8e1512d8-2845-4068-9f05-ab1c8326f4ff aec2243e6a4547e19ddee8a31c7d4797 566274722d4347eb9936b1b6528706c5 - - default default] Added segment 15699913-bcd0-423b-8553-ff50a4e79d43 of type geneve for network 2da96e69-be78-417a-af83-f45062adb347
2026-08-16 14:03:15.424 7 WARNING neutron.scheduler.dhcp_agent_scheduler [None req-bb0d475b-cc8d-4bb9-9bf4-0e42e0f862a8 9f6d98f48e2f4f8db240f141065beec7 9092ff553a1d423e96aa28d698d36fb9 - - default default] No more DHCP agents
2026-08-16 14:03:15.426 7 WARNING neutron.api.rpc.agentnotifiers.dhcp_rpc_agent_api [None req-bb0d475b-cc8d-4bb9-9bf4-0e42e0f862a8 9f6d98f48e2f4f8db240f141065beec7 9092ff553a1d423e96aa28d698d36fb9 - - default default] Unable to schedule network 3e8c471f-3da3-4f43-9057-19512c625971: no agents available; will retry on subsequent port and subnet creation events.
2026-08-16 14:03:15.456 8 INFO neutron.db.ovn_revision_numbers_db [None req-8e1512d8-2845-4068-9f05-ab1c8326f4ff aec2243e6a4547e19ddee8a31c7d4797 566274722d4347eb9936b1b6528706c5 - - default default] Successfully bumped revision number for resource 2da96e69-be78-417a-af83-f45062adb347 (type: networks) to 1
2026-08-16 14:03:15.519 7 INFO neutron.plugins.ml2.drivers.ovn.mech_driver.mech_driver [None req-6e5641c2-9416-409e-9984-929a1fc03ab4 - - - - - -] OVN reports status down for port: b8e2ecfd-c520-4927-a4be-96ae2da9cbde
2026-08-16 14:03:15.577 7 INFO neutron.db.ovn_revision_numbers_db [None req-bb0d475b-cc8d-4bb9-9bf4-0e42e0f862a8 9f6d98f48e2f4f8db240f141065beec7 9092ff553a1d423e96aa28d698d36fb9 - - default default] Successfully bumped revision number for resource b8e2ecfd-c520-4927-a4be-96ae2da9cbde (type: ports) to 1
2026-08-16 14:03:15.597 8 WARNING neutron.scheduler.dhcp_agent_scheduler [None req-8e1512d8-2845-4068-9f05-ab1c8326f4ff aec2243e6a4547e19ddee8a31c7d4797 566274722d4347eb9936b1b6528706c5 - - default default] No more DHCP agents
2026-08-16 14:03:15.598 8 WARNING neutron.api.rpc.agentnotifiers.dhcp_rpc_agent_api [None req-8e1512d8-2845-4068-9f05-ab1c8326f4ff aec2243e6a4547e19ddee8a31c7d4797 566274722d4347eb9936b1b6528706c5 - - default default] Unable to schedule network 2da96e69-be78-417a-af83-f45062adb347: no agents available; will retry on subsequent port and subnet creation events.
2026-08-16 14:03:15.637 8 INFO neutron.plugins.ml2.drivers.ovn.mech_driver.mech_driver [None req-aa6dd570-bc30-4b0c-944b-ce03d822fd06 - - - - - -] OVN reports status down for port: 825c3887-b569-4c4a-a386-74fef0d806c2
2026-08-16 14:03:15.708 8 INFO neutron.db.ovn_revision_numbers_db [None req-8e1512d8-2845-4068-9f05-ab1c8326f4ff aec2243e6a4547e19ddee8a31c7d4797 566274722d4347eb9936b1b6528706c5 - - default default] Successfully bumped revision number for resource 825c3887-b569-4c4a-a386-74fef0d806c2 (type: ports) to 1 [pid: 8|app: 0|req: 849/1700] 10.0.0.168 () {34 vars in 670 bytes} [Sun Aug 16 14:03:14 2026] POST /v2.0/networks => generated 634 bytes in 810 msecs (HTTP/1.1 201) 4 headers in 162 bytes (1 switches on core 0)
2026-08-16 14:03:15.989 8 WARNING neutron.scheduler.dhcp_agent_scheduler [None req-84500416-99d8-420e-8eb9-4d624379a9c8 ca9e3b083039450390bacfe93fa47d18 55b4403ec5614163ac39db01db9f873c - - default default] No more DHCP agents
2026-08-16 14:03:15.991 8 WARNING neutron.api.rpc.agentnotifiers.dhcp_rpc_agent_api [None req-84500416-99d8-420e-8eb9-4d624379a9c8 ca9e3b083039450390bacfe93fa47d18 55b4403ec5614163ac39db01db9f873c - - default default] Unable to schedule network 3e8c471f-3da3-4f43-9057-19512c625971: no agents available; will retry on subsequent port and subnet creation events.
2026-08-16 14:03:16.235 7 INFO neutron.plugins.ml2.drivers.ovn.mech_driver.ovsdb.commands [None req-d7b92b01-cc83-4bec-8324-fa3d6a4bba36 - - - - - -] Schedule LRP lrp-b8e2ecfd-c520-4927-a4be-96ae2da9cbde on gateway 1032062c-f5cc-43bb-90bb-7af887d2d3cc with priority 1 [pid: 8|app: 0|req: 850/1701] 10.0.0.168 () {34 vars in 676 bytes} [Sun Aug 16 14:03:15 2026] POST /v2.0/floatingips => generated 552 bytes in 469 msecs (HTTP/1.1 201) 4 headers in 162 bytes (1 switches on core 0)
2026-08-16 14:03:16.264 7 INFO neutron.plugins.ml2.drivers.ovn.mech_driver.mech_driver [None req-6e5641c2-9416-409e-9984-929a1fc03ab4 - - - - - -] OVN reports status up for port: b8e2ecfd-c520-4927-a4be-96ae2da9cbde
2026-08-16 14:03:16.264 8 INFO neutron.plugins.ml2.drivers.ovn.mech_driver.ovsdb.ovsdb_monitor [None req-0f660187-32d4-4b3e-b64d-ae1cbac78323 - - - - - -] Router c2ee0f32-e148-4e73-b560-414eec08ea20 is bound to host instance
2026-08-16 14:03:16.305 7 INFO neutron.plugins.ml2.plugin [None req-6e5641c2-9416-409e-9984-929a1fc03ab4 - - - - - -] Attempt 1 to provision port b8e2ecfd-c520-4927-a4be-96ae2da9cbde
2026-08-16 14:03:16.335 7 INFO neutron.db.ovn_revision_numbers_db [None req-bb0d475b-cc8d-4bb9-9bf4-0e42e0f862a8 9f6d98f48e2f4f8db240f141065beec7 9092ff553a1d423e96aa28d698d36fb9 - - default default] Successfully bumped revision number for resource b8e2ecfd-c520-4927-a4be-96ae2da9cbde (type: router_ports) to 1
2026-08-16 14:03:16.397 8 INFO neutron.db.segments_db [None req-0248a785-2c41-4709-a146-cfb21726ac3f aec2243e6a4547e19ddee8a31c7d4797 566274722d4347eb9936b1b6528706c5 - - default default] Added segment 4e493e62-a6da-4d4c-a146-5cac5f99db0b of type geneve for network 6a297e48-97f7-49be-bf0c-660483e527be
2026-08-16 14:03:16.444 7 INFO neutron.db.ovn_revision_numbers_db [None req-bb0d475b-cc8d-4bb9-9bf4-0e42e0f862a8 9f6d98f48e2f4f8db240f141065beec7 9092ff553a1d423e96aa28d698d36fb9 - - default default] Successfully bumped revision number for resource c2ee0f32-e148-4e73-b560-414eec08ea20 (type: routers) to 2 [pid: 7|app: 0|req: 852/1702] 10.0.0.168 () {34 vars in 669 bytes} [Sun Aug 16 14:03:15 2026] POST /v2.0/routers => generated 966 bytes in 1429 msecs (HTTP/1.1 201) 4 headers in 162 bytes (1 switches on core 0) [pid: 7|app: 0|req: 853/1703] 10.0.0.168 () {34 vars in 759 bytes} [Sun Aug 16 14:03:16 2026] PUT /v2.0/floatingips/617620db-c6a3-46b2-910c-12dd2e2b408e/tags => generated 17 bytes in 64 msecs (HTTP/1.1 200) 4 headers in 156 bytes (1 switches on core 0)
2026-08-16 14:03:16.609 8 INFO neutron.db.ovn_revision_numbers_db [None req-0248a785-2c41-4709-a146-cfb21726ac3f aec2243e6a4547e19ddee8a31c7d4797 566274722d4347eb9936b1b6528706c5 - - default default] Successfully bumped revision number for resource 6a297e48-97f7-49be-bf0c-660483e527be (type: networks) to 1
2026-08-16 14:03:16.928 8 WARNING neutron.scheduler.dhcp_agent_scheduler [None req-0248a785-2c41-4709-a146-cfb21726ac3f aec2243e6a4547e19ddee8a31c7d4797 566274722d4347eb9936b1b6528706c5 - - default default] No more DHCP agents
2026-08-16 14:03:16.932 8 WARNING neutron.api.rpc.agentnotifiers.dhcp_rpc_agent_api [None req-0248a785-2c41-4709-a146-cfb21726ac3f aec2243e6a4547e19ddee8a31c7d4797 566274722d4347eb9936b1b6528706c5 - - default default] Unable to schedule network 6a297e48-97f7-49be-bf0c-660483e527be: no agents available; will retry on subsequent port and subnet creation events.
2026-08-16 14:03:16.958 7 WARNING neutron.scheduler.dhcp_agent_scheduler [None req-e3edc242-b0d5-45ea-9a6a-1aafc1a755fd 9f6d98f48e2f4f8db240f141065beec7 9092ff553a1d423e96aa28d698d36fb9 - - default default] No more DHCP agents
2026-08-16 14:03:16.960 7 WARNING neutron.api.rpc.agentnotifiers.dhcp_rpc_agent_api [None req-e3edc242-b0d5-45ea-9a6a-1aafc1a755fd 9f6d98f48e2f4f8db240f141065beec7 9092ff553a1d423e96aa28d698d36fb9 - - default default] Unable to schedule network 472ef3a4-8998-450f-a7bb-dd96fa77741b: no agents available; will retry on subsequent port and subnet creation events.
2026-08-16 14:03:17.001 8 INFO neutron.plugins.ml2.drivers.ovn.mech_driver.mech_driver [None req-aa6dd570-bc30-4b0c-944b-ce03d822fd06 - - - - - -] OVN reports status down for port: 03f0a42d-a148-4c6c-b2b2-5ef13272dd23
2026-08-16 14:03:17.085 7 INFO neutron.db.ovn_revision_numbers_db [None req-e3edc242-b0d5-45ea-9a6a-1aafc1a755fd 9f6d98f48e2f4f8db240f141065beec7 9092ff553a1d423e96aa28d698d36fb9 - - default default] Successfully bumped revision number for resource 866f60ce-cc78-48ff-8255-39b7357f338d (type: ports) to 1
2026-08-16 14:03:17.102 8 INFO neutron.db.ovn_revision_numbers_db [None req-0248a785-2c41-4709-a146-cfb21726ac3f aec2243e6a4547e19ddee8a31c7d4797 566274722d4347eb9936b1b6528706c5 - - default default] Successfully bumped revision number for resource 03f0a42d-a148-4c6c-b2b2-5ef13272dd23 (type: ports) to 1 [pid: 8|app: 0|req: 851/1704] 10.0.0.168 () {34 vars in 670 bytes} [Sun Aug 16 14:03:16 2026] POST /v2.0/networks => generated 634 bytes in 909 msecs (HTTP/1.1 201) 4 headers in 162 bytes (1 switches on core 0)
2026-08-16 14:03:17.279 8 INFO neutron.plugins.ml2.drivers.ovn.mech_driver.mech_driver [None req-aa6dd570-bc30-4b0c-944b-ce03d822fd06 - - - - - -] OVN reports status down for port: 866f60ce-cc78-48ff-8255-39b7357f338d [pid: 8|app: 0|req: 852/1705] 10.0.0.168 () {34 vars in 759 bytes} [Sun Aug 16 14:03:17 2026] PUT /v2.0/floatingips/f6527ef5-3b39-43f2-8678-c74bb4e87044/tags => generated 25 bytes in 182 msecs (HTTP/1.1 200) 4 headers in 156 bytes (1 switches on core 0)
2026-08-16 14:03:17.664 7 WARNING neutron.scheduler.dhcp_agent_scheduler [None req-e3edc242-b0d5-45ea-9a6a-1aafc1a755fd 9f6d98f48e2f4f8db240f141065beec7 9092ff553a1d423e96aa28d698d36fb9 - - default default] No more DHCP agents
2026-08-16 14:03:17.665 7 WARNING neutron.api.rpc.agentnotifiers.dhcp_rpc_agent_api [None req-e3edc242-b0d5-45ea-9a6a-1aafc1a755fd 9f6d98f48e2f4f8db240f141065beec7 9092ff553a1d423e96aa28d698d36fb9 - - default default] Unable to schedule network 472ef3a4-8998-450f-a7bb-dd96fa77741b: no agents available; will retry on subsequent port and subnet creation events.
2026-08-16 14:03:17.901 8 INFO neutron.plugins.ml2.drivers.ovn.mech_driver.mech_driver [None req-aa6dd570-bc30-4b0c-944b-ce03d822fd06 - - - - - -] OVN reports status up for port: 866f60ce-cc78-48ff-8255-39b7357f338d
2026-08-16 14:03:17.925 8 INFO neutron.plugins.ml2.plugin [None req-aa6dd570-bc30-4b0c-944b-ce03d822fd06 - - - - - -] Attempt 1 to provision port 866f60ce-cc78-48ff-8255-39b7357f338d
2026-08-16 14:03:18.087 7 INFO neutron.db.ovn_revision_numbers_db [None req-e3edc242-b0d5-45ea-9a6a-1aafc1a755fd 9f6d98f48e2f4f8db240f141065beec7 9092ff553a1d423e96aa28d698d36fb9 - - default default] Successfully bumped revision number for resource 866f60ce-cc78-48ff-8255-39b7357f338d (type: router_ports) to 1 [pid: 7|app: 0|req: 854/1706] 10.0.0.168 () {34 vars in 783 bytes} [Sun Aug 16 14:03:16 2026] PUT /v2.0/routers/c2ee0f32-e148-4e73-b560-414eec08ea20/add_router_interface => generated 309 bytes in 1565 msecs (HTTP/1.1 200) 4 headers in 157 bytes (1 switches on core 0) [pid: 7|app: 0|req: 855/1707] 10.0.0.168 () {34 vars in 759 bytes} [Sun Aug 16 14:03:18 2026] PUT /v2.0/floatingips/1fbb8690-4048-4b2f-8da3-432b7d9ac2a8/tags => generated 34 bytes in 47 msecs (HTTP/1.1 200) 4 headers in 156 bytes (1 switches on core 0) [pid: 7|app: 0|req: 856/1708] 10.0.0.168 () {34 vars in 759 bytes} [Sun Aug 16 14:03:18 2026] PUT /v2.0/floatingips/474beea1-7b4f-4005-ada3-6e84b0928a07/tags => generated 19 bytes in 40 msecs (HTTP/1.1 200) 4 headers in 156 bytes (1 switches on core 0) [pid: 7|app: 0|req: 857/1709] 10.0.0.168 () {32 vars in 672 bytes} [Sun Aug 16 14:03:18 2026] GET /v2.0/floatingips?tags=red => generated 1671 bytes in 51 msecs (HTTP/1.1 200) 4 headers in 158 bytes (1 switches on core 0) [pid: 7|app: 0|req: 858/1710] 10.0.0.168 () {32 vars in 686 bytes} [Sun Aug 16 14:03:18 2026] GET /v2.0/floatingips?tags=red%2Cblue => generated 1128 bytes in 41 msecs (HTTP/1.1 200) 4 headers in 158 bytes (1 switches on core 0) [pid: 7|app: 0|req: 859/1711] 10.0.0.168 () {32 vars in 682 bytes} [Sun Aug 16 14:03:18 2026] GET /v2.0/floatingips?tags-any=blue => generated 1128 bytes in 41 msecs (HTTP/1.1 200) 4 headers in 158 bytes (1 switches on core 0) [pid: 7|app: 0|req: 860/1712] 10.0.0.168 () {32 vars in 694 bytes} [Sun Aug 16 14:03:18 2026] GET /v2.0/floatingips?tags-any=red%2Cblue => generated 1671 bytes in 25 msecs (HTTP/1.1 200) 4 headers in 158 bytes (1 switches on core 0)
2026-08-16 14:03:18.394 8 WARNING neutron.scheduler.dhcp_agent_scheduler [None req-d00392c6-3b5a-47c1-8314-c8d16a1f85ad aec2243e6a4547e19ddee8a31c7d4797 566274722d4347eb9936b1b6528706c5 - - default default] No more DHCP agents
2026-08-16 14:03:18.404 8 WARNING neutron.api.rpc.agentnotifiers.dhcp_rpc_agent_api [None req-d00392c6-3b5a-47c1-8314-c8d16a1f85ad aec2243e6a4547e19ddee8a31c7d4797 566274722d4347eb9936b1b6528706c5 - - default default] Unable to schedule network 2da96e69-be78-417a-af83-f45062adb347: no agents available; will retry on subsequent port and subnet creation events. [pid: 7|app: 0|req: 861/1713] 10.0.0.168 () {32 vars in 680 bytes} [Sun Aug 16 14:03:18 2026] GET /v2.0/floatingips?not-tags=red => generated 1100 bytes in 41 msecs (HTTP/1.1 200) 4 headers in 158 bytes (1 switches on core 0) [pid: 7|app: 0|req: 862/1714] 10.0.0.168 () {32 vars in 694 bytes} [Sun Aug 16 14:03:18 2026] GET /v2.0/floatingips?not-tags=red%2Cblue => generated 1643 bytes in 44 msecs (HTTP/1.1 200) 4 headers in 158 bytes (1 switches on core 0)
2026-08-16 14:03:18.467 8 INFO neutron.db.ovn_revision_numbers_db [None req-d00392c6-3b5a-47c1-8314-c8d16a1f85ad aec2243e6a4547e19ddee8a31c7d4797 566274722d4347eb9936b1b6528706c5 - - default default] Successfully bumped revision number for resource 83825004-0835-45ce-87e8-fd27d15d2b85 (type: subnets) to 0 [pid: 8|app: 0|req: 853/1715] 10.0.0.168 () {34 vars in 669 bytes} [Sun Aug 16 14:03:17 2026] POST /v2.0/subnets => generated 646 bytes in 1167 msecs (HTTP/1.1 201) 4 headers in 162 bytes (1 switches on core 0) [pid: 7|app: 0|req: 863/1716] 10.0.0.168 () {32 vars in 690 bytes} [Sun Aug 16 14:03:18 2026] GET /v2.0/floatingips?not-tags-any=blue => generated 1643 bytes in 47 msecs (HTTP/1.1 200) 4 headers in 158 bytes (1 switches on core 0) [pid: 7|app: 0|req: 864/1717] 10.0.0.168 () {32 vars in 702 bytes} [Sun Aug 16 14:03:18 2026] GET /v2.0/floatingips?not-tags-any=red%2Cblue => generated 1100 bytes in 28 msecs (HTTP/1.1 200) 4 headers in 158 bytes (1 switches on core 0)
2026-08-16 14:03:18.620 8 INFO neutron.db.ovn_revision_numbers_db [None req-af9b1bb9-0629-4d75-aad3-6867fe73f3a1 - - - - - -] Successfully bumped revision number for resource b8e2ecfd-c520-4927-a4be-96ae2da9cbde (type: ports) to 4
2026-08-16 14:03:18.726 7 INFO neutron_taas.services.taas.taas_plugin [None req-6afda33a-c8b6-4e15-a082-7438a7454ead ca9e3b083039450390bacfe93fa47d18 55b4403ec5614163ac39db01db9f873c - - default default] TaaS: Handle Delete Port: 86118297-2f98-4ddd-bd53-449cc83e4961
2026-08-16 14:03:18.730 7 INFO neutron_taas.services.taas.tap_mirror_plugin [None req-6afda33a-c8b6-4e15-a082-7438a7454ead ca9e3b083039450390bacfe93fa47d18 55b4403ec5614163ac39db01db9f873c - - default default] Tap Mirror: Handle Delete Port: 86118297-2f98-4ddd-bd53-449cc83e4961 [pid: 7|app: 0|req: 865/1718] 10.0.0.168 () {32 vars in 732 bytes} [Sun Aug 16 14:03:18 2026] DELETE /v2.0/floatingips/617620db-c6a3-46b2-910c-12dd2e2b408e => generated 0 bytes in 353 msecs (HTTP/1.1 204) 2 headers in 112 bytes (1 switches on core 0)
2026-08-16 14:03:19.049 7 INFO neutron_taas.services.taas.taas_plugin [None req-c7c1f4b2-819a-4f22-b0bf-6e484f1d0392 ca9e3b083039450390bacfe93fa47d18 55b4403ec5614163ac39db01db9f873c - - default default] TaaS: Handle Delete Port: 4de54e8a-c525-42e3-b1eb-a9246b310fe3
2026-08-16 14:03:19.054 7 INFO neutron_taas.services.taas.tap_mirror_plugin [None req-c7c1f4b2-819a-4f22-b0bf-6e484f1d0392 ca9e3b083039450390bacfe93fa47d18 55b4403ec5614163ac39db01db9f873c - - default default] Tap Mirror: Handle Delete Port: 4de54e8a-c525-42e3-b1eb-a9246b310fe3
2026-08-16 14:03:19.093 8 INFO neutron.db.ovn_revision_numbers_db [None req-aa6dd570-bc30-4b0c-944b-ce03d822fd06 - - - - - -] Successfully bumped revision number for resource 866f60ce-cc78-48ff-8255-39b7357f338d (type: ports) to 2 [pid: 7|app: 0|req: 866/1719] 10.0.0.168 () {32 vars in 732 bytes} [Sun Aug 16 14:03:18 2026] DELETE /v2.0/floatingips/f6527ef5-3b39-43f2-8678-c74bb4e87044 => generated 0 bytes in 268 msecs (HTTP/1.1 204) 2 headers in 112 bytes (1 switches on core 0)
2026-08-16 14:03:19.184 8 WARNING neutron.scheduler.dhcp_agent_scheduler [None req-c02f03de-78cc-4d8e-94a0-ffe8beb8a6a0 aec2243e6a4547e19ddee8a31c7d4797 566274722d4347eb9936b1b6528706c5 - - default default] No more DHCP agents
2026-08-16 14:03:19.191 8 WARNING neutron.api.rpc.agentnotifiers.dhcp_rpc_agent_api [None req-c02f03de-78cc-4d8e-94a0-ffe8beb8a6a0 aec2243e6a4547e19ddee8a31c7d4797 566274722d4347eb9936b1b6528706c5 - - default default] Unable to schedule network 6a297e48-97f7-49be-bf0c-660483e527be: no agents available; will retry on subsequent port and subnet creation events.
2026-08-16 14:03:19.252 8 INFO neutron.db.ovn_revision_numbers_db [None req-c02f03de-78cc-4d8e-94a0-ffe8beb8a6a0 aec2243e6a4547e19ddee8a31c7d4797 566274722d4347eb9936b1b6528706c5 - - default default] Successfully bumped revision number for resource 41e854bc-32d7-4bf1-9d6b-7429faae3456 (type: subnets) to 0 [pid: 8|app: 0|req: 854/1720] 10.0.0.168 () {34 vars in 669 bytes} [Sun Aug 16 14:03:18 2026] POST /v2.0/subnets => generated 655 bytes in 776 msecs (HTTP/1.1 201) 4 headers in 162 bytes (1 switches on core 0)
2026-08-16 14:03:19.295 7 INFO neutron_taas.services.taas.taas_plugin [None req-2925244c-46cb-459e-9787-7a9621cb6674 ca9e3b083039450390bacfe93fa47d18 55b4403ec5614163ac39db01db9f873c - - default default] TaaS: Handle Delete Port: e8610739-8ecf-49a0-851b-261f2a47e59a
2026-08-16 14:03:19.298 7 INFO neutron_taas.services.taas.tap_mirror_plugin [None req-2925244c-46cb-459e-9787-7a9621cb6674 ca9e3b083039450390bacfe93fa47d18 55b4403ec5614163ac39db01db9f873c - - default default] Tap Mirror: Handle Delete Port: e8610739-8ecf-49a0-851b-261f2a47e59a [pid: 7|app: 0|req: 867/1721] 10.0.0.168 () {32 vars in 732 bytes} [Sun Aug 16 14:03:19 2026] DELETE /v2.0/floatingips/1fbb8690-4048-4b2f-8da3-432b7d9ac2a8 => generated 0 bytes in 259 msecs (HTTP/1.1 204) 2 headers in 112 bytes (1 switches on core 0)
2026-08-16 14:03:19.567 7 INFO neutron_taas.services.taas.taas_plugin [None req-387f876b-0fb6-4af0-b538-c7dc32802ca9 ca9e3b083039450390bacfe93fa47d18 55b4403ec5614163ac39db01db9f873c - - default default] TaaS: Handle Delete Port: fe7699ee-f941-43e3-a79d-4d7bb1f302cd
2026-08-16 14:03:19.567 8 INFO neutron.db.ovn_revision_numbers_db [None req-af9b1bb9-0629-4d75-aad3-6867fe73f3a1 - - - - - -] Successfully bumped revision number for resource b8e2ecfd-c520-4927-a4be-96ae2da9cbde (type: ports) to 5
2026-08-16 14:03:19.569 8 INFO neutron.db.ovn_revision_numbers_db [None req-685f739f-ca79-4f39-9246-0849c18628da - - - - - -] Successfully bumped revision number for resource 866f60ce-cc78-48ff-8255-39b7357f338d (type: router_ports) to 2
2026-08-16 14:03:19.570 7 INFO neutron_taas.services.taas.tap_mirror_plugin [None req-387f876b-0fb6-4af0-b538-c7dc32802ca9 ca9e3b083039450390bacfe93fa47d18 55b4403ec5614163ac39db01db9f873c - - default default] Tap Mirror: Handle Delete Port: fe7699ee-f941-43e3-a79d-4d7bb1f302cd
2026-08-16 14:03:19.586 8 INFO neutron.db.ovn_revision_numbers_db [None req-11386062-7e2d-4269-a808-ccc08bcfc8f4 aec2243e6a4547e19ddee8a31c7d4797 566274722d4347eb9936b1b6528706c5 - - default default] Successfully bumped revision number for resource e753c5f8-3db1-4bad-bf27-f6d599641772 (type: routers) to 1 [pid: 8|app: 0|req: 855/1722] 10.0.0.168 () {34 vars in 669 bytes} [Sun Aug 16 14:03:19 2026] POST /v2.0/routers => generated 606 bytes in 325 msecs (HTTP/1.1 201) 4 headers in 162 bytes (1 switches on core 0) [pid: 7|app: 0|req: 868/1723] 10.0.0.168 () {32 vars in 732 bytes} [Sun Aug 16 14:03:19 2026] DELETE /v2.0/floatingips/474beea1-7b4f-4005-ada3-6e84b0928a07 => generated 0 bytes in 264 msecs (HTTP/1.1 204) 2 headers in 112 bytes (1 switches on core 0)
2026-08-16 14:03:19.843 7 INFO neutron_taas.services.taas.taas_plugin [None req-8f59a684-eac2-4afd-86f3-b41a08a63285 ca9e3b083039450390bacfe93fa47d18 55b4403ec5614163ac39db01db9f873c - - default default] TaaS: Handle Delete Port: 13eaf290-9761-4eb2-91fb-16b69863cf44
2026-08-16 14:03:19.845 7 INFO neutron_taas.services.taas.tap_mirror_plugin [None req-8f59a684-eac2-4afd-86f3-b41a08a63285 ca9e3b083039450390bacfe93fa47d18 55b4403ec5614163ac39db01db9f873c - - default default] Tap Mirror: Handle Delete Port: 13eaf290-9761-4eb2-91fb-16b69863cf44 [pid: 7|app: 0|req: 869/1724] 10.0.0.168 () {32 vars in 732 bytes} [Sun Aug 16 14:03:19 2026] DELETE /v2.0/floatingips/34fa15db-2aea-40b6-a648-f4d754d44199 => generated 0 bytes in 264 msecs (HTTP/1.1 204) 2 headers in 112 bytes (1 switches on core 0)
2026-08-16 14:03:20.062 8 WARNING neutron.scheduler.dhcp_agent_scheduler [None req-fc04419f-c0f8-43b4-adfb-2b379e70522c aec2243e6a4547e19ddee8a31c7d4797 566274722d4347eb9936b1b6528706c5 - - default default] No more DHCP agents
2026-08-16 14:03:20.064 8 WARNING neutron.api.rpc.agentnotifiers.dhcp_rpc_agent_api [None req-fc04419f-c0f8-43b4-adfb-2b379e70522c aec2243e6a4547e19ddee8a31c7d4797 566274722d4347eb9936b1b6528706c5 - - default default] Unable to schedule network 2da96e69-be78-417a-af83-f45062adb347: no agents available; will retry on subsequent port and subnet creation events.
2026-08-16 14:03:20.142 7 INFO neutron.plugins.ml2.drivers.ovn.mech_driver.mech_driver [None req-6e5641c2-9416-409e-9984-929a1fc03ab4 - - - - - -] OVN reports status down for port: da31bfa4-7f89-403b-b343-cedaec155445
2026-08-16 14:03:20.164 8 INFO neutron.db.ovn_revision_numbers_db [None req-fc04419f-c0f8-43b4-adfb-2b379e70522c aec2243e6a4547e19ddee8a31c7d4797 566274722d4347eb9936b1b6528706c5 - - default default] Successfully bumped revision number for resource da31bfa4-7f89-403b-b343-cedaec155445 (type: ports) to 1 [pid: 7|app: 0|req: 870/1725] 10.0.0.136 () {34 vars in 982 bytes} [Sun Aug 16 14:03:20 2026] GET /v2.0/networks?id=472ef3a4-8998-450f-a7bb-dd96fa77741b => generated 673 bytes in 46 msecs (HTTP/1.1 200) 4 headers in 157 bytes (1 switches on core 0) [pid: 7|app: 0|req: 871/1726] 10.0.0.136 () {34 vars in 965 bytes} [Sun Aug 16 14:03:20 2026] GET /v2.0/quotas/564613221565424292631a81670bc661 => generated 292 bytes in 12 msecs (HTTP/1.1 200) 4 headers in 157 bytes (1 switches on core 0) [pid: 7|app: 0|req: 872/1727] 10.0.0.136 () {34 vars in 1002 bytes} [Sun Aug 16 14:03:20 2026] GET /v2.0/ports?tenant_id=564613221565424292631a81670bc661&fields=id => generated 103 bytes in 70 msecs (HTTP/1.1 200) 4 headers in 157 bytes (1 switches on core 0) [pid: 7|app: 0|req: 873/1728] 10.0.0.136 () {34 vars in 1008 bytes} [Sun Aug 16 14:03:20 2026] GET /v2.0/networks/472ef3a4-8998-450f-a7bb-dd96fa77741b?fields=segments => generated 14 bytes in 36 msecs (HTTP/1.1 200) 4 headers in 156 bytes (1 switches on core 0) [pid: 7|app: 0|req: 874/1729] 10.0.0.136 () {34 vars in 1108 bytes} [Sun Aug 16 14:03:20 2026] GET /v2.0/networks/472ef3a4-8998-450f-a7bb-dd96fa77741b?fields=provider%3Aphysical_network&fields=provider%3Anetwork_type => generated 79 bytes in 41 msecs (HTTP/1.1 200) 4 headers in 156 bytes (1 switches on core 0)
2026-08-16 14:03:20.576 7 INFO neutron.plugins.ml2.drivers.ovn.mech_driver.mech_driver [None req-6e5641c2-9416-409e-9984-929a1fc03ab4 - - - - - -] OVN reports status up for port: da31bfa4-7f89-403b-b343-cedaec155445
2026-08-16 14:03:20.586 7 INFO neutron.plugins.ml2.plugin [None req-6e5641c2-9416-409e-9984-929a1fc03ab4 - - - - - -] Attempt 1 to provision port da31bfa4-7f89-403b-b343-cedaec155445 [pid: 7|app: 0|req: 875/1730] 10.0.0.136 () {34 vars in 990 bytes} [Sun Aug 16 14:03:20 2026] GET /v2.0/ports?device_id=3182df60-0cd9-4f82-97a5-fd95e9c78819 => generated 12 bytes in 36 msecs (HTTP/1.1 200) 4 headers in 156 bytes (1 switches on core 0)
2026-08-16 14:03:20.710 8 WARNING neutron.scheduler.dhcp_agent_scheduler [None req-fc04419f-c0f8-43b4-adfb-2b379e70522c aec2243e6a4547e19ddee8a31c7d4797 566274722d4347eb9936b1b6528706c5 - - default default] No more DHCP agents
2026-08-16 14:03:20.712 8 WARNING neutron.api.rpc.agentnotifiers.dhcp_rpc_agent_api [None req-fc04419f-c0f8-43b4-adfb-2b379e70522c aec2243e6a4547e19ddee8a31c7d4797 566274722d4347eb9936b1b6528706c5 - - default default] Unable to schedule network 2da96e69-be78-417a-af83-f45062adb347: no agents available; will retry on subsequent port and subnet creation events.
2026-08-16 14:03:20.908 8 INFO neutron.db.ovn_revision_numbers_db [None req-fc04419f-c0f8-43b4-adfb-2b379e70522c aec2243e6a4547e19ddee8a31c7d4797 566274722d4347eb9936b1b6528706c5 - - default default] Successfully bumped revision number for resource da31bfa4-7f89-403b-b343-cedaec155445 (type: router_ports) to 1 [pid: 8|app: 0|req: 856/1731] 10.0.0.168 () {34 vars in 783 bytes} [Sun Aug 16 14:03:19 2026] PUT /v2.0/routers/e753c5f8-3db1-4bad-bf27-f6d599641772/add_router_interface => generated 309 bytes in 1295 msecs (HTTP/1.1 200) 4 headers in 157 bytes (1 switches on core 0) [pid: 8|app: 0|req: 857/1732] 10.0.0.168 () {32 vars in 717 bytes} [Sun Aug 16 14:03:20 2026] GET /v2.0/ports/da31bfa4-7f89-403b-b343-cedaec155445 => generated 947 bytes in 44 msecs (HTTP/1.1 200) 4 headers in 157 bytes (1 switches on core 0)
2026-08-16 14:03:21.038 7 INFO neutron.db.ovn_revision_numbers_db [None req-6e5641c2-9416-409e-9984-929a1fc03ab4 - - - - - -] Successfully bumped revision number for resource da31bfa4-7f89-403b-b343-cedaec155445 (type: ports) to 2
2026-08-16 14:03:21.129 7 INFO neutron.db.ovn_revision_numbers_db [None req-737e4fa4-1d81-4776-83df-9197496062a5 9f6d98f48e2f4f8db240f141065beec7 9092ff553a1d423e96aa28d698d36fb9 - - default default] Successfully bumped revision number for resource 3f71e156-5990-4ec8-814e-27461188fe7a (type: security_groups) to 1
2026-08-16 14:03:21.149 7 INFO neutron.db.ovn_revision_numbers_db [None req-737e4fa4-1d81-4776-83df-9197496062a5 9f6d98f48e2f4f8db240f141065beec7 9092ff553a1d423e96aa28d698d36fb9 - - default default] Successfully bumped revision number for resource 02ccf2b2-9747-4aec-a571-3f3f4d723b3d (type: security_group_rules) to 0
2026-08-16 14:03:21.174 7 INFO neutron.db.ovn_revision_numbers_db [None req-737e4fa4-1d81-4776-83df-9197496062a5 9f6d98f48e2f4f8db240f141065beec7 9092ff553a1d423e96aa28d698d36fb9 - - default default] Successfully bumped revision number for resource 7bc9ac83-e751-4f99-808c-b58b0aec40ed (type: security_group_rules) to 0
2026-08-16 14:03:21.195 7 INFO neutron.db.ovn_revision_numbers_db [None req-737e4fa4-1d81-4776-83df-9197496062a5 9f6d98f48e2f4f8db240f141065beec7 9092ff553a1d423e96aa28d698d36fb9 - - default default] Successfully bumped revision number for resource 7dd8147c-50c7-4b29-acef-068e349eddf0 (type: security_group_rules) to 0
2026-08-16 14:03:21.204 7 INFO neutron.db.ovn_revision_numbers_db [None req-cf273cd6-427e-409e-b494-4a1581fd1992 - - - - - -] Successfully bumped revision number for resource da31bfa4-7f89-403b-b343-cedaec155445 (type: router_ports) to 2
2026-08-16 14:03:21.216 7 INFO neutron.db.ovn_revision_numbers_db [None req-737e4fa4-1d81-4776-83df-9197496062a5 9f6d98f48e2f4f8db240f141065beec7 9092ff553a1d423e96aa28d698d36fb9 - - default default] Successfully bumped revision number for resource f969db34-faaa-4bfd-9b0f-9b7d20b6719f (type: security_group_rules) to 0 [pid: 7|app: 0|req: 876/1733] 10.0.0.168 () {32 vars in 774 bytes} [Sun Aug 16 14:03:20 2026] GET /v2.0/security-groups?tenant_id=11ab6bf01e9e42849e4e5054604295c1&name=default => generated 2925 bytes in 522 msecs (HTTP/1.1 200) 4 headers in 158 bytes (1 switches on core 0)
2026-08-16 14:03:21.391 8 WARNING neutron.scheduler.dhcp_agent_scheduler [None req-6a22d073-48ed-4a77-b648-900b6ad2a6c5 aec2243e6a4547e19ddee8a31c7d4797 566274722d4347eb9936b1b6528706c5 - - default default] No more DHCP agents
2026-08-16 14:03:21.392 8 WARNING neutron.api.rpc.agentnotifiers.dhcp_rpc_agent_api [None req-6a22d073-48ed-4a77-b648-900b6ad2a6c5 aec2243e6a4547e19ddee8a31c7d4797 566274722d4347eb9936b1b6528706c5 - - default default] Unable to schedule network 6a297e48-97f7-49be-bf0c-660483e527be: no agents available; will retry on subsequent port and subnet creation events.
2026-08-16 14:03:21.447 7 INFO neutron.plugins.ml2.drivers.ovn.mech_driver.mech_driver [None req-cf273cd6-427e-409e-b494-4a1581fd1992 - - - - - -] OVN reports status down for port: ecff75bd-f078-4131-8ded-c85dd598cc13
2026-08-16 14:03:21.464 8 INFO neutron.db.ovn_revision_numbers_db [None req-6a22d073-48ed-4a77-b648-900b6ad2a6c5 aec2243e6a4547e19ddee8a31c7d4797 566274722d4347eb9936b1b6528706c5 - - default default] Successfully bumped revision number for resource ecff75bd-f078-4131-8ded-c85dd598cc13 (type: ports) to 1 [pid: 7|app: 0|req: 877/1734] 10.0.0.168 () {32 vars in 740 bytes} [Sun Aug 16 14:03:21 2026] DELETE /v2.0/security-groups/3f71e156-5990-4ec8-814e-27461188fe7a => generated 0 bytes in 260 msecs (HTTP/1.1 204) 2 headers in 112 bytes (1 switches on core 0)
2026-08-16 14:03:21.813 7 INFO neutron.db.ovn_revision_numbers_db [None req-258f34dc-cbb3-481e-83e3-30c8e11a7bb0 9f6d98f48e2f4f8db240f141065beec7 9092ff553a1d423e96aa28d698d36fb9 - - default default] Successfully bumped revision number for resource 6ad9c6e8-0a69-4499-a526-f3e78500bb4b (type: security_groups) to 1
2026-08-16 14:03:21.827 7 INFO neutron.db.ovn_revision_numbers_db [None req-258f34dc-cbb3-481e-83e3-30c8e11a7bb0 9f6d98f48e2f4f8db240f141065beec7 9092ff553a1d423e96aa28d698d36fb9 - - default default] Successfully bumped revision number for resource 5dd4f39f-bc55-4f37-b5d9-8b66b3f4748f (type: security_group_rules) to 0
2026-08-16 14:03:21.839 7 INFO neutron.db.ovn_revision_numbers_db [None req-258f34dc-cbb3-481e-83e3-30c8e11a7bb0 9f6d98f48e2f4f8db240f141065beec7 9092ff553a1d423e96aa28d698d36fb9 - - default default] Successfully bumped revision number for resource 7abd2e09-8f79-4a70-bbec-fb4e2cd60a78 (type: security_group_rules) to 0
2026-08-16 14:03:21.854 7 INFO neutron.db.ovn_revision_numbers_db [None req-258f34dc-cbb3-481e-83e3-30c8e11a7bb0 9f6d98f48e2f4f8db240f141065beec7 9092ff553a1d423e96aa28d698d36fb9 - - default default] Successfully bumped revision number for resource 99fc981a-0d3c-4c41-a766-67cb4dcc58ff (type: security_group_rules) to 0
2026-08-16 14:03:21.868 7 INFO neutron.db.ovn_revision_numbers_db [None req-258f34dc-cbb3-481e-83e3-30c8e11a7bb0 9f6d98f48e2f4f8db240f141065beec7 9092ff553a1d423e96aa28d698d36fb9 - - default default] Successfully bumped revision number for resource e20792e0-9398-466b-8cbd-3e4646b95da4 (type: security_group_rules) to 0 [pid: 7|app: 0|req: 878/1735] 10.0.0.168 () {32 vars in 774 bytes} [Sun Aug 16 14:03:21 2026] GET /v2.0/security-groups?tenant_id=55b4403ec5614163ac39db01db9f873c&name=default => generated 2925 bytes in 237 msecs (HTTP/1.1 200) 4 headers in 158 bytes (1 switches on core 0) [pid: 7|app: 0|req: 879/1736] 10.0.0.136 () {34 vars in 990 bytes} [Sun Aug 16 14:03:21 2026] GET /v2.0/ports?device_id=3182df60-0cd9-4f82-97a5-fd95e9c78819 => generated 12 bytes in 22 msecs (HTTP/1.1 200) 4 headers in 156 bytes (1 switches on core 0)
2026-08-16 14:03:22.011 7 INFO neutron.plugins.ml2.drivers.ovn.mech_driver.mech_driver [None req-cf273cd6-427e-409e-b494-4a1581fd1992 - - - - - -] OVN reports status up for port: ecff75bd-f078-4131-8ded-c85dd598cc13
2026-08-16 14:03:22.038 7 INFO neutron.plugins.ml2.plugin [None req-cf273cd6-427e-409e-b494-4a1581fd1992 - - - - - -] Attempt 1 to provision port ecff75bd-f078-4131-8ded-c85dd598cc13
2026-08-16 14:03:22.042 8 INFO neutron.plugins.ml2.plugin [None req-6a22d073-48ed-4a77-b648-900b6ad2a6c5 aec2243e6a4547e19ddee8a31c7d4797 566274722d4347eb9936b1b6528706c5 - - default default] Attempt 1 to provision port ecff75bd-f078-4131-8ded-c85dd598cc13
2026-08-16 14:03:22.100 8 WARNING neutron.scheduler.dhcp_agent_scheduler [None req-6a22d073-48ed-4a77-b648-900b6ad2a6c5 aec2243e6a4547e19ddee8a31c7d4797 566274722d4347eb9936b1b6528706c5 - - default default] No more DHCP agents
2026-08-16 14:03:22.101 8 WARNING neutron.api.rpc.agentnotifiers.dhcp_rpc_agent_api [None req-6a22d073-48ed-4a77-b648-900b6ad2a6c5 aec2243e6a4547e19ddee8a31c7d4797 566274722d4347eb9936b1b6528706c5 - - default default] Unable to schedule network 6a297e48-97f7-49be-bf0c-660483e527be: no agents available; will retry on subsequent port and subnet creation events.
2026-08-16 14:03:22.221 7 INFO neutron.db.ovn_revision_numbers_db [None req-f418f418-bf21-4026-bbae-41a5e4c91d12 9f6d98f48e2f4f8db240f141065beec7 9092ff553a1d423e96aa28d698d36fb9 - - default default] Successfully bumped revision number for resource aea4adef-cd51-4364-ab0e-f1903b4396f8 (type: security_groups) to 1
2026-08-16 14:03:22.251 7 INFO neutron.db.ovn_revision_numbers_db [None req-f418f418-bf21-4026-bbae-41a5e4c91d12 9f6d98f48e2f4f8db240f141065beec7 9092ff553a1d423e96aa28d698d36fb9 - - default default] Successfully bumped revision number for resource 187392a1-77f3-4c35-8681-94f2c9226350 (type: security_group_rules) to 0
2026-08-16 14:03:22.273 8 INFO neutron.db.ovn_revision_numbers_db [None req-6a22d073-48ed-4a77-b648-900b6ad2a6c5 aec2243e6a4547e19ddee8a31c7d4797 566274722d4347eb9936b1b6528706c5 - - default default] Successfully bumped revision number for resource ecff75bd-f078-4131-8ded-c85dd598cc13 (type: router_ports) to 1 [pid: 8|app: 0|req: 858/1737] 10.0.0.168 () {34 vars in 783 bytes} [Sun Aug 16 14:03:20 2026] PUT /v2.0/routers/e753c5f8-3db1-4bad-bf27-f6d599641772/add_router_interface => generated 309 bytes in 1310 msecs (HTTP/1.1 200) 4 headers in 157 bytes (1 switches on core 0)
2026-08-16 14:03:22.307 7 INFO neutron.db.ovn_revision_numbers_db [None req-f418f418-bf21-4026-bbae-41a5e4c91d12 9f6d98f48e2f4f8db240f141065beec7 9092ff553a1d423e96aa28d698d36fb9 - - default default] Successfully bumped revision number for resource b9aa137f-b34a-43c1-b2dc-2eaecc2f1dae (type: security_group_rules) to 0
2026-08-16 14:03:22.331 7 INFO neutron.db.ovn_revision_numbers_db [None req-f418f418-bf21-4026-bbae-41a5e4c91d12 9f6d98f48e2f4f8db240f141065beec7 9092ff553a1d423e96aa28d698d36fb9 - - default default] Successfully bumped revision number for resource e5f7e31f-cb29-4985-b663-75c68c23abe7 (type: security_group_rules) to 0
2026-08-16 14:03:22.354 7 INFO neutron.db.ovn_revision_numbers_db [None req-f418f418-bf21-4026-bbae-41a5e4c91d12 9f6d98f48e2f4f8db240f141065beec7 9092ff553a1d423e96aa28d698d36fb9 - - default default] Successfully bumped revision number for resource fbba03ec-1b7f-4fc8-a124-1488efa9c29d (type: security_group_rules) to 0 [pid: 7|app: 0|req: 880/1738] 10.0.0.168 () {32 vars in 774 bytes} [Sun Aug 16 14:03:21 2026] GET /v2.0/security-groups?tenant_id=8bd411a65db4440d935ea781a1c4a57c&name=default => generated 2925 bytes in 488 msecs (HTTP/1.1 200) 4 headers in 158 bytes (1 switches on core 0) [pid: 8|app: 0|req: 859/1739] 10.0.0.168 () {32 vars in 740 bytes} [Sun Aug 16 14:03:22 2026] DELETE /v2.0/security-groups/6ad9c6e8-0a69-4499-a526-f3e78500bb4b => generated 0 bytes in 178 msecs (HTTP/1.1 204) 2 headers in 112 bytes (1 switches on core 0) [pid: 7|app: 0|req: 881/1740] 10.0.0.168 () {32 vars in 717 bytes} [Sun Aug 16 14:03:22 2026] GET /v2.0/ports/ecff75bd-f078-4131-8ded-c85dd598cc13 => generated 955 bytes in 154 msecs (HTTP/1.1 200) 4 headers in 157 bytes (1 switches on core 0) [pid: 8|app: 0|req: 860/1741] 10.0.0.168 () {32 vars in 740 bytes} [Sun Aug 16 14:03:22 2026] DELETE /v2.0/security-groups/aea4adef-cd51-4364-ab0e-f1903b4396f8 => generated 0 bytes in 189 msecs (HTTP/1.1 204) 2 headers in 112 bytes (1 switches on core 0)
2026-08-16 14:03:22.676 7 INFO neutron.db.ovn_revision_numbers_db [None req-cf273cd6-427e-409e-b494-4a1581fd1992 - - - - - -] Successfully bumped revision number for resource ecff75bd-f078-4131-8ded-c85dd598cc13 (type: ports) to 2 [pid: 8|app: 0|req: 861/1742] 10.0.0.168 () {32 vars in 717 bytes} [Sun Aug 16 14:03:22 2026] GET /v2.0/ports/ecff75bd-f078-4131-8ded-c85dd598cc13 => generated 955 bytes in 38 msecs (HTTP/1.1 200) 4 headers in 157 bytes (1 switches on core 0)
2026-08-16 14:03:22.793 7 INFO neutron.db.ovn_revision_numbers_db [None req-f867e31e-454f-40a8-b470-263ffc3716b5 9f6d98f48e2f4f8db240f141065beec7 9092ff553a1d423e96aa28d698d36fb9 - - default default] Successfully bumped revision number for resource e57d01ca-b250-4ae7-99de-cc1422e5e1c7 (type: security_groups) to 1
2026-08-16 14:03:22.814 7 INFO neutron.db.ovn_revision_numbers_db [None req-f867e31e-454f-40a8-b470-263ffc3716b5 9f6d98f48e2f4f8db240f141065beec7 9092ff553a1d423e96aa28d698d36fb9 - - default default] Successfully bumped revision number for resource 0c85a5ee-7e56-4875-8328-4e242bb0d64f (type: security_group_rules) to 0
2026-08-16 14:03:22.835 7 INFO neutron.db.ovn_revision_numbers_db [None req-f867e31e-454f-40a8-b470-263ffc3716b5 9f6d98f48e2f4f8db240f141065beec7 9092ff553a1d423e96aa28d698d36fb9 - - default default] Successfully bumped revision number for resource 2bd85038-5e31-4b1d-89f6-14756ebffbc3 (type: security_group_rules) to 0
2026-08-16 14:03:22.848 7 INFO neutron.db.ovn_revision_numbers_db [None req-f867e31e-454f-40a8-b470-263ffc3716b5 9f6d98f48e2f4f8db240f141065beec7 9092ff553a1d423e96aa28d698d36fb9 - - default default] Successfully bumped revision number for resource 7d1fc5cc-fbd0-4a4e-a42b-cb024dc5290e (type: security_group_rules) to 0
2026-08-16 14:03:22.861 7 INFO neutron.db.ovn_revision_numbers_db [None req-dde8ecf8-619f-4f02-a154-c778bf6cf44e - - - - - -] Successfully bumped revision number for resource ecff75bd-f078-4131-8ded-c85dd598cc13 (type: router_ports) to 2
2026-08-16 14:03:22.872 7 INFO neutron.db.ovn_revision_numbers_db [None req-f867e31e-454f-40a8-b470-263ffc3716b5 9f6d98f48e2f4f8db240f141065beec7 9092ff553a1d423e96aa28d698d36fb9 - - default default] Successfully bumped revision number for resource f50f362a-2abd-4683-8547-98be780bc935 (type: security_group_rules) to 0 [pid: 7|app: 0|req: 882/1743] 10.0.0.168 () {32 vars in 774 bytes} [Sun Aug 16 14:03:22 2026] GET /v2.0/security-groups?tenant_id=fa57c20174b9461db0ab409ce273c3a6&name=default => generated 2925 bytes in 349 msecs (HTTP/1.1 200) 4 headers in 158 bytes (1 switches on core 0)
2026-08-16 14:03:22.969 8 INFO neutron_taas.services.taas.taas_plugin [None req-571c1605-2eba-47bf-9570-6765b19ef24a aec2243e6a4547e19ddee8a31c7d4797 566274722d4347eb9936b1b6528706c5 - - default default] TaaS: Handle Delete Port: ecff75bd-f078-4131-8ded-c85dd598cc13
2026-08-16 14:03:22.974 8 INFO neutron_taas.services.taas.tap_mirror_plugin [None req-571c1605-2eba-47bf-9570-6765b19ef24a aec2243e6a4547e19ddee8a31c7d4797 566274722d4347eb9936b1b6528706c5 - - default default] Tap Mirror: Handle Delete Port: ecff75bd-f078-4131-8ded-c85dd598cc13 [pid: 7|app: 0|req: 883/1744] 10.0.0.168 () {32 vars in 740 bytes} [Sun Aug 16 14:03:22 2026] DELETE /v2.0/security-groups/e57d01ca-b250-4ae7-99de-cc1422e5e1c7 => generated 0 bytes in 234 msecs (HTTP/1.1 204) 2 headers in 112 bytes (1 switches on core 0) [pid: 7|app: 0|req: 884/1745] 10.0.0.136 () {34 vars in 990 bytes} [Sun Aug 16 14:03:23 2026] GET /v2.0/ports?device_id=3182df60-0cd9-4f82-97a5-fd95e9c78819 => generated 12 bytes in 17 msecs (HTTP/1.1 200) 4 headers in 156 bytes (1 switches on core 0) [pid: 8|app: 0|req: 862/1746] 10.0.0.168 () {34 vars in 789 bytes} [Sun Aug 16 14:03:22 2026] PUT /v2.0/routers/e753c5f8-3db1-4bad-bf27-f6d599641772/remove_router_interface => generated 309 bytes in 589 msecs (HTTP/1.1 200) 4 headers in 157 bytes (1 switches on core 0) [pid: 7|app: 0|req: 885/1747] 10.0.0.168 () {32 vars in 717 bytes} [Sun Aug 16 14:03:23 2026] GET /v2.0/ports/da31bfa4-7f89-403b-b343-cedaec155445 => generated 947 bytes in 67 msecs (HTTP/1.1 200) 4 headers in 157 bytes (1 switches on core 0) /var/lib/openstack/lib/python3.12/site-packages/pycadf/identifier.py:70: UserWarning: Invalid uuid: neutron. To ensure interoperability, identifiers should be a valid uuid. warnings.warn(('Invalid uuid: %s. To ensure interoperability, '
2026-08-16 14:03:23.651 8 INFO neutron_taas.services.taas.taas_plugin [None req-1a91b928-447b-4bde-a1c2-42396d87a65b aec2243e6a4547e19ddee8a31c7d4797 566274722d4347eb9936b1b6528706c5 - - default default] TaaS: Handle Delete Port: da31bfa4-7f89-403b-b343-cedaec155445
2026-08-16 14:03:23.654 8 INFO neutron_taas.services.taas.tap_mirror_plugin [None req-1a91b928-447b-4bde-a1c2-42396d87a65b aec2243e6a4547e19ddee8a31c7d4797 566274722d4347eb9936b1b6528706c5 - - default default] Tap Mirror: Handle Delete Port: da31bfa4-7f89-403b-b343-cedaec155445 [pid: 8|app: 0|req: 863/1748] 10.0.0.168 () {34 vars in 789 bytes} [Sun Aug 16 14:03:23 2026] PUT /v2.0/routers/e753c5f8-3db1-4bad-bf27-f6d599641772/remove_router_interface => generated 309 bytes in 585 msecs (HTTP/1.1 200) 4 headers in 157 bytes (1 switches on core 0) [pid: 7|app: 0|req: 886/1749] 10.0.0.168 () {32 vars in 736 bytes} [Sun Aug 16 14:03:23 2026] GET /v2.0/ports?device_id=e753c5f8-3db1-4bad-bf27-f6d599641772 => generated 12 bytes in 19 msecs (HTTP/1.1 200) 4 headers in 156 bytes (1 switches on core 0) /var/lib/openstack/lib/python3.12/site-packages/pycadf/identifier.py:70: UserWarning: Invalid uuid: neutron. To ensure interoperability, identifiers should be a valid uuid. warnings.warn(('Invalid uuid: %s. To ensure interoperability, ' [pid: 8|app: 0|req: 864/1750] 10.0.0.168 () {32 vars in 724 bytes} [Sun Aug 16 14:03:23 2026] DELETE /v2.0/routers/e753c5f8-3db1-4bad-bf27-f6d599641772 => generated 0 bytes in 188 msecs (HTTP/1.1 204) 2 headers in 112 bytes (1 switches on core 0) [pid: 8|app: 0|req: 865/1751] 10.0.0.136 () {34 vars in 990 bytes} [Sun Aug 16 14:03:24 2026] GET /v2.0/ports?device_id=3182df60-0cd9-4f82-97a5-fd95e9c78819 => generated 12 bytes in 20 msecs (HTTP/1.1 200) 4 headers in 156 bytes (1 switches on core 0) [pid: 7|app: 0|req: 887/1752] 10.0.0.168 () {32 vars in 724 bytes} [Sun Aug 16 14:03:24 2026] DELETE /v2.0/subnets/41e854bc-32d7-4bf1-9d6b-7429faae3456 => generated 0 bytes in 139 msecs (HTTP/1.1 204) 3 headers in 131 bytes (1 switches on core 0) [pid: 8|app: 0|req: 866/1753] 10.0.0.168 () {32 vars in 724 bytes} [Sun Aug 16 14:03:24 2026] DELETE /v2.0/subnets/83825004-0835-45ce-87e8-fd27d15d2b85 => generated 0 bytes in 128 msecs (HTTP/1.1 204) 3 headers in 131 bytes (1 switches on core 0)
2026-08-16 14:03:24.587 7 INFO neutron_taas.services.taas.taas_plugin [None req-87b2c099-d927-4593-b55d-33d751db48d5 aec2243e6a4547e19ddee8a31c7d4797 566274722d4347eb9936b1b6528706c5 - - default default] TaaS: Handle Delete Port: 03f0a42d-a148-4c6c-b2b2-5ef13272dd23
2026-08-16 14:03:24.590 7 INFO neutron_taas.services.taas.tap_mirror_plugin [None req-87b2c099-d927-4593-b55d-33d751db48d5 aec2243e6a4547e19ddee8a31c7d4797 566274722d4347eb9936b1b6528706c5 - - default default] Tap Mirror: Handle Delete Port: 03f0a42d-a148-4c6c-b2b2-5ef13272dd23
2026-08-16 14:03:24.790 7 INFO neutron.services.segments.plugin [-] Segment 4e493e62-a6da-4d4c-a146-5cac5f99db0b resource provider aggregate not found
2026-08-16 14:03:24.792 7 INFO neutron.services.segments.plugin [-] Segment 4e493e62-a6da-4d4c-a146-5cac5f99db0b resource provider aggregate not found
