2026-08-16 14:10:08.685 7 INFO neutron_taas.services.taas.tap_mirror_plugin [req-42ad5fb3-3648-4203-a11c-8450c8be0f55 req-f7633882-eb1d-4e21-b7ac-9954404468d9 194792cc5d504342bde79ddb8075ea4a 4640df8a5a84446e98927ede8a4f8729 - - default default] Tap Mirror: Handle Delete Port: 93d41b28-a7d1-4867-8baf-d562bbd47fa4 [pid: 7|app: 0|req: 1824/3578] 199.204.45.235 () {36 vars in 997 bytes} [Sun Aug 16 14:10:08 2026] DELETE /v2.0/ports/93d41b28-a7d1-4867-8baf-d562bbd47fa4 => generated 0 bytes in 263 msecs (HTTP/1.1 204) 3 headers in 131 bytes (1 switches on core 0) [pid: 8|app: 0|req: 1755/3579] 10.0.0.226 () {28 vars in 583 bytes} [Sun Aug 16 14:10:09 2026] GET /v2.0/subnets => generated 5512 bytes in 76 msecs (HTTP/1.1 200) 4 headers in 158 bytes (1 switches on core 0) [pid: 7|app: 0|req: 1825/3580] 10.0.0.226 () {28 vars in 579 bytes} [Sun Aug 16 14:10:09 2026] GET /v2.0/ports => generated 12564 bytes in 67 msecs (HTTP/1.1 200) 4 headers in 159 bytes (1 switches on core 0) [pid: 8|app: 0|req: 1756/3581] 10.0.0.226 () {28 vars in 619 bytes} [Sun Aug 16 14:10:09 2026] GET /v2.0/network-ip-availabilities => generated 3187 bytes in 17 msecs (HTTP/1.1 200) 4 headers in 158 bytes (1 switches on core 0) [pid: 7|app: 0|req: 1826/3582] 10.0.0.226 () {28 vars in 583 bytes} [Sun Aug 16 14:10:09 2026] GET /v2.0/subnets => generated 5512 bytes in 45 msecs (HTTP/1.1 200) 4 headers in 158 bytes (1 switches on core 0) [pid: 8|app: 0|req: 1757/3583] 10.0.0.226 () {28 vars in 591 bytes} [Sun Aug 16 14:10:09 2026] GET /v2.0/subnetpools => generated 19 bytes in 12 msecs (HTTP/1.1 200) 4 headers in 156 bytes (1 switches on core 0) [pid: 7|app: 0|req: 1827/3584] 10.0.0.226 () {28 vars in 583 bytes} [Sun Aug 16 14:10:09 2026] GET /v2.0/routers => generated 966 bytes in 68 msecs (HTTP/1.1 200) 4 headers in 157 bytes (1 switches on core 0) [pid: 8|app: 0|req: 1758/3585] 10.0.0.226 () {28 vars in 624 bytes} [Sun Aug 16 14:10:09 2026] GET /v2.0/agents?binary=ovn-controller => generated 416 bytes in 31 msecs (HTTP/1.1 200) 4 headers in 157 bytes (1 switches on core 0) [pid: 7|app: 0|req: 1828/3586] 10.0.0.226 () {28 vars in 585 bytes} [Sun Aug 16 14:10:09 2026] GET /v2.0/networks => generated 4543 bytes in 81 msecs (HTTP/1.1 200) 4 headers in 158 bytes (1 switches on core 0) [pid: 8|app: 0|req: 1759/3587] 10.0.0.226 () {28 vars in 599 bytes} [Sun Aug 16 14:10:09 2026] GET /v2.0/security-groups => generated 28657 bytes in 46 msecs (HTTP/1.1 200) 4 headers in 159 bytes (1 switches on core 0) [pid: 7|app: 0|req: 1829/3588] 10.0.0.226 () {28 vars in 581 bytes} [Sun Aug 16 14:10:09 2026] GET /v2.0/agents => generated 1214 bytes in 10 msecs (HTTP/1.1 200) 4 headers in 158 bytes (1 switches on core 0) [pid: 8|app: 0|req: 1760/3589] 10.0.0.226 () {28 vars in 591 bytes} [Sun Aug 16 14:10:09 2026] GET /v2.0/floatingips => generated 19 bytes in 24 msecs (HTTP/1.1 200) 4 headers in 156 bytes (1 switches on core 0)
2026-08-16 14:10:10.182 7 INFO neutron.notifiers.nova [-] Nova event matching ['req-ea693e38-06f1-4969-a273-6d4432a0b7b7'] response: {'server_uuid': 'a845a40f-9ce3-4610-9925-a65aaf2263d2', 'name': 'network-vif-deleted', 'tag': '93d41b28-a7d1-4867-8baf-d562bbd47fa4', 'status': 'completed', 'code': 200} [pid: 8|app: 0|req: 1762/3592] 10.0.0.136 () {34 vars in 990 bytes} [Sun Aug 16 14:10:11 2026] GET /v2.0/ports?device_id=a845a40f-9ce3-4610-9925-a65aaf2263d2 => generated 12 bytes in 22 msecs (HTTP/1.1 200) 4 headers in 156 bytes (1 switches on core 0) [pid: 7|app: 0|req: 1831/3593] 10.0.0.168 () {32 vars in 750 bytes} [Sun Aug 16 14:10:16 2026] DELETE /v2.0/security-group-rules/3622b07a-57ad-4799-8c63-ab2198cf9703 => generated 0 bytes in 192 msecs (HTTP/1.1 204) 2 headers in 112 bytes (1 switches on core 0)
2026-08-16 14:10:16.752 8 INFO neutron.api.v2.resource [None req-adbcf80d-21ed-40e7-b69f-e7c6743c2bff 194792cc5d504342bde79ddb8075ea4a 4640df8a5a84446e98927ede8a4f8729 - - default default] show failed (client error): The resource could not be found. [pid: 8|app: 0|req: 1763/3594] 10.0.0.168 () {32 vars in 747 bytes} [Sun Aug 16 14:10:16 2026] GET /v2.0/security-group-rules/3622b07a-57ad-4799-8c63-ab2198cf9703 => generated 155 bytes in 11 msecs (HTTP/1.1 404) 4 headers in 164 bytes (1 switches on core 0) [pid: 7|app: 0|req: 1832/3595] 10.0.0.168 () {32 vars in 750 bytes} [Sun Aug 16 14:10:16 2026] DELETE /v2.0/security-group-rules/d29f8f70-0c7d-4645-8692-79b1cfe7731a => generated 0 bytes in 140 msecs (HTTP/1.1 204) 2 headers in 112 bytes (1 switches on core 0)
2026-08-16 14:10:16.911 8 INFO neutron.api.v2.resource [None req-e6b18825-8b66-491c-b398-19eb2892cff4 194792cc5d504342bde79ddb8075ea4a 4640df8a5a84446e98927ede8a4f8729 - - default default] show failed (client error): The resource could not be found. [pid: 8|app: 0|req: 1764/3596] 10.0.0.168 () {32 vars in 747 bytes} [Sun Aug 16 14:10:16 2026] GET /v2.0/security-group-rules/d29f8f70-0c7d-4645-8692-79b1cfe7731a => generated 155 bytes in 11 msecs (HTTP/1.1 404) 4 headers in 164 bytes (1 switches on core 0) [pid: 7|app: 0|req: 1833/3597] 10.0.0.168 () {32 vars in 750 bytes} [Sun Aug 16 14:10:16 2026] DELETE /v2.0/security-group-rules/b4784f6e-b7a5-4e04-a72a-7eefaf40ed4e => generated 0 bytes in 131 msecs (HTTP/1.1 204) 2 headers in 112 bytes (1 switches on core 0)
2026-08-16 14:10:17.059 8 INFO neutron.api.v2.resource [None req-834a820c-6a37-4523-97b5-8c8212d435fa 194792cc5d504342bde79ddb8075ea4a 4640df8a5a84446e98927ede8a4f8729 - - default default] show failed (client error): The resource could not be found. [pid: 8|app: 0|req: 1765/3598] 10.0.0.168 () {32 vars in 747 bytes} [Sun Aug 16 14:10:17 2026] GET /v2.0/security-group-rules/b4784f6e-b7a5-4e04-a72a-7eefaf40ed4e => generated 155 bytes in 8 msecs (HTTP/1.1 404) 4 headers in 164 bytes (1 switches on core 0) [pid: 7|app: 0|req: 1834/3599] 10.0.0.168 () {32 vars in 750 bytes} [Sun Aug 16 14:10:17 2026] DELETE /v2.0/security-group-rules/a66a25fd-11f0-46cb-8866-763ff4f1ab88 => generated 0 bytes in 112 msecs (HTTP/1.1 204) 2 headers in 112 bytes (1 switches on core 0)
2026-08-16 14:10:17.193 8 INFO neutron.api.v2.resource [None req-c6ba1e14-a2a1-4c73-88d7-74b004cafa76 194792cc5d504342bde79ddb8075ea4a 4640df8a5a84446e98927ede8a4f8729 - - default default] show failed (client error): The resource could not be found. [pid: 8|app: 0|req: 1766/3600] 10.0.0.168 () {32 vars in 747 bytes} [Sun Aug 16 14:10:17 2026] GET /v2.0/security-group-rules/a66a25fd-11f0-46cb-8866-763ff4f1ab88 => generated 155 bytes in 13 msecs (HTTP/1.1 404) 4 headers in 164 bytes (1 switches on core 0) [pid: 7|app: 0|req: 1835/3601] 10.0.0.168 () {32 vars in 750 bytes} [Sun Aug 16 14:10:17 2026] DELETE /v2.0/security-group-rules/2adfd567-df93-468d-9384-5d4e507ea461 => generated 0 bytes in 144 msecs (HTTP/1.1 204) 2 headers in 112 bytes (1 switches on core 0)
2026-08-16 14:10:17.360 8 INFO neutron.api.v2.resource [None req-2c902821-d20b-44f5-ab26-b93ac55b3a3a 194792cc5d504342bde79ddb8075ea4a 4640df8a5a84446e98927ede8a4f8729 - - default default] show failed (client error): The resource could not be found. [pid: 8|app: 0|req: 1767/3602] 10.0.0.168 () {32 vars in 747 bytes} [Sun Aug 16 14:10:17 2026] GET /v2.0/security-group-rules/2adfd567-df93-468d-9384-5d4e507ea461 => generated 155 bytes in 13 msecs (HTTP/1.1 404) 4 headers in 164 bytes (1 switches on core 0) [pid: 7|app: 0|req: 1836/3603] 10.0.0.168 () {32 vars in 750 bytes} [Sun Aug 16 14:10:17 2026] DELETE /v2.0/security-group-rules/7c7a5654-d4a9-47a1-b441-eddd17b1c471 => generated 0 bytes in 118 msecs (HTTP/1.1 204) 2 headers in 112 bytes (1 switches on core 0)
2026-08-16 14:10:17.499 8 INFO neutron.api.v2.resource [None req-a1ea6dad-0283-40e4-b531-e88c70050670 194792cc5d504342bde79ddb8075ea4a 4640df8a5a84446e98927ede8a4f8729 - - default default] show failed (client error): The resource could not be found. [pid: 8|app: 0|req: 1768/3604] 10.0.0.168 () {32 vars in 747 bytes} [Sun Aug 16 14:10:17 2026] GET /v2.0/security-group-rules/7c7a5654-d4a9-47a1-b441-eddd17b1c471 => generated 155 bytes in 12 msecs (HTTP/1.1 404) 4 headers in 164 bytes (1 switches on core 0) [pid: 7|app: 0|req: 1837/3605] 10.0.0.168 () {32 vars in 750 bytes} [Sun Aug 16 14:10:17 2026] DELETE /v2.0/security-group-rules/b6d069b1-6bcb-4961-a334-7218a43ca730 => generated 0 bytes in 117 msecs (HTTP/1.1 204) 2 headers in 112 bytes (1 switches on core 0)
2026-08-16 14:10:17.636 8 INFO neutron.api.v2.resource [None req-638dddae-a5fc-4ebd-a399-a59674971434 194792cc5d504342bde79ddb8075ea4a 4640df8a5a84446e98927ede8a4f8729 - - default default] show failed (client error): The resource could not be found. [pid: 8|app: 0|req: 1769/3606] 10.0.0.168 () {32 vars in 747 bytes} [Sun Aug 16 14:10:17 2026] GET /v2.0/security-group-rules/b6d069b1-6bcb-4961-a334-7218a43ca730 => generated 155 bytes in 11 msecs (HTTP/1.1 404) 4 headers in 164 bytes (1 switches on core 0) [pid: 7|app: 0|req: 1838/3607] 10.0.0.168 () {32 vars in 750 bytes} [Sun Aug 16 14:10:17 2026] DELETE /v2.0/security-group-rules/285a755c-31f1-4a61-967c-1fba0226d7d9 => generated 0 bytes in 140 msecs (HTTP/1.1 204) 2 headers in 112 bytes (1 switches on core 0)
2026-08-16 14:10:17.799 8 INFO neutron.api.v2.resource [None req-9ee63671-e9eb-49eb-b926-d6691c2bbaf3 194792cc5d504342bde79ddb8075ea4a 4640df8a5a84446e98927ede8a4f8729 - - default default] show failed (client error): The resource could not be found. [pid: 8|app: 0|req: 1770/3608] 10.0.0.168 () {32 vars in 747 bytes} [Sun Aug 16 14:10:17 2026] GET /v2.0/security-group-rules/285a755c-31f1-4a61-967c-1fba0226d7d9 => generated 155 bytes in 12 msecs (HTTP/1.1 404) 4 headers in 164 bytes (1 switches on core 0) [pid: 7|app: 0|req: 1839/3609] 10.0.0.168 () {32 vars in 750 bytes} [Sun Aug 16 14:10:17 2026] DELETE /v2.0/security-group-rules/e68f5ecf-b006-4d02-a3d0-2a74ca4b324f => generated 0 bytes in 101 msecs (HTTP/1.1 204) 2 headers in 112 bytes (1 switches on core 0)
2026-08-16 14:10:17.920 8 INFO neutron.api.v2.resource [None req-08fab6ba-739f-4ea1-b3d5-52cf43076d0d 194792cc5d504342bde79ddb8075ea4a 4640df8a5a84446e98927ede8a4f8729 - - default default] show failed (client error): The resource could not be found. [pid: 8|app: 0|req: 1771/3610] 10.0.0.168 () {32 vars in 747 bytes} [Sun Aug 16 14:10:17 2026] GET /v2.0/security-group-rules/e68f5ecf-b006-4d02-a3d0-2a74ca4b324f => generated 155 bytes in 11 msecs (HTTP/1.1 404) 4 headers in 164 bytes (1 switches on core 0) [pid: 7|app: 0|req: 1840/3611] 10.0.0.168 () {32 vars in 750 bytes} [Sun Aug 16 14:10:17 2026] DELETE /v2.0/security-group-rules/2961661f-99e7-4a81-adf3-874fb3261cfb => generated 0 bytes in 105 msecs (HTTP/1.1 204) 2 headers in 112 bytes (1 switches on core 0)
2026-08-16 14:10:18.041 8 INFO neutron.api.v2.resource [None req-d4c32c26-0cb8-43c9-89a5-f502ca54eea3 194792cc5d504342bde79ddb8075ea4a 4640df8a5a84446e98927ede8a4f8729 - - default default] show failed (client error): The resource could not be found. [pid: 8|app: 0|req: 1772/3612] 10.0.0.168 () {32 vars in 747 bytes} [Sun Aug 16 14:10:18 2026] GET /v2.0/security-group-rules/2961661f-99e7-4a81-adf3-874fb3261cfb => generated 155 bytes in 7 msecs (HTTP/1.1 404) 4 headers in 164 bytes (1 switches on core 0) [pid: 7|app: 0|req: 1841/3613] 10.0.0.168 () {32 vars in 750 bytes} [Sun Aug 16 14:10:18 2026] DELETE /v2.0/security-group-rules/44961d30-1fb6-4946-a48e-50a475b5ea40 => generated 0 bytes in 110 msecs (HTTP/1.1 204) 2 headers in 112 bytes (1 switches on core 0)
2026-08-16 14:10:18.173 8 INFO neutron.api.v2.resource [None req-267c60bb-74a7-40d3-af54-7aa75ca0ed47 194792cc5d504342bde79ddb8075ea4a 4640df8a5a84446e98927ede8a4f8729 - - default default] show failed (client error): The resource could not be found. [pid: 8|app: 0|req: 1773/3614] 10.0.0.168 () {32 vars in 747 bytes} [Sun Aug 16 14:10:18 2026] GET /v2.0/security-group-rules/44961d30-1fb6-4946-a48e-50a475b5ea40 => generated 155 bytes in 12 msecs (HTTP/1.1 404) 4 headers in 164 bytes (1 switches on core 0) [pid: 7|app: 0|req: 1842/3615] 10.0.0.168 () {32 vars in 740 bytes} [Sun Aug 16 14:10:18 2026] DELETE /v2.0/security-groups/10c6fd3b-c1bd-4cfe-a3d1-bbf973914b1f => generated 0 bytes in 100 msecs (HTTP/1.1 204) 2 headers in 112 bytes (1 switches on core 0)
2026-08-16 14:10:18.295 8 INFO neutron.api.v2.resource [None req-2d32a7a6-6756-42b3-bbbc-58be319b85ba 194792cc5d504342bde79ddb8075ea4a 4640df8a5a84446e98927ede8a4f8729 - - default default] show failed (client error): The resource could not be found. [pid: 8|app: 0|req: 1774/3616] 10.0.0.168 () {32 vars in 737 bytes} [Sun Aug 16 14:10:18 2026] GET /v2.0/security-groups/10c6fd3b-c1bd-4cfe-a3d1-bbf973914b1f => generated 146 bytes in 12 msecs (HTTP/1.1 404) 4 headers in 164 bytes (1 switches on core 0)
2026-08-16 14:10:18.605 7 INFO neutron_taas.services.taas.taas_plugin [None req-03dce140-b0ec-4803-88fd-8e58b5a14a76 194792cc5d504342bde79ddb8075ea4a 4640df8a5a84446e98927ede8a4f8729 - - default default] TaaS: Handle Delete Port: 66121077-046e-4f99-be9b-f93743a0a05e
2026-08-16 14:10:18.607 7 INFO neutron_taas.services.taas.tap_mirror_plugin [None req-03dce140-b0ec-4803-88fd-8e58b5a14a76 194792cc5d504342bde79ddb8075ea4a 4640df8a5a84446e98927ede8a4f8729 - - default default] Tap Mirror: Handle Delete Port: 66121077-046e-4f99-be9b-f93743a0a05e [pid: 7|app: 0|req: 1843/3617] 10.0.0.168 () {34 vars in 789 bytes} [Sun Aug 16 14:10:18 2026] PUT /v2.0/routers/bf131ec8-f8cf-4511-8f6e-646602013391/remove_router_interface => generated 309 bytes in 771 msecs (HTTP/1.1 200) 4 headers in 157 bytes (1 switches on core 0)
2026-08-16 14:10:19.215 8 INFO neutron.api.v2.resource [None req-fdd7ce19-d74b-4765-8195-581b3d0a9dca 194792cc5d504342bde79ddb8075ea4a 4640df8a5a84446e98927ede8a4f8729 - - default default] remove_router_interface failed (client error): The resource could not be found. [pid: 8|app: 0|req: 1775/3618] 10.0.0.168 () {34 vars in 789 bytes} [Sun Aug 16 14:10:19 2026] PUT /v2.0/routers/bf131ec8-f8cf-4511-8f6e-646602013391/remove_router_interface => generated 198 bytes in 100 msecs (HTTP/1.1 404) 4 headers in 164 bytes (1 switches on core 0) /var/lib/openstack/lib/python3.12/site-packages/pycadf/identifier.py:70: UserWarning: Invalid uuid: neutron. To ensure interoperability, identifiers should be a valid uuid. warnings.warn(('Invalid uuid: %s. To ensure interoperability, '
2026-08-16 14:10:19.474 7 INFO neutron_taas.services.taas.taas_plugin [None req-553a18dc-7a57-4d29-9467-20a3957b904a 194792cc5d504342bde79ddb8075ea4a 4640df8a5a84446e98927ede8a4f8729 - - default default] TaaS: Handle Delete Port: 924303c3-b94d-41b1-ac49-0fdf60cd439e
2026-08-16 14:10:19.478 7 INFO neutron_taas.services.taas.tap_mirror_plugin [None req-553a18dc-7a57-4d29-9467-20a3957b904a 194792cc5d504342bde79ddb8075ea4a 4640df8a5a84446e98927ede8a4f8729 - - default default] Tap Mirror: Handle Delete Port: 924303c3-b94d-41b1-ac49-0fdf60cd439e [pid: 7|app: 0|req: 1844/3619] 10.0.0.168 () {34 vars in 789 bytes} [Sun Aug 16 14:10:19 2026] PUT /v2.0/routers/bf131ec8-f8cf-4511-8f6e-646602013391/remove_router_interface => generated 309 bytes in 795 msecs (HTTP/1.1 200) 4 headers in 157 bytes (1 switches on core 0)
2026-08-16 14:10:20.121 8 INFO neutron.api.v2.resource [None req-25423d4c-2552-4614-9df7-0588b03e0116 194792cc5d504342bde79ddb8075ea4a 4640df8a5a84446e98927ede8a4f8729 - - default default] remove_router_interface failed (client error): The resource could not be found. [pid: 8|app: 0|req: 1776/3620] 10.0.0.168 () {34 vars in 789 bytes} [Sun Aug 16 14:10:20 2026] PUT /v2.0/routers/bf131ec8-f8cf-4511-8f6e-646602013391/remove_router_interface => generated 198 bytes in 100 msecs (HTTP/1.1 404) 4 headers in 164 bytes (1 switches on core 0) /var/lib/openstack/lib/python3.12/site-packages/pycadf/identifier.py:70: UserWarning: Invalid uuid: neutron. To ensure interoperability, identifiers should be a valid uuid. warnings.warn(('Invalid uuid: %s. To ensure interoperability, '
2026-08-16 14:10:20.343 7 INFO neutron_taas.services.taas.taas_plugin [None req-efe5a352-d338-46e8-865f-7dc8d2332655 194792cc5d504342bde79ddb8075ea4a 4640df8a5a84446e98927ede8a4f8729 - - default default] TaaS: Handle Delete Port: 9152c1e1-fd5c-409f-a72a-3b05ef7c8911
2026-08-16 14:10:20.346 7 INFO neutron_taas.services.taas.tap_mirror_plugin [None req-efe5a352-d338-46e8-865f-7dc8d2332655 194792cc5d504342bde79ddb8075ea4a 4640df8a5a84446e98927ede8a4f8729 - - default default] Tap Mirror: Handle Delete Port: 9152c1e1-fd5c-409f-a72a-3b05ef7c8911 [pid: 7|app: 0|req: 1845/3621] 10.0.0.168 () {34 vars in 789 bytes} [Sun Aug 16 14:10:20 2026] PUT /v2.0/routers/bf131ec8-f8cf-4511-8f6e-646602013391/remove_router_interface => generated 309 bytes in 704 msecs (HTTP/1.1 200) 4 headers in 157 bytes (1 switches on core 0)
2026-08-16 14:10:20.926 8 INFO neutron.api.v2.resource [None req-5164567e-07e4-46b5-a614-ac1cded8ab14 194792cc5d504342bde79ddb8075ea4a 4640df8a5a84446e98927ede8a4f8729 - - default default] remove_router_interface failed (client error): The resource could not be found. [pid: 8|app: 0|req: 1777/3622] 10.0.0.168 () {34 vars in 789 bytes} [Sun Aug 16 14:10:20 2026] PUT /v2.0/routers/bf131ec8-f8cf-4511-8f6e-646602013391/remove_router_interface => generated 198 bytes in 91 msecs (HTTP/1.1 404) 4 headers in 164 bytes (1 switches on core 0) /var/lib/openstack/lib/python3.12/site-packages/pycadf/identifier.py:70: UserWarning: Invalid uuid: neutron. To ensure interoperability, identifiers should be a valid uuid. warnings.warn(('Invalid uuid: %s. To ensure interoperability, '
2026-08-16 14:10:21.264 7 INFO neutron_taas.services.taas.taas_plugin [None req-48e8ed14-8171-46a1-8fa0-94771946f592 194792cc5d504342bde79ddb8075ea4a 4640df8a5a84446e98927ede8a4f8729 - - default default] TaaS: Handle Delete Port: e2888027-5799-428c-b106-4f6a19258268
2026-08-16 14:10:21.267 7 INFO neutron_taas.services.taas.tap_mirror_plugin [None req-48e8ed14-8171-46a1-8fa0-94771946f592 194792cc5d504342bde79ddb8075ea4a 4640df8a5a84446e98927ede8a4f8729 - - default default] Tap Mirror: Handle Delete Port: e2888027-5799-428c-b106-4f6a19258268 [pid: 7|app: 0|req: 1846/3623] 10.0.0.168 () {32 vars in 724 bytes} [Sun Aug 16 14:10:20 2026] DELETE /v2.0/routers/bf131ec8-f8cf-4511-8f6e-646602013391 => generated 0 bytes in 1230 msecs (HTTP/1.1 204) 2 headers in 112 bytes (1 switches on core 0)
2026-08-16 14:10:22.188 8 INFO neutron.api.v2.resource [None req-85d4a2ae-ea14-4475-b4c1-a5f1eb43a822 194792cc5d504342bde79ddb8075ea4a 4640df8a5a84446e98927ede8a4f8729 - - default default] show failed (client error): The resource could not be found. [pid: 8|app: 0|req: 1778/3624] 10.0.0.168 () {32 vars in 721 bytes} [Sun Aug 16 14:10:22 2026] GET /v2.0/routers/bf131ec8-f8cf-4511-8f6e-646602013391 => generated 135 bytes in 21 msecs (HTTP/1.1 404) 4 headers in 164 bytes (1 switches on core 0) [pid: 7|app: 0|req: 1847/3625] 10.0.0.168 () {32 vars in 724 bytes} [Sun Aug 16 14:10:22 2026] DELETE /v2.0/subnets/fd5eb886-0cdf-46c4-b0d8-fb2a495d8e9a => generated 0 bytes in 121 msecs (HTTP/1.1 204) 3 headers in 131 bytes (1 switches on core 0)
2026-08-16 14:10:22.337 8 INFO neutron.pecan_wsgi.hooks.translation [None req-f56b5b57-e27e-466c-8a10-79f506ada57c 194792cc5d504342bde79ddb8075ea4a 4640df8a5a84446e98927ede8a4f8729 - - default default] GET failed (client error): The resource could not be found. [pid: 8|app: 0|req: 1779/3626] 10.0.0.168 () {32 vars in 721 bytes} [Sun Aug 16 14:10:22 2026] GET /v2.0/subnets/fd5eb886-0cdf-46c4-b0d8-fb2a495d8e9a => generated 136 bytes in 20 msecs (HTTP/1.1 404) 4 headers in 164 bytes (1 switches on core 0) [pid: 7|app: 0|req: 1848/3627] 10.0.0.168 () {32 vars in 724 bytes} [Sun Aug 16 14:10:22 2026] DELETE /v2.0/subnets/084bbd1a-7d02-4342-9244-91962733f3e1 => generated 0 bytes in 149 msecs (HTTP/1.1 204) 3 headers in 131 bytes (1 switches on core 0)
2026-08-16 14:10:22.512 8 INFO neutron.pecan_wsgi.hooks.translation [None req-59141740-29b9-49a2-9d99-b528fd51c59f 194792cc5d504342bde79ddb8075ea4a 4640df8a5a84446e98927ede8a4f8729 - - default default] GET failed (client error): The resource could not be found. [pid: 8|app: 0|req: 1780/3628] 10.0.0.168 () {32 vars in 721 bytes} [Sun Aug 16 14:10:22 2026] GET /v2.0/subnets/084bbd1a-7d02-4342-9244-91962733f3e1 => generated 136 bytes in 16 msecs (HTTP/1.1 404) 4 headers in 164 bytes (1 switches on core 0)
2026-08-16 14:10:22.628 7 INFO neutron_taas.services.taas.taas_plugin [None req-74485c42-95ec-44db-bc9c-34d066c9a96c 194792cc5d504342bde79ddb8075ea4a 4640df8a5a84446e98927ede8a4f8729 - - default default] TaaS: Handle Delete Port: c48bac0f-dc3e-493a-b3aa-59c350e744c7
2026-08-16 14:10:22.634 7 INFO neutron_taas.services.taas.tap_mirror_plugin [None req-74485c42-95ec-44db-bc9c-34d066c9a96c 194792cc5d504342bde79ddb8075ea4a 4640df8a5a84446e98927ede8a4f8729 - - default default] Tap Mirror: Handle Delete Port: c48bac0f-dc3e-493a-b3aa-59c350e744c7 [pid: 7|app: 0|req: 1849/3629] 10.0.0.168 () {32 vars in 726 bytes} [Sun Aug 16 14:10:22 2026] DELETE /v2.0/networks/7e9fa8ad-61ce-40c5-8371-8e0eda6a14b4 => generated 0 bytes in 348 msecs (HTTP/1.1 204) 3 headers in 131 bytes (1 switches on core 0)
2026-08-16 14:10:22.884 8 INFO neutron.pecan_wsgi.hooks.translation [None req-2465ced0-a6ad-4ba7-85a5-52283c858004 194792cc5d504342bde79ddb8075ea4a 4640df8a5a84446e98927ede8a4f8729 - - default default] GET failed (client error): The resource could not be found. [pid: 8|app: 0|req: 1781/3630] 10.0.0.168 () {32 vars in 723 bytes} [Sun Aug 16 14:10:22 2026] GET /v2.0/networks/7e9fa8ad-61ce-40c5-8371-8e0eda6a14b4 => generated 138 bytes in 15 msecs (HTTP/1.1 404) 4 headers in 164 bytes (1 switches on core 0)
2026-08-16 14:10:22.888 7 INFO neutron.services.segments.plugin [-] Segment 2471ac55-f6f8-42e1-b392-5f8f3b12e3fb resource provider aggregate not found
2026-08-16 14:10:22.899 7 INFO neutron.services.segments.plugin [-] Segment 2471ac55-f6f8-42e1-b392-5f8f3b12e3fb resource provider aggregate not found
2026-08-16 14:10:22.909 7 INFO neutron.services.segments.plugin [-] Client error retrieving segment 2471ac55-f6f8-42e1-b392-5f8f3b12e3fb resource provider; error: Placement Client Error (4xx): {"errors": [{"status": 404, "title": "Not Found", "detail": "The resource could not be found.\n\n No resource provider with uuid 2471ac55-f6f8-42e1-b392-5f8f3b12e3fb found for delete ", "request_id": "req-30bfb887-92c8-4300-8fed-39dbd42db3cd"}]}
2026-08-16 14:10:22.923 7 INFO neutron.services.segments.plugin [-] Client error retrieving segment 2471ac55-f6f8-42e1-b392-5f8f3b12e3fb resource provider; error: Placement Client Error (4xx): {"errors": [{"status": 404, "title": "Not Found", "detail": "The resource could not be found.\n\n No resource provider with uuid 2471ac55-f6f8-42e1-b392-5f8f3b12e3fb found for delete ", "request_id": "req-d7b1f8b8-46df-4d19-98a6-909ce3c1cf5a"}]} [pid: 7|app: 0|req: 1850/3631] 10.0.0.168 () {32 vars in 724 bytes} [Sun Aug 16 14:10:22 2026] DELETE /v2.0/subnets/f137a5a0-0e4a-4971-acd7-fd1954e9dd2c => generated 0 bytes in 130 msecs (HTTP/1.1 204) 3 headers in 131 bytes (1 switches on core 0)
2026-08-16 14:10:23.042 8 INFO neutron.pecan_wsgi.hooks.translation [None req-5dd0cc89-5a5a-4a2b-9428-a0280ae966c4 194792cc5d504342bde79ddb8075ea4a 4640df8a5a84446e98927ede8a4f8729 - - default default] GET failed (client error): The resource could not be found. [pid: 8|app: 0|req: 1782/3632] 10.0.0.168 () {32 vars in 721 bytes} [Sun Aug 16 14:10:23 2026] GET /v2.0/subnets/f137a5a0-0e4a-4971-acd7-fd1954e9dd2c => generated 136 bytes in 18 msecs (HTTP/1.1 404) 4 headers in 164 bytes (1 switches on core 0) [pid: 7|app: 0|req: 1851/3633] 10.0.0.168 () {32 vars in 724 bytes} [Sun Aug 16 14:10:23 2026] DELETE /v2.0/subnets/e7fe590f-bf10-4726-8ea4-f90c7160a97b => generated 0 bytes in 148 msecs (HTTP/1.1 204) 3 headers in 131 bytes (1 switches on core 0)
2026-08-16 14:10:23.210 8 INFO neutron.pecan_wsgi.hooks.translation [None req-771441cc-bef6-4c9f-a3c1-a7838d27b7bb 194792cc5d504342bde79ddb8075ea4a 4640df8a5a84446e98927ede8a4f8729 - - default default] GET failed (client error): The resource could not be found. [pid: 8|app: 0|req: 1783/3634] 10.0.0.168 () {32 vars in 721 bytes} [Sun Aug 16 14:10:23 2026] GET /v2.0/subnets/e7fe590f-bf10-4726-8ea4-f90c7160a97b => generated 136 bytes in 12 msecs (HTTP/1.1 404) 4 headers in 164 bytes (1 switches on core 0)
2026-08-16 14:10:23.333 7 INFO neutron_taas.services.taas.taas_plugin [None req-8aa098cc-eba7-49c1-9ba1-baa8d550fe15 194792cc5d504342bde79ddb8075ea4a 4640df8a5a84446e98927ede8a4f8729 - - default default] TaaS: Handle Delete Port: ade44b2a-05fd-400b-8aef-101746119d1c
2026-08-16 14:10:23.336 7 INFO neutron_taas.services.taas.tap_mirror_plugin [None req-8aa098cc-eba7-49c1-9ba1-baa8d550fe15 194792cc5d504342bde79ddb8075ea4a 4640df8a5a84446e98927ede8a4f8729 - - default default] Tap Mirror: Handle Delete Port: ade44b2a-05fd-400b-8aef-101746119d1c [pid: 7|app: 0|req: 1852/3635] 10.0.0.168 () {32 vars in 726 bytes} [Sun Aug 16 14:10:23 2026] DELETE /v2.0/networks/a753f436-7245-4bad-b248-9f951aa2230c => generated 0 bytes in 312 msecs (HTTP/1.1 204) 3 headers in 131 bytes (1 switches on core 0)
2026-08-16 14:10:23.547 8 INFO neutron.pecan_wsgi.hooks.translation [None req-0386887b-5cfe-451d-858d-5b3a9f48dec5 194792cc5d504342bde79ddb8075ea4a 4640df8a5a84446e98927ede8a4f8729 - - default default] GET failed (client error): The resource could not be found. [pid: 8|app: 0|req: 1784/3636] 10.0.0.168 () {32 vars in 723 bytes} [Sun Aug 16 14:10:23 2026] GET /v2.0/networks/a753f436-7245-4bad-b248-9f951aa2230c => generated 138 bytes in 15 msecs (HTTP/1.1 404) 4 headers in 164 bytes (1 switches on core 0) [pid: 7|app: 0|req: 1853/3637] 10.0.0.168 () {32 vars in 724 bytes} [Sun Aug 16 14:10:23 2026] DELETE /v2.0/subnets/c76a82c9-9262-4401-b9d0-8c3197d42874 => generated 0 bytes in 99 msecs (HTTP/1.1 204) 3 headers in 131 bytes (1 switches on core 0)
2026-08-16 14:10:23.675 8 INFO neutron.pecan_wsgi.hooks.translation [None req-c0ee1454-98bc-4227-b020-ad1c2c6825b8 194792cc5d504342bde79ddb8075ea4a 4640df8a5a84446e98927ede8a4f8729 - - default default] GET failed (client error): The resource could not be found. [pid: 8|app: 0|req: 1785/3638] 10.0.0.168 () {32 vars in 721 bytes} [Sun Aug 16 14:10:23 2026] GET /v2.0/subnets/c76a82c9-9262-4401-b9d0-8c3197d42874 => generated 136 bytes in 21 msecs (HTTP/1.1 404) 4 headers in 164 bytes (1 switches on core 0) [pid: 7|app: 0|req: 1854/3639] 10.0.0.168 () {32 vars in 724 bytes} [Sun Aug 16 14:10:23 2026] DELETE /v2.0/subnets/6398703b-456c-4150-8bde-fc3b2cb0c3ee => generated 0 bytes in 182 msecs (HTTP/1.1 204) 3 headers in 131 bytes (1 switches on core 0)
2026-08-16 14:10:23.880 8 INFO neutron.pecan_wsgi.hooks.translation [None req-95b15c7f-1094-49f2-8527-be224af68fa1 194792cc5d504342bde79ddb8075ea4a 4640df8a5a84446e98927ede8a4f8729 - - default default] GET failed (client error): The resource could not be found. [pid: 8|app: 0|req: 1786/3640] 10.0.0.168 () {32 vars in 721 bytes} [Sun Aug 16 14:10:23 2026] GET /v2.0/subnets/6398703b-456c-4150-8bde-fc3b2cb0c3ee => generated 136 bytes in 13 msecs (HTTP/1.1 404) 4 headers in 164 bytes (1 switches on core 0)
2026-08-16 14:10:23.997 7 INFO neutron_taas.services.taas.taas_plugin [None req-36fa0290-4d0e-4acf-b1c1-0ce52404bfb4 194792cc5d504342bde79ddb8075ea4a 4640df8a5a84446e98927ede8a4f8729 - - default default] TaaS: Handle Delete Port: f333db2a-f517-4080-8bee-3dedd7f3d540
2026-08-16 14:10:24.000 7 INFO neutron_taas.services.taas.tap_mirror_plugin [None req-36fa0290-4d0e-4acf-b1c1-0ce52404bfb4 194792cc5d504342bde79ddb8075ea4a 4640df8a5a84446e98927ede8a4f8729 - - default default] Tap Mirror: Handle Delete Port: f333db2a-f517-4080-8bee-3dedd7f3d540 [pid: 7|app: 0|req: 1855/3641] 10.0.0.168 () {32 vars in 726 bytes} [Sun Aug 16 14:10:23 2026] DELETE /v2.0/networks/ac6277f2-9cda-4af1-8d3c-f82ce41ae817 => generated 0 bytes in 311 msecs (HTTP/1.1 204) 3 headers in 131 bytes (1 switches on core 0)
2026-08-16 14:10:24.216 8 INFO neutron.pecan_wsgi.hooks.translation [None req-94edd83b-ee50-4678-a4f5-1bcbbd7c6245 194792cc5d504342bde79ddb8075ea4a 4640df8a5a84446e98927ede8a4f8729 - - default default] GET failed (client error): The resource could not be found. [pid: 8|app: 0|req: 1787/3642] 10.0.0.168 () {32 vars in 723 bytes} [Sun Aug 16 14:10:24 2026] GET /v2.0/networks/ac6277f2-9cda-4af1-8d3c-f82ce41ae817 => generated 138 bytes in 14 msecs (HTTP/1.1 404) 4 headers in 164 bytes (1 switches on core 0)
2026-08-16 14:10:24.923 7 INFO neutron.services.segments.plugin [-] Segment 2dfd49e4-d268-4b3c-b8e7-0551ded7f0f5 resource provider aggregate not found
2026-08-16 14:10:24.942 7 INFO neutron.services.segments.plugin [-] Segment 2dfd49e4-d268-4b3c-b8e7-0551ded7f0f5 resource provider aggregate not found
2026-08-16 14:10:24.946 7 INFO neutron.services.segments.plugin [-] Client error retrieving segment 2dfd49e4-d268-4b3c-b8e7-0551ded7f0f5 resource provider; error: Placement Client Error (4xx): {"errors": [{"status": 404, "title": "Not Found", "detail": "The resource could not be found.\n\n No resource provider with uuid 2dfd49e4-d268-4b3c-b8e7-0551ded7f0f5 found for delete ", "request_id": "req-7f15d9f7-332a-4c98-8526-07d2d9faaf18"}]}
2026-08-16 14:10:24.958 7 INFO neutron.services.segments.plugin [-] Client error retrieving segment 2dfd49e4-d268-4b3c-b8e7-0551ded7f0f5 resource provider; error: Placement Client Error (4xx): {"errors": [{"status": 404, "title": "Not Found", "detail": "The resource could not be found.\n\n No resource provider with uuid 2dfd49e4-d268-4b3c-b8e7-0551ded7f0f5 found for delete ", "request_id": "req-b4a9fc9d-2f05-4ec9-86b1-261b777c4a02"}]}
2026-08-16 14:10:24.963 7 INFO neutron.services.segments.plugin [-] Segment 02fdf949-202c-4e66-9a32-41db4db4bd2e resource provider aggregate not found
2026-08-16 14:10:24.975 7 INFO neutron.services.segments.plugin [-] Client error retrieving segment 02fdf949-202c-4e66-9a32-41db4db4bd2e resource provider; error: Placement Client Error (4xx): {"errors": [{"status": 404, "title": "Not Found", "detail": "The resource could not be found.\n\n No resource provider with uuid 02fdf949-202c-4e66-9a32-41db4db4bd2e found for delete ", "request_id": "req-d417f478-b32a-4ac0-b090-b5c5f85d5606"}]}
2026-08-16 14:10:24.975 7 INFO neutron.services.segments.plugin [-] Segment 02fdf949-202c-4e66-9a32-41db4db4bd2e resource provider aggregate not found
2026-08-16 14:10:24.988 7 INFO neutron.services.segments.plugin [-] Client error retrieving segment 02fdf949-202c-4e66-9a32-41db4db4bd2e resource provider; error: Placement Client Error (4xx): {"errors": [{"status": 404, "title": "Not Found", "detail": "The resource could not be found.\n\n No resource provider with uuid 02fdf949-202c-4e66-9a32-41db4db4bd2e found for delete ", "request_id": "req-1bf6a308-d14c-4035-bcf4-ccf8982ddcb7"}]}
2026-08-16 14:10:26.171 7 INFO neutron.db.ovn_revision_numbers_db [None req-f2bef529-7adb-4a7d-b96b-ce240cc25867 9f6d98f48e2f4f8db240f141065beec7 9092ff553a1d423e96aa28d698d36fb9 - - default default] Successfully bumped revision number for resource 6b8a387b-d91b-4970-a499-4c9f25083db6 (type: security_groups) to 1
2026-08-16 14:10:26.182 7 INFO neutron.db.ovn_revision_numbers_db [None req-f2bef529-7adb-4a7d-b96b-ce240cc25867 9f6d98f48e2f4f8db240f141065beec7 9092ff553a1d423e96aa28d698d36fb9 - - default default] Successfully bumped revision number for resource 62f8f5d7-67e2-4361-a641-9a1f8ae8332c (type: security_group_rules) to 0
2026-08-16 14:10:26.193 7 INFO neutron.db.ovn_revision_numbers_db [None req-f2bef529-7adb-4a7d-b96b-ce240cc25867 9f6d98f48e2f4f8db240f141065beec7 9092ff553a1d423e96aa28d698d36fb9 - - default default] Successfully bumped revision number for resource 80a51e22-023e-47fe-a06c-4f7689471948 (type: security_group_rules) to 0
2026-08-16 14:10:26.204 7 INFO neutron.db.ovn_revision_numbers_db [None req-f2bef529-7adb-4a7d-b96b-ce240cc25867 9f6d98f48e2f4f8db240f141065beec7 9092ff553a1d423e96aa28d698d36fb9 - - default default] Successfully bumped revision number for resource 9448a744-27c0-4153-a794-9139298dffa7 (type: security_group_rules) to 0
2026-08-16 14:10:26.215 7 INFO neutron.db.ovn_revision_numbers_db [None req-f2bef529-7adb-4a7d-b96b-ce240cc25867 9f6d98f48e2f4f8db240f141065beec7 9092ff553a1d423e96aa28d698d36fb9 - - default default] Successfully bumped revision number for resource bf43f6cc-e0b2-497f-b240-68872c781522 (type: security_group_rules) to 0 [pid: 7|app: 0|req: 1857/3645] 10.0.0.168 () {32 vars in 774 bytes} [Sun Aug 16 14:10:25 2026] GET /v2.0/security-groups?tenant_id=049144e936884cc0a1235b704a5c3330&name=default => generated 2929 bytes in 313 msecs (HTTP/1.1 200) 4 headers in 158 bytes (1 switches on core 0) [pid: 8|app: 0|req: 1789/3646] 10.0.0.168 () {32 vars in 740 bytes} [Sun Aug 16 14:10:26 2026] DELETE /v2.0/security-groups/6b8a387b-d91b-4970-a499-4c9f25083db6 => generated 0 bytes in 211 msecs (HTTP/1.1 204) 2 headers in 112 bytes (1 switches on core 0)
2026-08-16 14:10:26.671 7 INFO neutron.db.ovn_revision_numbers_db [None req-dc894ef6-792f-41e6-bba7-af0aaef15aab 9f6d98f48e2f4f8db240f141065beec7 9092ff553a1d423e96aa28d698d36fb9 - - default default] Successfully bumped revision number for resource af0a1e85-a887-4e9f-b7bc-f7bcd2306741 (type: security_groups) to 1
2026-08-16 14:10:26.681 7 INFO neutron.db.ovn_revision_numbers_db [None req-dc894ef6-792f-41e6-bba7-af0aaef15aab 9f6d98f48e2f4f8db240f141065beec7 9092ff553a1d423e96aa28d698d36fb9 - - default default] Successfully bumped revision number for resource 08a34484-0a67-4d06-a78c-b1d7744b3a65 (type: security_group_rules) to 0
2026-08-16 14:10:26.694 7 INFO neutron.db.ovn_revision_numbers_db [None req-dc894ef6-792f-41e6-bba7-af0aaef15aab 9f6d98f48e2f4f8db240f141065beec7 9092ff553a1d423e96aa28d698d36fb9 - - default default] Successfully bumped revision number for resource 91e0cb49-b029-437a-a1ab-5289ceb65116 (type: security_group_rules) to 0
2026-08-16 14:10:26.705 7 INFO neutron.db.ovn_revision_numbers_db [None req-dc894ef6-792f-41e6-bba7-af0aaef15aab 9f6d98f48e2f4f8db240f141065beec7 9092ff553a1d423e96aa28d698d36fb9 - - default default] Successfully bumped revision number for resource a943a880-4014-4464-b306-1ba29a187f75 (type: security_group_rules) to 0
2026-08-16 14:10:26.719 7 INFO neutron.db.ovn_revision_numbers_db [None req-dc894ef6-792f-41e6-bba7-af0aaef15aab 9f6d98f48e2f4f8db240f141065beec7 9092ff553a1d423e96aa28d698d36fb9 - - default default] Successfully bumped revision number for resource ea62b314-bf16-43f0-ad63-470b3fa9630d (type: security_group_rules) to 0 [pid: 7|app: 0|req: 1858/3647] 10.0.0.168 () {32 vars in 774 bytes} [Sun Aug 16 14:10:26 2026] GET /v2.0/security-groups?tenant_id=cbbdd259055445b59d12b9d05186f72c&name=default => generated 2929 bytes in 194 msecs (HTTP/1.1 200) 4 headers in 158 bytes (1 switches on core 0) [pid: 8|app: 0|req: 1790/3648] 10.0.0.168 () {32 vars in 740 bytes} [Sun Aug 16 14:10:26 2026] DELETE /v2.0/security-groups/af0a1e85-a887-4e9f-b7bc-f7bcd2306741 => generated 0 bytes in 224 msecs (HTTP/1.1 204) 2 headers in 112 bytes (1 switches on core 0)
2026-08-16 14:10:27.247 7 INFO neutron.db.ovn_revision_numbers_db [None req-4d769cc0-5f3f-4e16-8d64-909635edf2cc 9f6d98f48e2f4f8db240f141065beec7 9092ff553a1d423e96aa28d698d36fb9 - - default default] Successfully bumped revision number for resource 9203f0db-343a-4018-8fd9-ce5c8d234b59 (type: security_groups) to 1
2026-08-16 14:10:27.258 7 INFO neutron.db.ovn_revision_numbers_db [None req-4d769cc0-5f3f-4e16-8d64-909635edf2cc 9f6d98f48e2f4f8db240f141065beec7 9092ff553a1d423e96aa28d698d36fb9 - - default default] Successfully bumped revision number for resource 0f2d24cd-0459-41ba-86b7-09141a74ea44 (type: security_group_rules) to 0
2026-08-16 14:10:27.269 7 INFO neutron.db.ovn_revision_numbers_db [None req-4d769cc0-5f3f-4e16-8d64-909635edf2cc 9f6d98f48e2f4f8db240f141065beec7 9092ff553a1d423e96aa28d698d36fb9 - - default default] Successfully bumped revision number for resource 68192036-d74b-4e92-beb8-e096b2cd62b7 (type: security_group_rules) to 0
2026-08-16 14:10:27.277 7 INFO neutron.db.ovn_revision_numbers_db [None req-4d769cc0-5f3f-4e16-8d64-909635edf2cc 9f6d98f48e2f4f8db240f141065beec7 9092ff553a1d423e96aa28d698d36fb9 - - default default] Successfully bumped revision number for resource 68833e02-24bb-43de-afd0-6811162069f9 (type: security_group_rules) to 0
2026-08-16 14:10:27.288 7 INFO neutron.db.ovn_revision_numbers_db [None req-4d769cc0-5f3f-4e16-8d64-909635edf2cc 9f6d98f48e2f4f8db240f141065beec7 9092ff553a1d423e96aa28d698d36fb9 - - default default] Successfully bumped revision number for resource d3758ae4-61d6-493c-b450-60df16132030 (type: security_group_rules) to 0 [pid: 7|app: 0|req: 1859/3649] 10.0.0.168 () {32 vars in 774 bytes} [Sun Aug 16 14:10:27 2026] GET /v2.0/security-groups?tenant_id=a81a9b132d9a44f6beaf5a57522de982&name=default => generated 2929 bytes in 171 msecs (HTTP/1.1 200) 4 headers in 158 bytes (1 switches on core 0) [pid: 8|app: 0|req: 1791/3650] 10.0.0.168 () {32 vars in 740 bytes} [Sun Aug 16 14:10:27 2026] DELETE /v2.0/security-groups/9203f0db-343a-4018-8fd9-ce5c8d234b59 => generated 0 bytes in 216 msecs (HTTP/1.1 204) 2 headers in 112 bytes (1 switches on core 0)
2026-08-16 14:10:27.778 7 INFO neutron.db.ovn_revision_numbers_db [None req-a515d0bc-eb05-4f8a-a03d-ecea959e539e 9f6d98f48e2f4f8db240f141065beec7 9092ff553a1d423e96aa28d698d36fb9 - - default default] Successfully bumped revision number for resource a06c0336-ef5d-45ae-b345-86574a2abd12 (type: security_groups) to 1
2026-08-16 14:10:27.789 7 INFO neutron.db.ovn_revision_numbers_db [None req-a515d0bc-eb05-4f8a-a03d-ecea959e539e 9f6d98f48e2f4f8db240f141065beec7 9092ff553a1d423e96aa28d698d36fb9 - - default default] Successfully bumped revision number for resource 16599130-b39c-45f6-a9bd-2ade4ff4361c (type: security_group_rules) to 0
2026-08-16 14:10:27.801 7 INFO neutron.db.ovn_revision_numbers_db [None req-a515d0bc-eb05-4f8a-a03d-ecea959e539e 9f6d98f48e2f4f8db240f141065beec7 9092ff553a1d423e96aa28d698d36fb9 - - default default] Successfully bumped revision number for resource 24fe96bd-3b0f-4986-a4de-dcb297f53612 (type: security_group_rules) to 0
2026-08-16 14:10:27.811 7 INFO neutron.db.ovn_revision_numbers_db [None req-a515d0bc-eb05-4f8a-a03d-ecea959e539e 9f6d98f48e2f4f8db240f141065beec7 9092ff553a1d423e96aa28d698d36fb9 - - default default] Successfully bumped revision number for resource ceca02bf-ba20-4f74-b432-4fdf35ea2580 (type: security_group_rules) to 0
2026-08-16 14:10:27.821 7 INFO neutron.db.ovn_revision_numbers_db [None req-a515d0bc-eb05-4f8a-a03d-ecea959e539e 9f6d98f48e2f4f8db240f141065beec7 9092ff553a1d423e96aa28d698d36fb9 - - default default] Successfully bumped revision number for resource faf78685-f9e8-47d0-86d7-7bb6d3e7902e (type: security_group_rules) to 0 [pid: 7|app: 0|req: 1860/3651] 10.0.0.168 () {32 vars in 774 bytes} [Sun Aug 16 14:10:27 2026] GET /v2.0/security-groups?tenant_id=67b02ec1754c4acd904d7a25ada82173&name=default => generated 2929 bytes in 186 msecs (HTTP/1.1 200) 4 headers in 158 bytes (1 switches on core 0) [pid: 8|app: 0|req: 1792/3652] 10.0.0.168 () {32 vars in 740 bytes} [Sun Aug 16 14:10:27 2026] DELETE /v2.0/security-groups/a06c0336-ef5d-45ae-b345-86574a2abd12 => generated 0 bytes in 204 msecs (HTTP/1.1 204) 2 headers in 112 bytes (1 switches on core 0)
2026-08-16 14:10:28.334 7 INFO neutron.db.ovn_revision_numbers_db [None req-de04bf2a-9ac5-4b84-90a9-59c366bb966a 9f6d98f48e2f4f8db240f141065beec7 9092ff553a1d423e96aa28d698d36fb9 - - default default] Successfully bumped revision number for resource 5fa1c8e0-af5b-49d7-806c-3f18d78fef47 (type: security_groups) to 1
2026-08-16 14:10:28.341 7 INFO neutron.db.ovn_revision_numbers_db [None req-de04bf2a-9ac5-4b84-90a9-59c366bb966a 9f6d98f48e2f4f8db240f141065beec7 9092ff553a1d423e96aa28d698d36fb9 - - default default] Successfully bumped revision number for resource 0ca74a3d-21bb-46b9-a9dd-280dbb28b707 (type: security_group_rules) to 0
2026-08-16 14:10:28.350 7 INFO neutron.db.ovn_revision_numbers_db [None req-de04bf2a-9ac5-4b84-90a9-59c366bb966a 9f6d98f48e2f4f8db240f141065beec7 9092ff553a1d423e96aa28d698d36fb9 - - default default] Successfully bumped revision number for resource 2942a346-7cc4-4224-ad4b-3877f79dd854 (type: security_group_rules) to 0
2026-08-16 14:10:28.358 7 INFO neutron.db.ovn_revision_numbers_db [None req-de04bf2a-9ac5-4b84-90a9-59c366bb966a 9f6d98f48e2f4f8db240f141065beec7 9092ff553a1d423e96aa28d698d36fb9 - - default default] Successfully bumped revision number for resource e7284cdf-6e9e-49f0-a72f-73c0c8c17fc5 (type: security_group_rules) to 0
2026-08-16 14:10:28.367 7 INFO neutron.db.ovn_revision_numbers_db [None req-de04bf2a-9ac5-4b84-90a9-59c366bb966a 9f6d98f48e2f4f8db240f141065beec7 9092ff553a1d423e96aa28d698d36fb9 - - default default] Successfully bumped revision number for resource f23a1868-7fec-436c-8875-452679ac5965 (type: security_group_rules) to 0 [pid: 7|app: 0|req: 1861/3653] 10.0.0.168 () {32 vars in 774 bytes} [Sun Aug 16 14:10:28 2026] GET /v2.0/security-groups?tenant_id=b556a8307a8f4be0a18233b646114fb8&name=default => generated 2929 bytes in 166 msecs (HTTP/1.1 200) 4 headers in 158 bytes (1 switches on core 0) [pid: 8|app: 0|req: 1793/3654] 10.0.0.168 () {32 vars in 740 bytes} [Sun Aug 16 14:10:28 2026] DELETE /v2.0/security-groups/5fa1c8e0-af5b-49d7-806c-3f18d78fef47 => generated 0 bytes in 178 msecs (HTTP/1.1 204) 2 headers in 112 bytes (1 switches on core 0)
2026-08-16 14:10:28.828 7 INFO neutron.db.ovn_revision_numbers_db [None req-dd884c29-ea0d-4340-a52a-e255b2fc2992 9f6d98f48e2f4f8db240f141065beec7 9092ff553a1d423e96aa28d698d36fb9 - - default default] Successfully bumped revision number for resource fcf74afb-0af9-4370-8823-9a70202d36a8 (type: security_groups) to 1
2026-08-16 14:10:28.839 7 INFO neutron.db.ovn_revision_numbers_db [None req-dd884c29-ea0d-4340-a52a-e255b2fc2992 9f6d98f48e2f4f8db240f141065beec7 9092ff553a1d423e96aa28d698d36fb9 - - default default] Successfully bumped revision number for resource 02f63177-7db4-4366-a81f-bec0f5b8137f (type: security_group_rules) to 0
2026-08-16 14:10:28.849 7 INFO neutron.db.ovn_revision_numbers_db [None req-dd884c29-ea0d-4340-a52a-e255b2fc2992 9f6d98f48e2f4f8db240f141065beec7 9092ff553a1d423e96aa28d698d36fb9 - - default default] Successfully bumped revision number for resource 1abef686-5fe1-4781-a9da-b56c507f4b96 (type: security_group_rules) to 0
2026-08-16 14:10:28.860 7 INFO neutron.db.ovn_revision_numbers_db [None req-dd884c29-ea0d-4340-a52a-e255b2fc2992 9f6d98f48e2f4f8db240f141065beec7 9092ff553a1d423e96aa28d698d36fb9 - - default default] Successfully bumped revision number for resource 434293ae-2de2-459e-9781-de89c4a59bb9 (type: security_group_rules) to 0
