2026-08-16 13:28:14.959 8 INFO neutron.api.extensions [None req-5f732a80-89cd-44d1-b337-09c88915b8e6 - - - - - -] Loaded extension: network_availability_zone
2026-08-16 13:28:14.959 7 INFO neutron.api.extensions [None req-24a58ee0-ba85-470f-8848-63679c49ab20 - - - - - -] Extension tag-ports-during-bulk-creation not supported by any of loaded plugins
2026-08-16 13:28:14.959 8 INFO neutron.api.extensions [None req-5f732a80-89cd-44d1-b337-09c88915b8e6 - - - - - -] Extension network_ha not supported by any of loaded plugins
2026-08-16 13:28:14.960 8 INFO neutron.api.extensions [None req-5f732a80-89cd-44d1-b337-09c88915b8e6 - - - - - -] Loaded extension: network-ip-availability
2026-08-16 13:28:14.961 8 INFO neutron.api.extensions [None req-5f732a80-89cd-44d1-b337-09c88915b8e6 - - - - - -] Extension network-segment-range not supported by any of loaded plugins
2026-08-16 13:28:14.961 8 INFO neutron.api.extensions [None req-5f732a80-89cd-44d1-b337-09c88915b8e6 - - - - - -] Loaded extension: pagination
2026-08-16 13:28:14.962 8 INFO neutron.api.extensions [None req-5f732a80-89cd-44d1-b337-09c88915b8e6 - - - - - -] Loaded extension: port-device-profile
2026-08-16 13:28:14.962 8 INFO neutron.api.extensions [None req-5f732a80-89cd-44d1-b337-09c88915b8e6 - - - - - -] Extension port-hardware-offload-type not supported by any of loaded plugins
2026-08-16 13:28:14.962 7 INFO neutron.api.extensions [None req-24a58ee0-ba85-470f-8848-63679c49ab20 - - - - - -] Loaded extension: standard-attr-tag
2026-08-16 13:28:14.963 8 INFO neutron.api.extensions [None req-5f732a80-89cd-44d1-b337-09c88915b8e6 - - - - - -] Extension port-hint-ovs-tx-steering not supported by any of loaded plugins
2026-08-16 13:28:14.963 8 INFO neutron.api.extensions [None req-5f732a80-89cd-44d1-b337-09c88915b8e6 - - - - - -] Extension port-hints not supported by any of loaded plugins
2026-08-16 13:28:14.963 7 INFO neutron.api.extensions [None req-24a58ee0-ba85-470f-8848-63679c49ab20 - - - - - -] Loaded extension: standard-attr-timestamp
2026-08-16 13:28:14.963 8 INFO neutron.api.extensions [None req-5f732a80-89cd-44d1-b337-09c88915b8e6 - - - - - -] Extension port-mac-override not supported by any of loaded plugins
2026-08-16 13:28:14.964 7 INFO neutron.api.extensions [None req-24a58ee0-ba85-470f-8848-63679c49ab20 - - - - - -] Loaded extension: trunk
2026-08-16 13:28:14.964 8 INFO neutron.api.extensions [None req-5f732a80-89cd-44d1-b337-09c88915b8e6 - - - - - -] Loaded extension: port-mac-address-regenerate
2026-08-16 13:28:14.964 7 INFO neutron.api.extensions [None req-24a58ee0-ba85-470f-8848-63679c49ab20 - - - - - -] Loaded extension: trunk-details
2026-08-16 13:28:14.964 8 INFO neutron.api.extensions [None req-5f732a80-89cd-44d1-b337-09c88915b8e6 - - - - - -] Loaded extension: port-numa-affinity-policy
2026-08-16 13:28:14.965 7 INFO neutron.api.extensions [None req-24a58ee0-ba85-470f-8848-63679c49ab20 - - - - - -] Extension uplink-status-propagation not supported by any of loaded plugins
2026-08-16 13:28:14.965 8 INFO neutron.api.extensions [None req-5f732a80-89cd-44d1-b337-09c88915b8e6 - - - - - -] Loaded extension: port-numa-affinity-policy-socket
2026-08-16 13:28:14.965 7 INFO neutron.api.extensions [None req-24a58ee0-ba85-470f-8848-63679c49ab20 - - - - - -] Extension uplink-status-propagation-updatable not supported by any of loaded plugins
2026-08-16 13:28:14.965 8 INFO neutron.api.extensions [None req-5f732a80-89cd-44d1-b337-09c88915b8e6 - - - - - -] Loaded extension: port-resource-request
2026-08-16 13:28:14.966 7 INFO neutron.api.extensions [None req-24a58ee0-ba85-470f-8848-63679c49ab20 - - - - - -] Extension vlan-transparent not supported by any of loaded plugins
2026-08-16 13:28:14.966 8 INFO neutron.api.extensions [None req-5f732a80-89cd-44d1-b337-09c88915b8e6 - - - - - -] Loaded extension: port-resource-request-groups
2026-08-16 13:28:14.966 7 INFO neutron.api.extensions [None req-24a58ee0-ba85-470f-8848-63679c49ab20 - - - - - -] Loaded extension: vpn-aes-ctr
2026-08-16 13:28:14.966 8 INFO neutron.api.extensions [None req-5f732a80-89cd-44d1-b337-09c88915b8e6 - - - - - -] Extension port-trusted-vif not supported by any of loaded plugins
2026-08-16 13:28:14.967 8 INFO neutron.api.extensions [None req-5f732a80-89cd-44d1-b337-09c88915b8e6 - - - - - -] Loaded extension: binding
2026-08-16 13:28:14.968 8 INFO neutron.api.extensions [None req-5f732a80-89cd-44d1-b337-09c88915b8e6 - - - - - -] Loaded extension: binding-extended
2026-08-16 13:28:14.968 7 INFO neutron.api.extensions [None req-24a58ee0-ba85-470f-8848-63679c49ab20 - - - - - -] Loaded extension: vpn-agent-scheduler
2026-08-16 13:28:14.968 8 INFO neutron.api.extensions [None req-5f732a80-89cd-44d1-b337-09c88915b8e6 - - - - - -] Loaded extension: port-security
2026-08-16 13:28:14.968 8 INFO neutron.api.extensions [None req-5f732a80-89cd-44d1-b337-09c88915b8e6 - - - - - -] Loaded extension: project-id
2026-08-16 13:28:14.969 7 INFO neutron.api.extensions [None req-24a58ee0-ba85-470f-8848-63679c49ab20 - - - - - -] Loaded extension: vpn-endpoint-groups
2026-08-16 13:28:14.969 8 INFO neutron.api.extensions [None req-5f732a80-89cd-44d1-b337-09c88915b8e6 - - - - - -] Loaded extension: provider
2026-08-16 13:28:14.969 7 INFO neutron.api.extensions [None req-24a58ee0-ba85-470f-8848-63679c49ab20 - - - - - -] Loaded extension: vpn-flavors
2026-08-16 13:28:14.970 8 INFO neutron.api.extensions [None req-5f732a80-89cd-44d1-b337-09c88915b8e6 - - - - - -] Extension qinq not supported by any of loaded plugins
2026-08-16 13:28:14.971 7 INFO neutron.api.extensions [None req-24a58ee0-ba85-470f-8848-63679c49ab20 - - - - - -] Loaded extension: vpnaas
2026-08-16 13:28:14.972 8 INFO neutron.api.extensions [None req-5f732a80-89cd-44d1-b337-09c88915b8e6 - - - - - -] Loaded extension: qos
2026-08-16 13:28:14.972 7 INFO neutron.api.extensions [None req-24a58ee0-ba85-470f-8848-63679c49ab20 - - - - - -] Loaded extension: taas
2026-08-16 13:28:14.972 8 INFO neutron.api.extensions [None req-5f732a80-89cd-44d1-b337-09c88915b8e6 - - - - - -] Loaded extension: qos-bw-limit-direction
2026-08-16 13:28:14.973 8 INFO neutron.api.extensions [None req-5f732a80-89cd-44d1-b337-09c88915b8e6 - - - - - -] Loaded extension: qos-bw-minimum-ingress
2026-08-16 13:28:14.973 7 INFO neutron.api.extensions [None req-24a58ee0-ba85-470f-8848-63679c49ab20 - - - - - -] Loaded extension: tap-mirror
2026-08-16 13:28:14.973 8 INFO neutron.api.extensions [None req-5f732a80-89cd-44d1-b337-09c88915b8e6 - - - - - -] Loaded extension: qos-default
2026-08-16 13:28:14.974 7 INFO neutron.api.extensions [None req-24a58ee0-ba85-470f-8848-63679c49ab20 - - - - - -] Loaded extension: taas-vlan-filter
2026-08-16 13:28:14.974 8 INFO neutron.api.extensions [None req-5f732a80-89cd-44d1-b337-09c88915b8e6 - - - - - -] Loaded extension: qos-fip
2026-08-16 13:28:14.974 8 INFO neutron.api.extensions [None req-5f732a80-89cd-44d1-b337-09c88915b8e6 - - - - - -] Extension qos-fip-network-policy not supported by any of loaded plugins
2026-08-16 13:28:14.975 8 INFO neutron.api.extensions [None req-5f732a80-89cd-44d1-b337-09c88915b8e6 - - - - - -] Loaded extension: qos-gateway-ip
2026-08-16 13:28:14.975 8 INFO neutron.api.extensions [None req-5f732a80-89cd-44d1-b337-09c88915b8e6 - - - - - -] Loaded extension: qos-port-network-policy
2026-08-16 13:28:14.976 7 INFO neutron.quota.resource_registry [None req-24a58ee0-ba85-470f-8848-63679c49ab20 - - - - - -] Creating instance of TrackedResource for resource:network
2026-08-16 13:28:14.976 8 INFO neutron.api.extensions [None req-5f732a80-89cd-44d1-b337-09c88915b8e6 - - - - - -] Loaded extension: qos-pps-minimum
2026-08-16 13:28:14.976 7 INFO neutron.quota.resource_registry [None req-24a58ee0-ba85-470f-8848-63679c49ab20 - - - - - -] Creating instance of TrackedResource for resource:subnet
2026-08-16 13:28:14.976 7 INFO neutron.quota.resource_registry [None req-24a58ee0-ba85-470f-8848-63679c49ab20 - - - - - -] Creating instance of TrackedResource for resource:subnetpool
2026-08-16 13:28:14.976 7 INFO neutron.quota.resource_registry [None req-24a58ee0-ba85-470f-8848-63679c49ab20 - - - - - -] Creating instance of TrackedResource for resource:port
2026-08-16 13:28:14.976 8 INFO neutron.api.extensions [None req-5f732a80-89cd-44d1-b337-09c88915b8e6 - - - - - -] Loaded extension: qos-pps-minimum-rule-alias
2026-08-16 13:28:14.977 8 INFO neutron.api.extensions [None req-5f732a80-89cd-44d1-b337-09c88915b8e6 - - - - - -] Loaded extension: qos-pps
2026-08-16 13:28:14.978 8 INFO neutron.api.extensions [None req-5f732a80-89cd-44d1-b337-09c88915b8e6 - - - - - -] Loaded extension: qos-rule-type-details
2026-08-16 13:28:14.978 8 INFO neutron.api.extensions [None req-5f732a80-89cd-44d1-b337-09c88915b8e6 - - - - - -] Loaded extension: qos-rule-type-filter
2026-08-16 13:28:14.979 8 INFO neutron.api.extensions [None req-5f732a80-89cd-44d1-b337-09c88915b8e6 - - - - - -] Loaded extension: qos-rules-alias
2026-08-16 13:28:14.979 8 INFO neutron.api.extensions [None req-5f732a80-89cd-44d1-b337-09c88915b8e6 - - - - - -] Loaded extension: quota-check-limit
2026-08-16 13:28:14.979 7 INFO neutron.quota.resource_registry [None req-24a58ee0-ba85-470f-8848-63679c49ab20 - - - - - -] Creating instance of TrackedResource for resource:router
2026-08-16 13:28:14.979 7 INFO neutron.quota.resource_registry [None req-24a58ee0-ba85-470f-8848-63679c49ab20 - - - - - -] Creating instance of TrackedResource for resource:floatingip
2026-08-16 13:28:14.980 8 INFO neutron.api.extensions [None req-5f732a80-89cd-44d1-b337-09c88915b8e6 - - - - - -] Loaded extension: quota-check-limit-default
2026-08-16 13:28:14.982 8 INFO neutron.api.extensions [None req-5f732a80-89cd-44d1-b337-09c88915b8e6 - - - - - -] Loaded extension: quotas
2026-08-16 13:28:14.983 8 INFO neutron.api.extensions [None req-5f732a80-89cd-44d1-b337-09c88915b8e6 - - - - - -] Loaded extension: quota_details
2026-08-16 13:28:14.984 8 INFO neutron.api.extensions [None req-5f732a80-89cd-44d1-b337-09c88915b8e6 - - - - - -] Loaded extension: rbac-policies
2026-08-16 13:28:14.985 8 INFO neutron.api.extensions [None req-5f732a80-89cd-44d1-b337-09c88915b8e6 - - - - - -] Extension rbac-address-group not supported by any of loaded plugins
2026-08-16 13:28:14.985 8 INFO neutron.api.extensions [None req-5f732a80-89cd-44d1-b337-09c88915b8e6 - - - - - -] Loaded extension: rbac-address-scope
2026-08-16 13:28:14.985 7 INFO neutron.quota.resource_registry [None req-24a58ee0-ba85-470f-8848-63679c49ab20 - - - - - -] Creating instance of CountableResource for resource:rbac_policy
2026-08-16 13:28:14.986 8 INFO neutron.api.extensions [None req-5f732a80-89cd-44d1-b337-09c88915b8e6 - - - - - -] Loaded extension: rbac-security-groups
2026-08-16 13:28:14.986 7 INFO neutron.quota.resource_registry [None req-24a58ee0-ba85-470f-8848-63679c49ab20 - - - - - -] Creating instance of TrackedResource for resource:security_group
2026-08-16 13:28:14.986 8 INFO neutron.api.extensions [None req-5f732a80-89cd-44d1-b337-09c88915b8e6 - - - - - -] Extension rbac-subnetpool not supported by any of loaded plugins
2026-08-16 13:28:14.986 7 INFO neutron.quota.resource_registry [None req-24a58ee0-ba85-470f-8848-63679c49ab20 - - - - - -] Creating instance of TrackedResource for resource:security_group_rule
2026-08-16 13:28:14.987 8 INFO neutron.api.extensions [None req-5f732a80-89cd-44d1-b337-09c88915b8e6 - - - - - -] Loaded extension: revision-if-match
2026-08-16 13:28:14.987 7 INFO neutron.quota.resource_registry [None req-24a58ee0-ba85-470f-8848-63679c49ab20 - - - - - -] Creating instance of TrackedResource for resource:subnetpool
2026-08-16 13:28:14.987 8 INFO neutron.api.extensions [None req-5f732a80-89cd-44d1-b337-09c88915b8e6 - - - - - -] Loaded extension: standard-attr-revisions
2026-08-16 13:28:14.987 7 WARNING neutron.quota.resource_registry [None req-24a58ee0-ba85-470f-8848-63679c49ab20 - - - - - -] subnetpool is already registered
2026-08-16 13:28:14.988 7 INFO neutron.quota.resource_registry [None req-24a58ee0-ba85-470f-8848-63679c49ab20 - - - - - -] Creating instance of CountableResource for resource:trunk
2026-08-16 13:28:14.988 8 INFO neutron.api.extensions [None req-5f732a80-89cd-44d1-b337-09c88915b8e6 - - - - - -] Loaded extension: router_availability_zone
2026-08-16 13:28:14.988 7 INFO neutron.quota.resource_registry [None req-24a58ee0-ba85-470f-8848-63679c49ab20 - - - - - -] Creating instance of CountableResource for resource:ikepolicy
2026-08-16 13:28:14.988 8 INFO neutron.api.extensions [None req-5f732a80-89cd-44d1-b337-09c88915b8e6 - - - - - -] Extension router-service-type not supported by any of loaded plugins
2026-08-16 13:28:14.988 7 INFO neutron.quota.resource_registry [None req-24a58ee0-ba85-470f-8848-63679c49ab20 - - - - - -] Creating instance of CountableResource for resource:ipsecpolicy
2026-08-16 13:28:14.989 7 INFO neutron.quota.resource_registry [None req-24a58ee0-ba85-470f-8848-63679c49ab20 - - - - - -] Creating instance of CountableResource for resource:endpoint_group
2026-08-16 13:28:14.989 7 INFO neutron.quota.resource_registry [None req-24a58ee0-ba85-470f-8848-63679c49ab20 - - - - - -] Creating instance of CountableResource for resource:vpnservice
2026-08-16 13:28:14.990 7 INFO neutron.quota.resource_registry [None req-24a58ee0-ba85-470f-8848-63679c49ab20 - - - - - -] Creating instance of CountableResource for resource:ipsec_site_connection
2026-08-16 13:28:14.990 8 INFO neutron.api.extensions [None req-5f732a80-89cd-44d1-b337-09c88915b8e6 - - - - - -] Loaded extension: security-groups-default-rules
2026-08-16 13:28:14.990 7 INFO neutron.quota.resource_registry [None req-24a58ee0-ba85-470f-8848-63679c49ab20 - - - - - -] Creating instance of CountableResource for resource:ipsecpolicy
2026-08-16 13:28:14.990 7 WARNING neutron.quota.resource_registry [None req-24a58ee0-ba85-470f-8848-63679c49ab20 - - - - - -] ipsecpolicy is already registered
2026-08-16 13:28:14.990 8 INFO neutron.api.extensions [None req-5f732a80-89cd-44d1-b337-09c88915b8e6 - - - - - -] Loaded extension: security-groups-normalized-cidr
2026-08-16 13:28:14.991 7 INFO neutron.quota.resource_registry [None req-24a58ee0-ba85-470f-8848-63679c49ab20 - - - - - -] Creating instance of CountableResource for resource:ikepolicy
2026-08-16 13:28:14.991 7 WARNING neutron.quota.resource_registry [None req-24a58ee0-ba85-470f-8848-63679c49ab20 - - - - - -] ikepolicy is already registered
2026-08-16 13:28:14.991 8 INFO neutron.api.extensions [None req-5f732a80-89cd-44d1-b337-09c88915b8e6 - - - - - -] Extension port-security-groups-filtering not supported by any of loaded plugins
2026-08-16 13:28:14.991 8 INFO neutron.api.extensions [None req-5f732a80-89cd-44d1-b337-09c88915b8e6 - - - - - -] Loaded extension: security-groups-remote-address-group
2026-08-16 13:28:14.992 8 INFO neutron.api.extensions [None req-5f732a80-89cd-44d1-b337-09c88915b8e6 - - - - - -] Loaded extension: security-groups-rules-belongs-to-default-sg
2026-08-16 13:28:14.992 8 INFO neutron.api.extensions [None req-5f732a80-89cd-44d1-b337-09c88915b8e6 - - - - - -] Loaded extension: security-groups-shared-filtering
2026-08-16 13:28:14.995 7 INFO neutron.quota.resource_registry [None req-24a58ee0-ba85-470f-8848-63679c49ab20 - - - - - -] Creating instance of TrackedResource for resource:router
2026-08-16 13:28:14.995 7 WARNING neutron.quota.resource_registry [None req-24a58ee0-ba85-470f-8848-63679c49ab20 - - - - - -] router is already registered
2026-08-16 13:28:14.995 7 INFO neutron.quota.resource_registry [None req-24a58ee0-ba85-470f-8848-63679c49ab20 - - - - - -] Creating instance of TrackedResource for resource:floatingip
2026-08-16 13:28:14.996 7 WARNING neutron.quota.resource_registry [None req-24a58ee0-ba85-470f-8848-63679c49ab20 - - - - - -] floatingip is already registered
2026-08-16 13:28:14.997 8 INFO neutron.api.extensions [None req-5f732a80-89cd-44d1-b337-09c88915b8e6 - - - - - -] Loaded extension: security-group
2026-08-16 13:28:14.998 8 INFO neutron.api.extensions [None req-5f732a80-89cd-44d1-b337-09c88915b8e6 - - - - - -] Loaded extension: segment
2026-08-16 13:28:14.998 8 INFO neutron.api.extensions [None req-5f732a80-89cd-44d1-b337-09c88915b8e6 - - - - - -] Loaded extension: segments-peer-subnet-host-routes
2026-08-16 13:28:14.999 8 INFO neutron.api.extensions [None req-5f732a80-89cd-44d1-b337-09c88915b8e6 - - - - - -] Loaded extension: service-type
2026-08-16 13:28:14.999 8 INFO neutron.api.extensions [None req-5f732a80-89cd-44d1-b337-09c88915b8e6 - - - - - -] Loaded extension: sorting
2026-08-16 13:28:14.999 7 INFO neutron.quota.resource_registry [None req-24a58ee0-ba85-470f-8848-63679c49ab20 - - - - - -] Creating instance of CountableResource for resource:rbac_policy
2026-08-16 13:28:15.000 8 INFO neutron.api.extensions [None req-5f732a80-89cd-44d1-b337-09c88915b8e6 - - - - - -] Loaded extension: standard-attr-segment
2026-08-16 13:28:15.000 7 WARNING neutron.quota.resource_registry [None req-24a58ee0-ba85-470f-8848-63679c49ab20 - - - - - -] rbac_policy is already registered
2026-08-16 13:28:15.000 7 INFO neutron.quota.resource_registry [None req-24a58ee0-ba85-470f-8848-63679c49ab20 - - - - - -] Creating instance of TrackedResource for resource:security_group
2026-08-16 13:28:15.000 8 INFO neutron.api.extensions [None req-5f732a80-89cd-44d1-b337-09c88915b8e6 - - - - - -] Loaded extension: standard-attr-description
2026-08-16 13:28:15.000 7 WARNING neutron.quota.resource_registry [None req-24a58ee0-ba85-470f-8848-63679c49ab20 - - - - - -] security_group is already registered
2026-08-16 13:28:15.001 8 INFO neutron.api.extensions [None req-5f732a80-89cd-44d1-b337-09c88915b8e6 - - - - - -] Loaded extension: stateful-security-group
2026-08-16 13:28:15.001 7 INFO neutron.quota.resource_registry [None req-24a58ee0-ba85-470f-8848-63679c49ab20 - - - - - -] Creating instance of TrackedResource for resource:security_group_rule
2026-08-16 13:28:15.001 7 WARNING neutron.quota.resource_registry [None req-24a58ee0-ba85-470f-8848-63679c49ab20 - - - - - -] security_group_rule is already registered
2026-08-16 13:28:15.001 8 WARNING neutron.api.extensions [None req-5f732a80-89cd-44d1-b337-09c88915b8e6 - - - - - -] Did not find expected name "Stdattrs_common" in /var/lib/openstack/lib/python3.12/site-packages/neutron/extensions/stdattrs_common.py
2026-08-16 13:28:15.002 7 INFO neutron.quota.resource_registry [None req-24a58ee0-ba85-470f-8848-63679c49ab20 - - - - - -] Creating instance of TrackedResource for resource:subnetpool
2026-08-16 13:28:15.002 8 INFO neutron.api.extensions [None req-5f732a80-89cd-44d1-b337-09c88915b8e6 - - - - - -] Loaded extension: subnet-dns-publish-fixed-ip
2026-08-16 13:28:15.002 7 WARNING neutron.quota.resource_registry [None req-24a58ee0-ba85-470f-8848-63679c49ab20 - - - - - -] subnetpool is already registered
2026-08-16 13:28:15.002 8 INFO neutron.api.extensions [None req-5f732a80-89cd-44d1-b337-09c88915b8e6 - - - - - -] Loaded extension: subnet-external-network
2026-08-16 13:28:15.002 7 INFO neutron.quota.resource_registry [None req-24a58ee0-ba85-470f-8848-63679c49ab20 - - - - - -] Creating instance of CountableResource for resource:trunk
2026-08-16 13:28:15.002 7 WARNING neutron.quota.resource_registry [None req-24a58ee0-ba85-470f-8848-63679c49ab20 - - - - - -] trunk is already registered
2026-08-16 13:28:15.003 7 INFO neutron.quota.resource_registry [None req-24a58ee0-ba85-470f-8848-63679c49ab20 - - - - - -] Creating instance of CountableResource for resource:ikepolicy
2026-08-16 13:28:15.003 8 INFO neutron.api.extensions [None req-5f732a80-89cd-44d1-b337-09c88915b8e6 - - - - - -] Extension subnet_onboard not supported by any of loaded plugins
2026-08-16 13:28:15.003 7 WARNING neutron.quota.resource_registry [None req-24a58ee0-ba85-470f-8848-63679c49ab20 - - - - - -] ikepolicy is already registered
2026-08-16 13:28:15.003 8 INFO neutron.api.extensions [None req-5f732a80-89cd-44d1-b337-09c88915b8e6 - - - - - -] Loaded extension: subnet-segmentid-writable
2026-08-16 13:28:15.003 7 INFO neutron.quota.resource_registry [None req-24a58ee0-ba85-470f-8848-63679c49ab20 - - - - - -] Creating instance of CountableResource for resource:ipsecpolicy
2026-08-16 13:28:15.003 7 WARNING neutron.quota.resource_registry [None req-24a58ee0-ba85-470f-8848-63679c49ab20 - - - - - -] ipsecpolicy is already registered
2026-08-16 13:28:15.004 8 INFO neutron.api.extensions [None req-5f732a80-89cd-44d1-b337-09c88915b8e6 - - - - - -] Loaded extension: subnet-service-types
2026-08-16 13:28:15.004 7 INFO neutron.quota.resource_registry [None req-24a58ee0-ba85-470f-8848-63679c49ab20 - - - - - -] Creating instance of CountableResource for resource:endpoint_group
2026-08-16 13:28:15.004 7 WARNING neutron.quota.resource_registry [None req-24a58ee0-ba85-470f-8848-63679c49ab20 - - - - - -] endpoint_group is already registered
2026-08-16 13:28:15.004 7 INFO neutron.quota.resource_registry [None req-24a58ee0-ba85-470f-8848-63679c49ab20 - - - - - -] Creating instance of CountableResource for resource:vpnservice
2026-08-16 13:28:15.004 8 INFO neutron.api.extensions [None req-5f732a80-89cd-44d1-b337-09c88915b8e6 - - - - - -] Loaded extension: subnet_allocation
2026-08-16 13:28:15.004 7 WARNING neutron.quota.resource_registry [None req-24a58ee0-ba85-470f-8848-63679c49ab20 - - - - - -] vpnservice is already registered
2026-08-16 13:28:15.005 7 INFO neutron.quota.resource_registry [None req-24a58ee0-ba85-470f-8848-63679c49ab20 - - - - - -] Creating instance of CountableResource for resource:ipsec_site_connection
2026-08-16 13:28:15.005 7 WARNING neutron.quota.resource_registry [None req-24a58ee0-ba85-470f-8848-63679c49ab20 - - - - - -] ipsec_site_connection is already registered
2026-08-16 13:28:15.005 8 INFO neutron.api.extensions [None req-5f732a80-89cd-44d1-b337-09c88915b8e6 - - - - - -] Loaded extension: subnetpool-prefix-ops
2026-08-16 13:28:15.005 7 INFO neutron.quota.resource_registry [None req-24a58ee0-ba85-470f-8848-63679c49ab20 - - - - - -] Creating instance of CountableResource for resource:ipsecpolicy
2026-08-16 13:28:15.005 7 WARNING neutron.quota.resource_registry [None req-24a58ee0-ba85-470f-8848-63679c49ab20 - - - - - -] ipsecpolicy is already registered
2026-08-16 13:28:15.005 8 INFO neutron.api.extensions [None req-5f732a80-89cd-44d1-b337-09c88915b8e6 - - - - - -] Loaded extension: tag-creation
2026-08-16 13:28:15.006 7 INFO neutron.quota.resource_registry [None req-24a58ee0-ba85-470f-8848-63679c49ab20 - - - - - -] Creating instance of CountableResource for resource:ikepolicy
2026-08-16 13:28:15.006 7 WARNING neutron.quota.resource_registry [None req-24a58ee0-ba85-470f-8848-63679c49ab20 - - - - - -] ikepolicy is already registered
2026-08-16 13:28:15.006 8 INFO neutron.api.extensions [None req-5f732a80-89cd-44d1-b337-09c88915b8e6 - - - - - -] Extension tag-ports-during-bulk-creation not supported by any of loaded plugins
2026-08-16 13:28:15.010 8 INFO neutron.api.extensions [None req-5f732a80-89cd-44d1-b337-09c88915b8e6 - - - - - -] Loaded extension: standard-attr-tag
2026-08-16 13:28:15.010 8 INFO neutron.api.extensions [None req-5f732a80-89cd-44d1-b337-09c88915b8e6 - - - - - -] Loaded extension: standard-attr-timestamp
2026-08-16 13:28:15.011 8 INFO neutron.api.extensions [None req-5f732a80-89cd-44d1-b337-09c88915b8e6 - - - - - -] Loaded extension: trunk
2026-08-16 13:28:15.011 8 INFO neutron.api.extensions [None req-5f732a80-89cd-44d1-b337-09c88915b8e6 - - - - - -] Loaded extension: trunk-details
2026-08-16 13:28:15.012 8 INFO neutron.api.extensions [None req-5f732a80-89cd-44d1-b337-09c88915b8e6 - - - - - -] Extension uplink-status-propagation not supported by any of loaded plugins
2026-08-16 13:28:15.012 8 INFO neutron.api.extensions [None req-5f732a80-89cd-44d1-b337-09c88915b8e6 - - - - - -] Extension uplink-status-propagation-updatable not supported by any of loaded plugins
2026-08-16 13:28:15.013 8 INFO neutron.api.extensions [None req-5f732a80-89cd-44d1-b337-09c88915b8e6 - - - - - -] Extension vlan-transparent not supported by any of loaded plugins
2026-08-16 13:28:15.014 8 INFO neutron.api.extensions [None req-5f732a80-89cd-44d1-b337-09c88915b8e6 - - - - - -] Loaded extension: vpn-aes-ctr
2026-08-16 13:28:15.015 8 INFO neutron.api.extensions [None req-5f732a80-89cd-44d1-b337-09c88915b8e6 - - - - - -] Loaded extension: vpn-agent-scheduler
2026-08-16 13:28:15.016 8 INFO neutron.api.extensions [None req-5f732a80-89cd-44d1-b337-09c88915b8e6 - - - - - -] Loaded extension: vpn-endpoint-groups
2026-08-16 13:28:15.017 8 INFO neutron.api.extensions [None req-5f732a80-89cd-44d1-b337-09c88915b8e6 - - - - - -] Loaded extension: vpn-flavors
2026-08-16 13:28:15.018 8 INFO neutron.api.extensions [None req-5f732a80-89cd-44d1-b337-09c88915b8e6 - - - - - -] Loaded extension: vpnaas
2026-08-16 13:28:15.019 8 INFO neutron.api.extensions [None req-5f732a80-89cd-44d1-b337-09c88915b8e6 - - - - - -] Loaded extension: taas
2026-08-16 13:28:15.020 8 INFO neutron.api.extensions [None req-5f732a80-89cd-44d1-b337-09c88915b8e6 - - - - - -] Loaded extension: tap-mirror
2026-08-16 13:28:15.021 8 INFO neutron.api.extensions [None req-5f732a80-89cd-44d1-b337-09c88915b8e6 - - - - - -] Loaded extension: taas-vlan-filter
2026-08-16 13:28:15.023 8 INFO neutron.quota.resource_registry [None req-5f732a80-89cd-44d1-b337-09c88915b8e6 - - - - - -] Creating instance of TrackedResource for resource:network
2026-08-16 13:28:15.023 8 INFO neutron.quota.resource_registry [None req-5f732a80-89cd-44d1-b337-09c88915b8e6 - - - - - -] Creating instance of TrackedResource for resource:subnet
2026-08-16 13:28:15.023 8 INFO neutron.quota.resource_registry [None req-5f732a80-89cd-44d1-b337-09c88915b8e6 - - - - - -] Creating instance of TrackedResource for resource:subnetpool
2026-08-16 13:28:15.024 8 INFO neutron.quota.resource_registry [None req-5f732a80-89cd-44d1-b337-09c88915b8e6 - - - - - -] Creating instance of TrackedResource for resource:port
2026-08-16 13:28:15.027 8 INFO neutron.quota.resource_registry [None req-5f732a80-89cd-44d1-b337-09c88915b8e6 - - - - - -] Creating instance of TrackedResource for resource:router
2026-08-16 13:28:15.027 8 INFO neutron.quota.resource_registry [None req-5f732a80-89cd-44d1-b337-09c88915b8e6 - - - - - -] Creating instance of TrackedResource for resource:floatingip
2026-08-16 13:28:15.033 8 INFO neutron.quota.resource_registry [None req-5f732a80-89cd-44d1-b337-09c88915b8e6 - - - - - -] Creating instance of CountableResource for resource:rbac_policy
2026-08-16 13:28:15.033 8 INFO neutron.quota.resource_registry [None req-5f732a80-89cd-44d1-b337-09c88915b8e6 - - - - - -] Creating instance of TrackedResource for resource:security_group
2026-08-16 13:28:15.034 8 INFO neutron.quota.resource_registry [None req-5f732a80-89cd-44d1-b337-09c88915b8e6 - - - - - -] Creating instance of TrackedResource for resource:security_group_rule
2026-08-16 13:28:15.035 8 INFO neutron.quota.resource_registry [None req-5f732a80-89cd-44d1-b337-09c88915b8e6 - - - - - -] Creating instance of TrackedResource for resource:subnetpool
2026-08-16 13:28:15.035 8 WARNING neutron.quota.resource_registry [None req-5f732a80-89cd-44d1-b337-09c88915b8e6 - - - - - -] subnetpool is already registered
2026-08-16 13:28:15.035 8 INFO neutron.quota.resource_registry [None req-5f732a80-89cd-44d1-b337-09c88915b8e6 - - - - - -] Creating instance of CountableResource for resource:trunk
2026-08-16 13:28:15.036 8 INFO neutron.quota.resource_registry [None req-5f732a80-89cd-44d1-b337-09c88915b8e6 - - - - - -] Creating instance of CountableResource for resource:ikepolicy
2026-08-16 13:28:15.036 8 INFO neutron.quota.resource_registry [None req-5f732a80-89cd-44d1-b337-09c88915b8e6 - - - - - -] Creating instance of CountableResource for resource:ipsecpolicy
2026-08-16 13:28:15.036 8 INFO neutron.quota.resource_registry [None req-5f732a80-89cd-44d1-b337-09c88915b8e6 - - - - - -] Creating instance of CountableResource for resource:endpoint_group
2026-08-16 13:28:15.037 8 INFO neutron.quota.resource_registry [None req-5f732a80-89cd-44d1-b337-09c88915b8e6 - - - - - -] Creating instance of CountableResource for resource:vpnservice
2026-08-16 13:28:15.037 8 INFO neutron.quota.resource_registry [None req-5f732a80-89cd-44d1-b337-09c88915b8e6 - - - - - -] Creating instance of CountableResource for resource:ipsec_site_connection
2026-08-16 13:28:15.038 8 INFO neutron.quota.resource_registry [None req-5f732a80-89cd-44d1-b337-09c88915b8e6 - - - - - -] Creating instance of CountableResource for resource:ipsecpolicy
2026-08-16 13:28:15.038 8 WARNING neutron.quota.resource_registry [None req-5f732a80-89cd-44d1-b337-09c88915b8e6 - - - - - -] ipsecpolicy is already registered
2026-08-16 13:28:15.038 8 INFO neutron.quota.resource_registry [None req-5f732a80-89cd-44d1-b337-09c88915b8e6 - - - - - -] Creating instance of CountableResource for resource:ikepolicy
2026-08-16 13:28:15.038 8 WARNING neutron.quota.resource_registry [None req-5f732a80-89cd-44d1-b337-09c88915b8e6 - - - - - -] ikepolicy is already registered
2026-08-16 13:28:15.040 7 WARNING keystonemiddleware._common.config [None req-24a58ee0-ba85-470f-8848-63679c49ab20 - - - - - -] The option "audit_map_file" is not known to keystonemiddleware
2026-08-16 13:28:15.042 8 INFO neutron.quota.resource_registry [None req-5f732a80-89cd-44d1-b337-09c88915b8e6 - - - - - -] Creating instance of TrackedResource for resource:router
2026-08-16 13:28:15.043 8 WARNING neutron.quota.resource_registry [None req-5f732a80-89cd-44d1-b337-09c88915b8e6 - - - - - -] router is already registered
2026-08-16 13:28:15.043 8 INFO neutron.quota.resource_registry [None req-5f732a80-89cd-44d1-b337-09c88915b8e6 - - - - - -] Creating instance of TrackedResource for resource:floatingip
2026-08-16 13:28:15.043 8 WARNING neutron.quota.resource_registry [None req-5f732a80-89cd-44d1-b337-09c88915b8e6 - - - - - -] floatingip is already registered
2026-08-16 13:28:15.047 7 WARNING oslo_config.cfg [None req-24a58ee0-ba85-470f-8848-63679c49ab20 - - - - - -] Deprecated: Option "auth_uri" from group "keystone_authtoken" is deprecated. Use option "www_authenticate_uri" from group "keystone_authtoken".
2026-08-16 13:28:15.047 8 INFO neutron.quota.resource_registry [None req-5f732a80-89cd-44d1-b337-09c88915b8e6 - - - - - -] Creating instance of CountableResource for resource:rbac_policy
2026-08-16 13:28:15.047 8 WARNING neutron.quota.resource_registry [None req-5f732a80-89cd-44d1-b337-09c88915b8e6 - - - - - -] rbac_policy is already registered
2026-08-16 13:28:15.048 8 INFO neutron.quota.resource_registry [None req-5f732a80-89cd-44d1-b337-09c88915b8e6 - - - - - -] Creating instance of TrackedResource for resource:security_group
2026-08-16 13:28:15.048 8 WARNING neutron.quota.resource_registry [None req-5f732a80-89cd-44d1-b337-09c88915b8e6 - - - - - -] security_group is already registered
2026-08-16 13:28:15.048 8 INFO neutron.quota.resource_registry [None req-5f732a80-89cd-44d1-b337-09c88915b8e6 - - - - - -] Creating instance of TrackedResource for resource:security_group_rule
2026-08-16 13:28:15.048 8 WARNING neutron.quota.resource_registry [None req-5f732a80-89cd-44d1-b337-09c88915b8e6 - - - - - -] security_group_rule is already registered
2026-08-16 13:28:15.049 8 INFO neutron.quota.resource_registry [None req-5f732a80-89cd-44d1-b337-09c88915b8e6 - - - - - -] Creating instance of TrackedResource for resource:subnetpool
2026-08-16 13:28:15.049 8 WARNING neutron.quota.resource_registry [None req-5f732a80-89cd-44d1-b337-09c88915b8e6 - - - - - -] subnetpool is already registered
2026-08-16 13:28:15.050 8 INFO neutron.quota.resource_registry [None req-5f732a80-89cd-44d1-b337-09c88915b8e6 - - - - - -] Creating instance of CountableResource for resource:trunk
2026-08-16 13:28:15.050 8 WARNING neutron.quota.resource_registry [None req-5f732a80-89cd-44d1-b337-09c88915b8e6 - - - - - -] trunk is already registered
2026-08-16 13:28:15.050 8 INFO neutron.quota.resource_registry [None req-5f732a80-89cd-44d1-b337-09c88915b8e6 - - - - - -] Creating instance of CountableResource for resource:ikepolicy
2026-08-16 13:28:15.050 8 WARNING neutron.quota.resource_registry [None req-5f732a80-89cd-44d1-b337-09c88915b8e6 - - - - - -] ikepolicy is already registered
2026-08-16 13:28:15.051 8 INFO neutron.quota.resource_registry [None req-5f732a80-89cd-44d1-b337-09c88915b8e6 - - - - - -] Creating instance of CountableResource for resource:ipsecpolicy
2026-08-16 13:28:15.051 8 WARNING neutron.quota.resource_registry [None req-5f732a80-89cd-44d1-b337-09c88915b8e6 - - - - - -] ipsecpolicy is already registered
2026-08-16 13:28:15.051 8 INFO neutron.quota.resource_registry [None req-5f732a80-89cd-44d1-b337-09c88915b8e6 - - - - - -] Creating instance of CountableResource for resource:endpoint_group
2026-08-16 13:28:15.051 8 WARNING neutron.quota.resource_registry [None req-5f732a80-89cd-44d1-b337-09c88915b8e6 - - - - - -] endpoint_group is already registered
2026-08-16 13:28:15.052 8 INFO neutron.quota.resource_registry [None req-5f732a80-89cd-44d1-b337-09c88915b8e6 - - - - - -] Creating instance of CountableResource for resource:vpnservice
2026-08-16 13:28:15.052 8 WARNING neutron.quota.resource_registry [None req-5f732a80-89cd-44d1-b337-09c88915b8e6 - - - - - -] vpnservice is already registered
2026-08-16 13:28:15.052 8 INFO neutron.quota.resource_registry [None req-5f732a80-89cd-44d1-b337-09c88915b8e6 - - - - - -] Creating instance of CountableResource for resource:ipsec_site_connection
2026-08-16 13:28:15.052 8 WARNING neutron.quota.resource_registry [None req-5f732a80-89cd-44d1-b337-09c88915b8e6 - - - - - -] ipsec_site_connection is already registered
2026-08-16 13:28:15.053 8 INFO neutron.quota.resource_registry [None req-5f732a80-89cd-44d1-b337-09c88915b8e6 - - - - - -] Creating instance of CountableResource for resource:ipsecpolicy
2026-08-16 13:28:15.053 8 WARNING neutron.quota.resource_registry [None req-5f732a80-89cd-44d1-b337-09c88915b8e6 - - - - - -] ipsecpolicy is already registered
2026-08-16 13:28:15.053 8 INFO neutron.quota.resource_registry [None req-5f732a80-89cd-44d1-b337-09c88915b8e6 - - - - - -] Creating instance of CountableResource for resource:ikepolicy
2026-08-16 13:28:15.053 8 WARNING neutron.quota.resource_registry [None req-5f732a80-89cd-44d1-b337-09c88915b8e6 - - - - - -] ikepolicy is already registered
2026-08-16 13:28:15.070 7 WARNING neutron.plugins.ml2.drivers.ovn.mech_driver.mech_driver [None req-24a58ee0-ba85-470f-8848-63679c49ab20 - - - - - -] uWSGI must provide a start time using the configuration parameter "start-time %t" in the configuration file
2026-08-16 13:28:15.084 7 INFO neutron.db.ovn_hash_ring_db [None req-24a58ee0-ba85-470f-8848-63679c49ab20 - - - - - -] Nodes from host "neutron-server-7cbf5cfbdc-7c5k5" and group "mechanism_driver" removed from the Hash Ring created at
2026-08-16 13:28:15+00:00
2026-08-16 13:28:15.087 7 INFO neutron.db.ovn_hash_ring_db [None req-24a58ee0-ba85-470f-8848-63679c49ab20 - - - - - -] Node 166d80cd759a585bbc871ee8f6f48125 from host "neutron-server-7cbf5cfbdc-7c5k5" and group "mechanism_driver" added to the Hash Ring
2026-08-16 13:28:15.088 8 WARNING keystonemiddleware._common.config [None req-5f732a80-89cd-44d1-b337-09c88915b8e6 - - - - - -] The option "audit_map_file" is not known to keystonemiddleware
2026-08-16 13:28:15.093 7 INFO neutron.plugins.ml2.drivers.ovn.mech_driver.mech_driver [None req-24a58ee0-ba85-470f-8848-63679c49ab20 - - - - - -] Hash Ring probing thread for node 166d80cd759a585bbc871ee8f6f48125 has started
2026-08-16 13:28:15.094 7 INFO neutron.plugins.ml2.drivers.ovn.mech_driver.ovsdb.impl_idl_ovn [None req-24a58ee0-ba85-470f-8848-63679c49ab20 - - - - - -] Getting OvsdbNbOvnIdl for WorkerService with retry
2026-08-16 13:28:15.094 8 WARNING oslo_config.cfg [None req-5f732a80-89cd-44d1-b337-09c88915b8e6 - - - - - -] Deprecated: Option "auth_uri" from group "keystone_authtoken" is deprecated. Use option "www_authenticate_uri" from group "keystone_authtoken".
2026-08-16 13:28:15.113 8 WARNING neutron.plugins.ml2.drivers.ovn.mech_driver.mech_driver [None req-5f732a80-89cd-44d1-b337-09c88915b8e6 - - - - - -] uWSGI must provide a start time using the configuration parameter "start-time %t" in the configuration file
2026-08-16 13:28:15.120 7 INFO ovsdbapp.backend.ovs_idl.vlog [None req-24a58ee0-ba85-470f-8848-63679c49ab20 - - - - - -] tcp:10.96.160.229:6641: connecting...
2026-08-16 13:28:15.120 7 INFO ovsdbapp.backend.ovs_idl.vlog [None req-24a58ee0-ba85-470f-8848-63679c49ab20 - - - - - -] tcp:10.96.160.229:6641: connected
2026-08-16 13:28:15.128 8 INFO neutron.db.ovn_hash_ring_db [None req-5f732a80-89cd-44d1-b337-09c88915b8e6 - - - - - -] Nodes from host "neutron-server-7cbf5cfbdc-7c5k5" and group "mechanism_driver" removed from the Hash Ring created at
2026-08-16 13:28:15+00:00
2026-08-16 13:28:15.131 8 INFO neutron.db.ovn_hash_ring_db [None req-5f732a80-89cd-44d1-b337-09c88915b8e6 - - - - - -] Node 7e9b573cbfa9514da655cd8fa086ce8a from host "neutron-server-7cbf5cfbdc-7c5k5" and group "mechanism_driver" added to the Hash Ring
2026-08-16 13:28:15.137 8 INFO neutron.plugins.ml2.drivers.ovn.mech_driver.mech_driver [None req-5f732a80-89cd-44d1-b337-09c88915b8e6 - - - - - -] Hash Ring probing thread for node 7e9b573cbfa9514da655cd8fa086ce8a has started
2026-08-16 13:28:15.140 8 INFO neutron.plugins.ml2.drivers.ovn.mech_driver.ovsdb.impl_idl_ovn [None req-5f732a80-89cd-44d1-b337-09c88915b8e6 - - - - - -] Getting OvsdbNbOvnIdl for WorkerService with retry
2026-08-16 13:28:15.154 7 INFO neutron.plugins.ml2.drivers.ovn.mech_driver.ovsdb.impl_idl_ovn [None req-24a58ee0-ba85-470f-8848-63679c49ab20 - - - - - -] Getting OvsdbSbOvnIdl for WorkerService with retry
2026-08-16 13:28:15.172 8 INFO ovsdbapp.backend.ovs_idl.vlog [None req-5f732a80-89cd-44d1-b337-09c88915b8e6 - - - - - -] tcp:10.96.160.229:6641: connecting...
2026-08-16 13:28:15.172 8 INFO ovsdbapp.backend.ovs_idl.vlog [None req-5f732a80-89cd-44d1-b337-09c88915b8e6 - - - - - -] tcp:10.96.160.229:6641: connected
2026-08-16 13:28:15.176 7 INFO ovsdbapp.backend.ovs_idl.vlog [None req-24a58ee0-ba85-470f-8848-63679c49ab20 - - - - - -] tcp:10.101.222.216:6642: connecting...
2026-08-16 13:28:15.176 7 INFO ovsdbapp.backend.ovs_idl.vlog [None req-24a58ee0-ba85-470f-8848-63679c49ab20 - - - - - -] tcp:10.101.222.216:6642: connected
2026-08-16 13:28:15.207 7 INFO neutron.plugins.ml2.drivers.ovn.mech_driver.mech_driver [None req-24a58ee0-ba85-470f-8848-63679c49ab20 - - - - - -] WorkerService process has finished the post initialization
2026-08-16 13:28:15.208 7 INFO neutron.plugins.ml2.drivers.ovn.mech_driver.ovsdb.extensions.qos [-] Starting OVNClientQosExtension
2026-08-16 13:28:15.208 7 INFO neutron.plugins.ml2.drivers.ovn.mech_driver.ovsdb.extensions.placement [-] Starting OVNClientPlacementExtension
2026-08-16 13:28:15.209 8 INFO neutron.plugins.ml2.drivers.ovn.mech_driver.ovsdb.impl_idl_ovn [None req-5f732a80-89cd-44d1-b337-09c88915b8e6 - - - - - -] Getting OvsdbSbOvnIdl for WorkerService with retry
2026-08-16 13:28:15.231 7 INFO ovsdbapp.backend.ovs_idl.vlog [None req-24a58ee0-ba85-470f-8848-63679c49ab20 - - - - - -] tcp:10.96.160.229:6641: connecting...
2026-08-16 13:28:15.231 7 INFO ovsdbapp.backend.ovs_idl.vlog [None req-24a58ee0-ba85-470f-8848-63679c49ab20 - - - - - -] tcp:10.96.160.229:6641: connected
2026-08-16 13:28:15.231 8 INFO ovsdbapp.backend.ovs_idl.vlog [None req-5f732a80-89cd-44d1-b337-09c88915b8e6 - - - - - -] tcp:10.101.222.216:6642: connecting...
2026-08-16 13:28:15.231 8 INFO ovsdbapp.backend.ovs_idl.vlog [None req-5f732a80-89cd-44d1-b337-09c88915b8e6 - - - - - -] tcp:10.101.222.216:6642: connected
2026-08-16 13:28:15.259 8 INFO neutron.plugins.ml2.drivers.ovn.mech_driver.mech_driver [None req-5f732a80-89cd-44d1-b337-09c88915b8e6 - - - - - -] WorkerService process has finished the post initialization
2026-08-16 13:28:15.267 7 INFO ovsdbapp.backend.ovs_idl.vlog [None req-24a58ee0-ba85-470f-8848-63679c49ab20 - - - - - -] tcp:10.96.160.229:6641: connecting...
2026-08-16 13:28:15.267 7 INFO ovsdbapp.backend.ovs_idl.vlog [None req-24a58ee0-ba85-470f-8848-63679c49ab20 - - - - - -] tcp:10.96.160.229:6641: connected
2026-08-16 13:28:15.282 8 INFO ovsdbapp.backend.ovs_idl.vlog [None req-5f732a80-89cd-44d1-b337-09c88915b8e6 - - - - - -] tcp:10.96.160.229:6641: connecting...
2026-08-16 13:28:15.282 8 INFO ovsdbapp.backend.ovs_idl.vlog [None req-5f732a80-89cd-44d1-b337-09c88915b8e6 - - - - - -] tcp:10.96.160.229:6641: connected WSGI app 0 (mountpoint='') ready in 10 seconds on interpreter 0x7fa6644e3668 pid: 7 (default app)
2026-08-16 13:28:15.319 8 INFO ovsdbapp.backend.ovs_idl.vlog [None req-5f732a80-89cd-44d1-b337-09c88915b8e6 - - - - - -] tcp:10.96.160.229:6641: connecting...
2026-08-16 13:28:15.319 8 INFO ovsdbapp.backend.ovs_idl.vlog [None req-5f732a80-89cd-44d1-b337-09c88915b8e6 - - - - - -] tcp:10.96.160.229:6641: connected WSGI app 0 (mountpoint='') ready in 10 seconds on interpreter 0x7fa6644e3668 pid: 8 (default app) /var/lib/openstack/lib/python3.12/site-packages/pycadf/identifier.py:70: UserWarning: Invalid uuid: unknown. To ensure interoperability, identifiers should be a valid uuid. warnings.warn(('Invalid uuid: %s. To ensure interoperability, '
2026-08-16 13:28:18.115 7 INFO neutron.pecan_wsgi.hooks.translation [None req-82e3dbc6-e486-4524-a497-fc73ed97c53f 9f6d98f48e2f4f8db240f141065beec7 9092ff553a1d423e96aa28d698d36fb9 - - default default] GET failed (client error): The resource could not be found. [pid: 7|app: 0|req: 3/3] 199.204.45.235 () {44 vars in 927 bytes} [Sun Aug 16 13:28:17 2026] GET /v2.0/networks/public => generated 108 bytes in 795 msecs (HTTP/1.1 404) 4 headers in 164 bytes (1 switches on core 0) /var/lib/openstack/lib/python3.12/site-packages/pycadf/identifier.py:70: UserWarning: Invalid uuid: unknown. To ensure interoperability, identifiers should be a valid uuid. warnings.warn(('Invalid uuid: %s. To ensure interoperability, ' [pid: 8|app: 0|req: 1/4] 199.204.45.235 () {44 vars in 949 bytes} [Sun Aug 16 13:28:18 2026] GET /v2.0/networks?name=public => generated 15 bytes in 357 msecs (HTTP/1.1 200) 4 headers in 156 bytes (1 switches on core 0)
2026-08-16 13:28:18.833 7 INFO neutron.db.ovn_revision_numbers_db [None req-2ea20557-481c-4219-a563-c2624abb6846 9f6d98f48e2f4f8db240f141065beec7 9092ff553a1d423e96aa28d698d36fb9 - - default default] Successfully bumped revision number for resource bd2f2114-19d5-40a3-aeb1-9ac7aa47d868 (type: security_groups) to 1
2026-08-16 13:28:18.847 7 INFO neutron.db.ovn_revision_numbers_db [None req-2ea20557-481c-4219-a563-c2624abb6846 9f6d98f48e2f4f8db240f141065beec7 9092ff553a1d423e96aa28d698d36fb9 - - default default] Successfully bumped revision number for resource 282bbb35-c950-44a4-af22-f0731e781c5b (type: security_group_rules) to 0
2026-08-16 13:28:18.857 7 INFO neutron.db.ovn_revision_numbers_db [None req-2ea20557-481c-4219-a563-c2624abb6846 9f6d98f48e2f4f8db240f141065beec7 9092ff553a1d423e96aa28d698d36fb9 - - default default] Successfully bumped revision number for resource 2a5a00fc-d444-4ce5-b6d3-8a20d8032bf9 (type: security_group_rules) to 0
2026-08-16 13:28:18.866 7 INFO neutron.db.ovn_revision_numbers_db [None req-2ea20557-481c-4219-a563-c2624abb6846 9f6d98f48e2f4f8db240f141065beec7 9092ff553a1d423e96aa28d698d36fb9 - - default default] Successfully bumped revision number for resource 4c325446-eb9c-4f91-8ab0-947e34a1cd67 (type: security_group_rules) to 0
2026-08-16 13:28:18.876 7 INFO neutron.db.ovn_revision_numbers_db [None req-2ea20557-481c-4219-a563-c2624abb6846 9f6d98f48e2f4f8db240f141065beec7 9092ff553a1d423e96aa28d698d36fb9 - - default default] Successfully bumped revision number for resource 8f90a324-827d-4fb1-b525-e9eb02cf9869 (type: security_group_rules) to 0
2026-08-16 13:28:18.962 7 WARNING neutron.services.revisions.revision_plugin [None req-2ea20557-481c-4219-a563-c2624abb6846 9f6d98f48e2f4f8db240f141065beec7 9092ff553a1d423e96aa28d698d36fb9 - - default default] Could not find related network for resource to bump revision.
2026-08-16 13:28:18.989 7 INFO neutron.db.segments_db [None req-2ea20557-481c-4219-a563-c2624abb6846 9f6d98f48e2f4f8db240f141065beec7 9092ff553a1d423e96aa28d698d36fb9 - - default default] Added segment ecda74f2-565a-4b7b-84be-a23ff598e6c2 of type flat for network 3e8c471f-3da3-4f43-9057-19512c625971
2026-08-16 13:28:19.127 8 INFO neutron.plugins.ml2.drivers.ovn.mech_driver.mech_driver [-] OVN reports status down for port: provnet-ecda74f2-565a-4b7b-84be-a23ff598e6c2
2026-08-16 13:28:19.150 7 INFO neutron.db.ovn_revision_numbers_db [None req-2ea20557-481c-4219-a563-c2624abb6846 9f6d98f48e2f4f8db240f141065beec7 9092ff553a1d423e96aa28d698d36fb9 - - default default] Successfully bumped revision number for resource 3e8c471f-3da3-4f43-9057-19512c625971 (type: networks) to 1
2026-08-16 13:28:19.385 7 WARNING neutron.scheduler.dhcp_agent_scheduler [None req-2ea20557-481c-4219-a563-c2624abb6846 9f6d98f48e2f4f8db240f141065beec7 9092ff553a1d423e96aa28d698d36fb9 - - default default] No more DHCP agents
2026-08-16 13:28:19.386 7 WARNING neutron.api.rpc.agentnotifiers.dhcp_rpc_agent_api [None req-2ea20557-481c-4219-a563-c2624abb6846 9f6d98f48e2f4f8db240f141065beec7 9092ff553a1d423e96aa28d698d36fb9 - - default default] Unable to schedule network 3e8c471f-3da3-4f43-9057-19512c625971: no agents available; will retry on subsequent port and subnet creation events.
2026-08-16 13:28:19.438 8 INFO neutron.plugins.ml2.drivers.ovn.mech_driver.mech_driver [None req-dc9ba275-1699-4894-b227-7ccd73bd3f3e - - - - - -] OVN reports status down for port: d4a3e802-e40b-454c-89b2-83e8bdeb6472
2026-08-16 13:28:19.471 7 INFO neutron.db.ovn_revision_numbers_db [None req-2ea20557-481c-4219-a563-c2624abb6846 9f6d98f48e2f4f8db240f141065beec7 9092ff553a1d423e96aa28d698d36fb9 - - default default] Successfully bumped revision number for resource d4a3e802-e40b-454c-89b2-83e8bdeb6472 (type: ports) to 1 [pid: 7|app: 0|req: 4/5] 199.204.45.235 () {48 vars in 967 bytes} [Sun Aug 16 13:28:18 2026] POST /v2.0/networks => generated 706 bytes in 1005 msecs (HTTP/1.1 201) 4 headers in 162 bytes (1 switches on core 0)
2026-08-16 13:28:19.536 8 INFO neutron.plugins.ml2.drivers.ovn.mech_driver.ovsdb.extensions.qos [None req-dc9ba275-1699-4894-b227-7ccd73bd3f3e - - - - - -] Starting OVNClientQosExtension
2026-08-16 13:28:19.537 8 INFO neutron.plugins.ml2.drivers.ovn.mech_driver.ovsdb.extensions.placement [None req-dc9ba275-1699-4894-b227-7ccd73bd3f3e - - - - - -] Starting OVNClientPlacementExtension
2026-08-16 13:28:20.939 8 INFO neutron.pecan_wsgi.hooks.translation [None req-8da5d9b4-453a-4343-aa92-b0999336322f 9f6d98f48e2f4f8db240f141065beec7 9092ff553a1d423e96aa28d698d36fb9 - - default default] GET failed (client error): The resource could not be found. [pid: 8|app: 0|req: 2/6] 199.204.45.235 () {44 vars in 927 bytes} [Sun Aug 16 13:28:20 2026] GET /v2.0/networks/public => generated 108 bytes in 380 msecs (HTTP/1.1 404) 4 headers in 164 bytes (1 switches on core 0) [pid: 7|app: 0|req: 5/7] 199.204.45.235 () {44 vars in 949 bytes} [Sun Aug 16 13:28:20 2026] GET /v2.0/networks?name=public => generated 715 bytes in 35 msecs (HTTP/1.1 200) 4 headers in 157 bytes (1 switches on core 0)
2026-08-16 13:28:21.012 8 INFO neutron.pecan_wsgi.hooks.translation [None req-1fcca52e-e96d-49a2-834c-7afa7a950d13 9f6d98f48e2f4f8db240f141065beec7 9092ff553a1d423e96aa28d698d36fb9 - - default default] GET failed (client error): The resource could not be found. [pid: 8|app: 0|req: 3/8] 199.204.45.235 () {44 vars in 1034 bytes} [Sun Aug 16 13:28:20 2026] GET /v2.0/subnets/public-subnet?network_id=3e8c471f-3da3-4f43-9057-19512c625971 => generated 113 bytes in 25 msecs (HTTP/1.1 404) 4 headers in 164 bytes (1 switches on core 0) [pid: 7|app: 0|req: 6/9] 199.204.45.235 () {44 vars in 1057 bytes} [Sun Aug 16 13:28:21 2026] GET /v2.0/subnets?name=public-subnet&network_id=3e8c471f-3da3-4f43-9057-19512c625971 => generated 14 bytes in 21 msecs (HTTP/1.1 200) 4 headers in 156 bytes (1 switches on core 0)
2026-08-16 13:28:21.478 8 WARNING neutron.scheduler.dhcp_agent_scheduler [None req-936dc376-05d3-4cc1-bbd4-8e40cdef2894 9f6d98f48e2f4f8db240f141065beec7 9092ff553a1d423e96aa28d698d36fb9 - - default default] No more DHCP agents
2026-08-16 13:28:21.482 8 WARNING neutron.api.rpc.agentnotifiers.dhcp_rpc_agent_api [None req-936dc376-05d3-4cc1-bbd4-8e40cdef2894 9f6d98f48e2f4f8db240f141065beec7 9092ff553a1d423e96aa28d698d36fb9 - - default default] Unable to schedule network 3e8c471f-3da3-4f43-9057-19512c625971: no agents available; will retry on subsequent port and subnet creation events.
2026-08-16 13:28:22.137 8 INFO neutron.db.ovn_revision_numbers_db [None req-818f3a2f-1543-483c-8944-4e9c8b79cc41 - - - - - -] Successfully bumped revision number for resource d4a3e802-e40b-454c-89b2-83e8bdeb6472 (type: ports) to 2
2026-08-16 13:28:22.171 8 INFO neutron.db.ovn_revision_numbers_db [None req-818f3a2f-1543-483c-8944-4e9c8b79cc41 - - - - - -] Successfully bumped revision number for resource 1a05ab74-4873-44bc-97e9-5281d1654bba (type: subnets) to 0 [pid: 8|app: 0|req: 4/10] 199.204.45.235 () {48 vars in 965 bytes} [Sun Aug 16 13:28:21 2026] POST /v2.0/subnets => generated 664 bytes in 1146 msecs (HTTP/1.1 201) 4 headers in 162 bytes (1 switches on core 0)
2026-08-16 13:33:02.038 8 INFO neutron.pecan_wsgi.hooks.translation [None req-364fbbad-54c2-4071-aef4-108f560e1f82 9f6d98f48e2f4f8db240f141065beec7 9092ff553a1d423e96aa28d698d36fb9 - - default default] GET failed (client error): The resource could not be found. [pid: 8|app: 0|req: 22/46] 199.204.45.235 () {44 vars in 937 bytes} [Sun Aug 16 13:33:01 2026] GET /v2.0/networks/lb-mgmt-net => generated 113 bytes in 105 msecs (HTTP/1.1 404) 4 headers in 164 bytes (1 switches on core 0) [pid: 7|app: 0|req: 25/47] 199.204.45.235 () {44 vars in 959 bytes} [Sun Aug 16 13:33:02 2026] GET /v2.0/networks?name=lb-mgmt-net => generated 15 bytes in 18 msecs (HTTP/1.1 200) 4 headers in 156 bytes (1 switches on core 0)
