2026-05-08 11:34:33.383 9 INFO neutron.db.ovn_revision_numbers_db [None req-31502c3f-8802-4bc3-9418-1afd2ea62315 1623486798b54484b4884c4b34ffed68 8217937b2bba4ca09a21a8730bb53868 - - default default] Successfully bumped revision number for resource a42ca9f3-ea54-4589-9f44-b64754d39623 (type: routers) to 2
2026-05-08 11:34:33.399 9 INFO neutron.wsgi [None req-31502c3f-8802-4bc3-9418-1afd2ea62315 1623486798b54484b4884c4b34ffed68 8217937b2bba4ca09a21a8730bb53868 - - default default] 10.0.0.11 "POST /v2.0/routers HTTP/1.1" status: 201 len: 874 time: 1.5847304
2026-05-08 11:34:33.824 9 WARNING neutron.scheduler.dhcp_agent_scheduler [None req-a3968596-11ec-47ad-9d7d-a4534f5cb46e 1623486798b54484b4884c4b34ffed68 8217937b2bba4ca09a21a8730bb53868 - - default default] No more DHCP agents
2026-05-08 11:34:33.829 9 WARNING neutron.api.rpc.agentnotifiers.dhcp_rpc_agent_api [None req-a3968596-11ec-47ad-9d7d-a4534f5cb46e 1623486798b54484b4884c4b34ffed68 8217937b2bba4ca09a21a8730bb53868 - - default default] Unable to schedule network dc1b93b9-83d7-45a3-8b36-7b3b55a91f1a: no agents available; will retry on subsequent port and subnet creation events.
2026-05-08 11:34:33.850 10 INFO neutron.db.ovn_revision_numbers_db [None req-4f429eab-1de2-426d-b3ac-e6667dac5ad2 - - - - - -] Successfully bumped revision number for resource 5ee394bf-3058-453d-9d19-44777fdea772 (type: ports) to 1
2026-05-08 11:34:33.994 9 INFO neutron.db.ovn_revision_numbers_db [None req-a3968596-11ec-47ad-9d7d-a4534f5cb46e 1623486798b54484b4884c4b34ffed68 8217937b2bba4ca09a21a8730bb53868 - - default default] Successfully bumped revision number for resource acb8383a-31c2-42ba-9f90-0098f507eaf8 (type: ports) to 1
2026-05-08 11:34:34.135 10 INFO neutron.db.ovn_revision_numbers_db [None req-4f429eab-1de2-426d-b3ac-e6667dac5ad2 - - - - - -] Successfully bumped revision number for resource 5ee394bf-3058-453d-9d19-44777fdea772 (type: router_ports) to 3
2026-05-08 11:34:34.319 10 INFO neutron.db.ovn_revision_numbers_db [None req-4f429eab-1de2-426d-b3ac-e6667dac5ad2 - - - - - -] Successfully bumped revision number for resource 5ee394bf-3058-453d-9d19-44777fdea772 (type: ports) to 2
2026-05-08 11:34:34.468 9 INFO neutron.db.ovn_revision_numbers_db [None req-a3968596-11ec-47ad-9d7d-a4534f5cb46e 1623486798b54484b4884c4b34ffed68 8217937b2bba4ca09a21a8730bb53868 - - default default] Successfully bumped revision number for resource acb8383a-31c2-42ba-9f90-0098f507eaf8 (type: router_ports) to 1
2026-05-08 11:34:34.571 10 INFO neutron.db.ovn_revision_numbers_db [None req-4f429eab-1de2-426d-b3ac-e6667dac5ad2 - - - - - -] Successfully bumped revision number for resource 5ee394bf-3058-453d-9d19-44777fdea772 (type: ports) to 4
2026-05-08 11:34:34.634 9 INFO neutron.db.ovn_revision_numbers_db [None req-a3968596-11ec-47ad-9d7d-a4534f5cb46e 1623486798b54484b4884c4b34ffed68 8217937b2bba4ca09a21a8730bb53868 - - default default] Successfully bumped revision number for resource acb8383a-31c2-42ba-9f90-0098f507eaf8 (type: ports) to 1
2026-05-08 11:34:34.711 9 WARNING neutron.scheduler.dhcp_agent_scheduler [None req-a3968596-11ec-47ad-9d7d-a4534f5cb46e 1623486798b54484b4884c4b34ffed68 8217937b2bba4ca09a21a8730bb53868 - - default default] No more DHCP agents
2026-05-08 11:34:34.714 9 WARNING neutron.api.rpc.agentnotifiers.dhcp_rpc_agent_api [None req-a3968596-11ec-47ad-9d7d-a4534f5cb46e 1623486798b54484b4884c4b34ffed68 8217937b2bba4ca09a21a8730bb53868 - - default default] Unable to schedule network dc1b93b9-83d7-45a3-8b36-7b3b55a91f1a: no agents available; will retry on subsequent port and subnet creation events.
2026-05-08 11:34:34.803 10 INFO neutron.db.ovn_revision_numbers_db [None req-4f429eab-1de2-426d-b3ac-e6667dac5ad2 - - - - - -] Successfully bumped revision number for resource 5ee394bf-3058-453d-9d19-44777fdea772 (type: router_ports) to 4
2026-05-08 11:34:35.020 9 WARNING neutron.plugins.ml2.drivers.ovn.mech_driver.ovsdb.ovn_client [None req-4d3913c3-a771-473b-8a44-72407b31c41f - - - - - -] No hosting information found for port 15280ba3-2e95-4ecd-bbe7-9f68a8cea262: RuntimeError: No hosting information found for port 15280ba3-2e95-4ecd-bbe7-9f68a8cea262
2026-05-08 11:34:35.309 9 INFO neutron.db.ovn_revision_numbers_db [None req-a3968596-11ec-47ad-9d7d-a4534f5cb46e 1623486798b54484b4884c4b34ffed68 8217937b2bba4ca09a21a8730bb53868 - - default default] Successfully bumped revision number for resource acb8383a-31c2-42ba-9f90-0098f507eaf8 (type: router_ports) to 1
2026-05-08 11:34:35.311 9 INFO neutron.wsgi [None req-a3968596-11ec-47ad-9d7d-a4534f5cb46e 1623486798b54484b4884c4b34ffed68 8217937b2bba4ca09a21a8730bb53868 - - default default] 10.0.0.11 "PUT /v2.0/routers/a42ca9f3-ea54-4589-9f44-b64754d39623/add_router_interface HTTP/1.1" status: 200 len: 503 time: 1.9033723
2026-05-08 11:34:35.521 10 INFO neutron.plugins.ml2.drivers.ovn.mech_driver.mech_driver [None req-33f225ed-5788-4b12-a030-2a5b34763b21 - - - - - -] OVN reports status up for port: acb8383a-31c2-42ba-9f90-0098f507eaf8
2026-05-08 11:34:35.528 10 INFO neutron.plugins.ml2.plugin [None req-33f225ed-5788-4b12-a030-2a5b34763b21 - - - - - -] Attempt 1 to provision port acb8383a-31c2-42ba-9f90-0098f507eaf8
2026-05-08 11:34:35.784 10 INFO neutron.db.ovn_revision_numbers_db [None req-33f225ed-5788-4b12-a030-2a5b34763b21 - - - - - -] Successfully bumped revision number for resource acb8383a-31c2-42ba-9f90-0098f507eaf8 (type: ports) to 2
2026-05-08 11:34:35.894 10 INFO neutron.db.ovn_revision_numbers_db [None req-33f225ed-5788-4b12-a030-2a5b34763b21 - - - - - -] Successfully bumped revision number for resource acb8383a-31c2-42ba-9f90-0098f507eaf8 (type: router_ports) to 2
2026-05-08 11:34:36.057 10 INFO neutron.db.ovn_revision_numbers_db [None req-25b5b9a7-c6c1-4ce8-8a65-5a7c840e9973 4e9ef84a13174993b54d891d2f1ccd8e 9e7cd0662d02492aac99a4384b40edec - - default default] Successfully bumped revision number for resource bc00881f-076c-408a-a7b0-97cdda48c581 (type: security_groups) to 1
2026-05-08 11:34:36.069 10 INFO neutron.db.ovn_revision_numbers_db [None req-25b5b9a7-c6c1-4ce8-8a65-5a7c840e9973 4e9ef84a13174993b54d891d2f1ccd8e 9e7cd0662d02492aac99a4384b40edec - - default default] Successfully bumped revision number for resource 0a9478ac-b621-451a-a9ca-c5562c80a211 (type: security_group_rules) to 0
2026-05-08 11:34:36.082 10 INFO neutron.db.ovn_revision_numbers_db [None req-25b5b9a7-c6c1-4ce8-8a65-5a7c840e9973 4e9ef84a13174993b54d891d2f1ccd8e 9e7cd0662d02492aac99a4384b40edec - - default default] Successfully bumped revision number for resource f4fdc6c2-fc03-4172-a8c5-8562a41350af (type: security_group_rules) to 0
2026-05-08 11:34:36.101 10 INFO neutron.wsgi [None req-25b5b9a7-c6c1-4ce8-8a65-5a7c840e9973 4e9ef84a13174993b54d891d2f1ccd8e 9e7cd0662d02492aac99a4384b40edec - - default default] 10.0.0.11 "POST /v2.0/security-groups HTTP/1.1" status: 201 len: 1813 time: 0.1448298
2026-05-08 11:34:36.228 10 INFO neutron.db.ovn_revision_numbers_db [None req-e27cfc94-3228-4e9f-82ac-0cdaeb7d7582 4e9ef84a13174993b54d891d2f1ccd8e 9e7cd0662d02492aac99a4384b40edec - - default default] Successfully bumped revision number for resource e9360eca-9c56-499a-8ba9-5a0447afe58c (type: security_group_rules) to 0
2026-05-08 11:34:36.251 10 INFO neutron.wsgi [None req-e27cfc94-3228-4e9f-82ac-0cdaeb7d7582 4e9ef84a13174993b54d891d2f1ccd8e 9e7cd0662d02492aac99a4384b40edec - - default default] 10.0.0.11 "POST /v2.0/security-group-rules HTTP/1.1" status: 201 len: 764 time: 0.1445091
2026-05-08 11:34:36.370 10 INFO neutron.db.ovn_revision_numbers_db [None req-654b1a59-1360-4055-ba87-21fa52d1f363 4e9ef84a13174993b54d891d2f1ccd8e 9e7cd0662d02492aac99a4384b40edec - - default default] Successfully bumped revision number for resource d18ea095-1060-4020-bde7-cfc36647b96e (type: security_group_rules) to 0
2026-05-08 11:34:36.404 10 INFO neutron.wsgi [None req-654b1a59-1360-4055-ba87-21fa52d1f363 4e9ef84a13174993b54d891d2f1ccd8e 9e7cd0662d02492aac99a4384b40edec - - default default] 10.0.0.11 "POST /v2.0/security-group-rules HTTP/1.1" status: 201 len: 763 time: 0.1481743
2026-05-08 11:34:36.532 10 INFO neutron.db.ovn_revision_numbers_db [None req-04c059a8-3897-45de-a879-bbfb2dddd150 4e9ef84a13174993b54d891d2f1ccd8e 9e7cd0662d02492aac99a4384b40edec - - default default] Successfully bumped revision number for resource 722f34f1-b2e0-4a91-8d2a-8dfea126ec86 (type: security_group_rules) to 0
2026-05-08 11:34:36.562 10 INFO neutron.wsgi [None req-04c059a8-3897-45de-a879-bbfb2dddd150 4e9ef84a13174993b54d891d2f1ccd8e 9e7cd0662d02492aac99a4384b40edec - - default default] 10.0.0.11 "POST /v2.0/security-group-rules HTTP/1.1" status: 201 len: 769 time: 0.1524060
2026-05-08 11:34:36.687 10 INFO neutron.db.ovn_revision_numbers_db [None req-d7a85863-1f2b-4d5e-af31-640bd87fb88c 4e9ef84a13174993b54d891d2f1ccd8e 9e7cd0662d02492aac99a4384b40edec - - default default] Successfully bumped revision number for resource 1137d379-209a-4a7e-856c-e1fa520c91aa (type: security_group_rules) to 0
2026-05-08 11:34:36.709 10 INFO neutron.wsgi [None req-d7a85863-1f2b-4d5e-af31-640bd87fb88c 4e9ef84a13174993b54d891d2f1ccd8e 9e7cd0662d02492aac99a4384b40edec - - default default] 10.0.0.11 "POST /v2.0/security-group-rules HTTP/1.1" status: 201 len: 768 time: 0.1409340
2026-05-08 11:34:36.734 10 INFO neutron.db.securitygroups_db [None req-7092ca56-fa55-4b24-b87e-385593b97206 4e9ef84a13174993b54d891d2f1ccd8e 9e7cd0662d02492aac99a4384b40edec - - default default] Project 9e7cd0662d02492aac99a4384b40edec added a security group rule with legacy IPv6 ICMP protocol name icmp, ipv6-icmp should be used instead. It was automatically converted.
2026-05-08 11:34:36.831 10 INFO neutron.db.ovn_revision_numbers_db [None req-7092ca56-fa55-4b24-b87e-385593b97206 4e9ef84a13174993b54d891d2f1ccd8e 9e7cd0662d02492aac99a4384b40edec - - default default] Successfully bumped revision number for resource a3c2750a-25b7-40bc-a96b-d88148eec134 (type: security_group_rules) to 0
2026-05-08 11:34:36.858 10 INFO neutron.wsgi [None req-7092ca56-fa55-4b24-b87e-385593b97206 4e9ef84a13174993b54d891d2f1ccd8e 9e7cd0662d02492aac99a4384b40edec - - default default] 10.0.0.11 "POST /v2.0/security-group-rules HTTP/1.1" status: 201 len: 774 time: 0.1436503
2026-05-08 11:34:36.888 9 INFO neutron.db.securitygroups_db [None req-5b05aa04-9ad2-4587-8da0-af913eded3de 4e9ef84a13174993b54d891d2f1ccd8e 9e7cd0662d02492aac99a4384b40edec - - default default] Project 9e7cd0662d02492aac99a4384b40edec added a security group rule with legacy IPv6 ICMP protocol name icmp, ipv6-icmp should be used instead. It was automatically converted.
2026-05-08 11:34:36.996 9 INFO neutron.db.ovn_revision_numbers_db [None req-5b05aa04-9ad2-4587-8da0-af913eded3de 4e9ef84a13174993b54d891d2f1ccd8e 9e7cd0662d02492aac99a4384b40edec - - default default] Successfully bumped revision number for resource 3cae2441-355a-4848-b6da-41a1b44d9713 (type: security_group_rules) to 0
2026-05-08 11:34:37.021 9 INFO neutron.wsgi [None req-5b05aa04-9ad2-4587-8da0-af913eded3de 4e9ef84a13174993b54d891d2f1ccd8e 9e7cd0662d02492aac99a4384b40edec - - default default] 10.0.0.11 "POST /v2.0/security-group-rules HTTP/1.1" status: 201 len: 773 time: 0.1563742
2026-05-08 11:34:37.550 9 INFO neutron.db.ovn_revision_numbers_db [None req-a654e26c-0fed-4431-844c-bf4ecb0319c0 4e9ef84a13174993b54d891d2f1ccd8e 9e7cd0662d02492aac99a4384b40edec - - default default] Successfully bumped revision number for resource eb2ef748-c602-472d-9ddd-3c1201b9dd4c (type: security_groups) to 1
2026-05-08 11:34:37.565 9 INFO neutron.db.ovn_revision_numbers_db [None req-a654e26c-0fed-4431-844c-bf4ecb0319c0 4e9ef84a13174993b54d891d2f1ccd8e 9e7cd0662d02492aac99a4384b40edec - - default default] Successfully bumped revision number for resource 4717e009-2213-4e85-af50-67c6c0616ad8 (type: security_group_rules) to 0
2026-05-08 11:34:37.577 9 INFO neutron.db.ovn_revision_numbers_db [None req-a654e26c-0fed-4431-844c-bf4ecb0319c0 4e9ef84a13174993b54d891d2f1ccd8e 9e7cd0662d02492aac99a4384b40edec - - default default] Successfully bumped revision number for resource c9532863-87ce-4e4d-9a74-68a6ce73f07d (type: security_group_rules) to 0
2026-05-08 11:34:37.598 9 INFO neutron.wsgi [None req-a654e26c-0fed-4431-844c-bf4ecb0319c0 4e9ef84a13174993b54d891d2f1ccd8e 9e7cd0662d02492aac99a4384b40edec - - default default] 10.0.0.11 "POST /v2.0/security-groups HTTP/1.1" status: 201 len: 1799 time: 0.1502776
2026-05-08 11:34:37.710 9 INFO neutron.db.ovn_revision_numbers_db [None req-442e409f-b21c-4189-ab6a-e28375151df0 4e9ef84a13174993b54d891d2f1ccd8e 9e7cd0662d02492aac99a4384b40edec - - default default] Successfully bumped revision number for resource 770f4670-aa2a-4a06-a86c-0e8ee9edf226 (type: security_group_rules) to 0
2026-05-08 11:34:37.738 9 INFO neutron.wsgi [None req-442e409f-b21c-4189-ab6a-e28375151df0 4e9ef84a13174993b54d891d2f1ccd8e 9e7cd0662d02492aac99a4384b40edec - - default default] 10.0.0.11 "POST /v2.0/security-group-rules HTTP/1.1" status: 201 len: 764 time: 0.1341283
2026-05-08 11:34:37.864 9 INFO neutron.db.ovn_revision_numbers_db [None req-786e352b-b4ff-4e1e-a00a-9c09fdb18192 4e9ef84a13174993b54d891d2f1ccd8e 9e7cd0662d02492aac99a4384b40edec - - default default] Successfully bumped revision number for resource d2e81dc0-8106-4e6b-ae95-5e581817288b (type: security_group_rules) to 0
2026-05-08 11:34:37.890 9 INFO neutron.wsgi [None req-786e352b-b4ff-4e1e-a00a-9c09fdb18192 4e9ef84a13174993b54d891d2f1ccd8e 9e7cd0662d02492aac99a4384b40edec - - default default] 10.0.0.11 "POST /v2.0/security-group-rules HTTP/1.1" status: 201 len: 769 time: 0.1471241
2026-05-08 11:34:38.148 9 WARNING neutron.scheduler.dhcp_agent_scheduler [None req-898f65cd-89c0-4838-95e5-cd5b0db3231d 4e9ef84a13174993b54d891d2f1ccd8e 9e7cd0662d02492aac99a4384b40edec - - default default] No more DHCP agents
2026-05-08 11:34:38.150 9 WARNING neutron.api.rpc.agentnotifiers.dhcp_rpc_agent_api [None req-898f65cd-89c0-4838-95e5-cd5b0db3231d 4e9ef84a13174993b54d891d2f1ccd8e 9e7cd0662d02492aac99a4384b40edec - - default default] Unable to schedule network 4bb2a2bc-66f3-4f1b-8e69-bbbc0fcf0b92: no agents available; will retry on subsequent port and subnet creation events.
2026-05-08 11:34:38.466 9 INFO neutron.db.ovn_revision_numbers_db [None req-898f65cd-89c0-4838-95e5-cd5b0db3231d 4e9ef84a13174993b54d891d2f1ccd8e 9e7cd0662d02492aac99a4384b40edec - - default default] Successfully bumped revision number for resource a39d8e5d-fb13-45a4-bf22-dd3a6c94c3a5 (type: floatingips) to 0
2026-05-08 11:34:38.480 9 INFO neutron.wsgi [None req-898f65cd-89c0-4838-95e5-cd5b0db3231d 4e9ef84a13174993b54d891d2f1ccd8e 9e7cd0662d02492aac99a4384b40edec - - default default] 10.0.0.11 "POST /v2.0/floatingips HTTP/1.1" status: 201 len: 751 time: 0.5852888
2026-05-08 11:34:38.605 10 INFO neutron.wsgi [req-45594ce1-48c7-4e99-8275-cdb3a4265838 req-e468949d-fbe2-416a-a791-029bcc0203a1 4e9ef84a13174993b54d891d2f1ccd8e 9e7cd0662d02492aac99a4384b40edec - - default default] 10.0.0.209 "GET /v2.0/security-groups?name=tempest-secgroup-smoke-1438469267&fields=id&tenant_id=9e7cd0662d02492aac99a4384b40edec HTTP/1.1" status: 200 len: 267 time: 0.0401850
2026-05-08 11:34:38.647 10 INFO neutron.wsgi [req-45594ce1-48c7-4e99-8275-cdb3a4265838 req-a81dc1a2-c928-4cf2-b976-1aed029908ae 4e9ef84a13174993b54d891d2f1ccd8e 9e7cd0662d02492aac99a4384b40edec - - default default] 10.0.0.209 "GET /v2.0/security-groups?name=tempest-securitygroup--1029901549&fields=id&tenant_id=9e7cd0662d02492aac99a4384b40edec HTTP/1.1" status: 200 len: 267 time: 0.0336330
2026-05-08 11:34:38.742 10 INFO neutron.wsgi [req-45594ce1-48c7-4e99-8275-cdb3a4265838 req-7a3d6d85-cbaa-4394-965d-7758e17d24b1 4e9ef84a13174993b54d891d2f1ccd8e 9e7cd0662d02492aac99a4384b40edec - - default default] 10.0.0.209 "GET /v2.0/networks?id=c22647f8-5f93-4dd5-9982-58e367f0650f HTTP/1.1" status: 200 len: 871 time: 0.0875552
2026-05-08 11:34:38.757 10 INFO neutron.wsgi [req-45594ce1-48c7-4e99-8275-cdb3a4265838 req-7ed55e09-ad25-4afe-97f4-44d7f4e93d33 4e9ef84a13174993b54d891d2f1ccd8e 9e7cd0662d02492aac99a4384b40edec - - default default] 10.0.0.209 "GET /v2.0/quotas/9e7cd0662d02492aac99a4384b40edec HTTP/1.1" status: 200 len: 386 time: 0.0103364
2026-05-08 11:34:38.891 10 INFO neutron.wsgi [req-45594ce1-48c7-4e99-8275-cdb3a4265838 req-e6114124-274c-4a2c-8067-222c58e42ef9 4e9ef84a13174993b54d891d2f1ccd8e 9e7cd0662d02492aac99a4384b40edec - - default default] 10.0.0.209 "GET /v2.0/ports?tenant_id=9e7cd0662d02492aac99a4384b40edec&fields=id HTTP/1.1" status: 200 len: 302 time: 0.1238534
2026-05-08 11:34:38.966 10 INFO neutron.wsgi [req-45594ce1-48c7-4e99-8275-cdb3a4265838 req-70862ba8-1d9d-4d97-91ca-25e694d8c1c7 c1a14eb363e64671aa12c13814dcf998 6a319067e6d348fe8ed0bd50f117f34d - - 9a3c083474a74e18aa24764183a01c97 9a3c083474a74e18aa24764183a01c97] 10.0.0.209 "GET /v2.0/networks/c22647f8-5f93-4dd5-9982-58e367f0650f?fields=segments HTTP/1.1" status: 200 len: 212 time: 0.0611942
2026-05-08 11:34:39.036 10 INFO neutron.wsgi [req-45594ce1-48c7-4e99-8275-cdb3a4265838 req-139662d3-4317-479d-b101-0fdb18c2fa70 c1a14eb363e64671aa12c13814dcf998 6a319067e6d348fe8ed0bd50f117f34d - - 9a3c083474a74e18aa24764183a01c97 9a3c083474a74e18aa24764183a01c97] 10.0.0.209 "GET /v2.0/networks/c22647f8-5f93-4dd5-9982-58e367f0650f?fields=provider%3Aphysical_network&fields=provider%3Anetwork_type HTTP/1.1" status: 200 len: 277 time: 0.0608177
2026-05-08 11:34:39.211 9 INFO neutron.wsgi [req-3de8152a-72cc-4569-9644-6dc0bc0bb5c5 req-c19e3576-9423-48ff-80ba-6f9757541676 4e9ef84a13174993b54d891d2f1ccd8e 9e7cd0662d02492aac99a4384b40edec - - default default] 10.0.0.209 "GET /v2.0/ports?device_id=7424523a-35be-4e77-8757-1deda1e350b7 HTTP/1.1" status: 200 len: 210 time: 0.0228031
2026-05-08 11:34:40.014 9 INFO neutron.wsgi [req-45594ce1-48c7-4e99-8275-cdb3a4265838 req-4629620f-f1cf-4fb4-89ec-98cc8089f19e 4e9ef84a13174993b54d891d2f1ccd8e 9e7cd0662d02492aac99a4384b40edec - - default default] 199.204.45.109 "GET /v2.0/networks?id=c22647f8-5f93-4dd5-9982-58e367f0650f HTTP/1.1" status: 200 len: 871 time: 0.1136570
2026-05-08 11:34:40.085 9 INFO neutron.wsgi [req-45594ce1-48c7-4e99-8275-cdb3a4265838 req-28f6ae68-0e72-4388-87c6-cd4794076923 4e9ef84a13174993b54d891d2f1ccd8e 9e7cd0662d02492aac99a4384b40edec - - default default] 199.204.45.109 "GET /v2.0/security-groups?fields=id&fields=name&tenant_id=9e7cd0662d02492aac99a4384b40edec HTTP/1.1" status: 200 len: 473 time: 0.0639400
2026-05-08 11:34:40.302 10 INFO neutron.wsgi [req-5a42bd16-e325-4b7c-9c4f-196f26dc4a82 req-34c6885e-8a19-4a32-ac5c-bcb0d3cc0be2 4e9ef84a13174993b54d891d2f1ccd8e 9e7cd0662d02492aac99a4384b40edec - - default default] 10.0.0.209 "GET /v2.0/ports?device_id=7424523a-35be-4e77-8757-1deda1e350b7 HTTP/1.1" status: 200 len: 210 time: 0.0196602
2026-05-08 11:34:40.456 9 WARNING neutron.scheduler.dhcp_agent_scheduler [req-45594ce1-48c7-4e99-8275-cdb3a4265838 req-1240b5ce-6460-4e52-8a3b-958847d52de7 4e9ef84a13174993b54d891d2f1ccd8e 9e7cd0662d02492aac99a4384b40edec - - default default] No more DHCP agents
2026-05-08 11:34:40.459 9 WARNING neutron.api.rpc.agentnotifiers.dhcp_rpc_agent_api [req-45594ce1-48c7-4e99-8275-cdb3a4265838 req-1240b5ce-6460-4e52-8a3b-958847d52de7 4e9ef84a13174993b54d891d2f1ccd8e 9e7cd0662d02492aac99a4384b40edec - - default default] Unable to schedule network c22647f8-5f93-4dd5-9982-58e367f0650f: no agents available; will retry on subsequent port and subnet creation events.
2026-05-08 11:34:40.625 9 INFO neutron.db.ovn_revision_numbers_db [req-45594ce1-48c7-4e99-8275-cdb3a4265838 req-1240b5ce-6460-4e52-8a3b-958847d52de7 4e9ef84a13174993b54d891d2f1ccd8e 9e7cd0662d02492aac99a4384b40edec - - default default] Successfully bumped revision number for resource cf8fe6ad-a3bd-411e-a54a-8587a0783491 (type: ports) to 1
2026-05-08 11:34:40.647 9 INFO neutron.wsgi [req-45594ce1-48c7-4e99-8275-cdb3a4265838 req-1240b5ce-6460-4e52-8a3b-958847d52de7 4e9ef84a13174993b54d891d2f1ccd8e 9e7cd0662d02492aac99a4384b40edec - - default default] 199.204.45.109 "POST /v2.0/ports HTTP/1.1" status: 201 len: 1197 time: 0.5478687 /var/lib/openstack/lib/python3.10/site-packages/pycadf/identifier.py:71: UserWarning: Invalid uuid: neutron. To ensure interoperability, identifiers should be a valid uuid. warnings.warn(('Invalid uuid: %s. To ensure interoperability, '
2026-05-08 11:34:41.132 10 WARNING neutron.plugins.ml2.drivers.ovn.mech_driver.ovsdb.ovn_client [None req-33f225ed-5788-4b12-a030-2a5b34763b21 - - - - - -] No hosting information found for port acb8383a-31c2-42ba-9f90-0098f507eaf8: RuntimeError: No hosting information found for port acb8383a-31c2-42ba-9f90-0098f507eaf8
2026-05-08 11:34:41.344 9 INFO neutron.db.ovn_revision_numbers_db [req-45594ce1-48c7-4e99-8275-cdb3a4265838 req-ac2d8989-c0c9-4c51-82ef-e3057c61be82 c1a14eb363e64671aa12c13814dcf998 6a319067e6d348fe8ed0bd50f117f34d - - 9a3c083474a74e18aa24764183a01c97 9a3c083474a74e18aa24764183a01c97] Successfully bumped revision number for resource cf8fe6ad-a3bd-411e-a54a-8587a0783491 (type: ports) to 2 /var/lib/openstack/lib/python3.10/site-packages/pycadf/identifier.py:71: UserWarning: Invalid uuid: neutron. To ensure interoperability, identifiers should be a valid uuid. warnings.warn(('Invalid uuid: %s. To ensure interoperability, '
2026-05-08 11:34:41.509 9 INFO neutron.wsgi [req-747650ea-6b3e-4f6e-b4c5-8b5debd8f9b0 req-f70d6361-8cb4-4bbf-8c1c-d48b0d6bccbe 4e9ef84a13174993b54d891d2f1ccd8e 9e7cd0662d02492aac99a4384b40edec - - default default] 10.0.0.209 "GET /v2.0/ports?device_id=7424523a-35be-4e77-8757-1deda1e350b7 HTTP/1.1" status: 200 len: 1208 time: 0.1350241
2026-05-08 11:34:41.587 9 INFO neutron.wsgi [req-747650ea-6b3e-4f6e-b4c5-8b5debd8f9b0 req-009437a1-7c7c-4b23-a82b-eed78dd2ba92 4e9ef84a13174993b54d891d2f1ccd8e 9e7cd0662d02492aac99a4384b40edec - - default default] 10.0.0.209 "GET /v2.0/security-groups?id=eb2ef748-c602-472d-9ddd-3c1201b9dd4c&id=bc00881f-076c-408a-a7b0-97cdda48c581&fields=id&fields=name HTTP/1.1" status: 200 len: 406 time: 0.0718238
2026-05-08 11:34:41.636 9 INFO neutron.db.ovn_revision_numbers_db [req-45594ce1-48c7-4e99-8275-cdb3a4265838 req-ac2d8989-c0c9-4c51-82ef-e3057c61be82 c1a14eb363e64671aa12c13814dcf998 6a319067e6d348fe8ed0bd50f117f34d - - 9a3c083474a74e18aa24764183a01c97 9a3c083474a74e18aa24764183a01c97] Successfully bumped revision number for resource cf8fe6ad-a3bd-411e-a54a-8587a0783491 (type: ports) to 2
2026-05-08 11:34:41.653 9 INFO neutron.wsgi [req-45594ce1-48c7-4e99-8275-cdb3a4265838 req-ac2d8989-c0c9-4c51-82ef-e3057c61be82 c1a14eb363e64671aa12c13814dcf998 6a319067e6d348fe8ed0bd50f117f34d - - 9a3c083474a74e18aa24764183a01c97 9a3c083474a74e18aa24764183a01c97] 199.204.45.109 "PUT /v2.0/ports/cf8fe6ad-a3bd-411e-a54a-8587a0783491 HTTP/1.1" status: 200 len: 1415 time: 0.9986503
2026-05-08 11:34:41.688 9 INFO neutron.notifiers.nova [-] Nova event matching ['req-94e7f9cb-8b61-4f01-ba81-43f57136fc8f'] response: {'name': 'network-changed', 'server_uuid': '7424523a-35be-4e77-8757-1deda1e350b7', 'tag': 'cf8fe6ad-a3bd-411e-a54a-8587a0783491', 'status': 'completed', 'code': 200} /var/lib/openstack/lib/python3.10/site-packages/pycadf/identifier.py:71: UserWarning: Invalid uuid: neutron. To ensure interoperability, identifiers should be a valid uuid. warnings.warn(('Invalid uuid: %s. To ensure interoperability, '
2026-05-08 11:34:41.734 9 INFO neutron.wsgi [req-45594ce1-48c7-4e99-8275-cdb3a4265838 req-da4f64e8-ad21-4d4a-a43a-c0070aa11539 c1a14eb363e64671aa12c13814dcf998 6a319067e6d348fe8ed0bd50f117f34d - - 9a3c083474a74e18aa24764183a01c97 9a3c083474a74e18aa24764183a01c97] 199.204.45.109 "GET /v2.0/ports?tenant_id=9e7cd0662d02492aac99a4384b40edec&device_id=7424523a-35be-4e77-8757-1deda1e350b7 HTTP/1.1" status: 200 len: 1446 time: 0.0438075
2026-05-08 11:34:41.774 9 INFO neutron.wsgi [req-45594ce1-48c7-4e99-8275-cdb3a4265838 req-7f590c92-619c-4569-aa43-530de1f9bd37 c1a14eb363e64671aa12c13814dcf998 6a319067e6d348fe8ed0bd50f117f34d - - 9a3c083474a74e18aa24764183a01c97 9a3c083474a74e18aa24764183a01c97] 199.204.45.109 "GET /v2.0/floatingips?fixed_ip_address=10.100.0.4&port_id=cf8fe6ad-a3bd-411e-a54a-8587a0783491 HTTP/1.1" status: 200 len: 217 time: 0.0344532
2026-05-08 11:34:41.819 9 INFO neutron.wsgi [req-45594ce1-48c7-4e99-8275-cdb3a4265838 req-dbd8aa97-5af4-40bd-a0bc-5d700846e25e c1a14eb363e64671aa12c13814dcf998 6a319067e6d348fe8ed0bd50f117f34d - - 9a3c083474a74e18aa24764183a01c97 9a3c083474a74e18aa24764183a01c97] 199.204.45.109 "GET /v2.0/subnets?id=a3b7879d-153e-4c49-9154-cae9e6b0f096 HTTP/1.1" status: 200 len: 865 time: 0.0372002
2026-05-08 11:34:41.860 9 INFO neutron.wsgi [req-45594ce1-48c7-4e99-8275-cdb3a4265838 req-7aa0a611-052a-44b5-98d8-1ad4752c6e22 c1a14eb363e64671aa12c13814dcf998 6a319067e6d348fe8ed0bd50f117f34d - - 9a3c083474a74e18aa24764183a01c97 9a3c083474a74e18aa24764183a01c97] 199.204.45.109 "GET /v2.0/ports?network_id=c22647f8-5f93-4dd5-9982-58e367f0650f&device_owner=network%3Adhcp HTTP/1.1" status: 200 len: 210 time: 0.0318322
2026-05-08 11:34:41.941 9 INFO neutron.wsgi [req-45594ce1-48c7-4e99-8275-cdb3a4265838 req-b38dc6c5-992a-437b-b93e-3fcdeaa50678 c1a14eb363e64671aa12c13814dcf998 6a319067e6d348fe8ed0bd50f117f34d - - 9a3c083474a74e18aa24764183a01c97 9a3c083474a74e18aa24764183a01c97] 199.204.45.109 "GET /v2.0/networks/c22647f8-5f93-4dd5-9982-58e367f0650f?fields=segments HTTP/1.1" status: 200 len: 212 time: 0.0729315
2026-05-08 11:34:42.010 9 INFO neutron.wsgi [req-45594ce1-48c7-4e99-8275-cdb3a4265838 req-ce2cd624-50b4-4bea-9e79-45b865b31439 c1a14eb363e64671aa12c13814dcf998 6a319067e6d348fe8ed0bd50f117f34d - - 9a3c083474a74e18aa24764183a01c97 9a3c083474a74e18aa24764183a01c97] 199.204.45.109 "GET /v2.0/networks/c22647f8-5f93-4dd5-9982-58e367f0650f?fields=provider%3Aphysical_network&fields=provider%3Anetwork_type HTTP/1.1" status: 200 len: 277 time: 0.0617712
2026-05-08 11:34:42.093 9 INFO neutron.wsgi [req-31aec6ac-4915-4392-883e-94c5cc58dc5d req-164208db-618f-4e0e-a087-829107f2f9f1 c1a14eb363e64671aa12c13814dcf998 6a319067e6d348fe8ed0bd50f117f34d - - 9a3c083474a74e18aa24764183a01c97 9a3c083474a74e18aa24764183a01c97] 199.204.45.109 "GET /v2.0/ports?tenant_id=9e7cd0662d02492aac99a4384b40edec&device_id=7424523a-35be-4e77-8757-1deda1e350b7 HTTP/1.1" status: 200 len: 1446 time: 0.0410073
2026-05-08 11:34:42.180 9 INFO neutron.wsgi [req-31aec6ac-4915-4392-883e-94c5cc58dc5d req-23d8a84e-ce39-45e0-a2c4-cc590df76371 c1a14eb363e64671aa12c13814dcf998 6a319067e6d348fe8ed0bd50f117f34d - - 9a3c083474a74e18aa24764183a01c97 9a3c083474a74e18aa24764183a01c97] 199.204.45.109 "GET /v2.0/networks?id=c22647f8-5f93-4dd5-9982-58e367f0650f HTTP/1.1" status: 200 len: 970 time: 0.0812352
2026-05-08 11:34:42.210 9 INFO neutron.wsgi [req-31aec6ac-4915-4392-883e-94c5cc58dc5d req-0dc35b3a-de12-4068-8b13-231dffe8645d c1a14eb363e64671aa12c13814dcf998 6a319067e6d348fe8ed0bd50f117f34d - - 9a3c083474a74e18aa24764183a01c97 9a3c083474a74e18aa24764183a01c97] 199.204.45.109 "GET /v2.0/floatingips?fixed_ip_address=10.100.0.4&port_id=cf8fe6ad-a3bd-411e-a54a-8587a0783491 HTTP/1.1" status: 200 len: 217 time: 0.0232544
2026-05-08 11:34:42.220 10 INFO neutron.wsgi [req-54ef16d5-5624-48c6-9280-0621161b3d6b req-732d83d5-c920-4bd5-ad66-47e07fda976f c1a14eb363e64671aa12c13814dcf998 6a319067e6d348fe8ed0bd50f117f34d - - 9a3c083474a74e18aa24764183a01c97 9a3c083474a74e18aa24764183a01c97] 199.204.45.109 "GET /v2.0/ports?device_id=7424523a-35be-4e77-8757-1deda1e350b7 HTTP/1.1" status: 200 len: 1446 time: 0.0543926
2026-05-08 11:34:42.251 9 INFO neutron.wsgi [req-31aec6ac-4915-4392-883e-94c5cc58dc5d req-67922de7-7947-4652-8172-d5a0ea182f58 c1a14eb363e64671aa12c13814dcf998 6a319067e6d348fe8ed0bd50f117f34d - - 9a3c083474a74e18aa24764183a01c97 9a3c083474a74e18aa24764183a01c97] 199.204.45.109 "GET /v2.0/subnets?id=a3b7879d-153e-4c49-9154-cae9e6b0f096 HTTP/1.1" status: 200 len: 865 time: 0.0329289
2026-05-08 11:34:42.270 10 INFO neutron.wsgi [req-54ef16d5-5624-48c6-9280-0621161b3d6b req-914ad727-5543-47d4-b8b1-4559385b6429 c1a14eb363e64671aa12c13814dcf998 6a319067e6d348fe8ed0bd50f117f34d - - 9a3c083474a74e18aa24764183a01c97 9a3c083474a74e18aa24764183a01c97] 199.204.45.109 "GET /v2.0/security-groups?id=bc00881f-076c-408a-a7b0-97cdda48c581&id=eb2ef748-c602-472d-9ddd-3c1201b9dd4c&fields=id&fields=name HTTP/1.1" status: 200 len: 406 time: 0.0461633
2026-05-08 11:34:42.283 9 INFO neutron.wsgi [req-31aec6ac-4915-4392-883e-94c5cc58dc5d req-dc55337d-792b-4327-9317-849ed876424d c1a14eb363e64671aa12c13814dcf998 6a319067e6d348fe8ed0bd50f117f34d - - 9a3c083474a74e18aa24764183a01c97 9a3c083474a74e18aa24764183a01c97] 199.204.45.109 "GET /v2.0/ports?network_id=c22647f8-5f93-4dd5-9982-58e367f0650f&device_owner=network%3Adhcp HTTP/1.1" status: 200 len: 210 time: 0.0262017
2026-05-08 11:34:42.371 9 INFO neutron.plugins.ml2.drivers.ovn.mech_driver.mech_driver [None req-4d3913c3-a771-473b-8a44-72407b31c41f - - - - - -] OVN reports status up for port: cf8fe6ad-a3bd-411e-a54a-8587a0783491
2026-05-08 11:34:42.380 9 INFO neutron.wsgi [req-31aec6ac-4915-4392-883e-94c5cc58dc5d req-35eb3d82-dd2c-4180-b0a3-a6a38b197083 c1a14eb363e64671aa12c13814dcf998 6a319067e6d348fe8ed0bd50f117f34d - - 9a3c083474a74e18aa24764183a01c97 9a3c083474a74e18aa24764183a01c97] 199.204.45.109 "GET /v2.0/networks/c22647f8-5f93-4dd5-9982-58e367f0650f?fields=segments HTTP/1.1" status: 200 len: 212 time: 0.0747778
2026-05-08 11:34:42.392 9 INFO neutron.plugins.ml2.plugin [None req-4d3913c3-a771-473b-8a44-72407b31c41f - - - - - -] Attempt 1 to provision port cf8fe6ad-a3bd-411e-a54a-8587a0783491
2026-05-08 11:34:42.468 9 INFO neutron.wsgi [req-31aec6ac-4915-4392-883e-94c5cc58dc5d req-031446d4-9669-460b-837c-e15582ec0fb2 c1a14eb363e64671aa12c13814dcf998 6a319067e6d348fe8ed0bd50f117f34d - - 9a3c083474a74e18aa24764183a01c97 9a3c083474a74e18aa24764183a01c97] 199.204.45.109 "GET /v2.0/networks/c22647f8-5f93-4dd5-9982-58e367f0650f?fields=provider%3Aphysical_network&fields=provider%3Anetwork_type HTTP/1.1" status: 200 len: 277 time: 0.0804029
2026-05-08 11:34:42.693 9 INFO neutron.wsgi [req-4ba7acc9-8cc5-44d6-9e8d-1ef4b9dfa1a9 req-60463212-0e21-4d4c-82da-c0c6414b70af 4e9ef84a13174993b54d891d2f1ccd8e 9e7cd0662d02492aac99a4384b40edec - - default default] 10.0.0.209 "GET /v2.0/ports?device_id=7424523a-35be-4e77-8757-1deda1e350b7 HTTP/1.1" status: 200 len: 1210 time: 0.0383778
2026-05-08 11:34:42.736 9 INFO neutron.db.ovn_revision_numbers_db [None req-4d3913c3-a771-473b-8a44-72407b31c41f - - - - - -] Successfully bumped revision number for resource cf8fe6ad-a3bd-411e-a54a-8587a0783491 (type: ports) to 4
2026-05-08 11:34:42.768 9 INFO neutron.wsgi [req-4ba7acc9-8cc5-44d6-9e8d-1ef4b9dfa1a9 req-07b5c33e-3aa6-4e08-a8f2-93239697e776 4e9ef84a13174993b54d891d2f1ccd8e 9e7cd0662d02492aac99a4384b40edec - - default default] 10.0.0.209 "GET /v2.0/security-groups?id=eb2ef748-c602-472d-9ddd-3c1201b9dd4c&id=bc00881f-076c-408a-a7b0-97cdda48c581&fields=id&fields=name HTTP/1.1" status: 200 len: 406 time: 0.0667574
2026-05-08 11:34:43.725 10 INFO neutron.wsgi [-] 10.0.0.98 "GET / HTTP/1.1" status: 200 len: 247 time: 0.0014870
2026-05-08 11:34:43.726 9 INFO neutron.wsgi [-] 10.0.0.98 "GET / HTTP/1.1" status: 200 len: 247 time: 0.0023875
2026-05-08 11:34:43.732 9 INFO neutron.notifiers.nova [-] Nova event matching ['req-80185ac3-7f64-4291-b8c9-4f79e8e5a08a'] response: {'server_uuid': '7424523a-35be-4e77-8757-1deda1e350b7', 'name': 'network-vif-plugged', 'status': 'completed', 'tag': 'cf8fe6ad-a3bd-411e-a54a-8587a0783491', 'code': 200}
2026-05-08 11:34:43.732 9 INFO neutron.notifiers.nova [-] Nova event matching ['req-80185ac3-7f64-4291-b8c9-4f79e8e5a08a'] response: {'server_uuid': '7424523a-35be-4e77-8757-1deda1e350b7', 'name': 'network-vif-plugged', 'status': 'completed', 'tag': 'cf8fe6ad-a3bd-411e-a54a-8587a0783491', 'code': 200} /var/lib/openstack/lib/python3.10/site-packages/pycadf/identifier.py:71: UserWarning: Invalid uuid: neutron. To ensure interoperability, identifiers should be a valid uuid. warnings.warn(('Invalid uuid: %s. To ensure interoperability, '
2026-05-08 11:34:43.878 9 INFO neutron.wsgi [req-49854d45-49ec-40ee-a83e-c7f6c08776ad req-13913b7d-0899-40f5-8974-916eb36354eb 4e9ef84a13174993b54d891d2f1ccd8e 9e7cd0662d02492aac99a4384b40edec - - default default] 10.0.0.209 "GET /v2.0/ports?device_id=7424523a-35be-4e77-8757-1deda1e350b7 HTTP/1.1" status: 200 len: 1210 time: 0.0377972
2026-05-08 11:34:43.938 9 INFO neutron.wsgi [req-49854d45-49ec-40ee-a83e-c7f6c08776ad req-749fc9c4-6e79-4c23-aede-c8d0f2a77083 4e9ef84a13174993b54d891d2f1ccd8e 9e7cd0662d02492aac99a4384b40edec - - default default] 10.0.0.209 "GET /v2.0/security-groups?id=eb2ef748-c602-472d-9ddd-3c1201b9dd4c&id=bc00881f-076c-408a-a7b0-97cdda48c581&fields=id&fields=name HTTP/1.1" status: 200 len: 406 time: 0.0547357
2026-05-08 11:34:45.117 10 INFO neutron.wsgi [req-cd7e5a3a-501e-4a0a-81f2-085f73afca97 req-e499d37a-fe9c-4001-8a2b-cca33545e94c 4e9ef84a13174993b54d891d2f1ccd8e 9e7cd0662d02492aac99a4384b40edec - - default default] 10.0.0.209 "GET /v2.0/ports?device_id=7424523a-35be-4e77-8757-1deda1e350b7 HTTP/1.1" status: 200 len: 1210 time: 0.0969808
2026-05-08 11:34:45.172 10 INFO neutron.wsgi [req-cd7e5a3a-501e-4a0a-81f2-085f73afca97 req-e46c4893-299d-4441-a273-bcbf8589c510 4e9ef84a13174993b54d891d2f1ccd8e 9e7cd0662d02492aac99a4384b40edec - - default default] 10.0.0.209 "GET /v2.0/security-groups?id=eb2ef748-c602-472d-9ddd-3c1201b9dd4c&id=bc00881f-076c-408a-a7b0-97cdda48c581&fields=id&fields=name HTTP/1.1" status: 200 len: 406 time: 0.0438633
2026-05-08 11:34:45.281 9 INFO neutron.wsgi [req-9d02ac09-fd3e-40c1-b7f5-a69901bfb82c req-dad6f247-df2b-4f59-ba40-eace5f5605ad 4e9ef84a13174993b54d891d2f1ccd8e 9e7cd0662d02492aac99a4384b40edec - - default default] 10.0.0.209 "GET /v2.0/ports?device_id=7424523a-35be-4e77-8757-1deda1e350b7 HTTP/1.1" status: 200 len: 1210 time: 0.0313189
2026-05-08 11:34:45.828 10 INFO neutron.db.l3_db [None req-57e80e49-87cb-4f6a-a5de-44ad0dd34ed4 4e9ef84a13174993b54d891d2f1ccd8e 9e7cd0662d02492aac99a4384b40edec - - default default] Floating IP a39d8e5d-fb13-45a4-bf22-dd3a6c94c3a5 associated. External IP: 10.96.250.218, port: cf8fe6ad-a3bd-411e-a54a-8587a0783491.
2026-05-08 11:34:46.151 10 INFO neutron.db.ovn_revision_numbers_db [None req-57e80e49-87cb-4f6a-a5de-44ad0dd34ed4 4e9ef84a13174993b54d891d2f1ccd8e 9e7cd0662d02492aac99a4384b40edec - - default default] Successfully bumped revision number for resource a39d8e5d-fb13-45a4-bf22-dd3a6c94c3a5 (type: floatingips) to 1
2026-05-08 11:34:46.318 10 INFO neutron.db.ovn_revision_numbers_db [None req-57e80e49-87cb-4f6a-a5de-44ad0dd34ed4 4e9ef84a13174993b54d891d2f1ccd8e 9e7cd0662d02492aac99a4384b40edec - - default default] Successfully bumped revision number for resource a39d8e5d-fb13-45a4-bf22-dd3a6c94c3a5 (type: floatingips) to 2
2026-05-08 11:34:46.341 10 INFO neutron.wsgi [None req-57e80e49-87cb-4f6a-a5de-44ad0dd34ed4 4e9ef84a13174993b54d891d2f1ccd8e 9e7cd0662d02492aac99a4384b40edec - - default default] 10.0.0.11 "PUT /v2.0/floatingips/a39d8e5d-fb13-45a4-bf22-dd3a6c94c3a5 HTTP/1.1" status: 200 len: 1049 time: 1.0458617
2026-05-08 11:34:46.394 10 INFO neutron.notifiers.nova [-] Nova event matching ['req-d004f1df-f167-44db-a6db-76cdb418acab'] response: {'name': 'network-changed', 'server_uuid': '7424523a-35be-4e77-8757-1deda1e350b7', 'tag': 'cf8fe6ad-a3bd-411e-a54a-8587a0783491', 'status': 'completed', 'code': 200}
2026-05-08 11:34:46.464 9 INFO neutron.wsgi [req-4d264601-9738-4c61-b8ef-0f5a29f62ab9 req-2f3802c6-3fe7-48d1-be10-30b85fedc8a7 c1a14eb363e64671aa12c13814dcf998 6a319067e6d348fe8ed0bd50f117f34d - - 9a3c083474a74e18aa24764183a01c97 9a3c083474a74e18aa24764183a01c97] 199.204.45.109 "GET /v2.0/ports?tenant_id=9e7cd0662d02492aac99a4384b40edec&device_id=7424523a-35be-4e77-8757-1deda1e350b7 HTTP/1.1" status: 200 len: 1448 time: 0.0485675
2026-05-08 11:34:46.540 9 INFO neutron.wsgi [req-4d264601-9738-4c61-b8ef-0f5a29f62ab9 req-de655971-1921-4877-be99-d1d7277a3c31 c1a14eb363e64671aa12c13814dcf998 6a319067e6d348fe8ed0bd50f117f34d - - 9a3c083474a74e18aa24764183a01c97 9a3c083474a74e18aa24764183a01c97] 199.204.45.109 "GET /v2.0/networks?id=c22647f8-5f93-4dd5-9982-58e367f0650f HTTP/1.1" status: 200 len: 970 time: 0.0669892
2026-05-08 11:34:46.604 9 INFO neutron.wsgi [req-4d264601-9738-4c61-b8ef-0f5a29f62ab9 req-10b46e07-c948-4be7-9ad0-0d6a9bc6598c c1a14eb363e64671aa12c13814dcf998 6a319067e6d348fe8ed0bd50f117f34d - - 9a3c083474a74e18aa24764183a01c97 9a3c083474a74e18aa24764183a01c97] 199.204.45.109 "GET /v2.0/floatingips?fixed_ip_address=10.100.0.4&port_id=cf8fe6ad-a3bd-411e-a54a-8587a0783491 HTTP/1.1" status: 200 len: 1059 time: 0.0570686
2026-05-08 11:34:46.643 9 INFO neutron.wsgi [req-4d264601-9738-4c61-b8ef-0f5a29f62ab9 req-6be3c447-55ab-4620-891c-20bc51086d67 c1a14eb363e64671aa12c13814dcf998 6a319067e6d348fe8ed0bd50f117f34d - - 9a3c083474a74e18aa24764183a01c97 9a3c083474a74e18aa24764183a01c97] 199.204.45.109 "GET /v2.0/subnets?id=a3b7879d-153e-4c49-9154-cae9e6b0f096 HTTP/1.1" status: 200 len: 865 time: 0.0328903
2026-05-08 11:34:46.671 9 INFO neutron.wsgi [req-4d264601-9738-4c61-b8ef-0f5a29f62ab9 req-1e54244c-48f6-4398-93fd-8a580f3dc9a0 c1a14eb363e64671aa12c13814dcf998 6a319067e6d348fe8ed0bd50f117f34d - - 9a3c083474a74e18aa24764183a01c97 9a3c083474a74e18aa24764183a01c97] 199.204.45.109 "GET /v2.0/ports?network_id=c22647f8-5f93-4dd5-9982-58e367f0650f&device_owner=network%3Adhcp HTTP/1.1" status: 200 len: 210 time: 0.0214510
2026-05-08 11:34:46.741 9 INFO neutron.wsgi [req-4d264601-9738-4c61-b8ef-0f5a29f62ab9 req-2d07e02e-e607-480f-b63c-9052eb3fd713 c1a14eb363e64671aa12c13814dcf998 6a319067e6d348fe8ed0bd50f117f34d - - 9a3c083474a74e18aa24764183a01c97 9a3c083474a74e18aa24764183a01c97] 199.204.45.109 "GET /v2.0/networks/c22647f8-5f93-4dd5-9982-58e367f0650f?fields=segments HTTP/1.1" status: 200 len: 212 time: 0.0599878
2026-05-08 11:34:46.810 9 INFO neutron.wsgi [req-4d264601-9738-4c61-b8ef-0f5a29f62ab9 req-b97dcdbd-1a9f-4e7f-a621-f30bfaf5d310 c1a14eb363e64671aa12c13814dcf998 6a319067e6d348fe8ed0bd50f117f34d - - 9a3c083474a74e18aa24764183a01c97 9a3c083474a74e18aa24764183a01c97] 199.204.45.109 "GET /v2.0/networks/c22647f8-5f93-4dd5-9982-58e367f0650f?fields=provider%3Aphysical_network&fields=provider%3Anetwork_type HTTP/1.1" status: 200 len: 277 time: 0.0638397
2026-05-08 11:34:58.730 10 INFO neutron.wsgi [-] 10.0.0.98 "GET / HTTP/1.1" status: 200 len: 247 time: 0.0016284
2026-05-08 11:34:58.732 10 INFO neutron.wsgi [-] 10.0.0.98 "GET / HTTP/1.1" status: 200 len: 247 time: 0.0011325
2026-05-08 11:35:02.057 9 INFO neutron.wsgi [req-81a38897-b636-48f6-9796-5d37e2c98145 req-8a093ee6-2ffd-458e-81db-740fcef46255 4e9ef84a13174993b54d891d2f1ccd8e 9e7cd0662d02492aac99a4384b40edec - - default default] 10.0.0.209 "GET /v2.0/ports?device_id=7424523a-35be-4e77-8757-1deda1e350b7 HTTP/1.1" status: 200 len: 1210 time: 0.0999038
2026-05-08 11:35:02.106 9 INFO neutron.wsgi [req-81a38897-b636-48f6-9796-5d37e2c98145 req-d310c88e-592e-449f-bed2-c8de41eee77b 4e9ef84a13174993b54d891d2f1ccd8e 9e7cd0662d02492aac99a4384b40edec - - default default] 10.0.0.209 "GET /v2.0/security-groups?id=eb2ef748-c602-472d-9ddd-3c1201b9dd4c&id=bc00881f-076c-408a-a7b0-97cdda48c581&fields=id&fields=name HTTP/1.1" status: 200 len: 406 time: 0.0431845
2026-05-08 11:35:02.296 9 INFO neutron.wsgi [None req-4bc212f6-f187-4fea-aaa6-152e1c5629f1 efb1df0a435b41a09dff1d93ccf72424 45ecb3c3633c4904b01c5ee373bb17b5 - - default default] 10.0.0.11 "GET /v2.0/ports?device_id=7424523a-35be-4e77-8757-1deda1e350b7 HTTP/1.1" status: 200 len: 1443 time: 0.1632667 /var/lib/openstack/lib/python3.10/site-packages/pycadf/identifier.py:71: UserWarning: Invalid uuid: neutron. To ensure interoperability, identifiers should be a valid uuid. warnings.warn(('Invalid uuid: %s. To ensure interoperability, '
2026-05-08 11:35:02.381 10 INFO neutron.wsgi [None req-39ab1e8b-c390-4ca0-aea4-8c22f4514da6 4e9ef84a13174993b54d891d2f1ccd8e 9e7cd0662d02492aac99a4384b40edec - - default default] 10.0.0.11 "GET /v2.0/floatingips?floating_network_id=4bb2a2bc-66f3-4f1b-8e69-bbbc0fcf0b92&port_id=cf8fe6ad-a3bd-411e-a54a-8587a0783491 HTTP/1.1" status: 200 len: 1054 time: 0.0767550
2026-05-08 11:35:02.618 10 INFO neutron.wsgi [req-86775d6c-19af-4305-9631-c38a07902826 req-be61e061-231d-4a72-a775-745802a524fa c1a14eb363e64671aa12c13814dcf998 6a319067e6d348fe8ed0bd50f117f34d - - 9a3c083474a74e18aa24764183a01c97 9a3c083474a74e18aa24764183a01c97] 10.0.0.87 "GET /v2.0/ports?device_id=7424523a-35be-4e77-8757-1deda1e350b7 HTTP/1.1" status: 200 len: 1448 time: 0.0376701
2026-05-08 11:35:02.675 10 INFO neutron.wsgi [req-86775d6c-19af-4305-9631-c38a07902826 req-8b18378a-5b4a-44da-9764-5173cf787c2e c1a14eb363e64671aa12c13814dcf998 6a319067e6d348fe8ed0bd50f117f34d - - 9a3c083474a74e18aa24764183a01c97 9a3c083474a74e18aa24764183a01c97] 10.0.0.87 "GET /v2.0/security-groups?id=bc00881f-076c-408a-a7b0-97cdda48c581&id=eb2ef748-c602-472d-9ddd-3c1201b9dd4c&fields=id&fields=name HTTP/1.1" status: 200 len: 406 time: 0.0491846
2026-05-08 11:35:04.791 9 INFO neutron.plugins.ml2.drivers.ovn.mech_driver.mech_driver [None req-4d3913c3-a771-473b-8a44-72407b31c41f - - - - - -] OVN reports status down for port: cf8fe6ad-a3bd-411e-a54a-8587a0783491
2026-05-08 11:35:04.852 10 INFO neutron.wsgi [req-95f4e680-efb0-42c1-aa53-bf0411c888e7 req-613abb44-4b26-4f9a-82f0-847ad20188c3 4e9ef84a13174993b54d891d2f1ccd8e 9e7cd0662d02492aac99a4384b40edec - - default default] 10.0.0.209 "GET /v2.0/ports?device_id=7424523a-35be-4e77-8757-1deda1e350b7 HTTP/1.1" status: 200 len: 1210 time: 0.1272359
2026-05-08 11:35:04.889 10 INFO neutron.wsgi [req-95f4e680-efb0-42c1-aa53-bf0411c888e7 req-5a2c33a8-5c9f-4a1b-8751-70aa652ef874 4e9ef84a13174993b54d891d2f1ccd8e 9e7cd0662d02492aac99a4384b40edec - - default default] 10.0.0.209 "GET /v2.0/security-groups?id=eb2ef748-c602-472d-9ddd-3c1201b9dd4c&id=bc00881f-076c-408a-a7b0-97cdda48c581&fields=id&fields=name HTTP/1.1" status: 200 len: 406 time: 0.0321927
2026-05-08 11:35:04.928 9 INFO neutron.notifiers.nova [-] Nova event matching ['req-c8ac3113-1fa1-4574-8754-37221f0da9ea'] response: {'server_uuid': '7424523a-35be-4e77-8757-1deda1e350b7', 'name': 'network-vif-unplugged', 'status': 'completed', 'tag': 'cf8fe6ad-a3bd-411e-a54a-8587a0783491', 'code': 200}
2026-05-08 11:35:05.081 9 INFO neutron.wsgi [req-96afa767-ac03-48c2-9cff-8c38857755e5 req-e62b311d-a765-4bb3-b8e4-60a2da8f225a 4e9ef84a13174993b54d891d2f1ccd8e 9e7cd0662d02492aac99a4384b40edec - - default default] 199.204.45.109 "GET /v2.0/ports?device_id=7424523a-35be-4e77-8757-1deda1e350b7 HTTP/1.1" status: 200 len: 1208 time: 0.0450902
2026-05-08 11:35:05.132 9 INFO neutron.db.ovn_revision_numbers_db [None req-4d3913c3-a771-473b-8a44-72407b31c41f - - - - - -] Successfully bumped revision number for resource cf8fe6ad-a3bd-411e-a54a-8587a0783491 (type: ports) to 5
2026-05-08 11:35:05.476 9 INFO neutron.db.l3_db [req-96afa767-ac03-48c2-9cff-8c38857755e5 req-64e7ad18-eddf-4eae-b8b5-a34c86c506ef 4e9ef84a13174993b54d891d2f1ccd8e 9e7cd0662d02492aac99a4384b40edec - - default default] Floating IP a39d8e5d-fb13-45a4-bf22-dd3a6c94c3a5 disassociated. External IP: 10.96.250.218, port: cf8fe6ad-a3bd-411e-a54a-8587a0783491.
2026-05-08 11:35:05.917 9 INFO neutron.wsgi [req-96afa767-ac03-48c2-9cff-8c38857755e5 req-64e7ad18-eddf-4eae-b8b5-a34c86c506ef 4e9ef84a13174993b54d891d2f1ccd8e 9e7cd0662d02492aac99a4384b40edec - - default default] 199.204.45.109 "DELETE /v2.0/ports/cf8fe6ad-a3bd-411e-a54a-8587a0783491 HTTP/1.1" status: 204 len: 173 time: 0.8293171 /var/lib/openstack/lib/python3.10/site-packages/pycadf/identifier.py:71: UserWarning: Invalid uuid: neutron. To ensure interoperability, identifiers should be a valid uuid. warnings.warn(('Invalid uuid: %s. To ensure interoperability, '
2026-05-08 11:35:06.028 10 INFO neutron.wsgi [req-1d3e5a3c-b335-405a-aff3-988ccf2f9420 req-a985bdac-0529-4bec-bc4f-ecec553a7892 4e9ef84a13174993b54d891d2f1ccd8e 9e7cd0662d02492aac99a4384b40edec - - default default] 10.0.0.209 "GET /v2.0/ports?device_id=7424523a-35be-4e77-8757-1deda1e350b7 HTTP/1.1" status: 200 len: 210 time: 0.0387902
2026-05-08 11:35:06.968 9 INFO neutron.notifiers.nova [-] Nova event matching ['req-8478fc6d-4758-4653-90f8-4122aab10d4b'] response: {'server_uuid': '7424523a-35be-4e77-8757-1deda1e350b7', 'name': 'network-vif-plugged', 'status': 'completed', 'tag': 'cf8fe6ad-a3bd-411e-a54a-8587a0783491', 'code': 200}
2026-05-08 11:35:06.969 9 INFO neutron.notifiers.nova [-] Nova event matching ['req-8478fc6d-4758-4653-90f8-4122aab10d4b'] response: {'server_uuid': '7424523a-35be-4e77-8757-1deda1e350b7', 'name': 'network-vif-deleted', 'tag': 'cf8fe6ad-a3bd-411e-a54a-8587a0783491', 'status': 'completed', 'code': 200}
2026-05-08 11:35:07.306 10 INFO neutron.wsgi [None req-1412d857-d9d5-4822-af22-50c511cf2b32 4e9ef84a13174993b54d891d2f1ccd8e 9e7cd0662d02492aac99a4384b40edec - - default default] 10.0.0.11 "DELETE /v2.0/security-groups/eb2ef748-c602-472d-9ddd-3c1201b9dd4c HTTP/1.1" status: 204 len: 168 time: 0.1319683
2026-05-08 11:35:07.321 10 INFO neutron.api.v2.resource [None req-5a1861b5-8fed-47c5-8da8-852191217d56 4e9ef84a13174993b54d891d2f1ccd8e 9e7cd0662d02492aac99a4384b40edec - - default default] show failed (client error): The resource could not be found.
2026-05-08 11:35:07.323 10 INFO neutron.wsgi [None req-5a1861b5-8fed-47c5-8da8-852191217d56 4e9ef84a13174993b54d891d2f1ccd8e 9e7cd0662d02492aac99a4384b40edec - - default default] 10.0.0.11 "GET /v2.0/security-groups/eb2ef748-c602-472d-9ddd-3c1201b9dd4c HTTP/1.1" status: 404 len: 347 time: 0.0132506
2026-05-08 11:35:07.634 10 INFO neutron.wsgi [None req-283c35b5-2a6b-4efb-9a04-793c7035bb3f 4e9ef84a13174993b54d891d2f1ccd8e 9e7cd0662d02492aac99a4384b40edec - - default default] 10.0.0.11 "DELETE /v2.0/floatingips/a39d8e5d-fb13-45a4-bf22-dd3a6c94c3a5 HTTP/1.1" status: 204 len: 168 time: 0.3066087
2026-05-08 11:35:07.769 10 INFO neutron.wsgi [None req-1eff0825-85ae-4fb4-91a8-2e79f9f885a2 4e9ef84a13174993b54d891d2f1ccd8e 9e7cd0662d02492aac99a4384b40edec - - default default] 10.0.0.11 "DELETE /v2.0/security-groups/bc00881f-076c-408a-a7b0-97cdda48c581 HTTP/1.1" status: 204 len: 168 time: 0.1284189
2026-05-08 11:35:08.785 10 INFO neutron.wsgi [None req-e5c59cad-0a7c-4685-805e-7df77f1d0d60 1623486798b54484b4884c4b34ffed68 8217937b2bba4ca09a21a8730bb53868 - - default default] 10.0.0.11 "PUT /v2.0/routers/38d6b4de-0524-44c3-b8bf-c7502a7415f9/remove_router_interface HTTP/1.1" status: 200 len: 503 time: 0.9730825 /var/lib/openstack/lib/python3.10/site-packages/pycadf/identifier.py:71: UserWarning: Invalid uuid: neutron. To ensure interoperability, identifiers should be a valid uuid. warnings.warn(('Invalid uuid: %s. To ensure interoperability, '
2026-05-08 11:35:09.663 10 INFO neutron.wsgi [None req-a5efa9a3-a196-4b3d-810e-69e600cfcf27 1623486798b54484b4884c4b34ffed68 8217937b2bba4ca09a21a8730bb53868 - - default default] 10.0.0.11 "DELETE /v2.0/routers/38d6b4de-0524-44c3-b8bf-c7502a7415f9 HTTP/1.1" status: 204 len: 168 time: 0.8735168
2026-05-08 11:35:09.855 10 INFO neutron.wsgi [None req-786a9a8c-436e-4b4f-afbe-e027f1719955 1623486798b54484b4884c4b34ffed68 8217937b2bba4ca09a21a8730bb53868 - - default default] 10.0.0.11 "DELETE /v2.0/subnets/a3b7879d-153e-4c49-9154-cae9e6b0f096 HTTP/1.1" status: 204 len: 168 time: 0.1872544
2026-05-08 11:35:10.254 10 INFO neutron.services.segments.plugin [-] Segment 6b5d3a15-321e-4eee-a663-fa0874078dbf resource provider aggregate not found
2026-05-08 11:35:10.261 10 INFO neutron.services.segments.plugin [-] Segment 6b5d3a15-321e-4eee-a663-fa0874078dbf resource provider aggregate not found
2026-05-08 11:35:10.281 10 INFO neutron.services.segments.plugin [-] Segment 6b5d3a15-321e-4eee-a663-fa0874078dbf resource provider not found; error: Placement Client Error (4xx): {"errors": [{"status": 404, "title": "Not Found", "detail": "The resource could not be found.\n\n No resource provider with uuid 6b5d3a15-321e-4eee-a663-fa0874078dbf found for delete ", "request_id": "req-ec6f1590-d973-4772-8289-bca0f9eec70d"}]}
2026-05-08 11:35:10.282 10 INFO neutron.services.segments.plugin [-] Segment 6b5d3a15-321e-4eee-a663-fa0874078dbf resource provider not found; error: Placement Client Error (4xx): {"errors": [{"status": 404, "title": "Not Found", "detail": "The resource could not be found.\n\n No resource provider with uuid 6b5d3a15-321e-4eee-a663-fa0874078dbf found for delete ", "request_id": "req-14cc3e26-fe59-49a3-a7b2-fbc4eae89f16"}]}
2026-05-08 11:35:10.302 10 INFO neutron.wsgi [None req-1b05d716-f6bf-481c-a630-f47aac6da673 1623486798b54484b4884c4b34ffed68 8217937b2bba4ca09a21a8730bb53868 - - default default] 10.0.0.11 "DELETE /v2.0/networks/c22647f8-5f93-4dd5-9982-58e367f0650f HTTP/1.1" status: 204 len: 168 time: 0.4433708 /var/lib/openstack/lib/python3.10/site-packages/pycadf/identifier.py:71: UserWarning: Invalid uuid: neutron. To ensure interoperability, identifiers should be a valid uuid. warnings.warn(('Invalid uuid: %s. To ensure interoperability, '
2026-05-08 11:35:11.209 9 INFO neutron.wsgi [None req-d46d6763-3c2e-45af-9419-fa37785f66eb 1623486798b54484b4884c4b34ffed68 8217937b2bba4ca09a21a8730bb53868 - - default default] 10.0.0.11 "PUT /v2.0/routers/a42ca9f3-ea54-4589-9f44-b64754d39623/remove_router_interface HTTP/1.1" status: 200 len: 503 time: 0.9019246 /var/lib/openstack/lib/python3.10/site-packages/pycadf/identifier.py:71: UserWarning: Invalid uuid: neutron. To ensure interoperability, identifiers should be a valid uuid. warnings.warn(('Invalid uuid: %s. To ensure interoperability, '
2026-05-08 11:35:11.782 9 INFO neutron.wsgi [None req-215076b9-2a5b-4c27-85fa-fdb959984089 1623486798b54484b4884c4b34ffed68 8217937b2bba4ca09a21a8730bb53868 - - default default] 10.0.0.11 "DELETE /v2.0/routers/a42ca9f3-ea54-4589-9f44-b64754d39623 HTTP/1.1" status: 204 len: 168 time: 0.5681367
