2026-05-08 11:30:48.795 9 INFO neutron.wsgi [None req-7914e4fa-2e5d-482a-87f8-4a11aee35210 c42ccc09d6434f03a8638347a7da5f9e a9ad833615984e2993233d2e3c7b4d89 - - default default] 10.0.0.11 "DELETE /v2.0/networks/2818e9ad-2d13-4d66-b363-df01eb41e803 HTTP/1.1" status: 204 len: 168 time: 0.5666003
2026-05-08 11:30:48.807 9 INFO neutron.db.ovn_revision_numbers_db [None req-a4a4d2b0-7e54-41be-ab8a-10d22388eda7 - - - - - -] Successfully bumped revision number for resource 541580cb-c650-4bb2-8a14-c3f60f832c27 (type: router_ports) to 3
2026-05-08 11:30:48.812 9 INFO neutron.wsgi [req-f78cfef1-26f3-42a2-b807-fadf11c66f51 req-2c003a20-fbe2-4f94-86fc-ae2588311820 e3b87ee2229a42f9a7bac66c9bdfb13e fc9ef7a77bef453b9acdceaa1570cc4c - - default default] 199.204.45.109 "GET /v2.0/networks?id=b7af4877-e4c5-43c1-9fcb-c8340e92aa32 HTTP/1.1" status: 200 len: 879 time: 0.0919871
2026-05-08 11:30:48.869 9 INFO neutron.wsgi [req-f78cfef1-26f3-42a2-b807-fadf11c66f51 req-c7774269-a8fe-4903-9d72-a0172fb210d1 e3b87ee2229a42f9a7bac66c9bdfb13e fc9ef7a77bef453b9acdceaa1570cc4c - - default default] 199.204.45.109 "GET /v2.0/security-groups?fields=id&fields=name&tenant_id=fc9ef7a77bef453b9acdceaa1570cc4c HTTP/1.1" status: 200 len: 379 time: 0.0500965
2026-05-08 11:30:48.987 10 INFO neutron.db.ovn_revision_numbers_db [None req-6dd3ebe6-234a-4b94-8918-6ac02ec4cda1 1623486798b54484b4884c4b34ffed68 8217937b2bba4ca09a21a8730bb53868 - - default default] Successfully bumped revision number for resource a22eba47-d403-4371-be7b-14d41b5c7826 (type: ports) to 1
2026-05-08 11:30:49.045 9 INFO neutron.db.ovn_revision_numbers_db [None req-a4a4d2b0-7e54-41be-ab8a-10d22388eda7 - - - - - -] Successfully bumped revision number for resource 541580cb-c650-4bb2-8a14-c3f60f832c27 (type: ports) to 2
2026-05-08 11:30:49.053 10 WARNING neutron.scheduler.dhcp_agent_scheduler [None req-6dd3ebe6-234a-4b94-8918-6ac02ec4cda1 1623486798b54484b4884c4b34ffed68 8217937b2bba4ca09a21a8730bb53868 - - default default] No more DHCP agents
2026-05-08 11:30:49.054 10 WARNING neutron.api.rpc.agentnotifiers.dhcp_rpc_agent_api [None req-6dd3ebe6-234a-4b94-8918-6ac02ec4cda1 1623486798b54484b4884c4b34ffed68 8217937b2bba4ca09a21a8730bb53868 - - default default] Unable to schedule network cf7c6175-1e0c-41c6-8807-e4ae27a86296: no agents available; will retry on subsequent port and subnet creation events.
2026-05-08 11:30:49.109 10 INFO neutron.wsgi [req-cd3d001b-d3fd-4d7f-bbed-e1e0a6222307 req-e0a58766-3eb3-4183-b114-11f54b5779d1 e3b87ee2229a42f9a7bac66c9bdfb13e fc9ef7a77bef453b9acdceaa1570cc4c - - default default] 10.0.0.209 "GET /v2.0/ports?device_id=43b41061-a349-40a2-8e7f-d3038730086a HTTP/1.1" status: 200 len: 210 time: 0.0313852
2026-05-08 11:30:49.285 10 WARNING neutron.plugins.ml2.drivers.ovn.mech_driver.ovsdb.ovn_client [None req-33f225ed-5788-4b12-a030-2a5b34763b21 - - - - - -] No hosting information found for port eb532f42-718f-4326-a9f9-4715de81623c: RuntimeError: No hosting information found for port eb532f42-718f-4326-a9f9-4715de81623c
2026-05-08 11:30:49.348 9 WARNING neutron.scheduler.dhcp_agent_scheduler [req-f78cfef1-26f3-42a2-b807-fadf11c66f51 req-a55092bd-b7af-4910-a6f9-f2007736c975 e3b87ee2229a42f9a7bac66c9bdfb13e fc9ef7a77bef453b9acdceaa1570cc4c - - default default] No more DHCP agents
2026-05-08 11:30:49.352 9 WARNING neutron.api.rpc.agentnotifiers.dhcp_rpc_agent_api [req-f78cfef1-26f3-42a2-b807-fadf11c66f51 req-a55092bd-b7af-4910-a6f9-f2007736c975 e3b87ee2229a42f9a7bac66c9bdfb13e fc9ef7a77bef453b9acdceaa1570cc4c - - default default] Unable to schedule network b7af4877-e4c5-43c1-9fcb-c8340e92aa32: no agents available; will retry on subsequent port and subnet creation events.
2026-05-08 11:30:49.448 9 INFO neutron.db.ovn_revision_numbers_db [None req-a4a4d2b0-7e54-41be-ab8a-10d22388eda7 - - - - - -] Successfully bumped revision number for resource 541580cb-c650-4bb2-8a14-c3f60f832c27 (type: ports) to 4
2026-05-08 11:30:49.472 10 INFO neutron.plugins.ml2.drivers.ovn.mech_driver.mech_driver [None req-33f225ed-5788-4b12-a030-2a5b34763b21 - - - - - -] OVN reports status up for port: 541580cb-c650-4bb2-8a14-c3f60f832c27
2026-05-08 11:30:49.493 10 INFO neutron.plugins.ml2.plugin [None req-33f225ed-5788-4b12-a030-2a5b34763b21 - - - - - -] Attempt 1 to provision port 541580cb-c650-4bb2-8a14-c3f60f832c27 /var/lib/openstack/lib/python3.10/site-packages/pycadf/identifier.py:71: UserWarning: Invalid uuid: neutron. To ensure interoperability, identifiers should be a valid uuid. warnings.warn(('Invalid uuid: %s. To ensure interoperability, '
2026-05-08 11:30:49.584 9 INFO neutron.wsgi [None req-46dac20b-38c1-4e40-92f2-3588211c3ff1 1623486798b54484b4884c4b34ffed68 8217937b2bba4ca09a21a8730bb53868 - - default default] 10.0.0.11 "GET /v2.0/security-groups?tenant_id=a9ad833615984e2993233d2e3c7b4d89&name=default HTTP/1.1" status: 200 len: 2996 time: 0.2129483
2026-05-08 11:30:49.612 10 INFO neutron.plugins.ml2.drivers.ovn.mech_driver.mech_driver [None req-33f225ed-5788-4b12-a030-2a5b34763b21 - - - - - -] OVN reports status up for port: a22eba47-d403-4371-be7b-14d41b5c7826
2026-05-08 11:30:49.625 10 INFO neutron.plugins.ml2.plugin [None req-33f225ed-5788-4b12-a030-2a5b34763b21 - - - - - -] Attempt 1 to provision port a22eba47-d403-4371-be7b-14d41b5c7826
2026-05-08 11:30:49.662 9 INFO neutron.db.ovn_revision_numbers_db [req-f78cfef1-26f3-42a2-b807-fadf11c66f51 req-a55092bd-b7af-4910-a6f9-f2007736c975 e3b87ee2229a42f9a7bac66c9bdfb13e fc9ef7a77bef453b9acdceaa1570cc4c - - default default] Successfully bumped revision number for resource 1d79bffd-4126-4156-879b-795e7aa9bcd7 (type: ports) to 1
2026-05-08 11:30:49.718 9 INFO neutron.wsgi [req-f78cfef1-26f3-42a2-b807-fadf11c66f51 req-a55092bd-b7af-4910-a6f9-f2007736c975 e3b87ee2229a42f9a7bac66c9bdfb13e fc9ef7a77bef453b9acdceaa1570cc4c - - default default] 199.204.45.109 "POST /v2.0/ports HTTP/1.1" status: 201 len: 1162 time: 0.8355565
2026-05-08 11:30:49.881 9 INFO neutron.db.ovn_revision_numbers_db [None req-a4a4d2b0-7e54-41be-ab8a-10d22388eda7 - - - - - -] Successfully bumped revision number for resource 541580cb-c650-4bb2-8a14-c3f60f832c27 (type: router_ports) to 4
2026-05-08 11:30:50.005 10 INFO neutron.db.ovn_revision_numbers_db [None req-33f225ed-5788-4b12-a030-2a5b34763b21 - - - - - -] Successfully bumped revision number for resource a22eba47-d403-4371-be7b-14d41b5c7826 (type: ports) to 2
2026-05-08 11:30:50.010 9 INFO neutron.wsgi [None req-f037ea6f-1498-4a73-8ab4-d673e500e6e4 1623486798b54484b4884c4b34ffed68 8217937b2bba4ca09a21a8730bb53868 - - default default] 10.0.0.11 "DELETE /v2.0/security-groups/69ffb51c-5025-4a52-83f6-b15d9dd80faf HTTP/1.1" status: 204 len: 168 time: 0.4188082
2026-05-08 11:30:50.057 10 INFO neutron.db.ovn_revision_numbers_db [None req-6dd3ebe6-234a-4b94-8918-6ac02ec4cda1 1623486798b54484b4884c4b34ffed68 8217937b2bba4ca09a21a8730bb53868 - - default default] Successfully bumped revision number for resource a22eba47-d403-4371-be7b-14d41b5c7826 (type: router_ports) to 1
2026-05-08 11:30:50.060 10 INFO neutron.wsgi [None req-6dd3ebe6-234a-4b94-8918-6ac02ec4cda1 1623486798b54484b4884c4b34ffed68 8217937b2bba4ca09a21a8730bb53868 - - default default] 10.0.0.11 "PUT /v2.0/routers/381c615c-81b1-4c56-9ee9-3475dd1fb038/add_router_interface HTTP/1.1" status: 200 len: 503 time: 2.4824748
2026-05-08 11:30:50.151 10 INFO neutron.db.ovn_revision_numbers_db [None req-33f225ed-5788-4b12-a030-2a5b34763b21 - - - - - -] Successfully bumped revision number for resource a22eba47-d403-4371-be7b-14d41b5c7826 (type: router_ports) to 2 /var/lib/openstack/lib/python3.10/site-packages/pycadf/identifier.py:71: UserWarning: Invalid uuid: neutron. To ensure interoperability, identifiers should be a valid uuid. warnings.warn(('Invalid uuid: %s. To ensure interoperability, '
2026-05-08 11:30:50.278 9 INFO neutron.db.ovn_revision_numbers_db [req-f78cfef1-26f3-42a2-b807-fadf11c66f51 req-ab5796e7-45b2-4535-984c-0bc522895e73 c1a14eb363e64671aa12c13814dcf998 6a319067e6d348fe8ed0bd50f117f34d - - 9a3c083474a74e18aa24764183a01c97 9a3c083474a74e18aa24764183a01c97] Successfully bumped revision number for resource 1d79bffd-4126-4156-879b-795e7aa9bcd7 (type: ports) to 2
2026-05-08 11:30:50.494 9 INFO neutron.wsgi [req-d0fcebdd-d88c-428a-8c17-965d35ab617e req-3a7d5b2d-f9b7-42c0-ba27-a8abf8620f79 e3b87ee2229a42f9a7bac66c9bdfb13e fc9ef7a77bef453b9acdceaa1570cc4c - - default default] 10.0.0.209 "GET /v2.0/ports?device_id=43b41061-a349-40a2-8e7f-d3038730086a HTTP/1.1" status: 200 len: 1172 time: 0.3251629
2026-05-08 11:30:50.547 9 INFO neutron.wsgi [req-d0fcebdd-d88c-428a-8c17-965d35ab617e req-b2e4f049-243c-49bd-a35d-f8bc843df1d2 e3b87ee2229a42f9a7bac66c9bdfb13e fc9ef7a77bef453b9acdceaa1570cc4c - - default default] 10.0.0.209 "GET /v2.0/security-groups?id=2e341e10-33a0-48d5-a0f2-a92555c41818&fields=id&fields=name HTTP/1.1" status: 200 len: 312 time: 0.0448408 /var/lib/openstack/lib/python3.10/site-packages/pycadf/identifier.py:71: UserWarning: Invalid uuid: neutron. To ensure interoperability, identifiers should be a valid uuid. warnings.warn(('Invalid uuid: %s. To ensure interoperability, '
2026-05-08 11:30:50.710 9 INFO neutron.db.ovn_revision_numbers_db [req-f78cfef1-26f3-42a2-b807-fadf11c66f51 req-ab5796e7-45b2-4535-984c-0bc522895e73 c1a14eb363e64671aa12c13814dcf998 6a319067e6d348fe8ed0bd50f117f34d - - 9a3c083474a74e18aa24764183a01c97 9a3c083474a74e18aa24764183a01c97] Successfully bumped revision number for resource 1d79bffd-4126-4156-879b-795e7aa9bcd7 (type: ports) to 2
2026-05-08 11:30:50.724 9 INFO neutron.wsgi [req-f78cfef1-26f3-42a2-b807-fadf11c66f51 req-ab5796e7-45b2-4535-984c-0bc522895e73 c1a14eb363e64671aa12c13814dcf998 6a319067e6d348fe8ed0bd50f117f34d - - 9a3c083474a74e18aa24764183a01c97 9a3c083474a74e18aa24764183a01c97] 199.204.45.109 "PUT /v2.0/ports/1d79bffd-4126-4156-879b-795e7aa9bcd7 HTTP/1.1" status: 200 len: 1380 time: 0.9990323
2026-05-08 11:30:50.759 9 INFO neutron.notifiers.nova [-] Nova event matching ['req-cb052a04-4068-4039-b4c1-499c6ea44b1b'] response: {'name': 'network-changed', 'server_uuid': '43b41061-a349-40a2-8e7f-d3038730086a', 'tag': '1d79bffd-4126-4156-879b-795e7aa9bcd7', 'status': 'completed', 'code': 200} /var/lib/openstack/lib/python3.10/site-packages/pycadf/identifier.py:71: UserWarning: Invalid uuid: neutron. To ensure interoperability, identifiers should be a valid uuid. warnings.warn(('Invalid uuid: %s. To ensure interoperability, '
2026-05-08 11:30:50.800 9 INFO neutron.wsgi [req-f78cfef1-26f3-42a2-b807-fadf11c66f51 req-bcae034b-4205-40ee-bf93-b3ed129a97ea c1a14eb363e64671aa12c13814dcf998 6a319067e6d348fe8ed0bd50f117f34d - - 9a3c083474a74e18aa24764183a01c97 9a3c083474a74e18aa24764183a01c97] 199.204.45.109 "GET /v2.0/ports?tenant_id=fc9ef7a77bef453b9acdceaa1570cc4c&device_id=43b41061-a349-40a2-8e7f-d3038730086a HTTP/1.1" status: 200 len: 1411 time: 0.0310712
2026-05-08 11:30:50.825 9 INFO neutron.wsgi [req-f78cfef1-26f3-42a2-b807-fadf11c66f51 req-e2454dc6-91bd-401c-94c8-0be0eadcc485 c1a14eb363e64671aa12c13814dcf998 6a319067e6d348fe8ed0bd50f117f34d - - 9a3c083474a74e18aa24764183a01c97 9a3c083474a74e18aa24764183a01c97] 199.204.45.109 "GET /v2.0/floatingips?fixed_ip_address=10.100.0.12&port_id=1d79bffd-4126-4156-879b-795e7aa9bcd7 HTTP/1.1" status: 200 len: 217 time: 0.0203557
2026-05-08 11:30:50.826 10 INFO neutron.db.ovn_revision_numbers_db [None req-32a0acbc-1a08-48be-882f-170588993cb2 00c54a814e1946f7b0024448f773618d e435454f2eb8472d9f0bfe11849cdc50 - - default default] Successfully bumped revision number for resource 5d422f0f-f22a-4044-bf84-dfa060377f0a (type: security_groups) to 1
2026-05-08 11:30:50.839 10 INFO neutron.db.ovn_revision_numbers_db [None req-32a0acbc-1a08-48be-882f-170588993cb2 00c54a814e1946f7b0024448f773618d e435454f2eb8472d9f0bfe11849cdc50 - - default default] Successfully bumped revision number for resource 871afc76-3243-400f-b1fb-bd6052c0e7b3 (type: security_group_rules) to 0
2026-05-08 11:30:50.854 10 INFO neutron.db.ovn_revision_numbers_db [None req-32a0acbc-1a08-48be-882f-170588993cb2 00c54a814e1946f7b0024448f773618d e435454f2eb8472d9f0bfe11849cdc50 - - default default] Successfully bumped revision number for resource 927f2a5b-c8f5-40d5-889b-b474116d5cf8 (type: security_group_rules) to 0
2026-05-08 11:30:50.868 9 INFO neutron.wsgi [req-f78cfef1-26f3-42a2-b807-fadf11c66f51 req-f46f446e-3ca5-475e-8ae9-07e6c9679922 c1a14eb363e64671aa12c13814dcf998 6a319067e6d348fe8ed0bd50f117f34d - - 9a3c083474a74e18aa24764183a01c97 9a3c083474a74e18aa24764183a01c97] 199.204.45.109 "GET /v2.0/subnets?id=76c22788-ccf5-404a-9a54-876dc1296925 HTTP/1.1" status: 200 len: 873 time: 0.0351090
2026-05-08 11:30:50.880 10 INFO neutron.wsgi [None req-32a0acbc-1a08-48be-882f-170588993cb2 00c54a814e1946f7b0024448f773618d e435454f2eb8472d9f0bfe11849cdc50 - - default default] 10.0.0.11 "POST /v2.0/security-groups HTTP/1.1" status: 201 len: 1796 time: 0.1795285
2026-05-08 11:30:50.893 9 INFO neutron.wsgi [req-f78cfef1-26f3-42a2-b807-fadf11c66f51 req-fb447ac6-7c5d-45e6-b895-9bac1166909b c1a14eb363e64671aa12c13814dcf998 6a319067e6d348fe8ed0bd50f117f34d - - 9a3c083474a74e18aa24764183a01c97 9a3c083474a74e18aa24764183a01c97] 199.204.45.109 "GET /v2.0/ports?network_id=b7af4877-e4c5-43c1-9fcb-c8340e92aa32&device_owner=network%3Adhcp HTTP/1.1" status: 200 len: 210 time: 0.0189700
2026-05-08 11:30:50.977 9 INFO neutron.wsgi [req-f78cfef1-26f3-42a2-b807-fadf11c66f51 req-9ce07daa-4ffd-495b-8393-6435f077fd83 c1a14eb363e64671aa12c13814dcf998 6a319067e6d348fe8ed0bd50f117f34d - - 9a3c083474a74e18aa24764183a01c97 9a3c083474a74e18aa24764183a01c97] 199.204.45.109 "GET /v2.0/networks/b7af4877-e4c5-43c1-9fcb-c8340e92aa32?fields=segments HTTP/1.1" status: 200 len: 212 time: 0.0719376
2026-05-08 11:30:51.005 10 INFO neutron.db.ovn_revision_numbers_db [None req-1417b87c-001e-4f92-b5a1-c7ac77fcaf35 00c54a814e1946f7b0024448f773618d e435454f2eb8472d9f0bfe11849cdc50 - - default default] Successfully bumped revision number for resource d7055702-d3fa-4c8c-9e3f-03ef338e496f (type: security_group_rules) to 0
2026-05-08 11:30:51.029 10 INFO neutron.wsgi [None req-1417b87c-001e-4f92-b5a1-c7ac77fcaf35 00c54a814e1946f7b0024448f773618d e435454f2eb8472d9f0bfe11849cdc50 - - default default] 10.0.0.11 "POST /v2.0/security-group-rules HTTP/1.1" status: 201 len: 764 time: 0.1445482
2026-05-08 11:30:51.032 9 INFO neutron.wsgi [req-f78cfef1-26f3-42a2-b807-fadf11c66f51 req-ae5910f8-ec30-4591-a438-54a081d66740 c1a14eb363e64671aa12c13814dcf998 6a319067e6d348fe8ed0bd50f117f34d - - 9a3c083474a74e18aa24764183a01c97 9a3c083474a74e18aa24764183a01c97] 199.204.45.109 "GET /v2.0/networks/b7af4877-e4c5-43c1-9fcb-c8340e92aa32?fields=provider%3Aphysical_network&fields=provider%3Anetwork_type HTTP/1.1" status: 200 len: 277 time: 0.0460460
2026-05-08 11:30:51.109 9 INFO neutron.wsgi [req-7dc2cbc1-bfe9-44d2-bc52-cc9a530ff1d0 req-a5dd265a-58c5-420d-9049-a3071cafa35f c1a14eb363e64671aa12c13814dcf998 6a319067e6d348fe8ed0bd50f117f34d - - 9a3c083474a74e18aa24764183a01c97 9a3c083474a74e18aa24764183a01c97] 199.204.45.109 "GET /v2.0/ports?tenant_id=fc9ef7a77bef453b9acdceaa1570cc4c&device_id=43b41061-a349-40a2-8e7f-d3038730086a HTTP/1.1" status: 200 len: 1411 time: 0.0320897
2026-05-08 11:30:51.179 9 INFO neutron.db.ovn_revision_numbers_db [None req-adc086f1-d73d-4af0-a75a-5af008ab5615 00c54a814e1946f7b0024448f773618d e435454f2eb8472d9f0bfe11849cdc50 - - default default] Successfully bumped revision number for resource 14833d70-2b94-47ef-b67f-905ae70201f6 (type: security_group_rules) to 0
2026-05-08 11:30:51.198 9 INFO neutron.wsgi [req-7dc2cbc1-bfe9-44d2-bc52-cc9a530ff1d0 req-c2b0cd53-46d5-4767-87b9-8b0933ceffce c1a14eb363e64671aa12c13814dcf998 6a319067e6d348fe8ed0bd50f117f34d - - 9a3c083474a74e18aa24764183a01c97 9a3c083474a74e18aa24764183a01c97] 199.204.45.109 "GET /v2.0/networks?id=b7af4877-e4c5-43c1-9fcb-c8340e92aa32 HTTP/1.1" status: 200 len: 978 time: 0.0834107
2026-05-08 11:30:51.211 9 INFO neutron.wsgi [None req-adc086f1-d73d-4af0-a75a-5af008ab5615 00c54a814e1946f7b0024448f773618d e435454f2eb8472d9f0bfe11849cdc50 - - default default] 10.0.0.11 "POST /v2.0/security-group-rules HTTP/1.1" status: 201 len: 769 time: 0.1778920
2026-05-08 11:30:51.227 9 INFO neutron.wsgi [req-7dc2cbc1-bfe9-44d2-bc52-cc9a530ff1d0 req-2638dd3d-8465-4278-afa4-718741164910 c1a14eb363e64671aa12c13814dcf998 6a319067e6d348fe8ed0bd50f117f34d - - 9a3c083474a74e18aa24764183a01c97 9a3c083474a74e18aa24764183a01c97] 199.204.45.109 "GET /v2.0/floatingips?fixed_ip_address=10.100.0.12&port_id=1d79bffd-4126-4156-879b-795e7aa9bcd7 HTTP/1.1" status: 200 len: 217 time: 0.0237653
2026-05-08 11:30:51.272 9 INFO neutron.wsgi [req-7dc2cbc1-bfe9-44d2-bc52-cc9a530ff1d0 req-2f24bce3-b5cd-4306-b083-fdb76d63dc5f c1a14eb363e64671aa12c13814dcf998 6a319067e6d348fe8ed0bd50f117f34d - - 9a3c083474a74e18aa24764183a01c97 9a3c083474a74e18aa24764183a01c97] 199.204.45.109 "GET /v2.0/subnets?id=76c22788-ccf5-404a-9a54-876dc1296925 HTTP/1.1" status: 200 len: 873 time: 0.0404363
2026-05-08 11:30:51.300 9 INFO neutron.wsgi [req-7dc2cbc1-bfe9-44d2-bc52-cc9a530ff1d0 req-668e8349-13e5-413d-9779-51a2701df714 c1a14eb363e64671aa12c13814dcf998 6a319067e6d348fe8ed0bd50f117f34d - - 9a3c083474a74e18aa24764183a01c97 9a3c083474a74e18aa24764183a01c97] 199.204.45.109 "GET /v2.0/ports?network_id=b7af4877-e4c5-43c1-9fcb-c8340e92aa32&device_owner=network%3Adhcp HTTP/1.1" status: 200 len: 210 time: 0.0214231
2026-05-08 11:30:51.381 9 INFO neutron.wsgi [req-7dc2cbc1-bfe9-44d2-bc52-cc9a530ff1d0 req-57c4cf9d-3d25-4967-909b-326dd7a8b2f0 c1a14eb363e64671aa12c13814dcf998 6a319067e6d348fe8ed0bd50f117f34d - - 9a3c083474a74e18aa24764183a01c97 9a3c083474a74e18aa24764183a01c97] 199.204.45.109 "GET /v2.0/networks/b7af4877-e4c5-43c1-9fcb-c8340e92aa32?fields=segments HTTP/1.1" status: 200 len: 212 time: 0.0733988
2026-05-08 11:30:51.459 9 INFO neutron.wsgi [req-7dc2cbc1-bfe9-44d2-bc52-cc9a530ff1d0 req-6bd83695-d178-4c8e-a452-c5c1bbc10616 c1a14eb363e64671aa12c13814dcf998 6a319067e6d348fe8ed0bd50f117f34d - - 9a3c083474a74e18aa24764183a01c97 9a3c083474a74e18aa24764183a01c97] 199.204.45.109 "GET /v2.0/networks/b7af4877-e4c5-43c1-9fcb-c8340e92aa32?fields=provider%3Aphysical_network&fields=provider%3Anetwork_type HTTP/1.1" status: 200 len: 277 time: 0.0696032
2026-05-08 11:30:51.487 10 WARNING neutron.scheduler.dhcp_agent_scheduler [None req-ba2109e2-a64f-45de-b706-a233f720f209 00c54a814e1946f7b0024448f773618d e435454f2eb8472d9f0bfe11849cdc50 - - default default] No more DHCP agents
2026-05-08 11:30:51.490 10 WARNING neutron.api.rpc.agentnotifiers.dhcp_rpc_agent_api [None req-ba2109e2-a64f-45de-b706-a233f720f209 00c54a814e1946f7b0024448f773618d e435454f2eb8472d9f0bfe11849cdc50 - - default default] Unable to schedule network 4bb2a2bc-66f3-4f1b-8e69-bbbc0fcf0b92: no agents available; will retry on subsequent port and subnet creation events.
2026-05-08 11:30:51.684 10 INFO neutron.wsgi [req-0643ebcb-7726-4846-974b-4985edeb3be7 req-38a7e837-0e3f-492c-8932-d592fdb3bfb5 e3b87ee2229a42f9a7bac66c9bdfb13e fc9ef7a77bef453b9acdceaa1570cc4c - - default default] 10.0.0.209 "GET /v2.0/ports?device_id=43b41061-a349-40a2-8e7f-d3038730086a HTTP/1.1" status: 200 len: 1172 time: 0.0509331
2026-05-08 11:30:51.753 10 INFO neutron.wsgi [req-0643ebcb-7726-4846-974b-4985edeb3be7 req-3e550703-43c3-413b-a502-48072c5a64f0 e3b87ee2229a42f9a7bac66c9bdfb13e fc9ef7a77bef453b9acdceaa1570cc4c - - default default] 10.0.0.209 "GET /v2.0/security-groups?id=2e341e10-33a0-48d5-a0f2-a92555c41818&fields=id&fields=name HTTP/1.1" status: 200 len: 312 time: 0.0581727
2026-05-08 11:30:51.843 10 INFO neutron.db.ovn_revision_numbers_db [None req-ba2109e2-a64f-45de-b706-a233f720f209 00c54a814e1946f7b0024448f773618d e435454f2eb8472d9f0bfe11849cdc50 - - default default] Successfully bumped revision number for resource 9fc3f455-68f7-423f-afad-282d8912720b (type: floatingips) to 0
2026-05-08 11:30:51.859 10 INFO neutron.wsgi [None req-ba2109e2-a64f-45de-b706-a233f720f209 00c54a814e1946f7b0024448f773618d e435454f2eb8472d9f0bfe11849cdc50 - - default default] 10.0.0.11 "POST /v2.0/floatingips HTTP/1.1" status: 201 len: 751 time: 0.6408532
2026-05-08 11:30:52.051 10 INFO neutron.db.ovn_revision_numbers_db [None req-6815930c-1a70-4336-965d-cdeb931416e5 ff48feebe1894bd9a9f47393ada4497a a703aeb7512b483d80790adebc2b9f08 - - default default] Successfully bumped revision number for resource cf3786c5-967f-46b9-9a88-2374745bf014 (type: security_groups) to 1
2026-05-08 11:30:52.068 10 INFO neutron.db.ovn_revision_numbers_db [None req-6815930c-1a70-4336-965d-cdeb931416e5 ff48feebe1894bd9a9f47393ada4497a a703aeb7512b483d80790adebc2b9f08 - - default default] Successfully bumped revision number for resource 91e2a3e9-ab76-4e6c-b126-b45739c5a45f (type: security_group_rules) to 0
2026-05-08 11:30:52.085 10 INFO neutron.db.ovn_revision_numbers_db [None req-6815930c-1a70-4336-965d-cdeb931416e5 ff48feebe1894bd9a9f47393ada4497a a703aeb7512b483d80790adebc2b9f08 - - default default] Successfully bumped revision number for resource a1cb7a47-97c5-441a-b0db-7997bfec86dc (type: security_group_rules) to 0
2026-05-08 11:30:52.100 10 INFO neutron.db.ovn_revision_numbers_db [None req-6815930c-1a70-4336-965d-cdeb931416e5 ff48feebe1894bd9a9f47393ada4497a a703aeb7512b483d80790adebc2b9f08 - - default default] Successfully bumped revision number for resource d2b785f8-72b1-4558-a56b-6fe4ce8027f9 (type: security_group_rules) to 0
2026-05-08 11:30:52.114 10 INFO neutron.db.ovn_revision_numbers_db [None req-6815930c-1a70-4336-965d-cdeb931416e5 ff48feebe1894bd9a9f47393ada4497a a703aeb7512b483d80790adebc2b9f08 - - default default] Successfully bumped revision number for resource e6e07548-56f5-4ace-9a66-32d6385afbd5 (type: security_group_rules) to 0
2026-05-08 11:30:52.173 10 INFO neutron.db.segments_db [None req-6815930c-1a70-4336-965d-cdeb931416e5 ff48feebe1894bd9a9f47393ada4497a a703aeb7512b483d80790adebc2b9f08 - - default default] Added segment c0f2870c-1fdf-48a4-995c-ea68518aedfd of type geneve for network b5d595f4-0570-48a8-9f46-00bc585e7be3
2026-05-08 11:30:52.362 10 INFO neutron.db.ovn_revision_numbers_db [None req-6815930c-1a70-4336-965d-cdeb931416e5 ff48feebe1894bd9a9f47393ada4497a a703aeb7512b483d80790adebc2b9f08 - - default default] Successfully bumped revision number for resource b5d595f4-0570-48a8-9f46-00bc585e7be3 (type: networks) to 1
2026-05-08 11:30:52.373 9 INFO neutron.wsgi [req-60358f34-1b5e-4375-80e3-ad1d3f8da619 req-9fc0b4b7-c8d4-4841-84d5-2ba146848651 00c54a814e1946f7b0024448f773618d e435454f2eb8472d9f0bfe11849cdc50 - - default default] 10.0.0.209 "GET /v2.0/security-groups?name=tempest-securitygroup--198554406&fields=id&tenant_id=e435454f2eb8472d9f0bfe11849cdc50 HTTP/1.1" status: 200 len: 267 time: 0.0422249
2026-05-08 11:30:52.459 9 INFO neutron.wsgi [req-60358f34-1b5e-4375-80e3-ad1d3f8da619 req-0942865f-eb78-464a-bd59-e61f1704eb66 00c54a814e1946f7b0024448f773618d e435454f2eb8472d9f0bfe11849cdc50 - - default default] 10.0.0.209 "GET /v2.0/networks?id=cf7c6175-1e0c-41c6-8807-e4ae27a86296 HTTP/1.1" status: 200 len: 875 time: 0.0772510
2026-05-08 11:30:52.477 9 INFO neutron.wsgi [req-60358f34-1b5e-4375-80e3-ad1d3f8da619 req-c2200197-f5ed-47c9-ad16-1b83e74a4866 00c54a814e1946f7b0024448f773618d e435454f2eb8472d9f0bfe11849cdc50 - - default default] 10.0.0.209 "GET /v2.0/quotas/e435454f2eb8472d9f0bfe11849cdc50 HTTP/1.1" status: 200 len: 386 time: 0.0101976
2026-05-08 11:30:52.545 10 WARNING neutron.scheduler.dhcp_agent_scheduler [None req-6815930c-1a70-4336-965d-cdeb931416e5 ff48feebe1894bd9a9f47393ada4497a a703aeb7512b483d80790adebc2b9f08 - - default default] No more DHCP agents
2026-05-08 11:30:52.549 10 WARNING neutron.api.rpc.agentnotifiers.dhcp_rpc_agent_api [None req-6815930c-1a70-4336-965d-cdeb931416e5 ff48feebe1894bd9a9f47393ada4497a a703aeb7512b483d80790adebc2b9f08 - - default default] Unable to schedule network b5d595f4-0570-48a8-9f46-00bc585e7be3: no agents available; will retry on subsequent port and subnet creation events.
2026-05-08 11:30:52.591 9 INFO neutron.wsgi [req-60358f34-1b5e-4375-80e3-ad1d3f8da619 req-dafbfbe6-1100-4666-b59a-83cd49bfd60d 00c54a814e1946f7b0024448f773618d e435454f2eb8472d9f0bfe11849cdc50 - - default default] 10.0.0.209 "GET /v2.0/ports?tenant_id=e435454f2eb8472d9f0bfe11849cdc50&fields=id HTTP/1.1" status: 200 len: 302 time: 0.1046464
2026-05-08 11:30:52.638 10 INFO neutron.db.ovn_revision_numbers_db [None req-6815930c-1a70-4336-965d-cdeb931416e5 ff48feebe1894bd9a9f47393ada4497a a703aeb7512b483d80790adebc2b9f08 - - default default] Successfully bumped revision number for resource 48f97d42-81f4-4ff1-8b62-4228c7f46f27 (type: ports) to 1
2026-05-08 11:30:52.658 10 INFO neutron.wsgi [None req-6815930c-1a70-4336-965d-cdeb931416e5 ff48feebe1894bd9a9f47393ada4497a a703aeb7512b483d80790adebc2b9f08 - - default default] 10.0.0.11 "POST /v2.0/networks HTTP/1.1" status: 201 len: 848 time: 0.9181187
2026-05-08 11:30:52.673 9 INFO neutron.wsgi [req-60358f34-1b5e-4375-80e3-ad1d3f8da619 req-76a1f39d-da91-4605-8639-0966153e0843 c1a14eb363e64671aa12c13814dcf998 6a319067e6d348fe8ed0bd50f117f34d - - 9a3c083474a74e18aa24764183a01c97 9a3c083474a74e18aa24764183a01c97] 10.0.0.209 "GET /v2.0/networks/cf7c6175-1e0c-41c6-8807-e4ae27a86296?fields=segments HTTP/1.1" status: 200 len: 212 time: 0.0682559
2026-05-08 11:30:52.748 9 INFO neutron.wsgi [req-60358f34-1b5e-4375-80e3-ad1d3f8da619 req-11efee17-6885-4c9f-9d5e-49e48067f22f c1a14eb363e64671aa12c13814dcf998 6a319067e6d348fe8ed0bd50f117f34d - - 9a3c083474a74e18aa24764183a01c97 9a3c083474a74e18aa24764183a01c97] 10.0.0.209 "GET /v2.0/networks/cf7c6175-1e0c-41c6-8807-e4ae27a86296?fields=provider%3Aphysical_network&fields=provider%3Anetwork_type HTTP/1.1" status: 200 len: 277 time: 0.0683463
2026-05-08 11:30:52.897 9 INFO neutron.wsgi [req-a118d1e3-41a4-46d7-8582-a7f43ab697d2 req-d91ed913-75ab-4cfe-b23f-bb86ab3e449f 00c54a814e1946f7b0024448f773618d e435454f2eb8472d9f0bfe11849cdc50 - - default default] 10.0.0.209 "GET /v2.0/ports?device_id=9d0508af-e0db-4345-ab88-46be8019045f HTTP/1.1" status: 200 len: 210 time: 0.0205295
2026-05-08 11:30:53.127 10 WARNING neutron.scheduler.dhcp_agent_scheduler [None req-91a9913a-002f-4787-8737-42ac27392ecc ff48feebe1894bd9a9f47393ada4497a a703aeb7512b483d80790adebc2b9f08 - - default default] No more DHCP agents
2026-05-08 11:30:53.133 10 WARNING neutron.api.rpc.agentnotifiers.dhcp_rpc_agent_api [None req-91a9913a-002f-4787-8737-42ac27392ecc ff48feebe1894bd9a9f47393ada4497a a703aeb7512b483d80790adebc2b9f08 - - default default] Unable to schedule network b5d595f4-0570-48a8-9f46-00bc585e7be3: no agents available; will retry on subsequent port and subnet creation events.
2026-05-08 11:30:53.146 10 INFO neutron.wsgi [req-feeffbbd-714e-41f8-a971-7d05f284a74e req-09b889f8-33ee-4ba9-b9de-ebf133d32486 e3b87ee2229a42f9a7bac66c9bdfb13e fc9ef7a77bef453b9acdceaa1570cc4c - - default default] 10.0.0.209 "GET /v2.0/ports?device_id=43b41061-a349-40a2-8e7f-d3038730086a HTTP/1.1" status: 200 len: 1172 time: 0.1454780 /var/lib/openstack/lib/python3.10/site-packages/pycadf/identifier.py:71: UserWarning: Invalid uuid: neutron. To ensure interoperability, identifiers should be a valid uuid. warnings.warn(('Invalid uuid: %s. To ensure interoperability, '
2026-05-08 11:30:53.204 10 INFO neutron.wsgi [req-feeffbbd-714e-41f8-a971-7d05f284a74e req-dfb3232f-a253-4b34-a756-9b371c6945c6 e3b87ee2229a42f9a7bac66c9bdfb13e fc9ef7a77bef453b9acdceaa1570cc4c - - default default] 10.0.0.209 "GET /v2.0/security-groups?id=2e341e10-33a0-48d5-a0f2-a92555c41818&fields=id&fields=name HTTP/1.1" status: 200 len: 312 time: 0.0501399
2026-05-08 11:30:53.232 10 INFO neutron.db.ovn_revision_numbers_db [None req-91a9913a-002f-4787-8737-42ac27392ecc ff48feebe1894bd9a9f47393ada4497a a703aeb7512b483d80790adebc2b9f08 - - default default] Successfully bumped revision number for resource 431f17ba-d1a2-42e2-b8ab-2396033046ae (type: ports) to 1
2026-05-08 11:30:53.255 10 INFO neutron.wsgi [None req-91a9913a-002f-4787-8737-42ac27392ecc ff48feebe1894bd9a9f47393ada4497a a703aeb7512b483d80790adebc2b9f08 - - default default] 10.0.0.11 "POST /v2.0/ports HTTP/1.1" status: 201 len: 977 time: 0.5917201
2026-05-08 11:30:53.355 10 INFO neutron.db.segments_db [None req-eda7cece-ec08-4901-b4ba-882cd23f4636 ff48feebe1894bd9a9f47393ada4497a a703aeb7512b483d80790adebc2b9f08 - - default default] Added segment 230ac4c4-d9af-42a2-88d8-d91b7d46a03a of type geneve for network b1dba822-7fa5-48e0-bc94-a4ac5d8b3409
2026-05-08 11:30:53.493 10 INFO neutron.db.ovn_revision_numbers_db [None req-eda7cece-ec08-4901-b4ba-882cd23f4636 ff48feebe1894bd9a9f47393ada4497a a703aeb7512b483d80790adebc2b9f08 - - default default] Successfully bumped revision number for resource b1dba822-7fa5-48e0-bc94-a4ac5d8b3409 (type: networks) to 1
2026-05-08 11:30:53.625 9 INFO neutron.wsgi [req-60358f34-1b5e-4375-80e3-ad1d3f8da619 req-5f05879f-198e-4a9e-b8f1-feb8f521dbbc 00c54a814e1946f7b0024448f773618d e435454f2eb8472d9f0bfe11849cdc50 - - default default] 199.204.45.109 "GET /v2.0/networks?id=cf7c6175-1e0c-41c6-8807-e4ae27a86296 HTTP/1.1" status: 200 len: 875 time: 0.0734849
2026-05-08 11:30:53.651 10 WARNING neutron.scheduler.dhcp_agent_scheduler [None req-eda7cece-ec08-4901-b4ba-882cd23f4636 ff48feebe1894bd9a9f47393ada4497a a703aeb7512b483d80790adebc2b9f08 - - default default] No more DHCP agents
2026-05-08 11:30:53.653 10 WARNING neutron.api.rpc.agentnotifiers.dhcp_rpc_agent_api [None req-eda7cece-ec08-4901-b4ba-882cd23f4636 ff48feebe1894bd9a9f47393ada4497a a703aeb7512b483d80790adebc2b9f08 - - default default] Unable to schedule network b1dba822-7fa5-48e0-bc94-a4ac5d8b3409: no agents available; will retry on subsequent port and subnet creation events.
2026-05-08 11:30:53.675 9 INFO neutron.wsgi [req-60358f34-1b5e-4375-80e3-ad1d3f8da619 req-8dfe7b19-36eb-4c2e-9a6a-ed2019d49648 00c54a814e1946f7b0024448f773618d e435454f2eb8472d9f0bfe11849cdc50 - - default default] 199.204.45.109 "GET /v2.0/security-groups?fields=id&fields=name&tenant_id=e435454f2eb8472d9f0bfe11849cdc50 HTTP/1.1" status: 200 len: 379 time: 0.0428083
2026-05-08 11:30:53.728 10 INFO neutron.db.ovn_revision_numbers_db [None req-eda7cece-ec08-4901-b4ba-882cd23f4636 ff48feebe1894bd9a9f47393ada4497a a703aeb7512b483d80790adebc2b9f08 - - default default] Successfully bumped revision number for resource cc59fc3e-6c40-4dde-9588-fb654c28530a (type: ports) to 1
2026-05-08 11:30:53.749 10 INFO neutron.wsgi [None req-eda7cece-ec08-4901-b4ba-882cd23f4636 ff48feebe1894bd9a9f47393ada4497a a703aeb7512b483d80790adebc2b9f08 - - default default] 10.0.0.11 "POST /v2.0/networks HTTP/1.1" status: 201 len: 835 time: 0.4885423 /var/lib/openstack/lib/python3.10/site-packages/pycadf/identifier.py:71: UserWarning: Invalid uuid: neutron. To ensure interoperability, identifiers should be a valid uuid. warnings.warn(('Invalid uuid: %s. To ensure interoperability, '
2026-05-08 11:30:53.975 9 WARNING neutron.scheduler.dhcp_agent_scheduler [req-60358f34-1b5e-4375-80e3-ad1d3f8da619 req-682cc706-1cbd-454d-b8e1-22a146408cdb 00c54a814e1946f7b0024448f773618d e435454f2eb8472d9f0bfe11849cdc50 - - default default] No more DHCP agents
2026-05-08 11:30:53.982 9 WARNING neutron.api.rpc.agentnotifiers.dhcp_rpc_agent_api [req-60358f34-1b5e-4375-80e3-ad1d3f8da619 req-682cc706-1cbd-454d-b8e1-22a146408cdb 00c54a814e1946f7b0024448f773618d e435454f2eb8472d9f0bfe11849cdc50 - - default default] Unable to schedule network cf7c6175-1e0c-41c6-8807-e4ae27a86296: no agents available; will retry on subsequent port and subnet creation events.
2026-05-08 11:30:54.000 10 WARNING neutron.scheduler.dhcp_agent_scheduler [None req-8dd9be5b-a90c-424f-bd45-d8046656fed9 ff48feebe1894bd9a9f47393ada4497a a703aeb7512b483d80790adebc2b9f08 - - default default] No more DHCP agents
2026-05-08 11:30:54.002 10 WARNING neutron.api.rpc.agentnotifiers.dhcp_rpc_agent_api [None req-8dd9be5b-a90c-424f-bd45-d8046656fed9 ff48feebe1894bd9a9f47393ada4497a a703aeb7512b483d80790adebc2b9f08 - - default default] Unable to schedule network b1dba822-7fa5-48e0-bc94-a4ac5d8b3409: no agents available; will retry on subsequent port and subnet creation events.
2026-05-08 11:30:54.005 9 INFO neutron.wsgi [req-90546331-476c-4e75-b9f8-2f2bf4552cf8 req-92e13c35-23f2-4ab4-a313-b0b5ed99f916 00c54a814e1946f7b0024448f773618d e435454f2eb8472d9f0bfe11849cdc50 - - default default] 10.0.0.209 "GET /v2.0/ports?device_id=9d0508af-e0db-4345-ab88-46be8019045f HTTP/1.1" status: 200 len: 1156 time: 0.0435238 /var/lib/openstack/lib/python3.10/site-packages/pycadf/identifier.py:71: UserWarning: Invalid uuid: neutron. To ensure interoperability, identifiers should be a valid uuid. warnings.warn(('Invalid uuid: %s. To ensure interoperability, '
2026-05-08 11:30:54.035 10 INFO neutron.db.ovn_revision_numbers_db [None req-8dd9be5b-a90c-424f-bd45-d8046656fed9 ff48feebe1894bd9a9f47393ada4497a a703aeb7512b483d80790adebc2b9f08 - - default default] Successfully bumped revision number for resource dda8b157-f159-49d4-b8c4-21fe87662ea4 (type: subnets) to 0
2026-05-08 11:30:54.053 10 INFO neutron.wsgi [None req-8dd9be5b-a90c-424f-bd45-d8046656fed9 ff48feebe1894bd9a9f47393ada4497a a703aeb7512b483d80790adebc2b9f08 - - default default] 10.0.0.11 "POST /v2.0/subnets HTTP/1.1" status: 201 len: 821 time: 0.2982612
2026-05-08 11:30:54.054 9 INFO neutron.wsgi [req-90546331-476c-4e75-b9f8-2f2bf4552cf8 req-99194f99-5761-4cbd-a625-1c9088ac8254 00c54a814e1946f7b0024448f773618d e435454f2eb8472d9f0bfe11849cdc50 - - default default] 10.0.0.209 "GET /v2.0/security-groups?id=5d422f0f-f22a-4044-bf84-dfa060377f0a&fields=id&fields=name HTTP/1.1" status: 200 len: 312 time: 0.0409396
2026-05-08 11:30:54.153 9 INFO neutron.db.ovn_revision_numbers_db [req-60358f34-1b5e-4375-80e3-ad1d3f8da619 req-682cc706-1cbd-454d-b8e1-22a146408cdb 00c54a814e1946f7b0024448f773618d e435454f2eb8472d9f0bfe11849cdc50 - - default default] Successfully bumped revision number for resource 78a9170b-a287-429a-8748-fd0d0ca03ce5 (type: ports) to 1
2026-05-08 11:30:54.175 9 INFO neutron.wsgi [req-60358f34-1b5e-4375-80e3-ad1d3f8da619 req-682cc706-1cbd-454d-b8e1-22a146408cdb 00c54a814e1946f7b0024448f773618d e435454f2eb8472d9f0bfe11849cdc50 - - default default] 199.204.45.109 "POST /v2.0/ports HTTP/1.1" status: 201 len: 1158 time: 0.4951234
2026-05-08 11:30:54.311 10 INFO neutron.wsgi [req-4436f214-95ad-418b-93f3-795e992191a0 req-18d05c1f-f0bc-434b-94db-d5f35142e654 e3b87ee2229a42f9a7bac66c9bdfb13e fc9ef7a77bef453b9acdceaa1570cc4c - - default default] 10.0.0.209 "GET /v2.0/ports?device_id=43b41061-a349-40a2-8e7f-d3038730086a HTTP/1.1" status: 200 len: 1172 time: 0.0409102
2026-05-08 11:30:54.388 10 INFO neutron.wsgi [req-4436f214-95ad-418b-93f3-795e992191a0 req-26084936-849d-4c48-8cc1-e959bddfa80e e3b87ee2229a42f9a7bac66c9bdfb13e fc9ef7a77bef453b9acdceaa1570cc4c - - default default] 10.0.0.209 "GET /v2.0/security-groups?id=2e341e10-33a0-48d5-a0f2-a92555c41818&fields=id&fields=name HTTP/1.1" status: 200 len: 312 time: 0.0671141
2026-05-08 11:30:54.460 10 WARNING neutron.scheduler.dhcp_agent_scheduler [None req-d0433d22-44c1-4ba9-9a65-c292bec623ec ff48feebe1894bd9a9f47393ada4497a a703aeb7512b483d80790adebc2b9f08 - - default default] No more DHCP agents
2026-05-08 11:30:54.464 10 WARNING neutron.api.rpc.agentnotifiers.dhcp_rpc_agent_api [None req-d0433d22-44c1-4ba9-9a65-c292bec623ec ff48feebe1894bd9a9f47393ada4497a a703aeb7512b483d80790adebc2b9f08 - - default default] Unable to schedule network b1dba822-7fa5-48e0-bc94-a4ac5d8b3409: no agents available; will retry on subsequent port and subnet creation events.
2026-05-08 11:30:54.594 9 INFO neutron.db.ovn_revision_numbers_db [req-60358f34-1b5e-4375-80e3-ad1d3f8da619 req-1122c26d-cc24-47d4-b5ce-270fd87cac7a c1a14eb363e64671aa12c13814dcf998 6a319067e6d348fe8ed0bd50f117f34d - - 9a3c083474a74e18aa24764183a01c97 9a3c083474a74e18aa24764183a01c97] Successfully bumped revision number for resource 78a9170b-a287-429a-8748-fd0d0ca03ce5 (type: ports) to 2
2026-05-08 11:30:54.623 10 INFO neutron.db.ovn_revision_numbers_db [None req-d0433d22-44c1-4ba9-9a65-c292bec623ec ff48feebe1894bd9a9f47393ada4497a a703aeb7512b483d80790adebc2b9f08 - - default default] Successfully bumped revision number for resource 99ef7436-83bd-44ae-bef4-f998c32a13d7 (type: ports) to 1
2026-05-08 11:30:54.647 10 INFO neutron.wsgi [None req-d0433d22-44c1-4ba9-9a65-c292bec623ec ff48feebe1894bd9a9f47393ada4497a a703aeb7512b483d80790adebc2b9f08 - - default default] 10.0.0.11 "POST /v2.0/ports HTTP/1.1" status: 201 len: 1161 time: 0.5885999 /var/lib/openstack/lib/python3.10/site-packages/pycadf/identifier.py:71: UserWarning: Invalid uuid: neutron. To ensure interoperability, identifiers should be a valid uuid. warnings.warn(('Invalid uuid: %s. To ensure interoperability, '
2026-05-08 11:30:54.804 9 INFO neutron.db.ovn_revision_numbers_db [req-60358f34-1b5e-4375-80e3-ad1d3f8da619 req-1122c26d-cc24-47d4-b5ce-270fd87cac7a c1a14eb363e64671aa12c13814dcf998 6a319067e6d348fe8ed0bd50f117f34d - - 9a3c083474a74e18aa24764183a01c97 9a3c083474a74e18aa24764183a01c97] Successfully bumped revision number for resource 78a9170b-a287-429a-8748-fd0d0ca03ce5 (type: ports) to 2
2026-05-08 11:30:54.819 9 INFO neutron.wsgi [req-60358f34-1b5e-4375-80e3-ad1d3f8da619 req-1122c26d-cc24-47d4-b5ce-270fd87cac7a c1a14eb363e64671aa12c13814dcf998 6a319067e6d348fe8ed0bd50f117f34d - - 9a3c083474a74e18aa24764183a01c97 9a3c083474a74e18aa24764183a01c97] 199.204.45.109 "PUT /v2.0/ports/78a9170b-a287-429a-8748-fd0d0ca03ce5 HTTP/1.1" status: 200 len: 1376 time: 0.6373203
2026-05-08 11:30:54.858 9 INFO neutron.notifiers.nova [-] Nova event matching ['req-a1e1a096-98cd-409b-8026-0639ca08ffd3'] response: {'name': 'network-changed', 'server_uuid': '9d0508af-e0db-4345-ab88-46be8019045f', 'tag': '78a9170b-a287-429a-8748-fd0d0ca03ce5', 'status': 'completed', 'code': 200} /var/lib/openstack/lib/python3.10/site-packages/pycadf/identifier.py:71: UserWarning: Invalid uuid: neutron. To ensure interoperability, identifiers should be a valid uuid. warnings.warn(('Invalid uuid: %s. To ensure interoperability, '
2026-05-08 11:30:54.898 9 INFO neutron.wsgi [req-60358f34-1b5e-4375-80e3-ad1d3f8da619 req-dd829f42-630d-4b57-99e7-bc5d288718cf c1a14eb363e64671aa12c13814dcf998 6a319067e6d348fe8ed0bd50f117f34d - - 9a3c083474a74e18aa24764183a01c97 9a3c083474a74e18aa24764183a01c97] 199.204.45.109 "GET /v2.0/ports?tenant_id=e435454f2eb8472d9f0bfe11849cdc50&device_id=9d0508af-e0db-4345-ab88-46be8019045f HTTP/1.1" status: 200 len: 1407 time: 0.0324640
2026-05-08 11:30:54.926 9 INFO neutron.wsgi [req-60358f34-1b5e-4375-80e3-ad1d3f8da619 req-bfcf866e-35b1-4265-bc59-55342ab931d2 c1a14eb363e64671aa12c13814dcf998 6a319067e6d348fe8ed0bd50f117f34d - - 9a3c083474a74e18aa24764183a01c97 9a3c083474a74e18aa24764183a01c97] 199.204.45.109 "GET /v2.0/floatingips?fixed_ip_address=10.100.0.6&port_id=78a9170b-a287-429a-8748-fd0d0ca03ce5 HTTP/1.1" status: 200 len: 217 time: 0.0211897
2026-05-08 11:30:54.947 10 INFO neutron.wsgi [None req-f280bc4f-2a6d-4945-a90a-a0dcfba5d944 ff48feebe1894bd9a9f47393ada4497a a703aeb7512b483d80790adebc2b9f08 - - default default] 10.0.0.11 "DELETE /v2.0/ports/99ef7436-83bd-44ae-bef4-f998c32a13d7 HTTP/1.1" status: 204 len: 168 time: 0.2962906
2026-05-08 11:30:54.971 10 INFO neutron.pecan_wsgi.hooks.translation [None req-538342a3-1d1c-41a0-bec8-df53c6f356a9 ff48feebe1894bd9a9f47393ada4497a a703aeb7512b483d80790adebc2b9f08 - - default default] DELETE failed (client error): The resource could not be found.
2026-05-08 11:30:54.973 9 INFO neutron.wsgi [req-60358f34-1b5e-4375-80e3-ad1d3f8da619 req-7f4e5359-0486-444e-a4eb-e92a9a489de9 c1a14eb363e64671aa12c13814dcf998 6a319067e6d348fe8ed0bd50f117f34d - - 9a3c083474a74e18aa24764183a01c97 9a3c083474a74e18aa24764183a01c97] 199.204.45.109 "GET /v2.0/subnets?id=0597f5c4-5241-4001-a4e6-c0898b60ccd7 HTTP/1.1" status: 200 len: 869 time: 0.0342517
2026-05-08 11:30:54.974 10 INFO neutron.wsgi [None req-538342a3-1d1c-41a0-bec8-df53c6f356a9 ff48feebe1894bd9a9f47393ada4497a a703aeb7512b483d80790adebc2b9f08 - - default default] 10.0.0.11 "DELETE /v2.0/ports/99ef7436-83bd-44ae-bef4-f998c32a13d7 HTTP/1.1" status: 404 len: 333 time: 0.0218072
2026-05-08 11:30:54.993 10 INFO neutron.pecan_wsgi.hooks.translation [None req-e2b35028-fe6d-4a47-9aab-d1bc5001d399 ff48feebe1894bd9a9f47393ada4497a a703aeb7512b483d80790adebc2b9f08 - - default default] GET failed (client error): The resource could not be found.
2026-05-08 11:30:54.995 10 INFO neutron.wsgi [None req-e2b35028-fe6d-4a47-9aab-d1bc5001d399 ff48feebe1894bd9a9f47393ada4497a a703aeb7512b483d80790adebc2b9f08 - - default default] 10.0.0.11 "GET /v2.0/ports/99ef7436-83bd-44ae-bef4-f998c32a13d7 HTTP/1.1" status: 404 len: 333 time: 0.0173385
2026-05-08 11:30:54.999 9 INFO neutron.wsgi [req-60358f34-1b5e-4375-80e3-ad1d3f8da619 req-8ba3e374-a135-4b54-acb2-88a95d30f2fb c1a14eb363e64671aa12c13814dcf998 6a319067e6d348fe8ed0bd50f117f34d - - 9a3c083474a74e18aa24764183a01c97 9a3c083474a74e18aa24764183a01c97] 199.204.45.109 "GET /v2.0/ports?network_id=cf7c6175-1e0c-41c6-8807-e4ae27a86296&device_owner=network%3Adhcp HTTP/1.1" status: 200 len: 210 time: 0.0190320
2026-05-08 11:30:55.056 9 INFO neutron.wsgi [req-60358f34-1b5e-4375-80e3-ad1d3f8da619 req-71fc3df7-e644-407f-91ce-77c281e9a791 c1a14eb363e64671aa12c13814dcf998 6a319067e6d348fe8ed0bd50f117f34d - - 9a3c083474a74e18aa24764183a01c97 9a3c083474a74e18aa24764183a01c97] 199.204.45.109 "GET /v2.0/networks/cf7c6175-1e0c-41c6-8807-e4ae27a86296?fields=segments HTTP/1.1" status: 200 len: 212 time: 0.0490267
2026-05-08 11:30:55.121 9 INFO neutron.wsgi [req-60358f34-1b5e-4375-80e3-ad1d3f8da619 req-618b6607-9572-41b5-886c-cd91d96ec102 c1a14eb363e64671aa12c13814dcf998 6a319067e6d348fe8ed0bd50f117f34d - - 9a3c083474a74e18aa24764183a01c97 9a3c083474a74e18aa24764183a01c97] 199.204.45.109 "GET /v2.0/networks/cf7c6175-1e0c-41c6-8807-e4ae27a86296?fields=provider%3Aphysical_network&fields=provider%3Anetwork_type HTTP/1.1" status: 200 len: 277 time: 0.0571980
2026-05-08 11:30:55.195 9 INFO neutron.wsgi [req-16137684-6e39-4a70-b0ae-82808918bf91 req-c50722aa-b972-40c6-b98c-2903fd7f5243 c1a14eb363e64671aa12c13814dcf998 6a319067e6d348fe8ed0bd50f117f34d - - 9a3c083474a74e18aa24764183a01c97 9a3c083474a74e18aa24764183a01c97] 199.204.45.109 "GET /v2.0/ports?tenant_id=e435454f2eb8472d9f0bfe11849cdc50&device_id=9d0508af-e0db-4345-ab88-46be8019045f HTTP/1.1" status: 200 len: 1407 time: 0.0368381
2026-05-08 11:30:55.224 10 INFO neutron.wsgi [None req-77c3d124-8137-4107-ac5b-e9ad6c4d4379 ff48feebe1894bd9a9f47393ada4497a a703aeb7512b483d80790adebc2b9f08 - - default default] 10.0.0.11 "DELETE /v2.0/subnets/dda8b157-f159-49d4-b8c4-21fe87662ea4 HTTP/1.1" status: 204 len: 168 time: 0.2253566
2026-05-08 11:30:55.239 10 INFO neutron.wsgi [req-505067ed-c1b4-4486-94e7-aed0ace0a6f7 req-942df940-01e4-4179-9825-10d4963f8aa3 00c54a814e1946f7b0024448f773618d e435454f2eb8472d9f0bfe11849cdc50 - - default default] 10.0.0.209 "GET /v2.0/ports?device_id=9d0508af-e0db-4345-ab88-46be8019045f HTTP/1.1" status: 200 len: 1168 time: 0.1263790
2026-05-08 11:30:55.273 9 INFO neutron.wsgi [req-16137684-6e39-4a70-b0ae-82808918bf91 req-46247fce-36ea-45f5-ae7f-e804e9f15cb5 c1a14eb363e64671aa12c13814dcf998 6a319067e6d348fe8ed0bd50f117f34d - - 9a3c083474a74e18aa24764183a01c97 9a3c083474a74e18aa24764183a01c97] 199.204.45.109 "GET /v2.0/networks?id=cf7c6175-1e0c-41c6-8807-e4ae27a86296 HTTP/1.1" status: 200 len: 974 time: 0.0683827
2026-05-08 11:30:55.305 10 INFO neutron.wsgi [req-505067ed-c1b4-4486-94e7-aed0ace0a6f7 req-16c22c08-82af-4d52-a432-2489672da670 00c54a814e1946f7b0024448f773618d e435454f2eb8472d9f0bfe11849cdc50 - - default default] 10.0.0.209 "GET /v2.0/security-groups?id=5d422f0f-f22a-4044-bf84-dfa060377f0a&fields=id&fields=name HTTP/1.1" status: 200 len: 312 time: 0.0576632
2026-05-08 11:30:55.319 9 INFO neutron.wsgi [req-16137684-6e39-4a70-b0ae-82808918bf91 req-6dafc6fb-6322-4e46-bf53-d29d78f3dce7 c1a14eb363e64671aa12c13814dcf998 6a319067e6d348fe8ed0bd50f117f34d - - 9a3c083474a74e18aa24764183a01c97 9a3c083474a74e18aa24764183a01c97] 199.204.45.109 "GET /v2.0/floatingips?fixed_ip_address=10.100.0.6&port_id=78a9170b-a287-429a-8748-fd0d0ca03ce5 HTTP/1.1" status: 200 len: 217 time: 0.0344789
2026-05-08 11:30:55.321 9 INFO neutron.plugins.ml2.drivers.ovn.mech_driver.mech_driver [None req-4d3913c3-a771-473b-8a44-72407b31c41f - - - - - -] OVN reports status up for port: 78a9170b-a287-429a-8748-fd0d0ca03ce5
2026-05-08 11:30:55.345 9 INFO neutron.plugins.ml2.plugin [None req-4d3913c3-a771-473b-8a44-72407b31c41f - - - - - -] Attempt 1 to provision port 78a9170b-a287-429a-8748-fd0d0ca03ce5
2026-05-08 11:30:55.357 10 WARNING neutron.plugins.ml2.drivers.ovn.mech_driver.ovsdb.ovn_client [None req-33f225ed-5788-4b12-a030-2a5b34763b21 - - - - - -] No hosting information found for port a22eba47-d403-4371-be7b-14d41b5c7826: RuntimeError: No hosting information found for port a22eba47-d403-4371-be7b-14d41b5c7826
2026-05-08 11:30:55.357 10 INFO neutron.plugins.ml2.drivers.ovn.mech_driver.mech_driver [None req-33f225ed-5788-4b12-a030-2a5b34763b21 - - - - - -] OVN reports status up for port: 1d79bffd-4126-4156-879b-795e7aa9bcd7
2026-05-08 11:30:55.364 9 INFO neutron.wsgi [req-16137684-6e39-4a70-b0ae-82808918bf91 req-9ba5e0ab-36f0-4d84-bb27-d1dd9d066ab3 c1a14eb363e64671aa12c13814dcf998 6a319067e6d348fe8ed0bd50f117f34d - - 9a3c083474a74e18aa24764183a01c97 9a3c083474a74e18aa24764183a01c97] 199.204.45.109 "GET /v2.0/subnets?id=0597f5c4-5241-4001-a4e6-c0898b60ccd7 HTTP/1.1" status: 200 len: 869 time: 0.0373213
2026-05-08 11:30:55.366 10 INFO neutron.plugins.ml2.plugin [None req-33f225ed-5788-4b12-a030-2a5b34763b21 - - - - - -] Attempt 1 to provision port 1d79bffd-4126-4156-879b-795e7aa9bcd7
2026-05-08 11:30:55.395 9 INFO neutron.wsgi [req-16137684-6e39-4a70-b0ae-82808918bf91 req-40050cf4-9154-43f6-b6d6-51887f5d3ea2 c1a14eb363e64671aa12c13814dcf998 6a319067e6d348fe8ed0bd50f117f34d - - 9a3c083474a74e18aa24764183a01c97 9a3c083474a74e18aa24764183a01c97] 199.204.45.109 "GET /v2.0/ports?network_id=cf7c6175-1e0c-41c6-8807-e4ae27a86296&device_owner=network%3Adhcp HTTP/1.1" status: 200 len: 210 time: 0.0212235
2026-05-08 11:30:55.508 9 INFO neutron.wsgi [req-16137684-6e39-4a70-b0ae-82808918bf91 req-3962b5fc-f1c8-4a07-84d3-596d709a40db c1a14eb363e64671aa12c13814dcf998 6a319067e6d348fe8ed0bd50f117f34d - - 9a3c083474a74e18aa24764183a01c97 9a3c083474a74e18aa24764183a01c97] 199.204.45.109 "GET /v2.0/networks/cf7c6175-1e0c-41c6-8807-e4ae27a86296?fields=segments HTTP/1.1" status: 200 len: 212 time: 0.1079998
2026-05-08 11:30:55.539 10 INFO neutron.notifiers.nova [-] Nova event matching ['req-41710b7a-83e1-4d01-8a8a-e45e28343bf2'] response: {'server_uuid': '43b41061-a349-40a2-8e7f-d3038730086a', 'name': 'network-vif-plugged', 'status': 'completed', 'tag': '1d79bffd-4126-4156-879b-795e7aa9bcd7', 'code': 200}
2026-05-08 11:30:55.619 9 INFO neutron.wsgi [req-af3297f5-ad99-41ad-b6f3-fbbe7d74c005 req-b4d2ff73-29e5-4162-b4e5-6639ef9277ce e3b87ee2229a42f9a7bac66c9bdfb13e fc9ef7a77bef453b9acdceaa1570cc4c - - default default] 10.0.0.209 "GET /v2.0/ports?device_id=43b41061-a349-40a2-8e7f-d3038730086a HTTP/1.1" status: 200 len: 1172 time: 0.1584005
2026-05-08 11:30:55.620 10 INFO neutron.wsgi [req-85953f4e-e733-4e49-914c-db898391273b req-83afd3c4-d268-4513-8e37-9e038e3a265e c1a14eb363e64671aa12c13814dcf998 6a319067e6d348fe8ed0bd50f117f34d - - 9a3c083474a74e18aa24764183a01c97 9a3c083474a74e18aa24764183a01c97] 10.0.0.87 "GET /v2.0/ports?device_id=faf5eedf-0cea-469d-9abf-07f476d9a22a HTTP/1.1" status: 200 len: 1413 time: 0.1666670
2026-05-08 11:30:55.650 9 INFO neutron.wsgi [req-16137684-6e39-4a70-b0ae-82808918bf91 req-3f28f8db-39c3-4982-bed9-273ba8e0d8a7 c1a14eb363e64671aa12c13814dcf998 6a319067e6d348fe8ed0bd50f117f34d - - 9a3c083474a74e18aa24764183a01c97 9a3c083474a74e18aa24764183a01c97] 199.204.45.109 "GET /v2.0/networks/cf7c6175-1e0c-41c6-8807-e4ae27a86296?fields=provider%3Aphysical_network&fields=provider%3Anetwork_type HTTP/1.1" status: 200 len: 277 time: 0.1317954
2026-05-08 11:30:55.687 9 INFO neutron.wsgi [req-af3297f5-ad99-41ad-b6f3-fbbe7d74c005 req-0ab15ddd-9fad-4768-9e97-d0a77b5ffc4a e3b87ee2229a42f9a7bac66c9bdfb13e fc9ef7a77bef453b9acdceaa1570cc4c - - default default] 10.0.0.209 "GET /v2.0/security-groups?id=2e341e10-33a0-48d5-a0f2-a92555c41818&fields=id&fields=name HTTP/1.1" status: 200 len: 312 time: 0.0585976
2026-05-08 11:30:55.699 10 INFO neutron.wsgi [req-85953f4e-e733-4e49-914c-db898391273b req-79ec09bf-8a11-466e-830a-b1a751d567a2 c1a14eb363e64671aa12c13814dcf998 6a319067e6d348fe8ed0bd50f117f34d - - 9a3c083474a74e18aa24764183a01c97 9a3c083474a74e18aa24764183a01c97] 10.0.0.87 "GET /v2.0/security-groups?id=2a1dd612-6d5e-4e79-b365-9ae016b75896&fields=id&fields=name HTTP/1.1" status: 200 len: 312 time: 0.0730371
2026-05-08 11:30:55.770 10 INFO neutron.services.segments.plugin [-] Segment 230ac4c4-d9af-42a2-88d8-d91b7d46a03a resource provider aggregate not found
2026-05-08 11:30:55.774 10 INFO neutron.services.segments.plugin [-] Segment 230ac4c4-d9af-42a2-88d8-d91b7d46a03a resource provider aggregate not found
2026-05-08 11:30:55.794 10 INFO neutron.services.segments.plugin [-] Segment 230ac4c4-d9af-42a2-88d8-d91b7d46a03a resource provider not found; error: Placement Client Error (4xx): {"errors": [{"status": 404, "title": "Not Found", "detail": "The resource could not be found.\n\n No resource provider with uuid 230ac4c4-d9af-42a2-88d8-d91b7d46a03a found for delete ", "request_id": "req-7f750545-01a2-4220-93cd-b5fb379a7813"}]}
2026-05-08 11:30:55.794 10 INFO neutron.services.segments.plugin [-] Segment 230ac4c4-d9af-42a2-88d8-d91b7d46a03a resource provider not found; error: Placement Client Error (4xx): {"errors": [{"status": 404, "title": "Not Found", "detail": "The resource could not be found.\n\n No resource provider with uuid 230ac4c4-d9af-42a2-88d8-d91b7d46a03a found for delete ", "request_id": "req-e61745fd-666c-451b-9d0f-013d91a2f719"}]}
