2026-05-08 11:36:39.478 9 INFO neutron.db.ovn_revision_numbers_db [req-aa3009e4-92b8-4985-95ca-3b75f4cfa29e req-a69df244-bfea-420b-8273-9b6e0634d7a8 c1a14eb363e64671aa12c13814dcf998 6a319067e6d348fe8ed0bd50f117f34d - - 9a3c083474a74e18aa24764183a01c97 9a3c083474a74e18aa24764183a01c97] Successfully bumped revision number for resource 53eb3f25-0c75-49f5-b3e6-2a93c6c51b79 (type: ports) to 2
2026-05-08 11:36:39.492 9 INFO neutron.wsgi [req-aa3009e4-92b8-4985-95ca-3b75f4cfa29e req-a69df244-bfea-420b-8273-9b6e0634d7a8 c1a14eb363e64671aa12c13814dcf998 6a319067e6d348fe8ed0bd50f117f34d - - 9a3c083474a74e18aa24764183a01c97 9a3c083474a74e18aa24764183a01c97] 199.204.45.109 "PUT /v2.0/ports/53eb3f25-0c75-49f5-b3e6-2a93c6c51b79 HTTP/1.1" status: 200 len: 1384 time: 0.6023414 /var/lib/openstack/lib/python3.10/site-packages/pycadf/identifier.py:71: UserWarning: Invalid uuid: neutron. To ensure interoperability, identifiers should be a valid uuid. warnings.warn(('Invalid uuid: %s. To ensure interoperability, '
2026-05-08 11:36:39.539 9 INFO neutron.notifiers.nova [-] Nova event matching ['req-62a2ea6d-e5ec-4cde-ba43-0de8956ef7bf'] response: {'name': 'network-changed', 'server_uuid': '58e53372-cc30-4125-8e3e-2b2fcc9b1903', 'tag': '53eb3f25-0c75-49f5-b3e6-2a93c6c51b79', 'status': 'completed', 'code': 200}
2026-05-08 11:36:39.561 9 INFO neutron.wsgi [req-aa3009e4-92b8-4985-95ca-3b75f4cfa29e req-20577ad7-390d-40c4-945e-c47d1df518ab c1a14eb363e64671aa12c13814dcf998 6a319067e6d348fe8ed0bd50f117f34d - - 9a3c083474a74e18aa24764183a01c97 9a3c083474a74e18aa24764183a01c97] 199.204.45.109 "GET /v2.0/ports?tenant_id=8217937b2bba4ca09a21a8730bb53868&device_id=58e53372-cc30-4125-8e3e-2b2fcc9b1903 HTTP/1.1" status: 200 len: 1415 time: 0.0372033
2026-05-08 11:36:39.591 9 INFO neutron.wsgi [req-aa3009e4-92b8-4985-95ca-3b75f4cfa29e req-480930a3-7c0c-4f9f-8f7a-1de48a0bcabe c1a14eb363e64671aa12c13814dcf998 6a319067e6d348fe8ed0bd50f117f34d - - 9a3c083474a74e18aa24764183a01c97 9a3c083474a74e18aa24764183a01c97] 199.204.45.109 "GET /v2.0/floatingips?fixed_ip_address=172.24.2.178&port_id=53eb3f25-0c75-49f5-b3e6-2a93c6c51b79 HTTP/1.1" status: 200 len: 217 time: 0.0225220
2026-05-08 11:36:39.623 9 INFO neutron.wsgi [req-aa3009e4-92b8-4985-95ca-3b75f4cfa29e req-c0448a6d-a7aa-4d7f-9a74-2b06410ea4ba c1a14eb363e64671aa12c13814dcf998 6a319067e6d348fe8ed0bd50f117f34d - - 9a3c083474a74e18aa24764183a01c97 9a3c083474a74e18aa24764183a01c97] 199.204.45.109 "GET /v2.0/subnets?id=87746cbe-d540-482c-832a-1c8408154e31 HTTP/1.1" status: 200 len: 829 time: 0.0259013
2026-05-08 11:36:39.649 9 INFO neutron.wsgi [req-aa3009e4-92b8-4985-95ca-3b75f4cfa29e req-c8f7d7c9-6f09-4c57-8eb4-56f89f8c0487 c1a14eb363e64671aa12c13814dcf998 6a319067e6d348fe8ed0bd50f117f34d - - 9a3c083474a74e18aa24764183a01c97 9a3c083474a74e18aa24764183a01c97] 199.204.45.109 "GET /v2.0/ports?network_id=cdd9ecbb-a59b-44b8-ae9d-48727bbc518a&device_owner=network%3Adhcp HTTP/1.1" status: 200 len: 210 time: 0.0188699
2026-05-08 11:36:39.709 9 INFO neutron.wsgi [req-aa3009e4-92b8-4985-95ca-3b75f4cfa29e req-3fbb28db-87a7-44dc-98ec-dbef207d5cc2 c1a14eb363e64671aa12c13814dcf998 6a319067e6d348fe8ed0bd50f117f34d - - 9a3c083474a74e18aa24764183a01c97 9a3c083474a74e18aa24764183a01c97] 199.204.45.109 "GET /v2.0/networks/cdd9ecbb-a59b-44b8-ae9d-48727bbc518a?fields=segments HTTP/1.1" status: 200 len: 212 time: 0.0533600
2026-05-08 11:36:39.777 9 INFO neutron.wsgi [req-aa3009e4-92b8-4985-95ca-3b75f4cfa29e req-f9eafe38-d2bf-44bd-92b1-46f45946c49c c1a14eb363e64671aa12c13814dcf998 6a319067e6d348fe8ed0bd50f117f34d - - 9a3c083474a74e18aa24764183a01c97 9a3c083474a74e18aa24764183a01c97] 199.204.45.109 "GET /v2.0/networks/cdd9ecbb-a59b-44b8-ae9d-48727bbc518a?fields=provider%3Aphysical_network&fields=provider%3Anetwork_type HTTP/1.1" status: 200 len: 277 time: 0.0609384
2026-05-08 11:36:39.865 9 INFO neutron.wsgi [req-baa86ca5-1f10-40e7-9270-ff95951b91a1 req-df78d742-f2db-43e3-bf96-fc8c41486a30 c1a14eb363e64671aa12c13814dcf998 6a319067e6d348fe8ed0bd50f117f34d - - 9a3c083474a74e18aa24764183a01c97 9a3c083474a74e18aa24764183a01c97] 199.204.45.109 "GET /v2.0/ports?tenant_id=8217937b2bba4ca09a21a8730bb53868&device_id=58e53372-cc30-4125-8e3e-2b2fcc9b1903 HTTP/1.1" status: 200 len: 1415 time: 0.0427675
2026-05-08 11:36:39.882 10 INFO neutron.wsgi [req-0002c50a-1cc6-4d48-be0f-8b31a0a4c0cf req-b6066c6a-74d6-4c67-9982-bfb15e97a28d 1623486798b54484b4884c4b34ffed68 8217937b2bba4ca09a21a8730bb53868 - - default default] 10.0.0.209 "GET /v2.0/ports?device_id=58e53372-cc30-4125-8e3e-2b2fcc9b1903 HTTP/1.1" status: 200 len: 1415 time: 0.0628810
2026-05-08 11:36:39.928 10 INFO neutron.wsgi [req-0002c50a-1cc6-4d48-be0f-8b31a0a4c0cf req-8e994147-f9c7-49f8-9c6d-4a1b02b8e2ed 1623486798b54484b4884c4b34ffed68 8217937b2bba4ca09a21a8730bb53868 - - default default] 10.0.0.209 "GET /v2.0/security-groups?id=5f2890b0-bab2-44b2-8a1a-3771d9fccf13&fields=id&fields=name HTTP/1.1" status: 200 len: 294 time: 0.0370159
2026-05-08 11:36:39.929 9 INFO neutron.wsgi [req-baa86ca5-1f10-40e7-9270-ff95951b91a1 req-35c0d1f2-89da-4e41-b4e3-094e4cbc3998 c1a14eb363e64671aa12c13814dcf998 6a319067e6d348fe8ed0bd50f117f34d - - 9a3c083474a74e18aa24764183a01c97 9a3c083474a74e18aa24764183a01c97] 199.204.45.109 "GET /v2.0/networks?id=cdd9ecbb-a59b-44b8-ae9d-48727bbc518a HTTP/1.1" status: 200 len: 937 time: 0.0593832
2026-05-08 11:36:39.962 9 INFO neutron.wsgi [req-baa86ca5-1f10-40e7-9270-ff95951b91a1 req-5d8fa493-925f-47f8-9ff3-8409c10b304e c1a14eb363e64671aa12c13814dcf998 6a319067e6d348fe8ed0bd50f117f34d - - 9a3c083474a74e18aa24764183a01c97 9a3c083474a74e18aa24764183a01c97] 199.204.45.109 "GET /v2.0/floatingips?fixed_ip_address=172.24.2.178&port_id=53eb3f25-0c75-49f5-b3e6-2a93c6c51b79 HTTP/1.1" status: 200 len: 217 time: 0.0246599
2026-05-08 11:36:40.005 10 INFO neutron.wsgi [req-d90f1047-0b80-4c6f-b744-0fe6ec0f86c3 req-150f9b3e-f246-46c8-b66f-35ec93d56f34 c1a14eb363e64671aa12c13814dcf998 6a319067e6d348fe8ed0bd50f117f34d - - 9a3c083474a74e18aa24764183a01c97 9a3c083474a74e18aa24764183a01c97] 199.204.45.109 "GET /v2.0/ports?device_id=58e53372-cc30-4125-8e3e-2b2fcc9b1903 HTTP/1.1" status: 200 len: 1415 time: 0.0340650
2026-05-08 11:36:40.007 9 INFO neutron.wsgi [req-baa86ca5-1f10-40e7-9270-ff95951b91a1 req-a1537018-bce2-4986-a50a-e1ea2ccc7a37 c1a14eb363e64671aa12c13814dcf998 6a319067e6d348fe8ed0bd50f117f34d - - 9a3c083474a74e18aa24764183a01c97 9a3c083474a74e18aa24764183a01c97] 199.204.45.109 "GET /v2.0/subnets?id=87746cbe-d540-482c-832a-1c8408154e31 HTTP/1.1" status: 200 len: 829 time: 0.0360172
2026-05-08 11:36:40.038 9 INFO neutron.wsgi [req-baa86ca5-1f10-40e7-9270-ff95951b91a1 req-88ceb4bf-9154-4ded-a405-91fa0798a108 c1a14eb363e64671aa12c13814dcf998 6a319067e6d348fe8ed0bd50f117f34d - - 9a3c083474a74e18aa24764183a01c97 9a3c083474a74e18aa24764183a01c97] 199.204.45.109 "GET /v2.0/ports?network_id=cdd9ecbb-a59b-44b8-ae9d-48727bbc518a&device_owner=network%3Adhcp HTTP/1.1" status: 200 len: 210 time: 0.0217376
2026-05-08 11:36:40.041 9 INFO neutron.wsgi [req-157ffe23-07c0-4b34-b6f7-a9aee4bc57fa req-cc5cd247-6329-471d-8567-8f715393157c 1623486798b54484b4884c4b34ffed68 8217937b2bba4ca09a21a8730bb53868 - - default default] 10.0.0.209 "GET /v2.0/ports?device_id=58e53372-cc30-4125-8e3e-2b2fcc9b1903 HTTP/1.1" status: 200 len: 1415 time: 0.0482409
2026-05-08 11:36:40.057 10 INFO neutron.wsgi [req-d90f1047-0b80-4c6f-b744-0fe6ec0f86c3 req-bb0912c1-1a9b-456c-9c90-877126f5404b c1a14eb363e64671aa12c13814dcf998 6a319067e6d348fe8ed0bd50f117f34d - - 9a3c083474a74e18aa24764183a01c97 9a3c083474a74e18aa24764183a01c97] 199.204.45.109 "GET /v2.0/security-groups?id=5f2890b0-bab2-44b2-8a1a-3771d9fccf13&fields=id&fields=name HTTP/1.1" status: 200 len: 294 time: 0.0427127
2026-05-08 11:36:40.114 9 INFO neutron.wsgi [req-baa86ca5-1f10-40e7-9270-ff95951b91a1 req-82ef6c8d-280d-4d6e-bd29-87c9832f4547 c1a14eb363e64671aa12c13814dcf998 6a319067e6d348fe8ed0bd50f117f34d - - 9a3c083474a74e18aa24764183a01c97 9a3c083474a74e18aa24764183a01c97] 199.204.45.109 "GET /v2.0/networks/cdd9ecbb-a59b-44b8-ae9d-48727bbc518a?fields=segments HTTP/1.1" status: 200 len: 212 time: 0.0712981
2026-05-08 11:36:40.153 9 INFO neutron.plugins.ml2.drivers.ovn.mech_driver.mech_driver [None req-4d3913c3-a771-473b-8a44-72407b31c41f - - - - - -] OVN reports status up for port: 53eb3f25-0c75-49f5-b3e6-2a93c6c51b79
2026-05-08 11:36:40.176 9 INFO neutron.plugins.ml2.plugin [None req-4d3913c3-a771-473b-8a44-72407b31c41f - - - - - -] Attempt 1 to provision port 53eb3f25-0c75-49f5-b3e6-2a93c6c51b79
2026-05-08 11:36:40.201 9 INFO neutron.wsgi [req-baa86ca5-1f10-40e7-9270-ff95951b91a1 req-52227685-14cc-41f6-ac92-7a75a16eebf9 c1a14eb363e64671aa12c13814dcf998 6a319067e6d348fe8ed0bd50f117f34d - - 9a3c083474a74e18aa24764183a01c97 9a3c083474a74e18aa24764183a01c97] 199.204.45.109 "GET /v2.0/networks/cdd9ecbb-a59b-44b8-ae9d-48727bbc518a?fields=provider%3Aphysical_network&fields=provider%3Anetwork_type HTTP/1.1" status: 200 len: 277 time: 0.0802348
2026-05-08 11:36:40.477 9 INFO neutron.db.ovn_revision_numbers_db [None req-4d3913c3-a771-473b-8a44-72407b31c41f - - - - - -] Successfully bumped revision number for resource 53eb3f25-0c75-49f5-b3e6-2a93c6c51b79 (type: ports) to 4
2026-05-08 11:36:41.580 9 INFO neutron.notifiers.nova [-] Nova event matching ['req-5b875612-3365-4254-846d-6748a654b150'] response: {'server_uuid': '58e53372-cc30-4125-8e3e-2b2fcc9b1903', 'name': 'network-vif-plugged', 'status': 'completed', 'tag': '53eb3f25-0c75-49f5-b3e6-2a93c6c51b79', 'code': 200}
2026-05-08 11:36:41.580 9 INFO neutron.notifiers.nova [-] Nova event matching ['req-5b875612-3365-4254-846d-6748a654b150'] response: {'server_uuid': '58e53372-cc30-4125-8e3e-2b2fcc9b1903', 'name': 'network-vif-plugged', 'status': 'completed', 'tag': '53eb3f25-0c75-49f5-b3e6-2a93c6c51b79', 'code': 200}
2026-05-08 11:36:42.265 10 INFO neutron.wsgi [req-18f9ecb7-e2db-4850-98d8-33265e88fb5b req-7e2c596b-5cd0-4241-a750-2beb709853b4 1623486798b54484b4884c4b34ffed68 8217937b2bba4ca09a21a8730bb53868 - - default default] 10.0.0.209 "GET /v2.0/ports?device_id=58e53372-cc30-4125-8e3e-2b2fcc9b1903 HTTP/1.1" status: 200 len: 1417 time: 0.0378411
2026-05-08 11:36:42.309 10 INFO neutron.wsgi [req-18f9ecb7-e2db-4850-98d8-33265e88fb5b req-22048807-7b53-4699-b779-a17a55c99820 1623486798b54484b4884c4b34ffed68 8217937b2bba4ca09a21a8730bb53868 - - default default] 10.0.0.209 "GET /v2.0/security-groups?id=5f2890b0-bab2-44b2-8a1a-3771d9fccf13&fields=id&fields=name HTTP/1.1" status: 200 len: 294 time: 0.0367875 /var/lib/openstack/lib/python3.10/site-packages/pycadf/identifier.py:71: UserWarning: Invalid uuid: neutron. To ensure interoperability, identifiers should be a valid uuid. warnings.warn(('Invalid uuid: %s. To ensure interoperability, '
2026-05-08 11:36:42.402 9 INFO neutron.wsgi [req-ab6b652b-7c2b-4229-b4d9-eb0deb971cff req-0cb22bf6-c639-470e-8a46-7575e6638604 1623486798b54484b4884c4b34ffed68 8217937b2bba4ca09a21a8730bb53868 - - default default] 10.0.0.209 "GET /v2.0/ports?device_id=58e53372-cc30-4125-8e3e-2b2fcc9b1903 HTTP/1.1" status: 200 len: 1417 time: 0.0388584
2026-05-08 11:36:43.725 10 INFO neutron.wsgi [-] 10.0.0.98 "GET / HTTP/1.1" status: 200 len: 247 time: 0.0019326
2026-05-08 11:36:43.726 9 INFO neutron.wsgi [-] 10.0.0.98 "GET / HTTP/1.1" status: 200 len: 247 time: 0.0031223
2026-05-08 11:36:58.726 9 INFO neutron.wsgi [-] 10.0.0.98 "GET / HTTP/1.1" status: 200 len: 247 time: 0.0023744
2026-05-08 11:36:58.726 10 INFO neutron.wsgi [-] 10.0.0.98 "GET / HTTP/1.1" status: 200 len: 247 time: 0.0025833
2026-05-08 11:37:13.726 10 INFO neutron.wsgi [-] 10.0.0.98 "GET / HTTP/1.1" status: 200 len: 247 time: 0.0021822
2026-05-08 11:37:13.728 9 INFO neutron.wsgi [-] 10.0.0.98 "GET / HTTP/1.1" status: 200 len: 247 time: 0.0039861
2026-05-08 11:37:14.983 9 INFO neutron.wsgi [req-ac7802e5-1e76-455b-a5f3-fd3db6e32b15 req-706b0299-5479-47e3-9d86-a57fee8fbde1 c1a14eb363e64671aa12c13814dcf998 6a319067e6d348fe8ed0bd50f117f34d - - 9a3c083474a74e18aa24764183a01c97 9a3c083474a74e18aa24764183a01c97] 199.204.45.109 "GET /v2.0/ports?device_id=99f9d53e-f2db-40eb-abb7-e98e3b18da6f&fields=binding%3Ahost_id&fields=binding%3Avif_type HTTP/1.1" status: 200 len: 265 time: 0.0359654
2026-05-08 11:37:15.035 9 INFO neutron.wsgi [req-ac7802e5-1e76-455b-a5f3-fd3db6e32b15 req-29c68d46-5e8e-4f9d-a3dd-151533c19380 c1a14eb363e64671aa12c13814dcf998 6a319067e6d348fe8ed0bd50f117f34d - - 9a3c083474a74e18aa24764183a01c97 9a3c083474a74e18aa24764183a01c97] 199.204.45.109 "GET /v2.0/ports?tenant_id=32aa84baf4214893ab97e490e984f3e8&device_id=99f9d53e-f2db-40eb-abb7-e98e3b18da6f HTTP/1.1" status: 200 len: 1642 time: 0.0301373
2026-05-08 11:37:15.123 9 INFO neutron.wsgi [req-ac7802e5-1e76-455b-a5f3-fd3db6e32b15 req-fc350ecc-e763-405a-8a9a-28d0c8eacef8 c1a14eb363e64671aa12c13814dcf998 6a319067e6d348fe8ed0bd50f117f34d - - 9a3c083474a74e18aa24764183a01c97 9a3c083474a74e18aa24764183a01c97] 199.204.45.109 "GET /v2.0/networks?id=5bd612fc-224b-4ee9-abbc-3afef8776c89 HTTP/1.1" status: 200 len: 1002 time: 0.0683565
2026-05-08 11:37:15.175 9 INFO neutron.wsgi [req-ac7802e5-1e76-455b-a5f3-fd3db6e32b15 req-01a0aea0-5f99-4568-9fab-4dfae0666f4b c1a14eb363e64671aa12c13814dcf998 6a319067e6d348fe8ed0bd50f117f34d - - 9a3c083474a74e18aa24764183a01c97 9a3c083474a74e18aa24764183a01c97] 199.204.45.109 "GET /v2.0/floatingips?fixed_ip_address=10.2.2.156&port_id=240a699e-faec-41df-8bff-95f8d17b72be HTTP/1.1" status: 200 len: 1059 time: 0.0437875
2026-05-08 11:37:15.206 9 INFO neutron.wsgi [req-ac7802e5-1e76-455b-a5f3-fd3db6e32b15 req-84d60c29-378f-42fb-8de3-a81f23e3171a c1a14eb363e64671aa12c13814dcf998 6a319067e6d348fe8ed0bd50f117f34d - - 9a3c083474a74e18aa24764183a01c97 9a3c083474a74e18aa24764183a01c97] 199.204.45.109 "GET /v2.0/floatingips?fixed_ip_address=fd77%3A1457%3A4cf0%3A26a8%3A%3A192&port_id=240a699e-faec-41df-8bff-95f8d17b72be HTTP/1.1" status: 200 len: 217 time: 0.0259480
2026-05-08 11:37:15.250 9 INFO neutron.wsgi [req-ac7802e5-1e76-455b-a5f3-fd3db6e32b15 req-b7b67d74-cb41-4e97-ab5d-c1c4bfd4f4e0 c1a14eb363e64671aa12c13814dcf998 6a319067e6d348fe8ed0bd50f117f34d - - 9a3c083474a74e18aa24764183a01c97 9a3c083474a74e18aa24764183a01c97] 199.204.45.109 "GET /v2.0/subnets?id=095e3df4-892e-4d71-b17f-b98f22cebced&id=15ba1afa-e081-4387-a4f3-afaca76f4a54 HTTP/1.1" status: 200 len: 1562 time: 0.0373290
2026-05-08 11:37:15.276 9 INFO neutron.wsgi [req-ac7802e5-1e76-455b-a5f3-fd3db6e32b15 req-387cdd65-fceb-446b-b1fd-51de62fbac30 c1a14eb363e64671aa12c13814dcf998 6a319067e6d348fe8ed0bd50f117f34d - - 9a3c083474a74e18aa24764183a01c97 9a3c083474a74e18aa24764183a01c97] 199.204.45.109 "GET /v2.0/ports?network_id=5bd612fc-224b-4ee9-abbc-3afef8776c89&device_owner=network%3Adhcp HTTP/1.1" status: 200 len: 210 time: 0.0187840
2026-05-08 11:37:15.308 9 INFO neutron.wsgi [req-ac7802e5-1e76-455b-a5f3-fd3db6e32b15 req-b3a19ca3-7462-4291-a0fa-3068300f5948 c1a14eb363e64671aa12c13814dcf998 6a319067e6d348fe8ed0bd50f117f34d - - 9a3c083474a74e18aa24764183a01c97 9a3c083474a74e18aa24764183a01c97] 199.204.45.109 "GET /v2.0/ports?network_id=5bd612fc-224b-4ee9-abbc-3afef8776c89&device_owner=network%3Adhcp HTTP/1.1" status: 200 len: 210 time: 0.0230331
2026-05-08 11:37:15.384 9 INFO neutron.wsgi [req-ac7802e5-1e76-455b-a5f3-fd3db6e32b15 req-c74b96fa-510a-4d3b-97c9-92a92fc34549 c1a14eb363e64671aa12c13814dcf998 6a319067e6d348fe8ed0bd50f117f34d - - 9a3c083474a74e18aa24764183a01c97 9a3c083474a74e18aa24764183a01c97] 199.204.45.109 "GET /v2.0/networks/5bd612fc-224b-4ee9-abbc-3afef8776c89?fields=segments HTTP/1.1" status: 200 len: 212 time: 0.0671792
2026-05-08 11:37:15.462 9 INFO neutron.wsgi [req-ac7802e5-1e76-455b-a5f3-fd3db6e32b15 req-633a9d19-8567-42b6-8aea-4ea0d50ccd8f c1a14eb363e64671aa12c13814dcf998 6a319067e6d348fe8ed0bd50f117f34d - - 9a3c083474a74e18aa24764183a01c97 9a3c083474a74e18aa24764183a01c97] 199.204.45.109 "GET /v2.0/networks/5bd612fc-224b-4ee9-abbc-3afef8776c89?fields=provider%3Aphysical_network&fields=provider%3Anetwork_type HTTP/1.1" status: 200 len: 277 time: 0.0708525
2026-05-08 11:37:16.015 10 INFO neutron.wsgi [None req-125dc022-b019-44ff-b837-a5f159f35689 1623486798b54484b4884c4b34ffed68 8217937b2bba4ca09a21a8730bb53868 - - default default] 199.204.45.109 "GET /v2.0/extensions/security-group HTTP/1.1" status: 200 len: 369 time: 0.0077908
2026-05-08 11:37:16.023 10 INFO neutron.wsgi [None req-8163e6fb-7cfc-4c08-a938-1f135aa49682 1623486798b54484b4884c4b34ffed68 8217937b2bba4ca09a21a8730bb53868 - - default default] 199.204.45.109 "GET /v2.0/extensions/dns-integration HTTP/1.1" status: 200 len: 371 time: 0.0044992
2026-05-08 11:37:16.033 10 INFO neutron.wsgi [None req-7e0c52d9-43ac-4829-8411-539889094748 1623486798b54484b4884c4b34ffed68 8217937b2bba4ca09a21a8730bb53868 - - default default] 199.204.45.109 "GET /v2.0/extensions/qos HTTP/1.1" status: 200 len: 365 time: 0.0054405
2026-05-08 11:37:16.043 10 INFO neutron.wsgi [None req-3abadbe3-25cd-41e5-9a44-9fc18e6975e4 1623486798b54484b4884c4b34ffed68 8217937b2bba4ca09a21a8730bb53868 - - default default] 199.204.45.109 "GET /v2.0/extensions/allowed-address-pairs HTTP/1.1" status: 200 len: 383 time: 0.0047569
2026-05-08 11:37:16.086 10 INFO neutron.wsgi [None req-28dd2e66-8ba7-4a40-a33b-c8c2da561555 1623486798b54484b4884c4b34ffed68 8217937b2bba4ca09a21a8730bb53868 - - default default] 199.204.45.109 "GET /v2.0/subnets/9d11879b-0394-489b-ae62-e725886907a4 HTTP/1.1" status: 200 len: 851 time: 0.0362043
2026-05-08 11:37:16.164 10 INFO neutron.wsgi [None req-1e27d062-a8bf-4d53-92fb-c8fd03f573de 1623486798b54484b4884c4b34ffed68 8217937b2bba4ca09a21a8730bb53868 - - default default] 199.204.45.109 "GET /v2.0/ports?device_id=58e53372-cc30-4125-8e3e-2b2fcc9b1903 HTTP/1.1" status: 200 len: 1417 time: 0.0388377
2026-05-08 11:37:16.501 10 WARNING neutron.scheduler.dhcp_agent_scheduler [None req-6a96bb0f-7a76-45c1-a6e5-84445c367b82 1623486798b54484b4884c4b34ffed68 8217937b2bba4ca09a21a8730bb53868 - - default default] No more DHCP agents
2026-05-08 11:37:16.504 10 WARNING neutron.api.rpc.agentnotifiers.dhcp_rpc_agent_api [None req-6a96bb0f-7a76-45c1-a6e5-84445c367b82 1623486798b54484b4884c4b34ffed68 8217937b2bba4ca09a21a8730bb53868 - - default default] Unable to schedule network 444217de-8858-46f7-ba9f-8f57e24c562c: no agents available; will retry on subsequent port and subnet creation events.
2026-05-08 11:37:16.697 10 INFO neutron.db.ovn_revision_numbers_db [None req-6a96bb0f-7a76-45c1-a6e5-84445c367b82 1623486798b54484b4884c4b34ffed68 8217937b2bba4ca09a21a8730bb53868 - - default default] Successfully bumped revision number for resource 587ab422-57dc-464f-8fe8-6f95f06d8179 (type: ports) to 1
2026-05-08 11:37:16.718 10 INFO neutron.wsgi [None req-6a96bb0f-7a76-45c1-a6e5-84445c367b82 1623486798b54484b4884c4b34ffed68 8217937b2bba4ca09a21a8730bb53868 - - default default] 199.204.45.109 "POST /v2.0/ports HTTP/1.1" status: 201 len: 1298 time: 0.5482669
2026-05-08 11:37:16.801 9 INFO neutron.wsgi [req-086d3327-0ff0-459a-ae66-b66527e633c4 req-ae92d8a2-4862-4cd6-b031-a20aa387d67d 1623486798b54484b4884c4b34ffed68 8217937b2bba4ca09a21a8730bb53868 - - default default] 10.0.0.209 "GET /v2.0/ports/587ab422-57dc-464f-8fe8-6f95f06d8179 HTTP/1.1" status: 200 len: 1293 time: 0.0330131
2026-05-08 11:37:16.819 9 INFO neutron.wsgi [req-086d3327-0ff0-459a-ae66-b66527e633c4 req-08866d10-59e7-410e-a20d-87802ed67c62 1623486798b54484b4884c4b34ffed68 8217937b2bba4ca09a21a8730bb53868 - - default default] 10.0.0.209 "GET /v2.0/extensions HTTP/1.1" status: 200 len: 16525 time: 0.0098114
2026-05-08 11:37:16.921 9 INFO neutron.wsgi [req-086d3327-0ff0-459a-ae66-b66527e633c4 req-75fe0a49-a021-429d-b3d4-eae4cbc854c8 c1a14eb363e64671aa12c13814dcf998 6a319067e6d348fe8ed0bd50f117f34d - - 9a3c083474a74e18aa24764183a01c97 9a3c083474a74e18aa24764183a01c97] 199.204.45.109 "GET /v2.0/ports/587ab422-57dc-464f-8fe8-6f95f06d8179?fields=binding%3Avnic_type&fields=binding%3Aprofile&fields=network_id&fields=resource_request&fields=numa_affinity_policy&fields=device_profile HTTP/1.1" status: 200 len: 335 time: 0.0336890
2026-05-08 11:37:16.993 9 INFO neutron.wsgi [req-086d3327-0ff0-459a-ae66-b66527e633c4 req-9dfdb7f9-d0fe-4a02-b22a-0b8a00b78518 c1a14eb363e64671aa12c13814dcf998 6a319067e6d348fe8ed0bd50f117f34d - - 9a3c083474a74e18aa24764183a01c97 9a3c083474a74e18aa24764183a01c97] 199.204.45.109 "GET /v2.0/networks/444217de-8858-46f7-ba9f-8f57e24c562c?fields=segments HTTP/1.1" status: 200 len: 212 time: 0.0655720
2026-05-08 11:37:17.061 9 INFO neutron.wsgi [req-086d3327-0ff0-459a-ae66-b66527e633c4 req-68a2b5c6-5540-410c-8112-934c891a2b09 c1a14eb363e64671aa12c13814dcf998 6a319067e6d348fe8ed0bd50f117f34d - - 9a3c083474a74e18aa24764183a01c97 9a3c083474a74e18aa24764183a01c97] 199.204.45.109 "GET /v2.0/networks/444217de-8858-46f7-ba9f-8f57e24c562c?fields=provider%3Aphysical_network&fields=provider%3Anetwork_type HTTP/1.1" status: 200 len: 277 time: 0.0612452
2026-05-08 11:37:17.112 9 INFO neutron.wsgi [req-086d3327-0ff0-459a-ae66-b66527e633c4 req-f31c943f-1cf0-47e9-adce-c3ecb66b28e5 c1a14eb363e64671aa12c13814dcf998 6a319067e6d348fe8ed0bd50f117f34d - - 9a3c083474a74e18aa24764183a01c97 9a3c083474a74e18aa24764183a01c97] 199.204.45.109 "GET /v2.0/ports/587ab422-57dc-464f-8fe8-6f95f06d8179 HTTP/1.1" status: 200 len: 1293 time: 0.0273438
2026-05-08 11:37:17.168 9 INFO neutron.wsgi [req-086d3327-0ff0-459a-ae66-b66527e633c4 req-ccb10fa8-a78a-443e-820a-5bbd749f562f 1623486798b54484b4884c4b34ffed68 8217937b2bba4ca09a21a8730bb53868 - - default default] 199.204.45.109 "GET /v2.0/networks?id=444217de-8858-46f7-ba9f-8f57e24c562c HTTP/1.1" status: 200 len: 1005 time: 0.0505784
2026-05-08 11:37:17.608 9 INFO neutron.db.ovn_revision_numbers_db [req-086d3327-0ff0-459a-ae66-b66527e633c4 req-722c4988-cdc1-4b22-a5af-24853857143c c1a14eb363e64671aa12c13814dcf998 6a319067e6d348fe8ed0bd50f117f34d - - 9a3c083474a74e18aa24764183a01c97 9a3c083474a74e18aa24764183a01c97] Successfully bumped revision number for resource 587ab422-57dc-464f-8fe8-6f95f06d8179 (type: ports) to 2
2026-05-08 11:37:17.808 9 INFO neutron.db.ovn_revision_numbers_db [req-086d3327-0ff0-459a-ae66-b66527e633c4 req-722c4988-cdc1-4b22-a5af-24853857143c c1a14eb363e64671aa12c13814dcf998 6a319067e6d348fe8ed0bd50f117f34d - - 9a3c083474a74e18aa24764183a01c97 9a3c083474a74e18aa24764183a01c97] Successfully bumped revision number for resource 587ab422-57dc-464f-8fe8-6f95f06d8179 (type: ports) to 2
2026-05-08 11:37:17.821 9 INFO neutron.wsgi [req-086d3327-0ff0-459a-ae66-b66527e633c4 req-722c4988-cdc1-4b22-a5af-24853857143c c1a14eb363e64671aa12c13814dcf998 6a319067e6d348fe8ed0bd50f117f34d - - 9a3c083474a74e18aa24764183a01c97 9a3c083474a74e18aa24764183a01c97] 199.204.45.109 "PUT /v2.0/ports/587ab422-57dc-464f-8fe8-6f95f06d8179 HTTP/1.1" status: 200 len: 1424 time: 0.6462488
2026-05-08 11:37:17.856 9 INFO neutron.notifiers.nova [-] Nova event matching ['req-87592a1b-8160-40b1-a738-65b9008a26c6'] response: {'name': 'network-changed', 'server_uuid': '58e53372-cc30-4125-8e3e-2b2fcc9b1903', 'tag': '587ab422-57dc-464f-8fe8-6f95f06d8179', 'status': 'completed', 'code': 200} /var/lib/openstack/lib/python3.10/site-packages/pycadf/identifier.py:71: UserWarning: Invalid uuid: neutron. To ensure interoperability, identifiers should be a valid uuid. warnings.warn(('Invalid uuid: %s. To ensure interoperability, '
2026-05-08 11:37:17.897 9 INFO neutron.wsgi [req-086d3327-0ff0-459a-ae66-b66527e633c4 req-6300719a-cedd-46b7-965a-40b6a8bfcd5a c1a14eb363e64671aa12c13814dcf998 6a319067e6d348fe8ed0bd50f117f34d - - 9a3c083474a74e18aa24764183a01c97 9a3c083474a74e18aa24764183a01c97] 199.204.45.109 "GET /v2.0/ports?tenant_id=8217937b2bba4ca09a21a8730bb53868&device_id=58e53372-cc30-4125-8e3e-2b2fcc9b1903 HTTP/1.1" status: 200 len: 2661 time: 0.0357668
2026-05-08 11:37:17.923 9 INFO neutron.wsgi [req-086d3327-0ff0-459a-ae66-b66527e633c4 req-ce6806f5-296d-41b4-9f4e-2b5de887d36d c1a14eb363e64671aa12c13814dcf998 6a319067e6d348fe8ed0bd50f117f34d - - 9a3c083474a74e18aa24764183a01c97 9a3c083474a74e18aa24764183a01c97] 199.204.45.109 "GET /v2.0/floatingips?fixed_ip_address=172.24.2.178&port_id=53eb3f25-0c75-49f5-b3e6-2a93c6c51b79 HTTP/1.1" status: 200 len: 217 time: 0.0197067
2026-05-08 11:37:17.962 9 INFO neutron.wsgi [req-086d3327-0ff0-459a-ae66-b66527e633c4 req-fd5f5a3d-dc7a-4a16-b7d9-43dc3a7e3d1f c1a14eb363e64671aa12c13814dcf998 6a319067e6d348fe8ed0bd50f117f34d - - 9a3c083474a74e18aa24764183a01c97 9a3c083474a74e18aa24764183a01c97] 199.204.45.109 "GET /v2.0/subnets?id=87746cbe-d540-482c-832a-1c8408154e31 HTTP/1.1" status: 200 len: 829 time: 0.0327957
2026-05-08 11:37:17.991 9 INFO neutron.wsgi [req-086d3327-0ff0-459a-ae66-b66527e633c4 req-2203f54a-8600-4f42-983e-2b8c133eb425 c1a14eb363e64671aa12c13814dcf998 6a319067e6d348fe8ed0bd50f117f34d - - 9a3c083474a74e18aa24764183a01c97 9a3c083474a74e18aa24764183a01c97] 199.204.45.109 "GET /v2.0/ports?network_id=cdd9ecbb-a59b-44b8-ae9d-48727bbc518a&device_owner=network%3Adhcp HTTP/1.1" status: 200 len: 210 time: 0.0221088
2026-05-08 11:37:18.053 9 INFO neutron.wsgi [req-086d3327-0ff0-459a-ae66-b66527e633c4 req-7356812c-3f4e-487e-a8de-eed10a22c783 c1a14eb363e64671aa12c13814dcf998 6a319067e6d348fe8ed0bd50f117f34d - - 9a3c083474a74e18aa24764183a01c97 9a3c083474a74e18aa24764183a01c97] 199.204.45.109 "GET /v2.0/networks/cdd9ecbb-a59b-44b8-ae9d-48727bbc518a?fields=segments HTTP/1.1" status: 200 len: 212 time: 0.0560300
2026-05-08 11:37:18.118 9 INFO neutron.wsgi [req-086d3327-0ff0-459a-ae66-b66527e633c4 req-ef386372-d107-4edb-8c89-549e2552e387 c1a14eb363e64671aa12c13814dcf998 6a319067e6d348fe8ed0bd50f117f34d - - 9a3c083474a74e18aa24764183a01c97 9a3c083474a74e18aa24764183a01c97] 199.204.45.109 "GET /v2.0/networks/cdd9ecbb-a59b-44b8-ae9d-48727bbc518a?fields=provider%3Aphysical_network&fields=provider%3Anetwork_type HTTP/1.1" status: 200 len: 277 time: 0.0587990
2026-05-08 11:37:18.146 9 INFO neutron.wsgi [req-086d3327-0ff0-459a-ae66-b66527e633c4 req-93d6f494-5fa9-4d98-929f-a086f909d99f c1a14eb363e64671aa12c13814dcf998 6a319067e6d348fe8ed0bd50f117f34d - - 9a3c083474a74e18aa24764183a01c97 9a3c083474a74e18aa24764183a01c97] 199.204.45.109 "GET /v2.0/floatingips?fixed_ip_address=10.1.1.25&port_id=587ab422-57dc-464f-8fe8-6f95f06d8179 HTTP/1.1" status: 200 len: 217 time: 0.0200269
2026-05-08 11:37:18.184 9 INFO neutron.wsgi [req-086d3327-0ff0-459a-ae66-b66527e633c4 req-3b340d3d-eece-4ac1-af32-b8124988b922 c1a14eb363e64671aa12c13814dcf998 6a319067e6d348fe8ed0bd50f117f34d - - 9a3c083474a74e18aa24764183a01c97 9a3c083474a74e18aa24764183a01c97] 199.204.45.109 "GET /v2.0/subnets?id=9d11879b-0394-489b-ae62-e725886907a4 HTTP/1.1" status: 200 len: 854 time: 0.0293853
2026-05-08 11:37:18.211 9 INFO neutron.wsgi [req-086d3327-0ff0-459a-ae66-b66527e633c4 req-2d76887b-1fa8-4301-a403-863ce3d3b584 c1a14eb363e64671aa12c13814dcf998 6a319067e6d348fe8ed0bd50f117f34d - - 9a3c083474a74e18aa24764183a01c97 9a3c083474a74e18aa24764183a01c97] 199.204.45.109 "GET /v2.0/ports?network_id=444217de-8858-46f7-ba9f-8f57e24c562c&device_owner=network%3Adhcp HTTP/1.1" status: 200 len: 210 time: 0.0210221
2026-05-08 11:37:18.277 9 INFO neutron.wsgi [req-086d3327-0ff0-459a-ae66-b66527e633c4 req-1f43aeae-4a01-4e53-9e9f-133534d82578 c1a14eb363e64671aa12c13814dcf998 6a319067e6d348fe8ed0bd50f117f34d - - 9a3c083474a74e18aa24764183a01c97 9a3c083474a74e18aa24764183a01c97] 199.204.45.109 "GET /v2.0/networks/444217de-8858-46f7-ba9f-8f57e24c562c?fields=segments HTTP/1.1" status: 200 len: 212 time: 0.0581644
2026-05-08 11:37:18.355 9 INFO neutron.wsgi [req-086d3327-0ff0-459a-ae66-b66527e633c4 req-2041d3b3-f7a6-47fe-ada5-8097793b6f63 c1a14eb363e64671aa12c13814dcf998 6a319067e6d348fe8ed0bd50f117f34d - - 9a3c083474a74e18aa24764183a01c97 9a3c083474a74e18aa24764183a01c97] 199.204.45.109 "GET /v2.0/networks/444217de-8858-46f7-ba9f-8f57e24c562c?fields=provider%3Aphysical_network&fields=provider%3Anetwork_type HTTP/1.1" status: 200 len: 277 time: 0.0708814
2026-05-08 11:37:18.442 9 INFO neutron.wsgi [req-d6067366-15e9-4698-8ab0-d2097e9821b5 req-193a776d-dc7f-4dfd-aa4a-aef5f065d4d3 c1a14eb363e64671aa12c13814dcf998 6a319067e6d348fe8ed0bd50f117f34d - - 9a3c083474a74e18aa24764183a01c97 9a3c083474a74e18aa24764183a01c97] 199.204.45.109 "GET /v2.0/ports?tenant_id=8217937b2bba4ca09a21a8730bb53868&device_id=58e53372-cc30-4125-8e3e-2b2fcc9b1903 HTTP/1.1" status: 200 len: 2661 time: 0.0418098
2026-05-08 11:37:18.457 10 INFO neutron.plugins.ml2.drivers.ovn.mech_driver.mech_driver [None req-33f225ed-5788-4b12-a030-2a5b34763b21 - - - - - -] OVN reports status up for port: 587ab422-57dc-464f-8fe8-6f95f06d8179
2026-05-08 11:37:18.479 10 INFO neutron.plugins.ml2.plugin [None req-33f225ed-5788-4b12-a030-2a5b34763b21 - - - - - -] Attempt 1 to provision port 587ab422-57dc-464f-8fe8-6f95f06d8179
2026-05-08 11:37:18.530 9 INFO neutron.wsgi [req-d6067366-15e9-4698-8ab0-d2097e9821b5 req-ced1953f-de8a-4233-8486-c9b84a662896 c1a14eb363e64671aa12c13814dcf998 6a319067e6d348fe8ed0bd50f117f34d - - 9a3c083474a74e18aa24764183a01c97 9a3c083474a74e18aa24764183a01c97] 199.204.45.109 "GET /v2.0/networks?id=444217de-8858-46f7-ba9f-8f57e24c562c HTTP/1.1" status: 200 len: 1005 time: 0.0751197
2026-05-08 11:37:18.570 9 INFO neutron.wsgi [req-d6067366-15e9-4698-8ab0-d2097e9821b5 req-aee70511-f03f-473c-983b-062113d1f8a0 c1a14eb363e64671aa12c13814dcf998 6a319067e6d348fe8ed0bd50f117f34d - - 9a3c083474a74e18aa24764183a01c97 9a3c083474a74e18aa24764183a01c97] 199.204.45.109 "GET /v2.0/floatingips?fixed_ip_address=10.1.1.25&port_id=587ab422-57dc-464f-8fe8-6f95f06d8179 HTTP/1.1" status: 200 len: 217 time: 0.0318198
2026-05-08 11:37:18.622 10 INFO neutron.notifiers.nova [-] Nova event matching ['req-60239af3-bbe7-4bba-a678-2929a4e582fb'] response: {'server_uuid': '58e53372-cc30-4125-8e3e-2b2fcc9b1903', 'name': 'network-vif-plugged', 'status': 'completed', 'tag': '587ab422-57dc-464f-8fe8-6f95f06d8179', 'code': 200}
2026-05-08 11:37:18.644 9 INFO neutron.wsgi [req-d6067366-15e9-4698-8ab0-d2097e9821b5 req-a603398f-36ee-45b8-ad45-978ae0e7be02 c1a14eb363e64671aa12c13814dcf998 6a319067e6d348fe8ed0bd50f117f34d - - 9a3c083474a74e18aa24764183a01c97 9a3c083474a74e18aa24764183a01c97] 199.204.45.109 "GET /v2.0/subnets?id=9d11879b-0394-489b-ae62-e725886907a4 HTTP/1.1" status: 200 len: 854 time: 0.0643342
2026-05-08 11:37:18.651 9 INFO neutron.wsgi [req-086d3327-0ff0-459a-ae66-b66527e633c4 req-c9a1b5af-f325-4692-a26b-236846ee4a2e 1623486798b54484b4884c4b34ffed68 8217937b2bba4ca09a21a8730bb53868 - - default default] 10.0.0.209 "GET /v2.0/ports/587ab422-57dc-464f-8fe8-6f95f06d8179 HTTP/1.1" status: 200 len: 1454 time: 0.0349452 /var/lib/openstack/lib/python3.10/site-packages/pycadf/identifier.py:71: UserWarning: Invalid uuid: neutron. To ensure interoperability, identifiers should be a valid uuid. warnings.warn(('Invalid uuid: %s. To ensure interoperability, '
2026-05-08 11:37:18.667 9 INFO neutron.wsgi [req-d6067366-15e9-4698-8ab0-d2097e9821b5 req-a0e17607-912e-48ab-90e0-6de00c5117b3 c1a14eb363e64671aa12c13814dcf998 6a319067e6d348fe8ed0bd50f117f34d - - 9a3c083474a74e18aa24764183a01c97 9a3c083474a74e18aa24764183a01c97] 199.204.45.109 "GET /v2.0/ports?network_id=444217de-8858-46f7-ba9f-8f57e24c562c&device_owner=network%3Adhcp HTTP/1.1" status: 200 len: 210 time: 0.0154018
2026-05-08 11:37:18.764 9 INFO neutron.wsgi [req-d6067366-15e9-4698-8ab0-d2097e9821b5 req-35359017-809f-4746-9fb3-62abe54edc4a c1a14eb363e64671aa12c13814dcf998 6a319067e6d348fe8ed0bd50f117f34d - - 9a3c083474a74e18aa24764183a01c97 9a3c083474a74e18aa24764183a01c97] 199.204.45.109 "GET /v2.0/networks/444217de-8858-46f7-ba9f-8f57e24c562c?fields=segments HTTP/1.1" status: 200 len: 212 time: 0.0908988
2026-05-08 11:37:18.829 10 INFO neutron.db.ovn_revision_numbers_db [None req-33f225ed-5788-4b12-a030-2a5b34763b21 - - - - - -] Successfully bumped revision number for resource 587ab422-57dc-464f-8fe8-6f95f06d8179 (type: ports) to 4
2026-05-08 11:37:18.835 9 INFO neutron.wsgi [req-d6067366-15e9-4698-8ab0-d2097e9821b5 req-eda12241-f805-4a11-af3d-4b61c264cf9a c1a14eb363e64671aa12c13814dcf998 6a319067e6d348fe8ed0bd50f117f34d - - 9a3c083474a74e18aa24764183a01c97 9a3c083474a74e18aa24764183a01c97] 199.204.45.109 "GET /v2.0/networks/444217de-8858-46f7-ba9f-8f57e24c562c?fields=provider%3Aphysical_network&fields=provider%3Anetwork_type HTTP/1.1" status: 200 len: 277 time: 0.0624094
2026-05-08 11:37:19.048 10 INFO neutron.db.ovn_revision_numbers_db [None req-cd10c7dc-92d5-4df1-bacf-6c8b1d067e97 1623486798b54484b4884c4b34ffed68 8217937b2bba4ca09a21a8730bb53868 - - default default] Successfully bumped revision number for resource 587ab422-57dc-464f-8fe8-6f95f06d8179 (type: ports) to 5
2026-05-08 11:37:19.057 10 INFO neutron.wsgi [None req-cd10c7dc-92d5-4df1-bacf-6c8b1d067e97 1623486798b54484b4884c4b34ffed68 8217937b2bba4ca09a21a8730bb53868 - - default default] 199.204.45.109 "PUT /v2.0/ports/587ab422-57dc-464f-8fe8-6f95f06d8179 HTTP/1.1" status: 200 len: 1486 time: 0.3955541 /var/lib/openstack/lib/python3.10/site-packages/pycadf/identifier.py:71: UserWarning: Invalid uuid: neutron. To ensure interoperability, identifiers should be a valid uuid. warnings.warn(('Invalid uuid: %s. To ensure interoperability, '
2026-05-08 11:37:19.102 10 INFO neutron.wsgi [None req-ef66f44f-cfcf-4d18-95b1-83838d60d17d 1623486798b54484b4884c4b34ffed68 8217937b2bba4ca09a21a8730bb53868 - - default default] 199.204.45.109 "GET /v2.0/security-groups?name=lb-e1386ee0-0f8e-45dd-bbd8-9fe4b00aaf9c HTTP/1.1" status: 200 len: 1777 time: 0.0379553
2026-05-08 11:37:19.467 10 INFO neutron.db.ovn_revision_numbers_db [None req-2fd6279e-ae8f-4af4-8810-283b32edbd8f 1623486798b54484b4884c4b34ffed68 8217937b2bba4ca09a21a8730bb53868 - - default default] Successfully bumped revision number for resource 587ab422-57dc-464f-8fe8-6f95f06d8179 (type: ports) to 6
2026-05-08 11:37:19.479 10 INFO neutron.wsgi [None req-2fd6279e-ae8f-4af4-8810-283b32edbd8f 1623486798b54484b4884c4b34ffed68 8217937b2bba4ca09a21a8730bb53868 - - default default] 199.204.45.109 "PUT /v2.0/ports/587ab422-57dc-464f-8fe8-6f95f06d8179 HTTP/1.1" status: 200 len: 1486 time: 0.3723607 /var/lib/openstack/lib/python3.10/site-packages/pycadf/identifier.py:71: UserWarning: Invalid uuid: neutron. To ensure interoperability, identifiers should be a valid uuid. warnings.warn(('Invalid uuid: %s. To ensure interoperability, '
2026-05-08 11:37:19.551 10 INFO neutron.wsgi [None req-1dd53f49-92d6-43f3-91ce-1b0948ab7aae 1623486798b54484b4884c4b34ffed68 8217937b2bba4ca09a21a8730bb53868 - - default default] 199.204.45.109 "GET /v2.0/extensions/security-group HTTP/1.1" status: 200 len: 369 time: 0.0068409
2026-05-08 11:37:19.563 10 INFO neutron.wsgi [None req-762a1bf5-ffa8-4d5f-bb80-f0d6c80e9237 1623486798b54484b4884c4b34ffed68 8217937b2bba4ca09a21a8730bb53868 - - default default] 199.204.45.109 "GET /v2.0/extensions/dns-integration HTTP/1.1" status: 200 len: 371 time: 0.0055296
2026-05-08 11:37:19.574 10 INFO neutron.wsgi [None req-914be85a-b6de-40b3-acf8-2b677bf0fb70 1623486798b54484b4884c4b34ffed68 8217937b2bba4ca09a21a8730bb53868 - - default default] 199.204.45.109 "GET /v2.0/extensions/qos HTTP/1.1" status: 200 len: 365 time: 0.0073500
2026-05-08 11:37:19.592 10 INFO neutron.wsgi [None req-e4016b47-c780-410c-a4db-05033a7236ed 1623486798b54484b4884c4b34ffed68 8217937b2bba4ca09a21a8730bb53868 - - default default] 199.204.45.109 "GET /v2.0/extensions/allowed-address-pairs HTTP/1.1" status: 200 len: 383 time: 0.0060437
2026-05-08 11:37:19.639 10 INFO neutron.wsgi [None req-b86f2b0f-16aa-4219-853b-884b8cf08b94 1623486798b54484b4884c4b34ffed68 8217937b2bba4ca09a21a8730bb53868 - - default default] 199.204.45.109 "GET /v2.0/subnets/9d11879b-0394-489b-ae62-e725886907a4 HTTP/1.1" status: 200 len: 851 time: 0.0330276
2026-05-08 11:37:19.682 10 INFO neutron.wsgi [None req-aceeeb31-cd17-4234-9368-6c63d7524f02 1623486798b54484b4884c4b34ffed68 8217937b2bba4ca09a21a8730bb53868 - - default default] 199.204.45.109 "GET /v2.0/ports/93a2fd88-3029-4ce3-85dd-05ae498dd78d HTTP/1.1" status: 200 len: 1328 time: 0.0382333
2026-05-08 11:37:19.713 10 INFO neutron.wsgi [None req-6f6dde45-1bc6-4326-8bb7-4f962d03e38c 1623486798b54484b4884c4b34ffed68 8217937b2bba4ca09a21a8730bb53868 - - default default] 199.204.45.109 "GET /v2.0/ports/587ab422-57dc-464f-8fe8-6f95f06d8179 HTTP/1.1" status: 200 len: 1514 time: 0.0243640
2026-05-08 11:37:19.752 10 INFO neutron.wsgi [None req-68d2cd57-b3f2-45d9-9f1e-a91778ab0b2f 1623486798b54484b4884c4b34ffed68 8217937b2bba4ca09a21a8730bb53868 - - default default] 199.204.45.109 "GET /v2.0/subnets/9d11879b-0394-489b-ae62-e725886907a4 HTTP/1.1" status: 200 len: 851 time: 0.0301476
2026-05-08 11:37:19.831 10 INFO neutron.wsgi [None req-afd5ef6c-ead8-48ce-be0f-3d09bc659dfd 1623486798b54484b4884c4b34ffed68 8217937b2bba4ca09a21a8730bb53868 - - default default] 199.204.45.109 "GET /v2.0/networks/444217de-8858-46f7-ba9f-8f57e24c562c HTTP/1.1" status: 200 len: 1002 time: 0.0713642
2026-05-08 11:37:19.871 10 INFO neutron.wsgi [None req-fa87afe1-6ee4-4a4f-ab49-38db850f7996 1623486798b54484b4884c4b34ffed68 8217937b2bba4ca09a21a8730bb53868 - - default default] 199.204.45.109 "GET /v2.0/ports/93a2fd88-3029-4ce3-85dd-05ae498dd78d HTTP/1.1" status: 200 len: 1328 time: 0.0344725
2026-05-08 11:37:19.913 10 INFO neutron.wsgi [None req-b7824331-48f5-43f4-8070-759ced54e8cd 1623486798b54484b4884c4b34ffed68 8217937b2bba4ca09a21a8730bb53868 - - default default] 199.204.45.109 "GET /v2.0/subnets/9d11879b-0394-489b-ae62-e725886907a4 HTTP/1.1" status: 200 len: 851 time: 0.0332441
2026-05-08 11:37:20.667 10 INFO neutron.notifiers.nova [-] Nova event matching ['req-fd81bdbf-2b1b-4e29-9a1a-e79e78df3645'] response: {'server_uuid': '58e53372-cc30-4125-8e3e-2b2fcc9b1903', 'name': 'network-vif-plugged', 'status': 'completed', 'tag': '587ab422-57dc-464f-8fe8-6f95f06d8179', 'code': 200}
2026-05-08 11:37:20.668 10 INFO neutron.notifiers.nova [-] Nova event matching ['req-fd81bdbf-2b1b-4e29-9a1a-e79e78df3645'] response: {'name': 'network-changed', 'server_uuid': '58e53372-cc30-4125-8e3e-2b2fcc9b1903', 'tag': '587ab422-57dc-464f-8fe8-6f95f06d8179', 'status': 'completed', 'code': 200}
2026-05-08 11:37:20.668 10 INFO neutron.notifiers.nova [-] Nova event matching ['req-fd81bdbf-2b1b-4e29-9a1a-e79e78df3645'] response: {'name': 'network-changed', 'server_uuid': '58e53372-cc30-4125-8e3e-2b2fcc9b1903', 'tag': '587ab422-57dc-464f-8fe8-6f95f06d8179', 'status': 'completed', 'code': 200}
2026-05-08 11:37:20.733 9 INFO neutron.wsgi [req-7668dd8b-1dac-4ac4-ab08-d4fba876521f req-0387f389-5d6f-4266-b8c8-437a9b665978 c1a14eb363e64671aa12c13814dcf998 6a319067e6d348fe8ed0bd50f117f34d - - 9a3c083474a74e18aa24764183a01c97 9a3c083474a74e18aa24764183a01c97] 199.204.45.109 "GET /v2.0/ports?tenant_id=8217937b2bba4ca09a21a8730bb53868&device_id=58e53372-cc30-4125-8e3e-2b2fcc9b1903 HTTP/1.1" status: 200 len: 2723 time: 0.0398335
2026-05-08 11:37:20.802 9 INFO neutron.wsgi [req-7668dd8b-1dac-4ac4-ab08-d4fba876521f req-e03bc0fe-6801-4dd4-8be9-f354ccbc5999 c1a14eb363e64671aa12c13814dcf998 6a319067e6d348fe8ed0bd50f117f34d - - 9a3c083474a74e18aa24764183a01c97 9a3c083474a74e18aa24764183a01c97] 199.204.45.109 "GET /v2.0/networks?id=444217de-8858-46f7-ba9f-8f57e24c562c HTTP/1.1" status: 200 len: 1005 time: 0.0617895
2026-05-08 11:37:20.835 9 INFO neutron.wsgi [req-7668dd8b-1dac-4ac4-ab08-d4fba876521f req-7c7d9169-cedf-4e9f-8586-abfb30bfb787 c1a14eb363e64671aa12c13814dcf998 6a319067e6d348fe8ed0bd50f117f34d - - 9a3c083474a74e18aa24764183a01c97 9a3c083474a74e18aa24764183a01c97] 199.204.45.109 "GET /v2.0/floatingips?fixed_ip_address=10.1.1.25&port_id=587ab422-57dc-464f-8fe8-6f95f06d8179 HTTP/1.1" status: 200 len: 217 time: 0.0249069
2026-05-08 11:37:20.873 9 INFO neutron.wsgi [req-7668dd8b-1dac-4ac4-ab08-d4fba876521f req-4979e21f-05c0-48a5-aac1-5e4fc84bf25f c1a14eb363e64671aa12c13814dcf998 6a319067e6d348fe8ed0bd50f117f34d - - 9a3c083474a74e18aa24764183a01c97 9a3c083474a74e18aa24764183a01c97] 199.204.45.109 "GET /v2.0/subnets?id=9d11879b-0394-489b-ae62-e725886907a4 HTTP/1.1" status: 200 len: 854 time: 0.0316460
2026-05-08 11:37:20.901 9 INFO neutron.wsgi [req-7668dd8b-1dac-4ac4-ab08-d4fba876521f req-87a8d3b2-2b5c-420a-b5b1-52fb08a38d67 c1a14eb363e64671aa12c13814dcf998 6a319067e6d348fe8ed0bd50f117f34d - - 9a3c083474a74e18aa24764183a01c97 9a3c083474a74e18aa24764183a01c97] 199.204.45.109 "GET /v2.0/ports?network_id=444217de-8858-46f7-ba9f-8f57e24c562c&device_owner=network%3Adhcp HTTP/1.1" status: 200 len: 210 time: 0.0214541
2026-05-08 11:37:20.961 9 INFO neutron.wsgi [req-7668dd8b-1dac-4ac4-ab08-d4fba876521f req-a81963d7-5288-4254-9c20-3ad7152811dd c1a14eb363e64671aa12c13814dcf998 6a319067e6d348fe8ed0bd50f117f34d - - 9a3c083474a74e18aa24764183a01c97 9a3c083474a74e18aa24764183a01c97] 199.204.45.109 "GET /v2.0/networks/444217de-8858-46f7-ba9f-8f57e24c562c?fields=segments HTTP/1.1" status: 200 len: 212 time: 0.0552919
2026-05-08 11:37:21.025 9 INFO neutron.wsgi [req-7668dd8b-1dac-4ac4-ab08-d4fba876521f req-16f0b325-2590-4af9-9bb7-0a11e9b4cab4 c1a14eb363e64671aa12c13814dcf998 6a319067e6d348fe8ed0bd50f117f34d - - 9a3c083474a74e18aa24764183a01c97 9a3c083474a74e18aa24764183a01c97] 199.204.45.109 "GET /v2.0/networks/444217de-8858-46f7-ba9f-8f57e24c562c?fields=provider%3Aphysical_network&fields=provider%3Anetwork_type HTTP/1.1" status: 200 len: 277 time: 0.0568461
2026-05-08 11:37:21.110 9 INFO neutron.wsgi [req-7668dd8b-1dac-4ac4-ab08-d4fba876521f req-0d40845d-0521-4b17-9c00-7e4cd3a98834 c1a14eb363e64671aa12c13814dcf998 6a319067e6d348fe8ed0bd50f117f34d - - 9a3c083474a74e18aa24764183a01c97 9a3c083474a74e18aa24764183a01c97] 199.204.45.109 "GET /v2.0/ports?tenant_id=8217937b2bba4ca09a21a8730bb53868&device_id=58e53372-cc30-4125-8e3e-2b2fcc9b1903 HTTP/1.1" status: 200 len: 2723 time: 0.0411842
2026-05-08 11:37:21.185 9 INFO neutron.wsgi [req-7668dd8b-1dac-4ac4-ab08-d4fba876521f req-0924b7c7-ea6f-4749-98a1-d26b927d85f3 c1a14eb363e64671aa12c13814dcf998 6a319067e6d348fe8ed0bd50f117f34d - - 9a3c083474a74e18aa24764183a01c97 9a3c083474a74e18aa24764183a01c97] 199.204.45.109 "GET /v2.0/networks?id=444217de-8858-46f7-ba9f-8f57e24c562c HTTP/1.1" status: 200 len: 1005 time: 0.0673695
2026-05-08 11:37:21.214 9 INFO neutron.wsgi [req-7668dd8b-1dac-4ac4-ab08-d4fba876521f req-3454fdb0-8e6c-4f97-9b41-282bf0ef8cfe c1a14eb363e64671aa12c13814dcf998 6a319067e6d348fe8ed0bd50f117f34d - - 9a3c083474a74e18aa24764183a01c97 9a3c083474a74e18aa24764183a01c97] 199.204.45.109 "GET /v2.0/floatingips?fixed_ip_address=10.1.1.25&port_id=587ab422-57dc-464f-8fe8-6f95f06d8179 HTTP/1.1" status: 200 len: 217 time: 0.0216386
2026-05-08 11:37:21.253 9 INFO neutron.wsgi [req-7668dd8b-1dac-4ac4-ab08-d4fba876521f req-f988be56-e40c-48d7-ba50-d879c639ec06 c1a14eb363e64671aa12c13814dcf998 6a319067e6d348fe8ed0bd50f117f34d - - 9a3c083474a74e18aa24764183a01c97 9a3c083474a74e18aa24764183a01c97] 199.204.45.109 "GET /v2.0/subnets?id=9d11879b-0394-489b-ae62-e725886907a4 HTTP/1.1" status: 200 len: 854 time: 0.0332198
2026-05-08 11:37:21.276 9 INFO neutron.wsgi [req-7668dd8b-1dac-4ac4-ab08-d4fba876521f req-72da31d8-1c12-45ae-8ec5-cac8aab56577 c1a14eb363e64671aa12c13814dcf998 6a319067e6d348fe8ed0bd50f117f34d - - 9a3c083474a74e18aa24764183a01c97 9a3c083474a74e18aa24764183a01c97] 199.204.45.109 "GET /v2.0/ports?network_id=444217de-8858-46f7-ba9f-8f57e24c562c&device_owner=network%3Adhcp HTTP/1.1" status: 200 len: 210 time: 0.0192943
2026-05-08 11:37:21.340 9 INFO neutron.wsgi [req-7668dd8b-1dac-4ac4-ab08-d4fba876521f req-2dc72140-97b4-4893-a317-46d136ab8efa c1a14eb363e64671aa12c13814dcf998 6a319067e6d348fe8ed0bd50f117f34d - - 9a3c083474a74e18aa24764183a01c97 9a3c083474a74e18aa24764183a01c97] 199.204.45.109 "GET /v2.0/networks/444217de-8858-46f7-ba9f-8f57e24c562c?fields=segments HTTP/1.1" status: 200 len: 212 time: 0.0592527
2026-05-08 11:37:21.418 9 INFO neutron.wsgi [req-7668dd8b-1dac-4ac4-ab08-d4fba876521f req-7d27fb51-9d27-4d9d-9da5-c7c83f2fb097 c1a14eb363e64671aa12c13814dcf998 6a319067e6d348fe8ed0bd50f117f34d - - 9a3c083474a74e18aa24764183a01c97 9a3c083474a74e18aa24764183a01c97] 199.204.45.109 "GET /v2.0/networks/444217de-8858-46f7-ba9f-8f57e24c562c?fields=provider%3Aphysical_network&fields=provider%3Anetwork_type HTTP/1.1" status: 200 len: 277 time: 0.0704641
2026-05-08 11:37:25.316 10 INFO neutron.wsgi [None req-bbfd0fbe-1391-4d22-9f96-c6978c18692a 1623486798b54484b4884c4b34ffed68 8217937b2bba4ca09a21a8730bb53868 - - default default] 10.0.0.245 "GET /v2.0/routers HTTP/1.1" status: 200 len: 849 time: 0.1196387
2026-05-08 11:37:25.341 10 INFO neutron.wsgi [None req-ab2d0087-82b1-4fa6-9994-6fcf7b94f960 1623486798b54484b4884c4b34ffed68 8217937b2bba4ca09a21a8730bb53868 - - default default] 10.0.0.245 "GET /v2.0/agents?binary=ovn-controller HTTP/1.1" status: 200 len: 591 time: 0.0248358
2026-05-08 11:37:25.354 10 INFO neutron.wsgi [None req-aa2f2d52-57e8-4249-a4ab-02115ab566c8 1623486798b54484b4884c4b34ffed68 8217937b2bba4ca09a21a8730bb53868 - - default default] 10.0.0.245 "GET /v2.0/network-ip-availabilities HTTP/1.1" status: 200 len: 3359 time: 0.0119426
2026-05-08 11:37:25.396 10 INFO neutron.wsgi [None req-a95fb046-1a05-4f0d-be4e-b33fe2b6a4fe 1623486798b54484b4884c4b34ffed68 8217937b2bba4ca09a21a8730bb53868 - - default default] 10.0.0.245 "GET /v2.0/floatingips HTTP/1.1" status: 200 len: 1879 time: 0.0383308
2026-05-08 11:37:25.453 10 INFO neutron.wsgi [None req-abc896df-02ad-4341-9bf6-8f0ca28b9db5 1623486798b54484b4884c4b34ffed68 8217937b2bba4ca09a21a8730bb53868 - - default default] 10.0.0.245 "GET /v2.0/security-groups HTTP/1.1" status: 200 len: 29083 time: 0.0566151
2026-05-08 11:37:25.496 10 INFO neutron.wsgi [None req-f3f51eae-2021-4edb-9246-79925a6da8b0 1623486798b54484b4884c4b34ffed68 8217937b2bba4ca09a21a8730bb53868 - - default default] 10.0.0.245 "GET /v2.0/subnets HTTP/1.1" status: 200 len: 5492 time: 0.0353370
2026-05-08 11:37:25.507 10 INFO neutron.wsgi [None req-b2cd7467-73d3-429b-b315-f785748e3c2b 1623486798b54484b4884c4b34ffed68 8217937b2bba4ca09a21a8730bb53868 - - default default] 10.0.0.245 "GET /v2.0/subnetpools HTTP/1.1" status: 200 len: 193 time: 0.0093117
2026-05-08 11:37:25.538 10 INFO neutron.wsgi [None req-34ae1772-3fb7-4050-bd69-348aa05fc33e 1623486798b54484b4884c4b34ffed68 8217937b2bba4ca09a21a8730bb53868 - - default default] 10.0.0.245 "GET /v2.0/subnets HTTP/1.1" status: 200 len: 5492 time: 0.0306604
2026-05-08 11:37:25.554 10 INFO neutron.wsgi [None req-5c2f6f34-1245-4d3c-97c2-7350e6ae3c05 1623486798b54484b4884c4b34ffed68 8217937b2bba4ca09a21a8730bb53868 - - default default] 10.0.0.245 "GET /v2.0/agents HTTP/1.1" status: 200 len: 997 time: 0.0125053
2026-05-08 11:37:25.631 10 INFO neutron.wsgi [None req-1e4e41e9-7602-49d6-b5a6-b641fa68ee62 1623486798b54484b4884c4b34ffed68 8217937b2bba4ca09a21a8730bb53868 - - default default] 10.0.0.245 "GET /v2.0/networks HTTP/1.1" status: 200 len: 4721 time: 0.0754519
2026-05-08 11:37:25.676 10 INFO neutron.wsgi [None req-2041c7c8-7cac-4154-b447-3aebce5e5f6a 1623486798b54484b4884c4b34ffed68 8217937b2bba4ca09a21a8730bb53868 - - default default] 10.0.0.245 "GET /v2.0/ports HTTP/1.1" status: 200 len: 21215 time: 0.0423734
2026-05-08 11:37:28.563 9 WARNING neutron.scheduler.dhcp_agent_scheduler [None req-5080d932-0a9e-418c-a967-f743c7a0bc88 4dfcf18455cf4762beffe57ea1b93b5b 32aa84baf4214893ab97e490e984f3e8 - - default default] No more DHCP agents
2026-05-08 11:37:28.565 9 WARNING neutron.api.rpc.agentnotifiers.dhcp_rpc_agent_api [None req-5080d932-0a9e-418c-a967-f743c7a0bc88 4dfcf18455cf4762beffe57ea1b93b5b 32aa84baf4214893ab97e490e984f3e8 - - default default] Unable to schedule network 4bb2a2bc-66f3-4f1b-8e69-bbbc0fcf0b92: no agents available; will retry on subsequent port and subnet creation events.
2026-05-08 11:37:28.726 9 INFO neutron.wsgi [-] 10.0.0.98 "GET / HTTP/1.1" status: 200 len: 247 time: 0.0015047
2026-05-08 11:37:28.726 10 INFO neutron.wsgi [-] 10.0.0.98 "GET / HTTP/1.1" status: 200 len: 247 time: 0.0033782
2026-05-08 11:37:28.968 9 INFO neutron.db.l3_db [None req-5080d932-0a9e-418c-a967-f743c7a0bc88 4dfcf18455cf4762beffe57ea1b93b5b 32aa84baf4214893ab97e490e984f3e8 - - default default] Floating IP 825cc57b-cb80-4c1c-9031-8c2af298ec6c associated. External IP: 10.96.250.212, port: 93a2fd88-3029-4ce3-85dd-05ae498dd78d.
2026-05-08 11:37:29.177 9 INFO neutron.db.ovn_revision_numbers_db [None req-5080d932-0a9e-418c-a967-f743c7a0bc88 4dfcf18455cf4762beffe57ea1b93b5b 32aa84baf4214893ab97e490e984f3e8 - - default default] Successfully bumped revision number for resource 825cc57b-cb80-4c1c-9031-8c2af298ec6c (type: floatingips) to 0
2026-05-08 11:37:29.298 9 INFO neutron.db.ovn_revision_numbers_db [None req-5080d932-0a9e-418c-a967-f743c7a0bc88 4dfcf18455cf4762beffe57ea1b93b5b 32aa84baf4214893ab97e490e984f3e8 - - default default] Successfully bumped revision number for resource 825cc57b-cb80-4c1c-9031-8c2af298ec6c (type: floatingips) to 1
2026-05-08 11:37:29.341 9 INFO neutron.wsgi [None req-5080d932-0a9e-418c-a967-f743c7a0bc88 4dfcf18455cf4762beffe57ea1b93b5b 32aa84baf4214893ab97e490e984f3e8 - - default default] 10.0.0.11 "POST /v2.0/floatingips HTTP/1.1" status: 201 len: 1097 time: 1.3657506
2026-05-08 11:37:32.490 9 INFO neutron.db.ovn_revision_numbers_db [None req-a4a4d2b0-7e54-41be-ab8a-10d22388eda7 - - - - - -] Successfully bumped revision number for resource 93a2fd88-3029-4ce3-85dd-05ae498dd78d (type: ports) to 4
2026-05-08 11:37:32.884 9 INFO neutron.wsgi [None req-3050ebe7-5cdc-4add-ad66-ca7eba68857a 1623486798b54484b4884c4b34ffed68 8217937b2bba4ca09a21a8730bb53868 - - default default] 199.204.45.109 "GET /v2.0/extensions/security-group HTTP/1.1" status: 200 len: 369 time: 0.0539923
2026-05-08 11:37:32.894 9 INFO neutron.wsgi [None req-b04ed203-774b-4597-9c09-b91bcd5ef3c0 1623486798b54484b4884c4b34ffed68 8217937b2bba4ca09a21a8730bb53868 - - default default] 199.204.45.109 "GET /v2.0/extensions/dns-integration HTTP/1.1" status: 200 len: 371 time: 0.0040646
