2026-05-08 11:30:24.703 10 INFO neutron.services.segments.plugin [-] Segment c3285897-5536-44e2-8d18-2513f86e7d44 resource provider not found; error: Placement Client Error (4xx): {"errors": [{"status": 404, "title": "Not Found", "detail": "The resource could not be found.\n\n No resource provider with uuid c3285897-5536-44e2-8d18-2513f86e7d44 found for delete ", "request_id": "req-aa0f5462-fefb-4d7a-821f-bafc8f0de695"}]}
2026-05-08 11:30:24.721 10 INFO neutron.services.segments.plugin [-] Segment c3285897-5536-44e2-8d18-2513f86e7d44 resource provider not found; error: Placement Client Error (4xx): {"errors": [{"status": 404, "title": "Not Found", "detail": "The resource could not be found.\n\n No resource provider with uuid c3285897-5536-44e2-8d18-2513f86e7d44 found for delete ", "request_id": "req-1538bc0b-e1a7-4ab3-8302-4832657a0d61"}]}
2026-05-08 11:30:24.853 10 INFO neutron.wsgi [None req-bc416bbe-7751-4c52-b1b2-f44715d7479e 1623486798b54484b4884c4b34ffed68 8217937b2bba4ca09a21a8730bb53868 - - default default] 10.0.0.11 "DELETE /v2.0/security-groups/18cac951-ccd3-455f-be1b-e3891f1261e1 HTTP/1.1" status: 204 len: 168 time: 0.3306799
2026-05-08 11:30:24.881 10 INFO neutron.db.ovn_revision_numbers_db [None req-33f225ed-5788-4b12-a030-2a5b34763b21 - - - - - -] Successfully bumped revision number for resource bf6bcd28-a1d3-40a9-89ce-de3019515753 (type: ports) to 2
2026-05-08 11:30:24.994 10 INFO neutron.db.ovn_revision_numbers_db [None req-33f225ed-5788-4b12-a030-2a5b34763b21 - - - - - -] Successfully bumped revision number for resource bf6bcd28-a1d3-40a9-89ce-de3019515753 (type: router_ports) to 2
2026-05-08 11:30:25.112 9 INFO neutron.db.ovn_revision_numbers_db [req-9af7bb8e-f01a-4f67-b172-e62098ca390b req-fc65c716-3418-4b22-85ef-0bbdcd7efd82 c1a14eb363e64671aa12c13814dcf998 6a319067e6d348fe8ed0bd50f117f34d - - 9a3c083474a74e18aa24764183a01c97 9a3c083474a74e18aa24764183a01c97] Successfully bumped revision number for resource 833d4939-0fef-4f15-b49e-56d057b926cc (type: ports) to 2 /var/lib/openstack/lib/python3.10/site-packages/pycadf/identifier.py:71: UserWarning: Invalid uuid: neutron. To ensure interoperability, identifiers should be a valid uuid. warnings.warn(('Invalid uuid: %s. To ensure interoperability, '
2026-05-08 11:30:25.406 9 INFO neutron.wsgi [req-79639de0-dd95-4068-9327-8de4ed1ce765 req-3fcf0266-3f55-4040-8f2d-44764406076e 91f5de670fcf43d39c7f9aa6994a4212 b735cb78c3104a0da62525074e2b2e87 - - default default] 10.0.0.209 "GET /v2.0/ports?device_id=78311bd3-a864-47fd-93d1-74fb86d95418 HTTP/1.1" status: 200 len: 1168 time: 0.0691245
2026-05-08 11:30:25.455 9 INFO neutron.wsgi [None req-fdf5538c-d002-4ef7-84d7-d725528c5f93 4b1c81b169ad4a57840e1c9a962734da d38bedc0e3e44b0d9ff8df67061c8f5e - - default default] 10.0.0.11 "GET /v2.0/extensions HTTP/1.1" status: 200 len: 16520 time: 0.1261883
2026-05-08 11:30:25.462 9 INFO neutron.db.ovn_revision_numbers_db [req-9af7bb8e-f01a-4f67-b172-e62098ca390b req-fc65c716-3418-4b22-85ef-0bbdcd7efd82 c1a14eb363e64671aa12c13814dcf998 6a319067e6d348fe8ed0bd50f117f34d - - 9a3c083474a74e18aa24764183a01c97 9a3c083474a74e18aa24764183a01c97] Successfully bumped revision number for resource 833d4939-0fef-4f15-b49e-56d057b926cc (type: ports) to 2
2026-05-08 11:30:25.482 9 INFO neutron.wsgi [None req-ecf3daa8-7585-418c-86db-845440b6fd44 4b1c81b169ad4a57840e1c9a962734da d38bedc0e3e44b0d9ff8df67061c8f5e - - default default] 10.0.0.11 "GET /v2.0/extensions/address-group HTTP/1.1" status: 200 len: 353 time: 0.0166857
2026-05-08 11:30:25.494 9 INFO neutron.wsgi [None req-980db087-0103-4d11-8308-39b6bec3f8b0 4b1c81b169ad4a57840e1c9a962734da d38bedc0e3e44b0d9ff8df67061c8f5e - - default default] 10.0.0.11 "GET /v2.0/extensions/address-scope HTTP/1.1" status: 200 len: 357 time: 0.0056758
2026-05-08 11:30:25.513 9 INFO neutron.wsgi [None req-3cd7e03c-b603-470c-875f-42840bf7a891 4b1c81b169ad4a57840e1c9a962734da d38bedc0e3e44b0d9ff8df67061c8f5e - - default default] 10.0.0.11 "GET /v2.0/extensions/agent HTTP/1.1" status: 200 len: 347 time: 0.0107343
2026-05-08 11:30:25.527 9 INFO neutron.wsgi [None req-2460426d-1375-4152-bb46-1253da83a8ca 4b1c81b169ad4a57840e1c9a962734da d38bedc0e3e44b0d9ff8df67061c8f5e - - default default] 10.0.0.11 "GET /v2.0/extensions/allowed-address-pairs HTTP/1.1" status: 200 len: 378 time: 0.0079551
2026-05-08 11:30:25.530 9 INFO neutron.wsgi [req-79639de0-dd95-4068-9327-8de4ed1ce765 req-b18db1cc-7a10-4ab9-a01c-81e317f8622b 91f5de670fcf43d39c7f9aa6994a4212 b735cb78c3104a0da62525074e2b2e87 - - default default] 10.0.0.209 "GET /v2.0/security-groups?id=df40a38c-25b9-4bba-b942-131ec124d5d0&fields=id&fields=name HTTP/1.1" status: 200 len: 312 time: 0.1166766
2026-05-08 11:30:25.533 9 INFO neutron.wsgi [req-9af7bb8e-f01a-4f67-b172-e62098ca390b req-fc65c716-3418-4b22-85ef-0bbdcd7efd82 c1a14eb363e64671aa12c13814dcf998 6a319067e6d348fe8ed0bd50f117f34d - - 9a3c083474a74e18aa24764183a01c97 9a3c083474a74e18aa24764183a01c97] 199.204.45.109 "PUT /v2.0/ports/833d4939-0fef-4f15-b49e-56d057b926cc HTTP/1.1" status: 200 len: 1376 time: 1.1875052
2026-05-08 11:30:25.545 9 INFO neutron.wsgi [None req-ff53550d-e9c4-4ed7-9126-c18631205ca1 4b1c81b169ad4a57840e1c9a962734da d38bedc0e3e44b0d9ff8df67061c8f5e - - default default] 10.0.0.11 "GET /v2.0/extensions/auto-allocated-topology HTTP/1.1" status: 200 len: 394 time: 0.0043077
2026-05-08 11:30:25.562 10 INFO neutron.wsgi [None req-4e2bc08e-e828-4b46-b036-1b3785a0dccd 4b1c81b169ad4a57840e1c9a962734da d38bedc0e3e44b0d9ff8df67061c8f5e - - default default] 10.0.0.11 "GET /v2.0/extensions/availability_zone HTTP/1.1" status: 200 len: 372 time: 0.0062404
2026-05-08 11:30:25.571 10 INFO neutron.wsgi [None req-992bd7dc-d221-42a8-84d3-afe5ff4e886e 4b1c81b169ad4a57840e1c9a962734da d38bedc0e3e44b0d9ff8df67061c8f5e - - default default] 10.0.0.11 "GET /v2.0/extensions/default-subnetpools HTTP/1.1" status: 200 len: 405 time: 0.0052054
2026-05-08 11:30:25.586 10 INFO neutron.wsgi [None req-056d5b75-4619-492b-a549-26cc66dfb38b 1623486798b54484b4884c4b34ffed68 8217937b2bba4ca09a21a8730bb53868 - - default default] 10.0.0.245 "GET /v2.0/routers HTTP/1.1" status: 200 len: 1530 time: 0.3544123
2026-05-08 11:30:25.600 10 INFO neutron.wsgi [None req-3c87e985-67be-4b06-a501-1976522e3d90 4b1c81b169ad4a57840e1c9a962734da d38bedc0e3e44b0d9ff8df67061c8f5e - - default default] 10.0.0.11 "GET /v2.0/extensions/dhcp_agent_scheduler HTTP/1.1" status: 200 len: 381 time: 0.0123727
2026-05-08 11:30:25.606 10 INFO neutron.wsgi [None req-734ede32-ffd2-41f3-b016-d95f565f8249 4b1c81b169ad4a57840e1c9a962734da d38bedc0e3e44b0d9ff8df67061c8f5e - - default default] 10.0.0.11 "GET /v2.0/extensions/dns-integration HTTP/1.1" status: 200 len: 366 time: 0.0027976
2026-05-08 11:30:25.613 10 INFO neutron.wsgi [None req-f8de0be1-0e0b-4c30-9618-f932b42d57da 4b1c81b169ad4a57840e1c9a962734da d38bedc0e3e44b0d9ff8df67061c8f5e - - default default] 10.0.0.11 "GET /v2.0/extensions/dns-domain-ports HTTP/1.1" status: 200 len: 399 time: 0.0029247
2026-05-08 11:30:25.615 10 INFO neutron.wsgi [None req-8ea6aade-d687-4552-8660-25c74b79dac0 1623486798b54484b4884c4b34ffed68 8217937b2bba4ca09a21a8730bb53868 - - default default] 10.0.0.245 "GET /v2.0/agents?binary=ovn-controller HTTP/1.1" status: 200 len: 591 time: 0.0280843
2026-05-08 11:30:25.620 10 INFO neutron.wsgi [None req-a9a03afb-576e-4ce5-8afb-546e929e07c0 4b1c81b169ad4a57840e1c9a962734da d38bedc0e3e44b0d9ff8df67061c8f5e - - default default] 10.0.0.11 "GET /v2.0/extensions/dns-integration-domain-keywords HTTP/1.1" status: 200 len: 477 time: 0.0038331
2026-05-08 11:30:25.637 10 INFO neutron.wsgi [None req-ec089a84-40a1-4931-8cb4-c89108fef060 4b1c81b169ad4a57840e1c9a962734da d38bedc0e3e44b0d9ff8df67061c8f5e - - default default] 10.0.0.11 "GET /v2.0/extensions/external-net HTTP/1.1" status: 200 len: 394 time: 0.0131991
2026-05-08 11:30:25.647 10 INFO neutron.wsgi [None req-1c69e933-9c9c-4d4c-a13f-fdf951833e19 4b1c81b169ad4a57840e1c9a962734da d38bedc0e3e44b0d9ff8df67061c8f5e - - default default] 10.0.0.11 "GET /v2.0/extensions/extra_dhcp_opt HTTP/1.1" status: 200 len: 498 time: 0.0031893
2026-05-08 11:30:25.648 10 INFO neutron.wsgi [None req-003f0e70-4342-4012-8aff-dd01a6bba446 1623486798b54484b4884c4b34ffed68 8217937b2bba4ca09a21a8730bb53868 - - default default] 10.0.0.245 "GET /v2.0/floatingips HTTP/1.1" status: 200 len: 730 time: 0.0313945
2026-05-08 11:30:25.656 10 INFO neutron.wsgi [None req-a6f65c93-8700-4e02-b9b5-18e9750497e7 4b1c81b169ad4a57840e1c9a962734da d38bedc0e3e44b0d9ff8df67061c8f5e - - default default] 10.0.0.11 "GET /v2.0/extensions/extraroute HTTP/1.1" status: 200 len: 375 time: 0.0035233
2026-05-08 11:30:25.665 9 INFO neutron.wsgi [None req-9bd6da6f-8bc0-4f4d-9532-524f831260ba 1623486798b54484b4884c4b34ffed68 8217937b2bba4ca09a21a8730bb53868 - - default default] 10.0.0.11 "PUT /v2.0/routers/1dbba4ff-4351-4dd5-8c10-5012135388d2/remove_router_interface HTTP/1.1" status: 200 len: 503 time: 1.3662000
2026-05-08 11:30:25.672 10 INFO neutron.wsgi [None req-b78b88ae-35ff-45a4-9b3d-e673ac14f5da 4b1c81b169ad4a57840e1c9a962734da d38bedc0e3e44b0d9ff8df67061c8f5e - - default default] 10.0.0.11 "GET /v2.0/extensions/filter-validation HTTP/1.1" status: 200 len: 392 time: 0.0040724
2026-05-08 11:30:25.675 9 INFO neutron.wsgi [req-9af7bb8e-f01a-4f67-b172-e62098ca390b req-34954594-e0dd-4524-a793-a700ff3be31e c1a14eb363e64671aa12c13814dcf998 6a319067e6d348fe8ed0bd50f117f34d - - 9a3c083474a74e18aa24764183a01c97 9a3c083474a74e18aa24764183a01c97] 199.204.45.109 "GET /v2.0/ports?tenant_id=b735cb78c3104a0da62525074e2b2e87&device_id=78311bd3-a864-47fd-93d1-74fb86d95418 HTTP/1.1" status: 200 len: 1407 time: 0.0902982 /var/lib/openstack/lib/python3.10/site-packages/pycadf/identifier.py:71: UserWarning: Invalid uuid: neutron. To ensure interoperability, identifiers should be a valid uuid. warnings.warn(('Invalid uuid: %s. To ensure interoperability, '
2026-05-08 11:30:25.684 10 INFO neutron.wsgi [None req-33b5d0a3-ea7d-4871-a716-d9e30e3f9864 4b1c81b169ad4a57840e1c9a962734da d38bedc0e3e44b0d9ff8df67061c8f5e - - default default] 10.0.0.11 "GET /v2.0/extensions/floating-ip-port-forwarding-detail HTTP/1.1" status: 200 len: 465 time: 0.0052207
2026-05-08 11:30:25.698 10 INFO neutron.wsgi [None req-d34f6fca-2348-4b16-87a8-cb454a276fce 4b1c81b169ad4a57840e1c9a962734da d38bedc0e3e44b0d9ff8df67061c8f5e - - default default] 10.0.0.11 "GET /v2.0/extensions/fip-port-details HTTP/1.1" status: 200 len: 406 time: 0.0045753
2026-05-08 11:30:25.705 10 INFO neutron.wsgi [None req-420e5cb8-db62-4706-8d22-4d3dcf14dc0f 4b1c81b169ad4a57840e1c9a962734da d38bedc0e3e44b0d9ff8df67061c8f5e - - default default] 10.0.0.11 "GET /v2.0/extensions/flavors HTTP/1.1" status: 200 len: 387 time: 0.0039759
2026-05-08 11:30:25.712 10 INFO neutron.wsgi [None req-63cbc5a9-77c4-4944-ad14-c105c4bcfc60 4b1c81b169ad4a57840e1c9a962734da d38bedc0e3e44b0d9ff8df67061c8f5e - - default default] 10.0.0.11 "GET /v2.0/extensions/floatingip-pools HTTP/1.1" status: 200 len: 382 time: 0.0035722
2026-05-08 11:30:25.717 10 INFO neutron.wsgi [None req-f7e9a974-0b8f-4b05-acac-6e3d95bb5a9a 1623486798b54484b4884c4b34ffed68 8217937b2bba4ca09a21a8730bb53868 - - default default] 10.0.0.245 "GET /v2.0/security-groups HTTP/1.1" status: 200 len: 25089 time: 0.0671473
2026-05-08 11:30:25.720 10 INFO neutron.wsgi [None req-7491db6b-a93c-410a-829e-252cdc834ce6 4b1c81b169ad4a57840e1c9a962734da d38bedc0e3e44b0d9ff8df67061c8f5e - - default default] 10.0.0.11 "GET /v2.0/extensions/ip_allocation HTTP/1.1" status: 200 len: 356 time: 0.0028725
2026-05-08 11:30:25.726 10 INFO neutron.wsgi [None req-1506c3e5-0c80-4eed-8386-8250c9602c94 4b1c81b169ad4a57840e1c9a962734da d38bedc0e3e44b0d9ff8df67061c8f5e - - default default] 10.0.0.11 "GET /v2.0/extensions/l2_adjacency HTTP/1.1" status: 200 len: 372 time: 0.0027864
2026-05-08 11:30:25.737 10 INFO neutron.wsgi [None req-d34000bb-a770-4e65-8bab-ce6c4b6c4bca 4b1c81b169ad4a57840e1c9a962734da d38bedc0e3e44b0d9ff8df67061c8f5e - - default default] 10.0.0.11 "GET /v2.0/extensions/router HTTP/1.1" status: 200 len: 450 time: 0.0059328
2026-05-08 11:30:25.747 10 INFO neutron.wsgi [None req-178ae88b-96dc-44cb-bab9-8c1f62dac5f2 4b1c81b169ad4a57840e1c9a962734da d38bedc0e3e44b0d9ff8df67061c8f5e - - default default] 10.0.0.11 "GET /v2.0/extensions/ext-gw-mode HTTP/1.1" status: 200 len: 462 time: 0.0045888
2026-05-08 11:30:25.749 10 INFO neutron.wsgi [None req-a6ff3cee-d879-4322-93a0-e72540b4c7f4 1623486798b54484b4884c4b34ffed68 8217937b2bba4ca09a21a8730bb53868 - - default default] 10.0.0.245 "GET /v2.0/network-ip-availabilities HTTP/1.1" status: 200 len: 2222 time: 0.0227110
2026-05-08 11:30:25.759 10 INFO neutron.wsgi [None req-65f6445f-1dd8-4273-9102-6255b9cda3ab 4b1c81b169ad4a57840e1c9a962734da d38bedc0e3e44b0d9ff8df67061c8f5e - - default default] 10.0.0.11 "GET /v2.0/extensions/logging HTTP/1.1" status: 200 len: 407 time: 0.0044014
2026-05-08 11:30:25.765 10 INFO neutron.wsgi [None req-521a1d55-0904-43ef-a7cd-0df479d2bc38 1623486798b54484b4884c4b34ffed68 8217937b2bba4ca09a21a8730bb53868 - - default default] 10.0.0.245 "GET /v2.0/agents HTTP/1.1" status: 200 len: 997 time: 0.0142980
2026-05-08 11:30:25.769 10 INFO neutron.wsgi [None req-6222cf9a-e654-4711-8d6e-54879cea8f8f 4b1c81b169ad4a57840e1c9a962734da d38bedc0e3e44b0d9ff8df67061c8f5e - - default default] 10.0.0.11 "GET /v2.0/extensions/multi-provider HTTP/1.1" status: 200 len: 406 time: 0.0040233
2026-05-08 11:30:25.779 10 INFO neutron.wsgi [None req-870704e2-4fb1-4a72-83c1-5d046054706a 4b1c81b169ad4a57840e1c9a962734da d38bedc0e3e44b0d9ff8df67061c8f5e - - default default] 10.0.0.11 "GET /v2.0/extensions/net-mtu HTTP/1.1" status: 200 len: 370 time: 0.0035517
2026-05-08 11:30:25.790 10 INFO neutron.wsgi [None req-a12dfa6e-3eff-49a7-b367-9562b9830217 4b1c81b169ad4a57840e1c9a962734da d38bedc0e3e44b0d9ff8df67061c8f5e - - default default] 10.0.0.11 "GET /v2.0/extensions/net-mtu-writable HTTP/1.1" status: 200 len: 401 time: 0.0059476
2026-05-08 11:30:25.799 10 INFO neutron.wsgi [None req-958aea89-62b9-426b-8fee-9b1c09a0fa6c 4b1c81b169ad4a57840e1c9a962734da d38bedc0e3e44b0d9ff8df67061c8f5e - - default default] 10.0.0.11 "GET /v2.0/extensions/network_availability_zone HTTP/1.1" status: 200 len: 394 time: 0.0050917
2026-05-08 11:30:25.816 10 INFO neutron.wsgi [None req-16a47174-910f-4303-a639-8bb78749f107 4b1c81b169ad4a57840e1c9a962734da d38bedc0e3e44b0d9ff8df67061c8f5e - - default default] 10.0.0.11 "GET /v2.0/extensions/network-ip-availability HTTP/1.1" status: 200 len: 410 time: 0.0079350
2026-05-08 11:30:25.824 10 INFO neutron.wsgi [None req-b964ca65-971b-4ecf-806f-48515a90ac27 4b1c81b169ad4a57840e1c9a962734da d38bedc0e3e44b0d9ff8df67061c8f5e - - default default] 10.0.0.11 "GET /v2.0/extensions/pagination HTTP/1.1" status: 200 len: 386 time: 0.0042617
2026-05-08 11:30:25.836 10 INFO neutron.wsgi [None req-e1449b12-9dcd-40cf-ad3f-d72c05bf9cf7 4b1c81b169ad4a57840e1c9a962734da d38bedc0e3e44b0d9ff8df67061c8f5e - - default default] 10.0.0.11 "GET /v2.0/extensions/port-device-profile HTTP/1.1" status: 200 len: 383 time: 0.0053649
2026-05-08 11:30:25.844 10 INFO neutron.wsgi [None req-ba3ae58e-a35e-4ccd-93e2-09205c59fc46 4b1c81b169ad4a57840e1c9a962734da d38bedc0e3e44b0d9ff8df67061c8f5e - - default default] 10.0.0.11 "GET /v2.0/extensions/port-mac-address-regenerate HTTP/1.1" status: 200 len: 403 time: 0.0056341
2026-05-08 11:30:25.854 10 INFO neutron.wsgi [None req-1eb2e0e4-a5ce-46c4-bd7b-7396e4b174fd 4b1c81b169ad4a57840e1c9a962734da d38bedc0e3e44b0d9ff8df67061c8f5e - - default default] 10.0.0.11 "GET /v2.0/extensions/port-numa-affinity-policy HTTP/1.1" status: 200 len: 392 time: 0.0052960
2026-05-08 11:30:25.860 9 INFO neutron.wsgi [req-9af7bb8e-f01a-4f67-b172-e62098ca390b req-ab764120-b53b-4d87-87ee-f9eb71ed8906 c1a14eb363e64671aa12c13814dcf998 6a319067e6d348fe8ed0bd50f117f34d - - 9a3c083474a74e18aa24764183a01c97 9a3c083474a74e18aa24764183a01c97] 199.204.45.109 "GET /v2.0/floatingips?fixed_ip_address=10.100.0.6&port_id=833d4939-0fef-4f15-b49e-56d057b926cc HTTP/1.1" status: 200 len: 217 time: 0.1807828
2026-05-08 11:30:25.863 10 INFO neutron.wsgi [None req-0a2d5e67-ac3b-4588-bb13-7319314013e4 4b1c81b169ad4a57840e1c9a962734da d38bedc0e3e44b0d9ff8df67061c8f5e - - default default] 10.0.0.11 "GET /v2.0/extensions/port-resource-request HTTP/1.1" status: 200 len: 379 time: 0.0050471
2026-05-08 11:30:25.866 10 INFO neutron.wsgi [None req-d0a07f6b-bfe4-410b-92f2-a166a0fa708a 1623486798b54484b4884c4b34ffed68 8217937b2bba4ca09a21a8730bb53868 - - default default] 10.0.0.245 "GET /v2.0/networks HTTP/1.1" status: 200 len: 3865 time: 0.0999365
2026-05-08 11:30:25.878 10 INFO neutron.wsgi [None req-f11f76e7-364f-41fa-a0c9-f6f3311a287c 4b1c81b169ad4a57840e1c9a962734da d38bedc0e3e44b0d9ff8df67061c8f5e - - default default] 10.0.0.11 "GET /v2.0/extensions/port-resource-request-groups HTTP/1.1" status: 200 len: 465 time: 0.0092452
2026-05-08 11:30:25.900 9 INFO neutron.wsgi [None req-e4079e15-df7d-428a-b01c-828eaa577715 4b1c81b169ad4a57840e1c9a962734da d38bedc0e3e44b0d9ff8df67061c8f5e - - default default] 10.0.0.11 "GET /v2.0/extensions/binding HTTP/1.1" status: 200 len: 387 time: 0.0105703
2026-05-08 11:30:25.910 9 INFO neutron.wsgi [None req-4c76d493-8f32-4556-8a1b-e0d988b8d937 4b1c81b169ad4a57840e1c9a962734da d38bedc0e3e44b0d9ff8df67061c8f5e - - default default] 10.0.0.11 "GET /v2.0/extensions/binding-extended HTTP/1.1" status: 200 len: 406 time: 0.0048714
2026-05-08 11:30:25.910 10 INFO neutron.wsgi [None req-80bd2e5d-1dd2-4904-abab-5bd4b03d3b5e 1623486798b54484b4884c4b34ffed68 8217937b2bba4ca09a21a8730bb53868 - - default default] 10.0.0.245 "GET /v2.0/ports HTTP/1.1" status: 200 len: 12933 time: 0.0417349
2026-05-08 11:30:25.918 10 INFO neutron.wsgi [None req-1ab8a589-a892-4487-bfc5-a95ba3015144 4b1c81b169ad4a57840e1c9a962734da d38bedc0e3e44b0d9ff8df67061c8f5e - - default default] 10.0.0.11 "GET /v2.0/extensions/port-security HTTP/1.1" status: 200 len: 354 time: 0.0036612
2026-05-08 11:30:25.926 9 INFO neutron.wsgi [None req-a0f5ecc9-a345-4403-badd-ad10c4d4a570 4b1c81b169ad4a57840e1c9a962734da d38bedc0e3e44b0d9ff8df67061c8f5e - - default default] 10.0.0.11 "GET /v2.0/extensions/project-id HTTP/1.1" status: 200 len: 398 time: 0.0042360
2026-05-08 11:30:25.941 9 INFO neutron.wsgi [None req-4040cae7-ab27-47d7-847f-890d709da0cb 4b1c81b169ad4a57840e1c9a962734da d38bedc0e3e44b0d9ff8df67061c8f5e - - default default] 10.0.0.11 "GET /v2.0/extensions/provider HTTP/1.1" status: 200 len: 385 time: 0.0077248
2026-05-08 11:30:25.949 10 INFO neutron.wsgi [None req-5a99b14a-c681-4d68-b628-d07f438cf608 4b1c81b169ad4a57840e1c9a962734da d38bedc0e3e44b0d9ff8df67061c8f5e - - default default] 10.0.0.11 "GET /v2.0/extensions/qos HTTP/1.1" status: 200 len: 360 time: 0.0037374
2026-05-08 11:30:25.950 9 INFO neutron.wsgi [req-9af7bb8e-f01a-4f67-b172-e62098ca390b req-9b67fb0a-39ae-43a7-b53f-9bcfe0f99d4c c1a14eb363e64671aa12c13814dcf998 6a319067e6d348fe8ed0bd50f117f34d - - 9a3c083474a74e18aa24764183a01c97 9a3c083474a74e18aa24764183a01c97] 199.204.45.109 "GET /v2.0/subnets?id=b75ef62b-3fc7-48b4-9174-881ec7dd57b4 HTTP/1.1" status: 200 len: 862 time: 0.0721657
2026-05-08 11:30:25.956 10 INFO neutron.wsgi [None req-c4ca3c88-3b59-494f-ad74-5adafb63ebef 1623486798b54484b4884c4b34ffed68 8217937b2bba4ca09a21a8730bb53868 - - default default] 10.0.0.245 "GET /v2.0/subnets HTTP/1.1" status: 200 len: 2744 time: 0.0357921
2026-05-08 11:30:25.965 10 INFO neutron.wsgi [None req-a4898418-29ee-4720-b194-666aeb30f8f9 4b1c81b169ad4a57840e1c9a962734da d38bedc0e3e44b0d9ff8df67061c8f5e - - default default] 10.0.0.11 "GET /v2.0/extensions/qos-bw-limit-direction HTTP/1.1" status: 200 len: 452 time: 0.0078502
2026-05-08 11:30:25.969 10 INFO neutron.wsgi [None req-80de7b58-9cba-4da5-97f3-c9bc1030c4a3 1623486798b54484b4884c4b34ffed68 8217937b2bba4ca09a21a8730bb53868 - - default default] 10.0.0.245 "GET /v2.0/subnetpools HTTP/1.1" status: 200 len: 193 time: 0.0125937
2026-05-08 11:30:25.975 10 INFO neutron.wsgi [None req-f345714d-f258-4e02-8085-d81b23033a0b 4b1c81b169ad4a57840e1c9a962734da d38bedc0e3e44b0d9ff8df67061c8f5e - - default default] 10.0.0.11 "GET /v2.0/extensions/qos-bw-minimum-ingress HTTP/1.1" status: 200 len: 445 time: 0.0047796
2026-05-08 11:30:25.983 10 INFO neutron.wsgi [None req-8a5371f8-f51f-4101-a776-5b4d582b7102 4b1c81b169ad4a57840e1c9a962734da d38bedc0e3e44b0d9ff8df67061c8f5e - - default default] 10.0.0.11 "GET /v2.0/extensions/qos-default HTTP/1.1" status: 200 len: 377 time: 0.0027323
2026-05-08 11:30:25.996 10 INFO neutron.wsgi [None req-2134ae3f-bdfb-425d-960b-0b800cd147b9 4b1c81b169ad4a57840e1c9a962734da d38bedc0e3e44b0d9ff8df67061c8f5e - - default default] 10.0.0.11 "GET /v2.0/extensions/qos-fip HTTP/1.1" status: 200 len: 372 time: 0.0047970
2026-05-08 11:30:26.007 10 INFO neutron.wsgi [None req-6af8df3f-5996-48a6-ba17-09fbd0bd3f73 4b1c81b169ad4a57840e1c9a962734da d38bedc0e3e44b0d9ff8df67061c8f5e - - default default] 10.0.0.11 "GET /v2.0/extensions/qos-gateway-ip HTTP/1.1" status: 200 len: 391 time: 0.0049894
2026-05-08 11:30:26.012 10 INFO neutron.wsgi [None req-240bef24-3d5f-4044-a765-3a05b967bb04 1623486798b54484b4884c4b34ffed68 8217937b2bba4ca09a21a8730bb53868 - - default default] 10.0.0.245 "GET /v2.0/subnets HTTP/1.1" status: 200 len: 2744 time: 0.0411091
2026-05-08 11:30:26.012 9 INFO neutron.wsgi [req-9af7bb8e-f01a-4f67-b172-e62098ca390b req-90f17193-c5e8-413c-ad9d-a7581fd1476b c1a14eb363e64671aa12c13814dcf998 6a319067e6d348fe8ed0bd50f117f34d - - 9a3c083474a74e18aa24764183a01c97 9a3c083474a74e18aa24764183a01c97] 199.204.45.109 "GET /v2.0/ports?network_id=c65c974b-6f77-487c-8433-f5a08df5fa8b&device_owner=network%3Adhcp HTTP/1.1" status: 200 len: 210 time: 0.0541751
2026-05-08 11:30:26.015 10 INFO neutron.wsgi [None req-5aa47751-0427-4358-8848-2bb7ab09b873 4b1c81b169ad4a57840e1c9a962734da d38bedc0e3e44b0d9ff8df67061c8f5e - - default default] 10.0.0.11 "GET /v2.0/extensions/qos-port-network-policy HTTP/1.1" status: 200 len: 403 time: 0.0057585
2026-05-08 11:30:26.023 10 INFO neutron.wsgi [None req-f6767bb5-ba61-47c8-b47b-6acfe5ef2976 4b1c81b169ad4a57840e1c9a962734da d38bedc0e3e44b0d9ff8df67061c8f5e - - default default] 10.0.0.11 "GET /v2.0/extensions/qos-pps-minimum HTTP/1.1" status: 200 len: 397 time: 0.0028362
2026-05-08 11:30:26.032 10 INFO neutron.wsgi [None req-a40ef5c2-87f9-4b8c-a525-cbad3feea5c8 4b1c81b169ad4a57840e1c9a962734da d38bedc0e3e44b0d9ff8df67061c8f5e - - default default] 10.0.0.11 "GET /v2.0/extensions/qos-pps-minimum-rule-alias HTTP/1.1" status: 200 len: 471 time: 0.0039620
2026-05-08 11:30:26.037 10 INFO neutron.wsgi [None req-ad1ef90d-b27b-4dcb-ad97-f97abd777988 4b1c81b169ad4a57840e1c9a962734da d38bedc0e3e44b0d9ff8df67061c8f5e - - default default] 10.0.0.11 "GET /v2.0/extensions/qos-pps HTTP/1.1" status: 200 len: 389 time: 0.0026522
2026-05-08 11:30:26.043 10 INFO neutron.wsgi [None req-ac648b04-e49b-40b9-a92a-bfd0bd48f4c1 4b1c81b169ad4a57840e1c9a962734da d38bedc0e3e44b0d9ff8df67061c8f5e - - default default] 10.0.0.11 "GET /v2.0/extensions/qos-rule-type-details HTTP/1.1" status: 200 len: 423 time: 0.0030725
2026-05-08 11:30:26.050 10 INFO neutron.wsgi [None req-13a87a73-4ce7-4931-8b41-f50f0581b064 4b1c81b169ad4a57840e1c9a962734da d38bedc0e3e44b0d9ff8df67061c8f5e - - default default] 10.0.0.11 "GET /v2.0/extensions/qos-rule-type-filter HTTP/1.1" status: 200 len: 567 time: 0.0026658
2026-05-08 11:30:26.056 10 INFO neutron.wsgi [None req-f61f61fc-0ddf-47f7-914b-dc7d711e3f24 4b1c81b169ad4a57840e1c9a962734da d38bedc0e3e44b0d9ff8df67061c8f5e - - default default] 10.0.0.11 "GET /v2.0/extensions/qos-rules-alias HTTP/1.1" status: 200 len: 448 time: 0.0026929
2026-05-08 11:30:26.062 10 INFO neutron.wsgi [None req-fce1f4d5-d933-4ac0-80bb-d6b6fea3e712 4b1c81b169ad4a57840e1c9a962734da d38bedc0e3e44b0d9ff8df67061c8f5e - - default default] 10.0.0.11 "GET /v2.0/extensions/quota-check-limit HTTP/1.1" status: 200 len: 420 time: 0.0026798
2026-05-08 11:30:26.070 10 INFO neutron.wsgi [None req-6cc6e228-89f8-4eef-a0c3-d36e0a95017f 4b1c81b169ad4a57840e1c9a962734da d38bedc0e3e44b0d9ff8df67061c8f5e - - default default] 10.0.0.11 "GET /v2.0/extensions/quotas HTTP/1.1" status: 200 len: 386 time: 0.0041323
2026-05-08 11:30:26.076 10 INFO neutron.wsgi [None req-cb3a3903-c417-4c07-91e0-fbe811eff200 4b1c81b169ad4a57840e1c9a962734da d38bedc0e3e44b0d9ff8df67061c8f5e - - default default] 10.0.0.11 "GET /v2.0/extensions/quota_details HTTP/1.1" status: 200 len: 407 time: 0.0037403
2026-05-08 11:30:26.088 10 INFO neutron.wsgi [None req-c1e5732b-f8a0-4d01-a103-51541265d306 4b1c81b169ad4a57840e1c9a962734da d38bedc0e3e44b0d9ff8df67061c8f5e - - default default] 10.0.0.11 "GET /v2.0/extensions/rbac-policies HTTP/1.1" status: 200 len: 417 time: 0.0078096
2026-05-08 11:30:26.096 10 INFO neutron.wsgi [None req-845b508f-a685-4648-83a9-9b9edf996cbf 4b1c81b169ad4a57840e1c9a962734da d38bedc0e3e44b0d9ff8df67061c8f5e - - default default] 10.0.0.11 "GET /v2.0/extensions/rbac-address-scope HTTP/1.1" status: 200 len: 384 time: 0.0040407
2026-05-08 11:30:26.105 10 INFO neutron.wsgi [None req-9bf90ccb-2db6-45ba-952d-40fb3aff888d 4b1c81b169ad4a57840e1c9a962734da d38bedc0e3e44b0d9ff8df67061c8f5e - - default default] 10.0.0.11 "GET /v2.0/extensions/rbac-security-groups HTTP/1.1" status: 200 len: 404 time: 0.0050299
2026-05-08 11:30:26.117 9 INFO neutron.notifiers.nova [-] Nova event matching ['req-d0a8ebcd-3acb-424a-8280-b29fab658698'] response: {'name': 'network-changed', 'server_uuid': '78311bd3-a864-47fd-93d1-74fb86d95418', 'tag': '833d4939-0fef-4f15-b49e-56d057b926cc', 'status': 'completed', 'code': 200}
2026-05-08 11:30:26.117 10 INFO neutron.wsgi [None req-63792889-2390-408d-b700-4225ce171531 4b1c81b169ad4a57840e1c9a962734da d38bedc0e3e44b0d9ff8df67061c8f5e - - default default] 10.0.0.11 "GET /v2.0/extensions/revision-if-match HTTP/1.1" status: 200 len: 441 time: 0.0049722
2026-05-08 11:30:26.125 10 INFO neutron.wsgi [None req-73888cac-455c-4c9a-88a7-1f75ce44f8d3 4b1c81b169ad4a57840e1c9a962734da d38bedc0e3e44b0d9ff8df67061c8f5e - - default default] 10.0.0.11 "GET /v2.0/extensions/standard-attr-revisions HTTP/1.1" status: 200 len: 423 time: 0.0041399
2026-05-08 11:30:26.126 9 INFO neutron.wsgi [req-9af7bb8e-f01a-4f67-b172-e62098ca390b req-4ca58d9a-18c5-432f-a5a3-fb3de9c8979e c1a14eb363e64671aa12c13814dcf998 6a319067e6d348fe8ed0bd50f117f34d - - 9a3c083474a74e18aa24764183a01c97 9a3c083474a74e18aa24764183a01c97] 199.204.45.109 "GET /v2.0/networks/c65c974b-6f77-487c-8433-f5a08df5fa8b?fields=segments HTTP/1.1" status: 200 len: 212 time: 0.1039016
2026-05-08 11:30:26.135 10 INFO neutron.wsgi [None req-dd63e646-cdb9-4b06-b2e2-f7d08142551d 4b1c81b169ad4a57840e1c9a962734da d38bedc0e3e44b0d9ff8df67061c8f5e - - default default] 10.0.0.11 "GET /v2.0/extensions/router_availability_zone HTTP/1.1" status: 200 len: 391 time: 0.0043283
2026-05-08 11:30:26.153 10 INFO neutron.wsgi [None req-1b6e3396-2ac0-4fb0-8774-097b9027335b 4b1c81b169ad4a57840e1c9a962734da d38bedc0e3e44b0d9ff8df67061c8f5e - - default default] 10.0.0.11 "GET /v2.0/extensions/security-groups-normalized-cidr HTTP/1.1" status: 200 len: 445 time: 0.0071895
2026-05-08 11:30:26.163 10 INFO neutron.wsgi [None req-f4742579-ccd7-4754-994b-5b4d6feb6193 4b1c81b169ad4a57840e1c9a962734da d38bedc0e3e44b0d9ff8df67061c8f5e - - default default] 10.0.0.11 "GET /v2.0/extensions/security-groups-remote-address-group HTTP/1.1" status: 200 len: 448 time: 0.0031376
2026-05-08 11:30:26.171 10 INFO neutron.wsgi [None req-9cc8a01c-7a6e-45fb-bb6a-1ba32bdd65dc 4b1c81b169ad4a57840e1c9a962734da d38bedc0e3e44b0d9ff8df67061c8f5e - - default default] 10.0.0.11 "GET /v2.0/extensions/security-groups-shared-filtering HTTP/1.1" status: 200 len: 435 time: 0.0041606
2026-05-08 11:30:26.181 10 INFO neutron.wsgi [None req-a2a8d368-cb30-4e41-a415-f120a49211c8 4b1c81b169ad4a57840e1c9a962734da d38bedc0e3e44b0d9ff8df67061c8f5e - - default default] 10.0.0.11 "GET /v2.0/extensions/security-group HTTP/1.1" status: 200 len: 364 time: 0.0070121
2026-05-08 11:30:26.197 10 INFO neutron.wsgi [None req-cc44c134-5061-43da-9fce-5e0ab3cb7d8e 4b1c81b169ad4a57840e1c9a962734da d38bedc0e3e44b0d9ff8df67061c8f5e - - default default] 10.0.0.11 "GET /v2.0/extensions/segment HTTP/1.1" status: 200 len: 339 time: 0.0118675
2026-05-08 11:30:26.209 10 INFO neutron.wsgi [None req-88873903-ed5f-4b67-a4a8-c639c6191618 4b1c81b169ad4a57840e1c9a962734da d38bedc0e3e44b0d9ff8df67061c8f5e - - default default] 10.0.0.11 "GET /v2.0/extensions/segments-peer-subnet-host-routes HTTP/1.1" status: 200 len: 427 time: 0.0050592
2026-05-08 11:30:26.218 10 INFO neutron.wsgi [None req-0b15c49b-7bcf-49ad-8fd0-189079d65304 4b1c81b169ad4a57840e1c9a962734da d38bedc0e3e44b0d9ff8df67061c8f5e - - default default] 10.0.0.11 "GET /v2.0/extensions/service-type HTTP/1.1" status: 200 len: 415 time: 0.0047812
2026-05-08 11:30:26.228 10 INFO neutron.wsgi [None req-0f46dfa9-e6b2-4ee5-b442-2f4b9c8a46ff 4b1c81b169ad4a57840e1c9a962734da d38bedc0e3e44b0d9ff8df67061c8f5e - - default default] 10.0.0.11 "GET /v2.0/extensions/sorting HTTP/1.1" status: 200 len: 377 time: 0.0047584
2026-05-08 11:30:26.238 10 INFO neutron.wsgi [None req-f1161be3-a960-4ec3-803a-bc39606450fe 4b1c81b169ad4a57840e1c9a962734da d38bedc0e3e44b0d9ff8df67061c8f5e - - default default] 10.0.0.11 "GET /v2.0/extensions/standard-attr-segment HTTP/1.1" status: 200 len: 406 time: 0.0064170
2026-05-08 11:30:26.246 10 INFO neutron.wsgi [None req-884c6d8a-eb95-41e0-a629-5155f4d19d85 4b1c81b169ad4a57840e1c9a962734da d38bedc0e3e44b0d9ff8df67061c8f5e - - default default] 10.0.0.11 "GET /v2.0/extensions/standard-attr-description HTTP/1.1" status: 200 len: 408 time: 0.0043561
2026-05-08 11:30:26.252 9 INFO neutron.wsgi [req-9af7bb8e-f01a-4f67-b172-e62098ca390b req-31459cd9-9f3d-4130-a86e-0e8ea0ae26d0 c1a14eb363e64671aa12c13814dcf998 6a319067e6d348fe8ed0bd50f117f34d - - 9a3c083474a74e18aa24764183a01c97 9a3c083474a74e18aa24764183a01c97] 199.204.45.109 "GET /v2.0/networks/c65c974b-6f77-487c-8433-f5a08df5fa8b?fields=provider%3Aphysical_network&fields=provider%3Anetwork_type HTTP/1.1" status: 200 len: 277 time: 0.1064312
2026-05-08 11:30:26.260 10 INFO neutron.wsgi [None req-9c621ed1-f9cb-4b91-a0b1-e49e293c8c5a 4b1c81b169ad4a57840e1c9a962734da d38bedc0e3e44b0d9ff8df67061c8f5e - - default default] 10.0.0.11 "GET /v2.0/extensions/stateful-security-group HTTP/1.1" status: 200 len: 402 time: 0.0071208
2026-05-08 11:30:26.272 10 INFO neutron.wsgi [None req-1d83ecde-a7d7-467a-953c-644eb565b9bc 4b1c81b169ad4a57840e1c9a962734da d38bedc0e3e44b0d9ff8df67061c8f5e - - default default] 10.0.0.11 "GET /v2.0/extensions/subnet-dns-publish-fixed-ip HTTP/1.1" status: 200 len: 421 time: 0.0069020
2026-05-08 11:30:26.281 10 INFO neutron.wsgi [None req-9573332b-3ca5-4b17-82a7-5397f6284492 4b1c81b169ad4a57840e1c9a962734da d38bedc0e3e44b0d9ff8df67061c8f5e - - default default] 10.0.0.11 "GET /v2.0/extensions/subnet-segmentid-writable HTTP/1.1" status: 200 len: 421 time: 0.0049279
2026-05-08 11:30:26.308 10 INFO neutron.wsgi [None req-4db3bb32-b38d-4be1-90d8-0eeb654b5ee3 4b1c81b169ad4a57840e1c9a962734da d38bedc0e3e44b0d9ff8df67061c8f5e - - default default] 10.0.0.11 "GET /v2.0/extensions/subnet-service-types HTTP/1.1" status: 200 len: 400 time: 0.0089309
2026-05-08 11:30:26.317 10 INFO neutron.wsgi [None req-853c9f09-ea71-4ad5-9837-4adba7a7348a 4b1c81b169ad4a57840e1c9a962734da d38bedc0e3e44b0d9ff8df67061c8f5e - - default default] 10.0.0.11 "GET /v2.0/extensions/subnet_allocation HTTP/1.1" status: 200 len: 388 time: 0.0043120
2026-05-08 11:30:26.325 10 INFO neutron.wsgi [None req-380a0b0b-7ea5-4815-a25c-b4a166273bb8 4b1c81b169ad4a57840e1c9a962734da d38bedc0e3e44b0d9ff8df67061c8f5e - - default default] 10.0.0.11 "GET /v2.0/extensions/subnetpool-prefix-ops HTTP/1.1" status: 200 len: 418 time: 0.0035675
2026-05-08 11:30:26.334 10 INFO neutron.wsgi [None req-917dad3b-5f8f-4d52-83c7-f8275e1a3695 4b1c81b169ad4a57840e1c9a962734da d38bedc0e3e44b0d9ff8df67061c8f5e - - default default] 10.0.0.11 "GET /v2.0/extensions/standard-attr-tag HTTP/1.1" status: 200 len: 537 time: 0.0055788
2026-05-08 11:30:26.344 9 INFO neutron.wsgi [req-89ec32a0-6efa-4859-b72b-46fb47039fe2 req-82ac6b37-e034-49df-b5b8-e14f66e8c1eb c1a14eb363e64671aa12c13814dcf998 6a319067e6d348fe8ed0bd50f117f34d - - 9a3c083474a74e18aa24764183a01c97 9a3c083474a74e18aa24764183a01c97] 199.204.45.109 "GET /v2.0/ports?tenant_id=b735cb78c3104a0da62525074e2b2e87&device_id=78311bd3-a864-47fd-93d1-74fb86d95418 HTTP/1.1" status: 200 len: 1407 time: 0.0409021
2026-05-08 11:30:26.345 10 INFO neutron.wsgi [None req-ddb7c3d9-890c-4ac3-a578-d54ddc11aa30 4b1c81b169ad4a57840e1c9a962734da d38bedc0e3e44b0d9ff8df67061c8f5e - - default default] 10.0.0.11 "GET /v2.0/extensions/standard-attr-timestamp HTTP/1.1" status: 200 len: 449 time: 0.0039065
2026-05-08 11:30:26.353 10 INFO neutron.wsgi [None req-d50e597d-91b6-4ef1-8af5-24e4abdfa539 4b1c81b169ad4a57840e1c9a962734da d38bedc0e3e44b0d9ff8df67061c8f5e - - default default] 10.0.0.11 "GET /v2.0/extensions/trunk HTTP/1.1" status: 200 len: 358 time: 0.0038853
2026-05-08 11:30:26.363 10 INFO neutron.wsgi [None req-4a44d343-0098-4c44-bac4-99d15a083caf 4b1c81b169ad4a57840e1c9a962734da d38bedc0e3e44b0d9ff8df67061c8f5e - - default default] 10.0.0.11 "GET /v2.0/extensions/trunk-details HTTP/1.1" status: 200 len: 362 time: 0.0038915
2026-05-08 11:30:26.531 9 INFO neutron.wsgi [req-89ec32a0-6efa-4859-b72b-46fb47039fe2 req-ed349461-b35f-4094-a5c1-69a4ae24765c c1a14eb363e64671aa12c13814dcf998 6a319067e6d348fe8ed0bd50f117f34d - - 9a3c083474a74e18aa24764183a01c97 9a3c083474a74e18aa24764183a01c97] 199.204.45.109 "GET /v2.0/networks?id=c65c974b-6f77-487c-8433-f5a08df5fa8b HTTP/1.1" status: 200 len: 967 time: 0.0787098
2026-05-08 11:30:26.569 9 INFO neutron.wsgi [req-89ec32a0-6efa-4859-b72b-46fb47039fe2 req-51f91b46-89ee-4c75-a23c-232ef3b54e81 c1a14eb363e64671aa12c13814dcf998 6a319067e6d348fe8ed0bd50f117f34d - - 9a3c083474a74e18aa24764183a01c97 9a3c083474a74e18aa24764183a01c97] 199.204.45.109 "GET /v2.0/floatingips?fixed_ip_address=10.100.0.6&port_id=833d4939-0fef-4f15-b49e-56d057b926cc HTTP/1.1" status: 200 len: 217 time: 0.0321934
2026-05-08 11:30:26.641 9 INFO neutron.wsgi [req-89ec32a0-6efa-4859-b72b-46fb47039fe2 req-4f31e0eb-247c-4ab8-a64d-814179d89212 c1a14eb363e64671aa12c13814dcf998 6a319067e6d348fe8ed0bd50f117f34d - - 9a3c083474a74e18aa24764183a01c97 9a3c083474a74e18aa24764183a01c97] 199.204.45.109 "GET /v2.0/subnets?id=b75ef62b-3fc7-48b4-9174-881ec7dd57b4 HTTP/1.1" status: 200 len: 862 time: 0.0643940
2026-05-08 11:30:26.701 9 INFO neutron.wsgi [req-89ec32a0-6efa-4859-b72b-46fb47039fe2 req-fb824ced-f1ce-41c7-8d16-015b8f61f84a c1a14eb363e64671aa12c13814dcf998 6a319067e6d348fe8ed0bd50f117f34d - - 9a3c083474a74e18aa24764183a01c97 9a3c083474a74e18aa24764183a01c97] 199.204.45.109 "GET /v2.0/ports?network_id=c65c974b-6f77-487c-8433-f5a08df5fa8b&device_owner=network%3Adhcp HTTP/1.1" status: 200 len: 210 time: 0.0491872
2026-05-08 11:30:26.778 9 INFO neutron.wsgi [req-c8bd24a5-df05-4e9e-b49a-df69afd95299 req-a63e679d-9b32-4109-ab5c-0a7e8e82d5aa 91f5de670fcf43d39c7f9aa6994a4212 b735cb78c3104a0da62525074e2b2e87 - - default default] 10.0.0.209 "GET /v2.0/ports?device_id=78311bd3-a864-47fd-93d1-74fb86d95418 HTTP/1.1" status: 200 len: 1168 time: 0.1830692
2026-05-08 11:30:26.795 9 INFO neutron.wsgi [None req-cd39902c-7d5d-4d8d-80ab-73a5a8959536 1623486798b54484b4884c4b34ffed68 8217937b2bba4ca09a21a8730bb53868 - - default default] 10.0.0.11 "DELETE /v2.0/routers/1dbba4ff-4351-4dd5-8c10-5012135388d2 HTTP/1.1" status: 204 len: 168 time: 1.1235354
2026-05-08 11:30:26.831 9 INFO neutron.wsgi [req-89ec32a0-6efa-4859-b72b-46fb47039fe2 req-5869a5ac-85e0-44af-aa35-0828e397e333 c1a14eb363e64671aa12c13814dcf998 6a319067e6d348fe8ed0bd50f117f34d - - 9a3c083474a74e18aa24764183a01c97 9a3c083474a74e18aa24764183a01c97] 199.204.45.109 "GET /v2.0/networks/c65c974b-6f77-487c-8433-f5a08df5fa8b?fields=segments HTTP/1.1" status: 200 len: 212 time: 0.1177528
2026-05-08 11:30:26.848 9 INFO neutron.wsgi [req-c8bd24a5-df05-4e9e-b49a-df69afd95299 req-98f3457f-69c2-4189-9ac5-374242949865 91f5de670fcf43d39c7f9aa6994a4212 b735cb78c3104a0da62525074e2b2e87 - - default default] 10.0.0.209 "GET /v2.0/security-groups?id=df40a38c-25b9-4bba-b942-131ec124d5d0&fields=id&fields=name HTTP/1.1" status: 200 len: 312 time: 0.0565324
2026-05-08 11:30:26.896 9 INFO neutron.wsgi [req-89ec32a0-6efa-4859-b72b-46fb47039fe2 req-c253c4fe-8bc1-4378-9b50-a39d754d4c84 c1a14eb363e64671aa12c13814dcf998 6a319067e6d348fe8ed0bd50f117f34d - - 9a3c083474a74e18aa24764183a01c97 9a3c083474a74e18aa24764183a01c97] 199.204.45.109 "GET /v2.0/networks/c65c974b-6f77-487c-8433-f5a08df5fa8b?fields=provider%3Aphysical_network&fields=provider%3Anetwork_type HTTP/1.1" status: 200 len: 277 time: 0.0579562
2026-05-08 11:30:26.959 9 INFO neutron.db.ovn_revision_numbers_db [None req-e08d2563-1f72-4d20-befd-5017b29da3b8 1623486798b54484b4884c4b34ffed68 8217937b2bba4ca09a21a8730bb53868 - - default default] Successfully bumped revision number for resource 28d0f079-9b6c-42bf-87e8-2d158486f64d (type: security_groups) to 1
2026-05-08 11:30:26.972 9 INFO neutron.db.ovn_revision_numbers_db [None req-e08d2563-1f72-4d20-befd-5017b29da3b8 1623486798b54484b4884c4b34ffed68 8217937b2bba4ca09a21a8730bb53868 - - default default] Successfully bumped revision number for resource 5b5c94e6-4b48-441e-93f0-00ca49f89d85 (type: security_group_rules) to 0
2026-05-08 11:30:26.985 9 INFO neutron.db.ovn_revision_numbers_db [None req-e08d2563-1f72-4d20-befd-5017b29da3b8 1623486798b54484b4884c4b34ffed68 8217937b2bba4ca09a21a8730bb53868 - - default default] Successfully bumped revision number for resource 81f5cba6-04b4-4e09-bfcd-37958b19e51f (type: security_group_rules) to 0
2026-05-08 11:30:27.008 9 INFO neutron.db.ovn_revision_numbers_db [None req-e08d2563-1f72-4d20-befd-5017b29da3b8 1623486798b54484b4884c4b34ffed68 8217937b2bba4ca09a21a8730bb53868 - - default default] Successfully bumped revision number for resource 9f95e642-274b-4cd6-8acb-14de467c32bb (type: security_group_rules) to 0
2026-05-08 11:30:27.023 9 INFO neutron.db.ovn_revision_numbers_db [None req-e08d2563-1f72-4d20-befd-5017b29da3b8 1623486798b54484b4884c4b34ffed68 8217937b2bba4ca09a21a8730bb53868 - - default default] Successfully bumped revision number for resource ee810aa8-b6de-4ffa-a5ce-c03a45215e5e (type: security_group_rules) to 0
2026-05-08 11:30:27.026 10 INFO neutron.wsgi [None req-d548118b-532c-4db9-8c8c-503b785ac2bf 1623486798b54484b4884c4b34ffed68 8217937b2bba4ca09a21a8730bb53868 - - default default] 10.0.0.11 "DELETE /v2.0/subnets/42d9798d-ff26-4876-b898-389bb4516f55 HTTP/1.1" status: 204 len: 168 time: 0.2261071
2026-05-08 11:30:27.075 9 INFO neutron.db.segments_db [None req-e08d2563-1f72-4d20-befd-5017b29da3b8 1623486798b54484b4884c4b34ffed68 8217937b2bba4ca09a21a8730bb53868 - - default default] Added segment 8d8c86b3-00db-44d3-b91c-7d54162b318d of type geneve for network ebef94c6-bf38-44c6-b28a-1b2a201e2432
2026-05-08 11:30:27.127 10 INFO neutron.db.ovn_revision_numbers_db [None req-5cf4e9ee-d8eb-472b-a0a0-6780f661f551 1623486798b54484b4884c4b34ffed68 8217937b2bba4ca09a21a8730bb53868 - - default default] Successfully bumped revision number for resource 7b9add8d-11cc-4b38-a990-e2a6f1fc4e8f (type: security_groups) to 1
2026-05-08 11:30:27.160 10 INFO neutron.db.ovn_revision_numbers_db [None req-5cf4e9ee-d8eb-472b-a0a0-6780f661f551 1623486798b54484b4884c4b34ffed68 8217937b2bba4ca09a21a8730bb53868 - - default default] Successfully bumped revision number for resource 348a1295-1eb5-470d-96b0-2da8c777d8aa (type: security_group_rules) to 0
2026-05-08 11:30:27.205 10 INFO neutron.db.ovn_revision_numbers_db [None req-5cf4e9ee-d8eb-472b-a0a0-6780f661f551 1623486798b54484b4884c4b34ffed68 8217937b2bba4ca09a21a8730bb53868 - - default default] Successfully bumped revision number for resource 5e4eece6-8caf-4a69-968d-b79b3073a794 (type: security_group_rules) to 0
2026-05-08 11:30:27.218 9 INFO neutron.db.ovn_revision_numbers_db [None req-e08d2563-1f72-4d20-befd-5017b29da3b8 1623486798b54484b4884c4b34ffed68 8217937b2bba4ca09a21a8730bb53868 - - default default] Successfully bumped revision number for resource ebef94c6-bf38-44c6-b28a-1b2a201e2432 (type: networks) to 1
2026-05-08 11:30:27.226 10 INFO neutron.db.ovn_revision_numbers_db [None req-5cf4e9ee-d8eb-472b-a0a0-6780f661f551 1623486798b54484b4884c4b34ffed68 8217937b2bba4ca09a21a8730bb53868 - - default default] Successfully bumped revision number for resource d3b60970-def4-472e-8a62-13bc99fdbe3b (type: security_group_rules) to 0
2026-05-08 11:30:27.240 10 INFO neutron.db.ovn_revision_numbers_db [None req-5cf4e9ee-d8eb-472b-a0a0-6780f661f551 1623486798b54484b4884c4b34ffed68 8217937b2bba4ca09a21a8730bb53868 - - default default] Successfully bumped revision number for resource e03afbcc-491c-491c-b849-d48fffd2cf6d (type: security_group_rules) to 0
2026-05-08 11:30:27.265 10 INFO neutron.wsgi [None req-5cf4e9ee-d8eb-472b-a0a0-6780f661f551 1623486798b54484b4884c4b34ffed68 8217937b2bba4ca09a21a8730bb53868 - - default default] 10.0.0.11 "GET /v2.0/security-groups?tenant_id=d38bedc0e3e44b0d9ff8df67061c8f5e&name=default HTTP/1.1" status: 200 len: 2996 time: 0.4114933
2026-05-08 11:30:27.398 10 INFO neutron.services.segments.plugin [-] Segment 87368646-629d-4c60-9136-8d1eec33863a resource provider aggregate not found
2026-05-08 11:30:27.403 10 INFO neutron.services.segments.plugin [-] Segment 87368646-629d-4c60-9136-8d1eec33863a resource provider aggregate not found
2026-05-08 11:30:27.414 10 INFO neutron.services.segments.plugin [-] Segment 87368646-629d-4c60-9136-8d1eec33863a resource provider not found; error: Placement Client Error (4xx): {"errors": [{"status": 404, "title": "Not Found", "detail": "The resource could not be found.\n\n No resource provider with uuid 87368646-629d-4c60-9136-8d1eec33863a found for delete ", "request_id": "req-6bebd862-6410-4281-b2c5-a57286176ab6"}]}
2026-05-08 11:30:27.415 9 WARNING neutron.scheduler.dhcp_agent_scheduler [None req-e08d2563-1f72-4d20-befd-5017b29da3b8 1623486798b54484b4884c4b34ffed68 8217937b2bba4ca09a21a8730bb53868 - - default default] No more DHCP agents
2026-05-08 11:30:27.421 9 WARNING neutron.api.rpc.agentnotifiers.dhcp_rpc_agent_api [None req-e08d2563-1f72-4d20-befd-5017b29da3b8 1623486798b54484b4884c4b34ffed68 8217937b2bba4ca09a21a8730bb53868 - - default default] Unable to schedule network ebef94c6-bf38-44c6-b28a-1b2a201e2432: no agents available; will retry on subsequent port and subnet creation events.
2026-05-08 11:30:27.431 10 INFO neutron.services.segments.plugin [-] Segment 87368646-629d-4c60-9136-8d1eec33863a resource provider not found; error: Placement Client Error (4xx): {"errors": [{"status": 404, "title": "Not Found", "detail": "The resource could not be found.\n\n No resource provider with uuid 87368646-629d-4c60-9136-8d1eec33863a found for delete ", "request_id": "req-aaae08fe-9227-4d3b-b9a8-aaebf3b95300"}]}
2026-05-08 11:30:27.443 10 INFO neutron.wsgi [None req-e9f0d638-3563-4706-b41c-0e5558922ca9 1623486798b54484b4884c4b34ffed68 8217937b2bba4ca09a21a8730bb53868 - - default default] 10.0.0.11 "DELETE /v2.0/networks/a96039e1-4d7c-477b-9dc0-93f09f769e8e HTTP/1.1" status: 204 len: 168 time: 0.4105933
2026-05-08 11:30:27.524 9 INFO neutron.db.ovn_revision_numbers_db [None req-e08d2563-1f72-4d20-befd-5017b29da3b8 1623486798b54484b4884c4b34ffed68 8217937b2bba4ca09a21a8730bb53868 - - default default] Successfully bumped revision number for resource 03af0c3d-6541-427c-9226-cfd4e5ae0337 (type: ports) to 1
2026-05-08 11:30:27.541 9 INFO neutron.wsgi [None req-e08d2563-1f72-4d20-befd-5017b29da3b8 1623486798b54484b4884c4b34ffed68 8217937b2bba4ca09a21a8730bb53868 - - default default] 10.0.0.11 "POST /v2.0/networks HTTP/1.1" status: 201 len: 954 time: 1.0425115
2026-05-08 11:30:27.569 9 INFO neutron.wsgi [None req-c93dff53-e3f4-4740-9251-b1b3fc607fcb 1623486798b54484b4884c4b34ffed68 8217937b2bba4ca09a21a8730bb53868 - - default default] 10.0.0.11 "DELETE /v2.0/security-groups/7b9add8d-11cc-4b38-a990-e2a6f1fc4e8f HTTP/1.1" status: 204 len: 168 time: 0.2966707
2026-05-08 11:30:27.598 9 INFO neutron.wsgi [None req-72ae6dc8-19e2-439a-9704-5dae407855a3 1623486798b54484b4884c4b34ffed68 8217937b2bba4ca09a21a8730bb53868 - - default default] 10.0.0.11 "GET /v2.0/security-groups?tenant_id=cd25c46933824ac78a352bcc34a79dd4&name=default HTTP/1.1" status: 200 len: 2992 time: 0.0394034
2026-05-08 11:30:27.698 10 WARNING neutron.scheduler.dhcp_agent_scheduler [None req-0553318d-abf6-40a5-8b06-1665b27883dd 1623486798b54484b4884c4b34ffed68 8217937b2bba4ca09a21a8730bb53868 - - default default] No more DHCP agents
2026-05-08 11:30:27.699 10 WARNING neutron.api.rpc.agentnotifiers.dhcp_rpc_agent_api [None req-0553318d-abf6-40a5-8b06-1665b27883dd 1623486798b54484b4884c4b34ffed68 8217937b2bba4ca09a21a8730bb53868 - - default default] Unable to schedule network ebef94c6-bf38-44c6-b28a-1b2a201e2432: no agents available; will retry on subsequent port and subnet creation events.
2026-05-08 11:30:27.803 9 INFO neutron.wsgi [None req-cf3b960a-b079-4ae6-b18b-9ff1f9bd24ed 1623486798b54484b4884c4b34ffed68 8217937b2bba4ca09a21a8730bb53868 - - default default] 10.0.0.11 "DELETE /v2.0/security-groups/423a998d-5754-4827-b8c2-d5c32e96c8de HTTP/1.1" status: 204 len: 168 time: 0.2001858
2026-05-08 11:30:28.022 10 INFO neutron.wsgi [req-a6cfec03-9074-450b-b1f4-40271239ee6a req-c94eb117-a40b-4ae6-9792-70fa520be00e 91f5de670fcf43d39c7f9aa6994a4212 b735cb78c3104a0da62525074e2b2e87 - - default default] 10.0.0.209 "GET /v2.0/ports?device_id=78311bd3-a864-47fd-93d1-74fb86d95418 HTTP/1.1" status: 200 len: 1168 time: 0.1066308
2026-05-08 11:30:28.087 10 INFO neutron.wsgi [req-a6cfec03-9074-450b-b1f4-40271239ee6a req-673a7101-35f6-4bc1-a8a8-fc6227e1a29c 91f5de670fcf43d39c7f9aa6994a4212 b735cb78c3104a0da62525074e2b2e87 - - default default] 10.0.0.209 "GET /v2.0/security-groups?id=df40a38c-25b9-4bba-b942-131ec124d5d0&fields=id&fields=name HTTP/1.1" status: 200 len: 312 time: 0.0578310
2026-05-08 11:30:28.268 10 INFO neutron.db.ovn_revision_numbers_db [None req-0553318d-abf6-40a5-8b06-1665b27883dd 1623486798b54484b4884c4b34ffed68 8217937b2bba4ca09a21a8730bb53868 - - default default] Successfully bumped revision number for resource 03af0c3d-6541-427c-9226-cfd4e5ae0337 (type: ports) to 2
2026-05-08 11:30:28.311 10 INFO neutron.db.ovn_revision_numbers_db [None req-0553318d-abf6-40a5-8b06-1665b27883dd 1623486798b54484b4884c4b34ffed68 8217937b2bba4ca09a21a8730bb53868 - - default default] Successfully bumped revision number for resource dfac9d78-74e0-4521-bf5f-122af2683dcc (type: subnets) to 0
2026-05-08 11:30:28.325 10 INFO neutron.wsgi [None req-0553318d-abf6-40a5-8b06-1665b27883dd 1623486798b54484b4884c4b34ffed68 8217937b2bba4ca09a21a8730bb53868 - - default default] 10.0.0.11 "POST /v2.0/subnets HTTP/1.1" status: 201 len: 874 time: 0.7744360
2026-05-08 11:30:28.724 9 INFO neutron.wsgi [-] 10.0.0.98 "GET / HTTP/1.1" status: 200 len: 247 time: 0.0014226
2026-05-08 11:30:28.726 9 INFO neutron.wsgi [-] 10.0.0.98 "GET / HTTP/1.1" status: 200 len: 247 time: 0.0009634
2026-05-08 11:30:28.762 10 WARNING neutron.scheduler.dhcp_agent_scheduler [None req-7c4de6d4-642d-4ea3-a0f4-caa39a1c2203 1623486798b54484b4884c4b34ffed68 8217937b2bba4ca09a21a8730bb53868 - - default default] No more DHCP agents
2026-05-08 11:30:28.764 10 WARNING neutron.api.rpc.agentnotifiers.dhcp_rpc_agent_api [None req-7c4de6d4-642d-4ea3-a0f4-caa39a1c2203 1623486798b54484b4884c4b34ffed68 8217937b2bba4ca09a21a8730bb53868 - - default default] Unable to schedule network 4bb2a2bc-66f3-4f1b-8e69-bbbc0fcf0b92: no agents available; will retry on subsequent port and subnet creation events.
2026-05-08 11:30:29.065 10 INFO neutron.db.ovn_revision_numbers_db [None req-7c4de6d4-642d-4ea3-a0f4-caa39a1c2203 1623486798b54484b4884c4b34ffed68 8217937b2bba4ca09a21a8730bb53868 - - default default] Successfully bumped revision number for resource 10c271be-910d-4f41-b93a-1c1113e24fe0 (type: ports) to 1
2026-05-08 11:30:29.219 9 INFO neutron.wsgi [req-72da93d8-841e-480c-8a84-d06a5a684c69 req-5d2068e3-3133-4955-b733-49e84ce39361 91f5de670fcf43d39c7f9aa6994a4212 b735cb78c3104a0da62525074e2b2e87 - - default default] 10.0.0.209 "GET /v2.0/ports?device_id=78311bd3-a864-47fd-93d1-74fb86d95418 HTTP/1.1" status: 200 len: 1168 time: 0.0520535
2026-05-08 11:30:29.279 9 INFO neutron.wsgi [req-72da93d8-841e-480c-8a84-d06a5a684c69 req-f364c148-6c27-474d-8c50-4652db5aee9a 91f5de670fcf43d39c7f9aa6994a4212 b735cb78c3104a0da62525074e2b2e87 - - default default] 10.0.0.209 "GET /v2.0/security-groups?id=df40a38c-25b9-4bba-b942-131ec124d5d0&fields=id&fields=name HTTP/1.1" status: 200 len: 312 time: 0.0542223
2026-05-08 11:30:29.689 10 INFO neutron.plugins.ml2.drivers.ovn.mech_driver.ovsdb.ovsdb_monitor [None req-4f429eab-1de2-426d-b3ac-e6667dac5ad2 - - - - - -] Router 1437a8fe-1f5f-46a7-acb0-f8c176f33ce0 is bound to host instance
2026-05-08 11:30:29.717 10 INFO neutron.db.ovn_revision_numbers_db [None req-7c4de6d4-642d-4ea3-a0f4-caa39a1c2203 1623486798b54484b4884c4b34ffed68 8217937b2bba4ca09a21a8730bb53868 - - default default] Successfully bumped revision number for resource 10c271be-910d-4f41-b93a-1c1113e24fe0 (type: router_ports) to 1
2026-05-08 11:30:29.796 9 INFO neutron.db.ovn_revision_numbers_db [None req-80b70504-95d8-4790-92b8-92399dbd6193 c42ccc09d6434f03a8638347a7da5f9e a9ad833615984e2993233d2e3c7b4d89 - - default default] Successfully bumped revision number for resource 69ffb51c-5025-4a52-83f6-b15d9dd80faf (type: security_groups) to 1
2026-05-08 11:30:29.807 9 INFO neutron.db.ovn_revision_numbers_db [None req-80b70504-95d8-4790-92b8-92399dbd6193 c42ccc09d6434f03a8638347a7da5f9e a9ad833615984e2993233d2e3c7b4d89 - - default default] Successfully bumped revision number for resource 2f1c986e-f7d4-43cf-acc2-18d79dd785db (type: security_group_rules) to 0
