2026-05-08 11:32:57.172 9 INFO neutron.wsgi [None req-fbecb310-d416-4c08-9428-ecaf044dc5fa b9dd483bd82344dbb2c6f397acb1a277 0aed3198a8f6469aa046d135c55892cb - - default default] 10.0.0.11 "GET /v2.0/ports?not-tags=red HTTP/1.1" status: 200 len: 5463 time: 0.1775334
2026-05-08 11:32:57.177 9 INFO neutron.wsgi [None req-a4f0976e-3c7b-45df-85fc-65141ab7cadb a88dabcf00814a2fbe7616eb58ff8f59 adced2be88964160bdc5346ddb92fc76 - - default default] 10.0.0.11 "GET /v2.0/networks HTTP/1.1" status: 200 len: 1504 time: 0.1115785
2026-05-08 11:32:57.240 9 INFO neutron.wsgi [None req-75dcc9e7-2118-4698-8835-2df6a05a60d4 a88dabcf00814a2fbe7616eb58ff8f59 adced2be88964160bdc5346ddb92fc76 - - default default] 10.0.0.11 "GET /v2.0/subnets HTTP/1.1" status: 200 len: 1428 time: 0.0571280
2026-05-08 11:32:57.318 9 INFO neutron.wsgi [None req-8738524a-00e6-471d-84b3-a9a6ee4461cb a88dabcf00814a2fbe7616eb58ff8f59 adced2be88964160bdc5346ddb92fc76 - - default default] 10.0.0.11 "GET /v2.0/networks/af1baaf2-b05f-462a-abba-da23a5e6f128 HTTP/1.1" status: 200 len: 863 time: 0.0719748
2026-05-08 11:32:57.363 9 INFO neutron.wsgi [None req-73356830-f378-4d4f-8968-cf8f4f9b10c5 a88dabcf00814a2fbe7616eb58ff8f59 adced2be88964160bdc5346ddb92fc76 - - default default] 10.0.0.11 "GET /v2.0/subnets/709b8a73-8e6b-403b-9705-5acfe23cc477 HTTP/1.1" status: 200 len: 811 time: 0.0392714
2026-05-08 11:32:57.385 9 INFO neutron.pecan_wsgi.hooks.translation [None req-0c59e305-e291-460e-86fd-e6f6c4ef016d a88dabcf00814a2fbe7616eb58ff8f59 adced2be88964160bdc5346ddb92fc76 - - default default] DELETE failed (client error): The resource could not be found.
2026-05-08 11:32:57.387 9 INFO neutron.wsgi [None req-0c59e305-e291-460e-86fd-e6f6c4ef016d a88dabcf00814a2fbe7616eb58ff8f59 adced2be88964160bdc5346ddb92fc76 - - default default] 10.0.0.11 "DELETE /v2.0/subnets/612a8d61-cd09-4b7f-a0ab-248ffc27d270 HTTP/1.1" status: 404 len: 337 time: 0.0180724
2026-05-08 11:32:57.404 9 INFO neutron.pecan_wsgi.hooks.translation [None req-b95c09e9-7394-4e33-bb5a-a1533ccb6353 a88dabcf00814a2fbe7616eb58ff8f59 adced2be88964160bdc5346ddb92fc76 - - default default] DELETE failed (client error): The resource could not be found.
2026-05-08 11:32:57.406 9 INFO neutron.wsgi [None req-b95c09e9-7394-4e33-bb5a-a1533ccb6353 a88dabcf00814a2fbe7616eb58ff8f59 adced2be88964160bdc5346ddb92fc76 - - default default] 10.0.0.11 "DELETE /v2.0/networks/6f77e291-6c04-4587-a0d0-6cc6b2c99f30 HTTP/1.1" status: 404 len: 339 time: 0.0152123
2026-05-08 11:32:57.548 10 INFO neutron.wsgi [None req-c90901f5-6dac-4289-b06d-1b714d9f357e b9dd483bd82344dbb2c6f397acb1a277 0aed3198a8f6469aa046d135c55892cb - - default default] 10.0.0.11 "GET /v2.0/ports?not-tags=red%2Cblue HTTP/1.1" status: 200 len: 6203 time: 0.3707023
2026-05-08 11:32:57.624 10 INFO neutron.wsgi [None req-66eba283-7764-4074-9095-d5814a601b00 b9dd483bd82344dbb2c6f397acb1a277 0aed3198a8f6469aa046d135c55892cb - - default default] 10.0.0.11 "GET /v2.0/ports?not-tags-any=blue HTTP/1.1" status: 200 len: 6203 time: 0.0722706
2026-05-08 11:32:57.678 9 INFO neutron.wsgi [None req-94eecf69-a1cc-4ed6-bd37-82c2de002911 a88dabcf00814a2fbe7616eb58ff8f59 adced2be88964160bdc5346ddb92fc76 - - default default] 10.0.0.11 "DELETE /v2.0/subnets/709b8a73-8e6b-403b-9705-5acfe23cc477 HTTP/1.1" status: 204 len: 168 time: 0.2648842
2026-05-08 11:32:57.715 9 INFO neutron.wsgi [None req-0b3100be-5861-43e0-9876-b88324c97a53 b9dd483bd82344dbb2c6f397acb1a277 0aed3198a8f6469aa046d135c55892cb - - default default] 10.0.0.11 "GET /v2.0/ports?not-tags-any=red%2Cblue HTTP/1.1" status: 200 len: 5463 time: 0.0857599
2026-05-08 11:32:57.959 9 INFO neutron.wsgi [None req-c3a786c6-cf32-4858-bd1a-9b82f000fa49 b9dd483bd82344dbb2c6f397acb1a277 0aed3198a8f6469aa046d135c55892cb - - default default] 10.0.0.11 "DELETE /v2.0/ports/7e0dec4b-0d29-4d58-990d-804e3e6aab0c HTTP/1.1" status: 204 len: 168 time: 0.2382133
2026-05-08 11:32:58.055 10 INFO neutron.wsgi [None req-1852ac7e-97f8-4d2f-b871-6ff9d2efc68d a17837ebabf54c3cb413ecee66d99d65 d274f827089948d3b69039939e6ba83d - - default default] 10.0.0.11 "PUT /v2.0/routers/2d3f867a-5cca-4c70-8247-2c48b75fd969/remove_router_interface HTTP/1.1" status: 200 len: 503 time: 1.3572698
2026-05-08 11:32:58.164 10 INFO neutron.services.segments.plugin [-] Segment aa2d2b86-9817-4939-980b-45a030da5195 resource provider aggregate not found
2026-05-08 11:32:58.169 10 INFO neutron.services.segments.plugin [-] Segment aa2d2b86-9817-4939-980b-45a030da5195 resource provider aggregate not found
2026-05-08 11:32:58.183 10 INFO neutron.services.segments.plugin [-] Segment aa2d2b86-9817-4939-980b-45a030da5195 resource provider not found; error: Placement Client Error (4xx): {"errors": [{"status": 404, "title": "Not Found", "detail": "The resource could not be found.\n\n No resource provider with uuid aa2d2b86-9817-4939-980b-45a030da5195 found for delete ", "request_id": "req-ce8ab524-bd09-4e54-b131-707a959d7439"}]}
2026-05-08 11:32:58.184 10 INFO neutron.services.segments.plugin [-] Segment aa2d2b86-9817-4939-980b-45a030da5195 resource provider not found; error: Placement Client Error (4xx): {"errors": [{"status": 404, "title": "Not Found", "detail": "The resource could not be found.\n\n No resource provider with uuid aa2d2b86-9817-4939-980b-45a030da5195 found for delete ", "request_id": "req-41961368-a186-4c28-a658-f4801af52b25"}]}
2026-05-08 11:32:58.204 10 INFO neutron.wsgi [None req-ddbf056b-2917-401f-8810-2a6ccba3d717 a88dabcf00814a2fbe7616eb58ff8f59 adced2be88964160bdc5346ddb92fc76 - - default default] 10.0.0.11 "DELETE /v2.0/networks/af1baaf2-b05f-462a-abba-da23a5e6f128 HTTP/1.1" status: 204 len: 168 time: 0.5213053
2026-05-08 11:32:58.247 9 INFO neutron.wsgi [None req-3de51b14-9841-4d23-988c-1acca4797208 b9dd483bd82344dbb2c6f397acb1a277 0aed3198a8f6469aa046d135c55892cb - - default default] 10.0.0.11 "DELETE /v2.0/ports/e6b4abbb-194f-4472-84a1-a414502245fb HTTP/1.1" status: 204 len: 168 time: 0.2832634 /var/lib/openstack/lib/python3.10/site-packages/pycadf/identifier.py:71: UserWarning: Invalid uuid: neutron. To ensure interoperability, identifiers should be a valid uuid. warnings.warn(('Invalid uuid: %s. To ensure interoperability, '
2026-05-08 11:32:58.291 9 INFO neutron.wsgi [None req-625ba7f8-c5f3-4da0-9dbf-5fed6f5f4df9 a17837ebabf54c3cb413ecee66d99d65 d274f827089948d3b69039939e6ba83d - - default default] 10.0.0.11 "DELETE /v2.0/subnets/7de21c06-0f54-49cd-9e51-0b40a2f8de3c HTTP/1.1" status: 204 len: 168 time: 0.2313793
2026-05-08 11:32:58.505 10 INFO neutron.wsgi [None req-543ba6c4-712e-457a-a882-58c19625df70 b9dd483bd82344dbb2c6f397acb1a277 0aed3198a8f6469aa046d135c55892cb - - default default] 10.0.0.11 "DELETE /v2.0/ports/6eeeb55b-d3fa-4626-9630-e167ac402bad HTTP/1.1" status: 204 len: 168 time: 0.2528648
2026-05-08 11:32:58.722 10 INFO neutron.wsgi [None req-3f932975-15ab-4893-aaae-afc9cc36f8ae b9dd483bd82344dbb2c6f397acb1a277 0aed3198a8f6469aa046d135c55892cb - - default default] 10.0.0.11 "DELETE /v2.0/ports/079d0b49-cb34-427b-a26b-f4a34685ecf4 HTTP/1.1" status: 204 len: 168 time: 0.2127166
2026-05-08 11:32:58.725 10 INFO neutron.wsgi [-] 10.0.0.98 "GET / HTTP/1.1" status: 200 len: 247 time: 0.0015628
2026-05-08 11:32:58.727 10 INFO neutron.wsgi [-] 10.0.0.98 "GET / HTTP/1.1" status: 200 len: 247 time: 0.0012627
2026-05-08 11:32:58.911 10 INFO neutron.wsgi [None req-c3ba5606-7e49-40c7-bf4b-ef63b4f7bd84 1623486798b54484b4884c4b34ffed68 8217937b2bba4ca09a21a8730bb53868 - - default default] 10.0.0.11 "GET /v2.0/security-groups?tenant_id=adced2be88964160bdc5346ddb92fc76&name=default HTTP/1.1" status: 200 len: 2996 time: 0.1527755
2026-05-08 11:32:58.993 10 INFO neutron.wsgi [None req-e93749be-2c28-4de7-b316-760afcd8acb9 b9dd483bd82344dbb2c6f397acb1a277 0aed3198a8f6469aa046d135c55892cb - - default default] 10.0.0.11 "DELETE /v2.0/ports/a24e52e9-ae5f-4a0c-a628-5a2a8090e4bc HTTP/1.1" status: 204 len: 168 time: 0.2648981
2026-05-08 11:32:59.186 10 INFO neutron.wsgi [None req-51217b3f-8e69-44c6-93c1-c29796d015b1 1623486798b54484b4884c4b34ffed68 8217937b2bba4ca09a21a8730bb53868 - - default default] 10.0.0.11 "DELETE /v2.0/security-groups/a1035205-5c09-4a6b-ba63-d14f273fcaeb HTTP/1.1" status: 204 len: 168 time: 0.2681003
2026-05-08 11:32:59.222 9 INFO neutron.wsgi [None req-caf60a8b-9d1c-4090-9be7-de84475b88bd a17837ebabf54c3cb413ecee66d99d65 d274f827089948d3b69039939e6ba83d - - default default] 10.0.0.11 "DELETE /v2.0/routers/2d3f867a-5cca-4c70-8247-2c48b75fd969 HTTP/1.1" status: 204 len: 168 time: 0.9270079
2026-05-08 11:32:59.393 10 INFO neutron.wsgi [None req-11064c58-fb0d-4305-ae99-8e8afaf29890 b9dd483bd82344dbb2c6f397acb1a277 0aed3198a8f6469aa046d135c55892cb - - default default] 10.0.0.11 "DELETE /v2.0/networks/e840c2de-e677-4ed5-b849-ae1c9d943992 HTTP/1.1" status: 204 len: 168 time: 0.3927181
2026-05-08 11:32:59.596 9 INFO neutron.services.segments.plugin [-] Segment f5ab37df-032d-4058-aa0d-a56a0997e941 resource provider aggregate not found
2026-05-08 11:32:59.601 9 INFO neutron.services.segments.plugin [-] Segment f5ab37df-032d-4058-aa0d-a56a0997e941 resource provider aggregate not found
2026-05-08 11:32:59.628 9 INFO neutron.services.segments.plugin [-] Segment f5ab37df-032d-4058-aa0d-a56a0997e941 resource provider not found; error: Placement Client Error (4xx): {"errors": [{"status": 404, "title": "Not Found", "detail": "The resource could not be found.\n\n No resource provider with uuid f5ab37df-032d-4058-aa0d-a56a0997e941 found for delete ", "request_id": "req-199e3f36-50a9-4ce1-82cf-46e8a6801b70"}]}
2026-05-08 11:32:59.629 9 INFO neutron.services.segments.plugin [-] Segment f5ab37df-032d-4058-aa0d-a56a0997e941 resource provider not found; error: Placement Client Error (4xx): {"errors": [{"status": 404, "title": "Not Found", "detail": "The resource could not be found.\n\n No resource provider with uuid f5ab37df-032d-4058-aa0d-a56a0997e941 found for delete ", "request_id": "req-54cdcae8-1316-4f28-8ac8-dc7972d2f7ea"}]}
2026-05-08 11:32:59.652 9 INFO neutron.wsgi [None req-3100cda4-9442-4355-bdee-e91199674ca3 a17837ebabf54c3cb413ecee66d99d65 d274f827089948d3b69039939e6ba83d - - default default] 10.0.0.11 "DELETE /v2.0/networks/80270a07-c81f-41b3-8085-7592a05def1b HTTP/1.1" status: 204 len: 168 time: 0.4250729
2026-05-08 11:32:59.826 10 INFO neutron.wsgi [None req-fa883964-a1dc-474a-b246-ad3902df0221 b9dd483bd82344dbb2c6f397acb1a277 0aed3198a8f6469aa046d135c55892cb - - default default] 10.0.0.11 "DELETE /v2.0/networks/968cd1e6-3e1b-46c9-82ef-6f43b6c0c12c HTTP/1.1" status: 204 len: 168 time: 0.4278383
2026-05-08 11:33:00.189 9 INFO neutron.wsgi [None req-d0b12ed2-a818-4180-b4d0-2807a8d8ccb2 b9dd483bd82344dbb2c6f397acb1a277 0aed3198a8f6469aa046d135c55892cb - - default default] 10.0.0.11 "DELETE /v2.0/networks/0f0dcd3d-6492-4ce7-9157-ccbd96f99cd1 HTTP/1.1" status: 204 len: 168 time: 0.3562374
2026-05-08 11:33:00.201 10 INFO neutron.services.segments.plugin [-] Segment f1809daa-a89a-4026-8cd3-49027e1975f9 resource provider aggregate not found
2026-05-08 11:33:00.207 10 INFO neutron.services.segments.plugin [-] Segment f1809daa-a89a-4026-8cd3-49027e1975f9 resource provider aggregate not found
2026-05-08 11:33:00.220 10 INFO neutron.services.segments.plugin [-] Segment f1809daa-a89a-4026-8cd3-49027e1975f9 resource provider not found; error: Placement Client Error (4xx): {"errors": [{"status": 404, "title": "Not Found", "detail": "The resource could not be found.\n\n No resource provider with uuid f1809daa-a89a-4026-8cd3-49027e1975f9 found for delete ", "request_id": "req-58ce86e3-e884-49a9-9990-05820b04e5e0"}]}
2026-05-08 11:33:00.226 10 INFO neutron.services.segments.plugin [-] Segment f1809daa-a89a-4026-8cd3-49027e1975f9 resource provider not found; error: Placement Client Error (4xx): {"errors": [{"status": 404, "title": "Not Found", "detail": "The resource could not be found.\n\n No resource provider with uuid f1809daa-a89a-4026-8cd3-49027e1975f9 found for delete ", "request_id": "req-672ccbac-677c-4b35-bc3e-30774e06ce41"}]}
2026-05-08 11:33:00.252 10 INFO neutron.services.segments.plugin [-] Segment e81dc6e2-4a3d-4997-835d-9cef37216c66 resource provider aggregate not found
2026-05-08 11:33:00.258 10 INFO neutron.services.segments.plugin [-] Segment e81dc6e2-4a3d-4997-835d-9cef37216c66 resource provider aggregate not found
2026-05-08 11:33:00.276 10 INFO neutron.services.segments.plugin [-] Segment e81dc6e2-4a3d-4997-835d-9cef37216c66 resource provider not found; error: Placement Client Error (4xx): {"errors": [{"status": 404, "title": "Not Found", "detail": "The resource could not be found.\n\n No resource provider with uuid e81dc6e2-4a3d-4997-835d-9cef37216c66 found for delete ", "request_id": "req-79528463-5229-48d4-a33c-0e062620221b"}]}
2026-05-08 11:33:00.320 10 INFO neutron.services.segments.plugin [-] Segment e81dc6e2-4a3d-4997-835d-9cef37216c66 resource provider not found; error: Placement Client Error (4xx): {"errors": [{"status": 404, "title": "Not Found", "detail": "The resource could not be found.\n\n No resource provider with uuid e81dc6e2-4a3d-4997-835d-9cef37216c66 found for delete ", "request_id": "req-fca6057e-100f-41f4-9cdc-16313e6a9a5b"}]}
2026-05-08 11:33:00.488 9 INFO neutron.wsgi [None req-20bf6c58-7524-4868-8c00-4e24a6c85d49 1623486798b54484b4884c4b34ffed68 8217937b2bba4ca09a21a8730bb53868 - - default default] 10.0.0.11 "GET /v2.0/security-groups?tenant_id=d274f827089948d3b69039939e6ba83d&name=default HTTP/1.1" status: 200 len: 2996 time: 0.2302516
2026-05-08 11:33:00.612 10 INFO neutron.wsgi [None req-cb609d11-bad4-4ff9-a03d-fd773f8bd800 b9dd483bd82344dbb2c6f397acb1a277 0aed3198a8f6469aa046d135c55892cb - - default default] 10.0.0.11 "DELETE /v2.0/networks/a3acd042-efd7-4553-9a37-a7eb438f1064 HTTP/1.1" status: 204 len: 168 time: 0.4182351
2026-05-08 11:33:00.715 9 INFO neutron.wsgi [None req-ee5d856b-8b2c-451a-b766-fb782dfbafe5 1623486798b54484b4884c4b34ffed68 8217937b2bba4ca09a21a8730bb53868 - - default default] 10.0.0.11 "DELETE /v2.0/security-groups/e68a7eb7-7eb6-4c14-96ec-1671ddaa9056 HTTP/1.1" status: 204 len: 168 time: 0.2226443
2026-05-08 11:33:00.947 10 INFO neutron.db.ovn_revision_numbers_db [None req-5aa20da4-f627-43aa-b392-96a84f7edd54 1623486798b54484b4884c4b34ffed68 8217937b2bba4ca09a21a8730bb53868 - - default default] Successfully bumped revision number for resource e2cba77e-3694-4b5c-9e3c-de8c4f5eee8a (type: security_groups) to 1
2026-05-08 11:33:00.960 10 INFO neutron.db.ovn_revision_numbers_db [None req-5aa20da4-f627-43aa-b392-96a84f7edd54 1623486798b54484b4884c4b34ffed68 8217937b2bba4ca09a21a8730bb53868 - - default default] Successfully bumped revision number for resource 06f84631-2798-46c0-91a8-c25ca1323d43 (type: security_group_rules) to 0
2026-05-08 11:33:00.971 10 INFO neutron.db.ovn_revision_numbers_db [None req-5aa20da4-f627-43aa-b392-96a84f7edd54 1623486798b54484b4884c4b34ffed68 8217937b2bba4ca09a21a8730bb53868 - - default default] Successfully bumped revision number for resource 31e11e65-618a-4ddd-9c0a-3b0ab8e5b13f (type: security_group_rules) to 0
2026-05-08 11:33:00.987 10 INFO neutron.db.ovn_revision_numbers_db [None req-5aa20da4-f627-43aa-b392-96a84f7edd54 1623486798b54484b4884c4b34ffed68 8217937b2bba4ca09a21a8730bb53868 - - default default] Successfully bumped revision number for resource b3538ed1-fbcc-42a5-88fb-fde5f7a9799d (type: security_group_rules) to 0
2026-05-08 11:33:00.994 9 INFO neutron.wsgi [None req-87713089-6e7a-4d66-91e9-6f8b16bf6e05 b9dd483bd82344dbb2c6f397acb1a277 0aed3198a8f6469aa046d135c55892cb - - default default] 10.0.0.11 "DELETE /v2.0/networks/ac8e85d6-917a-423a-ba30-4181b61c126d HTTP/1.1" status: 204 len: 168 time: 0.3755705
2026-05-08 11:33:01.000 10 INFO neutron.db.ovn_revision_numbers_db [None req-5aa20da4-f627-43aa-b392-96a84f7edd54 1623486798b54484b4884c4b34ffed68 8217937b2bba4ca09a21a8730bb53868 - - default default] Successfully bumped revision number for resource cbb0dba3-85ca-4e06-90ec-78e0a60aa00f (type: security_group_rules) to 0
2026-05-08 11:33:01.025 10 INFO neutron.wsgi [None req-5aa20da4-f627-43aa-b392-96a84f7edd54 1623486798b54484b4884c4b34ffed68 8217937b2bba4ca09a21a8730bb53868 - - default default] 10.0.0.11 "GET /v2.0/security-groups?tenant_id=d73575bcb68245ab87b82b3a0d964866&name=default HTTP/1.1" status: 200 len: 2996 time: 0.1762304
2026-05-08 11:33:01.199 10 INFO neutron.wsgi [None req-5dc72396-8ecc-4123-9fd7-d50d4acbe04e 1623486798b54484b4884c4b34ffed68 8217937b2bba4ca09a21a8730bb53868 - - default default] 10.0.0.11 "DELETE /v2.0/security-groups/e2cba77e-3694-4b5c-9e3c-de8c4f5eee8a HTTP/1.1" status: 204 len: 168 time: 0.1700063
2026-05-08 11:33:01.259 9 INFO neutron.db.ovn_revision_numbers_db [None req-1a54ca81-eb6f-4c5e-9f0f-d96e62a59735 12b034c781aa464ab3366831b1ac1092 947b87ef42a64e5c9d3afcaf776fd9ab - - default default] Successfully bumped revision number for resource 6c31149e-35c7-49d1-8a7f-84a863ade27f (type: security_groups) to 1
2026-05-08 11:33:01.272 9 INFO neutron.db.ovn_revision_numbers_db [None req-1a54ca81-eb6f-4c5e-9f0f-d96e62a59735 12b034c781aa464ab3366831b1ac1092 947b87ef42a64e5c9d3afcaf776fd9ab - - default default] Successfully bumped revision number for resource 5ec871c0-1288-4e8f-b3e0-cc043bd7ef0c (type: security_group_rules) to 0
2026-05-08 11:33:01.284 9 INFO neutron.db.ovn_revision_numbers_db [None req-1a54ca81-eb6f-4c5e-9f0f-d96e62a59735 12b034c781aa464ab3366831b1ac1092 947b87ef42a64e5c9d3afcaf776fd9ab - - default default] Successfully bumped revision number for resource 75b226a7-6b76-4de0-a45d-19088b5b4bf5 (type: security_group_rules) to 0
2026-05-08 11:33:01.300 9 INFO neutron.db.ovn_revision_numbers_db [None req-1a54ca81-eb6f-4c5e-9f0f-d96e62a59735 12b034c781aa464ab3366831b1ac1092 947b87ef42a64e5c9d3afcaf776fd9ab - - default default] Successfully bumped revision number for resource a70935c1-8178-40a3-9762-2765111bffcf (type: security_group_rules) to 0
2026-05-08 11:33:01.315 9 INFO neutron.db.ovn_revision_numbers_db [None req-1a54ca81-eb6f-4c5e-9f0f-d96e62a59735 12b034c781aa464ab3366831b1ac1092 947b87ef42a64e5c9d3afcaf776fd9ab - - default default] Successfully bumped revision number for resource f73b2748-4dc3-4e69-ae02-3b73bf1fd0fb (type: security_group_rules) to 0
2026-05-08 11:33:01.363 9 INFO neutron.db.segments_db [None req-1a54ca81-eb6f-4c5e-9f0f-d96e62a59735 12b034c781aa464ab3366831b1ac1092 947b87ef42a64e5c9d3afcaf776fd9ab - - default default] Added segment a931d6c3-bb07-4d55-9f48-04692b8ff362 of type geneve for network de7279b2-b383-41cf-89c5-3651cc5ba319
2026-05-08 11:33:01.523 9 INFO neutron.db.ovn_revision_numbers_db [None req-1a54ca81-eb6f-4c5e-9f0f-d96e62a59735 12b034c781aa464ab3366831b1ac1092 947b87ef42a64e5c9d3afcaf776fd9ab - - default default] Successfully bumped revision number for resource de7279b2-b383-41cf-89c5-3651cc5ba319 (type: networks) to 1
2026-05-08 11:33:01.649 9 INFO neutron.services.segments.plugin [-] Segment 43259580-1bc5-4f70-ad85-a9087a7b3a2f resource provider aggregate not found
2026-05-08 11:33:01.661 9 INFO neutron.services.segments.plugin [-] Segment 43259580-1bc5-4f70-ad85-a9087a7b3a2f resource provider aggregate not found
2026-05-08 11:33:01.667 9 INFO neutron.services.segments.plugin [-] Segment 43259580-1bc5-4f70-ad85-a9087a7b3a2f resource provider not found; error: Placement Client Error (4xx): {"errors": [{"status": 404, "title": "Not Found", "detail": "The resource could not be found.\n\n No resource provider with uuid 43259580-1bc5-4f70-ad85-a9087a7b3a2f found for delete ", "request_id": "req-c2c50335-1171-49d7-b8e5-50092891c05c"}]}
2026-05-08 11:33:01.683 9 INFO neutron.services.segments.plugin [-] Segment a8520bd6-8824-41d2-97a5-1e6770bf4ae3 resource provider aggregate not found
2026-05-08 11:33:01.690 9 INFO neutron.services.segments.plugin [-] Segment 43259580-1bc5-4f70-ad85-a9087a7b3a2f resource provider not found; error: Placement Client Error (4xx): {"errors": [{"status": 404, "title": "Not Found", "detail": "The resource could not be found.\n\n No resource provider with uuid 43259580-1bc5-4f70-ad85-a9087a7b3a2f found for delete ", "request_id": "req-0c3a9556-a86d-4506-bd33-09f9255edf82"}]}
2026-05-08 11:33:01.706 9 INFO neutron.services.segments.plugin [-] Segment a8520bd6-8824-41d2-97a5-1e6770bf4ae3 resource provider aggregate not found
2026-05-08 11:33:01.716 9 INFO neutron.services.segments.plugin [-] Segment a8520bd6-8824-41d2-97a5-1e6770bf4ae3 resource provider not found; error: Placement Client Error (4xx): {"errors": [{"status": 404, "title": "Not Found", "detail": "The resource could not be found.\n\n No resource provider with uuid a8520bd6-8824-41d2-97a5-1e6770bf4ae3 found for delete ", "request_id": "req-3d0889e3-cb0c-4652-ad78-aa4843779a22"}]}
2026-05-08 11:33:01.735 9 INFO neutron.services.segments.plugin [-] Segment a8520bd6-8824-41d2-97a5-1e6770bf4ae3 resource provider not found; error: Placement Client Error (4xx): {"errors": [{"status": 404, "title": "Not Found", "detail": "The resource could not be found.\n\n No resource provider with uuid a8520bd6-8824-41d2-97a5-1e6770bf4ae3 found for delete ", "request_id": "req-be092193-1f2a-4a13-bb9a-b1241d8d636c"}]}
2026-05-08 11:33:01.748 9 WARNING neutron.scheduler.dhcp_agent_scheduler [None req-1a54ca81-eb6f-4c5e-9f0f-d96e62a59735 12b034c781aa464ab3366831b1ac1092 947b87ef42a64e5c9d3afcaf776fd9ab - - default default] No more DHCP agents
2026-05-08 11:33:01.750 9 WARNING neutron.api.rpc.agentnotifiers.dhcp_rpc_agent_api [None req-1a54ca81-eb6f-4c5e-9f0f-d96e62a59735 12b034c781aa464ab3366831b1ac1092 947b87ef42a64e5c9d3afcaf776fd9ab - - default default] Unable to schedule network de7279b2-b383-41cf-89c5-3651cc5ba319: no agents available; will retry on subsequent port and subnet creation events.
2026-05-08 11:33:01.825 9 INFO neutron.db.ovn_revision_numbers_db [None req-1a54ca81-eb6f-4c5e-9f0f-d96e62a59735 12b034c781aa464ab3366831b1ac1092 947b87ef42a64e5c9d3afcaf776fd9ab - - default default] Successfully bumped revision number for resource ceeb145b-b4c8-474c-a313-a067d483ce35 (type: ports) to 1
2026-05-08 11:33:01.848 9 INFO neutron.wsgi [None req-1a54ca81-eb6f-4c5e-9f0f-d96e62a59735 12b034c781aa464ab3366831b1ac1092 947b87ef42a64e5c9d3afcaf776fd9ab - - default default] 10.0.0.11 "POST /v2.0/networks HTTP/1.1" status: 201 len: 843 time: 0.8509455
2026-05-08 11:33:01.955 10 INFO neutron.db.ovn_revision_numbers_db [None req-a3a7a1fd-a74e-40cc-99c3-63e33acc894f 1623486798b54484b4884c4b34ffed68 8217937b2bba4ca09a21a8730bb53868 - - default default] Successfully bumped revision number for resource 429d9235-8b84-4ffa-9d28-6cc3b41b23ee (type: security_groups) to 1
2026-05-08 11:33:01.976 10 INFO neutron.db.ovn_revision_numbers_db [None req-a3a7a1fd-a74e-40cc-99c3-63e33acc894f 1623486798b54484b4884c4b34ffed68 8217937b2bba4ca09a21a8730bb53868 - - default default] Successfully bumped revision number for resource 55678b08-7fcf-45f0-9f5e-8f23fb20a784 (type: security_group_rules) to 0
2026-05-08 11:33:01.992 10 INFO neutron.db.ovn_revision_numbers_db [None req-a3a7a1fd-a74e-40cc-99c3-63e33acc894f 1623486798b54484b4884c4b34ffed68 8217937b2bba4ca09a21a8730bb53868 - - default default] Successfully bumped revision number for resource f0cf3356-095d-4642-a08a-705c5ebfa82d (type: security_group_rules) to 0
2026-05-08 11:33:02.014 10 INFO neutron.db.ovn_revision_numbers_db [None req-a3a7a1fd-a74e-40cc-99c3-63e33acc894f 1623486798b54484b4884c4b34ffed68 8217937b2bba4ca09a21a8730bb53868 - - default default] Successfully bumped revision number for resource f3a3777c-e510-4447-9e08-fa9663c3ed56 (type: security_group_rules) to 0
2026-05-08 11:33:02.028 10 INFO neutron.db.ovn_revision_numbers_db [None req-a3a7a1fd-a74e-40cc-99c3-63e33acc894f 1623486798b54484b4884c4b34ffed68 8217937b2bba4ca09a21a8730bb53868 - - default default] Successfully bumped revision number for resource fe67c163-1789-4ed8-915e-602aa44aacdd (type: security_group_rules) to 0
2026-05-08 11:33:02.054 10 INFO neutron.wsgi [None req-a3a7a1fd-a74e-40cc-99c3-63e33acc894f 1623486798b54484b4884c4b34ffed68 8217937b2bba4ca09a21a8730bb53868 - - default default] 10.0.0.11 "GET /v2.0/security-groups?tenant_id=261d13c6d1ba49939b50ed6f5b2fc217&name=default HTTP/1.1" status: 200 len: 2996 time: 0.3274310
2026-05-08 11:33:02.108 9 WARNING neutron.scheduler.dhcp_agent_scheduler [None req-c72afda2-0135-4769-b015-e1e3c1044815 12b034c781aa464ab3366831b1ac1092 947b87ef42a64e5c9d3afcaf776fd9ab - - default default] No more DHCP agents
2026-05-08 11:33:02.110 9 WARNING neutron.api.rpc.agentnotifiers.dhcp_rpc_agent_api [None req-c72afda2-0135-4769-b015-e1e3c1044815 12b034c781aa464ab3366831b1ac1092 947b87ef42a64e5c9d3afcaf776fd9ab - - default default] Unable to schedule network de7279b2-b383-41cf-89c5-3651cc5ba319: no agents available; will retry on subsequent port and subnet creation events.
2026-05-08 11:33:02.178 9 INFO neutron.db.ovn_revision_numbers_db [None req-c72afda2-0135-4769-b015-e1e3c1044815 12b034c781aa464ab3366831b1ac1092 947b87ef42a64e5c9d3afcaf776fd9ab - - default default] Successfully bumped revision number for resource 173450d9-784f-4314-b46e-07357bf1f813 (type: ports) to 1
2026-05-08 11:33:02.197 9 INFO neutron.wsgi [None req-c72afda2-0135-4769-b015-e1e3c1044815 12b034c781aa464ab3366831b1ac1092 947b87ef42a64e5c9d3afcaf776fd9ab - - default default] 10.0.0.11 "POST /v2.0/ports HTTP/1.1" status: 201 len: 973 time: 0.3426952 /var/lib/openstack/lib/python3.10/site-packages/pycadf/identifier.py:71: UserWarning: Invalid uuid: neutron. To ensure interoperability, identifiers should be a valid uuid. warnings.warn(('Invalid uuid: %s. To ensure interoperability, '
2026-05-08 11:33:02.240 10 INFO neutron.wsgi [None req-6148053a-56a2-4335-bc6f-0b00e8f6dc16 1623486798b54484b4884c4b34ffed68 8217937b2bba4ca09a21a8730bb53868 - - default default] 10.0.0.11 "DELETE /v2.0/security-groups/429d9235-8b84-4ffa-9d28-6cc3b41b23ee HTTP/1.1" status: 204 len: 168 time: 0.1811543
2026-05-08 11:33:02.292 9 INFO neutron.db.segments_db [None req-829278a3-33d0-4fb6-b795-ba8d51994078 12b034c781aa464ab3366831b1ac1092 947b87ef42a64e5c9d3afcaf776fd9ab - - default default] Added segment beb39dc4-170a-4e6e-b19a-7a1166659744 of type geneve for network 802ed1a0-4f1a-48a8-9dce-afc395411cd5
2026-05-08 11:33:02.295 10 INFO neutron.services.segments.plugin [-] Segment 803eb178-7349-4f31-8513-42a185052e20 resource provider aggregate not found
2026-05-08 11:33:02.317 10 INFO neutron.services.segments.plugin [-] Segment 803eb178-7349-4f31-8513-42a185052e20 resource provider not found; error: Placement Client Error (4xx): {"errors": [{"status": 404, "title": "Not Found", "detail": "The resource could not be found.\n\n No resource provider with uuid 803eb178-7349-4f31-8513-42a185052e20 found for delete ", "request_id": "req-ac4e8915-5cc0-4533-ada4-a801b9694b9b"}]}
2026-05-08 11:33:02.350 10 INFO neutron.services.segments.plugin [-] Segment 803eb178-7349-4f31-8513-42a185052e20 resource provider aggregate not found
2026-05-08 11:33:02.370 10 INFO neutron.services.segments.plugin [-] Segment 803eb178-7349-4f31-8513-42a185052e20 resource provider not found; error: Placement Client Error (4xx): {"errors": [{"status": 404, "title": "Not Found", "detail": "The resource could not be found.\n\n No resource provider with uuid 803eb178-7349-4f31-8513-42a185052e20 found for delete ", "request_id": "req-c3e54349-3cfc-4e61-8631-3470415c4fbc"}]}
2026-05-08 11:33:02.389 10 INFO neutron.wsgi [None req-01c47331-c704-43ad-80be-6b1614d2c736 1623486798b54484b4884c4b34ffed68 8217937b2bba4ca09a21a8730bb53868 - - default default] 10.0.0.11 "GET /v2.0/security-groups?tenant_id=0aed3198a8f6469aa046d135c55892cb&name=default HTTP/1.1" status: 200 len: 2996 time: 0.0398576
2026-05-08 11:33:02.431 9 INFO neutron.db.ovn_revision_numbers_db [None req-829278a3-33d0-4fb6-b795-ba8d51994078 12b034c781aa464ab3366831b1ac1092 947b87ef42a64e5c9d3afcaf776fd9ab - - default default] Successfully bumped revision number for resource 802ed1a0-4f1a-48a8-9dce-afc395411cd5 (type: networks) to 1
2026-05-08 11:33:02.590 9 WARNING neutron.scheduler.dhcp_agent_scheduler [None req-829278a3-33d0-4fb6-b795-ba8d51994078 12b034c781aa464ab3366831b1ac1092 947b87ef42a64e5c9d3afcaf776fd9ab - - default default] No more DHCP agents
2026-05-08 11:33:02.591 9 WARNING neutron.api.rpc.agentnotifiers.dhcp_rpc_agent_api [None req-829278a3-33d0-4fb6-b795-ba8d51994078 12b034c781aa464ab3366831b1ac1092 947b87ef42a64e5c9d3afcaf776fd9ab - - default default] Unable to schedule network 802ed1a0-4f1a-48a8-9dce-afc395411cd5: no agents available; will retry on subsequent port and subnet creation events.
2026-05-08 11:33:02.599 10 INFO neutron.wsgi [None req-7e91d86a-a9c6-4914-9a85-89d927d37bf9 1623486798b54484b4884c4b34ffed68 8217937b2bba4ca09a21a8730bb53868 - - default default] 10.0.0.11 "DELETE /v2.0/security-groups/bd4eada4-05f9-4b2b-b163-9b0549530ca2 HTTP/1.1" status: 204 len: 168 time: 0.2010717
2026-05-08 11:33:02.668 9 INFO neutron.db.ovn_revision_numbers_db [None req-829278a3-33d0-4fb6-b795-ba8d51994078 12b034c781aa464ab3366831b1ac1092 947b87ef42a64e5c9d3afcaf776fd9ab - - default default] Successfully bumped revision number for resource edfa2ef9-bddd-45fa-84a2-96a9ca4a3128 (type: ports) to 1
2026-05-08 11:33:02.697 9 INFO neutron.wsgi [None req-829278a3-33d0-4fb6-b795-ba8d51994078 12b034c781aa464ab3366831b1ac1092 947b87ef42a64e5c9d3afcaf776fd9ab - - default default] 10.0.0.11 "POST /v2.0/networks HTTP/1.1" status: 201 len: 830 time: 0.4953811
2026-05-08 11:33:02.873 9 INFO neutron.db.ovn_revision_numbers_db [None req-11d1bbee-0ea9-4720-89cd-997d29f80981 1623486798b54484b4884c4b34ffed68 8217937b2bba4ca09a21a8730bb53868 - - default default] Successfully bumped revision number for resource 03206ccf-1a1d-4969-8fe5-9f73708477df (type: security_groups) to 1
2026-05-08 11:33:02.891 9 INFO neutron.db.ovn_revision_numbers_db [None req-11d1bbee-0ea9-4720-89cd-997d29f80981 1623486798b54484b4884c4b34ffed68 8217937b2bba4ca09a21a8730bb53868 - - default default] Successfully bumped revision number for resource 027010d9-c66f-4493-b2d1-ec8c26e341d5 (type: security_group_rules) to 0
2026-05-08 11:33:02.915 9 INFO neutron.db.ovn_revision_numbers_db [None req-11d1bbee-0ea9-4720-89cd-997d29f80981 1623486798b54484b4884c4b34ffed68 8217937b2bba4ca09a21a8730bb53868 - - default default] Successfully bumped revision number for resource 166741b1-3479-47f6-9fc5-c96c6169d31d (type: security_group_rules) to 0
2026-05-08 11:33:02.936 9 INFO neutron.db.ovn_revision_numbers_db [None req-11d1bbee-0ea9-4720-89cd-997d29f80981 1623486798b54484b4884c4b34ffed68 8217937b2bba4ca09a21a8730bb53868 - - default default] Successfully bumped revision number for resource cb02c18c-2b44-4e54-93ec-7064f311f383 (type: security_group_rules) to 0
2026-05-08 11:33:02.963 9 INFO neutron.db.ovn_revision_numbers_db [None req-11d1bbee-0ea9-4720-89cd-997d29f80981 1623486798b54484b4884c4b34ffed68 8217937b2bba4ca09a21a8730bb53868 - - default default] Successfully bumped revision number for resource ec8dc4cd-4bba-42f5-86fa-7a5e73b769de (type: security_group_rules) to 0
2026-05-08 11:33:02.993 9 INFO neutron.wsgi [None req-11d1bbee-0ea9-4720-89cd-997d29f80981 1623486798b54484b4884c4b34ffed68 8217937b2bba4ca09a21a8730bb53868 - - default default] 10.0.0.11 "GET /v2.0/security-groups?tenant_id=a123e799bcc64c56983907941ac684a3&name=default HTTP/1.1" status: 200 len: 2996 time: 0.2595153
2026-05-08 11:33:03.048 9 WARNING neutron.scheduler.dhcp_agent_scheduler [None req-d3c86560-d0ce-4883-a268-27b4c578121f 12b034c781aa464ab3366831b1ac1092 947b87ef42a64e5c9d3afcaf776fd9ab - - default default] No more DHCP agents
2026-05-08 11:33:03.051 9 WARNING neutron.api.rpc.agentnotifiers.dhcp_rpc_agent_api [None req-d3c86560-d0ce-4883-a268-27b4c578121f 12b034c781aa464ab3366831b1ac1092 947b87ef42a64e5c9d3afcaf776fd9ab - - default default] Unable to schedule network 802ed1a0-4f1a-48a8-9dce-afc395411cd5: no agents available; will retry on subsequent port and subnet creation events.
2026-05-08 11:33:03.283 9 INFO neutron.wsgi [None req-b83ca9b1-262c-432d-ae51-985e36b6848e 1623486798b54484b4884c4b34ffed68 8217937b2bba4ca09a21a8730bb53868 - - default default] 10.0.0.11 "DELETE /v2.0/security-groups/03206ccf-1a1d-4969-8fe5-9f73708477df HTTP/1.1" status: 204 len: 168 time: 0.2854853
2026-05-08 11:33:03.554 9 INFO neutron.db.ovn_revision_numbers_db [None req-d3c86560-d0ce-4883-a268-27b4c578121f 12b034c781aa464ab3366831b1ac1092 947b87ef42a64e5c9d3afcaf776fd9ab - - default default] Successfully bumped revision number for resource edfa2ef9-bddd-45fa-84a2-96a9ca4a3128 (type: ports) to 2
2026-05-08 11:33:03.598 9 INFO neutron.db.ovn_revision_numbers_db [None req-d3c86560-d0ce-4883-a268-27b4c578121f 12b034c781aa464ab3366831b1ac1092 947b87ef42a64e5c9d3afcaf776fd9ab - - default default] Successfully bumped revision number for resource f7175eb6-aa07-414b-a2b3-0c1bdda5de27 (type: subnets) to 0
2026-05-08 11:33:03.614 9 INFO neutron.wsgi [None req-d3c86560-d0ce-4883-a268-27b4c578121f 12b034c781aa464ab3366831b1ac1092 947b87ef42a64e5c9d3afcaf776fd9ab - - default default] 10.0.0.11 "POST /v2.0/subnets HTTP/1.1" status: 201 len: 801 time: 0.9123750
2026-05-08 11:33:03.988 9 WARNING neutron.scheduler.dhcp_agent_scheduler [None req-1313194c-2081-433d-8218-e600dc3b72bf 12b034c781aa464ab3366831b1ac1092 947b87ef42a64e5c9d3afcaf776fd9ab - - default default] No more DHCP agents
2026-05-08 11:33:03.990 9 WARNING neutron.api.rpc.agentnotifiers.dhcp_rpc_agent_api [None req-1313194c-2081-433d-8218-e600dc3b72bf 12b034c781aa464ab3366831b1ac1092 947b87ef42a64e5c9d3afcaf776fd9ab - - default default] Unable to schedule network 802ed1a0-4f1a-48a8-9dce-afc395411cd5: no agents available; will retry on subsequent port and subnet creation events.
2026-05-08 11:33:04.186 9 INFO neutron.db.ovn_revision_numbers_db [None req-1313194c-2081-433d-8218-e600dc3b72bf 12b034c781aa464ab3366831b1ac1092 947b87ef42a64e5c9d3afcaf776fd9ab - - default default] Successfully bumped revision number for resource e5b08087-dece-42f3-8f01-57776ae6c3e8 (type: ports) to 1
2026-05-08 11:33:04.213 9 INFO neutron.wsgi [None req-1313194c-2081-433d-8218-e600dc3b72bf 12b034c781aa464ab3366831b1ac1092 947b87ef42a64e5c9d3afcaf776fd9ab - - default default] 10.0.0.11 "POST /v2.0/ports HTTP/1.1" status: 201 len: 1148 time: 0.5940597 /var/lib/openstack/lib/python3.10/site-packages/pycadf/identifier.py:71: UserWarning: Invalid uuid: neutron. To ensure interoperability, identifiers should be a valid uuid. warnings.warn(('Invalid uuid: %s. To ensure interoperability, '
2026-05-08 11:33:04.561 9 INFO neutron.wsgi [None req-68ab7efd-d89f-49dd-9ffe-fc32248083b8 12b034c781aa464ab3366831b1ac1092 947b87ef42a64e5c9d3afcaf776fd9ab - - default default] 10.0.0.11 "DELETE /v2.0/ports/e5b08087-dece-42f3-8f01-57776ae6c3e8 HTTP/1.1" status: 204 len: 168 time: 0.3430791
2026-05-08 11:33:04.583 10 INFO neutron.pecan_wsgi.hooks.translation [None req-f2737395-2457-40be-a16e-794369294d9f 12b034c781aa464ab3366831b1ac1092 947b87ef42a64e5c9d3afcaf776fd9ab - - default default] DELETE failed (client error): The resource could not be found.
2026-05-08 11:33:04.585 10 INFO neutron.wsgi [None req-f2737395-2457-40be-a16e-794369294d9f 12b034c781aa464ab3366831b1ac1092 947b87ef42a64e5c9d3afcaf776fd9ab - - default default] 10.0.0.11 "DELETE /v2.0/ports/e5b08087-dece-42f3-8f01-57776ae6c3e8 HTTP/1.1" status: 404 len: 333 time: 0.0187392
2026-05-08 11:33:04.608 10 INFO neutron.pecan_wsgi.hooks.translation [None req-2232d2bf-447b-490a-8f0e-51cb0fe174e4 12b034c781aa464ab3366831b1ac1092 947b87ef42a64e5c9d3afcaf776fd9ab - - default default] GET failed (client error): The resource could not be found.
2026-05-08 11:33:04.610 10 INFO neutron.wsgi [None req-2232d2bf-447b-490a-8f0e-51cb0fe174e4 12b034c781aa464ab3366831b1ac1092 947b87ef42a64e5c9d3afcaf776fd9ab - - default default] 10.0.0.11 "GET /v2.0/ports/e5b08087-dece-42f3-8f01-57776ae6c3e8 HTTP/1.1" status: 404 len: 333 time: 0.0209086
2026-05-08 11:33:04.857 10 INFO neutron.wsgi [None req-a4a59a28-a9cb-4815-a893-9b9d9ffcc35f 12b034c781aa464ab3366831b1ac1092 947b87ef42a64e5c9d3afcaf776fd9ab - - default default] 10.0.0.11 "DELETE /v2.0/subnets/f7175eb6-aa07-414b-a2b3-0c1bdda5de27 HTTP/1.1" status: 204 len: 168 time: 0.2436664
2026-05-08 11:33:05.264 9 INFO neutron.services.segments.plugin [-] Segment beb39dc4-170a-4e6e-b19a-7a1166659744 resource provider aggregate not found
2026-05-08 11:33:05.269 9 INFO neutron.services.segments.plugin [-] Segment beb39dc4-170a-4e6e-b19a-7a1166659744 resource provider aggregate not found
2026-05-08 11:33:05.287 9 INFO neutron.services.segments.plugin [-] Segment beb39dc4-170a-4e6e-b19a-7a1166659744 resource provider not found; error: Placement Client Error (4xx): {"errors": [{"status": 404, "title": "Not Found", "detail": "The resource could not be found.\n\n No resource provider with uuid beb39dc4-170a-4e6e-b19a-7a1166659744 found for delete ", "request_id": "req-62f6798f-ae5c-40a1-8a46-d6ee5b5dc36a"}]}
2026-05-08 11:33:05.289 9 INFO neutron.services.segments.plugin [-] Segment beb39dc4-170a-4e6e-b19a-7a1166659744 resource provider not found; error: Placement Client Error (4xx): {"errors": [{"status": 404, "title": "Not Found", "detail": "The resource could not be found.\n\n No resource provider with uuid beb39dc4-170a-4e6e-b19a-7a1166659744 found for delete ", "request_id": "req-2c91f952-38ed-418c-9e78-4b9f0aec528f"}]}
2026-05-08 11:33:05.302 9 INFO neutron.wsgi [None req-6f06e88c-3e0e-4eb3-8b8e-232177f4ec9f 12b034c781aa464ab3366831b1ac1092 947b87ef42a64e5c9d3afcaf776fd9ab - - default default] 10.0.0.11 "DELETE /v2.0/networks/802ed1a0-4f1a-48a8-9dce-afc395411cd5 HTTP/1.1" status: 204 len: 168 time: 0.4380021
2026-05-08 11:33:05.406 10 INFO neutron.db.segments_db [None req-3698339d-b45d-4c54-9d2e-714acbfa4dbf 12b034c781aa464ab3366831b1ac1092 947b87ef42a64e5c9d3afcaf776fd9ab - - default default] Added segment e6c08e16-e6ff-44d5-bf51-634b0c3f44e0 of type geneve for network 641e3949-0c63-464b-a2c1-6894f9a04680
2026-05-08 11:33:05.550 10 INFO neutron.db.ovn_revision_numbers_db [None req-3698339d-b45d-4c54-9d2e-714acbfa4dbf 12b034c781aa464ab3366831b1ac1092 947b87ef42a64e5c9d3afcaf776fd9ab - - default default] Successfully bumped revision number for resource 641e3949-0c63-464b-a2c1-6894f9a04680 (type: networks) to 1
2026-05-08 11:33:05.750 10 WARNING neutron.scheduler.dhcp_agent_scheduler [None req-3698339d-b45d-4c54-9d2e-714acbfa4dbf 12b034c781aa464ab3366831b1ac1092 947b87ef42a64e5c9d3afcaf776fd9ab - - default default] No more DHCP agents
2026-05-08 11:33:05.754 10 WARNING neutron.api.rpc.agentnotifiers.dhcp_rpc_agent_api [None req-3698339d-b45d-4c54-9d2e-714acbfa4dbf 12b034c781aa464ab3366831b1ac1092 947b87ef42a64e5c9d3afcaf776fd9ab - - default default] Unable to schedule network 641e3949-0c63-464b-a2c1-6894f9a04680: no agents available; will retry on subsequent port and subnet creation events.
2026-05-08 11:33:05.849 10 INFO neutron.db.ovn_revision_numbers_db [None req-3698339d-b45d-4c54-9d2e-714acbfa4dbf 12b034c781aa464ab3366831b1ac1092 947b87ef42a64e5c9d3afcaf776fd9ab - - default default] Successfully bumped revision number for resource fc6fbbbe-00a8-4af6-8c47-6a1fe27dda67 (type: ports) to 1
2026-05-08 11:33:05.871 10 INFO neutron.wsgi [None req-3698339d-b45d-4c54-9d2e-714acbfa4dbf 12b034c781aa464ab3366831b1ac1092 947b87ef42a64e5c9d3afcaf776fd9ab - - default default] 10.0.0.11 "POST /v2.0/networks HTTP/1.1" status: 201 len: 830 time: 0.5634840
2026-05-08 11:33:06.100 9 WARNING neutron.scheduler.dhcp_agent_scheduler [None req-560b9803-f52e-461a-892e-d97e821406a9 2d62c667309e41d8bbfa974a22722601 1545c35e88c44d819a01ab64aa828a37 - - default default] No more DHCP agents
2026-05-08 11:33:06.104 9 WARNING neutron.api.rpc.agentnotifiers.dhcp_rpc_agent_api [None req-560b9803-f52e-461a-892e-d97e821406a9 2d62c667309e41d8bbfa974a22722601 1545c35e88c44d819a01ab64aa828a37 - - default default] Unable to schedule network 4bb2a2bc-66f3-4f1b-8e69-bbbc0fcf0b92: no agents available; will retry on subsequent port and subnet creation events.
2026-05-08 11:33:06.139 10 WARNING neutron.scheduler.dhcp_agent_scheduler [None req-f5e42bb0-96f0-439e-842e-c42409ceec93 12b034c781aa464ab3366831b1ac1092 947b87ef42a64e5c9d3afcaf776fd9ab - - default default] No more DHCP agents
2026-05-08 11:33:06.141 10 WARNING neutron.api.rpc.agentnotifiers.dhcp_rpc_agent_api [None req-f5e42bb0-96f0-439e-842e-c42409ceec93 12b034c781aa464ab3366831b1ac1092 947b87ef42a64e5c9d3afcaf776fd9ab - - default default] Unable to schedule network 641e3949-0c63-464b-a2c1-6894f9a04680: no agents available; will retry on subsequent port and subnet creation events.
2026-05-08 11:33:06.422 9 INFO neutron.db.ovn_revision_numbers_db [None req-560b9803-f52e-461a-892e-d97e821406a9 2d62c667309e41d8bbfa974a22722601 1545c35e88c44d819a01ab64aa828a37 - - default default] Successfully bumped revision number for resource 4dd8c585-21c6-48c8-9c45-1af5099a9cb6 (type: floatingips) to 0
2026-05-08 11:33:06.436 9 INFO neutron.wsgi [None req-560b9803-f52e-461a-892e-d97e821406a9 2d62c667309e41d8bbfa974a22722601 1545c35e88c44d819a01ab64aa828a37 - - default default] 10.0.0.11 "POST /v2.0/floatingips HTTP/1.1" status: 201 len: 751 time: 1.0904992
2026-05-08 11:33:06.579 10 INFO neutron.db.ovn_revision_numbers_db [None req-f5e42bb0-96f0-439e-842e-c42409ceec93 12b034c781aa464ab3366831b1ac1092 947b87ef42a64e5c9d3afcaf776fd9ab - - default default] Successfully bumped revision number for resource fc6fbbbe-00a8-4af6-8c47-6a1fe27dda67 (type: ports) to 2
2026-05-08 11:33:06.617 10 INFO neutron.db.ovn_revision_numbers_db [None req-f5e42bb0-96f0-439e-842e-c42409ceec93 12b034c781aa464ab3366831b1ac1092 947b87ef42a64e5c9d3afcaf776fd9ab - - default default] Successfully bumped revision number for resource 5a54f5be-5cb5-4728-a36f-17de4a5489b3 (type: subnets) to 0
2026-05-08 11:33:06.633 10 INFO neutron.wsgi [None req-f5e42bb0-96f0-439e-842e-c42409ceec93 12b034c781aa464ab3366831b1ac1092 947b87ef42a64e5c9d3afcaf776fd9ab - - default default] 10.0.0.11 "POST /v2.0/subnets HTTP/1.1" status: 201 len: 801 time: 0.7546995
2026-05-08 11:33:06.730 9 WARNING neutron.scheduler.dhcp_agent_scheduler [None req-ccda93a6-d329-4699-8e73-acc354cb30e3 2d62c667309e41d8bbfa974a22722601 1545c35e88c44d819a01ab64aa828a37 - - default default] No more DHCP agents
2026-05-08 11:33:06.734 9 WARNING neutron.api.rpc.agentnotifiers.dhcp_rpc_agent_api [None req-ccda93a6-d329-4699-8e73-acc354cb30e3 2d62c667309e41d8bbfa974a22722601 1545c35e88c44d819a01ab64aa828a37 - - default default] Unable to schedule network 4bb2a2bc-66f3-4f1b-8e69-bbbc0fcf0b92: no agents available; will retry on subsequent port and subnet creation events.
2026-05-08 11:33:07.056 9 INFO neutron.db.ovn_revision_numbers_db [None req-ccda93a6-d329-4699-8e73-acc354cb30e3 2d62c667309e41d8bbfa974a22722601 1545c35e88c44d819a01ab64aa828a37 - - default default] Successfully bumped revision number for resource 12e0dd8f-043d-4bee-b27f-127459dc161b (type: floatingips) to 0
2026-05-08 11:33:07.073 9 INFO neutron.wsgi [None req-ccda93a6-d329-4699-8e73-acc354cb30e3 2d62c667309e41d8bbfa974a22722601 1545c35e88c44d819a01ab64aa828a37 - - default default] 10.0.0.11 "POST /v2.0/floatingips HTTP/1.1" status: 201 len: 751 time: 0.6314957
2026-05-08 11:33:07.177 10 WARNING neutron.scheduler.dhcp_agent_scheduler [None req-e7c21d94-0ac9-44b3-a29a-3187565af0c4 12b034c781aa464ab3366831b1ac1092 947b87ef42a64e5c9d3afcaf776fd9ab - - default default] No more DHCP agents
2026-05-08 11:33:07.180 10 WARNING neutron.api.rpc.agentnotifiers.dhcp_rpc_agent_api [None req-e7c21d94-0ac9-44b3-a29a-3187565af0c4 12b034c781aa464ab3366831b1ac1092 947b87ef42a64e5c9d3afcaf776fd9ab - - default default] Unable to schedule network 641e3949-0c63-464b-a2c1-6894f9a04680: no agents available; will retry on subsequent port and subnet creation events.
2026-05-08 11:33:07.340 10 INFO neutron.db.ovn_revision_numbers_db [None req-e7c21d94-0ac9-44b3-a29a-3187565af0c4 12b034c781aa464ab3366831b1ac1092 947b87ef42a64e5c9d3afcaf776fd9ab - - default default] Successfully bumped revision number for resource ecec953e-ccbd-478f-823c-bf2909f21526 (type: ports) to 1
2026-05-08 11:33:07.355 9 WARNING neutron.scheduler.dhcp_agent_scheduler [None req-26a1fa90-904e-40b9-96e6-63e2e97bb44c 2d62c667309e41d8bbfa974a22722601 1545c35e88c44d819a01ab64aa828a37 - - default default] No more DHCP agents
2026-05-08 11:33:07.359 9 WARNING neutron.api.rpc.agentnotifiers.dhcp_rpc_agent_api [None req-26a1fa90-904e-40b9-96e6-63e2e97bb44c 2d62c667309e41d8bbfa974a22722601 1545c35e88c44d819a01ab64aa828a37 - - default default] Unable to schedule network 4bb2a2bc-66f3-4f1b-8e69-bbbc0fcf0b92: no agents available; will retry on subsequent port and subnet creation events.
2026-05-08 11:33:07.363 10 INFO neutron.wsgi [None req-e7c21d94-0ac9-44b3-a29a-3187565af0c4 12b034c781aa464ab3366831b1ac1092 947b87ef42a64e5c9d3afcaf776fd9ab - - default default] 10.0.0.11 "POST /v2.0/ports HTTP/1.1" status: 201 len: 1111 time: 0.7249517
2026-05-08 11:33:07.706 9 INFO neutron.db.ovn_revision_numbers_db [None req-26a1fa90-904e-40b9-96e6-63e2e97bb44c 2d62c667309e41d8bbfa974a22722601 1545c35e88c44d819a01ab64aa828a37 - - default default] Successfully bumped revision number for resource f5d84b6a-6aa6-4529-b4c8-542c98bcf540 (type: floatingips) to 0
2026-05-08 11:33:07.728 9 INFO neutron.wsgi [None req-26a1fa90-904e-40b9-96e6-63e2e97bb44c 2d62c667309e41d8bbfa974a22722601 1545c35e88c44d819a01ab64aa828a37 - - default default] 10.0.0.11 "POST /v2.0/floatingips HTTP/1.1" status: 201 len: 751 time: 0.6511757
2026-05-08 11:33:07.730 10 INFO neutron.wsgi [None req-738a3549-2842-476a-8d9c-13788cdb4855 12b034c781aa464ab3366831b1ac1092 947b87ef42a64e5c9d3afcaf776fd9ab - - default default] 10.0.0.11 "DELETE /v2.0/ports/ecec953e-ccbd-478f-823c-bf2909f21526 HTTP/1.1" status: 204 len: 168 time: 0.3613250
2026-05-08 11:33:07.753 9 INFO neutron.pecan_wsgi.hooks.translation [None req-a928cb2c-7140-4300-85d5-59c740e0fdff 12b034c781aa464ab3366831b1ac1092 947b87ef42a64e5c9d3afcaf776fd9ab - - default default] GET failed (client error): The resource could not be found.
2026-05-08 11:33:07.755 9 INFO neutron.wsgi [None req-a928cb2c-7140-4300-85d5-59c740e0fdff 12b034c781aa464ab3366831b1ac1092 947b87ef42a64e5c9d3afcaf776fd9ab - - default default] 10.0.0.11 "GET /v2.0/ports/ecec953e-ccbd-478f-823c-bf2909f21526 HTTP/1.1" status: 404 len: 333 time: 0.0203142
2026-05-08 11:33:07.824 9 INFO neutron.db.ovn_revision_numbers_db [None req-b3773724-5b47-4d1c-be99-a86584ccc8d2 9e357b2d129f477e9429965a28ac669c df54b176f1e144d286562dd745007764 - - default default] Successfully bumped revision number for resource be7a048d-c5a1-4249-96b2-38bc5820e558 (type: security_groups) to 1
2026-05-08 11:33:07.848 9 INFO neutron.db.ovn_revision_numbers_db [None req-b3773724-5b47-4d1c-be99-a86584ccc8d2 9e357b2d129f477e9429965a28ac669c df54b176f1e144d286562dd745007764 - - default default] Successfully bumped revision number for resource 06b343c5-54fe-46fc-a0ed-ce795ef851d5 (type: security_group_rules) to 0
2026-05-08 11:33:07.872 9 INFO neutron.db.ovn_revision_numbers_db [None req-b3773724-5b47-4d1c-be99-a86584ccc8d2 9e357b2d129f477e9429965a28ac669c df54b176f1e144d286562dd745007764 - - default default] Successfully bumped revision number for resource 56fa9610-a175-4140-909f-0f23fe2a0476 (type: security_group_rules) to 0
2026-05-08 11:33:07.892 9 INFO neutron.db.ovn_revision_numbers_db [None req-b3773724-5b47-4d1c-be99-a86584ccc8d2 9e357b2d129f477e9429965a28ac669c df54b176f1e144d286562dd745007764 - - default default] Successfully bumped revision number for resource c92b426f-65e6-42c2-9de6-d5e50c757d9a (type: security_group_rules) to 0
2026-05-08 11:33:07.916 9 INFO neutron.db.ovn_revision_numbers_db [None req-b3773724-5b47-4d1c-be99-a86584ccc8d2 9e357b2d129f477e9429965a28ac669c df54b176f1e144d286562dd745007764 - - default default] Successfully bumped revision number for resource f96dd685-cc48-4523-a8a0-b86fa6f040de (type: security_group_rules) to 0
2026-05-08 11:33:07.984 9 INFO neutron.db.segments_db [None req-b3773724-5b47-4d1c-be99-a86584ccc8d2 9e357b2d129f477e9429965a28ac669c df54b176f1e144d286562dd745007764 - - default default] Added segment 2d84adf6-b96e-45c6-a98e-f2db5c047977 of type geneve for network e9dead76-5306-41b8-8ff4-e6bdf9bc4985
2026-05-08 11:33:08.001 9 INFO neutron.wsgi [None req-edca2579-f999-4287-be09-5edbb507bcfa 12b034c781aa464ab3366831b1ac1092 947b87ef42a64e5c9d3afcaf776fd9ab - - default default] 10.0.0.11 "DELETE /v2.0/subnets/5a54f5be-5cb5-4728-a36f-17de4a5489b3 HTTP/1.1" status: 204 len: 168 time: 0.2411845
2026-05-08 11:33:08.027 10 WARNING neutron.scheduler.dhcp_agent_scheduler [None req-381b424e-1af9-419f-84d2-373611aa3af7 2d62c667309e41d8bbfa974a22722601 1545c35e88c44d819a01ab64aa828a37 - - default default] No more DHCP agents
2026-05-08 11:33:08.030 10 WARNING neutron.api.rpc.agentnotifiers.dhcp_rpc_agent_api [None req-381b424e-1af9-419f-84d2-373611aa3af7 2d62c667309e41d8bbfa974a22722601 1545c35e88c44d819a01ab64aa828a37 - - default default] Unable to schedule network 4bb2a2bc-66f3-4f1b-8e69-bbbc0fcf0b92: no agents available; will retry on subsequent port and subnet creation events.
2026-05-08 11:33:08.151 9 INFO neutron.db.ovn_revision_numbers_db [None req-b3773724-5b47-4d1c-be99-a86584ccc8d2 9e357b2d129f477e9429965a28ac669c df54b176f1e144d286562dd745007764 - - default default] Successfully bumped revision number for resource e9dead76-5306-41b8-8ff4-e6bdf9bc4985 (type: networks) to 1
2026-05-08 11:33:08.384 9 WARNING neutron.scheduler.dhcp_agent_scheduler [None req-b3773724-5b47-4d1c-be99-a86584ccc8d2 9e357b2d129f477e9429965a28ac669c df54b176f1e144d286562dd745007764 - - default default] No more DHCP agents
2026-05-08 11:33:08.386 9 WARNING neutron.api.rpc.agentnotifiers.dhcp_rpc_agent_api [None req-b3773724-5b47-4d1c-be99-a86584ccc8d2 9e357b2d129f477e9429965a28ac669c df54b176f1e144d286562dd745007764 - - default default] Unable to schedule network e9dead76-5306-41b8-8ff4-e6bdf9bc4985: no agents available; will retry on subsequent port and subnet creation events.
