2026-05-08 11:33:35.934 10 INFO neutron.db.ovn_revision_numbers_db [None req-3df568e2-7620-4033-b680-07dbf7ef65c9 0e34a5a0ead043a79105de080ada4fa2 0b53c7d4a5a24e7a8414352f6e03b941 - - default default] Successfully bumped revision number for resource 746f3192-a6e6-4737-9041-27de2a7797b8 (type: ports) to 1
2026-05-08 11:33:35.982 10 INFO neutron.wsgi [None req-3df568e2-7620-4033-b680-07dbf7ef65c9 0e34a5a0ead043a79105de080ada4fa2 0b53c7d4a5a24e7a8414352f6e03b941 - - default default] 10.0.0.11 "POST /v2.0/ports HTTP/1.1" status: 201 len: 942 time: 0.4694145 /var/lib/openstack/lib/python3.10/site-packages/pycadf/identifier.py:71: UserWarning: Invalid uuid: neutron. To ensure interoperability, identifiers should be a valid uuid. warnings.warn(('Invalid uuid: %s. To ensure interoperability, '
2026-05-08 11:33:36.004 9 INFO neutron.wsgi [None req-4a67991e-a117-45be-af7d-6c342b1776d9 44824ef1f4fb4023bab5517bfb4f0e2e 84311757f75d437786301d1f67774e15 - - default default] 10.0.0.11 "POST /v2.0/trunks HTTP/1.1" status: 201 len: 608 time: 0.4865139
2026-05-08 11:33:36.046 9 INFO neutron.wsgi [None req-87ef29ac-743e-42c5-8ae1-3f6e56650188 44824ef1f4fb4023bab5517bfb4f0e2e 84311757f75d437786301d1f67774e15 - - default default] 10.0.0.11 "PUT /v2.0/trunks/68c133f0-1cd7-4769-b582-c95462fc153b/tags HTTP/1.1" status: 200 len: 210 time: 0.0381284
2026-05-08 11:33:36.067 10 INFO neutron.wsgi [None req-73389652-a110-42f7-9b01-4545cf237597 0e34a5a0ead043a79105de080ada4fa2 0b53c7d4a5a24e7a8414352f6e03b941 - - default default] 10.0.0.11 "PUT /v2.0/ports/746f3192-a6e6-4737-9041-27de2a7797b8/tags HTTP/1.1" status: 200 len: 218 time: 0.0769563
2026-05-08 11:33:36.101 9 INFO neutron.wsgi [None req-87714899-2028-4091-86de-dbf3b72ba1a4 0e34a5a0ead043a79105de080ada4fa2 0b53c7d4a5a24e7a8414352f6e03b941 - - default default] 10.0.0.11 "GET /v2.0/ports/746f3192-a6e6-4737-9041-27de2a7797b8/tags HTTP/1.1" status: 200 len: 218 time: 0.0282025
2026-05-08 11:33:36.131 9 INFO neutron.wsgi [None req-6edafe2e-8b3a-40a5-b9f2-ae43c8e31d73 44824ef1f4fb4023bab5517bfb4f0e2e 84311757f75d437786301d1f67774e15 - - default default] 10.0.0.11 "PUT /v2.0/trunks/8afce976-f291-4a3c-960c-0e7ae934ecf2/tags HTTP/1.1" status: 200 len: 218 time: 0.0813115
2026-05-08 11:33:36.184 9 INFO neutron.wsgi [None req-5c438454-3c9e-4b4b-80fb-4db4581dc470 0e34a5a0ead043a79105de080ada4fa2 0b53c7d4a5a24e7a8414352f6e03b941 - - default default] 10.0.0.11 "PUT /v2.0/ports/746f3192-a6e6-4737-9041-27de2a7797b8/tags/green HTTP/1.1" status: 201 len: 201 time: 0.0705860
2026-05-08 11:33:36.208 10 INFO neutron.wsgi [None req-7499c008-d9c7-4e6f-b13d-a19e68ed8365 44824ef1f4fb4023bab5517bfb4f0e2e 84311757f75d437786301d1f67774e15 - - default default] 10.0.0.11 "PUT /v2.0/trunks/43325b8c-d03a-4d76-876c-26b815ab55dd/tags HTTP/1.1" status: 200 len: 227 time: 0.0717342
2026-05-08 11:33:36.243 9 INFO neutron.wsgi [None req-a48f4689-d289-487e-b57e-39160e725e2b 0e34a5a0ead043a79105de080ada4fa2 0b53c7d4a5a24e7a8414352f6e03b941 - - default default] 10.0.0.11 "GET /v2.0/ports/746f3192-a6e6-4737-9041-27de2a7797b8/tags HTTP/1.1" status: 200 len: 227 time: 0.0535758
2026-05-08 11:33:36.247 9 INFO neutron.wsgi [None req-e3d8e984-d860-4c93-a8dd-fb0eb4997dd1 44824ef1f4fb4023bab5517bfb4f0e2e 84311757f75d437786301d1f67774e15 - - default default] 10.0.0.11 "PUT /v2.0/trunks/841096d7-51fb-4ca4-a583-10bf35d458c0/tags HTTP/1.1" status: 200 len: 212 time: 0.0337031
2026-05-08 11:33:36.287 9 INFO neutron.wsgi [None req-7e7c51e6-2a31-4cd0-86f3-7ee6120b851b 44824ef1f4fb4023bab5517bfb4f0e2e 84311757f75d437786301d1f67774e15 - - default default] 10.0.0.11 "GET /v2.0/trunks?tags=red HTTP/1.1" status: 200 len: 1447 time: 0.0334294
2026-05-08 11:33:36.298 9 INFO neutron.wsgi [None req-8a522e31-5eb3-470b-91d9-7b07911ff24a 0e34a5a0ead043a79105de080ada4fa2 0b53c7d4a5a24e7a8414352f6e03b941 - - default default] 10.0.0.11 "PUT /v2.0/ports/746f3192-a6e6-4737-9041-27de2a7797b8/tags/red HTTP/1.1" status: 201 len: 201 time: 0.0384703 /var/lib/openstack/lib/python3.10/site-packages/pycadf/identifier.py:71: UserWarning: Invalid uuid: neutron. To ensure interoperability, identifiers should be a valid uuid. warnings.warn(('Invalid uuid: %s. To ensure interoperability, '
2026-05-08 11:33:36.319 10 INFO neutron.wsgi [None req-84f96067-6a8a-4e58-9f9d-c601a3ee992c 1269d90eba7f448c909854de9312bdfc daac5596b3014aa18accd5f472872f57 - - default default] 10.0.0.11 "PUT /v2.0/routers/42a0255d-f73c-43ea-ac9e-fa7c8389c390/remove_router_interface HTTP/1.1" status: 200 len: 503 time: 0.7582500
2026-05-08 11:33:36.328 10 INFO neutron.wsgi [None req-060072db-9bf6-4899-bdd8-dcb26959b18b 44824ef1f4fb4023bab5517bfb4f0e2e 84311757f75d437786301d1f67774e15 - - default default] 10.0.0.11 "GET /v2.0/trunks?tags=red%2Cblue HTTP/1.1" status: 200 len: 1041 time: 0.0348701
2026-05-08 11:33:36.350 9 INFO neutron.wsgi [None req-6c39cd5d-7568-426a-aded-8c3aff48ea26 1269d90eba7f448c909854de9312bdfc daac5596b3014aa18accd5f472872f57 - - default default] 10.0.0.11 "GET /v2.0/ports?device_id=42a0255d-f73c-43ea-ac9e-fa7c8389c390 HTTP/1.1" status: 200 len: 205 time: 0.0264921
2026-05-08 11:33:36.354 9 INFO neutron.wsgi [None req-c63060cb-6eb9-419b-abab-ee78ffc95b1a 0e34a5a0ead043a79105de080ada4fa2 0b53c7d4a5a24e7a8414352f6e03b941 - - default default] 10.0.0.11 "GET /v2.0/ports/746f3192-a6e6-4737-9041-27de2a7797b8/tags HTTP/1.1" status: 200 len: 227 time: 0.0529451
2026-05-08 11:33:36.367 9 INFO neutron.wsgi [None req-45b57cf6-3c97-4e89-bd9a-88da46391eee 44824ef1f4fb4023bab5517bfb4f0e2e 84311757f75d437786301d1f67774e15 - - default default] 10.0.0.11 "GET /v2.0/trunks?tags-any=blue HTTP/1.1" status: 200 len: 1041 time: 0.0353286
2026-05-08 11:33:36.398 9 INFO neutron.wsgi [None req-413dd093-ad01-4eed-85b8-bf1c42716de8 44824ef1f4fb4023bab5517bfb4f0e2e 84311757f75d437786301d1f67774e15 - - default default] 10.0.0.11 "GET /v2.0/trunks?tags-any=red%2Cblue HTTP/1.1" status: 200 len: 1447 time: 0.0221992
2026-05-08 11:33:36.426 9 INFO neutron.wsgi [None req-dcf7f34a-e00c-4cc6-8210-7eb6ec153b10 44824ef1f4fb4023bab5517bfb4f0e2e 84311757f75d437786301d1f67774e15 - - default default] 10.0.0.11 "GET /v2.0/trunks?not-tags=red HTTP/1.1" status: 200 len: 1013 time: 0.0192583
2026-05-08 11:33:36.430 9 INFO neutron.wsgi [None req-ef72842b-d234-4213-b8e5-ffe057660c00 0e34a5a0ead043a79105de080ada4fa2 0b53c7d4a5a24e7a8414352f6e03b941 - - default default] 10.0.0.11 "PUT /v2.0/ports/746f3192-a6e6-4737-9041-27de2a7797b8/tags/black.or.white HTTP/1.1" status: 201 len: 201 time: 0.0715332
2026-05-08 11:33:36.461 9 INFO neutron.wsgi [None req-f78adf1b-e1fe-48b6-b634-9427e8942833 44824ef1f4fb4023bab5517bfb4f0e2e 84311757f75d437786301d1f67774e15 - - default default] 10.0.0.11 "GET /v2.0/trunks?not-tags=red%2Cblue HTTP/1.1" status: 200 len: 1419 time: 0.0301597
2026-05-08 11:33:36.480 9 INFO neutron.wsgi [None req-e96814ff-e095-4aac-8c63-2ae4a945ab59 0e34a5a0ead043a79105de080ada4fa2 0b53c7d4a5a24e7a8414352f6e03b941 - - default default] 10.0.0.11 "GET /v2.0/ports/746f3192-a6e6-4737-9041-27de2a7797b8/tags HTTP/1.1" status: 200 len: 245 time: 0.0448787
2026-05-08 11:33:36.485 9 INFO neutron.wsgi [None req-955dbacb-1f8e-4557-8814-efb17aa7f404 44824ef1f4fb4023bab5517bfb4f0e2e 84311757f75d437786301d1f67774e15 - - default default] 10.0.0.11 "GET /v2.0/trunks?not-tags-any=blue HTTP/1.1" status: 200 len: 1419 time: 0.0212803
2026-05-08 11:33:36.507 9 INFO neutron.wsgi [None req-2c27dcbe-44ce-40e5-a4e6-da68c13beb39 44824ef1f4fb4023bab5517bfb4f0e2e 84311757f75d437786301d1f67774e15 - - default default] 10.0.0.11 "GET /v2.0/trunks?not-tags-any=red%2Cblue HTTP/1.1" status: 200 len: 1013 time: 0.0181012
2026-05-08 11:33:36.531 9 INFO neutron.wsgi [None req-2db8ea9b-ae1e-43b4-88b1-b719f1dcc0a0 44824ef1f4fb4023bab5517bfb4f0e2e 84311757f75d437786301d1f67774e15 - - default default] 10.0.0.11 "GET /v2.0/trunks/68c133f0-1cd7-4769-b582-c95462fc153b HTTP/1.1" status: 200 len: 608 time: 0.0187526
2026-05-08 11:33:36.576 10 INFO neutron.wsgi [None req-aa9880c8-a462-49b3-a0ac-5e3e7e1d8890 0e34a5a0ead043a79105de080ada4fa2 0b53c7d4a5a24e7a8414352f6e03b941 - - default default] 10.0.0.11 "PUT /v2.0/ports/746f3192-a6e6-4737-9041-27de2a7797b8/tags HTTP/1.1" status: 200 len: 230 time: 0.0907440
2026-05-08 11:33:36.614 10 INFO neutron.wsgi [None req-16c8b6c3-746d-462f-b673-e26a4d281ce7 1269d90eba7f448c909854de9312bdfc daac5596b3014aa18accd5f472872f57 - - default default] 10.0.0.11 "DELETE /v2.0/routers/42a0255d-f73c-43ea-ac9e-fa7c8389c390 HTTP/1.1" status: 204 len: 168 time: 0.2575784
2026-05-08 11:33:36.617 10 INFO neutron.wsgi [None req-fa4fbcac-dc77-4097-b703-1164170a6d1f 0e34a5a0ead043a79105de080ada4fa2 0b53c7d4a5a24e7a8414352f6e03b941 - - default default] 10.0.0.11 "GET /v2.0/ports/746f3192-a6e6-4737-9041-27de2a7797b8/tags HTTP/1.1" status: 200 len: 230 time: 0.0360432
2026-05-08 11:33:36.646 9 INFO neutron.wsgi [None req-84f1d031-0c77-4c7a-a45e-db938e9e3802 44824ef1f4fb4023bab5517bfb4f0e2e 84311757f75d437786301d1f67774e15 - - default default] 10.0.0.11 "GET /v2.0/ports/bfad0159-8f4c-4588-a7f3-f47c53c790e9 HTTP/1.1" status: 200 len: 1020 time: 0.1109228
2026-05-08 11:33:36.669 10 INFO neutron.wsgi [None req-93079111-b263-4161-ae27-ae94f6717237 0e34a5a0ead043a79105de080ada4fa2 0b53c7d4a5a24e7a8414352f6e03b941 - - default default] 10.0.0.11 "GET /v2.0/ports/746f3192-a6e6-4737-9041-27de2a7797b8/tags/red HTTP/1.1" status: 204 len: 168 time: 0.0463624
2026-05-08 11:33:36.714 9 INFO neutron.api.v2.resource [None req-eabcd952-5916-4a21-8a0c-2c70aed551a3 0e34a5a0ead043a79105de080ada4fa2 0b53c7d4a5a24e7a8414352f6e03b941 - - default default] show failed (client error): The resource could not be found.
2026-05-08 11:33:36.715 9 INFO neutron.wsgi [None req-eabcd952-5916-4a21-8a0c-2c70aed551a3 0e34a5a0ead043a79105de080ada4fa2 0b53c7d4a5a24e7a8414352f6e03b941 - - default default] 10.0.0.11 "GET /v2.0/ports/746f3192-a6e6-4737-9041-27de2a7797b8/tags/green HTTP/1.1" status: 404 len: 299 time: 0.0396385
2026-05-08 11:33:36.742 9 INFO neutron.wsgi [None req-4ab613bb-1719-44ec-8808-52ac6eda08e3 44824ef1f4fb4023bab5517bfb4f0e2e 84311757f75d437786301d1f67774e15 - - default default] 10.0.0.11 "DELETE /v2.0/trunks/68c133f0-1cd7-4769-b582-c95462fc153b HTTP/1.1" status: 204 len: 168 time: 0.0906291
2026-05-08 11:33:36.763 9 INFO neutron.wsgi [None req-b7ed7bb2-90fe-46e1-80cf-2af78a70cf08 44824ef1f4fb4023bab5517bfb4f0e2e 84311757f75d437786301d1f67774e15 - - default default] 10.0.0.11 "GET /v2.0/trunks/8afce976-f291-4a3c-960c-0e7ae934ecf2 HTTP/1.1" status: 200 len: 616 time: 0.0151098
2026-05-08 11:33:36.779 10 INFO neutron.wsgi [None req-0ee68e83-3301-4e7e-afe7-48ed929518af 0e34a5a0ead043a79105de080ada4fa2 0b53c7d4a5a24e7a8414352f6e03b941 - - default default] 10.0.0.11 "DELETE /v2.0/ports/746f3192-a6e6-4737-9041-27de2a7797b8/tags/red HTTP/1.1" status: 204 len: 168 time: 0.0596881
2026-05-08 11:33:36.822 9 INFO neutron.wsgi [None req-1cdac2ea-4814-4bf0-85d9-6a23ee9635fb 0e34a5a0ead043a79105de080ada4fa2 0b53c7d4a5a24e7a8414352f6e03b941 - - default default] 10.0.0.11 "GET /v2.0/ports/746f3192-a6e6-4737-9041-27de2a7797b8/tags HTTP/1.1" status: 200 len: 223 time: 0.0385964
2026-05-08 11:33:36.833 10 INFO neutron.wsgi [None req-e1e6cd08-222a-4823-bc06-f2c3c2a2112a 1269d90eba7f448c909854de9312bdfc daac5596b3014aa18accd5f472872f57 - - default default] 10.0.0.11 "DELETE /v2.0/subnets/323e746a-b14c-4201-bc37-24f6c39421b0 HTTP/1.1" status: 204 len: 168 time: 0.2109780
2026-05-08 11:33:36.872 9 INFO neutron.api.v2.resource [None req-e1b07d18-0fc8-4209-8ecc-20cc72c47976 0e34a5a0ead043a79105de080ada4fa2 0b53c7d4a5a24e7a8414352f6e03b941 - - default default] delete failed (client error): The resource could not be found.
2026-05-08 11:33:36.873 9 INFO neutron.wsgi [None req-e1b07d18-0fc8-4209-8ecc-20cc72c47976 0e34a5a0ead043a79105de080ada4fa2 0b53c7d4a5a24e7a8414352f6e03b941 - - default default] 10.0.0.11 "DELETE /v2.0/ports/746f3192-a6e6-4737-9041-27de2a7797b8/tags/green HTTP/1.1" status: 404 len: 299 time: 0.0457718
2026-05-08 11:33:36.877 9 INFO neutron.wsgi [None req-021b1536-9ea3-4cda-9eeb-264d8947618a 44824ef1f4fb4023bab5517bfb4f0e2e 84311757f75d437786301d1f67774e15 - - default default] 10.0.0.11 "GET /v2.0/ports/76a610cd-03ce-4bd8-98b3-7134446f5aff HTTP/1.1" status: 200 len: 1020 time: 0.1082513
2026-05-08 11:33:36.929 10 INFO neutron.wsgi [None req-b958bc2a-f79d-4602-977a-768f8613f4e5 0e34a5a0ead043a79105de080ada4fa2 0b53c7d4a5a24e7a8414352f6e03b941 - - default default] 10.0.0.11 "DELETE /v2.0/ports/746f3192-a6e6-4737-9041-27de2a7797b8/tags HTTP/1.1" status: 204 len: 168 time: 0.0513635
2026-05-08 11:33:36.972 9 INFO neutron.wsgi [None req-550849db-37c4-476f-9385-abddb3c553d6 0e34a5a0ead043a79105de080ada4fa2 0b53c7d4a5a24e7a8414352f6e03b941 - - default default] 10.0.0.11 "GET /v2.0/ports/746f3192-a6e6-4737-9041-27de2a7797b8/tags HTTP/1.1" status: 200 len: 205 time: 0.0376818
2026-05-08 11:33:36.992 9 INFO neutron.wsgi [None req-445569d1-5d07-4715-8929-e99ecbdd827c 44824ef1f4fb4023bab5517bfb4f0e2e 84311757f75d437786301d1f67774e15 - - default default] 10.0.0.11 "DELETE /v2.0/trunks/8afce976-f291-4a3c-960c-0e7ae934ecf2 HTTP/1.1" status: 204 len: 168 time: 0.1106656
2026-05-08 11:33:37.032 10 INFO neutron.wsgi [None req-f979bd77-73b7-4eb6-bbab-51c860a872cf 44824ef1f4fb4023bab5517bfb4f0e2e 84311757f75d437786301d1f67774e15 - - default default] 10.0.0.11 "GET /v2.0/trunks/43325b8c-d03a-4d76-876c-26b815ab55dd HTTP/1.1" status: 200 len: 625 time: 0.0361431
2026-05-08 11:33:37.156 10 INFO neutron.wsgi [None req-ed415133-1d9b-472a-ba31-09b80cdd1ead 44824ef1f4fb4023bab5517bfb4f0e2e 84311757f75d437786301d1f67774e15 - - default default] 10.0.0.11 "GET /v2.0/ports/acf3ff3e-b84b-4a8c-b79d-cbab9e95cae5 HTTP/1.1" status: 200 len: 1020 time: 0.1206505
2026-05-08 11:33:37.248 9 INFO neutron.wsgi [None req-435f9f6c-fb35-4c71-b7db-5465428664d4 0e34a5a0ead043a79105de080ada4fa2 0b53c7d4a5a24e7a8414352f6e03b941 - - default default] 10.0.0.11 "DELETE /v2.0/ports/746f3192-a6e6-4737-9041-27de2a7797b8 HTTP/1.1" status: 204 len: 168 time: 0.2686200
2026-05-08 11:33:37.269 10 INFO neutron.wsgi [None req-2d8a2d32-55f4-4024-810d-fd209316f226 44824ef1f4fb4023bab5517bfb4f0e2e 84311757f75d437786301d1f67774e15 - - default default] 10.0.0.11 "DELETE /v2.0/trunks/43325b8c-d03a-4d76-876c-26b815ab55dd HTTP/1.1" status: 204 len: 168 time: 0.1071794
2026-05-08 11:33:37.274 10 INFO neutron.services.segments.plugin [-] Segment baa724df-8d73-4d3b-8aa3-8167b14763e7 resource provider aggregate not found
2026-05-08 11:33:37.285 10 INFO neutron.services.segments.plugin [-] Segment baa724df-8d73-4d3b-8aa3-8167b14763e7 resource provider aggregate not found
2026-05-08 11:33:37.289 10 INFO neutron.services.segments.plugin [-] Segment baa724df-8d73-4d3b-8aa3-8167b14763e7 resource provider not found; error: Placement Client Error (4xx): {"errors": [{"status": 404, "title": "Not Found", "detail": "The resource could not be found.\n\n No resource provider with uuid baa724df-8d73-4d3b-8aa3-8167b14763e7 found for delete ", "request_id": "req-6b9a4ec2-4ad9-43cb-ba44-2db86350e629"}]}
2026-05-08 11:33:37.302 9 INFO neutron.wsgi [None req-14b3cb50-7d64-46b0-8631-d6e6a49c7029 44824ef1f4fb4023bab5517bfb4f0e2e 84311757f75d437786301d1f67774e15 - - default default] 10.0.0.11 "GET /v2.0/trunks/841096d7-51fb-4ca4-a583-10bf35d458c0 HTTP/1.1" status: 200 len: 610 time: 0.0265284
2026-05-08 11:33:37.303 10 INFO neutron.services.segments.plugin [-] Segment baa724df-8d73-4d3b-8aa3-8167b14763e7 resource provider not found; error: Placement Client Error (4xx): {"errors": [{"status": 404, "title": "Not Found", "detail": "The resource could not be found.\n\n No resource provider with uuid baa724df-8d73-4d3b-8aa3-8167b14763e7 found for delete ", "request_id": "req-ccbd87ad-b724-47a6-ac6e-d25f51db596c"}]}
2026-05-08 11:33:37.336 10 INFO neutron.wsgi [None req-b97adf85-bf9a-49fa-9cf1-8e400f7c75c3 1269d90eba7f448c909854de9312bdfc daac5596b3014aa18accd5f472872f57 - - default default] 10.0.0.11 "DELETE /v2.0/networks/776097e3-bef9-4858-b387-dddba7603a4d HTTP/1.1" status: 204 len: 168 time: 0.4963691
2026-05-08 11:33:37.400 10 INFO neutron.wsgi [None req-12171049-86a8-48a8-8496-727841e1eeac 44824ef1f4fb4023bab5517bfb4f0e2e 84311757f75d437786301d1f67774e15 - - default default] 10.0.0.11 "GET /v2.0/ports/374ea516-7710-48a9-ac8b-1926e72cfe20 HTTP/1.1" status: 200 len: 1020 time: 0.0931029
2026-05-08 11:33:37.575 9 INFO neutron.wsgi [None req-9cab6678-9a6a-458b-8244-f642620bc1e8 44824ef1f4fb4023bab5517bfb4f0e2e 84311757f75d437786301d1f67774e15 - - default default] 10.0.0.11 "DELETE /v2.0/trunks/841096d7-51fb-4ca4-a583-10bf35d458c0 HTTP/1.1" status: 204 len: 168 time: 0.1705973
2026-05-08 11:33:37.761 9 INFO neutron.services.segments.plugin [-] Segment 1ecbc7d9-d6c3-4152-aa61-94a061d1c05b resource provider aggregate not found
2026-05-08 11:33:37.765 9 INFO neutron.services.segments.plugin [-] Segment 1ecbc7d9-d6c3-4152-aa61-94a061d1c05b resource provider aggregate not found
2026-05-08 11:33:37.783 9 INFO neutron.services.segments.plugin [-] Segment 1ecbc7d9-d6c3-4152-aa61-94a061d1c05b resource provider not found; error: Placement Client Error (4xx): {"errors": [{"status": 404, "title": "Not Found", "detail": "The resource could not be found.\n\n No resource provider with uuid 1ecbc7d9-d6c3-4152-aa61-94a061d1c05b found for delete ", "request_id": "req-cd81ce25-266d-4ac1-8acc-64cae3862425"}]}
2026-05-08 11:33:37.784 9 INFO neutron.services.segments.plugin [-] Segment 1ecbc7d9-d6c3-4152-aa61-94a061d1c05b resource provider not found; error: Placement Client Error (4xx): {"errors": [{"status": 404, "title": "Not Found", "detail": "The resource could not be found.\n\n No resource provider with uuid 1ecbc7d9-d6c3-4152-aa61-94a061d1c05b found for delete ", "request_id": "req-3b993119-b154-40a9-bffc-8575fa0f717b"}]}
2026-05-08 11:33:37.786 10 INFO neutron.wsgi [None req-e2f07961-2ad6-49c2-acc2-abed438497dc 44824ef1f4fb4023bab5517bfb4f0e2e 84311757f75d437786301d1f67774e15 - - default default] 10.0.0.11 "GET /v2.0/trunks/4f96544c-d0d7-4f21-95e4-bf78f6164139 HTTP/1.1" status: 200 len: 603 time: 0.2058296
2026-05-08 11:33:37.822 9 INFO neutron.wsgi [None req-9e09d0ff-adb0-4776-84a9-68b55e12501f 0e34a5a0ead043a79105de080ada4fa2 0b53c7d4a5a24e7a8414352f6e03b941 - - default default] 10.0.0.11 "DELETE /v2.0/networks/3445e211-93e9-4cac-b19b-1c11ab26c9ac HTTP/1.1" status: 204 len: 168 time: 0.5677354
2026-05-08 11:33:37.892 10 INFO neutron.wsgi [None req-0ef62692-9e26-4084-9fb3-1d522e3ed6b4 44824ef1f4fb4023bab5517bfb4f0e2e 84311757f75d437786301d1f67774e15 - - default default] 10.0.0.11 "GET /v2.0/ports/2b6128c4-b76f-4e09-b448-36e052d7c69b HTTP/1.1" status: 200 len: 1020 time: 0.1016991
2026-05-08 11:33:37.952 9 WARNING neutron.scheduler.dhcp_agent_scheduler [None req-f15e1d75-5489-498d-a7e0-27057891044a 1269d90eba7f448c909854de9312bdfc daac5596b3014aa18accd5f472872f57 - - default default] No more DHCP agents
2026-05-08 11:33:37.956 9 WARNING neutron.api.rpc.agentnotifiers.dhcp_rpc_agent_api [None req-f15e1d75-5489-498d-a7e0-27057891044a 1269d90eba7f448c909854de9312bdfc daac5596b3014aa18accd5f472872f57 - - default default] Unable to schedule network 4bb2a2bc-66f3-4f1b-8e69-bbbc0fcf0b92: no agents available; will retry on subsequent port and subnet creation events.
2026-05-08 11:33:37.979 10 INFO neutron.wsgi [None req-0a0d6d56-646c-4925-bf02-441a299adf4c 44824ef1f4fb4023bab5517bfb4f0e2e 84311757f75d437786301d1f67774e15 - - default default] 10.0.0.11 "DELETE /v2.0/trunks/4f96544c-d0d7-4f21-95e4-bf78f6164139 HTTP/1.1" status: 204 len: 168 time: 0.0827785
2026-05-08 11:33:38.111 9 INFO neutron.db.ovn_revision_numbers_db [None req-f15e1d75-5489-498d-a7e0-27057891044a 1269d90eba7f448c909854de9312bdfc daac5596b3014aa18accd5f472872f57 - - default default] Successfully bumped revision number for resource 967f5621-b560-4727-bca0-7a5dbaab5fbd (type: ports) to 1
2026-05-08 11:33:38.213 10 INFO neutron.wsgi [None req-09fc58d7-b5c5-4b0e-b476-654d525e3a47 44824ef1f4fb4023bab5517bfb4f0e2e 84311757f75d437786301d1f67774e15 - - default default] 10.0.0.11 "DELETE /v2.0/ports/bfad0159-8f4c-4588-a7f3-f47c53c790e9 HTTP/1.1" status: 204 len: 168 time: 0.2283561
2026-05-08 11:33:38.459 10 INFO neutron.wsgi [None req-70b52000-bf1f-4ace-bf9b-e1ff500f8c16 44824ef1f4fb4023bab5517bfb4f0e2e 84311757f75d437786301d1f67774e15 - - default default] 10.0.0.11 "DELETE /v2.0/ports/76a610cd-03ce-4bd8-98b3-7134446f5aff HTTP/1.1" status: 204 len: 168 time: 0.2425249
2026-05-08 11:33:38.656 10 INFO neutron.wsgi [None req-b6b908a6-3a84-4286-a52b-4ef0a4df8f2a 1623486798b54484b4884c4b34ffed68 8217937b2bba4ca09a21a8730bb53868 - - default default] 10.0.0.11 "GET /v2.0/security-groups?tenant_id=0b53c7d4a5a24e7a8414352f6e03b941&name=default HTTP/1.1" status: 200 len: 2996 time: 0.1461811
2026-05-08 11:33:38.756 9 INFO neutron.db.ovn_revision_numbers_db [None req-f15e1d75-5489-498d-a7e0-27057891044a 1269d90eba7f448c909854de9312bdfc daac5596b3014aa18accd5f472872f57 - - default default] Successfully bumped revision number for resource 967f5621-b560-4727-bca0-7a5dbaab5fbd (type: router_ports) to 1
2026-05-08 11:33:38.772 10 INFO neutron.wsgi [None req-2e7b6fc0-037a-4c50-93f8-66c1dde985e6 44824ef1f4fb4023bab5517bfb4f0e2e 84311757f75d437786301d1f67774e15 - - default default] 10.0.0.11 "DELETE /v2.0/ports/acf3ff3e-b84b-4a8c-b79d-cbab9e95cae5 HTTP/1.1" status: 204 len: 168 time: 0.3080466
2026-05-08 11:33:38.864 9 INFO neutron.db.ovn_revision_numbers_db [None req-f15e1d75-5489-498d-a7e0-27057891044a 1269d90eba7f448c909854de9312bdfc daac5596b3014aa18accd5f472872f57 - - default default] Successfully bumped revision number for resource 1911e30f-e632-436e-8551-6adc479d16d8 (type: routers) to 2
2026-05-08 11:33:38.882 9 INFO neutron.wsgi [None req-f15e1d75-5489-498d-a7e0-27057891044a 1269d90eba7f448c909854de9312bdfc daac5596b3014aa18accd5f472872f57 - - default default] 10.0.0.11 "POST /v2.0/routers HTTP/1.1" status: 201 len: 871 time: 1.5385556
2026-05-08 11:33:38.972 10 INFO neutron.wsgi [None req-f2b41a58-ae87-4504-81e9-92c56fe9eb8e 1623486798b54484b4884c4b34ffed68 8217937b2bba4ca09a21a8730bb53868 - - default default] 10.0.0.11 "DELETE /v2.0/security-groups/02c783dd-cd74-49f1-80e7-cab5e0f59144 HTTP/1.1" status: 204 len: 168 time: 0.2980115
2026-05-08 11:33:39.011 10 INFO neutron.wsgi [None req-d8e3bda0-1bc0-471b-9dab-a3d6de0aaaa2 1269d90eba7f448c909854de9312bdfc daac5596b3014aa18accd5f472872f57 - - default default] 10.0.0.11 "GET /v2.0/routers/1911e30f-e632-436e-8551-6adc479d16d8 HTTP/1.1" status: 200 len: 872 time: 0.1214564
2026-05-08 11:33:39.136 9 INFO neutron.wsgi [None req-76a2bf34-39d4-4d76-846d-e1dfbbdd0fa0 44824ef1f4fb4023bab5517bfb4f0e2e 84311757f75d437786301d1f67774e15 - - default default] 10.0.0.11 "DELETE /v2.0/ports/374ea516-7710-48a9-ac8b-1926e72cfe20 HTTP/1.1" status: 204 len: 168 time: 0.3592079
2026-05-08 11:33:39.164 9 INFO neutron.wsgi [None req-86e91970-afdb-43e3-8613-a4c62d96c90e 1269d90eba7f448c909854de9312bdfc daac5596b3014aa18accd5f472872f57 - - default default] 10.0.0.11 "GET /v2.0/routers HTTP/1.1" status: 200 len: 875 time: 0.1488883
2026-05-08 11:33:39.245 10 INFO neutron.db.ovn_revision_numbers_db [None req-3565f79a-7137-4e7e-a777-8f738efa5ca0 1623486798b54484b4884c4b34ffed68 8217937b2bba4ca09a21a8730bb53868 - - default default] Successfully bumped revision number for resource e62ae7de-da23-4822-b39e-02246d053b34 (type: security_groups) to 1
2026-05-08 11:33:39.273 10 INFO neutron.db.ovn_revision_numbers_db [None req-3565f79a-7137-4e7e-a777-8f738efa5ca0 1623486798b54484b4884c4b34ffed68 8217937b2bba4ca09a21a8730bb53868 - - default default] Successfully bumped revision number for resource 0852258f-8c86-48d2-817d-d2d8973b465f (type: security_group_rules) to 0
2026-05-08 11:33:39.302 10 INFO neutron.db.ovn_revision_numbers_db [None req-3565f79a-7137-4e7e-a777-8f738efa5ca0 1623486798b54484b4884c4b34ffed68 8217937b2bba4ca09a21a8730bb53868 - - default default] Successfully bumped revision number for resource b17878bd-aef9-43c8-9d9d-6b236fb879c7 (type: security_group_rules) to 0
2026-05-08 11:33:39.331 10 INFO neutron.db.ovn_revision_numbers_db [None req-3565f79a-7137-4e7e-a777-8f738efa5ca0 1623486798b54484b4884c4b34ffed68 8217937b2bba4ca09a21a8730bb53868 - - default default] Successfully bumped revision number for resource b80a1b51-7d44-4ae8-8479-55075c24832a (type: security_group_rules) to 0
2026-05-08 11:33:39.348 10 INFO neutron.db.ovn_revision_numbers_db [None req-3565f79a-7137-4e7e-a777-8f738efa5ca0 1623486798b54484b4884c4b34ffed68 8217937b2bba4ca09a21a8730bb53868 - - default default] Successfully bumped revision number for resource da57329e-c321-4f30-ac11-216db639c35e (type: security_group_rules) to 0
2026-05-08 11:33:39.377 10 INFO neutron.wsgi [None req-3565f79a-7137-4e7e-a777-8f738efa5ca0 1623486798b54484b4884c4b34ffed68 8217937b2bba4ca09a21a8730bb53868 - - default default] 10.0.0.11 "GET /v2.0/security-groups?tenant_id=d3bfa50fdc1b49baa42eead405c6e1c2&name=default HTTP/1.1" status: 200 len: 2996 time: 0.3054042
2026-05-08 11:33:39.431 10 INFO neutron.wsgi [None req-99f82663-4a59-4a2f-9b9c-0b6bc2896b60 44824ef1f4fb4023bab5517bfb4f0e2e 84311757f75d437786301d1f67774e15 - - default default] 10.0.0.11 "DELETE /v2.0/ports/2b6128c4-b76f-4e09-b448-36e052d7c69b HTTP/1.1" status: 204 len: 168 time: 0.2880244
2026-05-08 11:33:39.672 10 INFO neutron.wsgi [None req-7697dc20-f142-43a8-b88f-7b2649098833 1623486798b54484b4884c4b34ffed68 8217937b2bba4ca09a21a8730bb53868 - - default default] 10.0.0.11 "DELETE /v2.0/security-groups/e62ae7de-da23-4822-b39e-02246d053b34 HTTP/1.1" status: 204 len: 168 time: 0.2859735
2026-05-08 11:33:39.783 10 INFO neutron.services.segments.plugin [-] Segment 2d67d5f7-d81d-44f6-8aab-94a8fcf5d9a9 resource provider aggregate not found
2026-05-08 11:33:39.788 10 INFO neutron.services.segments.plugin [-] Segment 2d67d5f7-d81d-44f6-8aab-94a8fcf5d9a9 resource provider aggregate not found
2026-05-08 11:33:39.804 10 INFO neutron.services.segments.plugin [-] Segment 2d67d5f7-d81d-44f6-8aab-94a8fcf5d9a9 resource provider not found; error: Placement Client Error (4xx): {"errors": [{"status": 404, "title": "Not Found", "detail": "The resource could not be found.\n\n No resource provider with uuid 2d67d5f7-d81d-44f6-8aab-94a8fcf5d9a9 found for delete ", "request_id": "req-b6ef5f42-0125-40c9-8e5b-6fe5441efc4f"}]}
2026-05-08 11:33:39.805 10 INFO neutron.services.segments.plugin [-] Segment 2d67d5f7-d81d-44f6-8aab-94a8fcf5d9a9 resource provider not found; error: Placement Client Error (4xx): {"errors": [{"status": 404, "title": "Not Found", "detail": "The resource could not be found.\n\n No resource provider with uuid 2d67d5f7-d81d-44f6-8aab-94a8fcf5d9a9 found for delete ", "request_id": "req-41910695-25ee-4945-bf04-faee3f7398b8"}]}
2026-05-08 11:33:39.828 10 INFO neutron.wsgi [None req-7ef267e3-a5f3-4b8b-b5d0-56008e7d0c20 44824ef1f4fb4023bab5517bfb4f0e2e 84311757f75d437786301d1f67774e15 - - default default] 10.0.0.11 "DELETE /v2.0/networks/20dfca17-acf5-4fa6-9d68-dde2dd3996cc HTTP/1.1" status: 204 len: 168 time: 0.3914886
2026-05-08 11:33:39.910 9 INFO neutron.db.ovn_revision_numbers_db [None req-391fd041-57a2-4566-8081-afb9aedfe3ed 1269d90eba7f448c909854de9312bdfc daac5596b3014aa18accd5f472872f57 - - default default] Successfully bumped revision number for resource 1911e30f-e632-436e-8551-6adc479d16d8 (type: routers) to 3
2026-05-08 11:33:39.913 9 INFO neutron.wsgi [None req-391fd041-57a2-4566-8081-afb9aedfe3ed 1269d90eba7f448c909854de9312bdfc daac5596b3014aa18accd5f472872f57 - - default default] 10.0.0.11 "PUT /v2.0/routers/1911e30f-e632-436e-8551-6adc479d16d8 HTTP/1.1" status: 200 len: 879 time: 0.7448530
2026-05-08 11:33:40.001 10 INFO neutron.wsgi [None req-a6002c64-38c6-4c3a-b4ab-44e927d311f1 1269d90eba7f448c909854de9312bdfc daac5596b3014aa18accd5f472872f57 - - default default] 10.0.0.11 "GET /v2.0/routers/1911e30f-e632-436e-8551-6adc479d16d8 HTTP/1.1" status: 200 len: 879 time: 0.0828035
2026-05-08 11:33:40.023 10 INFO neutron.wsgi [None req-e4d22886-eb9d-4291-9883-d32620f2d3bf 1269d90eba7f448c909854de9312bdfc daac5596b3014aa18accd5f472872f57 - - default default] 10.0.0.11 "GET /v2.0/ports?device_id=1911e30f-e632-436e-8551-6adc479d16d8 HTTP/1.1" status: 200 len: 205 time: 0.0178545
2026-05-08 11:33:40.237 9 INFO neutron.services.segments.plugin [-] Segment 8cc65fdb-917a-4435-96ea-08a463b85eac resource provider aggregate not found
2026-05-08 11:33:40.253 9 INFO neutron.services.segments.plugin [-] Segment 8cc65fdb-917a-4435-96ea-08a463b85eac resource provider aggregate not found
2026-05-08 11:33:40.271 9 INFO neutron.services.segments.plugin [-] Segment 8cc65fdb-917a-4435-96ea-08a463b85eac resource provider not found; error: Placement Client Error (4xx): {"errors": [{"status": 404, "title": "Not Found", "detail": "The resource could not be found.\n\n No resource provider with uuid 8cc65fdb-917a-4435-96ea-08a463b85eac found for delete ", "request_id": "req-28e2827d-8d98-407e-8117-adbfca494e84"}]}
2026-05-08 11:33:40.272 9 INFO neutron.services.segments.plugin [-] Segment 8cc65fdb-917a-4435-96ea-08a463b85eac resource provider not found; error: Placement Client Error (4xx): {"errors": [{"status": 404, "title": "Not Found", "detail": "The resource could not be found.\n\n No resource provider with uuid 8cc65fdb-917a-4435-96ea-08a463b85eac found for delete ", "request_id": "req-d2eab317-668e-4480-ae3f-6a3e3a583a8e"}]}
2026-05-08 11:33:40.293 9 INFO neutron.wsgi [None req-4128df63-4bb6-43d4-8bf8-bd8938ff72f9 44824ef1f4fb4023bab5517bfb4f0e2e 84311757f75d437786301d1f67774e15 - - default default] 10.0.0.11 "DELETE /v2.0/networks/8fe040ee-ea42-4f6b-a4dc-c26ab042fec4 HTTP/1.1" status: 204 len: 168 time: 0.4606049
2026-05-08 11:33:40.649 10 INFO neutron.wsgi [None req-a72e0f51-4dac-4469-aa13-2790c0e1f7a6 44824ef1f4fb4023bab5517bfb4f0e2e 84311757f75d437786301d1f67774e15 - - default default] 10.0.0.11 "DELETE /v2.0/networks/e41fba31-3efd-4eaa-bde1-15da33b3daeb HTTP/1.1" status: 204 len: 168 time: 0.3511794
2026-05-08 11:33:40.679 9 INFO neutron.wsgi [None req-4b9867d3-2a45-4b7a-ab91-e730312e97cd 1269d90eba7f448c909854de9312bdfc daac5596b3014aa18accd5f472872f57 - - default default] 10.0.0.11 "DELETE /v2.0/routers/1911e30f-e632-436e-8551-6adc479d16d8 HTTP/1.1" status: 204 len: 168 time: 0.6527412
2026-05-08 11:33:40.703 10 INFO neutron.wsgi [None req-06796379-7fe3-4aa0-9dd8-bb0588907077 1269d90eba7f448c909854de9312bdfc daac5596b3014aa18accd5f472872f57 - - default default] 10.0.0.11 "GET /v2.0/ports?device_id=1911e30f-e632-436e-8551-6adc479d16d8 HTTP/1.1" status: 200 len: 205 time: 0.0183790
2026-05-08 11:33:40.728 9 INFO neutron.api.v2.resource [None req-c8c80685-5709-4c5c-be3b-25f92e45923b 1269d90eba7f448c909854de9312bdfc daac5596b3014aa18accd5f472872f57 - - default default] delete failed (client error): The resource could not be found.
2026-05-08 11:33:40.729 9 INFO neutron.wsgi [None req-c8c80685-5709-4c5c-be3b-25f92e45923b 1269d90eba7f448c909854de9312bdfc daac5596b3014aa18accd5f472872f57 - - default default] 10.0.0.11 "DELETE /v2.0/routers/1911e30f-e632-436e-8551-6adc479d16d8 HTTP/1.1" status: 404 len: 336 time: 0.0233202
2026-05-08 11:33:40.750 10 INFO neutron.wsgi [None req-5f286689-36be-495c-9f98-03ab55082813 1269d90eba7f448c909854de9312bdfc daac5596b3014aa18accd5f472872f57 - - default default] 10.0.0.11 "GET /v2.0/ports?device_id=42a0255d-f73c-43ea-ac9e-fa7c8389c390 HTTP/1.1" status: 200 len: 205 time: 0.0168736
2026-05-08 11:33:40.776 9 INFO neutron.api.v2.resource [None req-d12c72f0-82aa-447a-a27a-ee7fa914c401 1269d90eba7f448c909854de9312bdfc daac5596b3014aa18accd5f472872f57 - - default default] delete failed (client error): The resource could not be found.
2026-05-08 11:33:40.777 9 INFO neutron.wsgi [None req-d12c72f0-82aa-447a-a27a-ee7fa914c401 1269d90eba7f448c909854de9312bdfc daac5596b3014aa18accd5f472872f57 - - default default] 10.0.0.11 "DELETE /v2.0/routers/42a0255d-f73c-43ea-ac9e-fa7c8389c390 HTTP/1.1" status: 404 len: 336 time: 0.0239279
2026-05-08 11:33:40.797 9 INFO neutron.pecan_wsgi.hooks.translation [None req-18ac0033-36ce-4133-8751-7add56325d1e 1269d90eba7f448c909854de9312bdfc daac5596b3014aa18accd5f472872f57 - - default default] DELETE failed (client error): The resource could not be found.
2026-05-08 11:33:40.800 9 INFO neutron.wsgi [None req-18ac0033-36ce-4133-8751-7add56325d1e 1269d90eba7f448c909854de9312bdfc daac5596b3014aa18accd5f472872f57 - - default default] 10.0.0.11 "DELETE /v2.0/subnets/323e746a-b14c-4201-bc37-24f6c39421b0 HTTP/1.1" status: 404 len: 337 time: 0.0190885
2026-05-08 11:33:40.823 9 INFO neutron.wsgi [None req-6fac57ac-fbd1-4eeb-ba98-da65686e13df 1269d90eba7f448c909854de9312bdfc daac5596b3014aa18accd5f472872f57 - - default default] 10.0.0.11 "GET /v2.0/ports?device_id=1d7fce6a-e46b-4db5-a1f3-3a068929a302 HTTP/1.1" status: 200 len: 205 time: 0.0182061
2026-05-08 11:33:40.854 10 INFO neutron.api.v2.resource [None req-177022ec-0f98-42d4-9e96-b07e3c45fad3 1269d90eba7f448c909854de9312bdfc daac5596b3014aa18accd5f472872f57 - - default default] delete failed (client error): The resource could not be found.
2026-05-08 11:33:40.855 10 INFO neutron.wsgi [None req-177022ec-0f98-42d4-9e96-b07e3c45fad3 1269d90eba7f448c909854de9312bdfc daac5596b3014aa18accd5f472872f57 - - default default] 10.0.0.11 "DELETE /v2.0/routers/1d7fce6a-e46b-4db5-a1f3-3a068929a302 HTTP/1.1" status: 404 len: 336 time: 0.0276384
2026-05-08 11:33:40.878 9 INFO neutron.pecan_wsgi.hooks.translation [None req-046b366c-54e9-4a55-9b74-ac34c2eaa649 1269d90eba7f448c909854de9312bdfc daac5596b3014aa18accd5f472872f57 - - default default] DELETE failed (client error): The resource could not be found.
2026-05-08 11:33:40.880 9 INFO neutron.wsgi [None req-046b366c-54e9-4a55-9b74-ac34c2eaa649 1269d90eba7f448c909854de9312bdfc daac5596b3014aa18accd5f472872f57 - - default default] 10.0.0.11 "DELETE /v2.0/subnets/487bf426-639a-4fb2-a43b-6386137d382c HTTP/1.1" status: 404 len: 337 time: 0.0189104
2026-05-08 11:33:40.901 9 INFO neutron.wsgi [None req-5b5c3245-f213-4a9d-8632-bb716ac748cc 1269d90eba7f448c909854de9312bdfc daac5596b3014aa18accd5f472872f57 - - default default] 10.0.0.11 "GET /v2.0/ports?device_id=848a90f9-61f8-4a25-ab67-1cb9b7e90284 HTTP/1.1" status: 200 len: 205 time: 0.0139213
2026-05-08 11:33:40.924 9 INFO neutron.api.v2.resource [None req-2784faa8-d4f2-4b1c-9691-be215d1d7d75 1269d90eba7f448c909854de9312bdfc daac5596b3014aa18accd5f472872f57 - - default default] delete failed (client error): The resource could not be found.
2026-05-08 11:33:40.925 9 INFO neutron.wsgi [None req-2784faa8-d4f2-4b1c-9691-be215d1d7d75 1269d90eba7f448c909854de9312bdfc daac5596b3014aa18accd5f472872f57 - - default default] 10.0.0.11 "DELETE /v2.0/routers/848a90f9-61f8-4a25-ab67-1cb9b7e90284 HTTP/1.1" status: 404 len: 336 time: 0.0192907
2026-05-08 11:33:40.943 9 INFO neutron.pecan_wsgi.hooks.translation [None req-46f1bbbb-565a-444e-baf8-5e6ceb0a2361 1269d90eba7f448c909854de9312bdfc daac5596b3014aa18accd5f472872f57 - - default default] DELETE failed (client error): The resource could not be found.
2026-05-08 11:33:40.945 9 INFO neutron.wsgi [None req-46f1bbbb-565a-444e-baf8-5e6ceb0a2361 1269d90eba7f448c909854de9312bdfc daac5596b3014aa18accd5f472872f57 - - default default] 10.0.0.11 "DELETE /v2.0/subnets/e5d031d7-d0f6-438e-bfc7-7373ab3593f9 HTTP/1.1" status: 404 len: 337 time: 0.0163877
2026-05-08 11:33:40.966 9 INFO neutron.pecan_wsgi.hooks.translation [None req-c6c19908-6a6c-413d-bd97-ae1c25ab98f8 1269d90eba7f448c909854de9312bdfc daac5596b3014aa18accd5f472872f57 - - default default] DELETE failed (client error): The resource could not be found.
2026-05-08 11:33:40.969 9 INFO neutron.wsgi [None req-c6c19908-6a6c-413d-bd97-ae1c25ab98f8 1269d90eba7f448c909854de9312bdfc daac5596b3014aa18accd5f472872f57 - - default default] 10.0.0.11 "DELETE /v2.0/subnets/48d5f88a-9fcc-4197-b640-5a71d8d4a4c0 HTTP/1.1" status: 404 len: 337 time: 0.0177510
2026-05-08 11:33:41.046 10 INFO neutron.wsgi [None req-ddb69b58-6e94-4f8f-8ddb-77dcbadbbe25 44824ef1f4fb4023bab5517bfb4f0e2e 84311757f75d437786301d1f67774e15 - - default default] 10.0.0.11 "DELETE /v2.0/networks/1299b032-99ad-49c2-98ee-20c412eab57a HTTP/1.1" status: 204 len: 168 time: 0.3912733
2026-05-08 11:33:41.084 9 WARNING neutron.plugins.ml2.drivers.ovn.mech_driver.ovsdb.ovn_client [None req-4d3913c3-a771-473b-8a44-72407b31c41f - - - - - -] No port found with ID 95cf07db-7ac7-4035-8858-895622f7b8c7: RuntimeError: No port found with ID 95cf07db-7ac7-4035-8858-895622f7b8c7
2026-05-08 11:33:41.085 9 INFO neutron.plugins.ml2.drivers.ovn.mech_driver.mech_driver [None req-4d3913c3-a771-473b-8a44-72407b31c41f - - - - - -] OVN reports status up for port: 967f5621-b560-4727-bca0-7a5dbaab5fbd
2026-05-08 11:33:41.440 9 INFO neutron.wsgi [None req-15979511-e0bd-425d-878d-450610c0a7f9 44824ef1f4fb4023bab5517bfb4f0e2e 84311757f75d437786301d1f67774e15 - - default default] 10.0.0.11 "DELETE /v2.0/networks/c890752d-a360-43cd-b4d3-09c3ad95b583 HTTP/1.1" status: 204 len: 168 time: 0.3894527
2026-05-08 11:33:41.628 10 INFO neutron.wsgi [None req-b8745db6-bafe-41c1-b119-75b42e176313 1623486798b54484b4884c4b34ffed68 8217937b2bba4ca09a21a8730bb53868 - - default default] 10.0.0.11 "GET /v2.0/security-groups?tenant_id=daac5596b3014aa18accd5f472872f57&name=default HTTP/1.1" status: 200 len: 2996 time: 0.2023828
2026-05-08 11:33:41.826 10 INFO neutron.services.segments.plugin [-] Segment 49a942c9-82cf-43c9-8360-6d5458c3d0d6 resource provider aggregate not found
2026-05-08 11:33:41.833 10 INFO neutron.services.segments.plugin [-] Segment 49a942c9-82cf-43c9-8360-6d5458c3d0d6 resource provider aggregate not found
2026-05-08 11:33:41.842 10 INFO neutron.services.segments.plugin [-] Segment 49a942c9-82cf-43c9-8360-6d5458c3d0d6 resource provider not found; error: Placement Client Error (4xx): {"errors": [{"status": 404, "title": "Not Found", "detail": "The resource could not be found.\n\n No resource provider with uuid 49a942c9-82cf-43c9-8360-6d5458c3d0d6 found for delete ", "request_id": "req-c4fa30fe-720d-44ec-b8cf-800f177e8e31"}]}
2026-05-08 11:33:41.850 10 INFO neutron.services.segments.plugin [-] Segment 49a942c9-82cf-43c9-8360-6d5458c3d0d6 resource provider not found; error: Placement Client Error (4xx): {"errors": [{"status": 404, "title": "Not Found", "detail": "The resource could not be found.\n\n No resource provider with uuid 49a942c9-82cf-43c9-8360-6d5458c3d0d6 found for delete ", "request_id": "req-72cb131f-df81-4417-b293-d08d00f8ca40"}]}
2026-05-08 11:33:41.857 10 INFO neutron.services.segments.plugin [-] Segment 3b489e64-e1b7-4247-818f-bd69ae2a3160 resource provider aggregate not found
2026-05-08 11:33:41.867 10 INFO neutron.services.segments.plugin [-] Segment 3b489e64-e1b7-4247-818f-bd69ae2a3160 resource provider aggregate not found
2026-05-08 11:33:41.874 10 INFO neutron.wsgi [None req-d5271fb2-1862-42d8-8445-e567b9b05f1f 1623486798b54484b4884c4b34ffed68 8217937b2bba4ca09a21a8730bb53868 - - default default] 10.0.0.11 "DELETE /v2.0/security-groups/fb7aed34-cf58-4078-b614-a43b4d9f4d0f HTTP/1.1" status: 204 len: 168 time: 0.2409070
2026-05-08 11:33:41.875 10 INFO neutron.services.segments.plugin [-] Segment 3b489e64-e1b7-4247-818f-bd69ae2a3160 resource provider not found; error: Placement Client Error (4xx): {"errors": [{"status": 404, "title": "Not Found", "detail": "The resource could not be found.\n\n No resource provider with uuid 3b489e64-e1b7-4247-818f-bd69ae2a3160 found for delete ", "request_id": "req-147a65c3-d7ef-45fa-8b0b-5934de6ae93a"}]}
2026-05-08 11:33:41.887 10 INFO neutron.services.segments.plugin [-] Segment 3b489e64-e1b7-4247-818f-bd69ae2a3160 resource provider not found; error: Placement Client Error (4xx): {"errors": [{"status": 404, "title": "Not Found", "detail": "The resource could not be found.\n\n No resource provider with uuid 3b489e64-e1b7-4247-818f-bd69ae2a3160 found for delete ", "request_id": "req-47168753-aa69-403f-a280-f8f67996d810"}]}
2026-05-08 11:33:42.288 9 INFO neutron.services.segments.plugin [-] Segment d151b41e-0c51-49b4-b1bb-bbfdb4db90fe resource provider aggregate not found
2026-05-08 11:33:42.297 9 INFO neutron.services.segments.plugin [-] Segment d151b41e-0c51-49b4-b1bb-bbfdb4db90fe resource provider aggregate not found
2026-05-08 11:33:42.304 9 INFO neutron.services.segments.plugin [-] Segment d151b41e-0c51-49b4-b1bb-bbfdb4db90fe resource provider not found; error: Placement Client Error (4xx): {"errors": [{"status": 404, "title": "Not Found", "detail": "The resource could not be found.\n\n No resource provider with uuid d151b41e-0c51-49b4-b1bb-bbfdb4db90fe found for delete ", "request_id": "req-7b3e20b4-ecb4-4af2-ad2f-f24e0aa6cdcd"}]}
2026-05-08 11:33:42.315 9 INFO neutron.services.segments.plugin [-] Segment d151b41e-0c51-49b4-b1bb-bbfdb4db90fe resource provider not found; error: Placement Client Error (4xx): {"errors": [{"status": 404, "title": "Not Found", "detail": "The resource could not be found.\n\n No resource provider with uuid d151b41e-0c51-49b4-b1bb-bbfdb4db90fe found for delete ", "request_id": "req-4ba591c0-15b9-4b99-8687-cd90e2503a41"}]}
2026-05-08 11:33:42.566 9 INFO neutron.db.ovn_revision_numbers_db [None req-4ae8ee46-2d43-416d-ba04-3545be00af06 1623486798b54484b4884c4b34ffed68 8217937b2bba4ca09a21a8730bb53868 - - default default] Successfully bumped revision number for resource f7a5eab2-4705-4843-ba2b-d606204a3de5 (type: security_groups) to 1
2026-05-08 11:33:42.583 9 INFO neutron.db.ovn_revision_numbers_db [None req-4ae8ee46-2d43-416d-ba04-3545be00af06 1623486798b54484b4884c4b34ffed68 8217937b2bba4ca09a21a8730bb53868 - - default default] Successfully bumped revision number for resource 6a6d0a7c-f435-459d-abd2-440b0794f74f (type: security_group_rules) to 0
2026-05-08 11:33:42.597 9 INFO neutron.db.ovn_revision_numbers_db [None req-4ae8ee46-2d43-416d-ba04-3545be00af06 1623486798b54484b4884c4b34ffed68 8217937b2bba4ca09a21a8730bb53868 - - default default] Successfully bumped revision number for resource bcb9e0cb-4dbd-4aea-8d8b-84d27564a75c (type: security_group_rules) to 0
2026-05-08 11:33:42.612 9 INFO neutron.db.ovn_revision_numbers_db [None req-4ae8ee46-2d43-416d-ba04-3545be00af06 1623486798b54484b4884c4b34ffed68 8217937b2bba4ca09a21a8730bb53868 - - default default] Successfully bumped revision number for resource c57cd4bf-f0a2-4c6b-b1a1-41bd3ea36340 (type: security_group_rules) to 0
2026-05-08 11:33:42.626 9 INFO neutron.db.ovn_revision_numbers_db [None req-4ae8ee46-2d43-416d-ba04-3545be00af06 1623486798b54484b4884c4b34ffed68 8217937b2bba4ca09a21a8730bb53868 - - default default] Successfully bumped revision number for resource f8f773e4-197b-4bc7-b0a3-d196f0ef8945 (type: security_group_rules) to 0
2026-05-08 11:33:42.649 9 INFO neutron.wsgi [None req-4ae8ee46-2d43-416d-ba04-3545be00af06 1623486798b54484b4884c4b34ffed68 8217937b2bba4ca09a21a8730bb53868 - - default default] 10.0.0.11 "GET /v2.0/security-groups?tenant_id=89d14b7f911943dfa521d8e78bfff772&name=default HTTP/1.1" status: 200 len: 2996 time: 0.3388577
2026-05-08 11:33:42.849 9 INFO neutron.wsgi [None req-6e584ffd-fb93-42f1-86f9-980231aa1418 1623486798b54484b4884c4b34ffed68 8217937b2bba4ca09a21a8730bb53868 - - default default] 10.0.0.11 "DELETE /v2.0/security-groups/f7a5eab2-4705-4843-ba2b-d606204a3de5 HTTP/1.1" status: 204 len: 168 time: 0.1948831
2026-05-08 11:33:43.119 10 INFO neutron.db.ovn_revision_numbers_db [None req-d32fcdc6-ef37-4d0a-be90-46907281a810 1623486798b54484b4884c4b34ffed68 8217937b2bba4ca09a21a8730bb53868 - - default default] Successfully bumped revision number for resource d14aa177-4e67-4590-a909-7019a6600048 (type: security_groups) to 1
2026-05-08 11:33:43.161 10 INFO neutron.db.ovn_revision_numbers_db [None req-d32fcdc6-ef37-4d0a-be90-46907281a810 1623486798b54484b4884c4b34ffed68 8217937b2bba4ca09a21a8730bb53868 - - default default] Successfully bumped revision number for resource 5179eada-eb65-45f7-93dd-af4130467975 (type: security_group_rules) to 0
2026-05-08 11:33:43.177 10 INFO neutron.db.ovn_revision_numbers_db [None req-d32fcdc6-ef37-4d0a-be90-46907281a810 1623486798b54484b4884c4b34ffed68 8217937b2bba4ca09a21a8730bb53868 - - default default] Successfully bumped revision number for resource 892b7547-f9da-4b4f-b2e2-b2d310203bb9 (type: security_group_rules) to 0
2026-05-08 11:33:43.191 10 INFO neutron.db.ovn_revision_numbers_db [None req-d32fcdc6-ef37-4d0a-be90-46907281a810 1623486798b54484b4884c4b34ffed68 8217937b2bba4ca09a21a8730bb53868 - - default default] Successfully bumped revision number for resource d84bb98d-91f2-4313-8356-cbd588e6edc4 (type: security_group_rules) to 0
2026-05-08 11:33:43.206 10 INFO neutron.db.ovn_revision_numbers_db [None req-d32fcdc6-ef37-4d0a-be90-46907281a810 1623486798b54484b4884c4b34ffed68 8217937b2bba4ca09a21a8730bb53868 - - default default] Successfully bumped revision number for resource da50edac-da69-4621-88a6-e3103ca7891f (type: security_group_rules) to 0
2026-05-08 11:33:43.230 10 INFO neutron.wsgi [None req-d32fcdc6-ef37-4d0a-be90-46907281a810 1623486798b54484b4884c4b34ffed68 8217937b2bba4ca09a21a8730bb53868 - - default default] 10.0.0.11 "GET /v2.0/security-groups?tenant_id=2892493b65f14261969d73c3cd3599b4&name=default HTTP/1.1" status: 200 len: 2996 time: 0.2160308
2026-05-08 11:33:43.428 10 INFO neutron.db.ovn_revision_numbers_db [None req-326e0d97-f3c1-4ad7-abe9-08d818cba399 1623486798b54484b4884c4b34ffed68 8217937b2bba4ca09a21a8730bb53868 - - default default] Successfully bumped revision number for resource d9772ac1-6f99-4de8-89ca-945c00d516bf (type: security_groups) to 1
2026-05-08 11:33:43.445 10 INFO neutron.db.ovn_revision_numbers_db [None req-326e0d97-f3c1-4ad7-abe9-08d818cba399 1623486798b54484b4884c4b34ffed68 8217937b2bba4ca09a21a8730bb53868 - - default default] Successfully bumped revision number for resource 21128e1c-d8b7-404e-97d7-9146ee5af07e (type: security_group_rules) to 0
2026-05-08 11:33:43.462 10 INFO neutron.wsgi [None req-941157fe-d5e8-4589-912a-17ebf0808187 1623486798b54484b4884c4b34ffed68 8217937b2bba4ca09a21a8730bb53868 - - default default] 10.0.0.11 "DELETE /v2.0/security-groups/d14aa177-4e67-4590-a909-7019a6600048 HTTP/1.1" status: 204 len: 168 time: 0.2237802
2026-05-08 11:33:43.468 10 INFO neutron.db.ovn_revision_numbers_db [None req-326e0d97-f3c1-4ad7-abe9-08d818cba399 1623486798b54484b4884c4b34ffed68 8217937b2bba4ca09a21a8730bb53868 - - default default] Successfully bumped revision number for resource 83f846bc-c3cd-4acd-b1c3-6a34c7430815 (type: security_group_rules) to 0
2026-05-08 11:33:43.482 10 INFO neutron.db.ovn_revision_numbers_db [None req-326e0d97-f3c1-4ad7-abe9-08d818cba399 1623486798b54484b4884c4b34ffed68 8217937b2bba4ca09a21a8730bb53868 - - default default] Successfully bumped revision number for resource b79cd70f-dca2-4ae4-b02c-9eba363a7ce1 (type: security_group_rules) to 0
2026-05-08 11:33:43.504 10 INFO neutron.db.ovn_revision_numbers_db [None req-326e0d97-f3c1-4ad7-abe9-08d818cba399 1623486798b54484b4884c4b34ffed68 8217937b2bba4ca09a21a8730bb53868 - - default default] Successfully bumped revision number for resource b939c924-57a3-4ce5-b5f0-14002c3764c1 (type: security_group_rules) to 0
2026-05-08 11:33:43.532 10 INFO neutron.wsgi [None req-326e0d97-f3c1-4ad7-abe9-08d818cba399 1623486798b54484b4884c4b34ffed68 8217937b2bba4ca09a21a8730bb53868 - - default default] 10.0.0.11 "GET /v2.0/security-groups?tenant_id=010c8514d471405b903867704b945e9e&name=default HTTP/1.1" status: 200 len: 2996 time: 0.4044430
2026-05-08 11:33:43.657 9 INFO neutron.wsgi [None req-9e0ad7c0-c905-4205-ba25-95ccbe857d47 1623486798b54484b4884c4b34ffed68 8217937b2bba4ca09a21a8730bb53868 - - default default] 10.0.0.11 "GET /v2.0/security-groups?tenant_id=84311757f75d437786301d1f67774e15&name=default HTTP/1.1" status: 200 len: 2996 time: 0.0365765
2026-05-08 11:33:43.725 9 INFO neutron.wsgi [-] 10.0.0.98 "GET / HTTP/1.1" status: 200 len: 247 time: 0.0012364
2026-05-08 11:33:43.727 9 INFO neutron.wsgi [-] 10.0.0.98 "GET / HTTP/1.1" status: 200 len: 247 time: 0.0011964
2026-05-08 11:33:43.740 10 INFO neutron.wsgi [None req-16fc99df-b910-4c73-893b-47495b2015a8 1623486798b54484b4884c4b34ffed68 8217937b2bba4ca09a21a8730bb53868 - - default default] 10.0.0.11 "DELETE /v2.0/security-groups/d9772ac1-6f99-4de8-89ca-945c00d516bf HTTP/1.1" status: 204 len: 168 time: 0.2029498
2026-05-08 11:33:43.886 9 INFO neutron.wsgi [None req-f496572f-2597-41f3-b153-b4ae3c9b69ac 1623486798b54484b4884c4b34ffed68 8217937b2bba4ca09a21a8730bb53868 - - default default] 10.0.0.11 "DELETE /v2.0/security-groups/ffeff383-5e6d-4d32-ad8c-2f54c3095dc3 HTTP/1.1" status: 204 len: 168 time: 0.2241633
2026-05-08 11:33:43.947 9 INFO neutron.db.ovn_revision_numbers_db [None req-84497f07-c860-47bb-baf3-f67a6d18908a 6bd68166ccf347e889cdefe01e53f21c 293db1205671478797a079b585b58781 - - default default] Successfully bumped revision number for resource b39e3419-8752-44d1-ad2f-344e43bfe7f7 (type: security_groups) to 1
2026-05-08 11:33:43.964 9 INFO neutron.db.ovn_revision_numbers_db [None req-84497f07-c860-47bb-baf3-f67a6d18908a 6bd68166ccf347e889cdefe01e53f21c 293db1205671478797a079b585b58781 - - default default] Successfully bumped revision number for resource 1d06eca2-d22e-4f17-a60e-c1faf4b175a5 (type: security_group_rules) to 0
2026-05-08 11:33:43.987 9 INFO neutron.db.ovn_revision_numbers_db [None req-84497f07-c860-47bb-baf3-f67a6d18908a 6bd68166ccf347e889cdefe01e53f21c 293db1205671478797a079b585b58781 - - default default] Successfully bumped revision number for resource 267480a8-65fb-4b95-866d-a9c9e7beb49b (type: security_group_rules) to 0
2026-05-08 11:33:43.994 10 INFO neutron.db.ovn_revision_numbers_db [None req-2ddd4d9a-ff10-4ba5-8355-64440fd3e0db 1623486798b54484b4884c4b34ffed68 8217937b2bba4ca09a21a8730bb53868 - - default default] Successfully bumped revision number for resource c445971d-e8b2-4a1d-af2f-e31004ab6322 (type: security_groups) to 1
