2026-05-08 11:33:44.008 9 INFO neutron.db.ovn_revision_numbers_db [None req-84497f07-c860-47bb-baf3-f67a6d18908a 6bd68166ccf347e889cdefe01e53f21c 293db1205671478797a079b585b58781 - - default default] Successfully bumped revision number for resource 802946e7-d8ce-499c-acbf-284b68e850e1 (type: security_group_rules) to 0
2026-05-08 11:33:44.012 10 INFO neutron.db.ovn_revision_numbers_db [None req-2ddd4d9a-ff10-4ba5-8355-64440fd3e0db 1623486798b54484b4884c4b34ffed68 8217937b2bba4ca09a21a8730bb53868 - - default default] Successfully bumped revision number for resource 2a51099a-522c-4e7b-a034-f3f82f7897f5 (type: security_group_rules) to 0
2026-05-08 11:33:44.025 9 INFO neutron.db.ovn_revision_numbers_db [None req-84497f07-c860-47bb-baf3-f67a6d18908a 6bd68166ccf347e889cdefe01e53f21c 293db1205671478797a079b585b58781 - - default default] Successfully bumped revision number for resource 8f17a2d8-2401-45af-a00b-d2b98b3ae8c2 (type: security_group_rules) to 0
2026-05-08 11:33:44.027 10 INFO neutron.db.ovn_revision_numbers_db [None req-2ddd4d9a-ff10-4ba5-8355-64440fd3e0db 1623486798b54484b4884c4b34ffed68 8217937b2bba4ca09a21a8730bb53868 - - default default] Successfully bumped revision number for resource 5001bbf8-657b-4bfc-aa0a-600f4fa36a39 (type: security_group_rules) to 0
2026-05-08 11:33:44.047 10 INFO neutron.db.ovn_revision_numbers_db [None req-2ddd4d9a-ff10-4ba5-8355-64440fd3e0db 1623486798b54484b4884c4b34ffed68 8217937b2bba4ca09a21a8730bb53868 - - default default] Successfully bumped revision number for resource 789c5b42-27ec-48db-9873-c4e2494002d2 (type: security_group_rules) to 0
2026-05-08 11:33:44.065 10 INFO neutron.db.ovn_revision_numbers_db [None req-2ddd4d9a-ff10-4ba5-8355-64440fd3e0db 1623486798b54484b4884c4b34ffed68 8217937b2bba4ca09a21a8730bb53868 - - default default] Successfully bumped revision number for resource abd12631-e873-42ba-900e-aa129664b688 (type: security_group_rules) to 0
2026-05-08 11:33:44.079 9 INFO neutron.db.segments_db [None req-84497f07-c860-47bb-baf3-f67a6d18908a 6bd68166ccf347e889cdefe01e53f21c 293db1205671478797a079b585b58781 - - default default] Added segment 4706554a-e354-47bd-bced-ab025995a3e9 of type geneve for network 587c45a0-bed1-418e-b5af-bb14c36aba48
2026-05-08 11:33:44.093 10 INFO neutron.wsgi [None req-2ddd4d9a-ff10-4ba5-8355-64440fd3e0db 1623486798b54484b4884c4b34ffed68 8217937b2bba4ca09a21a8730bb53868 - - default default] 10.0.0.11 "GET /v2.0/security-groups?tenant_id=3775d2ed9dfe4023bda30b9a5de72609&name=default HTTP/1.1" status: 200 len: 2996 time: 0.2092774
2026-05-08 11:33:44.241 9 INFO neutron.db.ovn_revision_numbers_db [None req-84497f07-c860-47bb-baf3-f67a6d18908a 6bd68166ccf347e889cdefe01e53f21c 293db1205671478797a079b585b58781 - - default default] Successfully bumped revision number for resource 587c45a0-bed1-418e-b5af-bb14c36aba48 (type: networks) to 1
2026-05-08 11:33:44.295 10 INFO neutron.wsgi [None req-fe6015a9-f9b4-46a5-b7b1-3d331e16c033 1623486798b54484b4884c4b34ffed68 8217937b2bba4ca09a21a8730bb53868 - - default default] 10.0.0.11 "DELETE /v2.0/security-groups/c445971d-e8b2-4a1d-af2f-e31004ab6322 HTTP/1.1" status: 204 len: 168 time: 0.1962323
2026-05-08 11:33:44.427 9 WARNING neutron.scheduler.dhcp_agent_scheduler [None req-84497f07-c860-47bb-baf3-f67a6d18908a 6bd68166ccf347e889cdefe01e53f21c 293db1205671478797a079b585b58781 - - default default] No more DHCP agents
2026-05-08 11:33:44.430 9 WARNING neutron.api.rpc.agentnotifiers.dhcp_rpc_agent_api [None req-84497f07-c860-47bb-baf3-f67a6d18908a 6bd68166ccf347e889cdefe01e53f21c 293db1205671478797a079b585b58781 - - default default] Unable to schedule network 587c45a0-bed1-418e-b5af-bb14c36aba48: no agents available; will retry on subsequent port and subnet creation events.
2026-05-08 11:33:44.510 9 INFO neutron.db.ovn_revision_numbers_db [None req-84497f07-c860-47bb-baf3-f67a6d18908a 6bd68166ccf347e889cdefe01e53f21c 293db1205671478797a079b585b58781 - - default default] Successfully bumped revision number for resource 090c91cd-f1d9-4a82-9b93-3039d2adf044 (type: ports) to 1
2026-05-08 11:33:44.530 9 INFO neutron.wsgi [None req-84497f07-c860-47bb-baf3-f67a6d18908a 6bd68166ccf347e889cdefe01e53f21c 293db1205671478797a079b585b58781 - - default default] 10.0.0.11 "POST /v2.0/networks HTTP/1.1" status: 201 len: 828 time: 0.8871589
2026-05-08 11:33:44.623 9 INFO neutron.db.segments_db [None req-1e36ce47-aee0-4bfb-af18-b3cbbf734339 6bd68166ccf347e889cdefe01e53f21c 293db1205671478797a079b585b58781 - - default default] Added segment d1e213cf-eb4c-44ae-b072-0742e8e76647 of type geneve for network 7e3cfe23-63d3-42bc-9260-41331245f9b1
2026-05-08 11:33:44.761 9 INFO neutron.db.ovn_revision_numbers_db [None req-1e36ce47-aee0-4bfb-af18-b3cbbf734339 6bd68166ccf347e889cdefe01e53f21c 293db1205671478797a079b585b58781 - - default default] Successfully bumped revision number for resource 7e3cfe23-63d3-42bc-9260-41331245f9b1 (type: networks) to 1
2026-05-08 11:33:44.924 9 WARNING neutron.scheduler.dhcp_agent_scheduler [None req-1e36ce47-aee0-4bfb-af18-b3cbbf734339 6bd68166ccf347e889cdefe01e53f21c 293db1205671478797a079b585b58781 - - default default] No more DHCP agents
2026-05-08 11:33:44.926 9 WARNING neutron.api.rpc.agentnotifiers.dhcp_rpc_agent_api [None req-1e36ce47-aee0-4bfb-af18-b3cbbf734339 6bd68166ccf347e889cdefe01e53f21c 293db1205671478797a079b585b58781 - - default default] Unable to schedule network 7e3cfe23-63d3-42bc-9260-41331245f9b1: no agents available; will retry on subsequent port and subnet creation events.
2026-05-08 11:33:45.003 9 INFO neutron.db.ovn_revision_numbers_db [None req-1e36ce47-aee0-4bfb-af18-b3cbbf734339 6bd68166ccf347e889cdefe01e53f21c 293db1205671478797a079b585b58781 - - default default] Successfully bumped revision number for resource 7ff0c57f-49b4-4062-baa8-6d8f22de0d5e (type: ports) to 1
2026-05-08 11:33:45.029 9 INFO neutron.wsgi [None req-1e36ce47-aee0-4bfb-af18-b3cbbf734339 6bd68166ccf347e889cdefe01e53f21c 293db1205671478797a079b585b58781 - - default default] 10.0.0.11 "POST /v2.0/networks HTTP/1.1" status: 201 len: 829 time: 0.4924014
2026-05-08 11:33:45.299 9 WARNING neutron.scheduler.dhcp_agent_scheduler [None req-4971b9d9-f2b5-4050-b5a2-a078ed30aac6 6bd68166ccf347e889cdefe01e53f21c 293db1205671478797a079b585b58781 - - default default] No more DHCP agents
2026-05-08 11:33:45.302 9 WARNING neutron.api.rpc.agentnotifiers.dhcp_rpc_agent_api [None req-4971b9d9-f2b5-4050-b5a2-a078ed30aac6 6bd68166ccf347e889cdefe01e53f21c 293db1205671478797a079b585b58781 - - default default] Unable to schedule network 587c45a0-bed1-418e-b5af-bb14c36aba48: no agents available; will retry on subsequent port and subnet creation events.
2026-05-08 11:33:45.932 9 INFO neutron.db.ovn_revision_numbers_db [None req-4971b9d9-f2b5-4050-b5a2-a078ed30aac6 6bd68166ccf347e889cdefe01e53f21c 293db1205671478797a079b585b58781 - - default default] Successfully bumped revision number for resource 090c91cd-f1d9-4a82-9b93-3039d2adf044 (type: ports) to 2
2026-05-08 11:33:45.970 9 INFO neutron.db.ovn_revision_numbers_db [None req-4971b9d9-f2b5-4050-b5a2-a078ed30aac6 6bd68166ccf347e889cdefe01e53f21c 293db1205671478797a079b585b58781 - - default default] Successfully bumped revision number for resource 7b928a05-632a-4c81-b2e7-627c7df8a0d3 (type: subnets) to 0
2026-05-08 11:33:45.987 9 INFO neutron.wsgi [None req-4971b9d9-f2b5-4050-b5a2-a078ed30aac6 6bd68166ccf347e889cdefe01e53f21c 293db1205671478797a079b585b58781 - - default default] 10.0.0.11 "POST /v2.0/subnets HTTP/1.1" status: 201 len: 801 time: 0.9532061
2026-05-08 11:33:46.225 10 WARNING neutron.scheduler.dhcp_agent_scheduler [None req-522d9238-fcb4-43bf-a2bf-dc0a72582996 6bd68166ccf347e889cdefe01e53f21c 293db1205671478797a079b585b58781 - - default default] No more DHCP agents
2026-05-08 11:33:46.227 10 WARNING neutron.api.rpc.agentnotifiers.dhcp_rpc_agent_api [None req-522d9238-fcb4-43bf-a2bf-dc0a72582996 6bd68166ccf347e889cdefe01e53f21c 293db1205671478797a079b585b58781 - - default default] Unable to schedule network 7e3cfe23-63d3-42bc-9260-41331245f9b1: no agents available; will retry on subsequent port and subnet creation events.
2026-05-08 11:33:46.731 10 INFO neutron.db.ovn_revision_numbers_db [None req-522d9238-fcb4-43bf-a2bf-dc0a72582996 6bd68166ccf347e889cdefe01e53f21c 293db1205671478797a079b585b58781 - - default default] Successfully bumped revision number for resource 7ff0c57f-49b4-4062-baa8-6d8f22de0d5e (type: ports) to 2
2026-05-08 11:33:46.763 10 INFO neutron.db.ovn_revision_numbers_db [None req-522d9238-fcb4-43bf-a2bf-dc0a72582996 6bd68166ccf347e889cdefe01e53f21c 293db1205671478797a079b585b58781 - - default default] Successfully bumped revision number for resource 938fbce2-dcae-4a65-95c4-f188ab745867 (type: subnets) to 0
2026-05-08 11:33:46.777 10 INFO neutron.wsgi [None req-522d9238-fcb4-43bf-a2bf-dc0a72582996 6bd68166ccf347e889cdefe01e53f21c 293db1205671478797a079b585b58781 - - default default] 10.0.0.11 "POST /v2.0/subnets HTTP/1.1" status: 201 len: 801 time: 0.7849445
2026-05-08 11:33:47.112 10 INFO neutron.db.ovn_revision_numbers_db [None req-099ef6b0-a3d6-4c06-a8f5-cbb14e460542 6bd68166ccf347e889cdefe01e53f21c 293db1205671478797a079b585b58781 - - default default] Successfully bumped revision number for resource da13eabb-6b8e-4977-92d6-8bc100d361be (type: routers) to 1
2026-05-08 11:33:47.127 10 INFO neutron.wsgi [None req-099ef6b0-a3d6-4c06-a8f5-cbb14e460542 6bd68166ccf347e889cdefe01e53f21c 293db1205671478797a079b585b58781 - - default default] 10.0.0.11 "POST /v2.0/routers HTTP/1.1" status: 201 len: 687 time: 0.3449044
2026-05-08 11:33:47.522 10 WARNING neutron.scheduler.dhcp_agent_scheduler [None req-59332caa-fd68-4df2-8ef3-b3b20e525a6a 6bd68166ccf347e889cdefe01e53f21c 293db1205671478797a079b585b58781 - - default default] No more DHCP agents
2026-05-08 11:33:47.525 10 WARNING neutron.api.rpc.agentnotifiers.dhcp_rpc_agent_api [None req-59332caa-fd68-4df2-8ef3-b3b20e525a6a 6bd68166ccf347e889cdefe01e53f21c 293db1205671478797a079b585b58781 - - default default] Unable to schedule network 587c45a0-bed1-418e-b5af-bb14c36aba48: no agents available; will retry on subsequent port and subnet creation events.
2026-05-08 11:33:47.537 9 WARNING neutron.scheduler.dhcp_agent_scheduler [None req-1c4a97c5-c2d4-4629-a712-d90478f5ebab 3ee958ef70fb467bafd52757229d7658 56826ca6cae14e30bd3b0adf4b974a84 - - default default] No more DHCP agents
2026-05-08 11:33:47.540 9 WARNING neutron.api.rpc.agentnotifiers.dhcp_rpc_agent_api [None req-1c4a97c5-c2d4-4629-a712-d90478f5ebab 3ee958ef70fb467bafd52757229d7658 56826ca6cae14e30bd3b0adf4b974a84 - - default default] Unable to schedule network 4bb2a2bc-66f3-4f1b-8e69-bbbc0fcf0b92: no agents available; will retry on subsequent port and subnet creation events.
2026-05-08 11:33:47.675 10 INFO neutron.db.ovn_revision_numbers_db [None req-59332caa-fd68-4df2-8ef3-b3b20e525a6a 6bd68166ccf347e889cdefe01e53f21c 293db1205671478797a079b585b58781 - - default default] Successfully bumped revision number for resource 2a7c46fe-731c-4677-99d0-b3548b8cddf3 (type: ports) to 1
2026-05-08 11:33:47.834 9 INFO neutron.db.ovn_revision_numbers_db [None req-1c4a97c5-c2d4-4629-a712-d90478f5ebab 3ee958ef70fb467bafd52757229d7658 56826ca6cae14e30bd3b0adf4b974a84 - - default default] Successfully bumped revision number for resource 47fc1627-8257-4845-8429-68e7656b8002 (type: floatingips) to 0
2026-05-08 11:33:47.846 9 INFO neutron.wsgi [None req-1c4a97c5-c2d4-4629-a712-d90478f5ebab 3ee958ef70fb467bafd52757229d7658 56826ca6cae14e30bd3b0adf4b974a84 - - default default] 10.0.0.11 "POST /v2.0/floatingips HTTP/1.1" status: 201 len: 751 time: 0.7437296
2026-05-08 11:33:47.886 9 INFO neutron.wsgi [None req-65330e29-85e4-4e3b-a381-28fc56e47252 3ee958ef70fb467bafd52757229d7658 56826ca6cae14e30bd3b0adf4b974a84 - - default default] 10.0.0.11 "PUT /v2.0/floatingips/47fc1627-8257-4845-8429-68e7656b8002/tags HTTP/1.1" status: 200 len: 218 time: 0.0338986
2026-05-08 11:33:47.917 9 INFO neutron.wsgi [None req-b483313e-2923-4e34-821e-63a5b70d1a86 3ee958ef70fb467bafd52757229d7658 56826ca6cae14e30bd3b0adf4b974a84 - - default default] 10.0.0.11 "GET /v2.0/floatingips/47fc1627-8257-4845-8429-68e7656b8002/tags HTTP/1.1" status: 200 len: 218 time: 0.0252647
2026-05-08 11:33:47.961 9 INFO neutron.wsgi [None req-92cdac79-87bf-4ee5-9378-54871d7d525f 3ee958ef70fb467bafd52757229d7658 56826ca6cae14e30bd3b0adf4b974a84 - - default default] 10.0.0.11 "PUT /v2.0/floatingips/47fc1627-8257-4845-8429-68e7656b8002/tags/green HTTP/1.1" status: 201 len: 201 time: 0.0391762
2026-05-08 11:33:47.992 9 INFO neutron.wsgi [None req-85edd7aa-aa5c-43e2-b8f6-974395051a10 3ee958ef70fb467bafd52757229d7658 56826ca6cae14e30bd3b0adf4b974a84 - - default default] 10.0.0.11 "GET /v2.0/floatingips/47fc1627-8257-4845-8429-68e7656b8002/tags HTTP/1.1" status: 200 len: 227 time: 0.0258319
2026-05-08 11:33:48.026 9 INFO neutron.plugins.ml2.drivers.ovn.mech_driver.mech_driver [None req-4d3913c3-a771-473b-8a44-72407b31c41f - - - - - -] OVN reports status up for port: 2a7c46fe-731c-4677-99d0-b3548b8cddf3
2026-05-08 11:33:48.029 9 INFO neutron.wsgi [None req-6d1857ee-0fa9-458e-b7f5-d905feb3348f 3ee958ef70fb467bafd52757229d7658 56826ca6cae14e30bd3b0adf4b974a84 - - default default] 10.0.0.11 "PUT /v2.0/floatingips/47fc1627-8257-4845-8429-68e7656b8002/tags/red HTTP/1.1" status: 201 len: 201 time: 0.0316823
2026-05-08 11:33:48.038 9 INFO neutron.plugins.ml2.plugin [None req-4d3913c3-a771-473b-8a44-72407b31c41f - - - - - -] Attempt 1 to provision port 2a7c46fe-731c-4677-99d0-b3548b8cddf3
2026-05-08 11:33:48.051 10 INFO neutron.db.ovn_revision_numbers_db [None req-59332caa-fd68-4df2-8ef3-b3b20e525a6a 6bd68166ccf347e889cdefe01e53f21c 293db1205671478797a079b585b58781 - - default default] Successfully bumped revision number for resource 2a7c46fe-731c-4677-99d0-b3548b8cddf3 (type: router_ports) to 1
2026-05-08 11:33:48.061 9 INFO neutron.wsgi [None req-e4e48175-f529-44c7-bc56-07050692adb0 3ee958ef70fb467bafd52757229d7658 56826ca6cae14e30bd3b0adf4b974a84 - - default default] 10.0.0.11 "GET /v2.0/floatingips/47fc1627-8257-4845-8429-68e7656b8002/tags HTTP/1.1" status: 200 len: 227 time: 0.0276883
2026-05-08 11:33:48.114 9 INFO neutron.wsgi [None req-3a9c3e6b-70ed-4c95-a5b5-74e059cbd0f3 3ee958ef70fb467bafd52757229d7658 56826ca6cae14e30bd3b0adf4b974a84 - - default default] 10.0.0.11 "PUT /v2.0/floatingips/47fc1627-8257-4845-8429-68e7656b8002/tags/black.or.white HTTP/1.1" status: 201 len: 201 time: 0.0468416
2026-05-08 11:33:48.149 10 INFO neutron.wsgi [None req-2fb0d00f-f1bd-4714-a6f8-f5538924c95a 3ee958ef70fb467bafd52757229d7658 56826ca6cae14e30bd3b0adf4b974a84 - - default default] 10.0.0.11 "GET /v2.0/floatingips/47fc1627-8257-4845-8429-68e7656b8002/tags HTTP/1.1" status: 200 len: 245 time: 0.0309319
2026-05-08 11:33:48.216 9 INFO neutron.wsgi [None req-2d91fa7f-167f-4781-8025-7f634fea7213 3ee958ef70fb467bafd52757229d7658 56826ca6cae14e30bd3b0adf4b974a84 - - default default] 10.0.0.11 "PUT /v2.0/floatingips/47fc1627-8257-4845-8429-68e7656b8002/tags HTTP/1.1" status: 200 len: 230 time: 0.0614891
2026-05-08 11:33:48.249 10 INFO neutron.wsgi [None req-da0c4be1-aac5-4987-aa84-8a1b26056d4b 3ee958ef70fb467bafd52757229d7658 56826ca6cae14e30bd3b0adf4b974a84 - - default default] 10.0.0.11 "GET /v2.0/floatingips/47fc1627-8257-4845-8429-68e7656b8002/tags HTTP/1.1" status: 200 len: 230 time: 0.0282364
2026-05-08 11:33:48.254 10 INFO neutron.db.ovn_revision_numbers_db [None req-59332caa-fd68-4df2-8ef3-b3b20e525a6a 6bd68166ccf347e889cdefe01e53f21c 293db1205671478797a079b585b58781 - - default default] Successfully bumped revision number for resource 2a7c46fe-731c-4677-99d0-b3548b8cddf3 (type: ports) to 1
2026-05-08 11:33:48.278 10 INFO neutron.wsgi [None req-c7248462-be31-4652-ab4d-ffcf3d1be88a 3ee958ef70fb467bafd52757229d7658 56826ca6cae14e30bd3b0adf4b974a84 - - default default] 10.0.0.11 "GET /v2.0/floatingips/47fc1627-8257-4845-8429-68e7656b8002/tags/red HTTP/1.1" status: 204 len: 168 time: 0.0251517
2026-05-08 11:33:48.328 10 INFO neutron.api.v2.resource [None req-5b370ddc-c19a-4f4e-9b39-3070ae2c7348 3ee958ef70fb467bafd52757229d7658 56826ca6cae14e30bd3b0adf4b974a84 - - default default] show failed (client error): The resource could not be found.
2026-05-08 11:33:48.330 10 INFO neutron.wsgi [None req-5b370ddc-c19a-4f4e-9b39-3070ae2c7348 3ee958ef70fb467bafd52757229d7658 56826ca6cae14e30bd3b0adf4b974a84 - - default default] 10.0.0.11 "GET /v2.0/floatingips/47fc1627-8257-4845-8429-68e7656b8002/tags/green HTTP/1.1" status: 404 len: 299 time: 0.0465057
2026-05-08 11:33:48.353 9 INFO neutron.db.ovn_revision_numbers_db [None req-4d3913c3-a771-473b-8a44-72407b31c41f - - - - - -] Successfully bumped revision number for resource 2a7c46fe-731c-4677-99d0-b3548b8cddf3 (type: ports) to 2
2026-05-08 11:33:48.369 10 WARNING neutron.scheduler.dhcp_agent_scheduler [None req-59332caa-fd68-4df2-8ef3-b3b20e525a6a 6bd68166ccf347e889cdefe01e53f21c 293db1205671478797a079b585b58781 - - default default] No more DHCP agents
2026-05-08 11:33:48.371 10 WARNING neutron.api.rpc.agentnotifiers.dhcp_rpc_agent_api [None req-59332caa-fd68-4df2-8ef3-b3b20e525a6a 6bd68166ccf347e889cdefe01e53f21c 293db1205671478797a079b585b58781 - - default default] Unable to schedule network 587c45a0-bed1-418e-b5af-bb14c36aba48: no agents available; will retry on subsequent port and subnet creation events.
2026-05-08 11:33:48.375 10 INFO neutron.wsgi [None req-43b07487-097c-4c23-888a-ce7162c58ac9 3ee958ef70fb467bafd52757229d7658 56826ca6cae14e30bd3b0adf4b974a84 - - default default] 10.0.0.11 "DELETE /v2.0/floatingips/47fc1627-8257-4845-8429-68e7656b8002/tags/red HTTP/1.1" status: 204 len: 168 time: 0.0393460
2026-05-08 11:33:48.415 9 INFO neutron.wsgi [None req-69073afb-d562-4c9d-9d66-3ff89680de42 3ee958ef70fb467bafd52757229d7658 56826ca6cae14e30bd3b0adf4b974a84 - - default default] 10.0.0.11 "GET /v2.0/floatingips/47fc1627-8257-4845-8429-68e7656b8002/tags HTTP/1.1" status: 200 len: 223 time: 0.0352266
2026-05-08 11:33:48.456 9 INFO neutron.api.v2.resource [None req-b4893c13-d2d3-4b1d-99f6-33259a32fcf6 3ee958ef70fb467bafd52757229d7658 56826ca6cae14e30bd3b0adf4b974a84 - - default default] delete failed (client error): The resource could not be found.
2026-05-08 11:33:48.458 9 INFO neutron.wsgi [None req-b4893c13-d2d3-4b1d-99f6-33259a32fcf6 3ee958ef70fb467bafd52757229d7658 56826ca6cae14e30bd3b0adf4b974a84 - - default default] 10.0.0.11 "DELETE /v2.0/floatingips/47fc1627-8257-4845-8429-68e7656b8002/tags/green HTTP/1.1" status: 404 len: 299 time: 0.0323822
2026-05-08 11:33:48.508 9 INFO neutron.wsgi [None req-13f80cb8-3c8b-4260-8f70-4149bbc7cc70 3ee958ef70fb467bafd52757229d7658 56826ca6cae14e30bd3b0adf4b974a84 - - default default] 10.0.0.11 "DELETE /v2.0/floatingips/47fc1627-8257-4845-8429-68e7656b8002/tags HTTP/1.1" status: 204 len: 168 time: 0.0457506
2026-05-08 11:33:48.512 9 INFO neutron.db.ovn_revision_numbers_db [None req-4d3913c3-a771-473b-8a44-72407b31c41f - - - - - -] Successfully bumped revision number for resource 2a7c46fe-731c-4677-99d0-b3548b8cddf3 (type: router_ports) to 2
2026-05-08 11:33:48.547 9 INFO neutron.wsgi [None req-633b8f27-6bf5-4598-8c19-2227cc85fc1d 3ee958ef70fb467bafd52757229d7658 56826ca6cae14e30bd3b0adf4b974a84 - - default default] 10.0.0.11 "GET /v2.0/floatingips/47fc1627-8257-4845-8429-68e7656b8002/tags HTTP/1.1" status: 200 len: 205 time: 0.0324216
2026-05-08 11:33:48.550 10 INFO neutron.db.ovn_revision_numbers_db [None req-59332caa-fd68-4df2-8ef3-b3b20e525a6a 6bd68166ccf347e889cdefe01e53f21c 293db1205671478797a079b585b58781 - - default default] Successfully bumped revision number for resource 2a7c46fe-731c-4677-99d0-b3548b8cddf3 (type: router_ports) to 2
2026-05-08 11:33:48.553 10 INFO neutron.wsgi [None req-59332caa-fd68-4df2-8ef3-b3b20e525a6a 6bd68166ccf347e889cdefe01e53f21c 293db1205671478797a079b585b58781 - - default default] 10.0.0.11 "PUT /v2.0/routers/da13eabb-6b8e-4977-92d6-8bc100d361be/add_router_interface HTTP/1.1" status: 200 len: 503 time: 1.4192514
2026-05-08 11:33:48.638 10 INFO neutron.wsgi [None req-2d47a0c4-15ad-48af-bd81-47c40a232288 6bd68166ccf347e889cdefe01e53f21c 293db1205671478797a079b585b58781 - - default default] 10.0.0.11 "GET /v2.0/ports/2a7c46fe-731c-4677-99d0-b3548b8cddf3 HTTP/1.1" status: 200 len: 1137 time: 0.0807259
2026-05-08 11:33:49.025 9 INFO neutron.wsgi [None req-fb6f26ae-fcdc-4a2e-ac98-8e58f6d41170 3ee958ef70fb467bafd52757229d7658 56826ca6cae14e30bd3b0adf4b974a84 - - default default] 10.0.0.11 "DELETE /v2.0/floatingips/47fc1627-8257-4845-8429-68e7656b8002 HTTP/1.1" status: 204 len: 168 time: 0.4650152
2026-05-08 11:33:49.128 9 WARNING neutron.scheduler.dhcp_agent_scheduler [None req-dc28385d-0df3-439d-a061-ca2ab6a1f4e7 6bd68166ccf347e889cdefe01e53f21c 293db1205671478797a079b585b58781 - - default default] No more DHCP agents
2026-05-08 11:33:49.132 9 WARNING neutron.api.rpc.agentnotifiers.dhcp_rpc_agent_api [None req-dc28385d-0df3-439d-a061-ca2ab6a1f4e7 6bd68166ccf347e889cdefe01e53f21c 293db1205671478797a079b585b58781 - - default default] Unable to schedule network 7e3cfe23-63d3-42bc-9260-41331245f9b1: no agents available; will retry on subsequent port and subnet creation events.
2026-05-08 11:33:49.486 9 INFO neutron.db.ovn_revision_numbers_db [None req-dc28385d-0df3-439d-a061-ca2ab6a1f4e7 6bd68166ccf347e889cdefe01e53f21c 293db1205671478797a079b585b58781 - - default default] Successfully bumped revision number for resource 8c152440-5db5-44cd-8c81-5aade3e9853a (type: ports) to 1
2026-05-08 11:33:49.945 10 INFO neutron.db.ovn_revision_numbers_db [None req-6448a2a5-a79d-4119-95fc-c9dd469d38f3 1623486798b54484b4884c4b34ffed68 8217937b2bba4ca09a21a8730bb53868 - - default default] Successfully bumped revision number for resource 6134ec34-c79b-4379-9c4a-d300914f3854 (type: security_groups) to 1
2026-05-08 11:33:49.958 10 INFO neutron.db.ovn_revision_numbers_db [None req-6448a2a5-a79d-4119-95fc-c9dd469d38f3 1623486798b54484b4884c4b34ffed68 8217937b2bba4ca09a21a8730bb53868 - - default default] Successfully bumped revision number for resource 3173ac74-5efd-45db-8487-9ab38a1a9056 (type: security_group_rules) to 0
2026-05-08 11:33:49.964 9 INFO neutron.db.ovn_revision_numbers_db [None req-dc28385d-0df3-439d-a061-ca2ab6a1f4e7 6bd68166ccf347e889cdefe01e53f21c 293db1205671478797a079b585b58781 - - default default] Successfully bumped revision number for resource 8c152440-5db5-44cd-8c81-5aade3e9853a (type: router_ports) to 1
2026-05-08 11:33:49.972 10 INFO neutron.db.ovn_revision_numbers_db [None req-6448a2a5-a79d-4119-95fc-c9dd469d38f3 1623486798b54484b4884c4b34ffed68 8217937b2bba4ca09a21a8730bb53868 - - default default] Successfully bumped revision number for resource d121a844-e7ee-44ac-a389-b7a90591d7d0 (type: security_group_rules) to 0
2026-05-08 11:33:49.987 10 INFO neutron.db.ovn_revision_numbers_db [None req-6448a2a5-a79d-4119-95fc-c9dd469d38f3 1623486798b54484b4884c4b34ffed68 8217937b2bba4ca09a21a8730bb53868 - - default default] Successfully bumped revision number for resource dc17d81f-635e-4fd1-bb9b-3bdd71dc82da (type: security_group_rules) to 0
2026-05-08 11:33:50.000 10 INFO neutron.db.ovn_revision_numbers_db [None req-6448a2a5-a79d-4119-95fc-c9dd469d38f3 1623486798b54484b4884c4b34ffed68 8217937b2bba4ca09a21a8730bb53868 - - default default] Successfully bumped revision number for resource ee57e8c4-4737-4461-9795-de8f03992db6 (type: security_group_rules) to 0
2026-05-08 11:33:50.024 10 INFO neutron.wsgi [None req-6448a2a5-a79d-4119-95fc-c9dd469d38f3 1623486798b54484b4884c4b34ffed68 8217937b2bba4ca09a21a8730bb53868 - - default default] 10.0.0.11 "GET /v2.0/security-groups?tenant_id=56826ca6cae14e30bd3b0adf4b974a84&name=default HTTP/1.1" status: 200 len: 3000 time: 0.2796624
2026-05-08 11:33:50.127 9 INFO neutron.db.ovn_revision_numbers_db [None req-dc28385d-0df3-439d-a061-ca2ab6a1f4e7 6bd68166ccf347e889cdefe01e53f21c 293db1205671478797a079b585b58781 - - default default] Successfully bumped revision number for resource 8c152440-5db5-44cd-8c81-5aade3e9853a (type: ports) to 1
2026-05-08 11:33:50.190 9 WARNING neutron.scheduler.dhcp_agent_scheduler [None req-dc28385d-0df3-439d-a061-ca2ab6a1f4e7 6bd68166ccf347e889cdefe01e53f21c 293db1205671478797a079b585b58781 - - default default] No more DHCP agents
2026-05-08 11:33:50.192 9 WARNING neutron.api.rpc.agentnotifiers.dhcp_rpc_agent_api [None req-dc28385d-0df3-439d-a061-ca2ab6a1f4e7 6bd68166ccf347e889cdefe01e53f21c 293db1205671478797a079b585b58781 - - default default] Unable to schedule network 7e3cfe23-63d3-42bc-9260-41331245f9b1: no agents available; will retry on subsequent port and subnet creation events.
2026-05-08 11:33:50.218 10 INFO neutron.wsgi [None req-58a8228c-220c-4ac1-8076-e78cf50b6eff 1623486798b54484b4884c4b34ffed68 8217937b2bba4ca09a21a8730bb53868 - - default default] 10.0.0.11 "DELETE /v2.0/security-groups/6134ec34-c79b-4379-9c4a-d300914f3854 HTTP/1.1" status: 204 len: 168 time: 0.1894159
2026-05-08 11:33:50.382 9 INFO neutron.db.ovn_revision_numbers_db [None req-dc28385d-0df3-439d-a061-ca2ab6a1f4e7 6bd68166ccf347e889cdefe01e53f21c 293db1205671478797a079b585b58781 - - default default] Successfully bumped revision number for resource 8c152440-5db5-44cd-8c81-5aade3e9853a (type: router_ports) to 1
2026-05-08 11:33:50.385 9 INFO neutron.wsgi [None req-dc28385d-0df3-439d-a061-ca2ab6a1f4e7 6bd68166ccf347e889cdefe01e53f21c 293db1205671478797a079b585b58781 - - default default] 10.0.0.11 "PUT /v2.0/routers/da13eabb-6b8e-4977-92d6-8bc100d361be/add_router_interface HTTP/1.1" status: 200 len: 503 time: 1.7418222
2026-05-08 11:33:50.423 10 INFO neutron.db.ovn_revision_numbers_db [None req-d25b15ff-8b53-4c5d-8e7b-b176c3ff1cea 1623486798b54484b4884c4b34ffed68 8217937b2bba4ca09a21a8730bb53868 - - default default] Successfully bumped revision number for resource ef5504b3-36c1-4774-b149-c2775a3087d4 (type: security_groups) to 1
2026-05-08 11:33:50.437 10 INFO neutron.db.ovn_revision_numbers_db [None req-d25b15ff-8b53-4c5d-8e7b-b176c3ff1cea 1623486798b54484b4884c4b34ffed68 8217937b2bba4ca09a21a8730bb53868 - - default default] Successfully bumped revision number for resource 2d1339bd-0c32-4502-a983-fcee065b5329 (type: security_group_rules) to 0
2026-05-08 11:33:50.453 10 INFO neutron.db.ovn_revision_numbers_db [None req-d25b15ff-8b53-4c5d-8e7b-b176c3ff1cea 1623486798b54484b4884c4b34ffed68 8217937b2bba4ca09a21a8730bb53868 - - default default] Successfully bumped revision number for resource 64f59fb4-b9aa-44fc-b34f-8767d4540cc2 (type: security_group_rules) to 0
2026-05-08 11:33:50.473 10 INFO neutron.db.ovn_revision_numbers_db [None req-d25b15ff-8b53-4c5d-8e7b-b176c3ff1cea 1623486798b54484b4884c4b34ffed68 8217937b2bba4ca09a21a8730bb53868 - - default default] Successfully bumped revision number for resource 8913d2da-54ee-4d9a-8002-0ac84a618639 (type: security_group_rules) to 0
2026-05-08 11:33:50.477 9 INFO neutron.wsgi [None req-ed61ab89-16fc-4742-8e4c-1a12d4d989d3 6bd68166ccf347e889cdefe01e53f21c 293db1205671478797a079b585b58781 - - default default] 10.0.0.11 "GET /v2.0/ports/8c152440-5db5-44cd-8c81-5aade3e9853a HTTP/1.1" status: 200 len: 1135 time: 0.0879581
2026-05-08 11:33:50.487 10 INFO neutron.db.ovn_revision_numbers_db [None req-d25b15ff-8b53-4c5d-8e7b-b176c3ff1cea 1623486798b54484b4884c4b34ffed68 8217937b2bba4ca09a21a8730bb53868 - - default default] Successfully bumped revision number for resource bbaba3e4-2b85-4546-a8b8-dc62d60cd6da (type: security_group_rules) to 0
2026-05-08 11:33:50.510 9 INFO neutron.wsgi [None req-5d554fdc-c719-41ec-9336-bd5566d24a61 6bd68166ccf347e889cdefe01e53f21c 293db1205671478797a079b585b58781 - - default default] 10.0.0.11 "GET /v2.0/ports/8c152440-5db5-44cd-8c81-5aade3e9853a HTTP/1.1" status: 200 len: 1135 time: 0.0282938
2026-05-08 11:33:50.512 10 INFO neutron.wsgi [None req-d25b15ff-8b53-4c5d-8e7b-b176c3ff1cea 1623486798b54484b4884c4b34ffed68 8217937b2bba4ca09a21a8730bb53868 - - default default] 10.0.0.11 "GET /v2.0/security-groups?tenant_id=0117d76903ba4ddaba8813139a542e7a&name=default HTTP/1.1" status: 200 len: 3000 time: 0.1884146
2026-05-08 11:33:50.705 9 INFO neutron.wsgi [None req-3eaa6a95-8e13-4569-aaf4-302c1ad2da7f 1623486798b54484b4884c4b34ffed68 8217937b2bba4ca09a21a8730bb53868 - - default default] 10.0.0.11 "DELETE /v2.0/security-groups/ef5504b3-36c1-4774-b149-c2775a3087d4 HTTP/1.1" status: 204 len: 168 time: 0.1888447
2026-05-08 11:33:51.610 10 INFO neutron.wsgi [None req-0849c85f-36bf-47a2-9a60-1db4ee0edca3 6bd68166ccf347e889cdefe01e53f21c 293db1205671478797a079b585b58781 - - default default] 10.0.0.11 "GET /v2.0/ports/8c152440-5db5-44cd-8c81-5aade3e9853a HTTP/1.1" status: 200 len: 1135 time: 0.0921855
2026-05-08 11:33:52.645 9 INFO neutron.wsgi [None req-d74eade8-31a4-40d5-922a-7d0f0b1c3b74 6bd68166ccf347e889cdefe01e53f21c 293db1205671478797a079b585b58781 - - default default] 10.0.0.11 "GET /v2.0/ports/8c152440-5db5-44cd-8c81-5aade3e9853a HTTP/1.1" status: 200 len: 1135 time: 0.0300415
2026-05-08 11:33:53.687 9 INFO neutron.wsgi [None req-70815c0b-38ae-4071-b464-f949add2ce17 6bd68166ccf347e889cdefe01e53f21c 293db1205671478797a079b585b58781 - - default default] 10.0.0.11 "GET /v2.0/ports/8c152440-5db5-44cd-8c81-5aade3e9853a HTTP/1.1" status: 200 len: 1135 time: 0.0365744
2026-05-08 11:33:54.240 9 WARNING neutron.plugins.ml2.drivers.ovn.mech_driver.ovsdb.ovn_client [None req-4d3913c3-a771-473b-8a44-72407b31c41f - - - - - -] No hosting information found for port 2a7c46fe-731c-4677-99d0-b3548b8cddf3: RuntimeError: No hosting information found for port 2a7c46fe-731c-4677-99d0-b3548b8cddf3
2026-05-08 11:33:54.240 9 INFO neutron.plugins.ml2.drivers.ovn.mech_driver.mech_driver [None req-4d3913c3-a771-473b-8a44-72407b31c41f - - - - - -] OVN reports status up for port: 8c152440-5db5-44cd-8c81-5aade3e9853a
2026-05-08 11:33:54.248 9 INFO neutron.plugins.ml2.plugin [None req-4d3913c3-a771-473b-8a44-72407b31c41f - - - - - -] Attempt 1 to provision port 8c152440-5db5-44cd-8c81-5aade3e9853a
2026-05-08 11:33:54.556 9 INFO neutron.db.ovn_revision_numbers_db [None req-4d3913c3-a771-473b-8a44-72407b31c41f - - - - - -] Successfully bumped revision number for resource 8c152440-5db5-44cd-8c81-5aade3e9853a (type: ports) to 2
2026-05-08 11:33:54.733 9 INFO neutron.wsgi [None req-763d2a78-ec15-4793-85e6-a5c113958ab5 6bd68166ccf347e889cdefe01e53f21c 293db1205671478797a079b585b58781 - - default default] 10.0.0.11 "GET /v2.0/ports/8c152440-5db5-44cd-8c81-5aade3e9853a HTTP/1.1" status: 200 len: 1137 time: 0.0397644
2026-05-08 11:33:54.734 9 INFO neutron.db.ovn_revision_numbers_db [None req-4d3913c3-a771-473b-8a44-72407b31c41f - - - - - -] Successfully bumped revision number for resource 8c152440-5db5-44cd-8c81-5aade3e9853a (type: router_ports) to 2
2026-05-08 11:33:55.470 9 INFO neutron.wsgi [None req-ca09e5ef-b29e-48d6-95a6-2b55638f0add 6bd68166ccf347e889cdefe01e53f21c 293db1205671478797a079b585b58781 - - default default] 10.0.0.11 "PUT /v2.0/routers/da13eabb-6b8e-4977-92d6-8bc100d361be/remove_router_interface HTTP/1.1" status: 200 len: 503 time: 0.7318134
2026-05-08 11:33:55.552 10 INFO neutron.wsgi [None req-8ae4a33d-22ca-4d62-992f-69c97ee58ad0 6bd68166ccf347e889cdefe01e53f21c 293db1205671478797a079b585b58781 - - default default] 10.0.0.11 "GET /v2.0/ports/2a7c46fe-731c-4677-99d0-b3548b8cddf3 HTTP/1.1" status: 200 len: 1137 time: 0.0772536
2026-05-08 11:33:56.191 10 INFO neutron.wsgi [None req-0173b08f-3212-43cc-8694-2d36f1cbbf6d 6bd68166ccf347e889cdefe01e53f21c 293db1205671478797a079b585b58781 - - default default] 10.0.0.11 "PUT /v2.0/routers/da13eabb-6b8e-4977-92d6-8bc100d361be/remove_router_interface HTTP/1.1" status: 200 len: 503 time: 0.6327581 /var/lib/openstack/lib/python3.10/site-packages/pycadf/identifier.py:71: UserWarning: Invalid uuid: neutron. To ensure interoperability, identifiers should be a valid uuid. warnings.warn(('Invalid uuid: %s. To ensure interoperability, '
2026-05-08 11:33:56.221 9 INFO neutron.wsgi [None req-4d0c533a-b5a1-4381-a72e-bc0143997c7b 6bd68166ccf347e889cdefe01e53f21c 293db1205671478797a079b585b58781 - - default default] 10.0.0.11 "GET /v2.0/ports?device_id=da13eabb-6b8e-4977-92d6-8bc100d361be HTTP/1.1" status: 200 len: 205 time: 0.0245893
2026-05-08 11:33:56.640 9 INFO neutron.wsgi [None req-0bf132c3-a186-4f56-aaa9-6252e8cba3f3 6bd68166ccf347e889cdefe01e53f21c 293db1205671478797a079b585b58781 - - default default] 10.0.0.11 "DELETE /v2.0/routers/da13eabb-6b8e-4977-92d6-8bc100d361be HTTP/1.1" status: 204 len: 168 time: 0.4149940
2026-05-08 11:33:56.853 9 INFO neutron.wsgi [None req-b942ae65-283a-4d1d-8c72-eef9df45fe5c 6bd68166ccf347e889cdefe01e53f21c 293db1205671478797a079b585b58781 - - default default] 10.0.0.11 "DELETE /v2.0/subnets/938fbce2-dcae-4a65-95c4-f188ab745867 HTTP/1.1" status: 204 len: 168 time: 0.2083154
2026-05-08 11:33:57.078 9 INFO neutron.wsgi [None req-542a22ea-5236-41ad-9989-e9757fa321c1 6bd68166ccf347e889cdefe01e53f21c 293db1205671478797a079b585b58781 - - default default] 10.0.0.11 "DELETE /v2.0/subnets/7b928a05-632a-4c81-b2e7-627c7df8a0d3 HTTP/1.1" status: 204 len: 168 time: 0.2192492
2026-05-08 11:33:57.404 9 INFO neutron.services.segments.plugin [-] Segment d1e213cf-eb4c-44ae-b072-0742e8e76647 resource provider aggregate not found
2026-05-08 11:33:57.408 9 INFO neutron.services.segments.plugin [-] Segment d1e213cf-eb4c-44ae-b072-0742e8e76647 resource provider aggregate not found
2026-05-08 11:33:57.424 9 INFO neutron.services.segments.plugin [-] Segment d1e213cf-eb4c-44ae-b072-0742e8e76647 resource provider not found; error: Placement Client Error (4xx): {"errors": [{"status": 404, "title": "Not Found", "detail": "The resource could not be found.\n\n No resource provider with uuid d1e213cf-eb4c-44ae-b072-0742e8e76647 found for delete ", "request_id": "req-c0f36ab0-d82e-4e08-80ce-5bc16e1c87aa"}]}
2026-05-08 11:33:57.425 9 INFO neutron.services.segments.plugin [-] Segment d1e213cf-eb4c-44ae-b072-0742e8e76647 resource provider not found; error: Placement Client Error (4xx): {"errors": [{"status": 404, "title": "Not Found", "detail": "The resource could not be found.\n\n No resource provider with uuid d1e213cf-eb4c-44ae-b072-0742e8e76647 found for delete ", "request_id": "req-c7b9b97b-e749-4b6f-9ce3-08ea4b5e4a0e"}]}
2026-05-08 11:33:57.451 9 INFO neutron.wsgi [None req-301b76d6-0168-4c47-a25a-e7037abb7710 6bd68166ccf347e889cdefe01e53f21c 293db1205671478797a079b585b58781 - - default default] 10.0.0.11 "DELETE /v2.0/networks/7e3cfe23-63d3-42bc-9260-41331245f9b1 HTTP/1.1" status: 204 len: 168 time: 0.3685384 /var/lib/openstack/lib/python3.10/site-packages/pycadf/identifier.py:71: UserWarning: Invalid uuid: neutron. To ensure interoperability, identifiers should be a valid uuid. warnings.warn(('Invalid uuid: %s. To ensure interoperability, '
2026-05-08 11:33:57.800 10 INFO neutron.services.segments.plugin [-] Segment 4706554a-e354-47bd-bced-ab025995a3e9 resource provider aggregate not found
2026-05-08 11:33:57.806 10 INFO neutron.services.segments.plugin [-] Segment 4706554a-e354-47bd-bced-ab025995a3e9 resource provider aggregate not found
2026-05-08 11:33:57.820 10 INFO neutron.services.segments.plugin [-] Segment 4706554a-e354-47bd-bced-ab025995a3e9 resource provider not found; error: Placement Client Error (4xx): {"errors": [{"status": 404, "title": "Not Found", "detail": "The resource could not be found.\n\n No resource provider with uuid 4706554a-e354-47bd-bced-ab025995a3e9 found for delete ", "request_id": "req-46bb3e34-78bf-4507-85ce-1f29a6db2e21"}]}
2026-05-08 11:33:57.824 10 INFO neutron.services.segments.plugin [-] Segment 4706554a-e354-47bd-bced-ab025995a3e9 resource provider not found; error: Placement Client Error (4xx): {"errors": [{"status": 404, "title": "Not Found", "detail": "The resource could not be found.\n\n No resource provider with uuid 4706554a-e354-47bd-bced-ab025995a3e9 found for delete ", "request_id": "req-0950d3a6-0090-4197-a2e5-f54bcf59989f"}]}
2026-05-08 11:33:57.847 10 INFO neutron.wsgi [None req-35e52523-b7ea-491a-a611-b6bd82a6348d 6bd68166ccf347e889cdefe01e53f21c 293db1205671478797a079b585b58781 - - default default] 10.0.0.11 "DELETE /v2.0/networks/587c45a0-bed1-418e-b5af-bb14c36aba48 HTTP/1.1" status: 204 len: 168 time: 0.3904376
2026-05-08 11:33:57.955 10 INFO neutron.db.segments_db [None req-2d802f62-aeb7-4069-876a-651a3b92b1ee 6bd68166ccf347e889cdefe01e53f21c 293db1205671478797a079b585b58781 - - default default] Added segment 18dbc63d-e97c-4108-94f4-effd3d164a45 of type geneve for network 816e7202-5cd8-44e9-8e5b-f0a2f61e2d1b
2026-05-08 11:33:58.089 10 INFO neutron.db.ovn_revision_numbers_db [None req-2d802f62-aeb7-4069-876a-651a3b92b1ee 6bd68166ccf347e889cdefe01e53f21c 293db1205671478797a079b585b58781 - - default default] Successfully bumped revision number for resource 816e7202-5cd8-44e9-8e5b-f0a2f61e2d1b (type: networks) to 1
2026-05-08 11:33:58.283 10 WARNING neutron.scheduler.dhcp_agent_scheduler [None req-2d802f62-aeb7-4069-876a-651a3b92b1ee 6bd68166ccf347e889cdefe01e53f21c 293db1205671478797a079b585b58781 - - default default] No more DHCP agents
2026-05-08 11:33:58.286 10 WARNING neutron.api.rpc.agentnotifiers.dhcp_rpc_agent_api [None req-2d802f62-aeb7-4069-876a-651a3b92b1ee 6bd68166ccf347e889cdefe01e53f21c 293db1205671478797a079b585b58781 - - default default] Unable to schedule network 816e7202-5cd8-44e9-8e5b-f0a2f61e2d1b: no agents available; will retry on subsequent port and subnet creation events.
2026-05-08 11:33:58.372 10 INFO neutron.db.ovn_revision_numbers_db [None req-2d802f62-aeb7-4069-876a-651a3b92b1ee 6bd68166ccf347e889cdefe01e53f21c 293db1205671478797a079b585b58781 - - default default] Successfully bumped revision number for resource 36135839-c0ab-4085-99d8-ab167351eb6d (type: ports) to 1
2026-05-08 11:33:58.394 10 INFO neutron.wsgi [None req-2d802f62-aeb7-4069-876a-651a3b92b1ee 6bd68166ccf347e889cdefe01e53f21c 293db1205671478797a079b585b58781 - - default default] 10.0.0.11 "POST /v2.0/networks HTTP/1.1" status: 201 len: 829 time: 0.5380011
2026-05-08 11:33:58.646 10 WARNING neutron.scheduler.dhcp_agent_scheduler [None req-bf562d93-ea7e-4e64-a041-a3d814eceb2c 6bd68166ccf347e889cdefe01e53f21c 293db1205671478797a079b585b58781 - - default default] No more DHCP agents
2026-05-08 11:33:58.649 10 WARNING neutron.api.rpc.agentnotifiers.dhcp_rpc_agent_api [None req-bf562d93-ea7e-4e64-a041-a3d814eceb2c 6bd68166ccf347e889cdefe01e53f21c 293db1205671478797a079b585b58781 - - default default] Unable to schedule network 816e7202-5cd8-44e9-8e5b-f0a2f61e2d1b: no agents available; will retry on subsequent port and subnet creation events.
2026-05-08 11:33:58.725 9 INFO neutron.wsgi [-] 10.0.0.98 "GET / HTTP/1.1" status: 200 len: 247 time: 0.0017643
2026-05-08 11:33:58.727 9 INFO neutron.wsgi [-] 10.0.0.98 "GET / HTTP/1.1" status: 200 len: 247 time: 0.0012071
2026-05-08 11:33:59.395 10 INFO neutron.db.ovn_revision_numbers_db [None req-bf562d93-ea7e-4e64-a041-a3d814eceb2c 6bd68166ccf347e889cdefe01e53f21c 293db1205671478797a079b585b58781 - - default default] Successfully bumped revision number for resource 36135839-c0ab-4085-99d8-ab167351eb6d (type: ports) to 2
2026-05-08 11:33:59.437 10 INFO neutron.db.ovn_revision_numbers_db [None req-bf562d93-ea7e-4e64-a041-a3d814eceb2c 6bd68166ccf347e889cdefe01e53f21c 293db1205671478797a079b585b58781 - - default default] Successfully bumped revision number for resource b6d75997-2001-48d1-b0ce-8caddd64842f (type: subnets) to 0
2026-05-08 11:33:59.463 10 INFO neutron.wsgi [None req-bf562d93-ea7e-4e64-a041-a3d814eceb2c 6bd68166ccf347e889cdefe01e53f21c 293db1205671478797a079b585b58781 - - default default] 10.0.0.11 "POST /v2.0/subnets HTTP/1.1" status: 201 len: 801 time: 1.0636275
2026-05-08 11:33:59.675 10 INFO neutron.db.ovn_revision_numbers_db [None req-d394d684-1ea0-40ec-8a56-48cab26ae140 6bd68166ccf347e889cdefe01e53f21c 293db1205671478797a079b585b58781 - - default default] Successfully bumped revision number for resource 406829a1-bfee-4485-a36c-42a9f46a43f9 (type: routers) to 1
2026-05-08 11:33:59.690 10 INFO neutron.wsgi [None req-d394d684-1ea0-40ec-8a56-48cab26ae140 6bd68166ccf347e889cdefe01e53f21c 293db1205671478797a079b585b58781 - - default default] 10.0.0.11 "POST /v2.0/routers HTTP/1.1" status: 201 len: 686 time: 0.2222965
2026-05-08 11:33:59.930 9 WARNING neutron.plugins.ml2.drivers.ovn.mech_driver.ovsdb.ovn_client [None req-4d3913c3-a771-473b-8a44-72407b31c41f - - - - - -] No port found with ID 8c152440-5db5-44cd-8c81-5aade3e9853a: RuntimeError: No port found with ID 8c152440-5db5-44cd-8c81-5aade3e9853a
2026-05-08 11:34:00.022 10 WARNING neutron.scheduler.dhcp_agent_scheduler [None req-e6aa4ac6-6dfb-4841-b135-85a582bb5211 6bd68166ccf347e889cdefe01e53f21c 293db1205671478797a079b585b58781 - - default default] No more DHCP agents
2026-05-08 11:34:00.024 10 WARNING neutron.api.rpc.agentnotifiers.dhcp_rpc_agent_api [None req-e6aa4ac6-6dfb-4841-b135-85a582bb5211 6bd68166ccf347e889cdefe01e53f21c 293db1205671478797a079b585b58781 - - default default] Unable to schedule network 816e7202-5cd8-44e9-8e5b-f0a2f61e2d1b: no agents available; will retry on subsequent port and subnet creation events.
2026-05-08 11:34:00.188 10 INFO neutron.db.ovn_revision_numbers_db [None req-e6aa4ac6-6dfb-4841-b135-85a582bb5211 6bd68166ccf347e889cdefe01e53f21c 293db1205671478797a079b585b58781 - - default default] Successfully bumped revision number for resource 554b50e3-edf5-441f-b0f2-a33809e154f9 (type: ports) to 1
2026-05-08 11:34:00.210 10 INFO neutron.wsgi [None req-e6aa4ac6-6dfb-4841-b135-85a582bb5211 6bd68166ccf347e889cdefe01e53f21c 293db1205671478797a079b585b58781 - - default default] 10.0.0.11 "POST /v2.0/ports HTTP/1.1" status: 201 len: 1146 time: 0.5146160 /var/lib/openstack/lib/python3.10/site-packages/pycadf/identifier.py:71: UserWarning: Invalid uuid: neutron. To ensure interoperability, identifiers should be a valid uuid. warnings.warn(('Invalid uuid: %s. To ensure interoperability, '
2026-05-08 11:34:00.598 9 INFO neutron.plugins.ml2.drivers.ovn.mech_driver.mech_driver [None req-4d3913c3-a771-473b-8a44-72407b31c41f - - - - - -] OVN reports status up for port: 554b50e3-edf5-441f-b0f2-a33809e154f9
2026-05-08 11:34:00.607 9 INFO neutron.plugins.ml2.plugin [None req-4d3913c3-a771-473b-8a44-72407b31c41f - - - - - -] Attempt 1 to provision port 554b50e3-edf5-441f-b0f2-a33809e154f9
2026-05-08 11:34:00.632 10 INFO neutron.db.ovn_revision_numbers_db [None req-83bc7324-9322-4a3f-8a38-590fe1dbab01 6bd68166ccf347e889cdefe01e53f21c 293db1205671478797a079b585b58781 - - default default] Successfully bumped revision number for resource 554b50e3-edf5-441f-b0f2-a33809e154f9 (type: router_ports) to 2
2026-05-08 11:34:00.861 10 INFO neutron.db.ovn_revision_numbers_db [None req-83bc7324-9322-4a3f-8a38-590fe1dbab01 6bd68166ccf347e889cdefe01e53f21c 293db1205671478797a079b585b58781 - - default default] Successfully bumped revision number for resource 554b50e3-edf5-441f-b0f2-a33809e154f9 (type: ports) to 2
2026-05-08 11:34:00.901 9 INFO neutron.db.ovn_revision_numbers_db [None req-4d3913c3-a771-473b-8a44-72407b31c41f - - - - - -] Successfully bumped revision number for resource 554b50e3-edf5-441f-b0f2-a33809e154f9 (type: ports) to 3
2026-05-08 11:34:01.032 9 INFO neutron.db.ovn_revision_numbers_db [None req-4d3913c3-a771-473b-8a44-72407b31c41f - - - - - -] Successfully bumped revision number for resource 554b50e3-edf5-441f-b0f2-a33809e154f9 (type: router_ports) to 3
2026-05-08 11:34:01.502 10 INFO neutron.db.ovn_revision_numbers_db [None req-83bc7324-9322-4a3f-8a38-590fe1dbab01 6bd68166ccf347e889cdefe01e53f21c 293db1205671478797a079b585b58781 - - default default] Successfully bumped revision number for resource 554b50e3-edf5-441f-b0f2-a33809e154f9 (type: ports) to 3
2026-05-08 11:34:01.566 10 WARNING neutron.scheduler.dhcp_agent_scheduler [None req-83bc7324-9322-4a3f-8a38-590fe1dbab01 6bd68166ccf347e889cdefe01e53f21c 293db1205671478797a079b585b58781 - - default default] No more DHCP agents
2026-05-08 11:34:01.567 10 WARNING neutron.api.rpc.agentnotifiers.dhcp_rpc_agent_api [None req-83bc7324-9322-4a3f-8a38-590fe1dbab01 6bd68166ccf347e889cdefe01e53f21c 293db1205671478797a079b585b58781 - - default default] Unable to schedule network 816e7202-5cd8-44e9-8e5b-f0a2f61e2d1b: no agents available; will retry on subsequent port and subnet creation events.
2026-05-08 11:34:01.764 10 INFO neutron.db.ovn_revision_numbers_db [None req-83bc7324-9322-4a3f-8a38-590fe1dbab01 6bd68166ccf347e889cdefe01e53f21c 293db1205671478797a079b585b58781 - - default default] Successfully bumped revision number for resource 554b50e3-edf5-441f-b0f2-a33809e154f9 (type: router_ports) to 3
2026-05-08 11:34:01.767 10 INFO neutron.wsgi [None req-83bc7324-9322-4a3f-8a38-590fe1dbab01 6bd68166ccf347e889cdefe01e53f21c 293db1205671478797a079b585b58781 - - default default] 10.0.0.11 "PUT /v2.0/routers/406829a1-bfee-4485-a36c-42a9f46a43f9/add_router_interface HTTP/1.1" status: 200 len: 503 time: 1.5515759 /var/lib/openstack/lib/python3.10/site-packages/pycadf/identifier.py:71: UserWarning: Invalid uuid: neutron. To ensure interoperability, identifiers should be a valid uuid. warnings.warn(('Invalid uuid: %s. To ensure interoperability, '
2026-05-08 11:34:01.811 10 INFO neutron.wsgi [None req-1347d4f1-8fc7-4057-814c-74994336a93f 6bd68166ccf347e889cdefe01e53f21c 293db1205671478797a079b585b58781 - - default default] 10.0.0.11 "GET /v2.0/ports/554b50e3-edf5-441f-b0f2-a33809e154f9 HTTP/1.1" status: 200 len: 1204 time: 0.0364077
2026-05-08 11:34:02.443 10 INFO neutron.wsgi [None req-c3a2916d-b0aa-4ccf-a3b7-fdf6f69667e3 6bd68166ccf347e889cdefe01e53f21c 293db1205671478797a079b585b58781 - - default default] 10.0.0.11 "PUT /v2.0/routers/406829a1-bfee-4485-a36c-42a9f46a43f9/remove_router_interface HTTP/1.1" status: 200 len: 503 time: 0.6269372 /var/lib/openstack/lib/python3.10/site-packages/pycadf/identifier.py:71: UserWarning: Invalid uuid: neutron. To ensure interoperability, identifiers should be a valid uuid. warnings.warn(('Invalid uuid: %s. To ensure interoperability, '
2026-05-08 11:34:02.513 9 INFO neutron.api.v2.resource [None req-f9a66f89-5eb7-48fb-a062-0d4ab4cbe809 6bd68166ccf347e889cdefe01e53f21c 293db1205671478797a079b585b58781 - - default default] remove_router_interface failed (client error): The resource could not be found.
2026-05-08 11:34:02.515 9 INFO neutron.wsgi [None req-f9a66f89-5eb7-48fb-a062-0d4ab4cbe809 6bd68166ccf347e889cdefe01e53f21c 293db1205671478797a079b585b58781 - - default default] 10.0.0.11 "PUT /v2.0/routers/406829a1-bfee-4485-a36c-42a9f46a43f9/remove_router_interface HTTP/1.1" status: 404 len: 398 time: 0.0645883
2026-05-08 11:34:02.543 9 INFO neutron.wsgi [None req-6c960167-3a95-4c55-a26d-b210fd2ad144 6bd68166ccf347e889cdefe01e53f21c 293db1205671478797a079b585b58781 - - default default] 10.0.0.11 "GET /v2.0/ports?device_id=406829a1-bfee-4485-a36c-42a9f46a43f9 HTTP/1.1" status: 200 len: 205 time: 0.0211380
2026-05-08 11:34:02.767 9 INFO neutron.wsgi [None req-06608db3-5edf-4d66-bcfc-6180a4efaf50 6bd68166ccf347e889cdefe01e53f21c 293db1205671478797a079b585b58781 - - default default] 10.0.0.11 "DELETE /v2.0/routers/406829a1-bfee-4485-a36c-42a9f46a43f9 HTTP/1.1" status: 204 len: 168 time: 0.2187166
2026-05-08 11:34:02.981 9 INFO neutron.wsgi [None req-120dfedf-bce2-4c3a-9d9f-f027e73d8c38 6bd68166ccf347e889cdefe01e53f21c 293db1205671478797a079b585b58781 - - default default] 10.0.0.11 "DELETE /v2.0/subnets/b6d75997-2001-48d1-b0ce-8caddd64842f HTTP/1.1" status: 204 len: 168 time: 0.2089901
2026-05-08 11:34:03.325 9 INFO neutron.services.segments.plugin [-] Segment 18dbc63d-e97c-4108-94f4-effd3d164a45 resource provider aggregate not found
2026-05-08 11:34:03.329 9 INFO neutron.services.segments.plugin [-] Segment 18dbc63d-e97c-4108-94f4-effd3d164a45 resource provider aggregate not found
2026-05-08 11:34:03.345 9 INFO neutron.services.segments.plugin [-] Segment 18dbc63d-e97c-4108-94f4-effd3d164a45 resource provider not found; error: Placement Client Error (4xx): {"errors": [{"status": 404, "title": "Not Found", "detail": "The resource could not be found.\n\n No resource provider with uuid 18dbc63d-e97c-4108-94f4-effd3d164a45 found for delete ", "request_id": "req-9e697066-f98f-4569-b3a2-444aa4ebbabe"}]}
2026-05-08 11:34:03.348 9 INFO neutron.services.segments.plugin [-] Segment 18dbc63d-e97c-4108-94f4-effd3d164a45 resource provider not found; error: Placement Client Error (4xx): {"errors": [{"status": 404, "title": "Not Found", "detail": "The resource could not be found.\n\n No resource provider with uuid 18dbc63d-e97c-4108-94f4-effd3d164a45 found for delete ", "request_id": "req-3ca2894b-5b1f-4aae-903a-581b91308bfb"}]}
2026-05-08 11:34:03.367 9 INFO neutron.wsgi [None req-f78ceac3-ecf5-4d60-af4a-f35ad2eb9bd0 6bd68166ccf347e889cdefe01e53f21c 293db1205671478797a079b585b58781 - - default default] 10.0.0.11 "DELETE /v2.0/networks/816e7202-5cd8-44e9-8e5b-f0a2f61e2d1b HTTP/1.1" status: 204 len: 168 time: 0.3814702 /var/lib/openstack/lib/python3.10/site-packages/pycadf/identifier.py:71: UserWarning: Invalid uuid: neutron. To ensure interoperability, identifiers should be a valid uuid. warnings.warn(('Invalid uuid: %s. To ensure interoperability, '
2026-05-08 11:34:03.455 10 INFO neutron.db.segments_db [None req-2a6505c1-1173-4be7-a583-40fa0d0c8a5c 6bd68166ccf347e889cdefe01e53f21c 293db1205671478797a079b585b58781 - - default default] Added segment 28310046-d61d-4c70-b398-d716cad1608a of type geneve for network e8ca0980-adc0-41f2-98bd-0814a046dd3c
2026-05-08 11:34:03.626 10 INFO neutron.db.ovn_revision_numbers_db [None req-2a6505c1-1173-4be7-a583-40fa0d0c8a5c 6bd68166ccf347e889cdefe01e53f21c 293db1205671478797a079b585b58781 - - default default] Successfully bumped revision number for resource e8ca0980-adc0-41f2-98bd-0814a046dd3c (type: networks) to 1
2026-05-08 11:34:03.824 10 WARNING neutron.scheduler.dhcp_agent_scheduler [None req-2a6505c1-1173-4be7-a583-40fa0d0c8a5c 6bd68166ccf347e889cdefe01e53f21c 293db1205671478797a079b585b58781 - - default default] No more DHCP agents
