2026-05-08 11:32:00.920 9 INFO neutron.wsgi [None req-d5af6479-4eb6-47ea-bb0c-804b64dc69aa 60bcfee24bae45948d35d5eb34c88b9f 55e004cf46834c508f526914046774d1 - - default default] 10.0.0.11 "GET /v2.0/policies/c96535fb-0aec-4fe9-a408-37404517d402/tags HTTP/1.1" status: 200 len: 223 time: 0.0124917
2026-05-08 11:32:00.933 10 INFO neutron.db.ovn_revision_numbers_db [None req-4f429eab-1de2-426d-b3ac-e6667dac5ad2 - - - - - -] Successfully bumped revision number for resource 242ce74e-cf50-4e18-b27d-f37b5e34f2e7 (type: ports) to 1
2026-05-08 11:32:00.938 9 INFO neutron.api.v2.resource [None req-0f3217df-a99d-4891-9ba2-825e4e62e796 60bcfee24bae45948d35d5eb34c88b9f 55e004cf46834c508f526914046774d1 - - default default] delete failed (client error): The resource could not be found.
2026-05-08 11:32:00.939 9 INFO neutron.wsgi [None req-0f3217df-a99d-4891-9ba2-825e4e62e796 60bcfee24bae45948d35d5eb34c88b9f 55e004cf46834c508f526914046774d1 - - default default] 10.0.0.11 "DELETE /v2.0/policies/c96535fb-0aec-4fe9-a408-37404517d402/tags/green HTTP/1.1" status: 404 len: 299 time: 0.0151765
2026-05-08 11:32:00.967 9 INFO neutron.wsgi [None req-b6d70c73-0a49-486e-ade4-d3d048f01d90 60bcfee24bae45948d35d5eb34c88b9f 55e004cf46834c508f526914046774d1 - - default default] 10.0.0.11 "DELETE /v2.0/policies/c96535fb-0aec-4fe9-a408-37404517d402/tags HTTP/1.1" status: 204 len: 168 time: 0.0238085
2026-05-08 11:32:00.984 9 INFO neutron.wsgi [None req-5eefff2d-0fb4-410e-8e8e-8cd1bb9c00ca 60bcfee24bae45948d35d5eb34c88b9f 55e004cf46834c508f526914046774d1 - - default default] 10.0.0.11 "GET /v2.0/policies/c96535fb-0aec-4fe9-a408-37404517d402/tags HTTP/1.1" status: 200 len: 205 time: 0.0127201
2026-05-08 11:32:01.005 10 WARNING neutron.scheduler.dhcp_agent_scheduler [None req-3e89b22b-94df-4c56-9b03-8b7f19f27eed a17837ebabf54c3cb413ecee66d99d65 d274f827089948d3b69039939e6ba83d - - default default] No more DHCP agents
2026-05-08 11:32:01.011 10 WARNING neutron.api.rpc.agentnotifiers.dhcp_rpc_agent_api [None req-3e89b22b-94df-4c56-9b03-8b7f19f27eed a17837ebabf54c3cb413ecee66d99d65 d274f827089948d3b69039939e6ba83d - - default default] Unable to schedule network 80270a07-c81f-41b3-8085-7592a05def1b: no agents available; will retry on subsequent port and subnet creation events.
2026-05-08 11:32:01.040 9 INFO neutron.wsgi [None req-a1f9734c-6c01-40ab-80b5-e1403200bafb 60bcfee24bae45948d35d5eb34c88b9f 55e004cf46834c508f526914046774d1 - - default default] 10.0.0.11 "DELETE /v2.0/qos/policies/c96535fb-0aec-4fe9-a408-37404517d402 HTTP/1.1" status: 204 len: 168 time: 0.0498981
2026-05-08 11:32:01.291 10 INFO neutron.db.ovn_revision_numbers_db [None req-4f429eab-1de2-426d-b3ac-e6667dac5ad2 - - - - - -] Successfully bumped revision number for resource 242ce74e-cf50-4e18-b27d-f37b5e34f2e7 (type: router_ports) to 3
2026-05-08 11:32:01.492 10 INFO neutron.db.ovn_revision_numbers_db [None req-4f429eab-1de2-426d-b3ac-e6667dac5ad2 - - - - - -] Successfully bumped revision number for resource 242ce74e-cf50-4e18-b27d-f37b5e34f2e7 (type: ports) to 2
2026-05-08 11:32:01.587 10 INFO neutron.db.ovn_revision_numbers_db [None req-3e89b22b-94df-4c56-9b03-8b7f19f27eed a17837ebabf54c3cb413ecee66d99d65 d274f827089948d3b69039939e6ba83d - - default default] Successfully bumped revision number for resource 73249ba7-c841-47af-b08b-880d8cef5541 (type: ports) to 2
2026-05-08 11:32:01.650 10 INFO neutron.db.ovn_revision_numbers_db [None req-3e89b22b-94df-4c56-9b03-8b7f19f27eed a17837ebabf54c3cb413ecee66d99d65 d274f827089948d3b69039939e6ba83d - - default default] Successfully bumped revision number for resource 7de21c06-0f54-49cd-9e51-0b40a2f8de3c (type: subnets) to 0
2026-05-08 11:32:01.667 10 INFO neutron.wsgi [None req-3e89b22b-94df-4c56-9b03-8b7f19f27eed a17837ebabf54c3cb413ecee66d99d65 d274f827089948d3b69039939e6ba83d - - default default] 10.0.0.11 "POST /v2.0/subnets HTTP/1.1" status: 201 len: 831 time: 0.9506338
2026-05-08 11:32:01.773 10 INFO neutron.db.ovn_revision_numbers_db [None req-4f429eab-1de2-426d-b3ac-e6667dac5ad2 - - - - - -] Successfully bumped revision number for resource 242ce74e-cf50-4e18-b27d-f37b5e34f2e7 (type: ports) to 4
2026-05-08 11:32:01.994 10 INFO neutron.db.ovn_revision_numbers_db [None req-5b189474-f0c7-4360-b804-aef11a5cfbb7 1623486798b54484b4884c4b34ffed68 8217937b2bba4ca09a21a8730bb53868 - - default default] Successfully bumped revision number for resource 04f8de57-8df5-448c-abbe-ebaf01dcc390 (type: security_groups) to 1
2026-05-08 11:32:02.006 10 INFO neutron.db.ovn_revision_numbers_db [None req-4f429eab-1de2-426d-b3ac-e6667dac5ad2 - - - - - -] Successfully bumped revision number for resource 242ce74e-cf50-4e18-b27d-f37b5e34f2e7 (type: router_ports) to 4
2026-05-08 11:32:02.009 10 INFO neutron.db.ovn_revision_numbers_db [None req-5b189474-f0c7-4360-b804-aef11a5cfbb7 1623486798b54484b4884c4b34ffed68 8217937b2bba4ca09a21a8730bb53868 - - default default] Successfully bumped revision number for resource a67ddcca-5761-4d2a-9f54-e1c54bbf161d (type: security_group_rules) to 0
2026-05-08 11:32:02.033 10 INFO neutron.db.ovn_revision_numbers_db [None req-5b189474-f0c7-4360-b804-aef11a5cfbb7 1623486798b54484b4884c4b34ffed68 8217937b2bba4ca09a21a8730bb53868 - - default default] Successfully bumped revision number for resource c7196c3d-b3f1-4791-bfa0-21d81fbf2219 (type: security_group_rules) to 0
2026-05-08 11:32:02.054 10 INFO neutron.db.ovn_revision_numbers_db [None req-5b189474-f0c7-4360-b804-aef11a5cfbb7 1623486798b54484b4884c4b34ffed68 8217937b2bba4ca09a21a8730bb53868 - - default default] Successfully bumped revision number for resource c8617a16-ad99-4c50-bbbf-7b5effa43cc4 (type: security_group_rules) to 0
2026-05-08 11:32:02.067 10 INFO neutron.db.ovn_revision_numbers_db [None req-5b189474-f0c7-4360-b804-aef11a5cfbb7 1623486798b54484b4884c4b34ffed68 8217937b2bba4ca09a21a8730bb53868 - - default default] Successfully bumped revision number for resource ea6a7ac4-10d4-4842-8215-92ecd6501653 (type: security_group_rules) to 0
2026-05-08 11:32:02.091 10 INFO neutron.wsgi [None req-5b189474-f0c7-4360-b804-aef11a5cfbb7 1623486798b54484b4884c4b34ffed68 8217937b2bba4ca09a21a8730bb53868 - - default default] 10.0.0.11 "GET /v2.0/security-groups?tenant_id=55e004cf46834c508f526914046774d1&name=default HTTP/1.1" status: 200 len: 2996 time: 0.3916614
2026-05-08 11:32:02.307 10 INFO neutron.wsgi [None req-3f0c454f-cca0-4bea-ab8c-324cf8852c81 1623486798b54484b4884c4b34ffed68 8217937b2bba4ca09a21a8730bb53868 - - default default] 10.0.0.11 "DELETE /v2.0/security-groups/04f8de57-8df5-448c-abbe-ebaf01dcc390 HTTP/1.1" status: 204 len: 168 time: 0.2096720
2026-05-08 11:32:02.525 10 INFO neutron.wsgi [req-7a9ef29f-6d46-4dbd-8159-830114e75827 req-eb0c9ea2-7959-438c-bf50-ba61d5462581 169aedfc92b94f9f98fad1732f1d959a 6fca4b9c4d614933afd32e420ca6e7af - - default default] 10.0.0.209 "GET /v2.0/ports?device_id=a5355b4a-891a-446e-a80d-51b2aac5381d HTTP/1.1" status: 200 len: 1174 time: 0.0764036
2026-05-08 11:32:02.563 10 INFO neutron.wsgi [req-7a9ef29f-6d46-4dbd-8159-830114e75827 req-f1394e81-0b30-4815-8b92-0e547ea6de82 169aedfc92b94f9f98fad1732f1d959a 6fca4b9c4d614933afd32e420ca6e7af - - default default] 10.0.0.209 "GET /v2.0/security-groups?id=0bd9963a-ddcb-4624-a797-5e0098195c4a&fields=id&fields=name HTTP/1.1" status: 200 len: 313 time: 0.0325911
2026-05-08 11:32:02.565 9 WARNING neutron.scheduler.dhcp_agent_scheduler [None req-9a11ce94-15d1-4ccc-9b2e-8d80581705a8 a17837ebabf54c3cb413ecee66d99d65 d274f827089948d3b69039939e6ba83d - - default default] No more DHCP agents
2026-05-08 11:32:02.570 9 WARNING neutron.api.rpc.agentnotifiers.dhcp_rpc_agent_api [None req-9a11ce94-15d1-4ccc-9b2e-8d80581705a8 a17837ebabf54c3cb413ecee66d99d65 d274f827089948d3b69039939e6ba83d - - default default] Unable to schedule network 80270a07-c81f-41b3-8085-7592a05def1b: no agents available; will retry on subsequent port and subnet creation events.
2026-05-08 11:32:02.585 9 INFO neutron.db.ovn_revision_numbers_db [None req-08e676b2-dcae-4255-a7f7-2416e82b27f6 1623486798b54484b4884c4b34ffed68 8217937b2bba4ca09a21a8730bb53868 - - default default] Successfully bumped revision number for resource a14a4b38-8826-426f-85fd-7f59e03989b2 (type: security_groups) to 1
2026-05-08 11:32:02.603 9 INFO neutron.db.ovn_revision_numbers_db [None req-08e676b2-dcae-4255-a7f7-2416e82b27f6 1623486798b54484b4884c4b34ffed68 8217937b2bba4ca09a21a8730bb53868 - - default default] Successfully bumped revision number for resource 1abcbfcf-9040-4290-8a9c-9351a4ea6ff4 (type: security_group_rules) to 0
2026-05-08 11:32:02.627 9 INFO neutron.db.ovn_revision_numbers_db [None req-08e676b2-dcae-4255-a7f7-2416e82b27f6 1623486798b54484b4884c4b34ffed68 8217937b2bba4ca09a21a8730bb53868 - - default default] Successfully bumped revision number for resource 3ea5bf2f-3eb2-4a39-9ed3-40e366c28be9 (type: security_group_rules) to 0
2026-05-08 11:32:02.643 9 INFO neutron.db.ovn_revision_numbers_db [None req-08e676b2-dcae-4255-a7f7-2416e82b27f6 1623486798b54484b4884c4b34ffed68 8217937b2bba4ca09a21a8730bb53868 - - default default] Successfully bumped revision number for resource 928237e1-d50f-4da8-9e8f-bd9702726a94 (type: security_group_rules) to 0
2026-05-08 11:32:02.667 9 INFO neutron.db.ovn_revision_numbers_db [None req-08e676b2-dcae-4255-a7f7-2416e82b27f6 1623486798b54484b4884c4b34ffed68 8217937b2bba4ca09a21a8730bb53868 - - default default] Successfully bumped revision number for resource cf92e774-ef5c-4929-9f23-902fa03af4cd (type: security_group_rules) to 0
2026-05-08 11:32:02.697 9 INFO neutron.wsgi [None req-08e676b2-dcae-4255-a7f7-2416e82b27f6 1623486798b54484b4884c4b34ffed68 8217937b2bba4ca09a21a8730bb53868 - - default default] 10.0.0.11 "GET /v2.0/security-groups?tenant_id=768f8f98b1ed4d71b413325926ce3920&name=default HTTP/1.1" status: 200 len: 2996 time: 0.2985253
2026-05-08 11:32:02.742 10 INFO neutron.wsgi [req-2d726d26-5b3d-42d8-9852-a8998383b41d req-4a8cd6ae-d905-4e77-b2b3-49e62eb438ab 169aedfc92b94f9f98fad1732f1d959a 6fca4b9c4d614933afd32e420ca6e7af - - default default] 10.0.0.209 "GET /v2.0/ports?device_id=a5355b4a-891a-446e-a80d-51b2aac5381d HTTP/1.1" status: 200 len: 1174 time: 0.0376019
2026-05-08 11:32:02.757 9 INFO neutron.db.ovn_revision_numbers_db [None req-9a11ce94-15d1-4ccc-9b2e-8d80581705a8 a17837ebabf54c3cb413ecee66d99d65 d274f827089948d3b69039939e6ba83d - - default default] Successfully bumped revision number for resource 0065f572-032a-4521-ba44-c545a005e6b8 (type: ports) to 1
2026-05-08 11:32:02.777 10 INFO neutron.wsgi [req-2d726d26-5b3d-42d8-9852-a8998383b41d req-3ff9238b-4fb4-4b55-b942-88a3c53cdd96 169aedfc92b94f9f98fad1732f1d959a 6fca4b9c4d614933afd32e420ca6e7af - - default default] 10.0.0.209 "GET /v2.0/security-groups?id=0bd9963a-ddcb-4624-a797-5e0098195c4a&fields=id&fields=name HTTP/1.1" status: 200 len: 313 time: 0.0304642
2026-05-08 11:32:02.792 9 INFO neutron.plugins.ml2.drivers.ovn.mech_driver.mech_driver [None req-4d3913c3-a771-473b-8a44-72407b31c41f - - - - - -] OVN reports status down for port: 06a6be1c-7630-466a-8b40-84a4783cc375
2026-05-08 11:32:03.018 9 INFO neutron.notifiers.nova [-] Nova event matching ['req-35985763-6c51-40fa-8332-8bba705e126b'] response: {'server_uuid': 'a5355b4a-891a-446e-a80d-51b2aac5381d', 'name': 'network-vif-unplugged', 'status': 'completed', 'tag': '06a6be1c-7630-466a-8b40-84a4783cc375', 'code': 200}
2026-05-08 11:32:03.152 9 INFO neutron.wsgi [None req-37908cd3-dc91-49c8-9632-04a207b5bfa0 1623486798b54484b4884c4b34ffed68 8217937b2bba4ca09a21a8730bb53868 - - default default] 10.0.0.11 "DELETE /v2.0/security-groups/a14a4b38-8826-426f-85fd-7f59e03989b2 HTTP/1.1" status: 204 len: 168 time: 0.4480588
2026-05-08 11:32:03.208 9 INFO neutron.wsgi [req-405e1858-36d2-4ba3-8ff8-cb75998bfe2e req-883efb9f-b62e-4f8d-9d91-89a86c759474 169aedfc92b94f9f98fad1732f1d959a 6fca4b9c4d614933afd32e420ca6e7af - - default default] 199.204.45.109 "GET /v2.0/ports?device_id=a5355b4a-891a-446e-a80d-51b2aac5381d HTTP/1.1" status: 200 len: 1172 time: 0.1542184
2026-05-08 11:32:03.382 9 INFO neutron.db.ovn_revision_numbers_db [None req-4d3913c3-a771-473b-8a44-72407b31c41f - - - - - -] Successfully bumped revision number for resource 06a6be1c-7630-466a-8b40-84a4783cc375 (type: ports) to 7
2026-05-08 11:32:03.617 9 INFO neutron.plugins.ml2.drivers.ovn.mech_driver.mech_driver [None req-4d3913c3-a771-473b-8a44-72407b31c41f - - - - - -] OVN reports status up for port: 0065f572-032a-4521-ba44-c545a005e6b8
2026-05-08 11:32:03.635 9 INFO neutron.plugins.ml2.plugin [None req-4d3913c3-a771-473b-8a44-72407b31c41f - - - - - -] Attempt 1 to provision port 0065f572-032a-4521-ba44-c545a005e6b8
2026-05-08 11:32:03.673 9 INFO neutron.db.ovn_revision_numbers_db [None req-9a11ce94-15d1-4ccc-9b2e-8d80581705a8 a17837ebabf54c3cb413ecee66d99d65 d274f827089948d3b69039939e6ba83d - - default default] Successfully bumped revision number for resource 0065f572-032a-4521-ba44-c545a005e6b8 (type: router_ports) to 1
2026-05-08 11:32:03.683 9 INFO neutron.db.l3_db [req-405e1858-36d2-4ba3-8ff8-cb75998bfe2e req-9d26abd3-40df-4096-924c-b06ce04b2abd 169aedfc92b94f9f98fad1732f1d959a 6fca4b9c4d614933afd32e420ca6e7af - - default default] Floating IP d6dcd1bf-9aee-480a-9dff-b7124ae42649 disassociated. External IP: 10.96.250.204, port: 06a6be1c-7630-466a-8b40-84a4783cc375. /var/lib/openstack/lib/python3.10/site-packages/pycadf/identifier.py:71: UserWarning: Invalid uuid: neutron. To ensure interoperability, identifiers should be a valid uuid. warnings.warn(('Invalid uuid: %s. To ensure interoperability, '
2026-05-08 11:32:03.889 10 INFO neutron.wsgi [req-be73de3d-3930-456d-9802-7d199535314a req-cf6cc8fe-d158-45b4-a94d-4dbe5943e0d7 169aedfc92b94f9f98fad1732f1d959a 6fca4b9c4d614933afd32e420ca6e7af - - default default] 10.0.0.209 "GET /v2.0/ports?device_id=a5355b4a-891a-446e-a80d-51b2aac5381d HTTP/1.1" status: 200 len: 1172 time: 0.0440941
2026-05-08 11:32:03.945 9 INFO neutron.db.ovn_revision_numbers_db [None req-9a11ce94-15d1-4ccc-9b2e-8d80581705a8 a17837ebabf54c3cb413ecee66d99d65 d274f827089948d3b69039939e6ba83d - - default default] Successfully bumped revision number for resource 0065f572-032a-4521-ba44-c545a005e6b8 (type: ports) to 1
2026-05-08 11:32:03.952 10 INFO neutron.wsgi [req-be73de3d-3930-456d-9802-7d199535314a req-9b9d1c2e-7c45-4991-afea-af403b8f907a 169aedfc92b94f9f98fad1732f1d959a 6fca4b9c4d614933afd32e420ca6e7af - - default default] 10.0.0.209 "GET /v2.0/security-groups?id=0bd9963a-ddcb-4624-a797-5e0098195c4a&fields=id&fields=name HTTP/1.1" status: 200 len: 313 time: 0.0546730
2026-05-08 11:32:04.166 9 INFO neutron.wsgi [req-405e1858-36d2-4ba3-8ff8-cb75998bfe2e req-9d26abd3-40df-4096-924c-b06ce04b2abd 169aedfc92b94f9f98fad1732f1d959a 6fca4b9c4d614933afd32e420ca6e7af - - default default] 199.204.45.109 "DELETE /v2.0/ports/06a6be1c-7630-466a-8b40-84a4783cc375 HTTP/1.1" status: 204 len: 173 time: 0.9520917
2026-05-08 11:32:04.248 9 INFO neutron.db.ovn_revision_numbers_db [None req-4d3913c3-a771-473b-8a44-72407b31c41f - - - - - -] Successfully bumped revision number for resource 0065f572-032a-4521-ba44-c545a005e6b8 (type: ports) to 2
2026-05-08 11:32:04.281 9 WARNING neutron.scheduler.dhcp_agent_scheduler [None req-9a11ce94-15d1-4ccc-9b2e-8d80581705a8 a17837ebabf54c3cb413ecee66d99d65 d274f827089948d3b69039939e6ba83d - - default default] No more DHCP agents
2026-05-08 11:32:04.284 9 WARNING neutron.api.rpc.agentnotifiers.dhcp_rpc_agent_api [None req-9a11ce94-15d1-4ccc-9b2e-8d80581705a8 a17837ebabf54c3cb413ecee66d99d65 d274f827089948d3b69039939e6ba83d - - default default] Unable to schedule network 80270a07-c81f-41b3-8085-7592a05def1b: no agents available; will retry on subsequent port and subnet creation events.
2026-05-08 11:32:04.411 9 INFO neutron.db.ovn_revision_numbers_db [None req-4d3913c3-a771-473b-8a44-72407b31c41f - - - - - -] Successfully bumped revision number for resource 0065f572-032a-4521-ba44-c545a005e6b8 (type: router_ports) to 2
2026-05-08 11:32:04.661 9 INFO neutron.db.ovn_revision_numbers_db [None req-9a11ce94-15d1-4ccc-9b2e-8d80581705a8 a17837ebabf54c3cb413ecee66d99d65 d274f827089948d3b69039939e6ba83d - - default default] Successfully bumped revision number for resource 0065f572-032a-4521-ba44-c545a005e6b8 (type: router_ports) to 2
2026-05-08 11:32:04.664 9 INFO neutron.wsgi [None req-9a11ce94-15d1-4ccc-9b2e-8d80581705a8 a17837ebabf54c3cb413ecee66d99d65 d274f827089948d3b69039939e6ba83d - - default default] 10.0.0.11 "PUT /v2.0/routers/2d3f867a-5cca-4c70-8247-2c48b75fd969/add_router_interface HTTP/1.1" status: 200 len: 503 time: 2.9917605 /var/lib/openstack/lib/python3.10/site-packages/pycadf/identifier.py:71: UserWarning: Invalid uuid: neutron. To ensure interoperability, identifiers should be a valid uuid. warnings.warn(('Invalid uuid: %s. To ensure interoperability, '
2026-05-08 11:32:04.733 9 INFO neutron.wsgi [None req-3e9e7f6f-598b-4e44-8037-407791c94035 4ac176d062a7445d91dfb30cf7d5e983 d73575bcb68245ab87b82b3a0d964866 - - default default] 10.0.0.11 "GET /v2.0/networks HTTP/1.1" status: 200 len: 3876 time: 0.0643198
2026-05-08 11:32:04.779 9 INFO neutron.wsgi [None req-fb4f0030-32e6-4771-9af5-18f116e8e4c6 4ac176d062a7445d91dfb30cf7d5e983 d73575bcb68245ab87b82b3a0d964866 - - default default] 10.0.0.11 "GET /v2.0/subnets HTTP/1.1" status: 200 len: 2753 time: 0.0388258
2026-05-08 11:32:04.894 9 INFO neutron.wsgi [None req-c97f5083-5449-4153-8632-1d034a7d1672 4ac176d062a7445d91dfb30cf7d5e983 d73575bcb68245ab87b82b3a0d964866 - - default default] 10.0.0.11 "GET /v2.0/routers HTTP/1.1" status: 200 len: 1554 time: 0.1033230
2026-05-08 11:32:05.055 9 INFO neutron.notifiers.nova [-] Nova event matching ['req-5ff511ef-4a4d-46ae-991d-a7f4683655f7'] response: {'server_uuid': 'a5355b4a-891a-446e-a80d-51b2aac5381d', 'name': 'network-vif-plugged', 'status': 'completed', 'tag': '06a6be1c-7630-466a-8b40-84a4783cc375', 'code': 200}
2026-05-08 11:32:05.055 9 INFO neutron.notifiers.nova [-] Nova event matching ['req-5ff511ef-4a4d-46ae-991d-a7f4683655f7'] response: {'server_uuid': 'a5355b4a-891a-446e-a80d-51b2aac5381d', 'name': 'network-vif-deleted', 'tag': '06a6be1c-7630-466a-8b40-84a4783cc375', 'status': 'completed', 'code': 200}
2026-05-08 11:32:05.128 9 INFO neutron.db.ovn_revision_numbers_db [None req-76cd1882-9839-44e7-85b5-1fccc289981f a17837ebabf54c3cb413ecee66d99d65 d274f827089948d3b69039939e6ba83d - - default default] Successfully bumped revision number for resource 7e47b7f6-f26f-416f-aced-c6513d90fde0 (type: security_groups) to 1
2026-05-08 11:32:05.145 9 INFO neutron.db.ovn_revision_numbers_db [None req-76cd1882-9839-44e7-85b5-1fccc289981f a17837ebabf54c3cb413ecee66d99d65 d274f827089948d3b69039939e6ba83d - - default default] Successfully bumped revision number for resource 283cca94-608b-4b18-a29b-94945f357e83 (type: security_group_rules) to 0
2026-05-08 11:32:05.159 9 INFO neutron.db.ovn_revision_numbers_db [None req-76cd1882-9839-44e7-85b5-1fccc289981f a17837ebabf54c3cb413ecee66d99d65 d274f827089948d3b69039939e6ba83d - - default default] Successfully bumped revision number for resource 81ad1f13-bc1e-4873-8914-71ef4d4438a2 (type: security_group_rules) to 0
2026-05-08 11:32:05.180 9 INFO neutron.wsgi [None req-76cd1882-9839-44e7-85b5-1fccc289981f a17837ebabf54c3cb413ecee66d99d65 d274f827089948d3b69039939e6ba83d - - default default] 10.0.0.11 "POST /v2.0/security-groups HTTP/1.1" status: 201 len: 1811 time: 0.2090940
2026-05-08 11:32:05.184 9 INFO neutron.wsgi [None req-7305b195-c741-4f5f-8bc2-a32fabb91c9e 169aedfc92b94f9f98fad1732f1d959a 6fca4b9c4d614933afd32e420ca6e7af - - default default] 10.0.0.11 "DELETE /v2.0/security-groups/0bd9963a-ddcb-4624-a797-5e0098195c4a HTTP/1.1" status: 204 len: 168 time: 0.1487465
2026-05-08 11:32:05.200 9 INFO neutron.api.v2.resource [None req-0752607e-4edc-4a5b-bc52-cee9014645aa 169aedfc92b94f9f98fad1732f1d959a 6fca4b9c4d614933afd32e420ca6e7af - - default default] show failed (client error): The resource could not be found.
2026-05-08 11:32:05.201 9 INFO neutron.wsgi [None req-0752607e-4edc-4a5b-bc52-cee9014645aa 169aedfc92b94f9f98fad1732f1d959a 6fca4b9c4d614933afd32e420ca6e7af - - default default] 10.0.0.11 "GET /v2.0/security-groups/0bd9963a-ddcb-4624-a797-5e0098195c4a HTTP/1.1" status: 404 len: 347 time: 0.0118086
2026-05-08 11:32:05.302 10 INFO neutron.db.ovn_revision_numbers_db [None req-224317f3-12eb-440a-bd9f-34c580a3bc76 a17837ebabf54c3cb413ecee66d99d65 d274f827089948d3b69039939e6ba83d - - default default] Successfully bumped revision number for resource dfe9076b-f9dd-4e73-b6d3-99fb9f73cc2b (type: security_group_rules) to 0
2026-05-08 11:32:05.330 10 INFO neutron.wsgi [None req-224317f3-12eb-440a-bd9f-34c580a3bc76 a17837ebabf54c3cb413ecee66d99d65 d274f827089948d3b69039939e6ba83d - - default default] 10.0.0.11 "POST /v2.0/security-group-rules HTTP/1.1" status: 201 len: 764 time: 0.1458280
2026-05-08 11:32:05.457 10 INFO neutron.db.ovn_revision_numbers_db [None req-dbc44a8c-6319-4285-92ab-5500843bccb7 a17837ebabf54c3cb413ecee66d99d65 d274f827089948d3b69039939e6ba83d - - default default] Successfully bumped revision number for resource 71085059-edff-4e49-90c0-741fe1417a9d (type: security_group_rules) to 0
2026-05-08 11:32:05.485 10 INFO neutron.wsgi [None req-dbc44a8c-6319-4285-92ab-5500843bccb7 a17837ebabf54c3cb413ecee66d99d65 d274f827089948d3b69039939e6ba83d - - default default] 10.0.0.11 "POST /v2.0/security-group-rules HTTP/1.1" status: 201 len: 763 time: 0.1513474
2026-05-08 11:32:05.598 9 INFO neutron.wsgi [None req-91194249-a641-4295-8a7f-5a23b4d3a8f2 169aedfc92b94f9f98fad1732f1d959a 6fca4b9c4d614933afd32e420ca6e7af - - default default] 10.0.0.11 "DELETE /v2.0/floatingips/d6dcd1bf-9aee-480a-9dff-b7124ae42649 HTTP/1.1" status: 204 len: 168 time: 0.3936524
2026-05-08 11:32:05.651 9 INFO neutron.db.ovn_revision_numbers_db [None req-010bd7af-3fda-4190-ae98-125037de3f79 a17837ebabf54c3cb413ecee66d99d65 d274f827089948d3b69039939e6ba83d - - default default] Successfully bumped revision number for resource cf34e848-6c91-441f-bce8-50a5a35d4657 (type: security_group_rules) to 0
2026-05-08 11:32:05.678 9 INFO neutron.wsgi [None req-010bd7af-3fda-4190-ae98-125037de3f79 a17837ebabf54c3cb413ecee66d99d65 d274f827089948d3b69039939e6ba83d - - default default] 10.0.0.11 "POST /v2.0/security-group-rules HTTP/1.1" status: 201 len: 769 time: 0.1872873
2026-05-08 11:32:05.791 9 INFO neutron.db.ovn_revision_numbers_db [None req-e40c5452-bc9c-4059-abb2-99a75163f7e5 a17837ebabf54c3cb413ecee66d99d65 d274f827089948d3b69039939e6ba83d - - default default] Successfully bumped revision number for resource b83f57eb-4155-4e0c-b9fc-184a8de2ca06 (type: security_group_rules) to 0
2026-05-08 11:32:05.815 9 INFO neutron.wsgi [None req-e40c5452-bc9c-4059-abb2-99a75163f7e5 a17837ebabf54c3cb413ecee66d99d65 d274f827089948d3b69039939e6ba83d - - default default] 10.0.0.11 "POST /v2.0/security-group-rules HTTP/1.1" status: 201 len: 768 time: 0.1323247
2026-05-08 11:32:05.844 9 INFO neutron.db.securitygroups_db [None req-be2498a1-4bbe-4cf5-9a27-bc6b3fb4a9f0 a17837ebabf54c3cb413ecee66d99d65 d274f827089948d3b69039939e6ba83d - - default default] Project d274f827089948d3b69039939e6ba83d added a security group rule with legacy IPv6 ICMP protocol name icmp, ipv6-icmp should be used instead. It was automatically converted.
2026-05-08 11:32:05.934 9 INFO neutron.db.ovn_revision_numbers_db [None req-be2498a1-4bbe-4cf5-9a27-bc6b3fb4a9f0 a17837ebabf54c3cb413ecee66d99d65 d274f827089948d3b69039939e6ba83d - - default default] Successfully bumped revision number for resource ce174c29-e703-4526-a5d4-7b3becf43e44 (type: security_group_rules) to 0
2026-05-08 11:32:05.957 9 INFO neutron.wsgi [None req-be2498a1-4bbe-4cf5-9a27-bc6b3fb4a9f0 a17837ebabf54c3cb413ecee66d99d65 d274f827089948d3b69039939e6ba83d - - default default] 10.0.0.11 "POST /v2.0/security-group-rules HTTP/1.1" status: 201 len: 774 time: 0.1360059
2026-05-08 11:32:05.988 9 INFO neutron.db.securitygroups_db [None req-06ea131d-c004-490b-95fe-f05f685d19a3 a17837ebabf54c3cb413ecee66d99d65 d274f827089948d3b69039939e6ba83d - - default default] Project d274f827089948d3b69039939e6ba83d added a security group rule with legacy IPv6 ICMP protocol name icmp, ipv6-icmp should be used instead. It was automatically converted.
2026-05-08 11:32:06.148 9 INFO neutron.db.ovn_revision_numbers_db [None req-06ea131d-c004-490b-95fe-f05f685d19a3 a17837ebabf54c3cb413ecee66d99d65 d274f827089948d3b69039939e6ba83d - - default default] Successfully bumped revision number for resource 2121236a-7b4b-416a-99d3-eb4b6c057fec (type: security_group_rules) to 0
2026-05-08 11:32:06.179 9 INFO neutron.wsgi [None req-06ea131d-c004-490b-95fe-f05f685d19a3 a17837ebabf54c3cb413ecee66d99d65 d274f827089948d3b69039939e6ba83d - - default default] 10.0.0.11 "POST /v2.0/security-group-rules HTTP/1.1" status: 201 len: 773 time: 0.2172661
2026-05-08 11:32:06.694 9 INFO neutron.db.ovn_revision_numbers_db [None req-3799124e-6277-4ca7-a7cf-fd618c13bffa b2a817978da545b79128b1f46c0f22fd 6c905e5405cd4dc889d4597c3fef61a6 - - default default] Successfully bumped revision number for resource 7f4ee2a4-ff29-4b0e-964b-636d7f10af7c (type: routers) to 1
2026-05-08 11:32:06.711 9 INFO neutron.wsgi [None req-3799124e-6277-4ca7-a7cf-fd618c13bffa b2a817978da545b79128b1f46c0f22fd 6c905e5405cd4dc889d4597c3fef61a6 - - default default] 10.0.0.11 "POST /v2.0/routers HTTP/1.1" status: 201 len: 654 time: 0.2962239
2026-05-08 11:32:06.743 10 INFO neutron.wsgi [None req-e0088ddf-e60d-4021-9fb2-7f592472fd00 a17837ebabf54c3cb413ecee66d99d65 d274f827089948d3b69039939e6ba83d - - default default] 10.0.0.11 "GET /v2.0/networks HTTP/1.1" status: 200 len: 1493 time: 0.2069898
2026-05-08 11:32:06.764 9 INFO neutron.wsgi [None req-5855c4a7-64fe-46a0-92bc-3638922b8d5f b2a817978da545b79128b1f46c0f22fd 6c905e5405cd4dc889d4597c3fef61a6 - - default default] 10.0.0.11 "PUT /v2.0/routers/7f4ee2a4-ff29-4b0e-964b-636d7f10af7c/tags HTTP/1.1" status: 200 len: 218 time: 0.0468090
2026-05-08 11:32:06.810 9 INFO neutron.wsgi [None req-d5c06604-6aa9-47e9-af75-9ffb5322187f b2a817978da545b79128b1f46c0f22fd 6c905e5405cd4dc889d4597c3fef61a6 - - default default] 10.0.0.11 "GET /v2.0/routers/7f4ee2a4-ff29-4b0e-964b-636d7f10af7c/tags HTTP/1.1" status: 200 len: 218 time: 0.0395133
2026-05-08 11:32:06.847 9 INFO neutron.wsgi [req-c05345cb-a730-4ca5-8e88-a91d7bf01a6e req-df2b0ceb-2363-4bf7-8908-1b00bbcbc45d a17837ebabf54c3cb413ecee66d99d65 d274f827089948d3b69039939e6ba83d - - default default] 10.0.0.209 "GET /v2.0/security-groups?name=tempest-secgroup-smoke-1153330257&fields=id&tenant_id=d274f827089948d3b69039939e6ba83d HTTP/1.1" status: 200 len: 267 time: 0.0319664
2026-05-08 11:32:06.921 10 INFO neutron.wsgi [None req-563e94ff-f4c5-4af5-9204-251d4b4d2993 b2a817978da545b79128b1f46c0f22fd 6c905e5405cd4dc889d4597c3fef61a6 - - default default] 10.0.0.11 "PUT /v2.0/routers/7f4ee2a4-ff29-4b0e-964b-636d7f10af7c/tags/green HTTP/1.1" status: 201 len: 201 time: 0.1046188
2026-05-08 11:32:06.995 9 INFO neutron.wsgi [req-c05345cb-a730-4ca5-8e88-a91d7bf01a6e req-7bce04ae-232a-4b00-b446-ee2dcd2279c9 a17837ebabf54c3cb413ecee66d99d65 d274f827089948d3b69039939e6ba83d - - default default] 10.0.0.209 "GET /v2.0/networks?id=80270a07-c81f-41b3-8085-7592a05def1b HTTP/1.1" status: 200 len: 860 time: 0.1395206
2026-05-08 11:32:06.996 9 INFO neutron.wsgi [None req-17af0d0a-013d-4d6b-b9e3-bf2431a4fdde b2a817978da545b79128b1f46c0f22fd 6c905e5405cd4dc889d4597c3fef61a6 - - default default] 10.0.0.11 "GET /v2.0/routers/7f4ee2a4-ff29-4b0e-964b-636d7f10af7c/tags HTTP/1.1" status: 200 len: 227 time: 0.0718811
2026-05-08 11:32:07.028 9 INFO neutron.wsgi [req-c05345cb-a730-4ca5-8e88-a91d7bf01a6e req-873a16e8-848f-4135-8f2d-225fe7281fa9 a17837ebabf54c3cb413ecee66d99d65 d274f827089948d3b69039939e6ba83d - - default default] 10.0.0.209 "GET /v2.0/quotas/d274f827089948d3b69039939e6ba83d HTTP/1.1" status: 200 len: 386 time: 0.0221338
2026-05-08 11:32:07.043 10 INFO neutron.wsgi [None req-fadd4437-e458-473e-acec-ca16d56d1c14 1623486798b54484b4884c4b34ffed68 8217937b2bba4ca09a21a8730bb53868 - - default default] 10.0.0.11 "PUT /v2.0/routers/d121e09a-c3d6-4b07-8d08-6fa317b75543/remove_router_interface HTTP/1.1" status: 200 len: 503 time: 1.4363961 /var/lib/openstack/lib/python3.10/site-packages/pycadf/identifier.py:71: UserWarning: Invalid uuid: neutron. To ensure interoperability, identifiers should be a valid uuid. warnings.warn(('Invalid uuid: %s. To ensure interoperability, '
2026-05-08 11:32:07.058 9 INFO neutron.wsgi [None req-acaf380f-d219-444b-b93c-cb884a6e7ce9 b2a817978da545b79128b1f46c0f22fd 6c905e5405cd4dc889d4597c3fef61a6 - - default default] 10.0.0.11 "PUT /v2.0/routers/7f4ee2a4-ff29-4b0e-964b-636d7f10af7c/tags/red HTTP/1.1" status: 201 len: 201 time: 0.0568852
2026-05-08 11:32:07.120 9 INFO neutron.wsgi [None req-da695ca9-057f-44de-8d7d-89b21d0f3e7e b2a817978da545b79128b1f46c0f22fd 6c905e5405cd4dc889d4597c3fef61a6 - - default default] 10.0.0.11 "GET /v2.0/routers/7f4ee2a4-ff29-4b0e-964b-636d7f10af7c/tags HTTP/1.1" status: 200 len: 227 time: 0.0528700
2026-05-08 11:32:07.154 9 INFO neutron.wsgi [req-c05345cb-a730-4ca5-8e88-a91d7bf01a6e req-433a669d-bcd8-4412-bd8f-7e8072e18ef0 a17837ebabf54c3cb413ecee66d99d65 d274f827089948d3b69039939e6ba83d - - default default] 10.0.0.209 "GET /v2.0/ports?tenant_id=d274f827089948d3b69039939e6ba83d&fields=id HTTP/1.1" status: 200 len: 302 time: 0.1074033
2026-05-08 11:32:07.196 10 INFO neutron.wsgi [None req-498940f0-5889-4b8f-b754-11e02622ab13 b2a817978da545b79128b1f46c0f22fd 6c905e5405cd4dc889d4597c3fef61a6 - - default default] 10.0.0.11 "PUT /v2.0/routers/7f4ee2a4-ff29-4b0e-964b-636d7f10af7c/tags/black.or.white HTTP/1.1" status: 201 len: 201 time: 0.0717399
2026-05-08 11:32:07.255 9 INFO neutron.wsgi [None req-1154b34b-bae8-4588-8b99-2f34f252a8e5 b2a817978da545b79128b1f46c0f22fd 6c905e5405cd4dc889d4597c3fef61a6 - - default default] 10.0.0.11 "GET /v2.0/routers/7f4ee2a4-ff29-4b0e-964b-636d7f10af7c/tags HTTP/1.1" status: 200 len: 245 time: 0.0520077
2026-05-08 11:32:07.257 9 INFO neutron.wsgi [req-c05345cb-a730-4ca5-8e88-a91d7bf01a6e req-8c626a80-62b1-49fa-99d3-0406d9b1d759 c1a14eb363e64671aa12c13814dcf998 6a319067e6d348fe8ed0bd50f117f34d - - 9a3c083474a74e18aa24764183a01c97 9a3c083474a74e18aa24764183a01c97] 10.0.0.209 "GET /v2.0/networks/80270a07-c81f-41b3-8085-7592a05def1b?fields=segments HTTP/1.1" status: 200 len: 212 time: 0.0892961
2026-05-08 11:32:07.337 9 INFO neutron.wsgi [None req-c6658656-7927-4653-9ff4-3dfbb5080ebc b2a817978da545b79128b1f46c0f22fd 6c905e5405cd4dc889d4597c3fef61a6 - - default default] 10.0.0.11 "PUT /v2.0/routers/7f4ee2a4-ff29-4b0e-964b-636d7f10af7c/tags HTTP/1.1" status: 200 len: 230 time: 0.0780799
2026-05-08 11:32:07.375 9 INFO neutron.wsgi [req-c05345cb-a730-4ca5-8e88-a91d7bf01a6e req-bacb9732-00d8-4dc5-a5bb-b9b249e6c1fb c1a14eb363e64671aa12c13814dcf998 6a319067e6d348fe8ed0bd50f117f34d - - 9a3c083474a74e18aa24764183a01c97 9a3c083474a74e18aa24764183a01c97] 10.0.0.209 "GET /v2.0/networks/80270a07-c81f-41b3-8085-7592a05def1b?fields=provider%3Aphysical_network&fields=provider%3Anetwork_type HTTP/1.1" status: 200 len: 277 time: 0.0971370
2026-05-08 11:32:07.556 10 INFO neutron.wsgi [req-d9bdf392-cbcd-4aa4-95b8-ff1295b901f4 req-dcf8e2b2-4d38-4e90-9622-e5e4516aae7c a17837ebabf54c3cb413ecee66d99d65 d274f827089948d3b69039939e6ba83d - - default default] 10.0.0.209 "GET /v2.0/ports?device_id=eebba711-7ec6-45e4-b505-e229dabce000 HTTP/1.1" status: 200 len: 210 time: 0.0198841
2026-05-08 11:32:07.599 9 INFO neutron.wsgi [None req-435718d0-8b01-4a60-a118-708ce92f69c8 b2a817978da545b79128b1f46c0f22fd 6c905e5405cd4dc889d4597c3fef61a6 - - default default] 10.0.0.11 "GET /v2.0/routers/7f4ee2a4-ff29-4b0e-964b-636d7f10af7c/tags HTTP/1.1" status: 200 len: 230 time: 0.2573617
2026-05-08 11:32:07.652 9 INFO neutron.wsgi [None req-74b789bd-1b7e-401c-b484-10e70115a059 b2a817978da545b79128b1f46c0f22fd 6c905e5405cd4dc889d4597c3fef61a6 - - default default] 10.0.0.11 "GET /v2.0/routers/7f4ee2a4-ff29-4b0e-964b-636d7f10af7c/tags/red HTTP/1.1" status: 204 len: 168 time: 0.0484526
2026-05-08 11:32:07.667 10 INFO neutron.wsgi [None req-5513405f-b14a-487a-8183-fcd838afe054 1623486798b54484b4884c4b34ffed68 8217937b2bba4ca09a21a8730bb53868 - - default default] 10.0.0.11 "DELETE /v2.0/routers/d121e09a-c3d6-4b07-8d08-6fa317b75543 HTTP/1.1" status: 204 len: 168 time: 0.6186879
2026-05-08 11:32:07.695 9 INFO neutron.api.v2.resource [None req-de7fc07e-cd8e-48ea-a024-2e57cfa3625a b2a817978da545b79128b1f46c0f22fd 6c905e5405cd4dc889d4597c3fef61a6 - - default default] show failed (client error): The resource could not be found.
2026-05-08 11:32:07.696 9 INFO neutron.wsgi [None req-de7fc07e-cd8e-48ea-a024-2e57cfa3625a b2a817978da545b79128b1f46c0f22fd 6c905e5405cd4dc889d4597c3fef61a6 - - default default] 10.0.0.11 "GET /v2.0/routers/7f4ee2a4-ff29-4b0e-964b-636d7f10af7c/tags/green HTTP/1.1" status: 404 len: 299 time: 0.0391297
2026-05-08 11:32:07.750 9 INFO neutron.wsgi [None req-adf292dd-8ffa-4cd1-8e51-753c7fc17949 b2a817978da545b79128b1f46c0f22fd 6c905e5405cd4dc889d4597c3fef61a6 - - default default] 10.0.0.11 "DELETE /v2.0/routers/7f4ee2a4-ff29-4b0e-964b-636d7f10af7c/tags/red HTTP/1.1" status: 204 len: 168 time: 0.0492342
2026-05-08 11:32:07.798 9 INFO neutron.wsgi [None req-57b64f76-1231-432e-a051-5f13649f7522 b2a817978da545b79128b1f46c0f22fd 6c905e5405cd4dc889d4597c3fef61a6 - - default default] 10.0.0.11 "GET /v2.0/routers/7f4ee2a4-ff29-4b0e-964b-636d7f10af7c/tags HTTP/1.1" status: 200 len: 223 time: 0.0423965
2026-05-08 11:32:07.849 9 INFO neutron.api.v2.resource [None req-e8e5747c-21b8-4dcf-b2d4-39acdef36592 b2a817978da545b79128b1f46c0f22fd 6c905e5405cd4dc889d4597c3fef61a6 - - default default] delete failed (client error): The resource could not be found.
2026-05-08 11:32:07.850 9 INFO neutron.wsgi [None req-e8e5747c-21b8-4dcf-b2d4-39acdef36592 b2a817978da545b79128b1f46c0f22fd 6c905e5405cd4dc889d4597c3fef61a6 - - default default] 10.0.0.11 "DELETE /v2.0/routers/7f4ee2a4-ff29-4b0e-964b-636d7f10af7c/tags/green HTTP/1.1" status: 404 len: 299 time: 0.0485499
2026-05-08 11:32:07.883 10 INFO neutron.wsgi [None req-ccd938ef-63f6-490e-84f4-4e3d0bf25fe1 1623486798b54484b4884c4b34ffed68 8217937b2bba4ca09a21a8730bb53868 - - default default] 10.0.0.11 "DELETE /v2.0/subnets/cf2f6b46-213f-4842-a8f3-8267ee85495e HTTP/1.1" status: 204 len: 168 time: 0.2094808
2026-05-08 11:32:07.907 9 INFO neutron.wsgi [None req-966955ef-df6c-46aa-969f-d879acb926d1 b2a817978da545b79128b1f46c0f22fd 6c905e5405cd4dc889d4597c3fef61a6 - - default default] 10.0.0.11 "DELETE /v2.0/routers/7f4ee2a4-ff29-4b0e-964b-636d7f10af7c/tags HTTP/1.1" status: 204 len: 168 time: 0.0520334
2026-05-08 11:32:07.964 9 INFO neutron.wsgi [None req-14b7e8b3-0f9b-4495-8bb7-31386ed95b1c b2a817978da545b79128b1f46c0f22fd 6c905e5405cd4dc889d4597c3fef61a6 - - default default] 10.0.0.11 "GET /v2.0/routers/7f4ee2a4-ff29-4b0e-964b-636d7f10af7c/tags HTTP/1.1" status: 200 len: 205 time: 0.0520101
2026-05-08 11:32:08.018 9 INFO neutron.wsgi [None req-b0a2c0f8-cca1-4468-b440-f2724d471ad1 b2a817978da545b79128b1f46c0f22fd 6c905e5405cd4dc889d4597c3fef61a6 - - default default] 10.0.0.11 "GET /v2.0/routers/7f4ee2a4-ff29-4b0e-964b-636d7f10af7c HTTP/1.1" status: 200 len: 655 time: 0.0476055
2026-05-08 11:32:08.271 9 INFO neutron.wsgi [req-c05345cb-a730-4ca5-8e88-a91d7bf01a6e req-bf2f0d38-2085-469d-bedd-488ad87dc19f a17837ebabf54c3cb413ecee66d99d65 d274f827089948d3b69039939e6ba83d - - default default] 199.204.45.109 "GET /v2.0/networks?id=80270a07-c81f-41b3-8085-7592a05def1b HTTP/1.1" status: 200 len: 860 time: 0.0577483
2026-05-08 11:32:08.326 9 INFO neutron.wsgi [req-c05345cb-a730-4ca5-8e88-a91d7bf01a6e req-5723e685-523e-4993-9961-0c36cd2cacb5 a17837ebabf54c3cb413ecee66d99d65 d274f827089948d3b69039939e6ba83d - - default default] 199.204.45.109 "GET /v2.0/security-groups?fields=id&fields=name&tenant_id=d274f827089948d3b69039939e6ba83d HTTP/1.1" status: 200 len: 380 time: 0.0476573
2026-05-08 11:32:08.377 10 INFO neutron.services.segments.plugin [-] Segment 88725fd2-9461-4601-8827-f010d003255a resource provider aggregate not found
2026-05-08 11:32:08.382 10 INFO neutron.services.segments.plugin [-] Segment 88725fd2-9461-4601-8827-f010d003255a resource provider aggregate not found
2026-05-08 11:32:08.406 10 INFO neutron.services.segments.plugin [-] Segment 88725fd2-9461-4601-8827-f010d003255a resource provider not found; error: Placement Client Error (4xx): {"errors": [{"status": 404, "title": "Not Found", "detail": "The resource could not be found.\n\n No resource provider with uuid 88725fd2-9461-4601-8827-f010d003255a found for delete ", "request_id": "req-29bd011c-a114-42d4-a4d2-a65b0fbdcc9a"}]}
2026-05-08 11:32:08.409 10 INFO neutron.services.segments.plugin [-] Segment 88725fd2-9461-4601-8827-f010d003255a resource provider not found; error: Placement Client Error (4xx): {"errors": [{"status": 404, "title": "Not Found", "detail": "The resource could not be found.\n\n No resource provider with uuid 88725fd2-9461-4601-8827-f010d003255a found for delete ", "request_id": "req-484c0cbf-ed67-4714-a6b4-5673d0f9e655"}]}
2026-05-08 11:32:08.438 10 INFO neutron.wsgi [None req-d7822f9f-b941-4e21-a3f0-19ba88bc3e4d 1623486798b54484b4884c4b34ffed68 8217937b2bba4ca09a21a8730bb53868 - - default default] 10.0.0.11 "DELETE /v2.0/networks/800917f6-f380-43a4-900a-664e41c9a88a HTTP/1.1" status: 204 len: 168 time: 0.5499017
2026-05-08 11:32:08.516 10 INFO neutron.db.ovn_revision_numbers_db [None req-e10abdd5-7806-48b1-b77d-78e1bee2b145 b2a817978da545b79128b1f46c0f22fd 6c905e5405cd4dc889d4597c3fef61a6 - - default default] Successfully bumped revision number for resource 7f4ee2a4-ff29-4b0e-964b-636d7f10af7c (type: routers) to 7
2026-05-08 11:32:08.519 10 INFO neutron.wsgi [None req-e10abdd5-7806-48b1-b77d-78e1bee2b145 b2a817978da545b79128b1f46c0f22fd 6c905e5405cd4dc889d4597c3fef61a6 - - default default] 10.0.0.11 "PUT /v2.0/routers/7f4ee2a4-ff29-4b0e-964b-636d7f10af7c HTTP/1.1" status: 200 len: 655 time: 0.4937272
2026-05-08 11:32:08.548 10 INFO neutron.wsgi [None req-b44d51ae-2c45-432c-809e-147b812879cf b2a817978da545b79128b1f46c0f22fd 6c905e5405cd4dc889d4597c3fef61a6 - - default default] 10.0.0.11 "GET /v2.0/ports?device_id=7f4ee2a4-ff29-4b0e-964b-636d7f10af7c HTTP/1.1" status: 200 len: 205 time: 0.0215003 /var/lib/openstack/lib/python3.10/site-packages/pycadf/identifier.py:71: UserWarning: Invalid uuid: neutron. To ensure interoperability, identifiers should be a valid uuid. warnings.warn(('Invalid uuid: %s. To ensure interoperability, '
2026-05-08 11:32:08.672 9 WARNING neutron.scheduler.dhcp_agent_scheduler [req-c05345cb-a730-4ca5-8e88-a91d7bf01a6e req-729af9f1-9ec8-4a8f-b3b6-8d935089628d a17837ebabf54c3cb413ecee66d99d65 d274f827089948d3b69039939e6ba83d - - default default] No more DHCP agents
2026-05-08 11:32:08.677 9 INFO neutron.wsgi [req-beca0379-c8ad-4f50-82b1-a549e03898c9 req-7af498e8-b049-4ab9-977b-0b53f90cea7d a17837ebabf54c3cb413ecee66d99d65 d274f827089948d3b69039939e6ba83d - - default default] 10.0.0.209 "GET /v2.0/ports?device_id=eebba711-7ec6-45e4-b505-e229dabce000 HTTP/1.1" status: 200 len: 1160 time: 0.0463724
2026-05-08 11:32:08.679 9 WARNING neutron.api.rpc.agentnotifiers.dhcp_rpc_agent_api [req-c05345cb-a730-4ca5-8e88-a91d7bf01a6e req-729af9f1-9ec8-4a8f-b3b6-8d935089628d a17837ebabf54c3cb413ecee66d99d65 d274f827089948d3b69039939e6ba83d - - default default] Unable to schedule network 80270a07-c81f-41b3-8085-7592a05def1b: no agents available; will retry on subsequent port and subnet creation events. /var/lib/openstack/lib/python3.10/site-packages/pycadf/identifier.py:71: UserWarning: Invalid uuid: neutron. To ensure interoperability, identifiers should be a valid uuid. warnings.warn(('Invalid uuid: %s. To ensure interoperability, '
2026-05-08 11:32:08.737 9 INFO neutron.wsgi [req-beca0379-c8ad-4f50-82b1-a549e03898c9 req-3092347f-a0b6-4ba4-946a-4d60d2cdba6d a17837ebabf54c3cb413ecee66d99d65 d274f827089948d3b69039939e6ba83d - - default default] 10.0.0.209 "GET /v2.0/security-groups?id=7e47b7f6-f26f-416f-aced-c6513d90fde0&fields=id&fields=name HTTP/1.1" status: 200 len: 313 time: 0.0453432
2026-05-08 11:32:08.840 9 INFO neutron.db.ovn_revision_numbers_db [req-c05345cb-a730-4ca5-8e88-a91d7bf01a6e req-729af9f1-9ec8-4a8f-b3b6-8d935089628d a17837ebabf54c3cb413ecee66d99d65 d274f827089948d3b69039939e6ba83d - - default default] Successfully bumped revision number for resource 9b4f3c72-e0c3-4be9-96bf-b39e6f2af449 (type: ports) to 1
2026-05-08 11:32:08.862 9 INFO neutron.wsgi [req-c05345cb-a730-4ca5-8e88-a91d7bf01a6e req-729af9f1-9ec8-4a8f-b3b6-8d935089628d a17837ebabf54c3cb413ecee66d99d65 d274f827089948d3b69039939e6ba83d - - default default] 199.204.45.109 "POST /v2.0/ports HTTP/1.1" status: 201 len: 1162 time: 0.5276337
2026-05-08 11:32:08.915 10 INFO neutron.wsgi [None req-a84d3bc4-60fd-4c01-9fd2-e41f4a6f9b85 1623486798b54484b4884c4b34ffed68 8217937b2bba4ca09a21a8730bb53868 - - default default] 10.0.0.11 "GET /v2.0/security-groups?tenant_id=6fca4b9c4d614933afd32e420ca6e7af&name=default HTTP/1.1" status: 200 len: 2996 time: 0.2997522
2026-05-08 11:32:09.023 10 INFO neutron.wsgi [None req-89da39f7-e5ff-4f49-860d-d1ab4e178105 b2a817978da545b79128b1f46c0f22fd 6c905e5405cd4dc889d4597c3fef61a6 - - default default] 10.0.0.11 "DELETE /v2.0/routers/7f4ee2a4-ff29-4b0e-964b-636d7f10af7c HTTP/1.1" status: 204 len: 168 time: 0.4700949
2026-05-08 11:32:09.150 10 INFO neutron.wsgi [None req-e4f16957-883f-4744-8360-da718eb7b22d 1623486798b54484b4884c4b34ffed68 8217937b2bba4ca09a21a8730bb53868 - - default default] 10.0.0.11 "DELETE /v2.0/security-groups/f62a6734-272d-4e88-ab37-d560f6bdff34 HTTP/1.1" status: 204 len: 168 time: 0.2297730
2026-05-08 11:32:09.263 9 INFO neutron.db.ovn_revision_numbers_db [req-c05345cb-a730-4ca5-8e88-a91d7bf01a6e req-bfd2a3bb-3036-474e-98ed-5fa92b4dc573 c1a14eb363e64671aa12c13814dcf998 6a319067e6d348fe8ed0bd50f117f34d - - 9a3c083474a74e18aa24764183a01c97 9a3c083474a74e18aa24764183a01c97] Successfully bumped revision number for resource 9b4f3c72-e0c3-4be9-96bf-b39e6f2af449 (type: ports) to 2
2026-05-08 11:32:09.457 9 INFO neutron.db.ovn_revision_numbers_db [req-c05345cb-a730-4ca5-8e88-a91d7bf01a6e req-bfd2a3bb-3036-474e-98ed-5fa92b4dc573 c1a14eb363e64671aa12c13814dcf998 6a319067e6d348fe8ed0bd50f117f34d - - 9a3c083474a74e18aa24764183a01c97 9a3c083474a74e18aa24764183a01c97] Successfully bumped revision number for resource 9b4f3c72-e0c3-4be9-96bf-b39e6f2af449 (type: ports) to 2
2026-05-08 11:32:09.476 9 INFO neutron.wsgi [req-c05345cb-a730-4ca5-8e88-a91d7bf01a6e req-bfd2a3bb-3036-474e-98ed-5fa92b4dc573 c1a14eb363e64671aa12c13814dcf998 6a319067e6d348fe8ed0bd50f117f34d - - 9a3c083474a74e18aa24764183a01c97 9a3c083474a74e18aa24764183a01c97] 199.204.45.109 "PUT /v2.0/ports/9b4f3c72-e0c3-4be9-96bf-b39e6f2af449 HTTP/1.1" status: 200 len: 1380 time: 0.6057527
2026-05-08 11:32:09.511 9 INFO neutron.notifiers.nova [-] Nova event matching ['req-bf7a2f7d-c686-4523-8e70-00a7032826bc'] response: {'name': 'network-changed', 'server_uuid': 'eebba711-7ec6-45e4-b505-e229dabce000', 'tag': '9b4f3c72-e0c3-4be9-96bf-b39e6f2af449', 'status': 'completed', 'code': 200} /var/lib/openstack/lib/python3.10/site-packages/pycadf/identifier.py:71: UserWarning: Invalid uuid: neutron. To ensure interoperability, identifiers should be a valid uuid. warnings.warn(('Invalid uuid: %s. To ensure interoperability, '
2026-05-08 11:32:09.541 9 INFO neutron.wsgi [req-c05345cb-a730-4ca5-8e88-a91d7bf01a6e req-26a5c4f3-79c6-4c17-b0dc-dfa82b1bf6aa c1a14eb363e64671aa12c13814dcf998 6a319067e6d348fe8ed0bd50f117f34d - - 9a3c083474a74e18aa24764183a01c97 9a3c083474a74e18aa24764183a01c97] 199.204.45.109 "GET /v2.0/ports?tenant_id=d274f827089948d3b69039939e6ba83d&device_id=eebba711-7ec6-45e4-b505-e229dabce000 HTTP/1.1" status: 200 len: 1411 time: 0.0348802
2026-05-08 11:32:09.574 9 INFO neutron.wsgi [req-c05345cb-a730-4ca5-8e88-a91d7bf01a6e req-7de1f7cd-fda9-40bd-a3cd-916f4909f149 c1a14eb363e64671aa12c13814dcf998 6a319067e6d348fe8ed0bd50f117f34d - - 9a3c083474a74e18aa24764183a01c97 9a3c083474a74e18aa24764183a01c97] 199.204.45.109 "GET /v2.0/floatingips?fixed_ip_address=10.100.0.10&port_id=9b4f3c72-e0c3-4be9-96bf-b39e6f2af449 HTTP/1.1" status: 200 len: 217 time: 0.0232089
2026-05-08 11:32:09.610 9 INFO neutron.wsgi [req-c05345cb-a730-4ca5-8e88-a91d7bf01a6e req-51ae310e-6b54-4d5a-9ef7-9daf49671ac5 c1a14eb363e64671aa12c13814dcf998 6a319067e6d348fe8ed0bd50f117f34d - - 9a3c083474a74e18aa24764183a01c97 9a3c083474a74e18aa24764183a01c97] 199.204.45.109 "GET /v2.0/subnets?id=7de21c06-0f54-49cd-9e51-0b40a2f8de3c HTTP/1.1" status: 200 len: 852 time: 0.0326700
2026-05-08 11:32:09.632 9 INFO neutron.wsgi [req-c05345cb-a730-4ca5-8e88-a91d7bf01a6e req-7eb18fb7-4e43-4646-a758-852d401ee634 c1a14eb363e64671aa12c13814dcf998 6a319067e6d348fe8ed0bd50f117f34d - - 9a3c083474a74e18aa24764183a01c97 9a3c083474a74e18aa24764183a01c97] 199.204.45.109 "GET /v2.0/ports?network_id=80270a07-c81f-41b3-8085-7592a05def1b&device_owner=network%3Adhcp HTTP/1.1" status: 200 len: 210 time: 0.0167115
2026-05-08 11:32:09.695 9 INFO neutron.wsgi [req-c05345cb-a730-4ca5-8e88-a91d7bf01a6e req-db2d66e5-6fd4-4160-ab63-8b583b353609 c1a14eb363e64671aa12c13814dcf998 6a319067e6d348fe8ed0bd50f117f34d - - 9a3c083474a74e18aa24764183a01c97 9a3c083474a74e18aa24764183a01c97] 199.204.45.109 "GET /v2.0/networks/80270a07-c81f-41b3-8085-7592a05def1b?fields=segments HTTP/1.1" status: 200 len: 212 time: 0.0568631
2026-05-08 11:32:09.748 9 INFO neutron.wsgi [req-c05345cb-a730-4ca5-8e88-a91d7bf01a6e req-e096385b-b473-4c8b-a21a-fb548b97eda2 c1a14eb363e64671aa12c13814dcf998 6a319067e6d348fe8ed0bd50f117f34d - - 9a3c083474a74e18aa24764183a01c97 9a3c083474a74e18aa24764183a01c97] 199.204.45.109 "GET /v2.0/networks/80270a07-c81f-41b3-8085-7592a05def1b?fields=provider%3Aphysical_network&fields=provider%3Anetwork_type HTTP/1.1" status: 200 len: 277 time: 0.0492353
2026-05-08 11:32:09.850 9 INFO neutron.wsgi [req-dc2489f7-a74c-4ec8-94d5-d827bbe2c5f9 req-223b32c2-0f0c-4573-ab3c-0f510b4ddaf1 c1a14eb363e64671aa12c13814dcf998 6a319067e6d348fe8ed0bd50f117f34d - - 9a3c083474a74e18aa24764183a01c97 9a3c083474a74e18aa24764183a01c97] 199.204.45.109 "GET /v2.0/ports?tenant_id=d274f827089948d3b69039939e6ba83d&device_id=eebba711-7ec6-45e4-b505-e229dabce000 HTTP/1.1" status: 200 len: 1411 time: 0.0596852
2026-05-08 11:32:09.858 10 INFO neutron.db.ovn_revision_numbers_db [None req-1517c3a3-82e1-48de-b4ad-9c60522d101f 1623486798b54484b4884c4b34ffed68 8217937b2bba4ca09a21a8730bb53868 - - default default] Successfully bumped revision number for resource 46404634-f54a-413e-b015-11d91f6a6c9a (type: security_groups) to 1
2026-05-08 11:32:09.864 9 INFO neutron.wsgi [req-f93f080a-4a8e-4ff4-a8da-09c9ca598dd0 req-cf8b22b5-c04e-402d-a855-35a9865a1f34 a17837ebabf54c3cb413ecee66d99d65 d274f827089948d3b69039939e6ba83d - - default default] 10.0.0.209 "GET /v2.0/ports?device_id=eebba711-7ec6-45e4-b505-e229dabce000 HTTP/1.1" status: 200 len: 1172 time: 0.0617719
2026-05-08 11:32:09.869 9 WARNING neutron.plugins.ml2.drivers.ovn.mech_driver.ovsdb.ovn_client [None req-4d3913c3-a771-473b-8a44-72407b31c41f - - - - - -] No hosting information found for port 0065f572-032a-4521-ba44-c545a005e6b8: RuntimeError: No hosting information found for port 0065f572-032a-4521-ba44-c545a005e6b8
2026-05-08 11:32:09.874 10 INFO neutron.db.ovn_revision_numbers_db [None req-1517c3a3-82e1-48de-b4ad-9c60522d101f 1623486798b54484b4884c4b34ffed68 8217937b2bba4ca09a21a8730bb53868 - - default default] Successfully bumped revision number for resource 40273a5e-24d0-48fa-9616-1f1a291b0b02 (type: security_group_rules) to 0
2026-05-08 11:32:09.887 10 INFO neutron.db.ovn_revision_numbers_db [None req-1517c3a3-82e1-48de-b4ad-9c60522d101f 1623486798b54484b4884c4b34ffed68 8217937b2bba4ca09a21a8730bb53868 - - default default] Successfully bumped revision number for resource 42251c9a-37cd-4cc0-844d-781894fa4b63 (type: security_group_rules) to 0
2026-05-08 11:32:09.904 10 INFO neutron.db.ovn_revision_numbers_db [None req-1517c3a3-82e1-48de-b4ad-9c60522d101f 1623486798b54484b4884c4b34ffed68 8217937b2bba4ca09a21a8730bb53868 - - default default] Successfully bumped revision number for resource bd6942f3-464f-4bd6-9440-268388e2c482 (type: security_group_rules) to 0
2026-05-08 11:32:09.926 9 INFO neutron.wsgi [req-f93f080a-4a8e-4ff4-a8da-09c9ca598dd0 req-6bce9dd5-239c-4ff8-85cb-c7db4dc9b803 a17837ebabf54c3cb413ecee66d99d65 d274f827089948d3b69039939e6ba83d - - default default] 10.0.0.209 "GET /v2.0/security-groups?id=7e47b7f6-f26f-416f-aced-c6513d90fde0&fields=id&fields=name HTTP/1.1" status: 200 len: 313 time: 0.0511968
2026-05-08 11:32:09.945 10 INFO neutron.plugins.ml2.drivers.ovn.mech_driver.mech_driver [None req-33f225ed-5788-4b12-a030-2a5b34763b21 - - - - - -] OVN reports status up for port: 9b4f3c72-e0c3-4be9-96bf-b39e6f2af449
2026-05-08 11:32:09.948 10 INFO neutron.db.ovn_revision_numbers_db [None req-1517c3a3-82e1-48de-b4ad-9c60522d101f 1623486798b54484b4884c4b34ffed68 8217937b2bba4ca09a21a8730bb53868 - - default default] Successfully bumped revision number for resource f46bae09-f876-4ba9-8520-6b8233f2b994 (type: security_group_rules) to 0
2026-05-08 11:32:09.959 10 INFO neutron.plugins.ml2.plugin [None req-33f225ed-5788-4b12-a030-2a5b34763b21 - - - - - -] Attempt 1 to provision port 9b4f3c72-e0c3-4be9-96bf-b39e6f2af449
2026-05-08 11:32:09.964 9 INFO neutron.wsgi [req-dc2489f7-a74c-4ec8-94d5-d827bbe2c5f9 req-d1552680-cb24-4462-8383-d9e62fbb3538 c1a14eb363e64671aa12c13814dcf998 6a319067e6d348fe8ed0bd50f117f34d - - 9a3c083474a74e18aa24764183a01c97 9a3c083474a74e18aa24764183a01c97] 199.204.45.109 "GET /v2.0/networks?id=80270a07-c81f-41b3-8085-7592a05def1b HTTP/1.1" status: 200 len: 959 time: 0.0989661
