2026-07-16 00:57:36.265 7 INFO neutron.quota.resource_registry [None req-0007ac08-8c56-4246-97c3-5245f4ad3a4a - - - - - -] Creating instance of TrackedResource for resource:port
2026-07-16 00:57:36.267 8 INFO neutron.api.extensions [None req-bc6b4efa-eaf8-4812-bb16-1a200368d09d - - - - - -] Extension l3-conntrack-helper not supported by any of loaded plugins
2026-07-16 00:57:36.267 8 INFO neutron.api.extensions [None req-bc6b4efa-eaf8-4812-bb16-1a200368d09d - - - - - -] Extension enable-default-route-bfd not supported by any of loaded plugins
2026-07-16 00:57:36.268 7 INFO neutron.quota.resource_registry [None req-0007ac08-8c56-4246-97c3-5245f4ad3a4a - - - - - -] Creating instance of CountableResource for resource:router_route
2026-07-16 00:57:36.268 8 INFO neutron.api.extensions [None req-bc6b4efa-eaf8-4812-bb16-1a200368d09d - - - - - -] Extension enable-default-route-ecmp not supported by any of loaded plugins
2026-07-16 00:57:36.269 8 INFO neutron.api.extensions [None req-bc6b4efa-eaf8-4812-bb16-1a200368d09d - - - - - -] Loaded extension: ext-gw-mode
2026-07-16 00:57:36.269 8 INFO neutron.api.extensions [None req-bc6b4efa-eaf8-4812-bb16-1a200368d09d - - - - - -] Loaded extension: l3-ha
2026-07-16 00:57:36.269 7 INFO neutron.quota.resource_registry [None req-0007ac08-8c56-4246-97c3-5245f4ad3a4a - - - - - -] Creating instance of TrackedResource for resource:router
2026-07-16 00:57:36.269 7 INFO neutron.quota.resource_registry [None req-0007ac08-8c56-4246-97c3-5245f4ad3a4a - - - - - -] Creating instance of TrackedResource for resource:floatingip
2026-07-16 00:57:36.270 8 INFO neutron.api.extensions [None req-bc6b4efa-eaf8-4812-bb16-1a200368d09d - - - - - -] Extension l3-ext-ndp-proxy not supported by any of loaded plugins
2026-07-16 00:57:36.270 8 INFO neutron.api.extensions [None req-bc6b4efa-eaf8-4812-bb16-1a200368d09d - - - - - -] Extension external-gateway-multihoming not supported by any of loaded plugins
2026-07-16 00:57:36.271 8 INFO neutron.api.extensions [None req-bc6b4efa-eaf8-4812-bb16-1a200368d09d - - - - - -] Loaded extension: l3-flavors
2026-07-16 00:57:36.272 8 INFO neutron.api.extensions [None req-bc6b4efa-eaf8-4812-bb16-1a200368d09d - - - - - -] Extension l3-ndp-proxy not supported by any of loaded plugins
2026-07-16 00:57:36.272 8 INFO neutron.api.extensions [None req-bc6b4efa-eaf8-4812-bb16-1a200368d09d - - - - - -] Loaded extension: l3-port-ip-change-not-allowed
2026-07-16 00:57:36.273 7 INFO neutron.quota.resource_registry [None req-0007ac08-8c56-4246-97c3-5245f4ad3a4a - - - - - -] Creating instance of CountableResource for resource:rbac_policy
2026-07-16 00:57:36.274 7 INFO neutron.quota.resource_registry [None req-0007ac08-8c56-4246-97c3-5245f4ad3a4a - - - - - -] Creating instance of TrackedResource for resource:security_group
2026-07-16 00:57:36.275 8 INFO neutron.api.extensions [None req-bc6b4efa-eaf8-4812-bb16-1a200368d09d - - - - - -] Loaded extension: l3_agent_scheduler
2026-07-16 00:57:36.275 7 INFO neutron.quota.resource_registry [None req-0007ac08-8c56-4246-97c3-5245f4ad3a4a - - - - - -] Creating instance of TrackedResource for resource:security_group_rule
2026-07-16 00:57:36.276 7 INFO neutron.quota.resource_registry [None req-0007ac08-8c56-4246-97c3-5245f4ad3a4a - - - - - -] Creating instance of TrackedResource for resource:subnetpool
2026-07-16 00:57:36.276 7 WARNING neutron.quota.resource_registry [None req-0007ac08-8c56-4246-97c3-5245f4ad3a4a - - - - - -] subnetpool is already registered
2026-07-16 00:57:36.276 8 INFO neutron.api.extensions [None req-bc6b4efa-eaf8-4812-bb16-1a200368d09d - - - - - -] Extension local_ip not supported by any of loaded plugins
2026-07-16 00:57:36.276 7 INFO neutron.quota.resource_registry [None req-0007ac08-8c56-4246-97c3-5245f4ad3a4a - - - - - -] Creating instance of TrackedResource for resource:subnetpool
2026-07-16 00:57:36.276 7 WARNING neutron.quota.resource_registry [None req-0007ac08-8c56-4246-97c3-5245f4ad3a4a - - - - - -] subnetpool is already registered
2026-07-16 00:57:36.277 7 INFO neutron.quota.resource_registry [None req-0007ac08-8c56-4246-97c3-5245f4ad3a4a - - - - - -] Creating instance of CountableResource for resource:trunk
2026-07-16 00:57:36.277 8 INFO neutron.api.extensions [None req-bc6b4efa-eaf8-4812-bb16-1a200368d09d - - - - - -] Extension logging not supported by any of loaded plugins
2026-07-16 00:57:36.277 7 INFO neutron.quota.resource_registry [None req-0007ac08-8c56-4246-97c3-5245f4ad3a4a - - - - - -] Creating instance of CountableResource for resource:ikepolicy
2026-07-16 00:57:36.278 7 INFO neutron.quota.resource_registry [None req-0007ac08-8c56-4246-97c3-5245f4ad3a4a - - - - - -] Creating instance of CountableResource for resource:ipsecpolicy
2026-07-16 00:57:36.278 7 INFO neutron.quota.resource_registry [None req-0007ac08-8c56-4246-97c3-5245f4ad3a4a - - - - - -] Creating instance of CountableResource for resource:endpoint_group
2026-07-16 00:57:36.278 8 INFO neutron.api.extensions [None req-bc6b4efa-eaf8-4812-bb16-1a200368d09d - - - - - -] Extension metering not supported by any of loaded plugins
2026-07-16 00:57:36.278 7 INFO neutron.quota.resource_registry [None req-0007ac08-8c56-4246-97c3-5245f4ad3a4a - - - - - -] Creating instance of CountableResource for resource:vpnservice
2026-07-16 00:57:36.279 7 INFO neutron.quota.resource_registry [None req-0007ac08-8c56-4246-97c3-5245f4ad3a4a - - - - - -] Creating instance of CountableResource for resource:ipsec_site_connection
2026-07-16 00:57:36.279 8 INFO neutron.api.extensions [None req-bc6b4efa-eaf8-4812-bb16-1a200368d09d - - - - - -] Extension metering_source_and_destination_fields not supported by any of loaded plugins
2026-07-16 00:57:36.279 7 INFO neutron.quota.resource_registry [None req-0007ac08-8c56-4246-97c3-5245f4ad3a4a - - - - - -] Creating instance of CountableResource for resource:ipsecpolicy
2026-07-16 00:57:36.279 7 WARNING neutron.quota.resource_registry [None req-0007ac08-8c56-4246-97c3-5245f4ad3a4a - - - - - -] ipsecpolicy is already registered
2026-07-16 00:57:36.280 7 INFO neutron.quota.resource_registry [None req-0007ac08-8c56-4246-97c3-5245f4ad3a4a - - - - - -] Creating instance of CountableResource for resource:ikepolicy
2026-07-16 00:57:36.280 7 WARNING neutron.quota.resource_registry [None req-0007ac08-8c56-4246-97c3-5245f4ad3a4a - - - - - -] ikepolicy is already registered
2026-07-16 00:57:36.280 8 INFO neutron.api.extensions [None req-bc6b4efa-eaf8-4812-bb16-1a200368d09d - - - - - -] Loaded extension: multi-provider
2026-07-16 00:57:36.281 8 INFO neutron.api.extensions [None req-bc6b4efa-eaf8-4812-bb16-1a200368d09d - - - - - -] Loaded extension: net-mtu
2026-07-16 00:57:36.281 8 INFO neutron.api.extensions [None req-bc6b4efa-eaf8-4812-bb16-1a200368d09d - - - - - -] Loaded extension: net-mtu-writable
2026-07-16 00:57:36.282 8 INFO neutron.api.extensions [None req-bc6b4efa-eaf8-4812-bb16-1a200368d09d - - - - - -] Loaded extension: network_availability_zone
2026-07-16 00:57:36.283 8 INFO neutron.api.extensions [None req-bc6b4efa-eaf8-4812-bb16-1a200368d09d - - - - - -] Loaded extension: network_ha
2026-07-16 00:57:36.283 8 INFO neutron.api.extensions [None req-bc6b4efa-eaf8-4812-bb16-1a200368d09d - - - - - -] Loaded extension: network-ip-availability
2026-07-16 00:57:36.283 7 INFO neutron.quota.resource_registry [None req-0007ac08-8c56-4246-97c3-5245f4ad3a4a - - - - - -] Creating instance of CountableResource for resource:router_route
2026-07-16 00:57:36.284 7 WARNING neutron.quota.resource_registry [None req-0007ac08-8c56-4246-97c3-5245f4ad3a4a - - - - - -] router_route is already registered
2026-07-16 00:57:36.284 8 INFO neutron.api.extensions [None req-bc6b4efa-eaf8-4812-bb16-1a200368d09d - - - - - -] Loaded extension: network-ip-availability-details
2026-07-16 00:57:36.285 7 INFO neutron.quota.resource_registry [None req-0007ac08-8c56-4246-97c3-5245f4ad3a4a - - - - - -] Creating instance of TrackedResource for resource:router
2026-07-16 00:57:36.285 7 WARNING neutron.quota.resource_registry [None req-0007ac08-8c56-4246-97c3-5245f4ad3a4a - - - - - -] router is already registered
2026-07-16 00:57:36.285 8 INFO neutron.api.extensions [None req-bc6b4efa-eaf8-4812-bb16-1a200368d09d - - - - - -] Extension network-segment-range not supported by any of loaded plugins
2026-07-16 00:57:36.286 7 INFO neutron.quota.resource_registry [None req-0007ac08-8c56-4246-97c3-5245f4ad3a4a - - - - - -] Creating instance of TrackedResource for resource:floatingip
2026-07-16 00:57:36.286 7 WARNING neutron.quota.resource_registry [None req-0007ac08-8c56-4246-97c3-5245f4ad3a4a - - - - - -] floatingip is already registered
2026-07-16 00:57:36.286 8 INFO neutron.api.extensions [None req-bc6b4efa-eaf8-4812-bb16-1a200368d09d - - - - - -] Loaded extension: pagination
2026-07-16 00:57:36.287 8 INFO neutron.api.extensions [None req-bc6b4efa-eaf8-4812-bb16-1a200368d09d - - - - - -] Loaded extension: port-device-profile
2026-07-16 00:57:36.287 8 INFO neutron.api.extensions [None req-bc6b4efa-eaf8-4812-bb16-1a200368d09d - - - - - -] Extension port-hardware-offload-type not supported by any of loaded plugins
2026-07-16 00:57:36.288 8 INFO neutron.api.extensions [None req-bc6b4efa-eaf8-4812-bb16-1a200368d09d - - - - - -] Extension port-hint-ovs-tx-steering not supported by any of loaded plugins
2026-07-16 00:57:36.288 8 INFO neutron.api.extensions [None req-bc6b4efa-eaf8-4812-bb16-1a200368d09d - - - - - -] Extension port-hints not supported by any of loaded plugins
2026-07-16 00:57:36.289 8 INFO neutron.api.extensions [None req-bc6b4efa-eaf8-4812-bb16-1a200368d09d - - - - - -] Loaded extension: port-mac-override
2026-07-16 00:57:36.289 8 INFO neutron.api.extensions [None req-bc6b4efa-eaf8-4812-bb16-1a200368d09d - - - - - -] Loaded extension: port-mac-address-regenerate
2026-07-16 00:57:36.290 8 INFO neutron.api.extensions [None req-bc6b4efa-eaf8-4812-bb16-1a200368d09d - - - - - -] Loaded extension: port-numa-affinity-policy
2026-07-16 00:57:36.290 7 INFO neutron.quota.resource_registry [None req-0007ac08-8c56-4246-97c3-5245f4ad3a4a - - - - - -] Creating instance of CountableResource for resource:rbac_policy
2026-07-16 00:57:36.290 7 WARNING neutron.quota.resource_registry [None req-0007ac08-8c56-4246-97c3-5245f4ad3a4a - - - - - -] rbac_policy is already registered
2026-07-16 00:57:36.290 8 INFO neutron.api.extensions [None req-bc6b4efa-eaf8-4812-bb16-1a200368d09d - - - - - -] Loaded extension: port-numa-affinity-policy-socket
2026-07-16 00:57:36.291 8 INFO neutron.api.extensions [None req-bc6b4efa-eaf8-4812-bb16-1a200368d09d - - - - - -] Loaded extension: port-resource-request
2026-07-16 00:57:36.291 7 INFO neutron.quota.resource_registry [None req-0007ac08-8c56-4246-97c3-5245f4ad3a4a - - - - - -] Creating instance of TrackedResource for resource:security_group
2026-07-16 00:57:36.291 7 WARNING neutron.quota.resource_registry [None req-0007ac08-8c56-4246-97c3-5245f4ad3a4a - - - - - -] security_group is already registered
2026-07-16 00:57:36.291 7 INFO neutron.quota.resource_registry [None req-0007ac08-8c56-4246-97c3-5245f4ad3a4a - - - - - -] Creating instance of TrackedResource for resource:security_group_rule
2026-07-16 00:57:36.291 8 INFO neutron.api.extensions [None req-bc6b4efa-eaf8-4812-bb16-1a200368d09d - - - - - -] Loaded extension: port-resource-request-groups
2026-07-16 00:57:36.292 7 WARNING neutron.quota.resource_registry [None req-0007ac08-8c56-4246-97c3-5245f4ad3a4a - - - - - -] security_group_rule is already registered
2026-07-16 00:57:36.292 8 INFO neutron.api.extensions [None req-bc6b4efa-eaf8-4812-bb16-1a200368d09d - - - - - -] Extension port-trusted-vif not supported by any of loaded plugins
2026-07-16 00:57:36.292 7 INFO neutron.quota.resource_registry [None req-0007ac08-8c56-4246-97c3-5245f4ad3a4a - - - - - -] Creating instance of TrackedResource for resource:subnetpool
2026-07-16 00:57:36.292 7 WARNING neutron.quota.resource_registry [None req-0007ac08-8c56-4246-97c3-5245f4ad3a4a - - - - - -] subnetpool is already registered
2026-07-16 00:57:36.293 8 INFO neutron.api.extensions [None req-bc6b4efa-eaf8-4812-bb16-1a200368d09d - - - - - -] Loaded extension: binding
2026-07-16 00:57:36.293 7 INFO neutron.quota.resource_registry [None req-0007ac08-8c56-4246-97c3-5245f4ad3a4a - - - - - -] Creating instance of TrackedResource for resource:subnetpool
2026-07-16 00:57:36.293 7 WARNING neutron.quota.resource_registry [None req-0007ac08-8c56-4246-97c3-5245f4ad3a4a - - - - - -] subnetpool is already registered
2026-07-16 00:57:36.293 8 INFO neutron.api.extensions [None req-bc6b4efa-eaf8-4812-bb16-1a200368d09d - - - - - -] Loaded extension: binding-extended
2026-07-16 00:57:36.293 7 INFO neutron.quota.resource_registry [None req-0007ac08-8c56-4246-97c3-5245f4ad3a4a - - - - - -] Creating instance of CountableResource for resource:trunk
2026-07-16 00:57:36.294 7 WARNING neutron.quota.resource_registry [None req-0007ac08-8c56-4246-97c3-5245f4ad3a4a - - - - - -] trunk is already registered
2026-07-16 00:57:36.294 8 INFO neutron.api.extensions [None req-bc6b4efa-eaf8-4812-bb16-1a200368d09d - - - - - -] Loaded extension: port-security
2026-07-16 00:57:36.294 7 INFO neutron.quota.resource_registry [None req-0007ac08-8c56-4246-97c3-5245f4ad3a4a - - - - - -] Creating instance of CountableResource for resource:ikepolicy
2026-07-16 00:57:36.294 7 WARNING neutron.quota.resource_registry [None req-0007ac08-8c56-4246-97c3-5245f4ad3a4a - - - - - -] ikepolicy is already registered
2026-07-16 00:57:36.295 8 INFO neutron.api.extensions [None req-bc6b4efa-eaf8-4812-bb16-1a200368d09d - - - - - -] Loaded extension: project-id
2026-07-16 00:57:36.295 7 INFO neutron.quota.resource_registry [None req-0007ac08-8c56-4246-97c3-5245f4ad3a4a - - - - - -] Creating instance of CountableResource for resource:ipsecpolicy
2026-07-16 00:57:36.295 7 WARNING neutron.quota.resource_registry [None req-0007ac08-8c56-4246-97c3-5245f4ad3a4a - - - - - -] ipsecpolicy is already registered
2026-07-16 00:57:36.295 8 INFO neutron.api.extensions [None req-bc6b4efa-eaf8-4812-bb16-1a200368d09d - - - - - -] Loaded extension: provider
2026-07-16 00:57:36.295 7 INFO neutron.quota.resource_registry [None req-0007ac08-8c56-4246-97c3-5245f4ad3a4a - - - - - -] Creating instance of CountableResource for resource:endpoint_group
2026-07-16 00:57:36.295 7 WARNING neutron.quota.resource_registry [None req-0007ac08-8c56-4246-97c3-5245f4ad3a4a - - - - - -] endpoint_group is already registered
2026-07-16 00:57:36.296 7 INFO neutron.quota.resource_registry [None req-0007ac08-8c56-4246-97c3-5245f4ad3a4a - - - - - -] Creating instance of CountableResource for resource:vpnservice
2026-07-16 00:57:36.296 8 INFO neutron.api.extensions [None req-bc6b4efa-eaf8-4812-bb16-1a200368d09d - - - - - -] Extension pvlan not supported by any of loaded plugins
2026-07-16 00:57:36.296 7 WARNING neutron.quota.resource_registry [None req-0007ac08-8c56-4246-97c3-5245f4ad3a4a - - - - - -] vpnservice is already registered
2026-07-16 00:57:36.296 7 INFO neutron.quota.resource_registry [None req-0007ac08-8c56-4246-97c3-5245f4ad3a4a - - - - - -] Creating instance of CountableResource for resource:ipsec_site_connection
2026-07-16 00:57:36.296 7 WARNING neutron.quota.resource_registry [None req-0007ac08-8c56-4246-97c3-5245f4ad3a4a - - - - - -] ipsec_site_connection is already registered
2026-07-16 00:57:36.296 8 INFO neutron.api.extensions [None req-bc6b4efa-eaf8-4812-bb16-1a200368d09d - - - - - -] Extension qinq not supported by any of loaded plugins
2026-07-16 00:57:36.297 7 INFO neutron.quota.resource_registry [None req-0007ac08-8c56-4246-97c3-5245f4ad3a4a - - - - - -] Creating instance of CountableResource for resource:ipsecpolicy
2026-07-16 00:57:36.297 7 WARNING neutron.quota.resource_registry [None req-0007ac08-8c56-4246-97c3-5245f4ad3a4a - - - - - -] ipsecpolicy is already registered
2026-07-16 00:57:36.297 7 INFO neutron.quota.resource_registry [None req-0007ac08-8c56-4246-97c3-5245f4ad3a4a - - - - - -] Creating instance of CountableResource for resource:ikepolicy
2026-07-16 00:57:36.297 7 WARNING neutron.quota.resource_registry [None req-0007ac08-8c56-4246-97c3-5245f4ad3a4a - - - - - -] ikepolicy is already registered
2026-07-16 00:57:36.299 8 INFO neutron.api.extensions [None req-bc6b4efa-eaf8-4812-bb16-1a200368d09d - - - - - -] Loaded extension: qos
2026-07-16 00:57:36.300 8 INFO neutron.api.extensions [None req-bc6b4efa-eaf8-4812-bb16-1a200368d09d - - - - - -] Loaded extension: qos-bw-limit-direction
2026-07-16 00:57:36.300 8 INFO neutron.api.extensions [None req-bc6b4efa-eaf8-4812-bb16-1a200368d09d - - - - - -] Loaded extension: qos-bw-minimum-ingress
2026-07-16 00:57:36.301 8 INFO neutron.api.extensions [None req-bc6b4efa-eaf8-4812-bb16-1a200368d09d - - - - - -] Loaded extension: qos-default
2026-07-16 00:57:36.301 8 INFO neutron.api.extensions [None req-bc6b4efa-eaf8-4812-bb16-1a200368d09d - - - - - -] Loaded extension: qos-fip
2026-07-16 00:57:36.302 8 INFO neutron.api.extensions [None req-bc6b4efa-eaf8-4812-bb16-1a200368d09d - - - - - -] Extension qos-fip-network-policy not supported by any of loaded plugins
2026-07-16 00:57:36.302 8 INFO neutron.api.extensions [None req-bc6b4efa-eaf8-4812-bb16-1a200368d09d - - - - - -] Loaded extension: qos-gateway-ip
2026-07-16 00:57:36.303 8 INFO neutron.api.extensions [None req-bc6b4efa-eaf8-4812-bb16-1a200368d09d - - - - - -] Loaded extension: qos-port-network-policy
2026-07-16 00:57:36.303 8 INFO neutron.api.extensions [None req-bc6b4efa-eaf8-4812-bb16-1a200368d09d - - - - - -] Loaded extension: qos-pps-minimum
2026-07-16 00:57:36.304 8 INFO neutron.api.extensions [None req-bc6b4efa-eaf8-4812-bb16-1a200368d09d - - - - - -] Loaded extension: qos-pps-minimum-rule-alias
2026-07-16 00:57:36.305 8 INFO neutron.api.extensions [None req-bc6b4efa-eaf8-4812-bb16-1a200368d09d - - - - - -] Loaded extension: qos-pps
2026-07-16 00:57:36.305 8 INFO neutron.api.extensions [None req-bc6b4efa-eaf8-4812-bb16-1a200368d09d - - - - - -] Loaded extension: qos-rule-type-details
2026-07-16 00:57:36.306 8 INFO neutron.api.extensions [None req-bc6b4efa-eaf8-4812-bb16-1a200368d09d - - - - - -] Loaded extension: qos-rule-type-filter
2026-07-16 00:57:36.306 8 INFO neutron.api.extensions [None req-bc6b4efa-eaf8-4812-bb16-1a200368d09d - - - - - -] Loaded extension: qos-rules-alias
2026-07-16 00:57:36.307 8 INFO neutron.api.extensions [None req-bc6b4efa-eaf8-4812-bb16-1a200368d09d - - - - - -] Loaded extension: quota-check-limit
2026-07-16 00:57:36.307 8 INFO neutron.api.extensions [None req-bc6b4efa-eaf8-4812-bb16-1a200368d09d - - - - - -] Loaded extension: quota-check-limit-default
2026-07-16 00:57:36.309 8 INFO neutron.api.extensions [None req-bc6b4efa-eaf8-4812-bb16-1a200368d09d - - - - - -] Loaded extension: quotas
2026-07-16 00:57:36.310 8 INFO neutron.api.extensions [None req-bc6b4efa-eaf8-4812-bb16-1a200368d09d - - - - - -] Loaded extension: quota_details
2026-07-16 00:57:36.312 8 INFO neutron.api.extensions [None req-bc6b4efa-eaf8-4812-bb16-1a200368d09d - - - - - -] Loaded extension: rbac-policies
2026-07-16 00:57:36.312 8 INFO neutron.api.extensions [None req-bc6b4efa-eaf8-4812-bb16-1a200368d09d - - - - - -] Loaded extension: rbac-address-group
2026-07-16 00:57:36.313 8 INFO neutron.api.extensions [None req-bc6b4efa-eaf8-4812-bb16-1a200368d09d - - - - - -] Loaded extension: rbac-address-scope
2026-07-16 00:57:36.313 8 INFO neutron.api.extensions [None req-bc6b4efa-eaf8-4812-bb16-1a200368d09d - - - - - -] Loaded extension: rbac-security-groups
2026-07-16 00:57:36.314 8 INFO neutron.api.extensions [None req-bc6b4efa-eaf8-4812-bb16-1a200368d09d - - - - - -] Loaded extension: rbac-subnetpool
2026-07-16 00:57:36.314 8 INFO neutron.api.extensions [None req-bc6b4efa-eaf8-4812-bb16-1a200368d09d - - - - - -] Loaded extension: revision-if-match
2026-07-16 00:57:36.315 8 INFO neutron.api.extensions [None req-bc6b4efa-eaf8-4812-bb16-1a200368d09d - - - - - -] Loaded extension: standard-attr-revisions
2026-07-16 00:57:36.315 8 INFO neutron.api.extensions [None req-bc6b4efa-eaf8-4812-bb16-1a200368d09d - - - - - -] Loaded extension: router_availability_zone
2026-07-16 00:57:36.316 8 INFO neutron.api.extensions [None req-bc6b4efa-eaf8-4812-bb16-1a200368d09d - - - - - -] Extension router-enable-snat not supported by any of loaded plugins
2026-07-16 00:57:36.316 8 INFO neutron.api.extensions [None req-bc6b4efa-eaf8-4812-bb16-1a200368d09d - - - - - -] Extension router-service-type not supported by any of loaded plugins
2026-07-16 00:57:36.318 8 INFO neutron.api.extensions [None req-bc6b4efa-eaf8-4812-bb16-1a200368d09d - - - - - -] Loaded extension: security-groups-default-rules
2026-07-16 00:57:36.319 8 INFO neutron.api.extensions [None req-bc6b4efa-eaf8-4812-bb16-1a200368d09d - - - - - -] Loaded extension: security-groups-default-statefulness
2026-07-16 00:57:36.320 8 INFO neutron.api.extensions [None req-bc6b4efa-eaf8-4812-bb16-1a200368d09d - - - - - -] Loaded extension: security-groups-normalized-cidr
2026-07-16 00:57:36.320 8 INFO neutron.api.extensions [None req-bc6b4efa-eaf8-4812-bb16-1a200368d09d - - - - - -] Loaded extension: port-security-groups-filtering
2026-07-16 00:57:36.321 8 INFO neutron.api.extensions [None req-bc6b4efa-eaf8-4812-bb16-1a200368d09d - - - - - -] Loaded extension: security-groups-remote-address-group
2026-07-16 00:57:36.321 8 INFO neutron.api.extensions [None req-bc6b4efa-eaf8-4812-bb16-1a200368d09d - - - - - -] Loaded extension: security-groups-rules-belongs-to-default-sg
2026-07-16 00:57:36.322 8 INFO neutron.api.extensions [None req-bc6b4efa-eaf8-4812-bb16-1a200368d09d - - - - - -] Loaded extension: security-groups-shared-filtering
2026-07-16 00:57:36.326 8 INFO neutron.api.extensions [None req-bc6b4efa-eaf8-4812-bb16-1a200368d09d - - - - - -] Loaded extension: security-group
2026-07-16 00:57:36.328 8 INFO neutron.api.extensions [None req-bc6b4efa-eaf8-4812-bb16-1a200368d09d - - - - - -] Loaded extension: segment
2026-07-16 00:57:36.328 8 INFO neutron.api.extensions [None req-bc6b4efa-eaf8-4812-bb16-1a200368d09d - - - - - -] Loaded extension: segments-peer-subnet-host-routes
2026-07-16 00:57:36.329 8 INFO neutron.api.extensions [None req-bc6b4efa-eaf8-4812-bb16-1a200368d09d - - - - - -] Loaded extension: service-type
2026-07-16 00:57:36.329 8 INFO neutron.api.extensions [None req-bc6b4efa-eaf8-4812-bb16-1a200368d09d - - - - - -] Loaded extension: sorting
2026-07-16 00:57:36.330 8 INFO neutron.api.extensions [None req-bc6b4efa-eaf8-4812-bb16-1a200368d09d - - - - - -] Loaded extension: standard-attr-segment
2026-07-16 00:57:36.330 8 INFO neutron.api.extensions [None req-bc6b4efa-eaf8-4812-bb16-1a200368d09d - - - - - -] Loaded extension: standard-attr-description
2026-07-16 00:57:36.331 8 INFO neutron.api.extensions [None req-bc6b4efa-eaf8-4812-bb16-1a200368d09d - - - - - -] Loaded extension: stateful-security-group
2026-07-16 00:57:36.331 8 WARNING neutron.api.extensions [None req-bc6b4efa-eaf8-4812-bb16-1a200368d09d - - - - - -] Did not find expected name "Stdattrs_common" in /var/lib/openstack/lib/python3.12/site-packages/neutron/extensions/stdattrs_common.py
2026-07-16 00:57:36.332 8 INFO neutron.api.extensions [None req-bc6b4efa-eaf8-4812-bb16-1a200368d09d - - - - - -] Extension subnet-dns-publish-fixed-ip not supported by any of loaded plugins
2026-07-16 00:57:36.332 8 INFO neutron.api.extensions [None req-bc6b4efa-eaf8-4812-bb16-1a200368d09d - - - - - -] Loaded extension: subnet-external-network
2026-07-16 00:57:36.333 8 INFO neutron.api.extensions [None req-bc6b4efa-eaf8-4812-bb16-1a200368d09d - - - - - -] Loaded extension: subnet_onboard
2026-07-16 00:57:36.333 8 INFO neutron.api.extensions [None req-bc6b4efa-eaf8-4812-bb16-1a200368d09d - - - - - -] Loaded extension: subnet-segmentid-writable
2026-07-16 00:57:36.334 8 INFO neutron.api.extensions [None req-bc6b4efa-eaf8-4812-bb16-1a200368d09d - - - - - -] Loaded extension: subnet-service-types
2026-07-16 00:57:36.335 8 INFO neutron.api.extensions [None req-bc6b4efa-eaf8-4812-bb16-1a200368d09d - - - - - -] Loaded extension: subnet_allocation
2026-07-16 00:57:36.335 8 INFO neutron.api.extensions [None req-bc6b4efa-eaf8-4812-bb16-1a200368d09d - - - - - -] Loaded extension: subnetpool-prefix-ops
2026-07-16 00:57:36.335 7 WARNING keystonemiddleware._common.config [None req-0007ac08-8c56-4246-97c3-5245f4ad3a4a - - - - - -] The option "audit_map_file" is not known to keystonemiddleware
2026-07-16 00:57:36.336 8 INFO neutron.api.extensions [None req-bc6b4efa-eaf8-4812-bb16-1a200368d09d - - - - - -] Loaded extension: tag-creation
2026-07-16 00:57:36.336 8 INFO neutron.api.extensions [None req-bc6b4efa-eaf8-4812-bb16-1a200368d09d - - - - - -] Extension tag-ports-during-bulk-creation not supported by any of loaded plugins
2026-07-16 00:57:36.340 8 INFO neutron.api.extensions [None req-bc6b4efa-eaf8-4812-bb16-1a200368d09d - - - - - -] Loaded extension: standard-attr-tag
2026-07-16 00:57:36.341 8 INFO neutron.api.extensions [None req-bc6b4efa-eaf8-4812-bb16-1a200368d09d - - - - - -] Loaded extension: standard-attr-timestamp
2026-07-16 00:57:36.342 7 WARNING keystonemiddleware.auth_token [None req-0007ac08-8c56-4246-97c3-5245f4ad3a4a - - - - - -] Configuring www_authenticate_uri to point to the public identity endpoint is required; clients may not be able to authenticate against an admin endpoint
2026-07-16 00:57:36.342 8 INFO neutron.api.extensions [None req-bc6b4efa-eaf8-4812-bb16-1a200368d09d - - - - - -] Loaded extension: trunk
2026-07-16 00:57:36.344 8 INFO neutron.api.extensions [None req-bc6b4efa-eaf8-4812-bb16-1a200368d09d - - - - - -] Loaded extension: trunk-details WSGI app 0 (mountpoint='') ready in 8 seconds on interpreter 0x7f872dd35668 pid: 7 (default app)
2026-07-16 00:57:36.344 8 INFO neutron.api.extensions [None req-bc6b4efa-eaf8-4812-bb16-1a200368d09d - - - - - -] Extension uplink-status-propagation not supported by any of loaded plugins
2026-07-16 00:57:36.345 8 INFO neutron.api.extensions [None req-bc6b4efa-eaf8-4812-bb16-1a200368d09d - - - - - -] Extension uplink-status-propagation-updatable not supported by any of loaded plugins
2026-07-16 00:57:36.346 8 INFO neutron.api.extensions [None req-bc6b4efa-eaf8-4812-bb16-1a200368d09d - - - - - -] Extension vlan-transparent not supported by any of loaded plugins
2026-07-16 00:57:36.347 8 INFO neutron.api.extensions [None req-bc6b4efa-eaf8-4812-bb16-1a200368d09d - - - - - -] Loaded extension: vpn-aes-ctr
2026-07-16 00:57:36.348 8 INFO neutron.api.extensions [None req-bc6b4efa-eaf8-4812-bb16-1a200368d09d - - - - - -] Extension vpn-agent-scheduler not supported by any of loaded plugins
2026-07-16 00:57:36.349 8 INFO neutron.api.extensions [None req-bc6b4efa-eaf8-4812-bb16-1a200368d09d - - - - - -] Loaded extension: vpn-endpoint-groups
2026-07-16 00:57:36.350 8 INFO neutron.api.extensions [None req-bc6b4efa-eaf8-4812-bb16-1a200368d09d - - - - - -] Loaded extension: vpn-flavors
2026-07-16 00:57:36.352 8 INFO neutron.api.extensions [None req-bc6b4efa-eaf8-4812-bb16-1a200368d09d - - - - - -] Loaded extension: vpnaas
2026-07-16 00:57:36.353 8 INFO neutron.api.extensions [None req-bc6b4efa-eaf8-4812-bb16-1a200368d09d - - - - - -] Loaded extension: taas
2026-07-16 00:57:36.354 8 INFO neutron.api.extensions [None req-bc6b4efa-eaf8-4812-bb16-1a200368d09d - - - - - -] Loaded extension: tap-mirror
2026-07-16 00:57:36.355 8 INFO neutron.api.extensions [None req-bc6b4efa-eaf8-4812-bb16-1a200368d09d - - - - - -] Loaded extension: tap-mirror-both-direction
2026-07-16 00:57:36.356 8 INFO neutron.api.extensions [None req-bc6b4efa-eaf8-4812-bb16-1a200368d09d - - - - - -] Loaded extension: taas-vlan-filter
2026-07-16 00:57:36.358 8 INFO neutron.quota.resource_registry [None req-bc6b4efa-eaf8-4812-bb16-1a200368d09d - - - - - -] Creating instance of TrackedResource for resource:network
2026-07-16 00:57:36.359 8 INFO neutron.quota.resource_registry [None req-bc6b4efa-eaf8-4812-bb16-1a200368d09d - - - - - -] Creating instance of TrackedResource for resource:subnet
2026-07-16 00:57:36.359 8 INFO neutron.quota.resource_registry [None req-bc6b4efa-eaf8-4812-bb16-1a200368d09d - - - - - -] Creating instance of TrackedResource for resource:subnetpool
2026-07-16 00:57:36.359 8 INFO neutron.quota.resource_registry [None req-bc6b4efa-eaf8-4812-bb16-1a200368d09d - - - - - -] Creating instance of TrackedResource for resource:port
2026-07-16 00:57:36.361 8 INFO neutron.quota.resource_registry [None req-bc6b4efa-eaf8-4812-bb16-1a200368d09d - - - - - -] Creating instance of CountableResource for resource:router_route
2026-07-16 00:57:36.363 8 INFO neutron.quota.resource_registry [None req-bc6b4efa-eaf8-4812-bb16-1a200368d09d - - - - - -] Creating instance of TrackedResource for resource:router
2026-07-16 00:57:36.363 8 INFO neutron.quota.resource_registry [None req-bc6b4efa-eaf8-4812-bb16-1a200368d09d - - - - - -] Creating instance of TrackedResource for resource:floatingip
2026-07-16 00:57:36.367 8 INFO neutron.quota.resource_registry [None req-bc6b4efa-eaf8-4812-bb16-1a200368d09d - - - - - -] Creating instance of CountableResource for resource:rbac_policy
2026-07-16 00:57:36.368 8 INFO neutron.quota.resource_registry [None req-bc6b4efa-eaf8-4812-bb16-1a200368d09d - - - - - -] Creating instance of TrackedResource for resource:security_group
2026-07-16 00:57:36.368 8 INFO neutron.quota.resource_registry [None req-bc6b4efa-eaf8-4812-bb16-1a200368d09d - - - - - -] Creating instance of TrackedResource for resource:security_group_rule
2026-07-16 00:57:36.369 8 INFO neutron.quota.resource_registry [None req-bc6b4efa-eaf8-4812-bb16-1a200368d09d - - - - - -] Creating instance of TrackedResource for resource:subnetpool
2026-07-16 00:57:36.369 8 WARNING neutron.quota.resource_registry [None req-bc6b4efa-eaf8-4812-bb16-1a200368d09d - - - - - -] subnetpool is already registered
2026-07-16 00:57:36.370 8 INFO neutron.quota.resource_registry [None req-bc6b4efa-eaf8-4812-bb16-1a200368d09d - - - - - -] Creating instance of TrackedResource for resource:subnetpool
2026-07-16 00:57:36.370 8 WARNING neutron.quota.resource_registry [None req-bc6b4efa-eaf8-4812-bb16-1a200368d09d - - - - - -] subnetpool is already registered
2026-07-16 00:57:36.370 8 INFO neutron.quota.resource_registry [None req-bc6b4efa-eaf8-4812-bb16-1a200368d09d - - - - - -] Creating instance of CountableResource for resource:trunk
2026-07-16 00:57:36.371 8 INFO neutron.quota.resource_registry [None req-bc6b4efa-eaf8-4812-bb16-1a200368d09d - - - - - -] Creating instance of CountableResource for resource:ikepolicy
2026-07-16 00:57:36.371 8 INFO neutron.quota.resource_registry [None req-bc6b4efa-eaf8-4812-bb16-1a200368d09d - - - - - -] Creating instance of CountableResource for resource:ipsecpolicy
2026-07-16 00:57:36.372 8 INFO neutron.quota.resource_registry [None req-bc6b4efa-eaf8-4812-bb16-1a200368d09d - - - - - -] Creating instance of CountableResource for resource:endpoint_group
2026-07-16 00:57:36.372 8 INFO neutron.quota.resource_registry [None req-bc6b4efa-eaf8-4812-bb16-1a200368d09d - - - - - -] Creating instance of CountableResource for resource:vpnservice
2026-07-16 00:57:36.373 8 INFO neutron.quota.resource_registry [None req-bc6b4efa-eaf8-4812-bb16-1a200368d09d - - - - - -] Creating instance of CountableResource for resource:ipsec_site_connection
2026-07-16 00:57:36.373 8 INFO neutron.quota.resource_registry [None req-bc6b4efa-eaf8-4812-bb16-1a200368d09d - - - - - -] Creating instance of CountableResource for resource:ipsecpolicy
2026-07-16 00:57:36.373 8 WARNING neutron.quota.resource_registry [None req-bc6b4efa-eaf8-4812-bb16-1a200368d09d - - - - - -] ipsecpolicy is already registered
2026-07-16 00:57:36.373 8 INFO neutron.quota.resource_registry [None req-bc6b4efa-eaf8-4812-bb16-1a200368d09d - - - - - -] Creating instance of CountableResource for resource:ikepolicy
2026-07-16 00:57:36.374 8 WARNING neutron.quota.resource_registry [None req-bc6b4efa-eaf8-4812-bb16-1a200368d09d - - - - - -] ikepolicy is already registered
2026-07-16 00:57:36.377 8 INFO neutron.quota.resource_registry [None req-bc6b4efa-eaf8-4812-bb16-1a200368d09d - - - - - -] Creating instance of CountableResource for resource:router_route
2026-07-16 00:57:36.377 8 WARNING neutron.quota.resource_registry [None req-bc6b4efa-eaf8-4812-bb16-1a200368d09d - - - - - -] router_route is already registered
2026-07-16 00:57:36.379 8 INFO neutron.quota.resource_registry [None req-bc6b4efa-eaf8-4812-bb16-1a200368d09d - - - - - -] Creating instance of TrackedResource for resource:router
2026-07-16 00:57:36.379 8 WARNING neutron.quota.resource_registry [None req-bc6b4efa-eaf8-4812-bb16-1a200368d09d - - - - - -] router is already registered
2026-07-16 00:57:36.379 8 INFO neutron.quota.resource_registry [None req-bc6b4efa-eaf8-4812-bb16-1a200368d09d - - - - - -] Creating instance of TrackedResource for resource:floatingip
2026-07-16 00:57:36.379 8 WARNING neutron.quota.resource_registry [None req-bc6b4efa-eaf8-4812-bb16-1a200368d09d - - - - - -] floatingip is already registered
2026-07-16 00:57:36.383 8 INFO neutron.quota.resource_registry [None req-bc6b4efa-eaf8-4812-bb16-1a200368d09d - - - - - -] Creating instance of CountableResource for resource:rbac_policy
2026-07-16 00:57:36.384 8 WARNING neutron.quota.resource_registry [None req-bc6b4efa-eaf8-4812-bb16-1a200368d09d - - - - - -] rbac_policy is already registered
2026-07-16 00:57:36.384 8 INFO neutron.quota.resource_registry [None req-bc6b4efa-eaf8-4812-bb16-1a200368d09d - - - - - -] Creating instance of TrackedResource for resource:security_group
2026-07-16 00:57:36.384 8 WARNING neutron.quota.resource_registry [None req-bc6b4efa-eaf8-4812-bb16-1a200368d09d - - - - - -] security_group is already registered
2026-07-16 00:57:36.385 8 INFO neutron.quota.resource_registry [None req-bc6b4efa-eaf8-4812-bb16-1a200368d09d - - - - - -] Creating instance of TrackedResource for resource:security_group_rule
2026-07-16 00:57:36.385 8 WARNING neutron.quota.resource_registry [None req-bc6b4efa-eaf8-4812-bb16-1a200368d09d - - - - - -] security_group_rule is already registered
2026-07-16 00:57:36.386 8 INFO neutron.quota.resource_registry [None req-bc6b4efa-eaf8-4812-bb16-1a200368d09d - - - - - -] Creating instance of TrackedResource for resource:subnetpool
2026-07-16 00:57:36.386 8 WARNING neutron.quota.resource_registry [None req-bc6b4efa-eaf8-4812-bb16-1a200368d09d - - - - - -] subnetpool is already registered
2026-07-16 00:57:36.387 8 INFO neutron.quota.resource_registry [None req-bc6b4efa-eaf8-4812-bb16-1a200368d09d - - - - - -] Creating instance of TrackedResource for resource:subnetpool
2026-07-16 00:57:36.387 8 WARNING neutron.quota.resource_registry [None req-bc6b4efa-eaf8-4812-bb16-1a200368d09d - - - - - -] subnetpool is already registered
2026-07-16 00:57:36.387 8 INFO neutron.quota.resource_registry [None req-bc6b4efa-eaf8-4812-bb16-1a200368d09d - - - - - -] Creating instance of CountableResource for resource:trunk
2026-07-16 00:57:36.388 8 WARNING neutron.quota.resource_registry [None req-bc6b4efa-eaf8-4812-bb16-1a200368d09d - - - - - -] trunk is already registered
2026-07-16 00:57:36.388 8 INFO neutron.quota.resource_registry [None req-bc6b4efa-eaf8-4812-bb16-1a200368d09d - - - - - -] Creating instance of CountableResource for resource:ikepolicy
2026-07-16 00:57:36.388 8 WARNING neutron.quota.resource_registry [None req-bc6b4efa-eaf8-4812-bb16-1a200368d09d - - - - - -] ikepolicy is already registered
2026-07-16 00:57:36.389 8 INFO neutron.quota.resource_registry [None req-bc6b4efa-eaf8-4812-bb16-1a200368d09d - - - - - -] Creating instance of CountableResource for resource:ipsecpolicy
2026-07-16 00:57:36.389 8 WARNING neutron.quota.resource_registry [None req-bc6b4efa-eaf8-4812-bb16-1a200368d09d - - - - - -] ipsecpolicy is already registered
2026-07-16 00:57:36.389 8 INFO neutron.quota.resource_registry [None req-bc6b4efa-eaf8-4812-bb16-1a200368d09d - - - - - -] Creating instance of CountableResource for resource:endpoint_group
2026-07-16 00:57:36.389 8 WARNING neutron.quota.resource_registry [None req-bc6b4efa-eaf8-4812-bb16-1a200368d09d - - - - - -] endpoint_group is already registered
2026-07-16 00:57:36.390 8 INFO neutron.quota.resource_registry [None req-bc6b4efa-eaf8-4812-bb16-1a200368d09d - - - - - -] Creating instance of CountableResource for resource:vpnservice
2026-07-16 00:57:36.390 8 WARNING neutron.quota.resource_registry [None req-bc6b4efa-eaf8-4812-bb16-1a200368d09d - - - - - -] vpnservice is already registered
2026-07-16 00:57:36.390 8 INFO neutron.quota.resource_registry [None req-bc6b4efa-eaf8-4812-bb16-1a200368d09d - - - - - -] Creating instance of CountableResource for resource:ipsec_site_connection
2026-07-16 00:57:36.390 8 WARNING neutron.quota.resource_registry [None req-bc6b4efa-eaf8-4812-bb16-1a200368d09d - - - - - -] ipsec_site_connection is already registered
2026-07-16 00:57:36.391 8 INFO neutron.quota.resource_registry [None req-bc6b4efa-eaf8-4812-bb16-1a200368d09d - - - - - -] Creating instance of CountableResource for resource:ipsecpolicy
2026-07-16 00:57:36.391 8 WARNING neutron.quota.resource_registry [None req-bc6b4efa-eaf8-4812-bb16-1a200368d09d - - - - - -] ipsecpolicy is already registered
2026-07-16 00:57:36.391 8 INFO neutron.quota.resource_registry [None req-bc6b4efa-eaf8-4812-bb16-1a200368d09d - - - - - -] Creating instance of CountableResource for resource:ikepolicy
2026-07-16 00:57:36.391 8 WARNING neutron.quota.resource_registry [None req-bc6b4efa-eaf8-4812-bb16-1a200368d09d - - - - - -] ikepolicy is already registered
2026-07-16 00:57:36.429 8 WARNING keystonemiddleware._common.config [None req-bc6b4efa-eaf8-4812-bb16-1a200368d09d - - - - - -] The option "audit_map_file" is not known to keystonemiddleware
2026-07-16 00:57:36.435 8 WARNING keystonemiddleware.auth_token [None req-bc6b4efa-eaf8-4812-bb16-1a200368d09d - - - - - -] Configuring www_authenticate_uri to point to the public identity endpoint is required; clients may not be able to authenticate against an admin endpoint WSGI app 0 (mountpoint='') ready in 8 seconds on interpreter 0x7f872dd35668 pid: 8 (default app) /var/lib/openstack/lib/python3.12/site-packages/pycadf/identifier.py:70: UserWarning: Invalid uuid: unknown. To ensure interoperability, identifiers should be a valid uuid. warnings.warn(('Invalid uuid: %s. To ensure interoperability, '
2026-07-16 00:57:40.251 7 INFO neutron.pecan_wsgi.hooks.translation [None req-54e6f9ff-0059-49d4-b630-9861f6417c45 eec870b44f8a4a03b1d78ad6da90f54d 0e48f6c5ad954614b878132edcf8b09b - - default default] GET failed (client error): The resource could not be found. [pid: 7|app: 0|req: 3/3] 199.204.45.113 () {44 vars in 927 bytes} [Thu Jul 16 00:57:39 2026] GET /v2.0/networks/public => generated 108 bytes in 803 msecs (HTTP/1.1 404) 4 headers in 164 bytes (1 switches on core 0) /var/lib/openstack/lib/python3.12/site-packages/pycadf/identifier.py:70: UserWarning: Invalid uuid: unknown. To ensure interoperability, identifiers should be a valid uuid. warnings.warn(('Invalid uuid: %s. To ensure interoperability, ' [pid: 8|app: 0|req: 1/4] 199.204.45.113 () {44 vars in 949 bytes} [Thu Jul 16 00:57:40 2026] GET /v2.0/networks?name=public => generated 15 bytes in 349 msecs (HTTP/1.1 200) 4 headers in 156 bytes (1 switches on core 0)
2026-07-16 00:57:40.857 7 ERROR stevedore.extension [None req-1dd45dfd-78b0-4fdc-b488-225b69bda68e eec870b44f8a4a03b1d78ad6da90f54d 0e48f6c5ad954614b878132edcf8b09b - - default default] Could not load 'neutron-vpnaas': module 'neutron.conf.policies.base' has no attribute 'ADMIN_OR_PROJECT_MEMBER'
2026-07-16 00:57:40.859 7 ERROR stevedore.extension [None req-1dd45dfd-78b0-4fdc-b488-225b69bda68e eec870b44f8a4a03b1d78ad6da90f54d 0e48f6c5ad954614b878132edcf8b09b - - default default] Could not load 'neutron-dynamic-routing': module 'neutron.conf.policies.base' has no attribute 'ADMIN'
2026-07-16 00:57:40.860 7 ERROR stevedore.extension [None req-1dd45dfd-78b0-4fdc-b488-225b69bda68e eec870b44f8a4a03b1d78ad6da90f54d 0e48f6c5ad954614b878132edcf8b09b - - default default] Could not load 'tap-as-a-service': module 'neutron.conf.policies.base' has no attribute 'ADMIN_OR_PROJECT_MEMBER'
2026-07-16 00:57:41.148 7 WARNING neutron.services.revisions.revision_plugin [None req-1dd45dfd-78b0-4fdc-b488-225b69bda68e eec870b44f8a4a03b1d78ad6da90f54d 0e48f6c5ad954614b878132edcf8b09b - - default default] Could not find related network for resource to bump revision.
2026-07-16 00:57:41.168 7 INFO neutron.db.segments_db [None req-1dd45dfd-78b0-4fdc-b488-225b69bda68e eec870b44f8a4a03b1d78ad6da90f54d 0e48f6c5ad954614b878132edcf8b09b - - default default] Added segment fc8b4966-8427-4e5f-b4f5-ea0336d7bb2b of type flat for network 0559d5b0-07ab-4d91-b5ea-29d4757d2f72
2026-07-16 00:57:41.214 7 INFO neutron.pecan_wsgi.hooks.translation [None req-1dd45dfd-78b0-4fdc-b488-225b69bda68e eec870b44f8a4a03b1d78ad6da90f54d 0e48f6c5ad954614b878132edcf8b09b - - default default] POST failed (client error): The resource could not be found. [pid: 7|app: 0|req: 4/5] 199.204.45.113 () {48 vars in 967 bytes} [Thu Jul 16 00:57:40 2026] POST /v2.0/networks => generated 124 bytes in 630 msecs (HTTP/1.1 404) 4 headers in 164 bytes (1 switches on core 0)
2026-07-16 00:57:47.447 8 INFO neutron.pecan_wsgi.hooks.translation [None req-0c8553cd-98ff-4017-a9e0-ab19affb2b05 eec870b44f8a4a03b1d78ad6da90f54d 0e48f6c5ad954614b878132edcf8b09b - - default default] GET failed (client error): The resource could not be found. [pid: 8|app: 0|req: 2/6] 199.204.45.113 () {44 vars in 927 bytes} [Thu Jul 16 00:57:47 2026] GET /v2.0/networks/public => generated 108 bytes in 365 msecs (HTTP/1.1 404) 4 headers in 164 bytes (1 switches on core 0) [pid: 7|app: 0|req: 5/7] 199.204.45.113 () {44 vars in 949 bytes} [Thu Jul 16 00:57:47 2026] GET /v2.0/networks?name=public => generated 15 bytes in 32 msecs (HTTP/1.1 200) 4 headers in 156 bytes (1 switches on core 0)
2026-07-16 00:57:47.730 8 ERROR stevedore.extension [None req-c1a42ee7-f32e-4629-887a-eb49429dc4cc eec870b44f8a4a03b1d78ad6da90f54d 0e48f6c5ad954614b878132edcf8b09b - - default default] Could not load 'neutron-vpnaas': module 'neutron.conf.policies.base' has no attribute 'ADMIN_OR_PROJECT_MEMBER'
2026-07-16 00:57:47.732 8 ERROR stevedore.extension [None req-c1a42ee7-f32e-4629-887a-eb49429dc4cc eec870b44f8a4a03b1d78ad6da90f54d 0e48f6c5ad954614b878132edcf8b09b - - default default] Could not load 'neutron-dynamic-routing': module 'neutron.conf.policies.base' has no attribute 'ADMIN'
2026-07-16 00:57:47.733 8 ERROR stevedore.extension [None req-c1a42ee7-f32e-4629-887a-eb49429dc4cc eec870b44f8a4a03b1d78ad6da90f54d 0e48f6c5ad954614b878132edcf8b09b - - default default] Could not load 'tap-as-a-service': module 'neutron.conf.policies.base' has no attribute 'ADMIN_OR_PROJECT_MEMBER'
2026-07-16 00:57:47.906 8 WARNING neutron.services.revisions.revision_plugin [None req-c1a42ee7-f32e-4629-887a-eb49429dc4cc eec870b44f8a4a03b1d78ad6da90f54d 0e48f6c5ad954614b878132edcf8b09b - - default default] Could not find related network for resource to bump revision.
2026-07-16 00:57:47.928 8 INFO neutron.db.segments_db [None req-c1a42ee7-f32e-4629-887a-eb49429dc4cc eec870b44f8a4a03b1d78ad6da90f54d 0e48f6c5ad954614b878132edcf8b09b - - default default] Added segment 53acbac2-f5d5-4e1c-8d92-48d63be6a6a8 of type flat for network 533113b8-69d2-45af-b8f9-b67870982948
2026-07-16 00:57:47.989 8 INFO neutron.pecan_wsgi.hooks.translation [None req-c1a42ee7-f32e-4629-887a-eb49429dc4cc eec870b44f8a4a03b1d78ad6da90f54d 0e48f6c5ad954614b878132edcf8b09b - - default default] POST failed (client error): The resource could not be found. [pid: 8|app: 0|req: 3/8] 199.204.45.113 () {48 vars in 967 bytes} [Thu Jul 16 00:57:47 2026] POST /v2.0/networks => generated 124 bytes in 519 msecs (HTTP/1.1 404) 4 headers in 164 bytes (1 switches on core 0)
2026-07-16 00:57:53.805 8 INFO neutron.pecan_wsgi.hooks.translation [None req-009a0d36-994d-4921-8280-6262012c6774 eec870b44f8a4a03b1d78ad6da90f54d 0e48f6c5ad954614b878132edcf8b09b - - default default] GET failed (client error): The resource could not be found. [pid: 8|app: 0|req: 4/10] 199.204.45.113 () {44 vars in 927 bytes} [Thu Jul 16 00:57:53 2026] GET /v2.0/networks/public => generated 108 bytes in 47 msecs (HTTP/1.1 404) 4 headers in 164 bytes (1 switches on core 0) [pid: 7|app: 0|req: 7/11] 199.204.45.113 () {44 vars in 949 bytes} [Thu Jul 16 00:57:53 2026] GET /v2.0/networks?name=public => generated 15 bytes in 19 msecs (HTTP/1.1 200) 4 headers in 156 bytes (1 switches on core 0)
2026-07-16 00:57:53.878 8 WARNING neutron.services.revisions.revision_plugin [None req-1204388b-bc20-4cfe-ad3b-e5b10d0d473f eec870b44f8a4a03b1d78ad6da90f54d 0e48f6c5ad954614b878132edcf8b09b - - default default] Could not find related network for resource to bump revision.
2026-07-16 00:57:53.890 8 INFO neutron.db.segments_db [None req-1204388b-bc20-4cfe-ad3b-e5b10d0d473f eec870b44f8a4a03b1d78ad6da90f54d 0e48f6c5ad954614b878132edcf8b09b - - default default] Added segment 1734321c-27dc-4579-a906-378a86d8c286 of type flat for network 0f213f71-38ed-49e9-afe6-656b88915e97
2026-07-16 00:57:53.911 8 INFO neutron.pecan_wsgi.hooks.translation [None req-1204388b-bc20-4cfe-ad3b-e5b10d0d473f eec870b44f8a4a03b1d78ad6da90f54d 0e48f6c5ad954614b878132edcf8b09b - - default default] POST failed (client error): The resource could not be found. [pid: 8|app: 0|req: 5/12] 199.204.45.113 () {48 vars in 967 bytes} [Thu Jul 16 00:57:53 2026] POST /v2.0/networks => generated 124 bytes in 91 msecs (HTTP/1.1 404) 4 headers in 164 bytes (1 switches on core 0)
2026-07-16 00:57:59.750 7 INFO neutron.pecan_wsgi.hooks.translation [None req-caa7e939-abb0-4810-91d9-6ce34b781f19 eec870b44f8a4a03b1d78ad6da90f54d 0e48f6c5ad954614b878132edcf8b09b - - default default] GET failed (client error): The resource could not be found. [pid: 7|app: 0|req: 8/13] 199.204.45.113 () {44 vars in 927 bytes} [Thu Jul 16 00:57:59 2026] GET /v2.0/networks/public => generated 108 bytes in 46 msecs (HTTP/1.1 404) 4 headers in 164 bytes (1 switches on core 0) [pid: 8|app: 0|req: 6/14] 199.204.45.113 () {44 vars in 949 bytes} [Thu Jul 16 00:57:59 2026] GET /v2.0/networks?name=public => generated 15 bytes in 14 msecs (HTTP/1.1 200) 4 headers in 156 bytes (1 switches on core 0)
2026-07-16 00:58:00.033 7 WARNING neutron.services.revisions.revision_plugin [None req-a401acf8-fa51-4c84-93b6-8e37a366c3ca eec870b44f8a4a03b1d78ad6da90f54d 0e48f6c5ad954614b878132edcf8b09b - - default default] Could not find related network for resource to bump revision.
2026-07-16 00:58:00.054 7 INFO neutron.db.segments_db [None req-a401acf8-fa51-4c84-93b6-8e37a366c3ca eec870b44f8a4a03b1d78ad6da90f54d 0e48f6c5ad954614b878132edcf8b09b - - default default] Added segment e0088794-27f6-49ba-ba37-686f3a628bc7 of type flat for network e59b25bf-c441-4485-bec2-b04e9f4d0401
2026-07-16 00:58:00.079 7 INFO neutron.pecan_wsgi.hooks.translation [None req-a401acf8-fa51-4c84-93b6-8e37a366c3ca eec870b44f8a4a03b1d78ad6da90f54d 0e48f6c5ad954614b878132edcf8b09b - - default default] POST failed (client error): The resource could not be found. [pid: 7|app: 0|req: 9/15] 199.204.45.113 () {48 vars in 967 bytes} [Thu Jul 16 00:57:59 2026] POST /v2.0/networks => generated 124 bytes in 322 msecs (HTTP/1.1 404) 4 headers in 164 bytes (1 switches on core 0)
2026-07-16 00:58:05.929 7 INFO neutron.pecan_wsgi.hooks.translation [None req-3c802af2-bf14-4fbf-ab20-5171aca9582b eec870b44f8a4a03b1d78ad6da90f54d 0e48f6c5ad954614b878132edcf8b09b - - default default] GET failed (client error): The resource could not be found. [pid: 7|app: 0|req: 10/17] 199.204.45.113 () {44 vars in 927 bytes} [Thu Jul 16 00:58:05 2026] GET /v2.0/networks/public => generated 108 bytes in 49 msecs (HTTP/1.1 404) 4 headers in 164 bytes (1 switches on core 0) [pid: 8|app: 0|req: 8/18] 199.204.45.113 () {44 vars in 949 bytes} [Thu Jul 16 00:58:05 2026] GET /v2.0/networks?name=public => generated 15 bytes in 17 msecs (HTTP/1.1 200) 4 headers in 156 bytes (1 switches on core 0)
2026-07-16 00:58:06.009 7 WARNING neutron.services.revisions.revision_plugin [None req-f5202e8d-2806-41c2-b655-f5d474bd73e8 eec870b44f8a4a03b1d78ad6da90f54d 0e48f6c5ad954614b878132edcf8b09b - - default default] Could not find related network for resource to bump revision.
2026-07-16 00:58:06.036 7 INFO neutron.db.segments_db [None req-f5202e8d-2806-41c2-b655-f5d474bd73e8 eec870b44f8a4a03b1d78ad6da90f54d 0e48f6c5ad954614b878132edcf8b09b - - default default] Added segment 5ba3ef68-2a1f-465b-a19b-acd98a24c6d0 of type flat for network c878a456-17ac-4011-b22c-39ee34a099ea [pid: 7|app: 0|req: 11/19] 199.204.45.113 () {48 vars in 967 bytes} [Thu Jul 16 00:58:05 2026] POST /v2.0/networks => generated 706 bytes in 311 msecs (HTTP/1.1 201) 4 headers in 162 bytes (1 switches on core 0)
2026-07-16 00:58:07.412 8 INFO neutron.pecan_wsgi.hooks.translation [None req-42eb91e1-5eb5-47a6-8ea2-b4885303a94c eec870b44f8a4a03b1d78ad6da90f54d 0e48f6c5ad954614b878132edcf8b09b - - default default] GET failed (client error): The resource could not be found. [pid: 8|app: 0|req: 9/20] 199.204.45.113 () {44 vars in 927 bytes} [Thu Jul 16 00:58:07 2026] GET /v2.0/networks/public => generated 108 bytes in 44 msecs (HTTP/1.1 404) 4 headers in 164 bytes (1 switches on core 0) [pid: 7|app: 0|req: 12/21] 199.204.45.113 () {44 vars in 949 bytes} [Thu Jul 16 00:58:07 2026] GET /v2.0/networks?name=public => generated 709 bytes in 31 msecs (HTTP/1.1 200) 4 headers in 157 bytes (1 switches on core 0)
