2026-04-07 01:13:50.329 7 INFO neutron.db.segments_db [None req-371ba674-7f46-4465-854f-33f685d3bae5 1d9a7896edde4b698edacc8cf4e276ad 28234316fa7c41e2ac541c5e06b84852 - - default default] Added segment 8a10f1f1-8905-4917-959b-b435aa000cff of type geneve for network 0204b55c-4bce-4215-b12b-71250fffbf34
2026-04-07 01:13:50.441 7 INFO neutron.db.ovn_revision_numbers_db [None req-371ba674-7f46-4465-854f-33f685d3bae5 1d9a7896edde4b698edacc8cf4e276ad 28234316fa7c41e2ac541c5e06b84852 - - default default] Successfully bumped revision number for resource 0204b55c-4bce-4215-b12b-71250fffbf34 (type: networks) to 1
2026-04-07 01:13:50.584 7 WARNING neutron.scheduler.dhcp_agent_scheduler [None req-371ba674-7f46-4465-854f-33f685d3bae5 1d9a7896edde4b698edacc8cf4e276ad 28234316fa7c41e2ac541c5e06b84852 - - default default] No more DHCP agents
2026-04-07 01:13:50.587 7 WARNING neutron.api.rpc.agentnotifiers.dhcp_rpc_agent_api [None req-371ba674-7f46-4465-854f-33f685d3bae5 1d9a7896edde4b698edacc8cf4e276ad 28234316fa7c41e2ac541c5e06b84852 - - default default] Unable to schedule network 0204b55c-4bce-4215-b12b-71250fffbf34: no agents available; will retry on subsequent port and subnet creation events.
2026-04-07 01:13:50.647 7 INFO neutron.plugins.ml2.drivers.ovn.mech_driver.mech_driver [None req-7f446c50-22d0-4c68-a968-a395fb9497de - - - - - -] OVN reports status down for port: 3af3333d-9686-47ee-8289-d2cbb39f26e6
2026-04-07 01:13:50.704 7 INFO neutron.db.ovn_revision_numbers_db [None req-371ba674-7f46-4465-854f-33f685d3bae5 1d9a7896edde4b698edacc8cf4e276ad 28234316fa7c41e2ac541c5e06b84852 - - default default] Successfully bumped revision number for resource 3af3333d-9686-47ee-8289-d2cbb39f26e6 (type: ports) to 1 [pid: 7|app: 0|req: 750/1396] 10.0.0.178 () {34 vars in 670 bytes} [Tue Apr 7 01:13:50 2026] POST /v2.0/networks => generated 650 bytes in 521 msecs (HTTP/1.1 201) 4 headers in 162 bytes (1 switches on core 0)
2026-04-07 01:13:51.074 8 WARNING neutron.scheduler.dhcp_agent_scheduler [None req-35898af3-d531-4a1d-a088-ba370084cb00 1d9a7896edde4b698edacc8cf4e276ad 28234316fa7c41e2ac541c5e06b84852 - - default default] No more DHCP agents
2026-04-07 01:13:51.075 8 WARNING neutron.api.rpc.agentnotifiers.dhcp_rpc_agent_api [None req-35898af3-d531-4a1d-a088-ba370084cb00 1d9a7896edde4b698edacc8cf4e276ad 28234316fa7c41e2ac541c5e06b84852 - - default default] Unable to schedule network 5e33f759-70d8-42ad-8a3c-e5229598f8ae: no agents available; will retry on subsequent port and subnet creation events.
2026-04-07 01:13:51.175 7 INFO neutron.db.ovn_revision_numbers_db [None req-8788d59e-4774-4122-b7e1-ae0bdbbbe246 32553be1c8f34f238294b30a49b7b080 c1734db1062f4582856f3bd92a94ed47 - - default default] Successfully bumped revision number for resource d300f5e8-470e-4770-ab83-2f329bb07742 (type: security_groups) to 1
2026-04-07 01:13:51.196 7 INFO neutron.db.ovn_revision_numbers_db [None req-8788d59e-4774-4122-b7e1-ae0bdbbbe246 32553be1c8f34f238294b30a49b7b080 c1734db1062f4582856f3bd92a94ed47 - - default default] Successfully bumped revision number for resource 27fdd69a-6374-498c-9053-38287bd7c767 (type: security_group_rules) to 0
2026-04-07 01:13:51.208 7 INFO neutron.db.ovn_revision_numbers_db [None req-8788d59e-4774-4122-b7e1-ae0bdbbbe246 32553be1c8f34f238294b30a49b7b080 c1734db1062f4582856f3bd92a94ed47 - - default default] Successfully bumped revision number for resource 3b446f0a-7965-4920-8a86-e6cd3cf9f958 (type: security_group_rules) to 0
2026-04-07 01:13:51.221 7 INFO neutron.db.ovn_revision_numbers_db [None req-8788d59e-4774-4122-b7e1-ae0bdbbbe246 32553be1c8f34f238294b30a49b7b080 c1734db1062f4582856f3bd92a94ed47 - - default default] Successfully bumped revision number for resource 48e3835e-b1f6-45f8-9cda-30e18d66afb6 (type: security_group_rules) to 0
2026-04-07 01:13:51.231 7 INFO neutron.db.ovn_revision_numbers_db [None req-8788d59e-4774-4122-b7e1-ae0bdbbbe246 32553be1c8f34f238294b30a49b7b080 c1734db1062f4582856f3bd92a94ed47 - - default default] Successfully bumped revision number for resource 578b2c35-36ac-4b33-a14f-3a11697fdc73 (type: security_group_rules) to 0
2026-04-07 01:13:51.342 7 INFO neutron.db.ovn_revision_numbers_db [None req-8788d59e-4774-4122-b7e1-ae0bdbbbe246 32553be1c8f34f238294b30a49b7b080 c1734db1062f4582856f3bd92a94ed47 - - default default] Successfully bumped revision number for resource 31d542cb-4215-44e1-a73d-5c6e2275c22c (type: security_groups) to 1
2026-04-07 01:13:51.353 7 INFO neutron.db.ovn_revision_numbers_db [None req-8788d59e-4774-4122-b7e1-ae0bdbbbe246 32553be1c8f34f238294b30a49b7b080 c1734db1062f4582856f3bd92a94ed47 - - default default] Successfully bumped revision number for resource 3b70c4c8-7214-4e38-bea3-ff219026c8dc (type: security_group_rules) to 0
2026-04-07 01:13:51.371 7 INFO neutron.db.ovn_revision_numbers_db [None req-8788d59e-4774-4122-b7e1-ae0bdbbbe246 32553be1c8f34f238294b30a49b7b080 c1734db1062f4582856f3bd92a94ed47 - - default default] Successfully bumped revision number for resource 42fc3073-eca1-4d95-ad17-eeb01192c03c (type: security_group_rules) to 0 [pid: 7|app: 0|req: 751/1397] 10.0.0.178 () {34 vars in 684 bytes} [Tue Apr 7 01:13:50 2026] POST /v2.0/security-groups => generated 1624 bytes in 530 msecs (HTTP/1.1 201) 4 headers in 163 bytes (1 switches on core 0) [pid: 7|app: 0|req: 752/1398] 10.0.0.178 () {32 vars in 663 bytes} [Tue Apr 7 01:13:51 2026] GET /v2.0/security-groups => generated 4529 bytes in 39 msecs (HTTP/1.1 200) 4 headers in 158 bytes (1 switches on core 0)
2026-04-07 01:13:51.529 7 INFO neutron.db.ovn_revision_numbers_db [None req-2c2025c7-e1a8-4f65-afbc-9956324d6846 32553be1c8f34f238294b30a49b7b080 c1734db1062f4582856f3bd92a94ed47 - - default default] Successfully bumped revision number for resource 31d542cb-4215-44e1-a73d-5c6e2275c22c (type: security_groups) to 2 [pid: 7|app: 0|req: 753/1399] 10.0.0.178 () {34 vars in 758 bytes} [Tue Apr 7 01:13:51 2026] PUT /v2.0/security-groups/31d542cb-4215-44e1-a73d-5c6e2275c22c => generated 1663 bytes in 113 msecs (HTTP/1.1 200) 4 headers in 158 bytes (1 switches on core 0)
2026-04-07 01:13:51.577 8 INFO neutron.db.ovn_revision_numbers_db [None req-83c62fca-3f73-4d97-992b-dbe014517edf - - - - - -] Successfully bumped revision number for resource e70f469e-72d7-4dd8-9792-b56ab4aba608 (type: ports) to 2 [pid: 7|app: 0|req: 754/1400] 10.0.0.178 () {32 vars in 737 bytes} [Tue Apr 7 01:13:51 2026] GET /v2.0/security-groups/31d542cb-4215-44e1-a73d-5c6e2275c22c => generated 1663 bytes in 24 msecs (HTTP/1.1 200) 4 headers in 158 bytes (1 switches on core 0)
2026-04-07 01:13:51.613 8 INFO neutron.db.ovn_revision_numbers_db [None req-83c62fca-3f73-4d97-992b-dbe014517edf - - - - - -] Successfully bumped revision number for resource ebfd27be-1472-49cd-9f31-96770043b0a9 (type: subnets) to 0
2026-04-07 01:13:51.639 8 WARNING neutron.scheduler.dhcp_agent_scheduler [None req-35898af3-d531-4a1d-a088-ba370084cb00 1d9a7896edde4b698edacc8cf4e276ad 28234316fa7c41e2ac541c5e06b84852 - - default default] No more DHCP agents
2026-04-07 01:13:51.641 8 WARNING neutron.api.rpc.agentnotifiers.dhcp_rpc_agent_api [None req-35898af3-d531-4a1d-a088-ba370084cb00 1d9a7896edde4b698edacc8cf4e276ad 28234316fa7c41e2ac541c5e06b84852 - - default default] Unable to schedule network 0204b55c-4bce-4215-b12b-71250fffbf34: no agents available; will retry on subsequent port and subnet creation events. [pid: 7|app: 0|req: 755/1401] 10.0.0.178 () {32 vars in 740 bytes} [Tue Apr 7 01:13:51 2026] DELETE /v2.0/security-groups/31d542cb-4215-44e1-a73d-5c6e2275c22c => generated 0 bytes in 123 msecs (HTTP/1.1 204) 2 headers in 112 bytes (1 switches on core 0) [pid: 7|app: 0|req: 756/1402] 10.0.0.178 () {32 vars in 663 bytes} [Tue Apr 7 01:13:51 2026] GET /v2.0/security-groups => generated 2925 bytes in 36 msecs (HTTP/1.1 200) 4 headers in 158 bytes (1 switches on core 0)
2026-04-07 01:13:51.799 7 INFO neutron.api.v2.resource [None req-1bc843e6-87d6-4ab7-98a4-190fffc9228c 32553be1c8f34f238294b30a49b7b080 c1734db1062f4582856f3bd92a94ed47 - - default default] delete failed (client error): The resource could not be found. [pid: 7|app: 0|req: 757/1403] 10.0.0.178 () {32 vars in 740 bytes} [Tue Apr 7 01:13:51 2026] DELETE /v2.0/security-groups/31d542cb-4215-44e1-a73d-5c6e2275c22c => generated 146 bytes in 20 msecs (HTTP/1.1 404) 4 headers in 164 bytes (1 switches on core 0)
2026-04-07 01:13:51.970 7 INFO neutron.db.ovn_revision_numbers_db [None req-b60547c0-082c-40a1-90f8-6c013c4d3f76 32553be1c8f34f238294b30a49b7b080 c1734db1062f4582856f3bd92a94ed47 - - default default] Successfully bumped revision number for resource aa1930aa-0a28-4748-9f16-70ade3070df3 (type: security_groups) to 1
2026-04-07 01:13:51.983 7 INFO neutron.db.ovn_revision_numbers_db [None req-b60547c0-082c-40a1-90f8-6c013c4d3f76 32553be1c8f34f238294b30a49b7b080 c1734db1062f4582856f3bd92a94ed47 - - default default] Successfully bumped revision number for resource d3b48a43-58e1-47b7-bcf6-cd97e4197f6e (type: security_group_rules) to 0
2026-04-07 01:13:51.994 7 INFO neutron.db.ovn_revision_numbers_db [None req-b60547c0-082c-40a1-90f8-6c013c4d3f76 32553be1c8f34f238294b30a49b7b080 c1734db1062f4582856f3bd92a94ed47 - - default default] Successfully bumped revision number for resource e1ed2387-af8e-4e8e-9fa1-e6c9022034f0 (type: security_group_rules) to 0 [pid: 7|app: 0|req: 758/1404] 10.0.0.178 () {34 vars in 684 bytes} [Tue Apr 7 01:13:51 2026] POST /v2.0/security-groups => generated 1624 bytes in 231 msecs (HTTP/1.1 201) 4 headers in 163 bytes (1 switches on core 0)
2026-04-07 01:13:52.099 8 INFO neutron.db.ovn_revision_numbers_db [None req-3931298e-c3b8-4d1b-a665-a23392c81301 - - - - - -] Successfully bumped revision number for resource 3af3333d-9686-47ee-8289-d2cbb39f26e6 (type: ports) to 2
2026-04-07 01:13:52.131 8 INFO neutron.db.ovn_revision_numbers_db [None req-3931298e-c3b8-4d1b-a665-a23392c81301 - - - - - -] Successfully bumped revision number for resource 116e7931-db7f-4939-9622-8fa011d58666 (type: subnets) to 0 [pid: 8|app: 0|req: 647/1405] 10.0.0.178 () {34 vars in 669 bytes} [Tue Apr 7 01:13:50 2026] POST /v2.0/subnets => generated 1274 bytes in 1369 msecs (HTTP/1.1 201) 4 headers in 163 bytes (1 switches on core 0)
2026-04-07 01:13:52.188 7 INFO neutron.db.ovn_revision_numbers_db [None req-6b4204b5-c092-45aa-bc5e-3d679d2de02b 32553be1c8f34f238294b30a49b7b080 c1734db1062f4582856f3bd92a94ed47 - - default default] Successfully bumped revision number for resource 4664897f-cb3e-42af-905c-185c466d00f1 (type: security_group_rules) to 0 [pid: 8|app: 0|req: 648/1406] 10.0.0.178 () {32 vars in 647 bytes} [Tue Apr 7 01:13:52 2026] GET /v2.0/subnets => generated 1910 bytes in 36 msecs (HTTP/1.1 200) 4 headers in 158 bytes (1 switches on core 0) [pid: 7|app: 0|req: 759/1407] 10.0.0.178 () {34 vars in 695 bytes} [Tue Apr 7 01:13:52 2026] POST /v2.0/security-group-rules => generated 601 bytes in 173 msecs (HTTP/1.1 201) 4 headers in 162 bytes (1 switches on core 0) [pid: 7|app: 0|req: 760/1408] 10.0.0.178 () {32 vars in 747 bytes} [Tue Apr 7 01:13:52 2026] GET /v2.0/security-group-rules/4664897f-cb3e-42af-905c-185c466d00f1 => generated 601 bytes in 12 msecs (HTTP/1.1 200) 4 headers in 157 bytes (1 switches on core 0) [pid: 7|app: 0|req: 761/1409] 10.0.0.178 () {32 vars in 673 bytes} [Tue Apr 7 01:13:52 2026] GET /v2.0/security-group-rules => generated 4138 bytes in 60 msecs (HTTP/1.1 200) 4 headers in 158 bytes (1 switches on core 0) [pid: 8|app: 0|req: 649/1410] 10.0.0.178 () {32 vars in 724 bytes} [Tue Apr 7 01:13:52 2026] DELETE /v2.0/subnets/ebfd27be-1472-49cd-9f31-96770043b0a9 => generated 0 bytes in 166 msecs (HTTP/1.1 204) 3 headers in 131 bytes (1 switches on core 0) [pid: 7|app: 0|req: 762/1411] 10.0.0.178 () {32 vars in 750 bytes} [Tue Apr 7 01:13:52 2026] DELETE /v2.0/security-group-rules/4664897f-cb3e-42af-905c-185c466d00f1 => generated 0 bytes in 102 msecs (HTTP/1.1 204) 2 headers in 112 bytes (1 switches on core 0) [pid: 7|app: 0|req: 763/1412] 10.0.0.178 () {32 vars in 673 bytes} [Tue Apr 7 01:13:52 2026] GET /v2.0/security-group-rules => generated 3560 bytes in 44 msecs (HTTP/1.1 200) 4 headers in 158 bytes (1 switches on core 0) [pid: 8|app: 0|req: 650/1413] 10.0.0.178 () {32 vars in 724 bytes} [Tue Apr 7 01:13:52 2026] DELETE /v2.0/subnets/116e7931-db7f-4939-9622-8fa011d58666 => generated 0 bytes in 149 msecs (HTTP/1.1 204) 3 headers in 131 bytes (1 switches on core 0) [pid: 8|app: 0|req: 651/1414] 10.0.0.178 () {32 vars in 647 bytes} [Tue Apr 7 01:13:52 2026] GET /v2.0/subnets => generated 649 bytes in 22 msecs (HTTP/1.1 200) 4 headers in 157 bytes (1 switches on core 0)
2026-04-07 01:13:52.571 7 INFO neutron.db.ovn_revision_numbers_db [None req-d9e41485-4ee5-4029-b753-acfc4686c237 32553be1c8f34f238294b30a49b7b080 c1734db1062f4582856f3bd92a94ed47 - - default default] Successfully bumped revision number for resource 7736838c-cf96-4b6f-ae43-21d4c65927f4 (type: security_group_rules) to 0 [pid: 7|app: 0|req: 764/1415] 10.0.0.178 () {34 vars in 695 bytes} [Tue Apr 7 01:13:52 2026] POST /v2.0/security-group-rules => generated 601 bytes in 149 msecs (HTTP/1.1 201) 4 headers in 162 bytes (1 switches on core 0) [pid: 7|app: 0|req: 765/1416] 10.0.0.178 () {32 vars in 747 bytes} [Tue Apr 7 01:13:52 2026] GET /v2.0/security-group-rules/7736838c-cf96-4b6f-ae43-21d4c65927f4 => generated 601 bytes in 18 msecs (HTTP/1.1 200) 4 headers in 157 bytes (1 switches on core 0)
2026-04-07 01:13:52.665 8 INFO neutron_taas.services.taas.taas_plugin [None req-760c2d0e-ce1a-433f-8a3e-3eed97b56340 1d9a7896edde4b698edacc8cf4e276ad 28234316fa7c41e2ac541c5e06b84852 - - default default] TaaS: Handle Delete Port: 3af3333d-9686-47ee-8289-d2cbb39f26e6
2026-04-07 01:13:52.668 8 INFO neutron_taas.services.taas.tap_mirror_plugin [None req-760c2d0e-ce1a-433f-8a3e-3eed97b56340 1d9a7896edde4b698edacc8cf4e276ad 28234316fa7c41e2ac541c5e06b84852 - - default default] Tap Mirror: Handle Delete Port: 3af3333d-9686-47ee-8289-d2cbb39f26e6 [pid: 7|app: 0|req: 766/1417] 10.0.0.178 () {32 vars in 673 bytes} [Tue Apr 7 01:13:52 2026] GET /v2.0/security-group-rules => generated 4138 bytes in 65 msecs (HTTP/1.1 200) 4 headers in 158 bytes (1 switches on core 0) [pid: 7|app: 0|req: 767/1418] 10.0.0.178 () {32 vars in 750 bytes} [Tue Apr 7 01:13:52 2026] DELETE /v2.0/security-group-rules/7736838c-cf96-4b6f-ae43-21d4c65927f4 => generated 0 bytes in 128 msecs (HTTP/1.1 204) 2 headers in 112 bytes (1 switches on core 0)
2026-04-07 01:13:52.861 8 INFO neutron.services.segments.plugin [-] Segment 8a10f1f1-8905-4917-959b-b435aa000cff resource provider aggregate not found
2026-04-07 01:13:52.865 8 INFO neutron.services.segments.plugin [-] Segment 8a10f1f1-8905-4917-959b-b435aa000cff resource provider aggregate not found
2026-04-07 01:13:52.880 8 INFO neutron.services.segments.plugin [-] Segment 8a10f1f1-8905-4917-959b-b435aa000cff resource provider not found; error: Placement Client Error (4xx): {"errors": [{"status": 404, "title": "Not Found", "detail": "The resource could not be found.\n\n No resource provider with uuid 8a10f1f1-8905-4917-959b-b435aa000cff found for delete ", "request_id": "req-59eaaa75-b035-4caa-855b-a94d164b21bf"}]}
2026-04-07 01:13:52.893 8 INFO neutron.services.segments.plugin [-] Segment 8a10f1f1-8905-4917-959b-b435aa000cff resource provider not found; error: Placement Client Error (4xx): {"errors": [{"status": 404, "title": "Not Found", "detail": "The resource could not be found.\n\n No resource provider with uuid 8a10f1f1-8905-4917-959b-b435aa000cff found for delete ", "request_id": "req-856859f9-1501-424b-82b1-1ca2522aa47d"}]} [pid: 7|app: 0|req: 768/1419] 10.0.0.178 () {32 vars in 673 bytes} [Tue Apr 7 01:13:52 2026] GET /v2.0/security-group-rules => generated 3560 bytes in 68 msecs (HTTP/1.1 200) 4 headers in 158 bytes (1 switches on core 0) [pid: 8|app: 0|req: 652/1420] 10.0.0.178 () {32 vars in 726 bytes} [Tue Apr 7 01:13:52 2026] DELETE /v2.0/networks/0204b55c-4bce-4215-b12b-71250fffbf34 => generated 0 bytes in 364 msecs (HTTP/1.1 204) 3 headers in 131 bytes (1 switches on core 0)
2026-04-07 01:13:52.951 7 INFO neutron.db.securitygroups_db [None req-c35024a7-bd07-46a2-9c6d-e7df088619ac 32553be1c8f34f238294b30a49b7b080 c1734db1062f4582856f3bd92a94ed47 - - default default] Project c1734db1062f4582856f3bd92a94ed47 added a security group rule with legacy IPv6 ICMP protocol name icmp, ipv6-icmp should be used instead. It was automatically converted.
2026-04-07 01:13:53.053 7 INFO neutron.db.ovn_revision_numbers_db [None req-c35024a7-bd07-46a2-9c6d-e7df088619ac 32553be1c8f34f238294b30a49b7b080 c1734db1062f4582856f3bd92a94ed47 - - default default] Successfully bumped revision number for resource b6cc33a8-3c4a-4429-8211-806f231c60ce (type: security_group_rules) to 0
2026-04-07 01:13:53.068 8 INFO neutron_taas.services.taas.taas_plugin [None req-4c03cbdd-aaf9-4529-bc81-00e6e728096a 1d9a7896edde4b698edacc8cf4e276ad 28234316fa7c41e2ac541c5e06b84852 - - default default] TaaS: Handle Delete Port: e70f469e-72d7-4dd8-9792-b56ab4aba608
2026-04-07 01:13:53.071 8 INFO neutron_taas.services.taas.tap_mirror_plugin [None req-4c03cbdd-aaf9-4529-bc81-00e6e728096a 1d9a7896edde4b698edacc8cf4e276ad 28234316fa7c41e2ac541c5e06b84852 - - default default] Tap Mirror: Handle Delete Port: e70f469e-72d7-4dd8-9792-b56ab4aba608 [pid: 7|app: 0|req: 769/1421] 10.0.0.178 () {34 vars in 695 bytes} [Tue Apr 7 01:13:52 2026] POST /v2.0/security-group-rules => generated 607 bytes in 169 msecs (HTTP/1.1 201) 4 headers in 162 bytes (1 switches on core 0) [pid: 7|app: 0|req: 770/1422] 10.0.0.178 () {32 vars in 747 bytes} [Tue Apr 7 01:13:53 2026] GET /v2.0/security-group-rules/b6cc33a8-3c4a-4429-8211-806f231c60ce => generated 607 bytes in 26 msecs (HTTP/1.1 200) 4 headers in 157 bytes (1 switches on core 0) [pid: 7|app: 0|req: 771/1423] 10.0.0.178 () {32 vars in 673 bytes} [Tue Apr 7 01:13:53 2026] GET /v2.0/security-group-rules => generated 4144 bytes in 64 msecs (HTTP/1.1 200) 4 headers in 158 bytes (1 switches on core 0) [pid: 8|app: 0|req: 653/1424] 10.0.0.178 () {32 vars in 726 bytes} [Tue Apr 7 01:13:52 2026] DELETE /v2.0/networks/5e33f759-70d8-42ad-8a3c-e5229598f8ae => generated 0 bytes in 356 msecs (HTTP/1.1 204) 3 headers in 131 bytes (1 switches on core 0)
2026-04-07 01:13:53.305 7 WARNING keystonemiddleware.audit [None req-839d5ffa-1c12-46f7-a919-4071f05469d0 32553be1c8f34f238294b30a49b7b080 c1734db1062f4582856f3bd92a94ed47 - - default default] Skipping service tempest-service-131574730 as it have no endpoints. [pid: 8|app: 0|req: 654/1425] 10.0.0.178 () {32 vars in 750 bytes} [Tue Apr 7 01:13:53 2026] DELETE /v2.0/security-group-rules/b6cc33a8-3c4a-4429-8211-806f231c60ce => generated 0 bytes in 128 msecs (HTTP/1.1 204) 2 headers in 112 bytes (1 switches on core 0)
2026-04-07 01:13:53.449 7 INFO neutron.db.ovn_revision_numbers_db [None req-cc999706-30c8-4a27-b190-d9b722e8a6c5 11fbf00957104477bbc94e1583f07d2b 2365d97e9530468daf5f3b61143af571 - - default default] Successfully bumped revision number for resource b6309b50-4e29-447c-86b4-55786b2f20d0 (type: security_groups) to 1
2026-04-07 01:13:53.463 7 INFO neutron.db.ovn_revision_numbers_db [None req-cc999706-30c8-4a27-b190-d9b722e8a6c5 11fbf00957104477bbc94e1583f07d2b 2365d97e9530468daf5f3b61143af571 - - default default] Successfully bumped revision number for resource 1480af97-13a9-4d8f-bfc8-339e658afc37 (type: security_group_rules) to 0
2026-04-07 01:13:53.478 7 INFO neutron.db.ovn_revision_numbers_db [None req-cc999706-30c8-4a27-b190-d9b722e8a6c5 11fbf00957104477bbc94e1583f07d2b 2365d97e9530468daf5f3b61143af571 - - default default] Successfully bumped revision number for resource 5eb0aee0-e0e8-4ccf-bf2b-e83e16d2bbfb (type: security_group_rules) to 0
2026-04-07 01:13:53.491 7 INFO neutron.db.ovn_revision_numbers_db [None req-cc999706-30c8-4a27-b190-d9b722e8a6c5 11fbf00957104477bbc94e1583f07d2b 2365d97e9530468daf5f3b61143af571 - - default default] Successfully bumped revision number for resource 97d1451a-df97-4acb-baef-8fc2b5333a1f (type: security_group_rules) to 0
2026-04-07 01:13:53.501 7 INFO neutron.db.ovn_revision_numbers_db [None req-cc999706-30c8-4a27-b190-d9b722e8a6c5 11fbf00957104477bbc94e1583f07d2b 2365d97e9530468daf5f3b61143af571 - - default default] Successfully bumped revision number for resource d6cf7592-d20e-42eb-ac52-6d3512a4dcfa (type: security_group_rules) to 0 [pid: 7|app: 0|req: 772/1426] 10.0.0.178 () {32 vars in 774 bytes} [Tue Apr 7 01:13:53 2026] GET /v2.0/security-groups?tenant_id=3dbb762a993a41ac97a3baa1a58cc1f1&name=default => generated 2925 bytes in 352 msecs (HTTP/1.1 200) 4 headers in 158 bytes (1 switches on core 0)
2026-04-07 01:13:53.552 8 INFO neutron_taas.services.taas.taas_plugin [None req-213d432a-b5c1-439c-ad5f-09b0d3badbf3 1d9a7896edde4b698edacc8cf4e276ad 28234316fa7c41e2ac541c5e06b84852 - - default default] TaaS: Handle Delete Port: 26fc3b6b-8708-4099-9513-4766cbe83b46
2026-04-07 01:13:53.554 8 INFO neutron_taas.services.taas.tap_mirror_plugin [None req-213d432a-b5c1-439c-ad5f-09b0d3badbf3 1d9a7896edde4b698edacc8cf4e276ad 28234316fa7c41e2ac541c5e06b84852 - - default default] Tap Mirror: Handle Delete Port: 26fc3b6b-8708-4099-9513-4766cbe83b46 [pid: 7|app: 0|req: 773/1427] 10.0.0.178 () {32 vars in 673 bytes} [Tue Apr 7 01:13:53 2026] GET /v2.0/security-group-rules => generated 3560 bytes in 45 msecs (HTTP/1.1 200) 4 headers in 158 bytes (1 switches on core 0)
2026-04-07 01:13:53.581 7 WARNING keystonemiddleware.audit [None req-45e39340-a2cc-489a-a112-a7e02f8f91ad 32553be1c8f34f238294b30a49b7b080 c1734db1062f4582856f3bd92a94ed47 - - default default] Skipping service tempest-service-131574730 as it have no endpoints. [pid: 8|app: 0|req: 655/1428] 10.0.0.178 () {32 vars in 726 bytes} [Tue Apr 7 01:13:53 2026] DELETE /v2.0/networks/bfcc14f7-ac1f-4660-99a2-69f89c30b1f1 => generated 0 bytes in 389 msecs (HTTP/1.1 204) 3 headers in 131 bytes (1 switches on core 0) [pid: 7|app: 0|req: 774/1429] 10.0.0.178 () {32 vars in 740 bytes} [Tue Apr 7 01:13:53 2026] DELETE /v2.0/security-groups/b6309b50-4e29-447c-86b4-55786b2f20d0 => generated 0 bytes in 235 msecs (HTTP/1.1 204) 2 headers in 112 bytes (1 switches on core 0) [pid: 8|app: 0|req: 656/1430] 10.0.0.178 () {32 vars in 740 bytes} [Tue Apr 7 01:13:53 2026] DELETE /v2.0/security-groups/aa1930aa-0a28-4748-9f16-70ade3070df3 => generated 0 bytes in 98 msecs (HTTP/1.1 204) 2 headers in 112 bytes (1 switches on core 0)
2026-04-07 01:13:53.931 7 INFO neutron_taas.services.taas.taas_plugin [None req-6dee4115-9d18-4e3f-a5a5-febbe2c60064 1d9a7896edde4b698edacc8cf4e276ad 28234316fa7c41e2ac541c5e06b84852 - - default default] TaaS: Handle Delete Port: 846db5bd-2282-4667-8d5d-f8db8157dfc8
2026-04-07 01:13:53.933 7 INFO neutron_taas.services.taas.tap_mirror_plugin [None req-6dee4115-9d18-4e3f-a5a5-febbe2c60064 1d9a7896edde4b698edacc8cf4e276ad 28234316fa7c41e2ac541c5e06b84852 - - default default] Tap Mirror: Handle Delete Port: 846db5bd-2282-4667-8d5d-f8db8157dfc8 [pid: 8|app: 0|req: 657/1431] 10.0.0.178 () {32 vars in 663 bytes} [Tue Apr 7 01:13:53 2026] GET /v2.0/security-groups => generated 2925 bytes in 40 msecs (HTTP/1.1 200) 4 headers in 158 bytes (1 switches on core 0)
2026-04-07 01:13:53.941 8 WARNING keystonemiddleware.audit [None req-d0b1e2c4-72c4-4cb8-be81-22d6b97980ee 32553be1c8f34f238294b30a49b7b080 c1734db1062f4582856f3bd92a94ed47 - - default default] Skipping service tempest-service-131574730 as it have no endpoints.
2026-04-07 01:13:54.078 8 INFO neutron.db.ovn_revision_numbers_db [None req-312bde6c-2310-42dd-a8e4-33fb489d711a 11fbf00957104477bbc94e1583f07d2b 2365d97e9530468daf5f3b61143af571 - - default default] Successfully bumped revision number for resource 02ee5ad5-66b1-4873-960c-5778ac0ef97c (type: security_groups) to 1
2026-04-07 01:13:54.092 8 INFO neutron.db.ovn_revision_numbers_db [None req-312bde6c-2310-42dd-a8e4-33fb489d711a 11fbf00957104477bbc94e1583f07d2b 2365d97e9530468daf5f3b61143af571 - - default default] Successfully bumped revision number for resource 0ea7c852-3d24-471f-8458-e61b683b04bb (type: security_group_rules) to 0
2026-04-07 01:13:54.107 8 INFO neutron.db.ovn_revision_numbers_db [None req-312bde6c-2310-42dd-a8e4-33fb489d711a 11fbf00957104477bbc94e1583f07d2b 2365d97e9530468daf5f3b61143af571 - - default default] Successfully bumped revision number for resource 981fc8c9-5e0c-4036-b1aa-aaed14a9ca01 (type: security_group_rules) to 0
2026-04-07 01:13:54.113 7 INFO neutron.services.segments.plugin [-] Segment 5de2f784-762b-4eae-b26a-da90e5a1330d resource provider aggregate not found
2026-04-07 01:13:54.116 7 INFO neutron.services.segments.plugin [-] Segment 5de2f784-762b-4eae-b26a-da90e5a1330d resource provider aggregate not found
2026-04-07 01:13:54.117 8 INFO neutron.db.ovn_revision_numbers_db [None req-312bde6c-2310-42dd-a8e4-33fb489d711a 11fbf00957104477bbc94e1583f07d2b 2365d97e9530468daf5f3b61143af571 - - default default] Successfully bumped revision number for resource f247802b-4ee1-4712-8aac-f5a571865139 (type: security_group_rules) to 0
2026-04-07 01:13:54.132 8 INFO neutron.db.ovn_revision_numbers_db [None req-312bde6c-2310-42dd-a8e4-33fb489d711a 11fbf00957104477bbc94e1583f07d2b 2365d97e9530468daf5f3b61143af571 - - default default] Successfully bumped revision number for resource f78a073f-02a3-446b-b38d-07d3af9176e7 (type: security_group_rules) to 0
2026-04-07 01:13:54.139 7 INFO neutron.services.segments.plugin [-] Segment 5de2f784-762b-4eae-b26a-da90e5a1330d resource provider not found; error: Placement Client Error (4xx): {"errors": [{"status": 404, "title": "Not Found", "detail": "The resource could not be found.\n\n No resource provider with uuid 5de2f784-762b-4eae-b26a-da90e5a1330d found for delete ", "request_id": "req-5577a7a0-df80-40bf-8fbd-5c2f8c219cfe"}]}
2026-04-07 01:13:54.139 7 INFO neutron.services.segments.plugin [-] Segment 5de2f784-762b-4eae-b26a-da90e5a1330d resource provider not found; error: Placement Client Error (4xx): {"errors": [{"status": 404, "title": "Not Found", "detail": "The resource could not be found.\n\n No resource provider with uuid 5de2f784-762b-4eae-b26a-da90e5a1330d found for delete ", "request_id": "req-8a07857e-08f9-4dd5-8897-7eb103a72b69"}]} [pid: 8|app: 0|req: 658/1432] 10.0.0.178 () {32 vars in 774 bytes} [Tue Apr 7 01:13:53 2026] GET /v2.0/security-groups?tenant_id=bb546712cda24defa917ff0b816f220c&name=default => generated 2925 bytes in 231 msecs (HTTP/1.1 200) 4 headers in 158 bytes (1 switches on core 0) [pid: 7|app: 0|req: 775/1433] 10.0.0.178 () {32 vars in 726 bytes} [Tue Apr 7 01:13:53 2026] DELETE /v2.0/networks/fcd0b786-e0ea-408d-97cb-f2442d6e987e => generated 0 bytes in 360 msecs (HTTP/1.1 204) 3 headers in 131 bytes (1 switches on core 0)
2026-04-07 01:13:54.180 7 WARNING keystonemiddleware.audit [None req-6dee4115-9d18-4e3f-a5a5-febbe2c60064 1d9a7896edde4b698edacc8cf4e276ad 28234316fa7c41e2ac541c5e06b84852 - - default default] Skipping service tempest-service-131574730 as it have no endpoints. [pid: 8|app: 0|req: 659/1434] 10.0.0.178 () {32 vars in 663 bytes} [Tue Apr 7 01:13:54 2026] GET /v2.0/security-groups => generated 2925 bytes in 50 msecs (HTTP/1.1 200) 4 headers in 158 bytes (1 switches on core 0) [pid: 7|app: 0|req: 776/1435] 10.0.0.178 () {32 vars in 740 bytes} [Tue Apr 7 01:13:54 2026] DELETE /v2.0/security-groups/02ee5ad5-66b1-4873-960c-5778ac0ef97c => generated 0 bytes in 274 msecs (HTTP/1.1 204) 2 headers in 112 bytes (1 switches on core 0) [pid: 7|app: 0|req: 777/1436] 10.0.0.178 () {32 vars in 774 bytes} [Tue Apr 7 01:13:54 2026] GET /v2.0/security-groups?tenant_id=c1734db1062f4582856f3bd92a94ed47&name=default => generated 2925 bytes in 85 msecs (HTTP/1.1 200) 4 headers in 158 bytes (1 switches on core 0) [pid: 7|app: 0|req: 778/1437] 10.0.0.178 () {32 vars in 774 bytes} [Tue Apr 7 01:13:54 2026] GET /v2.0/security-groups?tenant_id=28234316fa7c41e2ac541c5e06b84852&name=default => generated 2925 bytes in 81 msecs (HTTP/1.1 200) 4 headers in 158 bytes (1 switches on core 0)
2026-04-07 01:13:54.912 8 INFO neutron.services.segments.plugin [-] Segment 976e3c2a-7604-4a9e-a39b-3c6a2e85beb0 resource provider aggregate not found
2026-04-07 01:13:54.925 8 INFO neutron.services.segments.plugin [-] Segment 976e3c2a-7604-4a9e-a39b-3c6a2e85beb0 resource provider aggregate not found
2026-04-07 01:13:54.938 8 INFO neutron.services.segments.plugin [-] Segment 976e3c2a-7604-4a9e-a39b-3c6a2e85beb0 resource provider not found; error: Placement Client Error (4xx): {"errors": [{"status": 404, "title": "Not Found", "detail": "The resource could not be found.\n\n No resource provider with uuid 976e3c2a-7604-4a9e-a39b-3c6a2e85beb0 found for delete ", "request_id": "req-ef23b492-e90c-4ef2-80fd-b049f45ea997"}]}
2026-04-07 01:13:54.946 8 INFO neutron.services.segments.plugin [-] Segment 976e3c2a-7604-4a9e-a39b-3c6a2e85beb0 resource provider not found; error: Placement Client Error (4xx): {"errors": [{"status": 404, "title": "Not Found", "detail": "The resource could not be found.\n\n No resource provider with uuid 976e3c2a-7604-4a9e-a39b-3c6a2e85beb0 found for delete ", "request_id": "req-decc7cd7-01a4-4363-98eb-f2bf52dd379e"}]}
2026-04-07 01:13:54.960 8 INFO neutron.services.segments.plugin [-] Segment 212f30f7-5e4b-4117-a06a-994097075a69 resource provider aggregate not found
2026-04-07 01:13:54.970 8 INFO neutron.services.segments.plugin [-] Segment 212f30f7-5e4b-4117-a06a-994097075a69 resource provider aggregate not found
2026-04-07 01:13:54.981 8 INFO neutron.services.segments.plugin [-] Segment 212f30f7-5e4b-4117-a06a-994097075a69 resource provider not found; error: Placement Client Error (4xx): {"errors": [{"status": 404, "title": "Not Found", "detail": "The resource could not be found.\n\n No resource provider with uuid 212f30f7-5e4b-4117-a06a-994097075a69 found for delete ", "request_id": "req-ff0e4b86-fc2a-4614-9a0b-0a62741bda12"}]}
2026-04-07 01:13:54.982 8 INFO neutron.db.ovn_revision_numbers_db [None req-e70b8ea0-1007-4176-bbe7-6f7a90c1f501 11fbf00957104477bbc94e1583f07d2b 2365d97e9530468daf5f3b61143af571 - - default default] Successfully bumped revision number for resource 2f25b1af-616c-4908-8631-743706a133fb (type: security_groups) to 1
2026-04-07 01:13:54.984 8 INFO neutron.services.segments.plugin [-] Segment 212f30f7-5e4b-4117-a06a-994097075a69 resource provider not found; error: Placement Client Error (4xx): {"errors": [{"status": 404, "title": "Not Found", "detail": "The resource could not be found.\n\n No resource provider with uuid 212f30f7-5e4b-4117-a06a-994097075a69 found for delete ", "request_id": "req-f80e495e-2d8a-4a0d-a741-998e07ddd1fa"}]}
2026-04-07 01:13:54.995 8 INFO neutron.db.ovn_revision_numbers_db [None req-e70b8ea0-1007-4176-bbe7-6f7a90c1f501 11fbf00957104477bbc94e1583f07d2b 2365d97e9530468daf5f3b61143af571 - - default default] Successfully bumped revision number for resource 49fe98d4-475d-4b84-94cd-e5f98a42dc78 (type: security_group_rules) to 0
2026-04-07 01:13:55.017 8 INFO neutron.db.ovn_revision_numbers_db [None req-e70b8ea0-1007-4176-bbe7-6f7a90c1f501 11fbf00957104477bbc94e1583f07d2b 2365d97e9530468daf5f3b61143af571 - - default default] Successfully bumped revision number for resource c0b99b5a-9ccd-49cc-b2fa-ff77bea3f541 (type: security_group_rules) to 0
2026-04-07 01:13:55.033 8 INFO neutron.db.ovn_revision_numbers_db [None req-e70b8ea0-1007-4176-bbe7-6f7a90c1f501 11fbf00957104477bbc94e1583f07d2b 2365d97e9530468daf5f3b61143af571 - - default default] Successfully bumped revision number for resource cb2f3254-92d3-48e9-9cf9-8df6e58097f5 (type: security_group_rules) to 0
2026-04-07 01:13:55.044 8 INFO neutron.db.ovn_revision_numbers_db [None req-e70b8ea0-1007-4176-bbe7-6f7a90c1f501 11fbf00957104477bbc94e1583f07d2b 2365d97e9530468daf5f3b61143af571 - - default default] Successfully bumped revision number for resource f25b7a1e-361c-4b40-ad43-ac719d481a35 (type: security_group_rules) to 0 [pid: 8|app: 0|req: 660/1438] 10.0.0.178 () {32 vars in 774 bytes} [Tue Apr 7 01:13:54 2026] GET /v2.0/security-groups?tenant_id=b6b7661bd98c434285b4e6f9aa60e86e&name=default => generated 2925 bytes in 663 msecs (HTTP/1.1 200) 4 headers in 158 bytes (1 switches on core 0) [pid: 7|app: 0|req: 779/1439] 10.0.0.178 () {32 vars in 740 bytes} [Tue Apr 7 01:13:54 2026] DELETE /v2.0/security-groups/d300f5e8-470e-4770-ab83-2f329bb07742 => generated 0 bytes in 243 msecs (HTTP/1.1 204) 2 headers in 112 bytes (1 switches on core 0) [pid: 8|app: 0|req: 661/1440] 10.0.0.178 () {32 vars in 740 bytes} [Tue Apr 7 01:13:55 2026] DELETE /v2.0/security-groups/ddcde8a8-c1e6-4cef-8c69-3ac0760417aa => generated 0 bytes in 227 msecs (HTTP/1.1 204) 2 headers in 112 bytes (1 switches on core 0) [pid: 7|app: 0|req: 780/1441] 10.0.0.178 () {32 vars in 740 bytes} [Tue Apr 7 01:13:55 2026] DELETE /v2.0/security-groups/2f25b1af-616c-4908-8631-743706a133fb => generated 0 bytes in 222 msecs (HTTP/1.1 204) 2 headers in 112 bytes (1 switches on core 0)
2026-04-07 01:13:55.584 8 INFO neutron.db.ovn_revision_numbers_db [None req-903bd1c6-0379-47b3-8926-ea4c9475678e 11fbf00957104477bbc94e1583f07d2b 2365d97e9530468daf5f3b61143af571 - - default default] Successfully bumped revision number for resource 136ef685-bd62-4aed-82f3-56568ac91e4b (type: security_groups) to 1
2026-04-07 01:13:55.593 8 INFO neutron.db.ovn_revision_numbers_db [None req-903bd1c6-0379-47b3-8926-ea4c9475678e 11fbf00957104477bbc94e1583f07d2b 2365d97e9530468daf5f3b61143af571 - - default default] Successfully bumped revision number for resource 1a29aa7b-a200-4591-823b-99b6dd6c4a44 (type: security_group_rules) to 0
2026-04-07 01:13:55.605 8 INFO neutron.db.ovn_revision_numbers_db [None req-903bd1c6-0379-47b3-8926-ea4c9475678e 11fbf00957104477bbc94e1583f07d2b 2365d97e9530468daf5f3b61143af571 - - default default] Successfully bumped revision number for resource 33ca7a21-8a26-48a1-b9ef-8334ba45f406 (type: security_group_rules) to 0
2026-04-07 01:13:55.617 8 INFO neutron.db.ovn_revision_numbers_db [None req-903bd1c6-0379-47b3-8926-ea4c9475678e 11fbf00957104477bbc94e1583f07d2b 2365d97e9530468daf5f3b61143af571 - - default default] Successfully bumped revision number for resource 780236f0-6020-41b8-a5c1-28d80babfd62 (type: security_group_rules) to 0
2026-04-07 01:13:55.628 8 INFO neutron.db.ovn_revision_numbers_db [None req-903bd1c6-0379-47b3-8926-ea4c9475678e 11fbf00957104477bbc94e1583f07d2b 2365d97e9530468daf5f3b61143af571 - - default default] Successfully bumped revision number for resource a4b5c8f2-9558-440b-aa45-bc91fd28eab1 (type: security_group_rules) to 0 [pid: 8|app: 0|req: 662/1442] 10.0.0.178 () {32 vars in 774 bytes} [Tue Apr 7 01:13:55 2026] GET /v2.0/security-groups?tenant_id=002f32ddf9534fb9a2f7fbef19e668bc&name=default => generated 2925 bytes in 202 msecs (HTTP/1.1 200) 4 headers in 158 bytes (1 switches on core 0) [pid: 7|app: 0|req: 781/1443] 10.0.0.178 () {32 vars in 740 bytes} [Tue Apr 7 01:13:55 2026] DELETE /v2.0/security-groups/136ef685-bd62-4aed-82f3-56568ac91e4b => generated 0 bytes in 248 msecs (HTTP/1.1 204) 2 headers in 112 bytes (1 switches on core 0)
2026-04-07 01:13:56.337 8 INFO neutron.db.ovn_revision_numbers_db [None req-c8919016-4355-4f0e-991e-55cd175e34e0 e80b92fc51f34c6ea056314418c218f2 880b946d7469464680186b7865d0848a - - default default] Successfully bumped revision number for resource 31c93053-71e4-4445-a249-e60272cc8b3b (type: security_groups) to 1
2026-04-07 01:13:56.348 8 INFO neutron.db.ovn_revision_numbers_db [None req-c8919016-4355-4f0e-991e-55cd175e34e0 e80b92fc51f34c6ea056314418c218f2 880b946d7469464680186b7865d0848a - - default default] Successfully bumped revision number for resource 004bd778-4a72-4b9e-b3ff-cbe6e26a3060 (type: security_group_rules) to 0
2026-04-07 01:13:56.365 8 INFO neutron.db.ovn_revision_numbers_db [None req-c8919016-4355-4f0e-991e-55cd175e34e0 e80b92fc51f34c6ea056314418c218f2 880b946d7469464680186b7865d0848a - - default default] Successfully bumped revision number for resource 53eb1ea7-f929-44f5-8ccf-82f3156ace91 (type: security_group_rules) to 0
2026-04-07 01:13:56.398 8 INFO neutron.db.ovn_revision_numbers_db [None req-c8919016-4355-4f0e-991e-55cd175e34e0 e80b92fc51f34c6ea056314418c218f2 880b946d7469464680186b7865d0848a - - default default] Successfully bumped revision number for resource 9af916b8-69c2-4bb5-a231-99b4940d0eca (type: security_group_rules) to 0
2026-04-07 01:13:56.416 8 INFO neutron.db.ovn_revision_numbers_db [None req-c8919016-4355-4f0e-991e-55cd175e34e0 e80b92fc51f34c6ea056314418c218f2 880b946d7469464680186b7865d0848a - - default default] Successfully bumped revision number for resource b1ca131a-22d5-4845-81f2-4880b6aefba9 (type: security_group_rules) to 0
2026-04-07 01:13:56.510 8 INFO neutron.db.segments_db [None req-c8919016-4355-4f0e-991e-55cd175e34e0 e80b92fc51f34c6ea056314418c218f2 880b946d7469464680186b7865d0848a - - default default] Added segment f62a4f0a-bc16-4979-991a-815e354dba67 of type geneve for network beef3e33-2f57-41f7-a5e1-a925ba88e569
2026-04-07 01:13:56.649 8 INFO neutron.db.ovn_revision_numbers_db [None req-c8919016-4355-4f0e-991e-55cd175e34e0 e80b92fc51f34c6ea056314418c218f2 880b946d7469464680186b7865d0848a - - default default] Successfully bumped revision number for resource beef3e33-2f57-41f7-a5e1-a925ba88e569 (type: networks) to 1
2026-04-07 01:13:56.804 8 WARNING neutron.scheduler.dhcp_agent_scheduler [None req-c8919016-4355-4f0e-991e-55cd175e34e0 e80b92fc51f34c6ea056314418c218f2 880b946d7469464680186b7865d0848a - - default default] No more DHCP agents
2026-04-07 01:13:56.805 8 WARNING neutron.api.rpc.agentnotifiers.dhcp_rpc_agent_api [None req-c8919016-4355-4f0e-991e-55cd175e34e0 e80b92fc51f34c6ea056314418c218f2 880b946d7469464680186b7865d0848a - - default default] Unable to schedule network beef3e33-2f57-41f7-a5e1-a925ba88e569: no agents available; will retry on subsequent port and subnet creation events.
2026-04-07 01:13:56.863 7 INFO neutron.plugins.ml2.drivers.ovn.mech_driver.mech_driver [None req-7f446c50-22d0-4c68-a968-a395fb9497de - - - - - -] OVN reports status down for port: 6e40bd48-5e51-437d-92b9-1a023da5878d
2026-04-07 01:13:56.892 8 INFO neutron.db.ovn_revision_numbers_db [None req-c8919016-4355-4f0e-991e-55cd175e34e0 e80b92fc51f34c6ea056314418c218f2 880b946d7469464680186b7865d0848a - - default default] Successfully bumped revision number for resource 6e40bd48-5e51-437d-92b9-1a023da5878d (type: ports) to 1 [pid: 8|app: 0|req: 663/1444] 10.0.0.178 () {34 vars in 670 bytes} [Tue Apr 7 01:13:56 2026] POST /v2.0/networks => generated 645 bytes in 793 msecs (HTTP/1.1 201) 4 headers in 162 bytes (1 switches on core 0)
2026-04-07 01:13:57.154 7 WARNING neutron.scheduler.dhcp_agent_scheduler [None req-567a8061-86b7-4c23-acfc-c39f7949d33d e80b92fc51f34c6ea056314418c218f2 880b946d7469464680186b7865d0848a - - default default] No more DHCP agents
2026-04-07 01:13:57.156 7 WARNING neutron.api.rpc.agentnotifiers.dhcp_rpc_agent_api [None req-567a8061-86b7-4c23-acfc-c39f7949d33d e80b92fc51f34c6ea056314418c218f2 880b946d7469464680186b7865d0848a - - default default] Unable to schedule network beef3e33-2f57-41f7-a5e1-a925ba88e569: no agents available; will retry on subsequent port and subnet creation events.
2026-04-07 01:13:57.225 8 INFO neutron.plugins.ml2.drivers.ovn.mech_driver.mech_driver [None req-28c31966-2841-4cc9-90d5-7bd4c0f169a1 - - - - - -] OVN reports status down for port: 12a4db9d-b240-45ac-b356-1ac56b8147e1
2026-04-07 01:13:57.243 7 INFO neutron.db.ovn_revision_numbers_db [None req-567a8061-86b7-4c23-acfc-c39f7949d33d e80b92fc51f34c6ea056314418c218f2 880b946d7469464680186b7865d0848a - - default default] Successfully bumped revision number for resource 12a4db9d-b240-45ac-b356-1ac56b8147e1 (type: ports) to 1 [pid: 7|app: 0|req: 782/1445] 10.0.0.178 () {34 vars in 665 bytes} [Tue Apr 7 01:13:56 2026] POST /v2.0/ports => generated 775 bytes in 369 msecs (HTTP/1.1 201) 4 headers in 162 bytes (1 switches on core 0) /var/lib/openstack/lib/python3.12/site-packages/pycadf/identifier.py:70: UserWarning: Invalid uuid: neutron. To ensure interoperability, identifiers should be a valid uuid. warnings.warn(('Invalid uuid: %s. To ensure interoperability, '
2026-04-07 01:13:57.373 7 INFO neutron.db.segments_db [None req-ac3c8e1e-d471-4115-a1db-c4ba6a44eb7f e80b92fc51f34c6ea056314418c218f2 880b946d7469464680186b7865d0848a - - default default] Added segment f15ac90b-098e-435c-b806-a9f848446b09 of type geneve for network d9187487-0f98-4356-9cfc-6a14f483f95b
2026-04-07 01:13:57.423 8 INFO neutron.db.ovn_revision_numbers_db [None req-706cfcf8-67d9-40fa-9304-248274dea027 8a7325703639485f8f3c9aaab3250d64 8090f2ef223c45a6842546e737eac1e7 - - default default] Successfully bumped revision number for resource 99d35713-faf4-4dc1-a981-1856d0c0eb85 (type: security_groups) to 1
2026-04-07 01:13:57.436 8 INFO neutron.db.ovn_revision_numbers_db [None req-706cfcf8-67d9-40fa-9304-248274dea027 8a7325703639485f8f3c9aaab3250d64 8090f2ef223c45a6842546e737eac1e7 - - default default] Successfully bumped revision number for resource 89478c3f-8e82-4365-b902-0b5f07e72f2d (type: security_group_rules) to 0
2026-04-07 01:13:57.450 8 INFO neutron.db.ovn_revision_numbers_db [None req-706cfcf8-67d9-40fa-9304-248274dea027 8a7325703639485f8f3c9aaab3250d64 8090f2ef223c45a6842546e737eac1e7 - - default default] Successfully bumped revision number for resource b4a99251-5cea-4d59-acef-760b15857234 (type: security_group_rules) to 0
2026-04-07 01:13:57.463 8 INFO neutron.db.ovn_revision_numbers_db [None req-706cfcf8-67d9-40fa-9304-248274dea027 8a7325703639485f8f3c9aaab3250d64 8090f2ef223c45a6842546e737eac1e7 - - default default] Successfully bumped revision number for resource bfbe7939-be59-4f50-969a-fb1495e7e70b (type: security_group_rules) to 0
2026-04-07 01:13:57.476 8 INFO neutron.db.ovn_revision_numbers_db [None req-706cfcf8-67d9-40fa-9304-248274dea027 8a7325703639485f8f3c9aaab3250d64 8090f2ef223c45a6842546e737eac1e7 - - default default] Successfully bumped revision number for resource fbf60d01-da7f-4197-9340-f3974466c891 (type: security_group_rules) to 0
2026-04-07 01:13:57.487 7 INFO neutron.db.ovn_revision_numbers_db [None req-ac3c8e1e-d471-4115-a1db-c4ba6a44eb7f e80b92fc51f34c6ea056314418c218f2 880b946d7469464680186b7865d0848a - - default default] Successfully bumped revision number for resource d9187487-0f98-4356-9cfc-6a14f483f95b (type: networks) to 1
2026-04-07 01:13:57.551 8 INFO neutron.db.segments_db [None req-706cfcf8-67d9-40fa-9304-248274dea027 8a7325703639485f8f3c9aaab3250d64 8090f2ef223c45a6842546e737eac1e7 - - default default] Added segment 230a66a0-d6d7-4b27-8e8a-38e932b08258 of type geneve for network c4ab588f-8b47-4f30-9428-05d9b6292567
2026-04-07 01:13:57.643 7 WARNING neutron.scheduler.dhcp_agent_scheduler [None req-ac3c8e1e-d471-4115-a1db-c4ba6a44eb7f e80b92fc51f34c6ea056314418c218f2 880b946d7469464680186b7865d0848a - - default default] No more DHCP agents
2026-04-07 01:13:57.644 7 WARNING neutron.api.rpc.agentnotifiers.dhcp_rpc_agent_api [None req-ac3c8e1e-d471-4115-a1db-c4ba6a44eb7f e80b92fc51f34c6ea056314418c218f2 880b946d7469464680186b7865d0848a - - default default] Unable to schedule network d9187487-0f98-4356-9cfc-6a14f483f95b: no agents available; will retry on subsequent port and subnet creation events.
2026-04-07 01:13:57.663 8 INFO neutron.db.ovn_revision_numbers_db [None req-706cfcf8-67d9-40fa-9304-248274dea027 8a7325703639485f8f3c9aaab3250d64 8090f2ef223c45a6842546e737eac1e7 - - default default] Successfully bumped revision number for resource c4ab588f-8b47-4f30-9428-05d9b6292567 (type: networks) to 1
2026-04-07 01:13:57.688 7 INFO neutron.plugins.ml2.drivers.ovn.mech_driver.mech_driver [None req-7f446c50-22d0-4c68-a968-a395fb9497de - - - - - -] OVN reports status down for port: ade23a37-d5ba-44e7-a4ff-7a62c8d4a137
2026-04-07 01:13:57.751 7 INFO neutron.db.ovn_revision_numbers_db [None req-ac3c8e1e-d471-4115-a1db-c4ba6a44eb7f e80b92fc51f34c6ea056314418c218f2 880b946d7469464680186b7865d0848a - - default default] Successfully bumped revision number for resource ade23a37-d5ba-44e7-a4ff-7a62c8d4a137 (type: ports) to 1 [pid: 7|app: 0|req: 783/1446] 10.0.0.178 () {34 vars in 670 bytes} [Tue Apr 7 01:13:57 2026] POST /v2.0/networks => generated 632 bytes in 495 msecs (HTTP/1.1 201) 4 headers in 162 bytes (1 switches on core 0)
2026-04-07 01:13:57.845 8 WARNING neutron.scheduler.dhcp_agent_scheduler [None req-706cfcf8-67d9-40fa-9304-248274dea027 8a7325703639485f8f3c9aaab3250d64 8090f2ef223c45a6842546e737eac1e7 - - default default] No more DHCP agents
2026-04-07 01:13:57.846 8 WARNING neutron.api.rpc.agentnotifiers.dhcp_rpc_agent_api [None req-706cfcf8-67d9-40fa-9304-248274dea027 8a7325703639485f8f3c9aaab3250d64 8090f2ef223c45a6842546e737eac1e7 - - default default] Unable to schedule network c4ab588f-8b47-4f30-9428-05d9b6292567: no agents available; will retry on subsequent port and subnet creation events.
2026-04-07 01:13:57.914 7 INFO neutron.plugins.ml2.drivers.ovn.mech_driver.mech_driver [None req-7f446c50-22d0-4c68-a968-a395fb9497de - - - - - -] OVN reports status down for port: 65cd85ae-a40a-4b66-9d40-e04010ce4934
2026-04-07 01:13:57.942 8 INFO neutron.db.ovn_revision_numbers_db [None req-706cfcf8-67d9-40fa-9304-248274dea027 8a7325703639485f8f3c9aaab3250d64 8090f2ef223c45a6842546e737eac1e7 - - default default] Successfully bumped revision number for resource 65cd85ae-a40a-4b66-9d40-e04010ce4934 (type: ports) to 1 [pid: 8|app: 0|req: 664/1447] 10.0.0.178 () {34 vars in 670 bytes} [Tue Apr 7 01:13:57 2026] POST /v2.0/networks => generated 649 bytes in 911 msecs (HTTP/1.1 201) 4 headers in 162 bytes (1 switches on core 0)
2026-04-07 01:13:58.073 7 WARNING neutron.scheduler.dhcp_agent_scheduler [None req-35dc6e66-b9e1-4c98-9588-fa4f0a97d564 e80b92fc51f34c6ea056314418c218f2 880b946d7469464680186b7865d0848a - - default default] No more DHCP agents
2026-04-07 01:13:58.074 7 WARNING neutron.api.rpc.agentnotifiers.dhcp_rpc_agent_api [None req-35dc6e66-b9e1-4c98-9588-fa4f0a97d564 e80b92fc51f34c6ea056314418c218f2 880b946d7469464680186b7865d0848a - - default default] Unable to schedule network d9187487-0f98-4356-9cfc-6a14f483f95b: no agents available; will retry on subsequent port and subnet creation events.
2026-04-07 01:13:58.189 8 WARNING neutron.scheduler.dhcp_agent_scheduler [None req-bfd047ae-3e41-47f3-a959-7aa8ca6147fb 8a7325703639485f8f3c9aaab3250d64 8090f2ef223c45a6842546e737eac1e7 - - default default] No more DHCP agents
2026-04-07 01:13:58.190 8 WARNING neutron.api.rpc.agentnotifiers.dhcp_rpc_agent_api [None req-bfd047ae-3e41-47f3-a959-7aa8ca6147fb 8a7325703639485f8f3c9aaab3250d64 8090f2ef223c45a6842546e737eac1e7 - - default default] Unable to schedule network c4ab588f-8b47-4f30-9428-05d9b6292567: no agents available; will retry on subsequent port and subnet creation events.
2026-04-07 01:13:58.276 7 INFO neutron.plugins.ml2.drivers.ovn.mech_driver.mech_driver [None req-7f446c50-22d0-4c68-a968-a395fb9497de - - - - - -] OVN reports status down for port: 264cba73-7bcb-45e8-a430-fd3aa91f372d
2026-04-07 01:13:58.285 8 INFO neutron.db.ovn_revision_numbers_db [None req-bfd047ae-3e41-47f3-a959-7aa8ca6147fb 8a7325703639485f8f3c9aaab3250d64 8090f2ef223c45a6842546e737eac1e7 - - default default] Successfully bumped revision number for resource 264cba73-7bcb-45e8-a430-fd3aa91f372d (type: ports) to 1 [pid: 8|app: 0|req: 665/1448] 10.0.0.178 () {34 vars in 665 bytes} [Tue Apr 7 01:13:57 2026] POST /v2.0/ports => generated 779 bytes in 381 msecs (HTTP/1.1 201) 4 headers in 162 bytes (1 switches on core 0) /var/lib/openstack/lib/python3.12/site-packages/pycadf/identifier.py:70: UserWarning: Invalid uuid: neutron. To ensure interoperability, identifiers should be a valid uuid. warnings.warn(('Invalid uuid: %s. To ensure interoperability, '
2026-04-07 01:13:58.471 8 INFO neutron.db.segments_db [None req-ae725ea3-686a-490c-87c8-c15af4602d1f 8a7325703639485f8f3c9aaab3250d64 8090f2ef223c45a6842546e737eac1e7 - - default default] Added segment c83dc36a-d86c-4fd7-b46f-34b02b25aa09 of type geneve for network 69763f98-3c76-44fc-9f0a-1fe989ef269a
2026-04-07 01:13:58.571 8 INFO neutron.db.ovn_revision_numbers_db [None req-ae725ea3-686a-490c-87c8-c15af4602d1f 8a7325703639485f8f3c9aaab3250d64 8090f2ef223c45a6842546e737eac1e7 - - default default] Successfully bumped revision number for resource 69763f98-3c76-44fc-9f0a-1fe989ef269a (type: networks) to 1
2026-04-07 01:13:58.654 7 INFO neutron.db.ovn_revision_numbers_db [None req-5741368d-77dc-41cf-8f9f-e8869d6cc34b - - - - - -] Successfully bumped revision number for resource ade23a37-d5ba-44e7-a4ff-7a62c8d4a137 (type: ports) to 2
2026-04-07 01:13:58.716 7 INFO neutron.db.ovn_revision_numbers_db [None req-5741368d-77dc-41cf-8f9f-e8869d6cc34b - - - - - -] Successfully bumped revision number for resource 7352f37b-5db1-4dde-8021-44438e71a54a (type: subnets) to 0
2026-04-07 01:13:58.727 8 WARNING neutron.scheduler.dhcp_agent_scheduler [None req-ae725ea3-686a-490c-87c8-c15af4602d1f 8a7325703639485f8f3c9aaab3250d64 8090f2ef223c45a6842546e737eac1e7 - - default default] No more DHCP agents
2026-04-07 01:13:58.728 8 WARNING neutron.api.rpc.agentnotifiers.dhcp_rpc_agent_api [None req-ae725ea3-686a-490c-87c8-c15af4602d1f 8a7325703639485f8f3c9aaab3250d64 8090f2ef223c45a6842546e737eac1e7 - - default default] Unable to schedule network 69763f98-3c76-44fc-9f0a-1fe989ef269a: no agents available; will retry on subsequent port and subnet creation events. [pid: 7|app: 0|req: 784/1449] 10.0.0.178 () {34 vars in 669 bytes} [Tue Apr 7 01:13:57 2026] POST /v2.0/subnets => generated 626 bytes in 938 msecs (HTTP/1.1 201) 4 headers in 162 bytes (1 switches on core 0)
2026-04-07 01:13:58.786 8 INFO neutron.db.ovn_revision_numbers_db [None req-ae725ea3-686a-490c-87c8-c15af4602d1f 8a7325703639485f8f3c9aaab3250d64 8090f2ef223c45a6842546e737eac1e7 - - default default] Successfully bumped revision number for resource 2033d50f-13ae-44aa-8368-b5e30f64f2d5 (type: ports) to 1
