2026-04-07 01:13:58.791 7 INFO neutron.plugins.ml2.drivers.ovn.mech_driver.mech_driver [None req-7f446c50-22d0-4c68-a968-a395fb9497de - - - - - -] OVN reports status down for port: 2033d50f-13ae-44aa-8368-b5e30f64f2d5 [pid: 8|app: 0|req: 666/1450] 10.0.0.178 () {34 vars in 670 bytes} [Tue Apr 7 01:13:58 2026] POST /v2.0/networks => generated 635 bytes in 453 msecs (HTTP/1.1 201) 4 headers in 162 bytes (1 switches on core 0)
2026-04-07 01:13:58.941 8 WARNING neutron.scheduler.dhcp_agent_scheduler [None req-b620cd2c-b065-4d53-9173-fd37bf4b004f 8a7325703639485f8f3c9aaab3250d64 8090f2ef223c45a6842546e737eac1e7 - - default default] No more DHCP agents
2026-04-07 01:13:58.942 8 WARNING neutron.api.rpc.agentnotifiers.dhcp_rpc_agent_api [None req-b620cd2c-b065-4d53-9173-fd37bf4b004f 8a7325703639485f8f3c9aaab3250d64 8090f2ef223c45a6842546e737eac1e7 - - default default] Unable to schedule network 69763f98-3c76-44fc-9f0a-1fe989ef269a: no agents available; will retry on subsequent port and subnet creation events.
2026-04-07 01:13:58.972 8 INFO neutron.db.ovn_revision_numbers_db [None req-b620cd2c-b065-4d53-9173-fd37bf4b004f 8a7325703639485f8f3c9aaab3250d64 8090f2ef223c45a6842546e737eac1e7 - - default default] Successfully bumped revision number for resource ebda6c03-90a2-4977-9ff7-a245df4116d7 (type: subnets) to 0 [pid: 8|app: 0|req: 669/1453] 10.0.0.178 () {34 vars in 669 bytes} [Tue Apr 7 01:13:58 2026] POST /v2.0/subnets => generated 646 bytes in 175 msecs (HTTP/1.1 201) 4 headers in 162 bytes (1 switches on core 0)
2026-04-07 01:13:59.105 7 WARNING neutron.scheduler.dhcp_agent_scheduler [None req-aee370be-bdde-43ca-ae94-b1248c31011c e80b92fc51f34c6ea056314418c218f2 880b946d7469464680186b7865d0848a - - default default] No more DHCP agents
2026-04-07 01:13:59.107 7 WARNING neutron.api.rpc.agentnotifiers.dhcp_rpc_agent_api [None req-aee370be-bdde-43ca-ae94-b1248c31011c e80b92fc51f34c6ea056314418c218f2 880b946d7469464680186b7865d0848a - - default default] Unable to schedule network d9187487-0f98-4356-9cfc-6a14f483f95b: no agents available; will retry on subsequent port and subnet creation events.
2026-04-07 01:13:59.249 8 INFO neutron.plugins.ml2.drivers.ovn.mech_driver.mech_driver [None req-28c31966-2841-4cc9-90d5-7bd4c0f169a1 - - - - - -] OVN reports status down for port: bdacd5de-e343-4384-a30c-76eb0c22e5dd
2026-04-07 01:13:59.254 7 INFO neutron.db.ovn_revision_numbers_db [None req-aee370be-bdde-43ca-ae94-b1248c31011c e80b92fc51f34c6ea056314418c218f2 880b946d7469464680186b7865d0848a - - default default] Successfully bumped revision number for resource bdacd5de-e343-4384-a30c-76eb0c22e5dd (type: ports) to 1
2026-04-07 01:13:59.268 8 WARNING neutron.scheduler.dhcp_agent_scheduler [None req-6601d740-c709-4671-a91f-78617fa67ecd 8a7325703639485f8f3c9aaab3250d64 8090f2ef223c45a6842546e737eac1e7 - - default default] No more DHCP agents
2026-04-07 01:13:59.271 8 WARNING neutron.api.rpc.agentnotifiers.dhcp_rpc_agent_api [None req-6601d740-c709-4671-a91f-78617fa67ecd 8a7325703639485f8f3c9aaab3250d64 8090f2ef223c45a6842546e737eac1e7 - - default default] Unable to schedule network 69763f98-3c76-44fc-9f0a-1fe989ef269a: no agents available; will retry on subsequent port and subnet creation events. [pid: 7|app: 0|req: 785/1454] 10.0.0.178 () {34 vars in 665 bytes} [Tue Apr 7 01:13:58 2026] POST /v2.0/ports => generated 950 bytes in 541 msecs (HTTP/1.1 201) 4 headers in 162 bytes (1 switches on core 0) /var/lib/openstack/lib/python3.12/site-packages/pycadf/identifier.py:70: UserWarning: Invalid uuid: neutron. To ensure interoperability, identifiers should be a valid uuid. warnings.warn(('Invalid uuid: %s. To ensure interoperability, '
2026-04-07 01:13:59.633 7 INFO neutron.db.ovn_revision_numbers_db [None req-e5753dd9-45ed-4d22-8b3b-eefa83f90a65 11fbf00957104477bbc94e1583f07d2b 2365d97e9530468daf5f3b61143af571 - - default default] Successfully bumped revision number for resource e6be1ed4-7107-4523-a015-23dffb895bee (type: security_groups) to 1
2026-04-07 01:13:59.644 7 INFO neutron.db.ovn_revision_numbers_db [None req-e5753dd9-45ed-4d22-8b3b-eefa83f90a65 11fbf00957104477bbc94e1583f07d2b 2365d97e9530468daf5f3b61143af571 - - default default] Successfully bumped revision number for resource 97fd805f-af80-49f1-9e03-14028131dc05 (type: security_group_rules) to 0
2026-04-07 01:13:59.655 7 INFO neutron.db.ovn_revision_numbers_db [None req-e5753dd9-45ed-4d22-8b3b-eefa83f90a65 11fbf00957104477bbc94e1583f07d2b 2365d97e9530468daf5f3b61143af571 - - default default] Successfully bumped revision number for resource a503d7d9-b8b3-4222-b4c2-4f982d155053 (type: security_group_rules) to 0
2026-04-07 01:13:59.664 7 INFO neutron.db.ovn_revision_numbers_db [None req-e5753dd9-45ed-4d22-8b3b-eefa83f90a65 11fbf00957104477bbc94e1583f07d2b 2365d97e9530468daf5f3b61143af571 - - default default] Successfully bumped revision number for resource bf82db00-992d-4025-8e1a-9d74028fc8d1 (type: security_group_rules) to 0
2026-04-07 01:13:59.675 7 INFO neutron.db.ovn_revision_numbers_db [None req-e5753dd9-45ed-4d22-8b3b-eefa83f90a65 11fbf00957104477bbc94e1583f07d2b 2365d97e9530468daf5f3b61143af571 - - default default] Successfully bumped revision number for resource cf25ebf4-f0e4-4ac2-9a77-585e53239d4b (type: security_group_rules) to 0 [pid: 7|app: 0|req: 786/1455] 10.0.0.178 () {32 vars in 774 bytes} [Tue Apr 7 01:13:59 2026] GET /v2.0/security-groups?tenant_id=4943a59b6e9645dfb6ed5112838168e5&name=default => generated 2925 bytes in 438 msecs (HTTP/1.1 200) 4 headers in 158 bytes (1 switches on core 0)
2026-04-07 01:13:59.840 7 INFO neutron_taas.services.taas.taas_plugin [None req-a48f9fa9-f531-41f2-80e0-8634174e408f e80b92fc51f34c6ea056314418c218f2 880b946d7469464680186b7865d0848a - - default default] TaaS: Handle Delete Port: bdacd5de-e343-4384-a30c-76eb0c22e5dd
2026-04-07 01:13:59.843 7 INFO neutron_taas.services.taas.tap_mirror_plugin [None req-a48f9fa9-f531-41f2-80e0-8634174e408f e80b92fc51f34c6ea056314418c218f2 880b946d7469464680186b7865d0848a - - default default] Tap Mirror: Handle Delete Port: bdacd5de-e343-4384-a30c-76eb0c22e5dd
2026-04-07 01:13:59.936 8 INFO neutron.plugins.ml2.drivers.ovn.mech_driver.mech_driver [None req-28c31966-2841-4cc9-90d5-7bd4c0f169a1 - - - - - -] OVN reports status down for port: ecce5951-c67c-4406-8437-d98c91606b11
2026-04-07 01:13:59.997 8 INFO neutron.db.ovn_revision_numbers_db [None req-6601d740-c709-4671-a91f-78617fa67ecd 8a7325703639485f8f3c9aaab3250d64 8090f2ef223c45a6842546e737eac1e7 - - default default] Successfully bumped revision number for resource ecce5951-c67c-4406-8437-d98c91606b11 (type: ports) to 1 [pid: 7|app: 0|req: 787/1456] 10.0.0.178 () {32 vars in 720 bytes} [Tue Apr 7 01:13:59 2026] DELETE /v2.0/ports/bdacd5de-e343-4384-a30c-76eb0c22e5dd => generated 0 bytes in 305 msecs (HTTP/1.1 204) 3 headers in 131 bytes (1 switches on core 0) [pid: 8|app: 0|req: 670/1457] 10.0.0.178 () {34 vars in 665 bytes} [Tue Apr 7 01:13:58 2026] POST /v2.0/ports => generated 966 bytes in 1084 msecs (HTTP/1.1 201) 4 headers in 162 bytes (1 switches on core 0) /var/lib/openstack/lib/python3.12/site-packages/pycadf/identifier.py:70: UserWarning: Invalid uuid: neutron. To ensure interoperability, identifiers should be a valid uuid. warnings.warn(('Invalid uuid: %s. To ensure interoperability, ' [pid: 8|app: 0|req: 671/1458] 10.0.0.178 () {32 vars in 740 bytes} [Tue Apr 7 01:14:00 2026] DELETE /v2.0/security-groups/e6be1ed4-7107-4523-a015-23dffb895bee => generated 0 bytes in 295 msecs (HTTP/1.1 204) 2 headers in 112 bytes (1 switches on core 0)
2026-04-07 01:14:00.387 7 INFO neutron.db.ovn_revision_numbers_db [None req-324d3119-642a-48e4-8239-30de86f9b2bb 11fbf00957104477bbc94e1583f07d2b 2365d97e9530468daf5f3b61143af571 - - default default] Successfully bumped revision number for resource 8ddf6087-4792-4616-baab-bbf16d976e90 (type: security_groups) to 1
2026-04-07 01:14:00.391 8 INFO neutron.pecan_wsgi.hooks.translation [None req-edce929a-5d68-429f-b33d-c0f6db42a2dd e80b92fc51f34c6ea056314418c218f2 880b946d7469464680186b7865d0848a - - default default] DELETE failed (client error): The resource could not be found. [pid: 8|app: 0|req: 672/1459] 10.0.0.178 () {32 vars in 720 bytes} [Tue Apr 7 01:14:00 2026] DELETE /v2.0/ports/bdacd5de-e343-4384-a30c-76eb0c22e5dd => generated 132 bytes in 21 msecs (HTTP/1.1 404) 4 headers in 164 bytes (1 switches on core 0)
2026-04-07 01:14:00.399 7 INFO neutron.db.ovn_revision_numbers_db [None req-324d3119-642a-48e4-8239-30de86f9b2bb 11fbf00957104477bbc94e1583f07d2b 2365d97e9530468daf5f3b61143af571 - - default default] Successfully bumped revision number for resource 43e90f0e-8f15-4b6e-9f71-efc17ecd93d3 (type: security_group_rules) to 0
2026-04-07 01:14:00.411 7 INFO neutron.db.ovn_revision_numbers_db [None req-324d3119-642a-48e4-8239-30de86f9b2bb 11fbf00957104477bbc94e1583f07d2b 2365d97e9530468daf5f3b61143af571 - - default default] Successfully bumped revision number for resource 7be17ee5-5a61-4e3e-9ba0-d0d6e3e81665 (type: security_group_rules) to 0
2026-04-07 01:14:00.421 7 INFO neutron.db.ovn_revision_numbers_db [None req-324d3119-642a-48e4-8239-30de86f9b2bb 11fbf00957104477bbc94e1583f07d2b 2365d97e9530468daf5f3b61143af571 - - default default] Successfully bumped revision number for resource 99c18a77-2cfa-4f92-9c27-42618e682462 (type: security_group_rules) to 0
2026-04-07 01:14:00.431 7 INFO neutron.db.ovn_revision_numbers_db [None req-324d3119-642a-48e4-8239-30de86f9b2bb 11fbf00957104477bbc94e1583f07d2b 2365d97e9530468daf5f3b61143af571 - - default default] Successfully bumped revision number for resource b626ceb8-e94c-4a97-992f-52a4ba7663e5 (type: security_group_rules) to 0 [pid: 7|app: 0|req: 788/1460] 10.0.0.178 () {32 vars in 774 bytes} [Tue Apr 7 01:14:00 2026] GET /v2.0/security-groups?tenant_id=b0efac09ba384bb68edeeea78884968d&name=default => generated 2925 bytes in 440 msecs (HTTP/1.1 200) 4 headers in 158 bytes (1 switches on core 0)
2026-04-07 01:14:00.482 7 INFO neutron.pecan_wsgi.hooks.translation [None req-2c57e8cb-6ca2-4f59-a82b-3a419db060aa e80b92fc51f34c6ea056314418c218f2 880b946d7469464680186b7865d0848a - - default default] GET failed (client error): The resource could not be found. [pid: 7|app: 0|req: 789/1461] 10.0.0.178 () {32 vars in 717 bytes} [Tue Apr 7 01:14:00 2026] GET /v2.0/ports/bdacd5de-e343-4384-a30c-76eb0c22e5dd => generated 132 bytes in 17 msecs (HTTP/1.1 404) 4 headers in 164 bytes (1 switches on core 0)
2026-04-07 01:14:00.518 8 INFO neutron_taas.services.taas.taas_plugin [None req-0a3dc5de-167a-443e-aeaf-6a745aa2fda5 8a7325703639485f8f3c9aaab3250d64 8090f2ef223c45a6842546e737eac1e7 - - default default] TaaS: Handle Delete Port: ecce5951-c67c-4406-8437-d98c91606b11
2026-04-07 01:14:00.521 8 INFO neutron_taas.services.taas.tap_mirror_plugin [None req-0a3dc5de-167a-443e-aeaf-6a745aa2fda5 8a7325703639485f8f3c9aaab3250d64 8090f2ef223c45a6842546e737eac1e7 - - default default] Tap Mirror: Handle Delete Port: ecce5951-c67c-4406-8437-d98c91606b11 [pid: 8|app: 0|req: 673/1462] 10.0.0.178 () {32 vars in 720 bytes} [Tue Apr 7 01:14:00 2026] DELETE /v2.0/ports/ecce5951-c67c-4406-8437-d98c91606b11 => generated 0 bytes in 272 msecs (HTTP/1.1 204) 3 headers in 131 bytes (1 switches on core 0) [pid: 7|app: 0|req: 790/1463] 10.0.0.178 () {32 vars in 740 bytes} [Tue Apr 7 01:14:00 2026] DELETE /v2.0/security-groups/8ddf6087-4792-4616-baab-bbf16d976e90 => generated 0 bytes in 187 msecs (HTTP/1.1 204) 2 headers in 112 bytes (1 switches on core 0)
2026-04-07 01:14:00.684 7 INFO neutron.pecan_wsgi.hooks.translation [None req-65c93004-0a44-47d7-8fd4-020a6266cddc 8a7325703639485f8f3c9aaab3250d64 8090f2ef223c45a6842546e737eac1e7 - - default default] DELETE failed (client error): The resource could not be found. [pid: 7|app: 0|req: 791/1464] 10.0.0.178 () {32 vars in 720 bytes} [Tue Apr 7 01:14:00 2026] DELETE /v2.0/ports/ecce5951-c67c-4406-8437-d98c91606b11 => generated 132 bytes in 15 msecs (HTTP/1.1 404) 4 headers in 164 bytes (1 switches on core 0)
2026-04-07 01:14:00.704 7 INFO neutron.pecan_wsgi.hooks.translation [None req-22eac5ae-ff5f-4063-96f9-659602568e94 8a7325703639485f8f3c9aaab3250d64 8090f2ef223c45a6842546e737eac1e7 - - default default] GET failed (client error): The resource could not be found. [pid: 7|app: 0|req: 792/1465] 10.0.0.178 () {32 vars in 717 bytes} [Tue Apr 7 01:14:00 2026] GET /v2.0/ports/ecce5951-c67c-4406-8437-d98c91606b11 => generated 132 bytes in 13 msecs (HTTP/1.1 404) 4 headers in 164 bytes (1 switches on core 0) [pid: 8|app: 0|req: 674/1466] 10.0.0.178 () {32 vars in 724 bytes} [Tue Apr 7 01:14:00 2026] DELETE /v2.0/subnets/7352f37b-5db1-4dde-8021-44438e71a54a => generated 0 bytes in 152 msecs (HTTP/1.1 204) 3 headers in 131 bytes (1 switches on core 0) [pid: 7|app: 0|req: 793/1467] 10.0.0.178 () {32 vars in 724 bytes} [Tue Apr 7 01:14:00 2026] DELETE /v2.0/subnets/ebda6c03-90a2-4977-9ff7-a245df4116d7 => generated 0 bytes in 133 msecs (HTTP/1.1 204) 3 headers in 131 bytes (1 switches on core 0)
2026-04-07 01:14:00.968 8 INFO neutron.db.ovn_revision_numbers_db [None req-d496fc3a-ef17-4fab-b8cd-9b711077c1c0 11fbf00957104477bbc94e1583f07d2b 2365d97e9530468daf5f3b61143af571 - - default default] Successfully bumped revision number for resource 26de7af8-658c-4d07-8867-bba81138261f (type: security_groups) to 1
2026-04-07 01:14:00.976 7 INFO neutron_taas.services.taas.taas_plugin [None req-09a3e81f-5fd4-4633-99d0-a178c838844f e80b92fc51f34c6ea056314418c218f2 880b946d7469464680186b7865d0848a - - default default] TaaS: Handle Delete Port: ade23a37-d5ba-44e7-a4ff-7a62c8d4a137
2026-04-07 01:14:00.978 8 INFO neutron.db.ovn_revision_numbers_db [None req-d496fc3a-ef17-4fab-b8cd-9b711077c1c0 11fbf00957104477bbc94e1583f07d2b 2365d97e9530468daf5f3b61143af571 - - default default] Successfully bumped revision number for resource 0a1bad3b-365f-438c-b033-55e06f5b2fb3 (type: security_group_rules) to 0
2026-04-07 01:14:00.979 7 INFO neutron_taas.services.taas.tap_mirror_plugin [None req-09a3e81f-5fd4-4633-99d0-a178c838844f e80b92fc51f34c6ea056314418c218f2 880b946d7469464680186b7865d0848a - - default default] Tap Mirror: Handle Delete Port: ade23a37-d5ba-44e7-a4ff-7a62c8d4a137
2026-04-07 01:14:00.990 8 INFO neutron.db.ovn_revision_numbers_db [None req-d496fc3a-ef17-4fab-b8cd-9b711077c1c0 11fbf00957104477bbc94e1583f07d2b 2365d97e9530468daf5f3b61143af571 - - default default] Successfully bumped revision number for resource 6d7076c9-4ccd-4b5f-aa9c-9fd7dafe3734 (type: security_group_rules) to 0
2026-04-07 01:14:01.000 8 INFO neutron.db.ovn_revision_numbers_db [None req-d496fc3a-ef17-4fab-b8cd-9b711077c1c0 11fbf00957104477bbc94e1583f07d2b 2365d97e9530468daf5f3b61143af571 - - default default] Successfully bumped revision number for resource 76ac0249-9834-4c4b-b044-d7ec94df0567 (type: security_group_rules) to 0
2026-04-07 01:14:01.011 8 INFO neutron.db.ovn_revision_numbers_db [None req-d496fc3a-ef17-4fab-b8cd-9b711077c1c0 11fbf00957104477bbc94e1583f07d2b 2365d97e9530468daf5f3b61143af571 - - default default] Successfully bumped revision number for resource b5454627-c668-4d96-b21b-38d6be2885df (type: security_group_rules) to 0 [pid: 8|app: 0|req: 675/1468] 10.0.0.178 () {32 vars in 774 bytes} [Tue Apr 7 01:14:00 2026] GET /v2.0/security-groups?tenant_id=7306df9363844016911cf2c23c9bd44c&name=default => generated 2925 bytes in 233 msecs (HTTP/1.1 200) 4 headers in 158 bytes (1 switches on core 0)
2026-04-07 01:14:01.171 7 INFO neutron.services.segments.plugin [-] Segment f15ac90b-098e-435c-b806-a9f848446b09 resource provider aggregate not found
2026-04-07 01:14:01.176 7 INFO neutron.services.segments.plugin [-] Segment f15ac90b-098e-435c-b806-a9f848446b09 resource provider aggregate not found
2026-04-07 01:14:01.190 7 INFO neutron.services.segments.plugin [-] Segment f15ac90b-098e-435c-b806-a9f848446b09 resource provider not found; error: Placement Client Error (4xx): {"errors": [{"status": 404, "title": "Not Found", "detail": "The resource could not be found.\n\n No resource provider with uuid f15ac90b-098e-435c-b806-a9f848446b09 found for delete ", "request_id": "req-2839c347-186a-4a93-9fa4-4d838362193e"}]}
2026-04-07 01:14:01.194 7 INFO neutron.services.segments.plugin [-] Segment f15ac90b-098e-435c-b806-a9f848446b09 resource provider not found; error: Placement Client Error (4xx): {"errors": [{"status": 404, "title": "Not Found", "detail": "The resource could not be found.\n\n No resource provider with uuid f15ac90b-098e-435c-b806-a9f848446b09 found for delete ", "request_id": "req-358bc56c-6acb-4301-bd6a-4803508ec3b0"}]}
2026-04-07 01:14:01.209 8 INFO neutron_taas.services.taas.taas_plugin [None req-e9711c50-6228-4bf5-ac97-17f45bcca161 8a7325703639485f8f3c9aaab3250d64 8090f2ef223c45a6842546e737eac1e7 - - default default] TaaS: Handle Delete Port: 2033d50f-13ae-44aa-8368-b5e30f64f2d5
2026-04-07 01:14:01.215 8 INFO neutron_taas.services.taas.tap_mirror_plugin [None req-e9711c50-6228-4bf5-ac97-17f45bcca161 8a7325703639485f8f3c9aaab3250d64 8090f2ef223c45a6842546e737eac1e7 - - default default] Tap Mirror: Handle Delete Port: 2033d50f-13ae-44aa-8368-b5e30f64f2d5 [pid: 7|app: 0|req: 794/1469] 10.0.0.178 () {32 vars in 726 bytes} [Tue Apr 7 01:14:00 2026] DELETE /v2.0/networks/d9187487-0f98-4356-9cfc-6a14f483f95b => generated 0 bytes in 372 msecs (HTTP/1.1 204) 3 headers in 131 bytes (1 switches on core 0)
2026-04-07 01:14:01.377 8 INFO neutron.services.segments.plugin [-] Segment c83dc36a-d86c-4fd7-b46f-34b02b25aa09 resource provider aggregate not found
2026-04-07 01:14:01.384 8 INFO neutron.services.segments.plugin [-] Segment c83dc36a-d86c-4fd7-b46f-34b02b25aa09 resource provider aggregate not found
2026-04-07 01:14:01.393 8 INFO neutron.services.segments.plugin [-] Segment c83dc36a-d86c-4fd7-b46f-34b02b25aa09 resource provider not found; error: Placement Client Error (4xx): {"errors": [{"status": 404, "title": "Not Found", "detail": "The resource could not be found.\n\n No resource provider with uuid c83dc36a-d86c-4fd7-b46f-34b02b25aa09 found for delete ", "request_id": "req-888bb070-7403-4abc-8bfb-64e5a277d5d7"}]}
2026-04-07 01:14:01.405 8 INFO neutron.services.segments.plugin [-] Segment c83dc36a-d86c-4fd7-b46f-34b02b25aa09 resource provider not found; error: Placement Client Error (4xx): {"errors": [{"status": 404, "title": "Not Found", "detail": "The resource could not be found.\n\n No resource provider with uuid c83dc36a-d86c-4fd7-b46f-34b02b25aa09 found for delete ", "request_id": "req-7d59036e-b068-43d1-b8ce-e93c6e5417d6"}]} [pid: 8|app: 0|req: 676/1470] 10.0.0.178 () {32 vars in 726 bytes} [Tue Apr 7 01:14:01 2026] DELETE /v2.0/networks/69763f98-3c76-44fc-9f0a-1fe989ef269a => generated 0 bytes in 377 msecs (HTTP/1.1 204) 3 headers in 131 bytes (1 switches on core 0) [pid: 7|app: 0|req: 795/1471] 10.0.0.178 () {32 vars in 740 bytes} [Tue Apr 7 01:14:01 2026] DELETE /v2.0/security-groups/26de7af8-658c-4d07-8867-bba81138261f => generated 0 bytes in 240 msecs (HTTP/1.1 204) 2 headers in 112 bytes (1 switches on core 0)
2026-04-07 01:14:01.513 8 INFO neutron.db.segments_db [None req-5d62727f-d27f-469c-89e1-8d3ebc428179 e80b92fc51f34c6ea056314418c218f2 880b946d7469464680186b7865d0848a - - default default] Added segment 968c0b16-2c58-42a1-8bee-629384643480 of type geneve for network 87d9c8b1-ea61-4dc8-a096-5028f71ce41d
2026-04-07 01:14:01.572 7 INFO neutron.db.segments_db [None req-bb2553ac-ec3f-4337-b8ff-c8f183c0cf2c 8a7325703639485f8f3c9aaab3250d64 8090f2ef223c45a6842546e737eac1e7 - - default default] Added segment 77fd49f0-9742-4b82-9b2a-0faee9254d0d of type geneve for network 37b30309-e7ee-4022-a8af-16c05e1a5c1b
2026-04-07 01:14:01.633 8 INFO neutron.db.ovn_revision_numbers_db [None req-5d62727f-d27f-469c-89e1-8d3ebc428179 e80b92fc51f34c6ea056314418c218f2 880b946d7469464680186b7865d0848a - - default default] Successfully bumped revision number for resource 87d9c8b1-ea61-4dc8-a096-5028f71ce41d (type: networks) to 1
2026-04-07 01:14:01.711 7 INFO neutron.db.ovn_revision_numbers_db [None req-bb2553ac-ec3f-4337-b8ff-c8f183c0cf2c 8a7325703639485f8f3c9aaab3250d64 8090f2ef223c45a6842546e737eac1e7 - - default default] Successfully bumped revision number for resource 37b30309-e7ee-4022-a8af-16c05e1a5c1b (type: networks) to 1
2026-04-07 01:14:01.814 8 WARNING neutron.scheduler.dhcp_agent_scheduler [None req-5d62727f-d27f-469c-89e1-8d3ebc428179 e80b92fc51f34c6ea056314418c218f2 880b946d7469464680186b7865d0848a - - default default] No more DHCP agents
2026-04-07 01:14:01.815 8 WARNING neutron.api.rpc.agentnotifiers.dhcp_rpc_agent_api [None req-5d62727f-d27f-469c-89e1-8d3ebc428179 e80b92fc51f34c6ea056314418c218f2 880b946d7469464680186b7865d0848a - - default default] Unable to schedule network 87d9c8b1-ea61-4dc8-a096-5028f71ce41d: no agents available; will retry on subsequent port and subnet creation events.
2026-04-07 01:14:01.868 8 INFO neutron.plugins.ml2.drivers.ovn.mech_driver.mech_driver [None req-28c31966-2841-4cc9-90d5-7bd4c0f169a1 - - - - - -] OVN reports status down for port: 73933106-d888-4586-b059-6800dbc56888
2026-04-07 01:14:01.916 7 WARNING neutron.scheduler.dhcp_agent_scheduler [None req-bb2553ac-ec3f-4337-b8ff-c8f183c0cf2c 8a7325703639485f8f3c9aaab3250d64 8090f2ef223c45a6842546e737eac1e7 - - default default] No more DHCP agents
2026-04-07 01:14:01.917 7 WARNING neutron.api.rpc.agentnotifiers.dhcp_rpc_agent_api [None req-bb2553ac-ec3f-4337-b8ff-c8f183c0cf2c 8a7325703639485f8f3c9aaab3250d64 8090f2ef223c45a6842546e737eac1e7 - - default default] Unable to schedule network 37b30309-e7ee-4022-a8af-16c05e1a5c1b: no agents available; will retry on subsequent port and subnet creation events.
2026-04-07 01:14:01.936 8 INFO neutron.db.ovn_revision_numbers_db [None req-5d62727f-d27f-469c-89e1-8d3ebc428179 e80b92fc51f34c6ea056314418c218f2 880b946d7469464680186b7865d0848a - - default default] Successfully bumped revision number for resource 73933106-d888-4586-b059-6800dbc56888 (type: ports) to 1
2026-04-07 01:14:01.975 7 INFO neutron.plugins.ml2.drivers.ovn.mech_driver.mech_driver [None req-7f446c50-22d0-4c68-a968-a395fb9497de - - - - - -] OVN reports status down for port: 29517de3-3a7b-4b12-b19e-a799c4b9d92e [pid: 8|app: 0|req: 677/1472] 10.0.0.178 () {34 vars in 670 bytes} [Tue Apr 7 01:14:01 2026] POST /v2.0/networks => generated 631 bytes in 553 msecs (HTTP/1.1 201) 4 headers in 162 bytes (1 switches on core 0)
2026-04-07 01:14:02.040 7 INFO neutron.db.ovn_revision_numbers_db [None req-bb2553ac-ec3f-4337-b8ff-c8f183c0cf2c 8a7325703639485f8f3c9aaab3250d64 8090f2ef223c45a6842546e737eac1e7 - - default default] Successfully bumped revision number for resource 29517de3-3a7b-4b12-b19e-a799c4b9d92e (type: ports) to 1 [pid: 7|app: 0|req: 796/1473] 10.0.0.178 () {34 vars in 670 bytes} [Tue Apr 7 01:14:01 2026] POST /v2.0/networks => generated 635 bytes in 626 msecs (HTTP/1.1 201) 4 headers in 162 bytes (1 switches on core 0)
2026-04-07 01:14:02.171 8 WARNING neutron.scheduler.dhcp_agent_scheduler [None req-9db97387-420b-496c-bb6d-41c28e0341e7 e80b92fc51f34c6ea056314418c218f2 880b946d7469464680186b7865d0848a - - default default] No more DHCP agents
2026-04-07 01:14:02.172 8 WARNING neutron.api.rpc.agentnotifiers.dhcp_rpc_agent_api [None req-9db97387-420b-496c-bb6d-41c28e0341e7 e80b92fc51f34c6ea056314418c218f2 880b946d7469464680186b7865d0848a - - default default] Unable to schedule network 87d9c8b1-ea61-4dc8-a096-5028f71ce41d: no agents available; will retry on subsequent port and subnet creation events.
2026-04-07 01:14:02.275 7 WARNING neutron.scheduler.dhcp_agent_scheduler [None req-2c411e6c-1f9a-494d-b2ec-4ac17884c4e1 8a7325703639485f8f3c9aaab3250d64 8090f2ef223c45a6842546e737eac1e7 - - default default] No more DHCP agents
2026-04-07 01:14:02.276 7 WARNING neutron.api.rpc.agentnotifiers.dhcp_rpc_agent_api [None req-2c411e6c-1f9a-494d-b2ec-4ac17884c4e1 8a7325703639485f8f3c9aaab3250d64 8090f2ef223c45a6842546e737eac1e7 - - default default] Unable to schedule network 37b30309-e7ee-4022-a8af-16c05e1a5c1b: no agents available; will retry on subsequent port and subnet creation events.
2026-04-07 01:14:02.309 7 INFO neutron.db.ovn_revision_numbers_db [None req-2c411e6c-1f9a-494d-b2ec-4ac17884c4e1 8a7325703639485f8f3c9aaab3250d64 8090f2ef223c45a6842546e737eac1e7 - - default default] Successfully bumped revision number for resource 568c763d-eab1-4460-98d4-539aade620cf (type: subnets) to 0 [pid: 7|app: 0|req: 797/1474] 10.0.0.178 () {34 vars in 669 bytes} [Tue Apr 7 01:14:02 2026] POST /v2.0/subnets => generated 646 bytes in 241 msecs (HTTP/1.1 201) 4 headers in 162 bytes (1 switches on core 0)
2026-04-07 01:14:02.589 7 WARNING neutron.scheduler.dhcp_agent_scheduler [None req-75e0b0eb-6803-4513-8183-e1d3c6431ede 8a7325703639485f8f3c9aaab3250d64 8090f2ef223c45a6842546e737eac1e7 - - default default] No more DHCP agents
2026-04-07 01:14:02.590 7 WARNING neutron.api.rpc.agentnotifiers.dhcp_rpc_agent_api [None req-75e0b0eb-6803-4513-8183-e1d3c6431ede 8a7325703639485f8f3c9aaab3250d64 8090f2ef223c45a6842546e737eac1e7 - - default default] Unable to schedule network 37b30309-e7ee-4022-a8af-16c05e1a5c1b: no agents available; will retry on subsequent port and subnet creation events.
2026-04-07 01:14:02.597 8 INFO neutron.db.ovn_revision_numbers_db [None req-bf96754c-0150-4bfa-92f2-0930af219a56 - - - - - -] Successfully bumped revision number for resource 73933106-d888-4586-b059-6800dbc56888 (type: ports) to 2
2026-04-07 01:14:02.632 8 INFO neutron.db.ovn_revision_numbers_db [None req-bf96754c-0150-4bfa-92f2-0930af219a56 - - - - - -] Successfully bumped revision number for resource a9bfcfce-c0fc-488a-b929-c2f3583a4668 (type: subnets) to 0 [pid: 8|app: 0|req: 678/1475] 10.0.0.178 () {34 vars in 669 bytes} [Tue Apr 7 01:14:01 2026] POST /v2.0/subnets => generated 626 bytes in 664 msecs (HTTP/1.1 201) 4 headers in 162 bytes (1 switches on core 0)
2026-04-07 01:14:02.687 8 INFO neutron.plugins.ml2.drivers.ovn.mech_driver.mech_driver [None req-28c31966-2841-4cc9-90d5-7bd4c0f169a1 - - - - - -] OVN reports status down for port: 4bf67bfe-6c4b-4cce-b1f5-2db0db2a6614
2026-04-07 01:14:02.706 7 INFO neutron.db.ovn_revision_numbers_db [None req-75e0b0eb-6803-4513-8183-e1d3c6431ede 8a7325703639485f8f3c9aaab3250d64 8090f2ef223c45a6842546e737eac1e7 - - default default] Successfully bumped revision number for resource 4bf67bfe-6c4b-4cce-b1f5-2db0db2a6614 (type: ports) to 1 [pid: 7|app: 0|req: 798/1476] 10.0.0.178 () {34 vars in 665 bytes} [Tue Apr 7 01:14:02 2026] POST /v2.0/ports => generated 928 bytes in 412 msecs (HTTP/1.1 201) 4 headers in 162 bytes (1 switches on core 0)
2026-04-07 01:14:02.884 7 INFO neutron_taas.services.taas.taas_plugin [None req-c2e54aa1-1882-43b9-9da4-47af9bf24c7f 8a7325703639485f8f3c9aaab3250d64 8090f2ef223c45a6842546e737eac1e7 - - default default] TaaS: Handle Delete Port: 4bf67bfe-6c4b-4cce-b1f5-2db0db2a6614
2026-04-07 01:14:02.889 7 INFO neutron_taas.services.taas.tap_mirror_plugin [None req-c2e54aa1-1882-43b9-9da4-47af9bf24c7f 8a7325703639485f8f3c9aaab3250d64 8090f2ef223c45a6842546e737eac1e7 - - default default] Tap Mirror: Handle Delete Port: 4bf67bfe-6c4b-4cce-b1f5-2db0db2a6614
2026-04-07 01:14:02.955 8 WARNING neutron.scheduler.dhcp_agent_scheduler [None req-ab5c557c-6e31-427e-a5f9-b1c35f3d45fe e80b92fc51f34c6ea056314418c218f2 880b946d7469464680186b7865d0848a - - default default] No more DHCP agents
2026-04-07 01:14:02.957 8 WARNING neutron.api.rpc.agentnotifiers.dhcp_rpc_agent_api [None req-ab5c557c-6e31-427e-a5f9-b1c35f3d45fe e80b92fc51f34c6ea056314418c218f2 880b946d7469464680186b7865d0848a - - default default] Unable to schedule network 87d9c8b1-ea61-4dc8-a096-5028f71ce41d: no agents available; will retry on subsequent port and subnet creation events. [pid: 7|app: 0|req: 799/1477] 10.0.0.178 () {32 vars in 720 bytes} [Tue Apr 7 01:14:02 2026] DELETE /v2.0/ports/4bf67bfe-6c4b-4cce-b1f5-2db0db2a6614 => generated 0 bytes in 275 msecs (HTTP/1.1 204) 3 headers in 131 bytes (1 switches on core 0)
2026-04-07 01:14:03.048 7 INFO neutron.pecan_wsgi.hooks.translation [None req-07cba28a-086f-4d9d-b841-d58590099a18 8a7325703639485f8f3c9aaab3250d64 8090f2ef223c45a6842546e737eac1e7 - - default default] GET failed (client error): The resource could not be found. [pid: 7|app: 0|req: 800/1478] 10.0.0.178 () {32 vars in 717 bytes} [Tue Apr 7 01:14:03 2026] GET /v2.0/ports/4bf67bfe-6c4b-4cce-b1f5-2db0db2a6614 => generated 132 bytes in 18 msecs (HTTP/1.1 404) 4 headers in 164 bytes (1 switches on core 0)
2026-04-07 01:14:03.106 8 INFO neutron.db.ovn_revision_numbers_db [None req-ab5c557c-6e31-427e-a5f9-b1c35f3d45fe e80b92fc51f34c6ea056314418c218f2 880b946d7469464680186b7865d0848a - - default default] Successfully bumped revision number for resource b8420f64-ae84-4e37-bc76-12c1b687b7c3 (type: ports) to 1
2026-04-07 01:14:03.117 7 INFO neutron.plugins.ml2.drivers.ovn.mech_driver.mech_driver [None req-7f446c50-22d0-4c68-a968-a395fb9497de - - - - - -] OVN reports status down for port: b8420f64-ae84-4e37-bc76-12c1b687b7c3 [pid: 8|app: 0|req: 679/1479] 10.0.0.178 () {34 vars in 665 bytes} [Tue Apr 7 01:14:02 2026] POST /v2.0/ports => generated 916 bytes in 477 msecs (HTTP/1.1 201) 4 headers in 162 bytes (1 switches on core 0)
2026-04-07 01:14:03.266 8 INFO neutron_taas.services.taas.taas_plugin [None req-a9b063a7-6045-4306-8fdc-068c0775f214 e80b92fc51f34c6ea056314418c218f2 880b946d7469464680186b7865d0848a - - default default] TaaS: Handle Delete Port: b8420f64-ae84-4e37-bc76-12c1b687b7c3
2026-04-07 01:14:03.269 8 INFO neutron_taas.services.taas.tap_mirror_plugin [None req-a9b063a7-6045-4306-8fdc-068c0775f214 e80b92fc51f34c6ea056314418c218f2 880b946d7469464680186b7865d0848a - - default default] Tap Mirror: Handle Delete Port: b8420f64-ae84-4e37-bc76-12c1b687b7c3 [pid: 7|app: 0|req: 801/1480] 10.0.0.178 () {32 vars in 724 bytes} [Tue Apr 7 01:14:03 2026] DELETE /v2.0/subnets/568c763d-eab1-4460-98d4-539aade620cf => generated 0 bytes in 268 msecs (HTTP/1.1 204) 3 headers in 131 bytes (1 switches on core 0) [pid: 8|app: 0|req: 680/1481] 10.0.0.178 () {32 vars in 720 bytes} [Tue Apr 7 01:14:03 2026] DELETE /v2.0/ports/b8420f64-ae84-4e37-bc76-12c1b687b7c3 => generated 0 bytes in 274 msecs (HTTP/1.1 204) 3 headers in 131 bytes (1 switches on core 0)
2026-04-07 01:14:03.450 7 INFO neutron_taas.services.taas.taas_plugin [None req-04704942-945a-4efc-80f3-07a88ed1e4bf 8a7325703639485f8f3c9aaab3250d64 8090f2ef223c45a6842546e737eac1e7 - - default default] TaaS: Handle Delete Port: 29517de3-3a7b-4b12-b19e-a799c4b9d92e
2026-04-07 01:14:03.453 7 INFO neutron_taas.services.taas.tap_mirror_plugin [None req-04704942-945a-4efc-80f3-07a88ed1e4bf 8a7325703639485f8f3c9aaab3250d64 8090f2ef223c45a6842546e737eac1e7 - - default default] Tap Mirror: Handle Delete Port: 29517de3-3a7b-4b12-b19e-a799c4b9d92e
2026-04-07 01:14:03.653 7 INFO neutron.services.segments.plugin [-] Segment 77fd49f0-9742-4b82-9b2a-0faee9254d0d resource provider aggregate not found
2026-04-07 01:14:03.660 7 INFO neutron.services.segments.plugin [-] Segment 77fd49f0-9742-4b82-9b2a-0faee9254d0d resource provider aggregate not found
2026-04-07 01:14:03.670 7 INFO neutron.services.segments.plugin [-] Segment 77fd49f0-9742-4b82-9b2a-0faee9254d0d resource provider not found; error: Placement Client Error (4xx): {"errors": [{"status": 404, "title": "Not Found", "detail": "The resource could not be found.\n\n No resource provider with uuid 77fd49f0-9742-4b82-9b2a-0faee9254d0d found for delete ", "request_id": "req-0588a7ac-dd14-48f7-89ee-db5473452418"}]}
2026-04-07 01:14:03.677 7 INFO neutron.services.segments.plugin [-] Segment 77fd49f0-9742-4b82-9b2a-0faee9254d0d resource provider not found; error: Placement Client Error (4xx): {"errors": [{"status": 404, "title": "Not Found", "detail": "The resource could not be found.\n\n No resource provider with uuid 77fd49f0-9742-4b82-9b2a-0faee9254d0d found for delete ", "request_id": "req-e0242251-3b55-4181-9f79-7d50c558e139"}]} [pid: 7|app: 0|req: 802/1482] 10.0.0.178 () {32 vars in 726 bytes} [Tue Apr 7 01:14:03 2026] DELETE /v2.0/networks/37b30309-e7ee-4022-a8af-16c05e1a5c1b => generated 0 bytes in 386 msecs (HTTP/1.1 204) 3 headers in 131 bytes (1 switches on core 0)
2026-04-07 01:14:03.745 7 INFO neutron.pecan_wsgi.hooks.translation [None req-e0c72754-0c9d-4c38-90bc-6ec21c66a095 e80b92fc51f34c6ea056314418c218f2 880b946d7469464680186b7865d0848a - - default default] GET failed (client error): The resource could not be found. [pid: 7|app: 0|req: 803/1483] 10.0.0.178 () {32 vars in 717 bytes} [Tue Apr 7 01:14:03 2026] GET /v2.0/ports/b8420f64-ae84-4e37-bc76-12c1b687b7c3 => generated 132 bytes in 33 msecs (HTTP/1.1 404) 4 headers in 164 bytes (1 switches on core 0)
2026-04-07 01:14:03.801 8 INFO neutron.db.ovn_revision_numbers_db [None req-9be3ff83-fc72-4f84-9c4a-f7a0872bae03 11fbf00957104477bbc94e1583f07d2b 2365d97e9530468daf5f3b61143af571 - - default default] Successfully bumped revision number for resource de387d89-cd7a-4535-a4d5-7e6c4d32b490 (type: security_groups) to 1
2026-04-07 01:14:03.812 8 INFO neutron.db.ovn_revision_numbers_db [None req-9be3ff83-fc72-4f84-9c4a-f7a0872bae03 11fbf00957104477bbc94e1583f07d2b 2365d97e9530468daf5f3b61143af571 - - default default] Successfully bumped revision number for resource 0dde66e9-7198-464d-b358-9aaf4b6d1065 (type: security_group_rules) to 0
2026-04-07 01:14:03.823 8 INFO neutron.db.ovn_revision_numbers_db [None req-9be3ff83-fc72-4f84-9c4a-f7a0872bae03 11fbf00957104477bbc94e1583f07d2b 2365d97e9530468daf5f3b61143af571 - - default default] Successfully bumped revision number for resource 3c6f4297-c4da-460a-b729-d8ed53100732 (type: security_group_rules) to 0
2026-04-07 01:14:03.835 8 INFO neutron.db.ovn_revision_numbers_db [None req-9be3ff83-fc72-4f84-9c4a-f7a0872bae03 11fbf00957104477bbc94e1583f07d2b 2365d97e9530468daf5f3b61143af571 - - default default] Successfully bumped revision number for resource 4a6866c4-8bca-433f-b601-84aefe321d65 (type: security_group_rules) to 0
2026-04-07 01:14:03.846 8 INFO neutron.db.ovn_revision_numbers_db [None req-9be3ff83-fc72-4f84-9c4a-f7a0872bae03 11fbf00957104477bbc94e1583f07d2b 2365d97e9530468daf5f3b61143af571 - - default default] Successfully bumped revision number for resource 5bd33e5b-371a-42fd-a421-c2fa1b0932cc (type: security_group_rules) to 0 [pid: 8|app: 0|req: 681/1484] 10.0.0.178 () {32 vars in 774 bytes} [Tue Apr 7 01:14:03 2026] GET /v2.0/security-groups?tenant_id=77848ebf5bf04c18bf9ebdfac94be02c&name=default => generated 2925 bytes in 462 msecs (HTTP/1.1 200) 4 headers in 158 bytes (1 switches on core 0)
2026-04-07 01:14:03.961 7 WARNING neutron.scheduler.dhcp_agent_scheduler [None req-aa5723c0-9599-4840-bc74-6c89950ea3dc 8a7325703639485f8f3c9aaab3250d64 8090f2ef223c45a6842546e737eac1e7 - - default default] No more DHCP agents
2026-04-07 01:14:03.962 7 WARNING neutron.api.rpc.agentnotifiers.dhcp_rpc_agent_api [None req-aa5723c0-9599-4840-bc74-6c89950ea3dc 8a7325703639485f8f3c9aaab3250d64 8090f2ef223c45a6842546e737eac1e7 - - default default] Unable to schedule network c4ab588f-8b47-4f30-9428-05d9b6292567: no agents available; will retry on subsequent port and subnet creation events.
2026-04-07 01:14:04.018 8 INFO neutron.plugins.ml2.drivers.ovn.mech_driver.mech_driver [None req-28c31966-2841-4cc9-90d5-7bd4c0f169a1 - - - - - -] OVN reports status down for port: 0c16db30-af06-482d-bf09-c3a5f8b7f03d
2026-04-07 01:14:04.047 7 INFO neutron.db.ovn_revision_numbers_db [None req-aa5723c0-9599-4840-bc74-6c89950ea3dc 8a7325703639485f8f3c9aaab3250d64 8090f2ef223c45a6842546e737eac1e7 - - default default] Successfully bumped revision number for resource 0c16db30-af06-482d-bf09-c3a5f8b7f03d (type: ports) to 1 [pid: 8|app: 0|req: 682/1485] 10.0.0.178 () {32 vars in 724 bytes} [Tue Apr 7 01:14:03 2026] DELETE /v2.0/subnets/a9bfcfce-c0fc-488a-b929-c2f3583a4668 => generated 0 bytes in 221 msecs (HTTP/1.1 204) 3 headers in 131 bytes (1 switches on core 0) [pid: 7|app: 0|req: 804/1486] 10.0.0.178 () {34 vars in 665 bytes} [Tue Apr 7 01:14:03 2026] POST /v2.0/ports => generated 779 bytes in 358 msecs (HTTP/1.1 201) 4 headers in 162 bytes (1 switches on core 0) /var/lib/openstack/lib/python3.12/site-packages/pycadf/identifier.py:70: UserWarning: Invalid uuid: neutron. To ensure interoperability, identifiers should be a valid uuid. warnings.warn(('Invalid uuid: %s. To ensure interoperability, ' [pid: 8|app: 0|req: 683/1487] 10.0.0.178 () {32 vars in 740 bytes} [Tue Apr 7 01:14:04 2026] DELETE /v2.0/security-groups/de387d89-cd7a-4535-a4d5-7e6c4d32b490 => generated 0 bytes in 234 msecs (HTTP/1.1 204) 2 headers in 112 bytes (1 switches on core 0)
2026-04-07 01:14:04.385 8 INFO neutron.plugins.ml2.drivers.ovn.mech_driver.mech_driver [None req-28c31966-2841-4cc9-90d5-7bd4c0f169a1 - - - - - -] OVN reports status down for port: 0c16db30-af06-482d-bf09-c3a5f8b7f03d
2026-04-07 01:14:04.404 7 INFO neutron.db.ovn_revision_numbers_db [None req-175a69fa-e8db-4d81-bd94-80c8014685e5 8a7325703639485f8f3c9aaab3250d64 8090f2ef223c45a6842546e737eac1e7 - - default default] Successfully bumped revision number for resource 0c16db30-af06-482d-bf09-c3a5f8b7f03d (type: ports) to 2 [pid: 7|app: 0|req: 805/1488] 10.0.0.178 () {34 vars in 737 bytes} [Tue Apr 7 01:14:04 2026] PUT /v2.0/ports/0c16db30-af06-482d-bf09-c3a5f8b7f03d => generated 752 bytes in 313 msecs (HTTP/1.1 200) 4 headers in 157 bytes (1 switches on core 0) /var/lib/openstack/lib/python3.12/site-packages/pycadf/identifier.py:70: UserWarning: Invalid uuid: neutron. To ensure interoperability, identifiers should be a valid uuid. warnings.warn(('Invalid uuid: %s. To ensure interoperability, '
2026-04-07 01:14:04.500 8 INFO neutron_taas.services.taas.taas_plugin [None req-27326458-5abf-422b-8ea4-483e5cd729ca e80b92fc51f34c6ea056314418c218f2 880b946d7469464680186b7865d0848a - - default default] TaaS: Handle Delete Port: 73933106-d888-4586-b059-6800dbc56888
2026-04-07 01:14:04.504 8 INFO neutron_taas.services.taas.tap_mirror_plugin [None req-27326458-5abf-422b-8ea4-483e5cd729ca e80b92fc51f34c6ea056314418c218f2 880b946d7469464680186b7865d0848a - - default default] Tap Mirror: Handle Delete Port: 73933106-d888-4586-b059-6800dbc56888
2026-04-07 01:14:04.577 7 INFO neutron_taas.services.taas.taas_plugin [None req-2f72fa3c-59af-4531-a508-84247b9c0d6e 8a7325703639485f8f3c9aaab3250d64 8090f2ef223c45a6842546e737eac1e7 - - default default] TaaS: Handle Delete Port: 0c16db30-af06-482d-bf09-c3a5f8b7f03d
2026-04-07 01:14:04.581 7 INFO neutron_taas.services.taas.tap_mirror_plugin [None req-2f72fa3c-59af-4531-a508-84247b9c0d6e 8a7325703639485f8f3c9aaab3250d64 8090f2ef223c45a6842546e737eac1e7 - - default default] Tap Mirror: Handle Delete Port: 0c16db30-af06-482d-bf09-c3a5f8b7f03d
2026-04-07 01:14:04.680 8 INFO neutron.services.segments.plugin [-] Segment 968c0b16-2c58-42a1-8bee-629384643480 resource provider aggregate not found
2026-04-07 01:14:04.687 8 INFO neutron.services.segments.plugin [-] Segment 968c0b16-2c58-42a1-8bee-629384643480 resource provider aggregate not found
2026-04-07 01:14:04.701 8 INFO neutron.services.segments.plugin [-] Segment 968c0b16-2c58-42a1-8bee-629384643480 resource provider not found; error: Placement Client Error (4xx): {"errors": [{"status": 404, "title": "Not Found", "detail": "The resource could not be found.\n\n No resource provider with uuid 968c0b16-2c58-42a1-8bee-629384643480 found for delete ", "request_id": "req-fff36597-e269-4910-9cd4-cd97c778f966"}]}
2026-04-07 01:14:04.710 8 INFO neutron.services.segments.plugin [-] Segment 968c0b16-2c58-42a1-8bee-629384643480 resource provider not found; error: Placement Client Error (4xx): {"errors": [{"status": 404, "title": "Not Found", "detail": "The resource could not be found.\n\n No resource provider with uuid 968c0b16-2c58-42a1-8bee-629384643480 found for delete ", "request_id": "req-b8224e7a-bf56-4164-bc04-584d9434bb08"}]} [pid: 7|app: 0|req: 806/1489] 10.0.0.178 () {32 vars in 720 bytes} [Tue Apr 7 01:14:04 2026] DELETE /v2.0/ports/0c16db30-af06-482d-bf09-c3a5f8b7f03d => generated 0 bytes in 292 msecs (HTTP/1.1 204) 3 headers in 131 bytes (1 switches on core 0) [pid: 8|app: 0|req: 684/1490] 10.0.0.178 () {32 vars in 726 bytes} [Tue Apr 7 01:14:04 2026] DELETE /v2.0/networks/87d9c8b1-ea61-4dc8-a096-5028f71ce41d => generated 0 bytes in 419 msecs (HTTP/1.1 204) 3 headers in 131 bytes (1 switches on core 0) [pid: 7|app: 0|req: 807/1491] 10.0.0.178 () {32 vars in 643 bytes} [Tue Apr 7 01:14:04 2026] GET /v2.0/ports => generated 1538 bytes in 48 msecs (HTTP/1.1 200) 4 headers in 158 bytes (1 switches on core 0)
2026-04-07 01:14:04.800 7 INFO neutron.pecan_wsgi.hooks.translation [None req-84e02dc8-f0c5-45c5-b8fb-3f6ef755ff43 8a7325703639485f8f3c9aaab3250d64 8090f2ef223c45a6842546e737eac1e7 - - default default] GET failed (client error): The resource could not be found. [pid: 7|app: 0|req: 808/1492] 10.0.0.178 () {32 vars in 717 bytes} [Tue Apr 7 01:14:04 2026] GET /v2.0/ports/0c16db30-af06-482d-bf09-c3a5f8b7f03d => generated 132 bytes in 20 msecs (HTTP/1.1 404) 4 headers in 164 bytes (1 switches on core 0) [pid: 7|app: 0|req: 809/1493] 10.0.0.178 () {32 vars in 643 bytes} [Tue Apr 7 01:14:04 2026] GET /v2.0/ports => generated 1538 bytes in 40 msecs (HTTP/1.1 200) 4 headers in 158 bytes (1 switches on core 0) [pid: 7|app: 0|req: 810/1494] 10.0.0.178 () {32 vars in 717 bytes} [Tue Apr 7 01:14:04 2026] GET /v2.0/ports/264cba73-7bcb-45e8-a430-fd3aa91f372d => generated 779 bytes in 33 msecs (HTTP/1.1 200) 4 headers in 157 bytes (1 switches on core 0)
2026-04-07 01:14:04.909 7 INFO neutron.pecan_wsgi.hooks.translation [None req-8bee8057-f20f-427f-981c-0382565979ad 8a7325703639485f8f3c9aaab3250d64 8090f2ef223c45a6842546e737eac1e7 - - default default] DELETE failed (client error): The resource could not be found. [pid: 7|app: 0|req: 811/1495] 10.0.0.178 () {32 vars in 720 bytes} [Tue Apr 7 01:14:04 2026] DELETE /v2.0/ports/4bf67bfe-6c4b-4cce-b1f5-2db0db2a6614 => generated 132 bytes in 15 msecs (HTTP/1.1 404) 4 headers in 164 bytes (1 switches on core 0)
2026-04-07 01:14:04.925 7 INFO neutron.pecan_wsgi.hooks.translation [None req-31deaf74-1599-4adc-93e1-58546e3dd5fb 8a7325703639485f8f3c9aaab3250d64 8090f2ef223c45a6842546e737eac1e7 - - default default] DELETE failed (client error): The resource could not be found. [pid: 7|app: 0|req: 812/1496] 10.0.0.178 () {32 vars in 724 bytes} [Tue Apr 7 01:14:04 2026] DELETE /v2.0/subnets/568c763d-eab1-4460-98d4-539aade620cf => generated 136 bytes in 12 msecs (HTTP/1.1 404) 4 headers in 164 bytes (1 switches on core 0)
2026-04-07 01:14:04.936 7 INFO neutron.pecan_wsgi.hooks.translation [None req-46fcf790-c8cb-4e49-bf75-1a7e7f0eb5f1 8a7325703639485f8f3c9aaab3250d64 8090f2ef223c45a6842546e737eac1e7 - - default default] DELETE failed (client error): The resource could not be found. [pid: 7|app: 0|req: 813/1497] 10.0.0.178 () {32 vars in 724 bytes} [Tue Apr 7 01:14:04 2026] DELETE /v2.0/subnets/ebda6c03-90a2-4977-9ff7-a245df4116d7 => generated 136 bytes in 10 msecs (HTTP/1.1 404) 4 headers in 164 bytes (1 switches on core 0)
2026-04-07 01:14:05.023 8 WARNING neutron.scheduler.dhcp_agent_scheduler [None req-87960370-11d9-4c47-9198-415888030a2d e80b92fc51f34c6ea056314418c218f2 880b946d7469464680186b7865d0848a - - default default] No more DHCP agents
2026-04-07 01:14:05.024 8 WARNING neutron.api.rpc.agentnotifiers.dhcp_rpc_agent_api [None req-87960370-11d9-4c47-9198-415888030a2d e80b92fc51f34c6ea056314418c218f2 880b946d7469464680186b7865d0848a - - default default] Unable to schedule network beef3e33-2f57-41f7-a5e1-a925ba88e569: no agents available; will retry on subsequent port and subnet creation events.
2026-04-07 01:14:05.067 7 INFO neutron_taas.services.taas.taas_plugin [None req-c6dd7cbd-ce1b-4e8d-945c-673e468bc86a 8a7325703639485f8f3c9aaab3250d64 8090f2ef223c45a6842546e737eac1e7 - - default default] TaaS: Handle Delete Port: 264cba73-7bcb-45e8-a430-fd3aa91f372d
2026-04-07 01:14:05.073 7 INFO neutron_taas.services.taas.tap_mirror_plugin [None req-c6dd7cbd-ce1b-4e8d-945c-673e468bc86a 8a7325703639485f8f3c9aaab3250d64 8090f2ef223c45a6842546e737eac1e7 - - default default] Tap Mirror: Handle Delete Port: 264cba73-7bcb-45e8-a430-fd3aa91f372d
2026-04-07 01:14:05.096 8 INFO neutron.plugins.ml2.drivers.ovn.mech_driver.mech_driver [None req-28c31966-2841-4cc9-90d5-7bd4c0f169a1 - - - - - -] OVN reports status down for port: 5e967d5a-e24a-4a9b-a4ce-b62596184c71
2026-04-07 01:14:05.165 8 INFO neutron.db.ovn_revision_numbers_db [None req-87960370-11d9-4c47-9198-415888030a2d e80b92fc51f34c6ea056314418c218f2 880b946d7469464680186b7865d0848a - - default default] Successfully bumped revision number for resource 5e967d5a-e24a-4a9b-a4ce-b62596184c71 (type: ports) to 1 [pid: 7|app: 0|req: 814/1498] 10.0.0.178 () {32 vars in 720 bytes} [Tue Apr 7 01:14:04 2026] DELETE /v2.0/ports/264cba73-7bcb-45e8-a430-fd3aa91f372d => generated 0 bytes in 290 msecs (HTTP/1.1 204) 3 headers in 131 bytes (1 switches on core 0) [pid: 8|app: 0|req: 685/1499] 10.0.0.178 () {34 vars in 665 bytes} [Tue Apr 7 01:14:04 2026] POST /v2.0/ports => generated 774 bytes in 506 msecs (HTTP/1.1 201) 4 headers in 162 bytes (1 switches on core 0) /var/lib/openstack/lib/python3.12/site-packages/pycadf/identifier.py:70: UserWarning: Invalid uuid: neutron. To ensure interoperability, identifiers should be a valid uuid. warnings.warn(('Invalid uuid: %s. To ensure interoperability, '
2026-04-07 01:14:05.332 7 INFO neutron_taas.services.taas.taas_plugin [None req-b9ae6f67-9ff5-42ec-9b54-c3153c10af03 8a7325703639485f8f3c9aaab3250d64 8090f2ef223c45a6842546e737eac1e7 - - default default] TaaS: Handle Delete Port: 65cd85ae-a40a-4b66-9d40-e04010ce4934
2026-04-07 01:14:05.335 7 INFO neutron_taas.services.taas.tap_mirror_plugin [None req-b9ae6f67-9ff5-42ec-9b54-c3153c10af03 8a7325703639485f8f3c9aaab3250d64 8090f2ef223c45a6842546e737eac1e7 - - default default] Tap Mirror: Handle Delete Port: 65cd85ae-a40a-4b66-9d40-e04010ce4934
2026-04-07 01:14:05.478 8 INFO neutron.plugins.ml2.drivers.ovn.mech_driver.mech_driver [None req-28c31966-2841-4cc9-90d5-7bd4c0f169a1 - - - - - -] OVN reports status down for port: 5e967d5a-e24a-4a9b-a4ce-b62596184c71 [pid: 7|app: 0|req: 815/1500] 10.0.0.178 () {32 vars in 726 bytes} [Tue Apr 7 01:14:05 2026] DELETE /v2.0/networks/c4ab588f-8b47-4f30-9428-05d9b6292567 => generated 0 bytes in 271 msecs (HTTP/1.1 204) 3 headers in 131 bytes (1 switches on core 0)
2026-04-07 01:14:05.555 8 INFO neutron.db.ovn_revision_numbers_db [None req-d1dfbbc7-aaf9-417d-8fbe-9a59a94988c2 e80b92fc51f34c6ea056314418c218f2 880b946d7469464680186b7865d0848a - - default default] Successfully bumped revision number for resource 5e967d5a-e24a-4a9b-a4ce-b62596184c71 (type: ports) to 2 [pid: 8|app: 0|req: 686/1501] 10.0.0.178 () {34 vars in 737 bytes} [Tue Apr 7 01:14:05 2026] PUT /v2.0/ports/5e967d5a-e24a-4a9b-a4ce-b62596184c71 => generated 752 bytes in 322 msecs (HTTP/1.1 200) 4 headers in 157 bytes (1 switches on core 0)
2026-04-07 01:14:05.701 7 INFO neutron.services.segments.plugin [-] Segment 230a66a0-d6d7-4b27-8e8a-38e932b08258 resource provider aggregate not found
2026-04-07 01:14:05.706 7 INFO neutron.services.segments.plugin [-] Segment 230a66a0-d6d7-4b27-8e8a-38e932b08258 resource provider aggregate not found
2026-04-07 01:14:05.718 7 INFO neutron.services.segments.plugin [-] Segment 230a66a0-d6d7-4b27-8e8a-38e932b08258 resource provider not found; error: Placement Client Error (4xx): {"errors": [{"status": 404, "title": "Not Found", "detail": "The resource could not be found.\n\n No resource provider with uuid 230a66a0-d6d7-4b27-8e8a-38e932b08258 found for delete ", "request_id": "req-56575b6c-a497-45af-9d98-41c404486a74"}]}
2026-04-07 01:14:05.721 7 INFO neutron.services.segments.plugin [-] Segment 230a66a0-d6d7-4b27-8e8a-38e932b08258 resource provider not found; error: Placement Client Error (4xx): {"errors": [{"status": 404, "title": "Not Found", "detail": "The resource could not be found.\n\n No resource provider with uuid 230a66a0-d6d7-4b27-8e8a-38e932b08258 found for delete ", "request_id": "req-8b5944c4-e06c-4df1-874e-a05775dff67b"}]}
2026-04-07 01:14:05.760 7 INFO neutron_taas.services.taas.taas_plugin [None req-dca004e1-6139-48aa-b19b-d0d7e2acbaef e80b92fc51f34c6ea056314418c218f2 880b946d7469464680186b7865d0848a - - default default] TaaS: Handle Delete Port: 5e967d5a-e24a-4a9b-a4ce-b62596184c71
2026-04-07 01:14:05.763 7 INFO neutron_taas.services.taas.tap_mirror_plugin [None req-dca004e1-6139-48aa-b19b-d0d7e2acbaef e80b92fc51f34c6ea056314418c218f2 880b946d7469464680186b7865d0848a - - default default] Tap Mirror: Handle Delete Port: 5e967d5a-e24a-4a9b-a4ce-b62596184c71 [pid: 7|app: 0|req: 816/1502] 10.0.0.178 () {32 vars in 720 bytes} [Tue Apr 7 01:14:05 2026] DELETE /v2.0/ports/5e967d5a-e24a-4a9b-a4ce-b62596184c71 => generated 0 bytes in 304 msecs (HTTP/1.1 204) 3 headers in 131 bytes (1 switches on core 0) /var/lib/openstack/lib/python3.12/site-packages/pycadf/identifier.py:70: UserWarning: Invalid uuid: neutron. To ensure interoperability, identifiers should be a valid uuid. warnings.warn(('Invalid uuid: %s. To ensure interoperability, ' [pid: 8|app: 0|req: 687/1503] 10.0.0.178 () {32 vars in 643 bytes} [Tue Apr 7 01:14:05 2026] GET /v2.0/ports => generated 1534 bytes in 53 msecs (HTTP/1.1 200) 4 headers in 158 bytes (1 switches on core 0)
