2026-03-26 15:28:59.639 13 ERROR oslo_messaging.rpc.server ret_val = f(_self, context, *args, **kwargs)
2026-03-26 15:28:59.639 13 ERROR oslo_messaging.rpc.server ^^^^^^^^^^^^^^^^^^^^^^^^^^^^^^^^^^
2026-03-26 15:28:59.639 13 ERROR oslo_messaging.rpc.server
File "/var/lib/openstack/lib/python3.12/site-packages/neutron/api/rpc/handlers/dhcp_rpc.py", line 292, in create_dhcp_port
2026-03-26 15:28:59.639 13 ERROR oslo_messaging.rpc.server return self._port_action(plugin, context, port, 'create_port')
2026-03-26 15:28:59.639 13 ERROR oslo_messaging.rpc.server ^^^^^^^^^^^^^^^^^^^^^^^^^^^^^^^^^^^^^^^^^^^^^^^^^^^^^^^
2026-03-26 15:28:59.639 13 ERROR oslo_messaging.rpc.server
File "/var/lib/openstack/lib/python3.12/site-packages/neutron/api/rpc/handlers/dhcp_rpc.py", line 118, in _port_action
2026-03-26 15:28:59.639 13 ERROR oslo_messaging.rpc.server return p_utils.create_port(plugin, context, port)
2026-03-26 15:28:59.639 13 ERROR oslo_messaging.rpc.server ^^^^^^^^^^^^^^^^^^^^^^^^^^^^^^^^^^^^^^^^^^
2026-03-26 15:28:59.639 13 ERROR oslo_messaging.rpc.server
File "/var/lib/openstack/lib/python3.12/site-packages/neutron_lib/plugins/utils.py", line 338, in create_port
2026-03-26 15:28:59.639 13 ERROR oslo_messaging.rpc.server return core_plugin.create_port(
2026-03-26 15:28:59.639 13 ERROR oslo_messaging.rpc.server ^^^^^^^^^^^^^^^^^^^^^^^^
2026-03-26 15:28:59.639 13 ERROR oslo_messaging.rpc.server
File "/var/lib/openstack/lib/python3.12/site-packages/neutron/common/utils.py", line 717, in inner
2026-03-26 15:28:59.639 13 ERROR oslo_messaging.rpc.server return f(*args, **kwargs)
2026-03-26 15:28:59.639 13 ERROR oslo_messaging.rpc.server ^^^^^^^^^^^^^^^^^^
2026-03-26 15:28:59.639 13 ERROR oslo_messaging.rpc.server
File "/var/lib/openstack/lib/python3.12/site-packages/neutron_lib/db/api.py", line 223, in wrapped
2026-03-26 15:28:59.639 13 ERROR oslo_messaging.rpc.server return f_with_retry(*args, **kwargs,
2026-03-26 15:28:59.639 13 ERROR oslo_messaging.rpc.server ^^^^^^^^^^^^^^^^^^^^^^^^^^^^^
2026-03-26 15:28:59.639 13 ERROR oslo_messaging.rpc.server
File "/var/lib/openstack/lib/python3.12/site-packages/neutron_lib/db/api.py", line 137, in wrapped
2026-03-26 15:28:59.639 13 ERROR oslo_messaging.rpc.server with excutils.save_and_reraise_exception():
2026-03-26 15:28:59.639 13 ERROR oslo_messaging.rpc.server
File "/var/lib/openstack/lib/python3.12/site-packages/oslo_utils/excutils.py", line 227, in __exit__
2026-03-26 15:28:59.639 13 ERROR oslo_messaging.rpc.server self.force_reraise()
2026-03-26 15:28:59.639 13 ERROR oslo_messaging.rpc.server
File "/var/lib/openstack/lib/python3.12/site-packages/oslo_utils/excutils.py", line 200, in force_reraise
2026-03-26 15:28:59.639 13 ERROR oslo_messaging.rpc.server raise self.value
2026-03-26 15:28:59.639 13 ERROR oslo_messaging.rpc.server
File "/var/lib/openstack/lib/python3.12/site-packages/neutron_lib/db/api.py", line 135, in wrapped
2026-03-26 15:28:59.639 13 ERROR oslo_messaging.rpc.server return f(*args, **kwargs)
2026-03-26 15:28:59.639 13 ERROR oslo_messaging.rpc.server ^^^^^^^^^^^^^^^^^^
2026-03-26 15:28:59.639 13 ERROR oslo_messaging.rpc.server
File "/var/lib/openstack/lib/python3.12/site-packages/oslo_db/api.py", line 144, in wrapper
2026-03-26 15:28:59.639 13 ERROR oslo_messaging.rpc.server with excutils.save_and_reraise_exception() as ectxt:
2026-03-26 15:28:59.639 13 ERROR oslo_messaging.rpc.server
File "/var/lib/openstack/lib/python3.12/site-packages/oslo_utils/excutils.py", line 227, in __exit__
2026-03-26 15:28:59.639 13 ERROR oslo_messaging.rpc.server self.force_reraise()
2026-03-26 15:28:59.639 13 ERROR oslo_messaging.rpc.server
File "/var/lib/openstack/lib/python3.12/site-packages/oslo_utils/excutils.py", line 200, in force_reraise
2026-03-26 15:28:59.639 13 ERROR oslo_messaging.rpc.server raise self.value
2026-03-26 15:28:59.639 13 ERROR oslo_messaging.rpc.server
File "/var/lib/openstack/lib/python3.12/site-packages/oslo_db/api.py", line 142, in wrapper
2026-03-26 15:28:59.639 13 ERROR oslo_messaging.rpc.server return f(*args, **kwargs)
2026-03-26 15:28:59.639 13 ERROR oslo_messaging.rpc.server ^^^^^^^^^^^^^^^^^^
2026-03-26 15:28:59.639 13 ERROR oslo_messaging.rpc.server
File "/var/lib/openstack/lib/python3.12/site-packages/neutron_lib/db/api.py", line 183, in wrapped
2026-03-26 15:28:59.639 13 ERROR oslo_messaging.rpc.server with excutils.save_and_reraise_exception():
2026-03-26 15:28:59.639 13 ERROR oslo_messaging.rpc.server
File "/var/lib/openstack/lib/python3.12/site-packages/oslo_utils/excutils.py", line 227, in __exit__
2026-03-26 15:28:59.639 13 ERROR oslo_messaging.rpc.server self.force_reraise()
2026-03-26 15:28:59.639 13 ERROR oslo_messaging.rpc.server
File "/var/lib/openstack/lib/python3.12/site-packages/oslo_utils/excutils.py", line 200, in force_reraise
2026-03-26 15:28:59.639 13 ERROR oslo_messaging.rpc.server raise self.value
2026-03-26 15:28:59.639 13 ERROR oslo_messaging.rpc.server
File "/var/lib/openstack/lib/python3.12/site-packages/neutron_lib/db/api.py", line 181, in wrapped
2026-03-26 15:28:59.639 13 ERROR oslo_messaging.rpc.server return f(*dup_args, **dup_kwargs)
2026-03-26 15:28:59.639 13 ERROR oslo_messaging.rpc.server ^^^^^^^^^^^^^^^^^^^^^^^^^^
2026-03-26 15:28:59.639 13 ERROR oslo_messaging.rpc.server
File "/var/lib/openstack/lib/python3.12/site-packages/neutron/plugins/ml2/plugin.py", line 1660, in create_port
2026-03-26 15:28:59.639 13 ERROR oslo_messaging.rpc.server result, mech_context = self._create_port_db(context, port)
2026-03-26 15:28:59.639 13 ERROR oslo_messaging.rpc.server ^^^^^^^^^^^^^^^^^^^^^^^^^^^^^^^^^^^
2026-03-26 15:28:59.639 13 ERROR oslo_messaging.rpc.server
File "/var/lib/openstack/lib/python3.12/site-packages/neutron/plugins/ml2/plugin.py", line 1625, in _create_port_db
2026-03-26 15:28:59.639 13 ERROR oslo_messaging.rpc.server port_db = self.create_port_db(context, port)
2026-03-26 15:28:59.639 13 ERROR oslo_messaging.rpc.server ^^^^^^^^^^^^^^^^^^^^^^^^^^^^^^^^^^
2026-03-26 15:28:59.639 13 ERROR oslo_messaging.rpc.server
File "/var/lib/openstack/lib/python3.12/site-packages/neutron/db/db_base_plugin_v2.py", line 1572, in create_port_db
2026-03-26 15:28:59.639 13 ERROR oslo_messaging.rpc.server self.ipam.allocate_ips_for_port_and_store(
2026-03-26 15:28:59.639 13 ERROR oslo_messaging.rpc.server
File "/var/lib/openstack/lib/python3.12/site-packages/neutron/db/ipam_pluggable_backend.py", line 219, in allocate_ips_for_port_and_store
2026-03-26 15:28:59.639 13 ERROR oslo_messaging.rpc.server ips = self.allocate_ips_for_port(context, port_copy)
2026-03-26 15:28:59.639 13 ERROR oslo_messaging.rpc.server ^^^^^^^^^^^^^^^^^^^^^^^^^^^^^^^^^^^^^^^^^^^^^^
2026-03-26 15:28:59.639 13 ERROR oslo_messaging.rpc.server
File "/var/lib/openstack/lib/python3.12/site-packages/neutron_lib/db/api.py", line 221, in wrapped
2026-03-26 15:28:59.639 13 ERROR oslo_messaging.rpc.server return f(*args, **kwargs)
2026-03-26 15:28:59.639 13 ERROR oslo_messaging.rpc.server ^^^^^^^^^^^^^^^^^^
2026-03-26 15:28:59.639 13 ERROR oslo_messaging.rpc.server
File "/var/lib/openstack/lib/python3.12/site-packages/oslo_db/sqlalchemy/enginefacade.py", line 1183, in wrapper
2026-03-26 15:28:59.639 13 ERROR oslo_messaging.rpc.server return fn(*args, **kwargs)
2026-03-26 15:28:59.639 13 ERROR oslo_messaging.rpc.server ^^^^^^^^^^^^^^^^^^^
2026-03-26 15:28:59.639 13 ERROR oslo_messaging.rpc.server
File "/var/lib/openstack/lib/python3.12/site-packages/neutron/db/ipam_pluggable_backend.py", line 226, in allocate_ips_for_port
2026-03-26 15:28:59.639 13 ERROR oslo_messaging.rpc.server return self._allocate_ips_for_port(context, port)
2026-03-26 15:28:59.639 13 ERROR oslo_messaging.rpc.server ^^^^^^^^^^^^^^^^^^^^^^^^^^^^^^^^^^^^^^^^^^
2026-03-26 15:28:59.639 13 ERROR oslo_messaging.rpc.server
File "/var/lib/openstack/lib/python3.12/site-packages/neutron/db/ipam_pluggable_backend.py", line 258, in _allocate_ips_for_port
2026-03-26 15:28:59.639 13 ERROR oslo_messaging.rpc.server subnets = self._ipam_get_subnets(
2026-03-26 15:28:59.639 13 ERROR oslo_messaging.rpc.server ^^^^^^^^^^^^^^^^^^^^^^^
2026-03-26 15:28:59.639 13 ERROR oslo_messaging.rpc.server
File "/var/lib/openstack/lib/python3.12/site-packages/neutron/db/ipam_backend_mixin.py", line 686, in _ipam_get_subnets
2026-03-26 15:28:59.639 13 ERROR oslo_messaging.rpc.server subnet.read_lock_register(
2026-03-26 15:28:59.639 13 ERROR oslo_messaging.rpc.server
File "/var/lib/openstack/lib/python3.12/site-packages/neutron/db/models_v2.py", line 77, in read_lock_register
2026-03-26 15:28:59.639 13 ERROR oslo_messaging.rpc.server raise exception
2026-03-26 15:28:59.639 13 ERROR oslo_messaging.rpc.server neutron_lib.exceptions.SubnetInUse: Unable to complete operation on subnet 72cc4d65-e59c-4365-bb3c-95e6330e5702: This subnet is being modified by another concurrent operation.
2026-03-26 15:28:59.639 13 ERROR oslo_messaging.rpc.server
2026-03-26 15:29:01.089 16 INFO neutron.plugins.ml2.plugin [None req-b19c27c6-e80a-4ae5-b61f-9d29516d6555 - - - - - -] Attempt 1 to provision port 070c6fec-d2c7-4e91-a8f4-cca86e3188c6
2026-03-26 15:29:01.832 16 INFO neutron.plugins.ml2.plugin [None req-b19c27c6-e80a-4ae5-b61f-9d29516d6555 - - - - - -] Attempt 1 to provision port b2378ad5-45f6-47ce-88a1-e6936af268dd
2026-03-26 15:29:02.906 13 INFO neutron.plugins.ml2.plugin [None req-b19c27c6-e80a-4ae5-b61f-9d29516d6555 - - - - - -] Attempt 1 to provision port 070c6fec-d2c7-4e91-a8f4-cca86e3188c6
2026-03-26 15:29:03.104 13 INFO neutron.plugins.ml2.plugin [None req-b19c27c6-e80a-4ae5-b61f-9d29516d6555 - - - - - -] Attempt 1 to provision port b2378ad5-45f6-47ce-88a1-e6936af268dd
2026-03-26 15:29:04.911 13 INFO neutron.plugins.ml2.plugin [None req-b19c27c6-e80a-4ae5-b61f-9d29516d6555 - - - - - -] Attempt 1 to provision port 2199ed33-5820-4ef3-9af0-125913d33adc
2026-03-26 15:29:06.990 16 INFO neutron.plugins.ml2.plugin [None req-b19c27c6-e80a-4ae5-b61f-9d29516d6555 - - - - - -] Attempt 1 to provision port 2199ed33-5820-4ef3-9af0-125913d33adc
2026-03-26 15:29:21.186 13 INFO neutron.plugins.ml2.plugin [None req-b19c27c6-e80a-4ae5-b61f-9d29516d6555 - - - - - -] Attempt 1 to provision port 633c4498-2892-4f38-a36a-2bd1d1ebea76
2026-03-26 15:29:21.578 13 INFO neutron.plugins.ml2.plugin [None req-b19c27c6-e80a-4ae5-b61f-9d29516d6555 - - - - - -] Attempt 1 to provision port b82d4731-9211-4537-a911-d6dfa25aff50
2026-03-26 15:29:23.573 16 INFO neutron.plugins.ml2.plugin [None req-b19c27c6-e80a-4ae5-b61f-9d29516d6555 - - - - - -] Attempt 1 to provision port 633c4498-2892-4f38-a36a-2bd1d1ebea76
2026-03-26 15:29:23.811 16 INFO neutron.plugins.ml2.plugin [None req-b19c27c6-e80a-4ae5-b61f-9d29516d6555 - - - - - -] Attempt 1 to provision port d7c374a3-456c-4221-af83-81b7a72b7e36
2026-03-26 15:29:24.904 16 INFO neutron.plugins.ml2.plugin [None req-b19c27c6-e80a-4ae5-b61f-9d29516d6555 - - - - - -] Attempt 1 to provision port d7c374a3-456c-4221-af83-81b7a72b7e36
2026-03-26 15:29:25.911 13 INFO neutron.plugins.ml2.plugin [None req-eca29b46-1ce3-4ba6-bec9-a21164b751bb - - - - - -] Attempt 1 to provision port bb18e061-6dfe-4486-81ec-34a32b260ec3
2026-03-26 15:29:29.017 16 INFO neutron.plugins.ml2.plugin [None req-b19c27c6-e80a-4ae5-b61f-9d29516d6555 - - - - - -] Attempt 1 to provision port c68e678e-c211-470f-96a6-814c227f50e3
2026-03-26 15:29:31.002 13 INFO neutron.plugins.ml2.plugin [None req-b19c27c6-e80a-4ae5-b61f-9d29516d6555 - - - - - -] Attempt 1 to provision port c68e678e-c211-470f-96a6-814c227f50e3
2026-03-26 15:29:34.241 13 INFO neutron.plugins.ml2.plugin [None req-b19c27c6-e80a-4ae5-b61f-9d29516d6555 - - - - - -] Attempt 1 to provision port bada50e0-3725-4e72-b3e9-1e18bfd1043c
2026-03-26 15:29:34.341 13 INFO neutron.notifiers.nova [-] Nova event matching ['req-34ad43d0-585c-4a66-a3e0-1e3ff1c8a699'] response: {'server_uuid': '33fde2ad-af74-4c43-9de8-e953826ce9cc', 'name': 'network-vif-plugged', 'status': 'completed', 'tag': 'bada50e0-3725-4e72-b3e9-1e18bfd1043c', 'code': 200}
2026-03-26 15:29:35.054 13 INFO neutron.plugins.ml2.plugin [None req-b19c27c6-e80a-4ae5-b61f-9d29516d6555 - - - - - -] Attempt 1 to provision port 5b67c139-c59a-498d-abd0-a61ba9d55e0c
2026-03-26 15:29:35.435 13 INFO neutron.plugins.ml2.plugin [None req-b19c27c6-e80a-4ae5-b61f-9d29516d6555 - - - - - -] Attempt 1 to provision port bada50e0-3725-4e72-b3e9-1e18bfd1043c
2026-03-26 15:29:37.046 16 INFO neutron.plugins.ml2.plugin [None req-b19c27c6-e80a-4ae5-b61f-9d29516d6555 - - - - - -] Attempt 1 to provision port 5b67c139-c59a-498d-abd0-a61ba9d55e0c
2026-03-26 15:29:37.340 16 INFO neutron.plugins.ml2.plugin [None req-b19c27c6-e80a-4ae5-b61f-9d29516d6555 - - - - - -] Attempt 1 to provision port 7d07fa3e-a382-4d1c-805a-433e073a397c
2026-03-26 15:29:38.296 13 INFO neutron.plugins.ml2.plugin [None req-4e8a020b-80cf-4061-ad1e-c81efd5c5c7e - - - - - -] Attempt 1 to provision port 5b67c139-c59a-498d-abd0-a61ba9d55e0c
2026-03-26 15:29:38.364 13 INFO neutron.plugins.ml2.plugin [None req-4e8a020b-80cf-4061-ad1e-c81efd5c5c7e - - - - - -] Attempt 1 to provision port bada50e0-3725-4e72-b3e9-1e18bfd1043c
2026-03-26 15:29:38.430 13 INFO neutron.plugins.ml2.plugin [None req-4e8a020b-80cf-4061-ad1e-c81efd5c5c7e - - - - - -] Attempt 1 to provision port b6fe7677-8752-436d-aa25-a236948ae3d2
2026-03-26 15:29:38.461 13 INFO neutron.plugins.ml2.plugin [None req-4e8a020b-80cf-4061-ad1e-c81efd5c5c7e - - - - - -] Attempt 1 to provision port c68e678e-c211-470f-96a6-814c227f50e3
2026-03-26 15:29:38.514 13 INFO neutron.plugins.ml2.plugin [None req-4e8a020b-80cf-4061-ad1e-c81efd5c5c7e - - - - - -] Attempt 1 to provision port 9816f189-b373-45c9-82e4-ada9ebac548c
2026-03-26 15:29:38.996 13 INFO neutron.plugins.ml2.plugin [None req-b19c27c6-e80a-4ae5-b61f-9d29516d6555 - - - - - -] Attempt 1 to provision port 7d07fa3e-a382-4d1c-805a-433e073a397c
2026-03-26 15:29:41.040 13 INFO neutron.plugins.ml2.plugin [None req-b19c27c6-e80a-4ae5-b61f-9d29516d6555 - - - - - -] Attempt 1 to provision port d21ab417-3b80-44b1-8b5f-7385ffb32f91
2026-03-26 15:29:43.118 16 INFO neutron.plugins.ml2.plugin [None req-b19c27c6-e80a-4ae5-b61f-9d29516d6555 - - - - - -] Attempt 1 to provision port d21ab417-3b80-44b1-8b5f-7385ffb32f91
2026-03-26 15:29:45.632 16 INFO neutron.plugins.ml2.plugin [None req-b19c27c6-e80a-4ae5-b61f-9d29516d6555 - - - - - -] Attempt 1 to provision port 21f8113a-82c3-4a86-a5d0-39648d10bbb8
2026-03-26 15:29:45.741 13 INFO neutron.plugins.ml2.plugin [None req-2662043d-7c12-4733-a163-102f08dd7092 - - - - - -] Attempt 1 to provision port 5b67c139-c59a-498d-abd0-a61ba9d55e0c
2026-03-26 15:29:45.815 13 INFO neutron.plugins.ml2.plugin [None req-2662043d-7c12-4733-a163-102f08dd7092 - - - - - -] Attempt 1 to provision port b6fe7677-8752-436d-aa25-a236948ae3d2
2026-03-26 15:29:45.931 13 INFO neutron.plugins.ml2.plugin [None req-2662043d-7c12-4733-a163-102f08dd7092 - - - - - -] Attempt 1 to provision port d21ab417-3b80-44b1-8b5f-7385ffb32f91
2026-03-26 15:29:45.973 13 INFO neutron.plugins.ml2.plugin [None req-2662043d-7c12-4733-a163-102f08dd7092 - - - - - -] Attempt 1 to provision port ba43a330-d772-431e-8ebb-a284aa33b851
2026-03-26 15:29:45.993 13 INFO neutron.plugins.ml2.plugin [None req-2662043d-7c12-4733-a163-102f08dd7092 - - - - - -] Attempt 1 to provision port 21f8113a-82c3-4a86-a5d0-39648d10bbb8
2026-03-26 15:29:46.065 16 INFO neutron.plugins.ml2.plugin [None req-b19c27c6-e80a-4ae5-b61f-9d29516d6555 - - - - - -] Attempt 1 to provision port bb18e061-6dfe-4486-81ec-34a32b260ec3
2026-03-26 15:29:46.152 16 INFO neutron.plugins.ml2.db [None req-b19c27c6-e80a-4ae5-b61f-9d29516d6555 - - - - - -] No ports have port_id starting with bb18e061-6dfe-4486-81ec-34a32b260ec3
2026-03-26 15:29:46.288 16 INFO neutron.plugins.ml2.plugin [None req-b19c27c6-e80a-4ae5-b61f-9d29516d6555 - - - - - -] Attempt 1 to provision port 30e9008d-811b-4521-8955-da9396e3d3cf
2026-03-26 15:29:46.502 16 INFO neutron.notifiers.nova [-] Nova event matching ['req-edea4911-c7ce-4fd5-9b16-d0c2704ddafa'] response: {'server_uuid': 'b59d8619-46ef-43ec-b15d-ca6bf07bb52e', 'name': 'network-vif-plugged', 'status': 'completed', 'tag': '30e9008d-811b-4521-8955-da9396e3d3cf', 'code': 200}
2026-03-26 15:29:47.540 16 INFO neutron.plugins.ml2.plugin [None req-b19c27c6-e80a-4ae5-b61f-9d29516d6555 - - - - - -] Attempt 1 to provision port b6fe7677-8752-436d-aa25-a236948ae3d2
2026-03-26 15:29:47.855 16 INFO neutron.plugins.ml2.plugin [None req-b19c27c6-e80a-4ae5-b61f-9d29516d6555 - - - - - -] Attempt 1 to provision port 21f8113a-82c3-4a86-a5d0-39648d10bbb8
2026-03-26 15:29:48.040 16 INFO neutron.plugins.ml2.plugin [None req-b19c27c6-e80a-4ae5-b61f-9d29516d6555 - - - - - -] Attempt 1 to provision port 30e9008d-811b-4521-8955-da9396e3d3cf
2026-03-26 15:29:50.594 16 INFO neutron.plugins.ml2.plugin [None req-f6adcf4d-7714-4cf2-a797-f5d1d6e9de43 - - - - - -] Attempt 1 to provision port b6fe7677-8752-436d-aa25-a236948ae3d2
2026-03-26 15:29:50.654 13 INFO neutron.plugins.ml2.plugin [None req-b19c27c6-e80a-4ae5-b61f-9d29516d6555 - - - - - -] Attempt 1 to provision port 5e638637-ca80-402b-b1f4-1e00efa299d8
2026-03-26 15:29:50.760 13 INFO neutron.notifiers.nova [-] Nova event matching ['req-b43dfef7-b7d9-45f6-bcf9-51779c711d66'] response: {'server_uuid': '681dd275-f89b-4e19-b794-1675e53dbd5f', 'name': 'network-vif-plugged', 'status': 'completed', 'tag': '5e638637-ca80-402b-b1f4-1e00efa299d8', 'code': 200}
2026-03-26 15:29:52.007 13 INFO neutron.plugins.ml2.plugin [None req-b19c27c6-e80a-4ae5-b61f-9d29516d6555 - - - - - -] Attempt 1 to provision port 5e638637-ca80-402b-b1f4-1e00efa299d8
2026-03-26 15:29:56.024 16 INFO neutron.plugins.ml2.plugin [None req-b19c27c6-e80a-4ae5-b61f-9d29516d6555 - - - - - -] Attempt 1 to provision port ba43a330-d772-431e-8ebb-a284aa33b851
2026-03-26 15:29:56.407 16 INFO neutron.plugins.ml2.plugin [None req-b19c27c6-e80a-4ae5-b61f-9d29516d6555 - - - - - -] Attempt 1 to provision port c3de7bfc-d39a-4664-a9cc-29940a6ab6b3
2026-03-26 15:29:58.056 16 INFO neutron.plugins.ml2.plugin [None req-b19c27c6-e80a-4ae5-b61f-9d29516d6555 - - - - - -] Attempt 1 to provision port ba43a330-d772-431e-8ebb-a284aa33b851
2026-03-26 15:29:58.265 16 INFO neutron.plugins.ml2.plugin [None req-b19c27c6-e80a-4ae5-b61f-9d29516d6555 - - - - - -] Attempt 1 to provision port c3de7bfc-d39a-4664-a9cc-29940a6ab6b3
2026-03-26 15:29:58.782 16 INFO neutron.plugins.ml2.plugin [None req-75c823a4-94ff-463d-811a-e53639d19fd2 - - - - - -] Attempt 1 to provision port b6fe7677-8752-436d-aa25-a236948ae3d2
2026-03-26 15:29:58.838 16 INFO neutron.plugins.ml2.plugin [None req-75c823a4-94ff-463d-811a-e53639d19fd2 - - - - - -] Attempt 1 to provision port d21ab417-3b80-44b1-8b5f-7385ffb32f91
2026-03-26 15:29:58.898 16 INFO neutron.plugins.ml2.plugin [None req-75c823a4-94ff-463d-811a-e53639d19fd2 - - - - - -] Attempt 1 to provision port ba43a330-d772-431e-8ebb-a284aa33b851
2026-03-26 15:29:58.949 16 INFO neutron.plugins.ml2.plugin [None req-75c823a4-94ff-463d-811a-e53639d19fd2 - - - - - -] Attempt 1 to provision port c3de7bfc-d39a-4664-a9cc-29940a6ab6b3
2026-03-26 15:30:10.338 16 INFO neutron.plugins.ml2.plugin [None req-b19c27c6-e80a-4ae5-b61f-9d29516d6555 - - - - - -] Attempt 1 to provision port 77dfb9de-38fb-4165-b74c-9b032def2bbb
2026-03-26 15:30:10.822 16 INFO neutron.plugins.ml2.plugin [None req-b19c27c6-e80a-4ae5-b61f-9d29516d6555 - - - - - -] Attempt 1 to provision port 60849349-255e-4757-8e5f-34bb25841f56
2026-03-26 15:30:11.416 13 INFO neutron.plugins.ml2.plugin [None req-941f540a-d9bf-4938-a8a0-e2a5d25444c7 - - - - - -] Attempt 1 to provision port 8ead0688-644b-4320-9100-b0ca4e6622e1
2026-03-26 15:30:11.463 13 INFO neutron.plugins.ml2.plugin [None req-941f540a-d9bf-4938-a8a0-e2a5d25444c7 - - - - - -] Attempt 1 to provision port d4d21270-3180-448f-9986-58b1ea9bb3e1
2026-03-26 15:30:11.486 13 INFO neutron.plugins.ml2.plugin [None req-941f540a-d9bf-4938-a8a0-e2a5d25444c7 - - - - - -] Attempt 1 to provision port 60849349-255e-4757-8e5f-34bb25841f56
2026-03-26 15:30:12.069 13 INFO neutron.plugins.ml2.plugin [None req-b19c27c6-e80a-4ae5-b61f-9d29516d6555 - - - - - -] Attempt 1 to provision port 77dfb9de-38fb-4165-b74c-9b032def2bbb
2026-03-26 15:30:12.286 13 INFO neutron.plugins.ml2.plugin [None req-b19c27c6-e80a-4ae5-b61f-9d29516d6555 - - - - - -] Attempt 1 to provision port 60849349-255e-4757-8e5f-34bb25841f56
2026-03-26 15:30:16.030 16 INFO neutron.plugins.ml2.plugin [None req-b19c27c6-e80a-4ae5-b61f-9d29516d6555 - - - - - -] Attempt 1 to provision port 6e60ca52-91b3-4ab8-9d0a-df2e63b4673c
2026-03-26 15:30:18.374 13 INFO neutron.plugins.ml2.plugin [None req-b19c27c6-e80a-4ae5-b61f-9d29516d6555 - - - - - -] Attempt 1 to provision port 71ee3ad8-89c6-4f6e-8e97-27046e82840b
2026-03-26 15:30:18.829 13 INFO neutron.plugins.ml2.plugin [None req-b19c27c6-e80a-4ae5-b61f-9d29516d6555 - - - - - -] Attempt 1 to provision port 6e60ca52-91b3-4ab8-9d0a-df2e63b4673c
2026-03-26 15:30:19.295 13 INFO neutron.plugins.ml2.plugin [None req-030c675b-2cbf-4764-8e9a-050c45bf14c7 - - - - - -] Attempt 1 to provision port 71ee3ad8-89c6-4f6e-8e97-27046e82840b
2026-03-26 15:30:19.366 13 INFO neutron.plugins.ml2.plugin [None req-030c675b-2cbf-4764-8e9a-050c45bf14c7 - - - - - -] Attempt 1 to provision port 6e60ca52-91b3-4ab8-9d0a-df2e63b4673c
2026-03-26 15:30:22.799 16 INFO neutron.plugins.ml2.plugin [None req-b19c27c6-e80a-4ae5-b61f-9d29516d6555 - - - - - -] Attempt 1 to provision port 57b423e3-2370-45b3-8574-a1c93ace2e98
2026-03-26 15:30:22.977 16 INFO neutron.notifiers.nova [-] Nova event matching ['req-1a1b7c10-293a-489e-8245-5d7ebacc08b9'] response: {'server_uuid': '8897a776-6b59-4795-ab65-04e44fdfa100', 'name': 'network-vif-plugged', 'status': 'completed', 'tag': '57b423e3-2370-45b3-8574-a1c93ace2e98', 'code': 200}
2026-03-26 15:30:23.411 16 INFO neutron.plugins.ml2.plugin [None req-ae761d33-9810-4da1-a3a0-fc86e107f58c - - - - - -] Attempt 1 to provision port 60849349-255e-4757-8e5f-34bb25841f56
2026-03-26 15:30:23.462 16 INFO neutron.plugins.ml2.plugin [None req-ae761d33-9810-4da1-a3a0-fc86e107f58c - - - - - -] Attempt 1 to provision port d4d21270-3180-448f-9986-58b1ea9bb3e1
2026-03-26 15:30:23.486 16 INFO neutron.plugins.ml2.plugin [None req-ae761d33-9810-4da1-a3a0-fc86e107f58c - - - - - -] Attempt 1 to provision port 57b423e3-2370-45b3-8574-a1c93ace2e98
2026-03-26 15:30:24.012 16 INFO neutron.plugins.ml2.plugin [None req-b19c27c6-e80a-4ae5-b61f-9d29516d6555 - - - - - -] Attempt 1 to provision port 57b423e3-2370-45b3-8574-a1c93ace2e98
2026-03-26 15:30:26.384 16 INFO neutron.plugins.ml2.plugin [None req-b19c27c6-e80a-4ae5-b61f-9d29516d6555 - - - - - -] Attempt 1 to provision port 53469d4b-947e-4b6f-b1a4-bb7d6bd52fe9
2026-03-26 15:30:26.885 16 INFO neutron.plugins.ml2.plugin [None req-b19c27c6-e80a-4ae5-b61f-9d29516d6555 - - - - - -] Attempt 1 to provision port 8ead0688-644b-4320-9100-b0ca4e6622e1
2026-03-26 15:30:28.251 16 INFO neutron.plugins.ml2.plugin [None req-b19c27c6-e80a-4ae5-b61f-9d29516d6555 - - - - - -] Attempt 1 to provision port d4d21270-3180-448f-9986-58b1ea9bb3e1
2026-03-26 15:30:28.647 16 INFO neutron.plugins.ml2.plugin [None req-b19c27c6-e80a-4ae5-b61f-9d29516d6555 - - - - - -] Attempt 1 to provision port 53469d4b-947e-4b6f-b1a4-bb7d6bd52fe9
2026-03-26 15:30:28.840 16 INFO neutron.plugins.ml2.plugin [None req-b19c27c6-e80a-4ae5-b61f-9d29516d6555 - - - - - -] Attempt 1 to provision port 8ead0688-644b-4320-9100-b0ca4e6622e1
2026-03-26 15:30:30.016 16 INFO neutron.plugins.ml2.plugin [None req-b19c27c6-e80a-4ae5-b61f-9d29516d6555 - - - - - -] Attempt 1 to provision port d4d21270-3180-448f-9986-58b1ea9bb3e1
2026-03-26 15:30:30.263 13 INFO neutron.plugins.ml2.plugin [None req-3edee320-4131-4313-bdf9-21686c39b5a6 - - - - - -] Attempt 1 to provision port d4d21270-3180-448f-9986-58b1ea9bb3e1
2026-03-26 15:30:30.335 13 INFO neutron.plugins.ml2.plugin [None req-3edee320-4131-4313-bdf9-21686c39b5a6 - - - - - -] Attempt 1 to provision port 1aa64d82-8b76-4c3b-98d5-58486c44516e
2026-03-26 15:30:34.002 16 INFO neutron.plugins.ml2.plugin [None req-b19c27c6-e80a-4ae5-b61f-9d29516d6555 - - - - - -] Attempt 1 to provision port 4c9256e7-7f92-4ce4-9321-52500a70be29
2026-03-26 15:30:36.073 16 INFO neutron.plugins.ml2.plugin [None req-b19c27c6-e80a-4ae5-b61f-9d29516d6555 - - - - - -] Attempt 1 to provision port 4c9256e7-7f92-4ce4-9321-52500a70be29
2026-03-26 15:30:36.943 16 INFO neutron.plugins.ml2.plugin [None req-408f78be-cb38-4f0a-898b-9cadb9209131 - - - - - -] Attempt 1 to provision port 7b64aff2-2133-4827-9de4-3a160a86f783
2026-03-26 15:30:36.970 16 INFO neutron.plugins.ml2.plugin [None req-408f78be-cb38-4f0a-898b-9cadb9209131 - - - - - -] Attempt 1 to provision port d4d21270-3180-448f-9986-58b1ea9bb3e1
2026-03-26 15:30:37.015 16 INFO neutron.plugins.ml2.plugin [None req-408f78be-cb38-4f0a-898b-9cadb9209131 - - - - - -] Attempt 1 to provision port 4c9256e7-7f92-4ce4-9321-52500a70be29
2026-03-26 15:30:40.535 16 INFO neutron.plugins.ml2.plugin [None req-b19c27c6-e80a-4ae5-b61f-9d29516d6555 - - - - - -] Attempt 1 to provision port ae5fa167-b868-4ffb-9c45-b9625995d794
2026-03-26 15:30:40.663 16 INFO neutron.notifiers.nova [-] Nova event matching ['req-cefb774d-64c8-4abf-94bf-379935e2efbb'] response: {'server_uuid': '16c5acaf-39c8-43d9-a0c3-2636de6cde02', 'name': 'network-vif-plugged', 'status': 'completed', 'tag': 'ae5fa167-b868-4ffb-9c45-b9625995d794', 'code': 200}
2026-03-26 15:30:42.028 16 INFO neutron.plugins.ml2.plugin [None req-b19c27c6-e80a-4ae5-b61f-9d29516d6555 - - - - - -] Attempt 1 to provision port ae5fa167-b868-4ffb-9c45-b9625995d794
2026-03-26 15:30:44.037 16 INFO neutron.plugins.ml2.plugin [None req-b19c27c6-e80a-4ae5-b61f-9d29516d6555 - - - - - -] Attempt 1 to provision port 1aa64d82-8b76-4c3b-98d5-58486c44516e
2026-03-26 15:30:44.603 16 INFO neutron.plugins.ml2.plugin [None req-b19c27c6-e80a-4ae5-b61f-9d29516d6555 - - - - - -] Attempt 1 to provision port 7b64aff2-2133-4827-9de4-3a160a86f783
2026-03-26 15:30:45.790 13 INFO neutron.plugins.ml2.plugin [None req-4ae484c4-b619-4dff-bb89-f76f546ea29f - - - - - -] Attempt 1 to provision port 57b423e3-2370-45b3-8574-a1c93ace2e98
2026-03-26 15:30:45.946 13 INFO neutron.plugins.ml2.plugin [None req-4ae484c4-b619-4dff-bb89-f76f546ea29f - - - - - -] Attempt 1 to provision port 7b64aff2-2133-4827-9de4-3a160a86f783
2026-03-26 15:30:46.005 16 INFO neutron.plugins.ml2.plugin [None req-b19c27c6-e80a-4ae5-b61f-9d29516d6555 - - - - - -] Attempt 1 to provision port 1aa64d82-8b76-4c3b-98d5-58486c44516e
2026-03-26 15:30:46.023 13 INFO neutron.plugins.ml2.plugin [None req-4ae484c4-b619-4dff-bb89-f76f546ea29f - - - - - -] Attempt 1 to provision port ae5fa167-b868-4ffb-9c45-b9625995d794
2026-03-26 15:30:46.077 13 INFO neutron.plugins.ml2.plugin [None req-4ae484c4-b619-4dff-bb89-f76f546ea29f - - - - - -] Attempt 1 to provision port 4c9256e7-7f92-4ce4-9321-52500a70be29
2026-03-26 15:30:46.149 16 INFO neutron.plugins.ml2.plugin [None req-b19c27c6-e80a-4ae5-b61f-9d29516d6555 - - - - - -] Attempt 1 to provision port 7b64aff2-2133-4827-9de4-3a160a86f783
2026-03-26 15:30:47.079 16 INFO neutron.plugins.ml2.plugin [None req-b411b3fe-3e8d-4709-b993-76227554eae6 - - - - - -] Attempt 1 to provision port ae5fa167-b868-4ffb-9c45-b9625995d794
2026-03-26 15:30:54.216 16 INFO neutron.notifiers.nova [-] Nova event matching ['req-2e8c4437-27b6-492a-a296-617ae5aace2d'] response: {'server_uuid': '8897a776-6b59-4795-ab65-04e44fdfa100', 'name': 'network-vif-unplugged', 'status': 'completed', 'tag': '57b423e3-2370-45b3-8574-a1c93ace2e98', 'code': 200}
2026-03-26 15:30:56.559 13 INFO neutron.plugins.ml2.plugin [None req-b19c27c6-e80a-4ae5-b61f-9d29516d6555 - - - - - -] Attempt 1 to provision port b5255ae1-903f-4526-821d-1c284e03ef14
2026-03-26 15:30:57.059 13 INFO neutron.plugins.ml2.plugin [None req-b19c27c6-e80a-4ae5-b61f-9d29516d6555 - - - - - -] Attempt 1 to provision port 57b423e3-2370-45b3-8574-a1c93ace2e98
2026-03-26 15:30:57.206 13 INFO neutron.notifiers.nova [-] Nova event matching ['req-c7b8e5bd-a5bc-426d-ba84-0febd9e388a9'] response: {'server_uuid': '8897a776-6b59-4795-ab65-04e44fdfa100', 'name': 'network-vif-plugged', 'status': 'completed', 'tag': '57b423e3-2370-45b3-8574-a1c93ace2e98', 'code': 200}
2026-03-26 15:30:58.055 13 INFO neutron.plugins.ml2.plugin [None req-b19c27c6-e80a-4ae5-b61f-9d29516d6555 - - - - - -] Attempt 1 to provision port b5255ae1-903f-4526-821d-1c284e03ef14
2026-03-26 15:30:58.351 13 INFO neutron.plugins.ml2.plugin [None req-b19c27c6-e80a-4ae5-b61f-9d29516d6555 - - - - - -] Attempt 1 to provision port 57b423e3-2370-45b3-8574-a1c93ace2e98
2026-03-26 15:30:59.218 16 INFO neutron.plugins.ml2.plugin [None req-b76a6343-f95a-4771-ba6d-6e1807c0e53c - - - - - -] Attempt 1 to provision port b5255ae1-903f-4526-821d-1c284e03ef14
2026-03-26 15:31:00.019 16 INFO neutron.plugins.ml2.plugin [None req-b19c27c6-e80a-4ae5-b61f-9d29516d6555 - - - - - -] Attempt 1 to provision port 9279451d-7b9d-4024-9b1a-7c1466f676ef
2026-03-26 15:31:02.016 16 INFO neutron.plugins.ml2.plugin [None req-b19c27c6-e80a-4ae5-b61f-9d29516d6555 - - - - - -] Attempt 1 to provision port 9279451d-7b9d-4024-9b1a-7c1466f676ef
2026-03-26 15:31:04.069 16 INFO neutron.plugins.ml2.plugin [None req-b19c27c6-e80a-4ae5-b61f-9d29516d6555 - - - - - -] Attempt 1 to provision port 766aae72-2564-41cf-bbf2-79469c57b495
2026-03-26 15:31:04.487 16 INFO neutron.plugins.ml2.plugin [None req-b19c27c6-e80a-4ae5-b61f-9d29516d6555 - - - - - -] Attempt 1 to provision port f49727ba-2a73-4d5d-a3e0-36733f1df36d
2026-03-26 15:31:04.536 13 INFO neutron.plugins.ml2.plugin [None req-6153c6c4-9f29-4610-b906-4297d29a2efc - - - - - -] Attempt 1 to provision port 8fc12855-def2-4460-b830-83faa8da6603
2026-03-26 15:31:04.564 13 INFO neutron.plugins.ml2.plugin [None req-6153c6c4-9f29-4610-b906-4297d29a2efc - - - - - -] Attempt 1 to provision port f49727ba-2a73-4d5d-a3e0-36733f1df36d
2026-03-26 15:31:04.627 13 INFO neutron.plugins.ml2.plugin [None req-6153c6c4-9f29-4610-b906-4297d29a2efc - - - - - -] Attempt 1 to provision port 21754494-32de-49ec-a96d-421e674fb9ff
2026-03-26 15:31:06.080 16 INFO neutron.plugins.ml2.plugin [None req-b19c27c6-e80a-4ae5-b61f-9d29516d6555 - - - - - -] Attempt 1 to provision port 766aae72-2564-41cf-bbf2-79469c57b495
2026-03-26 15:31:06.395 16 INFO neutron.plugins.ml2.plugin [None req-b19c27c6-e80a-4ae5-b61f-9d29516d6555 - - - - - -] Attempt 1 to provision port f49727ba-2a73-4d5d-a3e0-36733f1df36d
2026-03-26 15:31:08.743 13 INFO neutron.plugins.ml2.plugin [None req-fb7c979a-5f12-4cd2-9a4b-a288b81749d8 - - - - - -] Attempt 1 to provision port f49727ba-2a73-4d5d-a3e0-36733f1df36d
2026-03-26 15:31:08.803 13 INFO neutron.plugins.ml2.plugin [None req-fb7c979a-5f12-4cd2-9a4b-a288b81749d8 - - - - - -] Attempt 1 to provision port 21754494-32de-49ec-a96d-421e674fb9ff
2026-03-26 15:31:08.833 13 INFO neutron.plugins.ml2.plugin [None req-fb7c979a-5f12-4cd2-9a4b-a288b81749d8 - - - - - -] Attempt 1 to provision port e6ece67b-4264-4935-bbd7-3761b58f8e50
2026-03-26 15:31:08.861 13 INFO neutron.plugins.ml2.plugin [None req-fb7c979a-5f12-4cd2-9a4b-a288b81749d8 - - - - - -] Attempt 1 to provision port 280357e7-1211-4bc8-8fe0-c27d2db0e6a4
2026-03-26 15:31:10.764 13 INFO neutron.plugins.ml2.plugin [None req-354c655a-e322-44be-8121-5d5cb11cae36 - - - - - -] Attempt 1 to provision port e6ece67b-4264-4935-bbd7-3761b58f8e50
2026-03-26 15:31:11.794 13 INFO neutron.plugins.ml2.plugin [None req-efd7c4a0-4587-4ba9-a072-38ee0a77b009 - - - - - -] Attempt 1 to provision port e6ece67b-4264-4935-bbd7-3761b58f8e50
2026-03-26 15:31:19.089 16 INFO neutron.plugins.ml2.plugin [None req-b19c27c6-e80a-4ae5-b61f-9d29516d6555 - - - - - -] Attempt 1 to provision port 2d6e20b6-6623-499e-afe9-2baecf8f3237
2026-03-26 15:31:19.234 16 INFO neutron.notifiers.nova [-] Nova event matching ['req-fbc3f374-5dfa-41d4-9301-7b9092d295ea'] response: {'server_uuid': '9b62abe3-bf87-4a7a-95a9-dea338ada69e', 'name': 'network-vif-plugged', 'status': 'completed', 'tag': '2d6e20b6-6623-499e-afe9-2baecf8f3237', 'code': 200}
2026-03-26 15:31:20.731 16 INFO neutron.plugins.ml2.plugin [None req-b19c27c6-e80a-4ae5-b61f-9d29516d6555 - - - - - -] Attempt 1 to provision port 2d6e20b6-6623-499e-afe9-2baecf8f3237
2026-03-26 15:31:20.939 16 INFO neutron.plugins.ml2.plugin [None req-b19c27c6-e80a-4ae5-b61f-9d29516d6555 - - - - - -] Attempt 1 to provision port 8fc12855-def2-4460-b830-83faa8da6603
2026-03-26 15:31:21.223 16 INFO neutron.plugins.ml2.plugin [None req-b19c27c6-e80a-4ae5-b61f-9d29516d6555 - - - - - -] Attempt 1 to provision port 81c45904-127b-4c95-998b-876e47159515
2026-03-26 15:31:21.328 16 INFO neutron.notifiers.nova [-] Nova event matching ['req-3f9949a2-21c3-4572-946f-532bb64d8427'] response: {'server_uuid': 'c1669789-0d3b-4826-81d5-a665e9e0ba96', 'name': 'network-vif-plugged', 'status': 'completed', 'tag': '81c45904-127b-4c95-998b-876e47159515', 'code': 200}
2026-03-26 15:31:21.609 16 INFO neutron.plugins.ml2.plugin [None req-b19c27c6-e80a-4ae5-b61f-9d29516d6555 - - - - - -] Attempt 1 to provision port 21754494-32de-49ec-a96d-421e674fb9ff
2026-03-26 15:31:22.551 13 INFO neutron.plugins.ml2.plugin [None req-b19c27c6-e80a-4ae5-b61f-9d29516d6555 - - - - - -] Attempt 1 to provision port 8fc12855-def2-4460-b830-83faa8da6603
2026-03-26 15:31:22.743 13 INFO neutron.plugins.ml2.plugin [None req-b19c27c6-e80a-4ae5-b61f-9d29516d6555 - - - - - -] Attempt 1 to provision port 280357e7-1211-4bc8-8fe0-c27d2db0e6a4
2026-03-26 15:31:23.221 13 INFO neutron.plugins.ml2.plugin [None req-b19c27c6-e80a-4ae5-b61f-9d29516d6555 - - - - - -] Attempt 1 to provision port e6ece67b-4264-4935-bbd7-3761b58f8e50
2026-03-26 15:31:23.652 13 INFO neutron.plugins.ml2.plugin [None req-b19c27c6-e80a-4ae5-b61f-9d29516d6555 - - - - - -] Attempt 1 to provision port 21754494-32de-49ec-a96d-421e674fb9ff
2026-03-26 15:31:24.155 13 INFO neutron.plugins.ml2.plugin [None req-b19c27c6-e80a-4ae5-b61f-9d29516d6555 - - - - - -] Attempt 1 to provision port 81c45904-127b-4c95-998b-876e47159515
2026-03-26 15:31:25.947 16 INFO neutron.plugins.ml2.plugin [None req-b19c27c6-e80a-4ae5-b61f-9d29516d6555 - - - - - -] Attempt 1 to provision port 280357e7-1211-4bc8-8fe0-c27d2db0e6a4
2026-03-26 15:31:26.202 16 INFO neutron.plugins.ml2.plugin [None req-b19c27c6-e80a-4ae5-b61f-9d29516d6555 - - - - - -] Attempt 1 to provision port e6ece67b-4264-4935-bbd7-3761b58f8e50
2026-03-26 15:32:02.032 13 INFO neutron_taas.services.taas.taas_plugin [None req-8422272d-1038-4a73-ad7f-e14f7b381870 - - - - - -] TaaS: Handle Delete Port: 4c9256e7-7f92-4ce4-9321-52500a70be29
2026-03-26 15:32:02.039 13 INFO neutron_taas.services.taas.tap_mirror_plugin [None req-8422272d-1038-4a73-ad7f-e14f7b381870 - - - - - -] Tap Mirror: Handle Delete Port: 4c9256e7-7f92-4ce4-9321-52500a70be29
2026-03-26 15:32:23.885 16 INFO neutron.plugins.ml2.plugin [None req-b19c27c6-e80a-4ae5-b61f-9d29516d6555 - - - - - -] Attempt 1 to provision port 07f42917-b104-4868-bec3-3ec5d0533981
2026-03-26 15:32:24.171 13 INFO neutron.plugins.ml2.plugin [None req-5f9e9c16-9011-4cbc-bd60-998d05aea878 - - - - - -] Attempt 1 to provision port 07f42917-b104-4868-bec3-3ec5d0533981
2026-03-26 15:32:55.893 16 INFO neutron.plugins.ml2.plugin [None req-b19c27c6-e80a-4ae5-b61f-9d29516d6555 - - - - - -] Attempt 1 to provision port 53f4e4a4-ef21-42ec-a172-3fe94f4afca9
2026-03-26 15:32:56.806 13 INFO neutron.plugins.ml2.plugin [None req-fabb3942-1351-4742-9eff-429e4ae62ffc - - - - - -] Attempt 1 to provision port 53f4e4a4-ef21-42ec-a172-3fe94f4afca9
2026-03-26 15:32:57.863 16 INFO neutron.plugins.ml2.plugin [None req-b19c27c6-e80a-4ae5-b61f-9d29516d6555 - - - - - -] Attempt 1 to provision port 53f4e4a4-ef21-42ec-a172-3fe94f4afca9
2026-03-26 15:32:59.937 16 INFO neutron.plugins.ml2.plugin [None req-b19c27c6-e80a-4ae5-b61f-9d29516d6555 - - - - - -] Attempt 1 to provision port d11f1567-138e-4a2c-a18b-6e28e0708a83
2026-03-26 15:33:00.311 16 INFO neutron.plugins.ml2.plugin [None req-b19c27c6-e80a-4ae5-b61f-9d29516d6555 - - - - - -] Attempt 1 to provision port 4d9c3d2d-51bc-44fb-9f62-1e42a4e9f471
2026-03-26 15:33:02.294 16 INFO neutron.plugins.ml2.plugin [None req-b19c27c6-e80a-4ae5-b61f-9d29516d6555 - - - - - -] Attempt 1 to provision port d11f1567-138e-4a2c-a18b-6e28e0708a83
2026-03-26 15:33:02.582 16 INFO neutron.plugins.ml2.plugin [None req-b19c27c6-e80a-4ae5-b61f-9d29516d6555 - - - - - -] Attempt 1 to provision port 89a33f47-0715-4488-8849-85eb4d8ae752
2026-03-26 15:33:03.046 16 INFO neutron.plugins.ml2.plugin [None req-b19c27c6-e80a-4ae5-b61f-9d29516d6555 - - - - - -] Attempt 1 to provision port 4d9c3d2d-51bc-44fb-9f62-1e42a4e9f471
2026-03-26 15:33:03.865 16 INFO neutron.plugins.ml2.plugin [None req-b19c27c6-e80a-4ae5-b61f-9d29516d6555 - - - - - -] Attempt 1 to provision port 89a33f47-0715-4488-8849-85eb4d8ae752
2026-03-26 15:33:07.947 16 INFO neutron.plugins.ml2.plugin [None req-b19c27c6-e80a-4ae5-b61f-9d29516d6555 - - - - - -] Attempt 1 to provision port 53f4e4a4-ef21-42ec-a172-3fe94f4afca9
2026-03-26 15:33:08.321 13 INFO neutron.plugins.ml2.plugin [None req-b2ab0d14-cb50-400a-b62f-1cffb6e23037 - - - - - -] Attempt 1 to provision port 89a33f47-0715-4488-8849-85eb4d8ae752
2026-03-26 15:33:08.377 13 INFO neutron.plugins.ml2.plugin [None req-b2ab0d14-cb50-400a-b62f-1cffb6e23037 - - - - - -] Attempt 1 to provision port 8f101e76-f606-4eb8-bb55-9bf17df69a37
2026-03-26 15:33:08.401 13 INFO neutron.plugins.ml2.plugin [None req-b2ab0d14-cb50-400a-b62f-1cffb6e23037 - - - - - -] Attempt 1 to provision port 4d9c3d2d-51bc-44fb-9f62-1e42a4e9f471
2026-03-26 15:33:08.459 13 INFO neutron.plugins.ml2.plugin [None req-b2ab0d14-cb50-400a-b62f-1cffb6e23037 - - - - - -] Attempt 1 to provision port 53f4e4a4-ef21-42ec-a172-3fe94f4afca9
2026-03-26 15:33:08.524 13 INFO neutron.plugins.ml2.plugin [None req-b2ab0d14-cb50-400a-b62f-1cffb6e23037 - - - - - -] Attempt 1 to provision port 1d4e9eb5-34a4-47c5-80f3-56ee3c052ef0
2026-03-26 15:33:16.448 13 INFO neutron.plugins.ml2.plugin [None req-b19c27c6-e80a-4ae5-b61f-9d29516d6555 - - - - - -] Attempt 1 to provision port e0699428-55b8-40f5-aeb8-251ff847d80e
2026-03-26 15:33:16.562 13 INFO neutron.notifiers.nova [-] Nova event matching ['req-cbfddd98-1e0d-437a-a815-c9dcaec14599'] response: {'server_uuid': 'af7ffaec-7883-42c2-9c8f-e652e15ed85e', 'name': 'network-vif-plugged', 'status': 'completed', 'tag': 'e0699428-55b8-40f5-aeb8-251ff847d80e', 'code': 200}
2026-03-26 15:33:17.917 16 INFO neutron.plugins.ml2.plugin [None req-b19c27c6-e80a-4ae5-b61f-9d29516d6555 - - - - - -] Attempt 1 to provision port 1d4e9eb5-34a4-47c5-80f3-56ee3c052ef0
2026-03-26 15:33:18.288 16 INFO neutron.plugins.ml2.plugin [None req-b19c27c6-e80a-4ae5-b61f-9d29516d6555 - - - - - -] Attempt 1 to provision port e0699428-55b8-40f5-aeb8-251ff847d80e
2026-03-26 15:33:18.390 13 INFO neutron.plugins.ml2.plugin [None req-cfbb31ae-1aed-4073-a10b-5472fa318088 - - - - - -] Attempt 1 to provision port 89a33f47-0715-4488-8849-85eb4d8ae752
2026-03-26 15:33:18.497 13 INFO neutron.plugins.ml2.plugin [None req-cfbb31ae-1aed-4073-a10b-5472fa318088 - - - - - -] Attempt 1 to provision port e0699428-55b8-40f5-aeb8-251ff847d80e
2026-03-26 15:33:18.603 13 INFO neutron.plugins.ml2.plugin [None req-cfbb31ae-1aed-4073-a10b-5472fa318088 - - - - - -] Attempt 1 to provision port 4d9c3d2d-51bc-44fb-9f62-1e42a4e9f471
2026-03-26 15:33:18.705 13 INFO neutron.plugins.ml2.plugin [None req-cfbb31ae-1aed-4073-a10b-5472fa318088 - - - - - -] Attempt 1 to provision port 53f4e4a4-ef21-42ec-a172-3fe94f4afca9
2026-03-26 15:33:18.780 13 INFO neutron.plugins.ml2.plugin [None req-cfbb31ae-1aed-4073-a10b-5472fa318088 - - - - - -] Attempt 1 to provision port e20f8066-c584-49ae-8ee3-2f843bd492ec
2026-03-26 15:33:18.908 13 INFO neutron.plugins.ml2.plugin [None req-cfbb31ae-1aed-4073-a10b-5472fa318088 - - - - - -] Attempt 1 to provision port 1d4e9eb5-34a4-47c5-80f3-56ee3c052ef0
2026-03-26 15:33:18.965 13 INFO neutron.plugins.ml2.plugin [None req-cfbb31ae-1aed-4073-a10b-5472fa318088 - - - - - -] Attempt 1 to provision port 7aaaabee-1c90-4fc7-9a2c-9b44cca95639
2026-03-26 15:33:19.980 13 INFO neutron.plugins.ml2.plugin [None req-b19c27c6-e80a-4ae5-b61f-9d29516d6555 - - - - - -] Attempt 1 to provision port e20f8066-c584-49ae-8ee3-2f843bd492ec
2026-03-26 15:33:20.238 13 INFO neutron.plugins.ml2.plugin [None req-b19c27c6-e80a-4ae5-b61f-9d29516d6555 - - - - - -] Attempt 1 to provision port 1d4e9eb5-34a4-47c5-80f3-56ee3c052ef0
2026-03-26 15:33:20.432 13 INFO neutron.plugins.ml2.plugin [None req-b19c27c6-e80a-4ae5-b61f-9d29516d6555 - - - - - -] Attempt 1 to provision port 8f101e76-f606-4eb8-bb55-9bf17df69a37
2026-03-26 15:33:20.706 13 INFO neutron.plugins.ml2.plugin [None req-b19c27c6-e80a-4ae5-b61f-9d29516d6555 - - - - - -] Attempt 1 to provision port 7aaaabee-1c90-4fc7-9a2c-9b44cca95639
2026-03-26 15:33:21.895 16 INFO neutron.plugins.ml2.plugin [None req-b19c27c6-e80a-4ae5-b61f-9d29516d6555 - - - - - -] Attempt 1 to provision port 8f101e76-f606-4eb8-bb55-9bf17df69a37
2026-03-26 15:33:22.144 13 INFO neutron.plugins.ml2.plugin [None req-40296e0a-a976-4e56-885d-429cefde0af3 - - - - - -] Attempt 1 to provision port 7aaaabee-1c90-4fc7-9a2c-9b44cca95639
2026-03-26 15:33:22.205 13 INFO neutron.plugins.ml2.plugin [None req-40296e0a-a976-4e56-885d-429cefde0af3 - - - - - -] Attempt 1 to provision port 1d4e9eb5-34a4-47c5-80f3-56ee3c052ef0
2026-03-26 15:33:24.555 16 INFO neutron.plugins.ml2.plugin [None req-730671f8-5732-4e9e-9626-bdc4047f39ba - - - - - -] Attempt 1 to provision port e20f8066-c584-49ae-8ee3-2f843bd492ec
2026-03-26 15:33:25.988 16 INFO neutron.plugins.ml2.plugin [None req-8371a2f3-6c23-42a9-afc9-c040904718ab - - - - - -] Attempt 1 to provision port e0699428-55b8-40f5-aeb8-251ff847d80e
2026-03-26 15:33:33.940 13 INFO neutron.plugins.ml2.plugin [None req-b19c27c6-e80a-4ae5-b61f-9d29516d6555 - - - - - -] Attempt 1 to provision port 55c25f6c-42d3-4a3f-b277-99be08f0328e
2026-03-26 15:33:34.221 13 INFO neutron.notifiers.nova [-] Nova event matching ['req-191cdf03-8bf9-43a1-8113-e7fec736eda6'] response: {'server_uuid': 'b9c84141-e4aa-4499-a785-f167700b523a', 'name': 'network-vif-plugged', 'status': 'completed', 'tag': '55c25f6c-42d3-4a3f-b277-99be08f0328e', 'code': 200}
2026-03-26 15:33:35.927 16 INFO neutron.plugins.ml2.plugin [None req-b19c27c6-e80a-4ae5-b61f-9d29516d6555 - - - - - -] Attempt 1 to provision port 55c25f6c-42d3-4a3f-b277-99be08f0328e
2026-03-26 15:34:06.814 16 INFO neutron.plugins.ml2.plugin [None req-a6e5fa1c-58d6-4258-9450-bb8d2fc177f0 - - - - - -] Attempt 1 to provision port d2ce8467-c603-4742-8a3a-29d4772b449e
2026-03-26 15:34:28.459 16 INFO neutron.plugins.ml2.plugin [None req-b19c27c6-e80a-4ae5-b61f-9d29516d6555 - - - - - -] Attempt 1 to provision port 6d75b3c0-71d1-4880-bd0a-23fe51c347ba
2026-03-26 15:34:28.606 16 INFO neutron.notifiers.nova [-] Nova event matching ['req-82a2cc20-8c22-4a2c-a0a8-51bb947a6ef4'] response: {'server_uuid': '6e5a8fc9-b155-4fec-87fd-05b119d8434b', 'name': 'network-vif-plugged', 'status': 'completed', 'tag': '6d75b3c0-71d1-4880-bd0a-23fe51c347ba', 'code': 200}
2026-03-26 15:34:29.922 13 INFO neutron.plugins.ml2.plugin [None req-b19c27c6-e80a-4ae5-b61f-9d29516d6555 - - - - - -] Attempt 1 to provision port 6d75b3c0-71d1-4880-bd0a-23fe51c347ba
2026-03-26 15:35:12.955 13 INFO neutron.plugins.ml2.plugin [None req-e39ac99a-e691-4751-99da-cbc29231714a - - - - - -] Attempt 1 to provision port 3ec8c2b6-8c81-46d6-a49a-2f831f074bb8
2026-03-26 15:35:19.963 16 INFO neutron.plugins.ml2.plugin [None req-b19c27c6-e80a-4ae5-b61f-9d29516d6555 - - - - - -] Attempt 1 to provision port 3ec8c2b6-8c81-46d6-a49a-2f831f074bb8
2026-03-26 15:35:20.078 16 INFO neutron.notifiers.nova [-] Nova event matching ['req-0a47916c-a3a3-4609-9c51-0b150c939012'] response: {'server_uuid': '6e5a8fc9-b155-4fec-87fd-05b119d8434b', 'name': 'network-vif-plugged', 'status': 'completed', 'tag': '3ec8c2b6-8c81-46d6-a49a-2f831f074bb8', 'code': 200}
2026-03-26 15:35:22.065 13 INFO neutron.plugins.ml2.plugin [None req-b19c27c6-e80a-4ae5-b61f-9d29516d6555 - - - - - -] Attempt 1 to provision port 3ec8c2b6-8c81-46d6-a49a-2f831f074bb8
2026-03-26 15:35:24.440 13 INFO neutron.plugins.ml2.plugin [None req-b19c27c6-e80a-4ae5-b61f-9d29516d6555 - - - - - -] Attempt 1 to provision port 3ec8c2b6-8c81-46d6-a49a-2f831f074bb8
2026-03-26 15:35:43.039 13 INFO neutron.plugins.ml2.plugin [None req-3fe7ff18-0b51-4423-b59e-7e834394896d - - - - - -] Attempt 1 to provision port 9ccee83f-6ca0-4870-ad35-75e6041ca78f
2026-03-26 15:35:51.517 13 INFO neutron.plugins.ml2.plugin [None req-b19c27c6-e80a-4ae5-b61f-9d29516d6555 - - - - - -] Attempt 1 to provision port 9ccee83f-6ca0-4870-ad35-75e6041ca78f
2026-03-26 15:35:51.642 13 INFO neutron.notifiers.nova [-] Nova event matching ['req-a3e92419-0899-45d7-ba1d-012b893e1f0b'] response: {'server_uuid': '6e5a8fc9-b155-4fec-87fd-05b119d8434b', 'name': 'network-vif-plugged', 'status': 'completed', 'tag': '9ccee83f-6ca0-4870-ad35-75e6041ca78f', 'code': 200}
2026-03-26 15:35:52.154 16 INFO neutron.plugins.ml2.plugin [None req-b19c27c6-e80a-4ae5-b61f-9d29516d6555 - - - - - -] Attempt 1 to provision port 9ccee83f-6ca0-4870-ad35-75e6041ca78f
2026-03-26 15:36:05.087 16 INFO neutron.plugins.ml2.plugin [None req-989266ed-27df-4523-a054-f4f278f6d4ca - - - - - -] Attempt 1 to provision port 34b2b8a5-56bd-4a89-ab36-147c17665e62
2026-03-26 15:36:12.176 13 INFO neutron.plugins.ml2.plugin [None req-b19c27c6-e80a-4ae5-b61f-9d29516d6555 - - - - - -] Attempt 1 to provision port 34b2b8a5-56bd-4a89-ab36-147c17665e62
2026-03-26 15:36:12.302 13 INFO neutron.notifiers.nova [-] Nova event matching ['req-1c9850c2-45c5-45a9-91d9-ef24ae352977'] response: {'server_uuid': '6e5a8fc9-b155-4fec-87fd-05b119d8434b', 'name': 'network-vif-plugged', 'status': 'completed', 'tag': '34b2b8a5-56bd-4a89-ab36-147c17665e62', 'code': 200}
2026-03-26 15:36:14.134 16 INFO neutron.plugins.ml2.plugin [None req-b19c27c6-e80a-4ae5-b61f-9d29516d6555 - - - - - -] Attempt 1 to provision port 34b2b8a5-56bd-4a89-ab36-147c17665e62
2026-03-26 15:36:15.728 16 INFO neutron.plugins.ml2.plugin [None req-a1762e29-8320-4cc3-8c36-6f1ad25e614c - - - - - -] Attempt 1 to provision port 9ccee83f-6ca0-4870-ad35-75e6041ca78f
2026-03-26 15:36:16.190 13 INFO neutron.plugins.ml2.plugin [None req-b19c27c6-e80a-4ae5-b61f-9d29516d6555 - - - - - -] Attempt 1 to provision port 9ccee83f-6ca0-4870-ad35-75e6041ca78f
2026-03-26 15:36:27.964 13 INFO neutron.plugins.ml2.plugin [None req-8604c602-83e5-49bc-b269-1110eb4b0633 - - - - - -] Attempt 1 to provision port 34b2b8a5-56bd-4a89-ab36-147c17665e62
2026-03-26 15:36:28.237 16 INFO neutron.plugins.ml2.plugin [None req-b19c27c6-e80a-4ae5-b61f-9d29516d6555 - - - - - -] Attempt 1 to provision port 34b2b8a5-56bd-4a89-ab36-147c17665e62
2026-03-26 15:36:29.420 16 INFO neutron.plugins.ml2.plugin [None req-79a17ce6-6e9f-45a5-9457-d36233957db9 - - - - - -] Attempt 1 to provision port 34b2b8a5-56bd-4a89-ab36-147c17665e62
2026-03-26 15:36:38.171 16 INFO neutron.plugins.ml2.plugin [None req-b19c27c6-e80a-4ae5-b61f-9d29516d6555 - - - - - -] Attempt 1 to provision port 9ccee83f-6ca0-4870-ad35-75e6041ca78f
2026-03-26 15:36:38.518 13 INFO neutron.plugins.ml2.plugin [None req-7c16b422-8af7-495d-93d6-05705efa2f3b - - - - - -] Attempt 1 to provision port 9ccee83f-6ca0-4870-ad35-75e6041ca78f
2026-03-26 15:37:06.321 13 INFO neutron.notifiers.nova [-] Nova event matching ['req-c36dbfc5-2414-4e37-ace0-c27adb1c1856'] response: {'server_uuid': '6e5a8fc9-b155-4fec-87fd-05b119d8434b', 'name': 'network-vif-unplugged', 'status': 'completed', 'tag': '6d75b3c0-71d1-4880-bd0a-23fe51c347ba', 'code': 200}
2026-03-26 15:37:22.307 13 INFO neutron.notifiers.nova [-] Nova event matching ['req-d8e41ca7-f63f-4d4d-a0ff-662363254204'] response: {'server_uuid': 'af7ffaec-7883-42c2-9c8f-e652e15ed85e', 'name': 'network-vif-unplugged', 'status': 'completed', 'tag': 'e0699428-55b8-40f5-aeb8-251ff847d80e', 'code': 200}