May 20 07:35:59.175917 np0000175312 systemd[1]: Starting devstack@n-api-meta.service - Devstack devstack@n-api-meta.service...
May 20 07:35:59.182256 np0000175312 devstack@n-api-meta.service[108362]: [uWSGI] getting INI configuration from /etc/nova/nova-metadata-uwsgi.ini
May 20 07:35:59.184572 np0000175312 devstack@n-api-meta.service[108362]: *** Starting uWSGI 2.0.24-debian (64bit) on [Wed May 20 07:35:59 2026] ***
May 20 07:35:59.184572 np0000175312 devstack@n-api-meta.service[108362]: compiled with version: 13.2.0 on 17 April 2024 16:23:48
May 20 07:35:59.184572 np0000175312 devstack@n-api-meta.service[108362]: os: Linux-6.8.0-111-generic #111-Ubuntu SMP PREEMPT_DYNAMIC Sat Apr 11 23:16:02 UTC 2026
May 20 07:35:59.184572 np0000175312 devstack@n-api-meta.service[108362]: nodename: np0000175312
May 20 07:35:59.184572 np0000175312 devstack@n-api-meta.service[108362]: machine: x86_64
May 20 07:35:59.184572 np0000175312 devstack@n-api-meta.service[108362]: clock source: unix
May 20 07:35:59.184572 np0000175312 devstack@n-api-meta.service[108362]: pcre jit disabled
May 20 07:35:59.184572 np0000175312 devstack@n-api-meta.service[108362]: detected number of CPU cores: 16
May 20 07:35:59.184572 np0000175312 devstack@n-api-meta.service[108362]: current working directory: /
May 20 07:35:59.184572 np0000175312 devstack@n-api-meta.service[108362]: detected binary path: /usr/bin/uwsgi-core
May 20 07:35:59.184572 np0000175312 devstack@n-api-meta.service[108362]: your processes number limit is 256917
May 20 07:35:59.184572 np0000175312 devstack@n-api-meta.service[108362]: your memory page size is 4096 bytes
May 20 07:35:59.184572 np0000175312 devstack@n-api-meta.service[108362]: detected max file descriptor number: 2048
May 20 07:35:59.184572 np0000175312 devstack@n-api-meta.service[108362]: lock engine: pthread robust mutexes
May 20 07:35:59.185292 np0000175312 devstack@n-api-meta.service[108362]: thunder lock: enabled
May 20 07:35:59.185292 np0000175312 devstack@n-api-meta.service[108362]: uWSGI http bound on 0.0.0.0:8775 fd 5
May 20 07:35:59.185292 np0000175312 devstack@n-api-meta.service[108362]: uwsgi socket 0 bound to TCP address 127.0.0.1:38067 (port auto-assigned) fd 4
May 20 07:35:59.185292 np0000175312 devstack@n-api-meta.service[108362]: Python version: 3.12.3 (main, Mar 23 2026, 19:04:32) [GCC 13.3.0]
May 20 07:35:59.185292 np0000175312 devstack@n-api-meta.service[108362]: PEP 405 virtualenv detected: /opt/stack/data/venv
May 20 07:35:59.185292 np0000175312 devstack@n-api-meta.service[108362]: Set PythonHome to /opt/stack/data/venv
May 20 07:35:59.219445 np0000175312 devstack@n-api-meta.service[108362]: Python main interpreter initialized at 0x7ab0eeaa3668
May 20 07:35:59.219445 np0000175312 devstack@n-api-meta.service[108362]: python threads support enabled
May 20 07:35:59.219445 np0000175312 devstack@n-api-meta.service[108362]: your server socket listen backlog is limited to 100 connections
May 20 07:35:59.219445 np0000175312 devstack@n-api-meta.service[108362]: your mercy for graceful operations on workers is 80 seconds
May 20 07:35:59.219928 np0000175312 devstack@n-api-meta.service[108362]: mapped 671795 bytes (656 KB) for 4 cores
May 20 07:35:59.220071 np0000175312 devstack@n-api-meta.service[108362]: *** Operational MODE: preforking ***
May 20 07:35:59.220207 np0000175312 devstack@n-api-meta.service[108362]: *** uWSGI is running in multiple interpreter mode ***
May 20 07:35:59.220207 np0000175312 devstack@n-api-meta.service[108362]: spawned uWSGI master process (pid: 108362)
May 20 07:35:59.220397 np0000175312 systemd[1]: Started devstack@n-api-meta.service - Devstack devstack@n-api-meta.service.
May 20 07:35:59.220813 np0000175312 devstack@n-api-meta.service[108362]: spawned uWSGI worker 1 (pid: 108363, cores: 1)
May 20 07:35:59.221269 np0000175312 devstack@n-api-meta.service[108362]: spawned uWSGI worker 2 (pid: 108364, cores: 1)
May 20 07:35:59.221745 np0000175312 devstack@n-api-meta.service[108362]: spawned uWSGI worker 3 (pid: 108365, cores: 1)
May 20 07:35:59.222186 np0000175312 devstack@n-api-meta.service[108362]: spawned uWSGI worker 4 (pid: 108366, cores: 1)
May 20 07:35:59.222687 np0000175312 devstack@n-api-meta.service[108362]: spawned uWSGI http 1 (pid: 108367)
May 20 07:35:59.222687 np0000175312 devstack@n-api-meta.service[108362]: running "unix_signal:15 gracefully_kill_them_all" (master-start)...
May 20 07:36:00.933930 np0000175312 devstack@n-api-meta.service[108363]: INFO dbcounter [None req-2ffb0503-ebf8-41d0-87a4-54dab3641ead None None] Registered counter for database nova_api
May 20 07:36:00.948769 np0000175312 devstack@n-api-meta.service[108363]: DEBUG oslo_db.sqlalchemy.engines [None req-2ffb0503-ebf8-41d0-87a4-54dab3641ead None None] MySQL server mode set to STRICT_TRANS_TABLES,STRICT_ALL_TABLES,NO_ZERO_IN_DATE,NO_ZERO_DATE,ERROR_FOR_DIVISION_BY_ZERO,TRADITIONAL,NO_ENGINE_SUBSTITUTION {{(pid=108363) _check_effective_sql_mode /opt/stack/data/venv/lib/python3.12/site-packages/oslo_db/sqlalchemy/engines.py:325}}
May 20 07:36:00.964812 np0000175312 devstack@n-api-meta.service[108366]: INFO dbcounter [None req-02fabe5e-c4f3-4c38-b4eb-766abb6b92f3 None None] Registered counter for database nova_api
May 20 07:36:00.981585 np0000175312 devstack@n-api-meta.service[108363]: DEBUG dbcounter [-] [108363] Writer thread running {{(pid=108363) stat_writer /opt/stack/data/venv/lib/python3.12/site-packages/dbcounter.py:102}}
May 20 07:36:00.982330 np0000175312 devstack@n-api-meta.service[108366]: DEBUG oslo_db.sqlalchemy.engines [None req-02fabe5e-c4f3-4c38-b4eb-766abb6b92f3 None None] MySQL server mode set to STRICT_TRANS_TABLES,STRICT_ALL_TABLES,NO_ZERO_IN_DATE,NO_ZERO_DATE,ERROR_FOR_DIVISION_BY_ZERO,TRADITIONAL,NO_ENGINE_SUBSTITUTION {{(pid=108366) _check_effective_sql_mode /opt/stack/data/venv/lib/python3.12/site-packages/oslo_db/sqlalchemy/engines.py:325}}
May 20 07:36:00.983998 np0000175312 devstack@n-api-meta.service[108363]: DEBUG nova.context [None req-2ffb0503-ebf8-41d0-87a4-54dab3641ead None None] Found 2 cells: 00000000-0000-0000-0000-000000000000(cell0),86520c8f-f9d4-40ed-adf6-78e13028b6e2(cell1) {{(pid=108363) load_cells /opt/stack/nova/nova/context.py:509}}
May 20 07:36:00.984219 np0000175312 devstack@n-api-meta.service[108363]: INFO nova.utils [None req-2ffb0503-ebf8-41d0-87a4-54dab3641ead None None] The cell worker thread pool MainProcess.cell_worker is initialized
May 20 07:36:00.985950 np0000175312 devstack@n-api-meta.service[108363]: DEBUG oslo_concurrency.lockutils [None req-2ffb0503-ebf8-41d0-87a4-54dab3641ead None None] Acquiring lock "00000000-0000-0000-0000-000000000000" by "nova.context.set_target_cell..get_or_set_cached_cell_and_set_connections" {{(pid=108363) inner /opt/stack/data/venv/lib/python3.12/site-packages/oslo_concurrency/lockutils.py:511}}
May 20 07:36:00.986117 np0000175312 devstack@n-api-meta.service[108363]: DEBUG oslo_concurrency.lockutils [None req-2ffb0503-ebf8-41d0-87a4-54dab3641ead None None] Lock "00000000-0000-0000-0000-000000000000" acquired by "nova.context.set_target_cell..get_or_set_cached_cell_and_set_connections" :: waited 0.000s {{(pid=108363) inner /opt/stack/data/venv/lib/python3.12/site-packages/oslo_concurrency/lockutils.py:524}}
May 20 07:36:00.986469 np0000175312 devstack@n-api-meta.service[108363]: DEBUG oslo_concurrency.lockutils [None req-2ffb0503-ebf8-41d0-87a4-54dab3641ead None None] Lock "00000000-0000-0000-0000-000000000000" "released" by "nova.context.set_target_cell..get_or_set_cached_cell_and_set_connections" :: held 0.000s {{(pid=108363) inner /opt/stack/data/venv/lib/python3.12/site-packages/oslo_concurrency/lockutils.py:543}}
May 20 07:36:00.987174 np0000175312 devstack@n-api-meta.service[108363]: DEBUG oslo_concurrency.lockutils [None req-2ffb0503-ebf8-41d0-87a4-54dab3641ead None None] Acquiring lock "86520c8f-f9d4-40ed-adf6-78e13028b6e2" by "nova.context.set_target_cell..get_or_set_cached_cell_and_set_connections" {{(pid=108363) inner /opt/stack/data/venv/lib/python3.12/site-packages/oslo_concurrency/lockutils.py:511}}
May 20 07:36:00.987322 np0000175312 devstack@n-api-meta.service[108363]: DEBUG oslo_concurrency.lockutils [None req-2ffb0503-ebf8-41d0-87a4-54dab3641ead None None] Lock "86520c8f-f9d4-40ed-adf6-78e13028b6e2" acquired by "nova.context.set_target_cell..get_or_set_cached_cell_and_set_connections" :: waited 0.000s {{(pid=108363) inner /opt/stack/data/venv/lib/python3.12/site-packages/oslo_concurrency/lockutils.py:524}}
May 20 07:36:00.988292 np0000175312 devstack@n-api-meta.service[108363]: DEBUG oslo_concurrency.lockutils [None req-2ffb0503-ebf8-41d0-87a4-54dab3641ead None None] Lock "86520c8f-f9d4-40ed-adf6-78e13028b6e2" "released" by "nova.context.set_target_cell..get_or_set_cached_cell_and_set_connections" :: held 0.001s {{(pid=108363) inner /opt/stack/data/venv/lib/python3.12/site-packages/oslo_concurrency/lockutils.py:543}}
May 20 07:36:00.990802 np0000175312 devstack@n-api-meta.service[108363]: INFO dbcounter [None req-2ffb0503-ebf8-41d0-87a4-54dab3641ead None None] Registered counter for database nova_cell0
May 20 07:36:00.999912 np0000175312 devstack@n-api-meta.service[108363]: INFO dbcounter [None req-2ffb0503-ebf8-41d0-87a4-54dab3641ead None None] Registered counter for database nova_cell1
May 20 07:36:01.001298 np0000175312 devstack@n-api-meta.service[108363]: DEBUG oslo_db.sqlalchemy.engines [None req-2ffb0503-ebf8-41d0-87a4-54dab3641ead None None] MySQL server mode set to STRICT_TRANS_TABLES,STRICT_ALL_TABLES,NO_ZERO_IN_DATE,NO_ZERO_DATE,ERROR_FOR_DIVISION_BY_ZERO,TRADITIONAL,NO_ENGINE_SUBSTITUTION {{(pid=108363) _check_effective_sql_mode /opt/stack/data/venv/lib/python3.12/site-packages/oslo_db/sqlalchemy/engines.py:325}}
May 20 07:36:01.003792 np0000175312 devstack@n-api-meta.service[108364]: INFO dbcounter [None req-b412f733-cbea-4828-85a5-3d9031faa8a6 None None] Registered counter for database nova_api
May 20 07:36:01.017906 np0000175312 devstack@n-api-meta.service[108366]: DEBUG dbcounter [-] [108366] Writer thread running {{(pid=108366) stat_writer /opt/stack/data/venv/lib/python3.12/site-packages/dbcounter.py:102}}
May 20 07:36:01.019907 np0000175312 devstack@n-api-meta.service[108366]: DEBUG nova.context [None req-02fabe5e-c4f3-4c38-b4eb-766abb6b92f3 None None] Found 2 cells: 00000000-0000-0000-0000-000000000000(cell0),86520c8f-f9d4-40ed-adf6-78e13028b6e2(cell1) {{(pid=108366) load_cells /opt/stack/nova/nova/context.py:509}}
May 20 07:36:01.020129 np0000175312 devstack@n-api-meta.service[108366]: INFO nova.utils [None req-02fabe5e-c4f3-4c38-b4eb-766abb6b92f3 None None] The cell worker thread pool MainProcess.cell_worker is initialized
May 20 07:36:01.020750 np0000175312 devstack@n-api-meta.service[108364]: DEBUG oslo_db.sqlalchemy.engines [None req-b412f733-cbea-4828-85a5-3d9031faa8a6 None None] MySQL server mode set to STRICT_TRANS_TABLES,STRICT_ALL_TABLES,NO_ZERO_IN_DATE,NO_ZERO_DATE,ERROR_FOR_DIVISION_BY_ZERO,TRADITIONAL,NO_ENGINE_SUBSTITUTION {{(pid=108364) _check_effective_sql_mode /opt/stack/data/venv/lib/python3.12/site-packages/oslo_db/sqlalchemy/engines.py:325}}
May 20 07:36:01.021819 np0000175312 devstack@n-api-meta.service[108366]: DEBUG oslo_concurrency.lockutils [None req-02fabe5e-c4f3-4c38-b4eb-766abb6b92f3 None None] Acquiring lock "00000000-0000-0000-0000-000000000000" by "nova.context.set_target_cell..get_or_set_cached_cell_and_set_connections" {{(pid=108366) inner /opt/stack/data/venv/lib/python3.12/site-packages/oslo_concurrency/lockutils.py:511}}
May 20 07:36:01.021985 np0000175312 devstack@n-api-meta.service[108366]: DEBUG oslo_concurrency.lockutils [None req-02fabe5e-c4f3-4c38-b4eb-766abb6b92f3 None None] Lock "00000000-0000-0000-0000-000000000000" acquired by "nova.context.set_target_cell..get_or_set_cached_cell_and_set_connections" :: waited 0.000s {{(pid=108366) inner /opt/stack/data/venv/lib/python3.12/site-packages/oslo_concurrency/lockutils.py:524}}
May 20 07:36:01.022353 np0000175312 devstack@n-api-meta.service[108366]: DEBUG oslo_concurrency.lockutils [None req-02fabe5e-c4f3-4c38-b4eb-766abb6b92f3 None None] Lock "00000000-0000-0000-0000-000000000000" "released" by "nova.context.set_target_cell..get_or_set_cached_cell_and_set_connections" :: held 0.000s {{(pid=108366) inner /opt/stack/data/venv/lib/python3.12/site-packages/oslo_concurrency/lockutils.py:543}}
May 20 07:36:01.023126 np0000175312 devstack@n-api-meta.service[108366]: DEBUG oslo_concurrency.lockutils [None req-02fabe5e-c4f3-4c38-b4eb-766abb6b92f3 None None] Acquiring lock "86520c8f-f9d4-40ed-adf6-78e13028b6e2" by "nova.context.set_target_cell..get_or_set_cached_cell_and_set_connections" {{(pid=108366) inner /opt/stack/data/venv/lib/python3.12/site-packages/oslo_concurrency/lockutils.py:511}}
May 20 07:36:01.025875 np0000175312 devstack@n-api-meta.service[108366]: DEBUG oslo_concurrency.lockutils [None req-02fabe5e-c4f3-4c38-b4eb-766abb6b92f3 None None] Lock "86520c8f-f9d4-40ed-adf6-78e13028b6e2" acquired by "nova.context.set_target_cell..get_or_set_cached_cell_and_set_connections" :: waited 0.000s {{(pid=108366) inner /opt/stack/data/venv/lib/python3.12/site-packages/oslo_concurrency/lockutils.py:524}}
May 20 07:36:01.026358 np0000175312 devstack@n-api-meta.service[108363]: DEBUG oslo_db.sqlalchemy.engines [None req-2ffb0503-ebf8-41d0-87a4-54dab3641ead None None] MySQL server mode set to STRICT_TRANS_TABLES,STRICT_ALL_TABLES,NO_ZERO_IN_DATE,NO_ZERO_DATE,ERROR_FOR_DIVISION_BY_ZERO,TRADITIONAL,NO_ENGINE_SUBSTITUTION {{(pid=108363) _check_effective_sql_mode /opt/stack/data/venv/lib/python3.12/site-packages/oslo_db/sqlalchemy/engines.py:325}}
May 20 07:36:01.028781 np0000175312 devstack@n-api-meta.service[108366]: INFO dbcounter [None req-02fabe5e-c4f3-4c38-b4eb-766abb6b92f3 None None] Registered counter for database nova_cell0
May 20 07:36:01.029173 np0000175312 devstack@n-api-meta.service[108366]: DEBUG oslo_concurrency.lockutils [None req-02fabe5e-c4f3-4c38-b4eb-766abb6b92f3 None None] Lock "86520c8f-f9d4-40ed-adf6-78e13028b6e2" "released" by "nova.context.set_target_cell..get_or_set_cached_cell_and_set_connections" :: held 0.004s {{(pid=108366) inner /opt/stack/data/venv/lib/python3.12/site-packages/oslo_concurrency/lockutils.py:543}}
May 20 07:36:01.032841 np0000175312 devstack@n-api-meta.service[108366]: INFO dbcounter [None req-02fabe5e-c4f3-4c38-b4eb-766abb6b92f3 None None] Registered counter for database nova_cell1
May 20 07:36:01.041974 np0000175312 devstack@n-api-meta.service[108366]: DEBUG oslo_db.sqlalchemy.engines [None req-02fabe5e-c4f3-4c38-b4eb-766abb6b92f3 None None] MySQL server mode set to STRICT_TRANS_TABLES,STRICT_ALL_TABLES,NO_ZERO_IN_DATE,NO_ZERO_DATE,ERROR_FOR_DIVISION_BY_ZERO,TRADITIONAL,NO_ENGINE_SUBSTITUTION {{(pid=108366) _check_effective_sql_mode /opt/stack/data/venv/lib/python3.12/site-packages/oslo_db/sqlalchemy/engines.py:325}}
May 20 07:36:01.048963 np0000175312 devstack@n-api-meta.service[108364]: DEBUG dbcounter [-] [108364] Writer thread running {{(pid=108364) stat_writer /opt/stack/data/venv/lib/python3.12/site-packages/dbcounter.py:102}}
May 20 07:36:01.051209 np0000175312 devstack@n-api-meta.service[108364]: DEBUG nova.context [None req-b412f733-cbea-4828-85a5-3d9031faa8a6 None None] Found 2 cells: 00000000-0000-0000-0000-000000000000(cell0),86520c8f-f9d4-40ed-adf6-78e13028b6e2(cell1) {{(pid=108364) load_cells /opt/stack/nova/nova/context.py:509}}
May 20 07:36:01.051443 np0000175312 devstack@n-api-meta.service[108364]: INFO nova.utils [None req-b412f733-cbea-4828-85a5-3d9031faa8a6 None None] The cell worker thread pool MainProcess.cell_worker is initialized
May 20 07:36:01.053103 np0000175312 devstack@n-api-meta.service[108364]: DEBUG oslo_concurrency.lockutils [None req-b412f733-cbea-4828-85a5-3d9031faa8a6 None None] Acquiring lock "00000000-0000-0000-0000-000000000000" by "nova.context.set_target_cell..get_or_set_cached_cell_and_set_connections" {{(pid=108364) inner /opt/stack/data/venv/lib/python3.12/site-packages/oslo_concurrency/lockutils.py:511}}
May 20 07:36:01.053275 np0000175312 devstack@n-api-meta.service[108364]: DEBUG oslo_concurrency.lockutils [None req-b412f733-cbea-4828-85a5-3d9031faa8a6 None None] Lock "00000000-0000-0000-0000-000000000000" acquired by "nova.context.set_target_cell..get_or_set_cached_cell_and_set_connections" :: waited 0.000s {{(pid=108364) inner /opt/stack/data/venv/lib/python3.12/site-packages/oslo_concurrency/lockutils.py:524}}
May 20 07:36:01.053652 np0000175312 devstack@n-api-meta.service[108364]: DEBUG oslo_concurrency.lockutils [None req-b412f733-cbea-4828-85a5-3d9031faa8a6 None None] Lock "00000000-0000-0000-0000-000000000000" "released" by "nova.context.set_target_cell..get_or_set_cached_cell_and_set_connections" :: held 0.000s {{(pid=108364) inner /opt/stack/data/venv/lib/python3.12/site-packages/oslo_concurrency/lockutils.py:543}}
May 20 07:36:01.054429 np0000175312 devstack@n-api-meta.service[108364]: DEBUG oslo_concurrency.lockutils [None req-b412f733-cbea-4828-85a5-3d9031faa8a6 None None] Acquiring lock "86520c8f-f9d4-40ed-adf6-78e13028b6e2" by "nova.context.set_target_cell..get_or_set_cached_cell_and_set_connections" {{(pid=108364) inner /opt/stack/data/venv/lib/python3.12/site-packages/oslo_concurrency/lockutils.py:511}}
May 20 07:36:01.054587 np0000175312 devstack@n-api-meta.service[108364]: DEBUG oslo_concurrency.lockutils [None req-b412f733-cbea-4828-85a5-3d9031faa8a6 None None] Lock "86520c8f-f9d4-40ed-adf6-78e13028b6e2" acquired by "nova.context.set_target_cell..get_or_set_cached_cell_and_set_connections" :: waited 0.000s {{(pid=108364) inner /opt/stack/data/venv/lib/python3.12/site-packages/oslo_concurrency/lockutils.py:524}}
May 20 07:36:01.055447 np0000175312 devstack@n-api-meta.service[108364]: DEBUG oslo_concurrency.lockutils [None req-b412f733-cbea-4828-85a5-3d9031faa8a6 None None] Lock "86520c8f-f9d4-40ed-adf6-78e13028b6e2" "released" by "nova.context.set_target_cell..get_or_set_cached_cell_and_set_connections" :: held 0.001s {{(pid=108364) inner /opt/stack/data/venv/lib/python3.12/site-packages/oslo_concurrency/lockutils.py:543}}
May 20 07:36:01.058620 np0000175312 devstack@n-api-meta.service[108364]: INFO dbcounter [None req-b412f733-cbea-4828-85a5-3d9031faa8a6 None None] Registered counter for database nova_cell0
May 20 07:36:01.062569 np0000175312 devstack@n-api-meta.service[108366]: DEBUG oslo_db.sqlalchemy.engines [None req-02fabe5e-c4f3-4c38-b4eb-766abb6b92f3 None None] MySQL server mode set to STRICT_TRANS_TABLES,STRICT_ALL_TABLES,NO_ZERO_IN_DATE,NO_ZERO_DATE,ERROR_FOR_DIVISION_BY_ZERO,TRADITIONAL,NO_ENGINE_SUBSTITUTION {{(pid=108366) _check_effective_sql_mode /opt/stack/data/venv/lib/python3.12/site-packages/oslo_db/sqlalchemy/engines.py:325}}
May 20 07:36:01.063945 np0000175312 devstack@n-api-meta.service[108364]: INFO dbcounter [None req-b412f733-cbea-4828-85a5-3d9031faa8a6 None None] Registered counter for database nova_cell1
May 20 07:36:01.072580 np0000175312 devstack@n-api-meta.service[108365]: INFO dbcounter [None req-097a3452-49d7-413b-bf82-e9452b2d03b4 None None] Registered counter for database nova_api
May 20 07:36:01.072920 np0000175312 devstack@n-api-meta.service[108364]: DEBUG oslo_db.sqlalchemy.engines [None req-b412f733-cbea-4828-85a5-3d9031faa8a6 None None] MySQL server mode set to STRICT_TRANS_TABLES,STRICT_ALL_TABLES,NO_ZERO_IN_DATE,NO_ZERO_DATE,ERROR_FOR_DIVISION_BY_ZERO,TRADITIONAL,NO_ENGINE_SUBSTITUTION {{(pid=108364) _check_effective_sql_mode /opt/stack/data/venv/lib/python3.12/site-packages/oslo_db/sqlalchemy/engines.py:325}}
May 20 07:36:01.083944 np0000175312 devstack@n-api-meta.service[108364]: DEBUG oslo_db.sqlalchemy.engines [None req-b412f733-cbea-4828-85a5-3d9031faa8a6 None None] MySQL server mode set to STRICT_TRANS_TABLES,STRICT_ALL_TABLES,NO_ZERO_IN_DATE,NO_ZERO_DATE,ERROR_FOR_DIVISION_BY_ZERO,TRADITIONAL,NO_ENGINE_SUBSTITUTION {{(pid=108364) _check_effective_sql_mode /opt/stack/data/venv/lib/python3.12/site-packages/oslo_db/sqlalchemy/engines.py:325}}
May 20 07:36:01.089920 np0000175312 devstack@n-api-meta.service[108365]: DEBUG oslo_db.sqlalchemy.engines [None req-097a3452-49d7-413b-bf82-e9452b2d03b4 None None] MySQL server mode set to STRICT_TRANS_TABLES,STRICT_ALL_TABLES,NO_ZERO_IN_DATE,NO_ZERO_DATE,ERROR_FOR_DIVISION_BY_ZERO,TRADITIONAL,NO_ENGINE_SUBSTITUTION {{(pid=108365) _check_effective_sql_mode /opt/stack/data/venv/lib/python3.12/site-packages/oslo_db/sqlalchemy/engines.py:325}}
May 20 07:36:01.092954 np0000175312 devstack@n-api-meta.service[108363]: DEBUG dbcounter [-] [108363] Writer thread running {{(pid=108363) stat_writer /opt/stack/data/venv/lib/python3.12/site-packages/dbcounter.py:102}}
May 20 07:36:01.100035 np0000175312 devstack@n-api-meta.service[108363]: DEBUG dbcounter [-] [108363] Writer thread running {{(pid=108363) stat_writer /opt/stack/data/venv/lib/python3.12/site-packages/dbcounter.py:102}}
May 20 07:36:01.104572 np0000175312 devstack@n-api-meta.service[108363]: INFO dbcounter [None req-2ffb0503-ebf8-41d0-87a4-54dab3641ead None None] Registered counter for database nova_cell0
May 20 07:36:01.117454 np0000175312 devstack@n-api-meta.service[108363]: DEBUG oslo_db.sqlalchemy.engines [None req-2ffb0503-ebf8-41d0-87a4-54dab3641ead None None] MySQL server mode set to STRICT_TRANS_TABLES,STRICT_ALL_TABLES,NO_ZERO_IN_DATE,NO_ZERO_DATE,ERROR_FOR_DIVISION_BY_ZERO,TRADITIONAL,NO_ENGINE_SUBSTITUTION {{(pid=108363) _check_effective_sql_mode /opt/stack/data/venv/lib/python3.12/site-packages/oslo_db/sqlalchemy/engines.py:325}}
May 20 07:36:01.126142 np0000175312 devstack@n-api-meta.service[108365]: DEBUG dbcounter [-] [108365] Writer thread running {{(pid=108365) stat_writer /opt/stack/data/venv/lib/python3.12/site-packages/dbcounter.py:102}}
May 20 07:36:01.128760 np0000175312 devstack@n-api-meta.service[108365]: DEBUG nova.context [None req-097a3452-49d7-413b-bf82-e9452b2d03b4 None None] Found 2 cells: 00000000-0000-0000-0000-000000000000(cell0),86520c8f-f9d4-40ed-adf6-78e13028b6e2(cell1) {{(pid=108365) load_cells /opt/stack/nova/nova/context.py:509}}
May 20 07:36:01.129015 np0000175312 devstack@n-api-meta.service[108365]: INFO nova.utils [None req-097a3452-49d7-413b-bf82-e9452b2d03b4 None None] The cell worker thread pool MainProcess.cell_worker is initialized
May 20 07:36:01.129535 np0000175312 devstack@n-api-meta.service[108363]: DEBUG dbcounter [-] [108363] Writer thread running {{(pid=108363) stat_writer /opt/stack/data/venv/lib/python3.12/site-packages/dbcounter.py:102}}
May 20 07:36:01.131146 np0000175312 devstack@n-api-meta.service[108365]: DEBUG oslo_concurrency.lockutils [None req-097a3452-49d7-413b-bf82-e9452b2d03b4 None None] Acquiring lock "00000000-0000-0000-0000-000000000000" by "nova.context.set_target_cell..get_or_set_cached_cell_and_set_connections" {{(pid=108365) inner /opt/stack/data/venv/lib/python3.12/site-packages/oslo_concurrency/lockutils.py:511}}
May 20 07:36:01.131320 np0000175312 devstack@n-api-meta.service[108365]: DEBUG oslo_concurrency.lockutils [None req-097a3452-49d7-413b-bf82-e9452b2d03b4 None None] Lock "00000000-0000-0000-0000-000000000000" acquired by "nova.context.set_target_cell..get_or_set_cached_cell_and_set_connections" :: waited 0.000s {{(pid=108365) inner /opt/stack/data/venv/lib/python3.12/site-packages/oslo_concurrency/lockutils.py:524}}
May 20 07:36:01.131723 np0000175312 devstack@n-api-meta.service[108365]: DEBUG oslo_concurrency.lockutils [None req-097a3452-49d7-413b-bf82-e9452b2d03b4 None None] Lock "00000000-0000-0000-0000-000000000000" "released" by "nova.context.set_target_cell..get_or_set_cached_cell_and_set_connections" :: held 0.000s {{(pid=108365) inner /opt/stack/data/venv/lib/python3.12/site-packages/oslo_concurrency/lockutils.py:543}}
May 20 07:36:01.132528 np0000175312 devstack@n-api-meta.service[108365]: DEBUG oslo_concurrency.lockutils [None req-097a3452-49d7-413b-bf82-e9452b2d03b4 None None] Acquiring lock "86520c8f-f9d4-40ed-adf6-78e13028b6e2" by "nova.context.set_target_cell..get_or_set_cached_cell_and_set_connections" {{(pid=108365) inner /opt/stack/data/venv/lib/python3.12/site-packages/oslo_concurrency/lockutils.py:511}}
May 20 07:36:01.132704 np0000175312 devstack@n-api-meta.service[108365]: DEBUG oslo_concurrency.lockutils [None req-097a3452-49d7-413b-bf82-e9452b2d03b4 None None] Lock "86520c8f-f9d4-40ed-adf6-78e13028b6e2" acquired by "nova.context.set_target_cell..get_or_set_cached_cell_and_set_connections" :: waited 0.000s {{(pid=108365) inner /opt/stack/data/venv/lib/python3.12/site-packages/oslo_concurrency/lockutils.py:524}}
May 20 07:36:01.133589 np0000175312 devstack@n-api-meta.service[108365]: DEBUG oslo_concurrency.lockutils [None req-097a3452-49d7-413b-bf82-e9452b2d03b4 None None] Lock "86520c8f-f9d4-40ed-adf6-78e13028b6e2" "released" by "nova.context.set_target_cell..get_or_set_cached_cell_and_set_connections" :: held 0.001s {{(pid=108365) inner /opt/stack/data/venv/lib/python3.12/site-packages/oslo_concurrency/lockutils.py:543}}
May 20 07:36:01.137314 np0000175312 devstack@n-api-meta.service[108365]: INFO dbcounter [None req-097a3452-49d7-413b-bf82-e9452b2d03b4 None None] Registered counter for database nova_cell0
May 20 07:36:01.137604 np0000175312 devstack@n-api-meta.service[108366]: DEBUG dbcounter [-] [108366] Writer thread running {{(pid=108366) stat_writer /opt/stack/data/venv/lib/python3.12/site-packages/dbcounter.py:102}}
May 20 07:36:01.141611 np0000175312 devstack@n-api-meta.service[108365]: INFO dbcounter [None req-097a3452-49d7-413b-bf82-e9452b2d03b4 None None] Registered counter for database nova_cell1
May 20 07:36:01.146659 np0000175312 devstack@n-api-meta.service[108366]: DEBUG dbcounter [-] [108366] Writer thread running {{(pid=108366) stat_writer /opt/stack/data/venv/lib/python3.12/site-packages/dbcounter.py:102}}
May 20 07:36:01.150771 np0000175312 devstack@n-api-meta.service[108365]: DEBUG oslo_db.sqlalchemy.engines [None req-097a3452-49d7-413b-bf82-e9452b2d03b4 None None] MySQL server mode set to STRICT_TRANS_TABLES,STRICT_ALL_TABLES,NO_ZERO_IN_DATE,NO_ZERO_DATE,ERROR_FOR_DIVISION_BY_ZERO,TRADITIONAL,NO_ENGINE_SUBSTITUTION {{(pid=108365) _check_effective_sql_mode /opt/stack/data/venv/lib/python3.12/site-packages/oslo_db/sqlalchemy/engines.py:325}}
May 20 07:36:01.151037 np0000175312 devstack@n-api-meta.service[108366]: INFO dbcounter [None req-02fabe5e-c4f3-4c38-b4eb-766abb6b92f3 None None] Registered counter for database nova_cell0
May 20 07:36:01.161992 np0000175312 devstack@n-api-meta.service[108365]: DEBUG oslo_db.sqlalchemy.engines [None req-097a3452-49d7-413b-bf82-e9452b2d03b4 None None] MySQL server mode set to STRICT_TRANS_TABLES,STRICT_ALL_TABLES,NO_ZERO_IN_DATE,NO_ZERO_DATE,ERROR_FOR_DIVISION_BY_ZERO,TRADITIONAL,NO_ENGINE_SUBSTITUTION {{(pid=108365) _check_effective_sql_mode /opt/stack/data/venv/lib/python3.12/site-packages/oslo_db/sqlalchemy/engines.py:325}}
May 20 07:36:01.163755 np0000175312 devstack@n-api-meta.service[108366]: DEBUG oslo_db.sqlalchemy.engines [None req-02fabe5e-c4f3-4c38-b4eb-766abb6b92f3 None None] MySQL server mode set to STRICT_TRANS_TABLES,STRICT_ALL_TABLES,NO_ZERO_IN_DATE,NO_ZERO_DATE,ERROR_FOR_DIVISION_BY_ZERO,TRADITIONAL,NO_ENGINE_SUBSTITUTION {{(pid=108366) _check_effective_sql_mode /opt/stack/data/venv/lib/python3.12/site-packages/oslo_db/sqlalchemy/engines.py:325}}
May 20 07:36:01.170658 np0000175312 devstack@n-api-meta.service[108366]: DEBUG dbcounter [-] [108366] Writer thread running {{(pid=108366) stat_writer /opt/stack/data/venv/lib/python3.12/site-packages/dbcounter.py:102}}
May 20 07:36:01.172596 np0000175312 devstack@n-api-meta.service[108364]: DEBUG dbcounter [-] [108364] Writer thread running {{(pid=108364) stat_writer /opt/stack/data/venv/lib/python3.12/site-packages/dbcounter.py:102}}
May 20 07:36:01.179474 np0000175312 devstack@n-api-meta.service[108364]: DEBUG dbcounter [-] [108364] Writer thread running {{(pid=108364) stat_writer /opt/stack/data/venv/lib/python3.12/site-packages/dbcounter.py:102}}
May 20 07:36:01.179843 np0000175312 devstack@n-api-meta.service[108363]: WARNING nova.api.metadata.handler [None req-2ffb0503-ebf8-41d0-87a4-54dab3641ead None None] metadata_proxy_shared_secret is not configured, the metadata information returned by the proxy cannot be trusted
May 20 07:36:01.182205 np0000175312 devstack@n-api-meta.service[108363]: DEBUG nova.api.openstack.wsgi_app [None req-2ffb0503-ebf8-41d0-87a4-54dab3641ead None None] ******************************************************************************** {{(pid=108363) log_opt_values /opt/stack/data/venv/lib/python3.12/site-packages/oslo_config/cfg.py:3229}}
May 20 07:36:01.182309 np0000175312 devstack@n-api-meta.service[108363]: DEBUG nova.api.openstack.wsgi_app [None req-2ffb0503-ebf8-41d0-87a4-54dab3641ead None None] Configuration options gathered from: {{(pid=108363) log_opt_values /opt/stack/data/venv/lib/python3.12/site-packages/oslo_config/cfg.py:3230}}
May 20 07:36:01.182402 np0000175312 devstack@n-api-meta.service[108363]: DEBUG nova.api.openstack.wsgi_app [None req-2ffb0503-ebf8-41d0-87a4-54dab3641ead None None] command line args: [] {{(pid=108363) log_opt_values /opt/stack/data/venv/lib/python3.12/site-packages/oslo_config/cfg.py:3231}}
May 20 07:36:01.182569 np0000175312 devstack@n-api-meta.service[108363]: DEBUG nova.api.openstack.wsgi_app [None req-2ffb0503-ebf8-41d0-87a4-54dab3641ead None None] config files: ['/etc/nova/api-paste.ini', '/etc/nova/nova.conf'] {{(pid=108363) log_opt_values /opt/stack/data/venv/lib/python3.12/site-packages/oslo_config/cfg.py:3232}}
May 20 07:36:01.182682 np0000175312 devstack@n-api-meta.service[108363]: DEBUG nova.api.openstack.wsgi_app [None req-2ffb0503-ebf8-41d0-87a4-54dab3641ead None None] ================================================================================ {{(pid=108363) log_opt_values /opt/stack/data/venv/lib/python3.12/site-packages/oslo_config/cfg.py:3237}}
May 20 07:36:01.182865 np0000175312 devstack@n-api-meta.service[108363]: DEBUG nova.api.openstack.wsgi_app [None req-2ffb0503-ebf8-41d0-87a4-54dab3641ead None None] allow_resize_to_same_host = True {{(pid=108363) log_opt_values /opt/stack/data/venv/lib/python3.12/site-packages/oslo_config/cfg.py:3245}}
May 20 07:36:01.183007 np0000175312 devstack@n-api-meta.service[108363]: DEBUG nova.api.openstack.wsgi_app [None req-2ffb0503-ebf8-41d0-87a4-54dab3641ead None None] arq_binding_timeout = 300 {{(pid=108363) log_opt_values /opt/stack/data/venv/lib/python3.12/site-packages/oslo_config/cfg.py:3245}}
May 20 07:36:01.183155 np0000175312 devstack@n-api-meta.service[108363]: DEBUG nova.api.openstack.wsgi_app [None req-2ffb0503-ebf8-41d0-87a4-54dab3641ead None None] block_device_allocate_retries = 60 {{(pid=108363) log_opt_values /opt/stack/data/venv/lib/python3.12/site-packages/oslo_config/cfg.py:3245}}
May 20 07:36:01.183288 np0000175312 devstack@n-api-meta.service[108363]: DEBUG nova.api.openstack.wsgi_app [None req-2ffb0503-ebf8-41d0-87a4-54dab3641ead None None] block_device_allocate_retries_interval = 3 {{(pid=108363) log_opt_values /opt/stack/data/venv/lib/python3.12/site-packages/oslo_config/cfg.py:3245}}
May 20 07:36:01.183422 np0000175312 devstack@n-api-meta.service[108363]: DEBUG nova.api.openstack.wsgi_app [None req-2ffb0503-ebf8-41d0-87a4-54dab3641ead None None] cell_worker_thread_pool_size = 5 {{(pid=108363) log_opt_values /opt/stack/data/venv/lib/python3.12/site-packages/oslo_config/cfg.py:3245}}
May 20 07:36:01.183654 np0000175312 devstack@n-api-meta.service[108363]: DEBUG nova.api.openstack.wsgi_app [None req-2ffb0503-ebf8-41d0-87a4-54dab3641ead None None] cert = self.pem {{(pid=108363) log_opt_values /opt/stack/data/venv/lib/python3.12/site-packages/oslo_config/cfg.py:3245}}
May 20 07:36:01.183735 np0000175312 devstack@n-api-meta.service[108364]: INFO dbcounter [None req-b412f733-cbea-4828-85a5-3d9031faa8a6 None None] Registered counter for database nova_cell0
May 20 07:36:01.183800 np0000175312 devstack@n-api-meta.service[108363]: DEBUG nova.api.openstack.wsgi_app [None req-2ffb0503-ebf8-41d0-87a4-54dab3641ead None None] compute_driver = libvirt.LibvirtDriver {{(pid=108363) log_opt_values /opt/stack/data/venv/lib/python3.12/site-packages/oslo_config/cfg.py:3245}}
May 20 07:36:01.183886 np0000175312 devstack@n-api-meta.service[108363]: DEBUG nova.api.openstack.wsgi_app [None req-2ffb0503-ebf8-41d0-87a4-54dab3641ead None None] compute_monitors = [] {{(pid=108363) log_opt_values /opt/stack/data/venv/lib/python3.12/site-packages/oslo_config/cfg.py:3245}}
May 20 07:36:01.184035 np0000175312 devstack@n-api-meta.service[108363]: DEBUG nova.api.openstack.wsgi_app [None req-2ffb0503-ebf8-41d0-87a4-54dab3641ead None None] config_dir = [] {{(pid=108363) log_opt_values /opt/stack/data/venv/lib/python3.12/site-packages/oslo_config/cfg.py:3245}}
May 20 07:36:01.184153 np0000175312 devstack@n-api-meta.service[108363]: DEBUG nova.api.openstack.wsgi_app [None req-2ffb0503-ebf8-41d0-87a4-54dab3641ead None None] config_drive_format = iso9660 {{(pid=108363) log_opt_values /opt/stack/data/venv/lib/python3.12/site-packages/oslo_config/cfg.py:3245}}
May 20 07:36:01.184292 np0000175312 devstack@n-api-meta.service[108363]: DEBUG nova.api.openstack.wsgi_app [None req-2ffb0503-ebf8-41d0-87a4-54dab3641ead None None] config_file = ['/etc/nova/api-paste.ini', '/etc/nova/nova.conf'] {{(pid=108363) log_opt_values /opt/stack/data/venv/lib/python3.12/site-packages/oslo_config/cfg.py:3245}}
May 20 07:36:01.184374 np0000175312 devstack@n-api-meta.service[108363]: DEBUG nova.api.openstack.wsgi_app [None req-2ffb0503-ebf8-41d0-87a4-54dab3641ead None None] config_source = [] {{(pid=108363) log_opt_values /opt/stack/data/venv/lib/python3.12/site-packages/oslo_config/cfg.py:3245}}
May 20 07:36:01.184526 np0000175312 devstack@n-api-meta.service[108363]: DEBUG nova.api.openstack.wsgi_app [None req-2ffb0503-ebf8-41d0-87a4-54dab3641ead None None] console_host = np0000175312 {{(pid=108363) log_opt_values /opt/stack/data/venv/lib/python3.12/site-packages/oslo_config/cfg.py:3245}}
May 20 07:36:01.184674 np0000175312 devstack@n-api-meta.service[108363]: DEBUG nova.api.openstack.wsgi_app [None req-2ffb0503-ebf8-41d0-87a4-54dab3641ead None None] control_exchange = nova {{(pid=108363) log_opt_values /opt/stack/data/venv/lib/python3.12/site-packages/oslo_config/cfg.py:3245}}
May 20 07:36:01.184801 np0000175312 devstack@n-api-meta.service[108363]: DEBUG nova.api.openstack.wsgi_app [None req-2ffb0503-ebf8-41d0-87a4-54dab3641ead None None] cpu_allocation_ratio = None {{(pid=108363) log_opt_values /opt/stack/data/venv/lib/python3.12/site-packages/oslo_config/cfg.py:3245}}
May 20 07:36:01.184929 np0000175312 devstack@n-api-meta.service[108363]: DEBUG nova.api.openstack.wsgi_app [None req-2ffb0503-ebf8-41d0-87a4-54dab3641ead None None] daemon = False {{(pid=108363) log_opt_values /opt/stack/data/venv/lib/python3.12/site-packages/oslo_config/cfg.py:3245}}
May 20 07:36:01.185069 np0000175312 devstack@n-api-meta.service[108363]: DEBUG nova.api.openstack.wsgi_app [None req-2ffb0503-ebf8-41d0-87a4-54dab3641ead None None] debug = True {{(pid=108363) log_opt_values /opt/stack/data/venv/lib/python3.12/site-packages/oslo_config/cfg.py:3245}}
May 20 07:36:01.185197 np0000175312 devstack@n-api-meta.service[108363]: DEBUG nova.api.openstack.wsgi_app [None req-2ffb0503-ebf8-41d0-87a4-54dab3641ead None None] default_access_ip_network_name = None {{(pid=108363) log_opt_values /opt/stack/data/venv/lib/python3.12/site-packages/oslo_config/cfg.py:3245}}
May 20 07:36:01.185328 np0000175312 devstack@n-api-meta.service[108363]: DEBUG nova.api.openstack.wsgi_app [None req-2ffb0503-ebf8-41d0-87a4-54dab3641ead None None] default_availability_zone = nova {{(pid=108363) log_opt_values /opt/stack/data/venv/lib/python3.12/site-packages/oslo_config/cfg.py:3245}}
May 20 07:36:01.185458 np0000175312 devstack@n-api-meta.service[108363]: DEBUG nova.api.openstack.wsgi_app [None req-2ffb0503-ebf8-41d0-87a4-54dab3641ead None None] default_ephemeral_format = ext4 {{(pid=108363) log_opt_values /opt/stack/data/venv/lib/python3.12/site-packages/oslo_config/cfg.py:3245}}
May 20 07:36:01.185822 np0000175312 devstack@n-api-meta.service[108363]: DEBUG nova.api.openstack.wsgi_app [None req-2ffb0503-ebf8-41d0-87a4-54dab3641ead None None] default_green_pool_size = 1000 {{(pid=108363) log_opt_values /opt/stack/data/venv/lib/python3.12/site-packages/oslo_config/cfg.py:3245}}
May 20 07:36:01.185822 np0000175312 devstack@n-api-meta.service[108363]: DEBUG nova.api.openstack.wsgi_app [None req-2ffb0503-ebf8-41d0-87a4-54dab3641ead None None] default_log_levels = ['amqp=WARN', 'boto=WARN', 'sqlalchemy=WARN', 'suds=INFO', 'oslo.messaging=INFO', 'oslo_messaging=INFO', 'iso8601=WARN', 'requests.packages.urllib3.connectionpool=WARN', 'urllib3.connectionpool=WARN', 'websocket=WARN', 'requests.packages.urllib3.util.retry=WARN', 'urllib3.util.retry=WARN', 'keystonemiddleware=WARN', 'routes.middleware=WARN', 'stevedore=WARN', 'taskflow=WARN', 'keystoneauth=WARN', 'oslo.cache=INFO', 'oslo_policy=INFO', 'dogpile.core.dogpile=INFO', 'glanceclient=WARN', 'oslo.privsep.daemon=INFO'] {{(pid=108363) log_opt_values /opt/stack/data/venv/lib/python3.12/site-packages/oslo_config/cfg.py:3245}}
May 20 07:36:01.186030 np0000175312 devstack@n-api-meta.service[108363]: DEBUG nova.api.openstack.wsgi_app [None req-2ffb0503-ebf8-41d0-87a4-54dab3641ead None None] default_schedule_zone = None {{(pid=108363) log_opt_values /opt/stack/data/venv/lib/python3.12/site-packages/oslo_config/cfg.py:3245}}
May 20 07:36:01.186093 np0000175312 devstack@n-api-meta.service[108363]: DEBUG nova.api.openstack.wsgi_app [None req-2ffb0503-ebf8-41d0-87a4-54dab3641ead None None] default_thread_pool_size = 10 {{(pid=108363) log_opt_values /opt/stack/data/venv/lib/python3.12/site-packages/oslo_config/cfg.py:3245}}
May 20 07:36:01.186173 np0000175312 devstack@n-api-meta.service[108363]: DEBUG nova.api.openstack.wsgi_app [None req-2ffb0503-ebf8-41d0-87a4-54dab3641ead None None] disk_allocation_ratio = None {{(pid=108363) log_opt_values /opt/stack/data/venv/lib/python3.12/site-packages/oslo_config/cfg.py:3245}}
May 20 07:36:01.186425 np0000175312 devstack@n-api-meta.service[108363]: DEBUG nova.api.openstack.wsgi_app [None req-2ffb0503-ebf8-41d0-87a4-54dab3641ead None None] enable_new_services = True {{(pid=108363) log_opt_values /opt/stack/data/venv/lib/python3.12/site-packages/oslo_config/cfg.py:3245}}
May 20 07:36:01.186425 np0000175312 devstack@n-api-meta.service[108363]: DEBUG nova.api.openstack.wsgi_app [None req-2ffb0503-ebf8-41d0-87a4-54dab3641ead None None] flat_injected = False {{(pid=108363) log_opt_values /opt/stack/data/venv/lib/python3.12/site-packages/oslo_config/cfg.py:3245}}
May 20 07:36:01.186608 np0000175312 devstack@n-api-meta.service[108363]: DEBUG nova.api.openstack.wsgi_app [None req-2ffb0503-ebf8-41d0-87a4-54dab3641ead None None] force_config_drive = False {{(pid=108363) log_opt_values /opt/stack/data/venv/lib/python3.12/site-packages/oslo_config/cfg.py:3245}}
May 20 07:36:01.186698 np0000175312 devstack@n-api-meta.service[108363]: DEBUG nova.api.openstack.wsgi_app [None req-2ffb0503-ebf8-41d0-87a4-54dab3641ead None None] force_raw_images = True {{(pid=108363) log_opt_values /opt/stack/data/venv/lib/python3.12/site-packages/oslo_config/cfg.py:3245}}
May 20 07:36:01.186831 np0000175312 devstack@n-api-meta.service[108363]: DEBUG nova.api.openstack.wsgi_app [None req-2ffb0503-ebf8-41d0-87a4-54dab3641ead None None] graceful_shutdown_timeout = 5 {{(pid=108363) log_opt_values /opt/stack/data/venv/lib/python3.12/site-packages/oslo_config/cfg.py:3245}}
May 20 07:36:01.186957 np0000175312 devstack@n-api-meta.service[108363]: DEBUG nova.api.openstack.wsgi_app [None req-2ffb0503-ebf8-41d0-87a4-54dab3641ead None None] heal_instance_info_cache_interval = -1 {{(pid=108363) log_opt_values /opt/stack/data/venv/lib/python3.12/site-packages/oslo_config/cfg.py:3245}}
May 20 07:36:01.187184 np0000175312 devstack@n-api-meta.service[108363]: DEBUG nova.api.openstack.wsgi_app [None req-2ffb0503-ebf8-41d0-87a4-54dab3641ead None None] host = np0000175312 {{(pid=108363) log_opt_values /opt/stack/data/venv/lib/python3.12/site-packages/oslo_config/cfg.py:3245}}
May 20 07:36:01.187310 np0000175312 devstack@n-api-meta.service[108363]: DEBUG nova.api.openstack.wsgi_app [None req-2ffb0503-ebf8-41d0-87a4-54dab3641ead None None] initial_cpu_allocation_ratio = 4.0 {{(pid=108363) log_opt_values /opt/stack/data/venv/lib/python3.12/site-packages/oslo_config/cfg.py:3245}}
May 20 07:36:01.187436 np0000175312 devstack@n-api-meta.service[108363]: DEBUG nova.api.openstack.wsgi_app [None req-2ffb0503-ebf8-41d0-87a4-54dab3641ead None None] initial_disk_allocation_ratio = 1.0 {{(pid=108363) log_opt_values /opt/stack/data/venv/lib/python3.12/site-packages/oslo_config/cfg.py:3245}}
May 20 07:36:01.187588 np0000175312 devstack@n-api-meta.service[108363]: DEBUG nova.api.openstack.wsgi_app [None req-2ffb0503-ebf8-41d0-87a4-54dab3641ead None None] initial_ram_allocation_ratio = 1.0 {{(pid=108363) log_opt_values /opt/stack/data/venv/lib/python3.12/site-packages/oslo_config/cfg.py:3245}}
May 20 07:36:01.187769 np0000175312 devstack@n-api-meta.service[108363]: DEBUG nova.api.openstack.wsgi_app [None req-2ffb0503-ebf8-41d0-87a4-54dab3641ead None None] injected_network_template = /opt/stack/nova/nova/virt/interfaces.template {{(pid=108363) log_opt_values /opt/stack/data/venv/lib/python3.12/site-packages/oslo_config/cfg.py:3245}}
May 20 07:36:01.187903 np0000175312 devstack@n-api-meta.service[108363]: DEBUG nova.api.openstack.wsgi_app [None req-2ffb0503-ebf8-41d0-87a4-54dab3641ead None None] instance_build_timeout = 0 {{(pid=108363) log_opt_values /opt/stack/data/venv/lib/python3.12/site-packages/oslo_config/cfg.py:3245}}
May 20 07:36:01.188036 np0000175312 devstack@n-api-meta.service[108363]: DEBUG nova.api.openstack.wsgi_app [None req-2ffb0503-ebf8-41d0-87a4-54dab3641ead None None] instance_delete_interval = 300 {{(pid=108363) log_opt_values /opt/stack/data/venv/lib/python3.12/site-packages/oslo_config/cfg.py:3245}}
May 20 07:36:01.188218 np0000175312 devstack@n-api-meta.service[108363]: DEBUG nova.api.openstack.wsgi_app [None req-2ffb0503-ebf8-41d0-87a4-54dab3641ead None None] instance_format = [instance: %(uuid)s] {{(pid=108363) log_opt_values /opt/stack/data/venv/lib/python3.12/site-packages/oslo_config/cfg.py:3245}}
May 20 07:36:01.188366 np0000175312 devstack@n-api-meta.service[108363]: DEBUG nova.api.openstack.wsgi_app [None req-2ffb0503-ebf8-41d0-87a4-54dab3641ead None None] instance_name_template = instance-%08x {{(pid=108363) log_opt_values /opt/stack/data/venv/lib/python3.12/site-packages/oslo_config/cfg.py:3245}}
May 20 07:36:01.188495 np0000175312 devstack@n-api-meta.service[108363]: DEBUG nova.api.openstack.wsgi_app [None req-2ffb0503-ebf8-41d0-87a4-54dab3641ead None None] instance_usage_audit = False {{(pid=108363) log_opt_values /opt/stack/data/venv/lib/python3.12/site-packages/oslo_config/cfg.py:3245}}
May 20 07:36:01.188650 np0000175312 devstack@n-api-meta.service[108363]: DEBUG nova.api.openstack.wsgi_app [None req-2ffb0503-ebf8-41d0-87a4-54dab3641ead None None] instance_usage_audit_period = month {{(pid=108363) log_opt_values /opt/stack/data/venv/lib/python3.12/site-packages/oslo_config/cfg.py:3245}}
May 20 07:36:01.188781 np0000175312 devstack@n-api-meta.service[108363]: DEBUG nova.api.openstack.wsgi_app [None req-2ffb0503-ebf8-41d0-87a4-54dab3641ead None None] instance_uuid_format = [instance: %(uuid)s] {{(pid=108363) log_opt_values /opt/stack/data/venv/lib/python3.12/site-packages/oslo_config/cfg.py:3245}}
May 20 07:36:01.188912 np0000175312 devstack@n-api-meta.service[108363]: DEBUG nova.api.openstack.wsgi_app [None req-2ffb0503-ebf8-41d0-87a4-54dab3641ead None None] instances_path = /opt/stack/data/nova/instances {{(pid=108363) log_opt_values /opt/stack/data/venv/lib/python3.12/site-packages/oslo_config/cfg.py:3245}}
May 20 07:36:01.189044 np0000175312 devstack@n-api-meta.service[108363]: DEBUG nova.api.openstack.wsgi_app [None req-2ffb0503-ebf8-41d0-87a4-54dab3641ead None None] internal_service_availability_zone = internal {{(pid=108363) log_opt_values /opt/stack/data/venv/lib/python3.12/site-packages/oslo_config/cfg.py:3245}}
May 20 07:36:01.189170 np0000175312 devstack@n-api-meta.service[108363]: DEBUG nova.api.openstack.wsgi_app [None req-2ffb0503-ebf8-41d0-87a4-54dab3641ead None None] key = None {{(pid=108363) log_opt_values /opt/stack/data/venv/lib/python3.12/site-packages/oslo_config/cfg.py:3245}}
May 20 07:36:01.189298 np0000175312 devstack@n-api-meta.service[108363]: DEBUG nova.api.openstack.wsgi_app [None req-2ffb0503-ebf8-41d0-87a4-54dab3641ead None None] live_migration_retry_count = 30 {{(pid=108363) log_opt_values /opt/stack/data/venv/lib/python3.12/site-packages/oslo_config/cfg.py:3245}}
May 20 07:36:01.189445 np0000175312 devstack@n-api-meta.service[108363]: DEBUG nova.api.openstack.wsgi_app [None req-2ffb0503-ebf8-41d0-87a4-54dab3641ead None None] log_color = False {{(pid=108363) log_opt_values /opt/stack/data/venv/lib/python3.12/site-packages/oslo_config/cfg.py:3245}}
May 20 07:36:01.189606 np0000175312 devstack@n-api-meta.service[108363]: DEBUG nova.api.openstack.wsgi_app [None req-2ffb0503-ebf8-41d0-87a4-54dab3641ead None None] log_config_append = None {{(pid=108363) log_opt_values /opt/stack/data/venv/lib/python3.12/site-packages/oslo_config/cfg.py:3245}}
May 20 07:36:01.189760 np0000175312 devstack@n-api-meta.service[108363]: DEBUG nova.api.openstack.wsgi_app [None req-2ffb0503-ebf8-41d0-87a4-54dab3641ead None None] log_date_format = %Y-%m-%d %H:%M:%S {{(pid=108363) log_opt_values /opt/stack/data/venv/lib/python3.12/site-packages/oslo_config/cfg.py:3245}}
May 20 07:36:01.189884 np0000175312 devstack@n-api-meta.service[108363]: DEBUG nova.api.openstack.wsgi_app [None req-2ffb0503-ebf8-41d0-87a4-54dab3641ead None None] log_dir = None {{(pid=108363) log_opt_values /opt/stack/data/venv/lib/python3.12/site-packages/oslo_config/cfg.py:3245}}
May 20 07:36:01.190014 np0000175312 devstack@n-api-meta.service[108363]: DEBUG nova.api.openstack.wsgi_app [None req-2ffb0503-ebf8-41d0-87a4-54dab3641ead None None] log_file = None {{(pid=108363) log_opt_values /opt/stack/data/venv/lib/python3.12/site-packages/oslo_config/cfg.py:3245}}
May 20 07:36:01.190119 np0000175312 devstack@n-api-meta.service[108363]: DEBUG nova.api.openstack.wsgi_app [None req-2ffb0503-ebf8-41d0-87a4-54dab3641ead None None] log_options = True {{(pid=108363) log_opt_values /opt/stack/data/venv/lib/python3.12/site-packages/oslo_config/cfg.py:3245}}
May 20 07:36:01.190249 np0000175312 devstack@n-api-meta.service[108363]: DEBUG nova.api.openstack.wsgi_app [None req-2ffb0503-ebf8-41d0-87a4-54dab3641ead None None] log_rotate_interval = 1 {{(pid=108363) log_opt_values /opt/stack/data/venv/lib/python3.12/site-packages/oslo_config/cfg.py:3245}}
May 20 07:36:01.190385 np0000175312 devstack@n-api-meta.service[108363]: DEBUG nova.api.openstack.wsgi_app [None req-2ffb0503-ebf8-41d0-87a4-54dab3641ead None None] log_rotate_interval_type = days {{(pid=108363) log_opt_values /opt/stack/data/venv/lib/python3.12/site-packages/oslo_config/cfg.py:3245}}
May 20 07:36:01.190521 np0000175312 devstack@n-api-meta.service[108363]: DEBUG nova.api.openstack.wsgi_app [None req-2ffb0503-ebf8-41d0-87a4-54dab3641ead None None] log_rotation_type = none {{(pid=108363) log_opt_values /opt/stack/data/venv/lib/python3.12/site-packages/oslo_config/cfg.py:3245}}
May 20 07:36:01.190653 np0000175312 devstack@n-api-meta.service[108363]: DEBUG nova.api.openstack.wsgi_app [None req-2ffb0503-ebf8-41d0-87a4-54dab3641ead None None] logging_context_format_string = %(color)s%(levelname)s %(name)s [%(global_request_id)s %(request_id)s %(project_name)s %(user_name)s%(color)s] %(instance)s%(color)s%(message)s {{(pid=108363) log_opt_values /opt/stack/data/venv/lib/python3.12/site-packages/oslo_config/cfg.py:3245}}
May 20 07:36:01.190770 np0000175312 devstack@n-api-meta.service[108363]: DEBUG nova.api.openstack.wsgi_app [None req-2ffb0503-ebf8-41d0-87a4-54dab3641ead None None] logging_debug_format_suffix = {{(pid=%(process)d) %(funcName)s %(pathname)s:%(lineno)d}} {{(pid=108363) log_opt_values /opt/stack/data/venv/lib/python3.12/site-packages/oslo_config/cfg.py:3245}}
May 20 07:36:01.190899 np0000175312 devstack@n-api-meta.service[108363]: DEBUG nova.api.openstack.wsgi_app [None req-2ffb0503-ebf8-41d0-87a4-54dab3641ead None None] logging_default_format_string = %(color)s%(levelname)s %(name)s [-%(color)s] %(instance)s%(color)s%(message)s {{(pid=108363) log_opt_values /opt/stack/data/venv/lib/python3.12/site-packages/oslo_config/cfg.py:3245}}
May 20 07:36:01.191031 np0000175312 devstack@n-api-meta.service[108363]: DEBUG nova.api.openstack.wsgi_app [None req-2ffb0503-ebf8-41d0-87a4-54dab3641ead None None] logging_exception_prefix = ERROR %(name)s %(instance)s {{(pid=108363) log_opt_values /opt/stack/data/venv/lib/python3.12/site-packages/oslo_config/cfg.py:3245}}
May 20 07:36:01.191168 np0000175312 devstack@n-api-meta.service[108363]: DEBUG nova.api.openstack.wsgi_app [None req-2ffb0503-ebf8-41d0-87a4-54dab3641ead None None] logging_user_identity_format = %(user)s %(project)s %(domain)s %(system_scope)s %(user_domain)s %(project_domain)s {{(pid=108363) log_opt_values /opt/stack/data/venv/lib/python3.12/site-packages/oslo_config/cfg.py:3245}}
May 20 07:36:01.191286 np0000175312 devstack@n-api-meta.service[108363]: DEBUG nova.api.openstack.wsgi_app [None req-2ffb0503-ebf8-41d0-87a4-54dab3641ead None None] long_rpc_timeout = 1800 {{(pid=108363) log_opt_values /opt/stack/data/venv/lib/python3.12/site-packages/oslo_config/cfg.py:3245}}
May 20 07:36:01.191411 np0000175312 devstack@n-api-meta.service[108363]: DEBUG nova.api.openstack.wsgi_app [None req-2ffb0503-ebf8-41d0-87a4-54dab3641ead None None] manager_shutdown_timeout = 160 {{(pid=108363) log_opt_values /opt/stack/data/venv/lib/python3.12/site-packages/oslo_config/cfg.py:3245}}
