May 19 16:42:59.191585 np0000174859 devstack@neutron-api.service[103307]: /opt/stack/neutron/neutron/extensions/quotasv2.py:134: UserWarning: "--check-limit" parameter is no longer needed since Epoxy (2025.1) release. By default, Neutron quota engine checks the resource usage before updating the limits
May 19 16:42:59.191585 np0000174859 devstack@neutron-api.service[103307]: warnings.warn('"--check-limit" parameter is no longer needed '
May 19 16:42:59.192034 np0000174859 devstack@neutron-api.service[103307]: DEBUG neutron.api.v2.base [None req-5b1c4e90-1472-43be-8c2c-7c2dc1a11344 admin admin] Request body: {'quota': {'security_group': 100}} {{(pid=103307) prepare_request_body /opt/stack/neutron/neutron/api/v2/base.py:727}}
May 19 16:42:59.215219 np0000174859 devstack@neutron-api.service[103307]: [pid: 103307|app: 0|req: 22/88] 199.204.45.205 () {68 vars in 1449 bytes} [Tue May 19 16:42:59 2026] PUT /networking/v2.0/quotas/3be7d598b5bc4ac9879320d75fea8800 => generated 175 bytes in 29 msecs (HTTP/1.1 200) 4 headers in 157 bytes (1 switches on core 0)
May 19 16:42:59.505873 np0000174859 devstack@neutron-api.service[103308]: /opt/stack/neutron/neutron/extensions/quotasv2.py:134: UserWarning: "--check-limit" parameter is no longer needed since Epoxy (2025.1) release. By default, Neutron quota engine checks the resource usage before updating the limits
May 19 16:42:59.505873 np0000174859 devstack@neutron-api.service[103308]: warnings.warn('"--check-limit" parameter is no longer needed '
May 19 16:42:59.506649 np0000174859 devstack@neutron-api.service[103308]: DEBUG neutron.api.v2.base [None req-84cb4ab8-4da9-4f4d-a529-7314c4ec6cb0 admin admin] Request body: {'quota': {'security_group_rule': 1000}} {{(pid=103308) prepare_request_body /opt/stack/neutron/neutron/api/v2/base.py:727}}
May 19 16:42:59.531247 np0000174859 devstack@neutron-api.service[103308]: [pid: 103308|app: 0|req: 22/89] 199.204.45.205 () {68 vars in 1449 bytes} [Tue May 19 16:42:59 2026] PUT /networking/v2.0/quotas/3be7d598b5bc4ac9879320d75fea8800 => generated 176 bytes in 30 msecs (HTTP/1.1 200) 4 headers in 157 bytes (1 switches on core 0)
May 19 16:43:03.913183 np0000174859 devstack@neutron-api.service[103306]: DEBUG dbcounter [-] [103306] Writing DB stats neutron:UPDATE=1,neutron:SELECT=1 {{(pid=103306) stat_writer /opt/stack/data/venv/lib/python3.12/site-packages/dbcounter.py:115}}
May 19 16:43:05.584904 np0000174859 devstack@neutron-api.service[103305]: DEBUG dbcounter [-] [103305] Writing DB stats neutron:UPDATE=1,neutron:SELECT=1 {{(pid=103305) stat_writer /opt/stack/data/venv/lib/python3.12/site-packages/dbcounter.py:115}}
May 19 16:43:07.983654 np0000174859 devstack@neutron-api.service[103305]: DEBUG futurist.periodics [-] Submitting periodic callback 'neutron.plugins.ml2.drivers.ovn.mech_driver.ovsdb.maintenance.HashRingHealthCheckPeriodics.touch_hash_ring_node' {{(pid=103305) _process_scheduled /opt/stack/data/venv/lib/python3.12/site-packages/futurist/periodics.py:784}}
May 19 16:43:07.984486 np0000174859 devstack@neutron-api.service[103305]: DEBUG neutron.plugins.ml2.drivers.ovn.mech_driver.ovsdb.maintenance [-] Touching Hash Ring node "f23b02469a1c575cb0e0ac3923794f6c" from periodic health check thread {{(pid=103305) touch_hash_ring_node /opt/stack/neutron/neutron/plugins/ml2/drivers/ovn/mech_driver/ovsdb/maintenance.py:1466}}
May 19 16:43:08.897049 np0000174859 devstack@neutron-api.service[103306]: DEBUG futurist.periodics [-] Submitting periodic callback 'neutron.plugins.ml2.drivers.ovn.mech_driver.ovsdb.maintenance.HashRingHealthCheckPeriodics.touch_hash_ring_node' {{(pid=103306) _process_scheduled /opt/stack/data/venv/lib/python3.12/site-packages/futurist/periodics.py:784}}
May 19 16:43:08.897667 np0000174859 devstack@neutron-api.service[103306]: DEBUG neutron.plugins.ml2.drivers.ovn.mech_driver.ovsdb.maintenance [-] Touching Hash Ring node "35fef55883855ae2beb9e183693500c2" from periodic health check thread {{(pid=103306) touch_hash_ring_node /opt/stack/neutron/neutron/plugins/ml2/drivers/ovn/mech_driver/ovsdb/maintenance.py:1466}}
May 19 16:43:09.182317 np0000174859 devstack@neutron-api.service[103307]: DEBUG futurist.periodics [-] Submitting periodic callback 'neutron.plugins.ml2.drivers.ovn.mech_driver.ovsdb.maintenance.HashRingHealthCheckPeriodics.touch_hash_ring_node' {{(pid=103307) _process_scheduled /opt/stack/data/venv/lib/python3.12/site-packages/futurist/periodics.py:784}}
May 19 16:43:09.183093 np0000174859 devstack@neutron-api.service[103307]: DEBUG neutron.plugins.ml2.drivers.ovn.mech_driver.ovsdb.maintenance [-] Touching Hash Ring node "5ea90551db455ae18ebedde8cd9365d3" from periodic health check thread {{(pid=103307) touch_hash_ring_node /opt/stack/neutron/neutron/plugins/ml2/drivers/ovn/mech_driver/ovsdb/maintenance.py:1466}}
May 19 16:43:09.320066 np0000174859 devstack@neutron-api.service[103308]: DEBUG futurist.periodics [-] Submitting periodic callback 'neutron.plugins.ml2.drivers.ovn.mech_driver.ovsdb.maintenance.HashRingHealthCheckPeriodics.touch_hash_ring_node' {{(pid=103308) _process_scheduled /opt/stack/data/venv/lib/python3.12/site-packages/futurist/periodics.py:784}}
May 19 16:43:09.320644 np0000174859 devstack@neutron-api.service[103308]: DEBUG neutron.plugins.ml2.drivers.ovn.mech_driver.ovsdb.maintenance [-] Touching Hash Ring node "0430b53de4a2588eab41c52168e38c59" from periodic health check thread {{(pid=103308) touch_hash_ring_node /opt/stack/neutron/neutron/plugins/ml2/drivers/ovn/mech_driver/ovsdb/maintenance.py:1466}}
May 19 16:43:17.995944 np0000174859 devstack@neutron-api.service[103305]: DEBUG dbcounter [-] [103305] Writing DB stats neutron:UPDATE=1,neutron:SELECT=1 {{(pid=103305) stat_writer /opt/stack/data/venv/lib/python3.12/site-packages/dbcounter.py:115}}
May 19 16:43:18.217402 np0000174859 devstack@neutron-api.service[103305]: DEBUG neutron.common.ovn.hash_ring_manager [None req-73b83e25-93c4-4ece-9884-cf7b197545c7 None None] Hash Ring loaded. 4 active nodes. 0 offline nodes {{(pid=103305) _load_hash_ring /opt/stack/neutron/neutron/common/ovn/hash_ring_manager.py:102}}
May 19 16:43:18.218123 np0000174859 devstack@neutron-api.service[103308]: DEBUG neutron.common.ovn.hash_ring_manager [None req-6a65c5fe-cb23-4a3e-a33a-6f0e5e78fcc5 None None] Hash Ring loaded. 4 active nodes. 0 offline nodes {{(pid=103308) _load_hash_ring /opt/stack/neutron/neutron/common/ovn/hash_ring_manager.py:102}}
May 19 16:43:18.218618 np0000174859 devstack@neutron-api.service[103308]: DEBUG neutron.plugins.ml2.drivers.ovn.mech_driver.ovsdb.ovsdb_monitor [None req-6a65c5fe-cb23-4a3e-a33a-6f0e5e78fcc5 None None] Hash Ring: Node 0430b53de4a2588eab41c52168e38c59 (host: np0000174859) handling event "update" for row 934c1808-8029-4423-a91a-1b98c6756a24 (table: Connection) {{(pid=103308) notify /opt/stack/neutron/neutron/plugins/ml2/drivers/ovn/mech_driver/ovsdb/ovsdb_monitor.py:942}}
May 19 16:43:18.219219 np0000174859 devstack@neutron-api.service[103306]: DEBUG neutron.common.ovn.hash_ring_manager [None req-4f749eeb-145a-4b38-bf5c-240eec6a79d1 None None] Hash Ring loaded. 4 active nodes. 0 offline nodes {{(pid=103306) _load_hash_ring /opt/stack/neutron/neutron/common/ovn/hash_ring_manager.py:102}}
May 19 16:43:18.225840 np0000174859 devstack@neutron-api.service[103307]: DEBUG neutron.common.ovn.hash_ring_manager [None req-b3deb999-3464-4692-826d-065d5ebc77df None None] Hash Ring loaded. 4 active nodes. 0 offline nodes {{(pid=103307) _load_hash_ring /opt/stack/neutron/neutron/common/ovn/hash_ring_manager.py:102}}
May 19 16:43:18.293659 np0000174859 devstack@neutron-api.service[103305]: DEBUG neutron.pecan_wsgi.hooks.policy_enforcement [None req-4aec5040-0c73-415e-92a3-69a5d9c03742 admin admin] Attributes excluded by policy engine: ['standard_attr_id'] {{(pid=103305) _exclude_attributes_by_policy /opt/stack/neutron/neutron/pecan_wsgi/hooks/policy_enforcement.py:256}}
May 19 16:43:18.296149 np0000174859 devstack@neutron-api.service[103305]: DEBUG neutron.pecan_wsgi.hooks.policy_enforcement [None req-4aec5040-0c73-415e-92a3-69a5d9c03742 admin admin] Attributes excluded by policy engine: ['standard_attr_id'] {{(pid=103305) _exclude_attributes_by_policy /opt/stack/neutron/neutron/pecan_wsgi/hooks/policy_enforcement.py:256}}
May 19 16:43:18.296947 np0000174859 devstack@neutron-api.service[103305]: [pid: 103305|app: 0|req: 24/90] 199.204.45.205 () {64 vars in 1378 bytes} [Tue May 19 16:43:18 2026] GET /networking/v2.0/ports?device_owner=network%3Adistributed => generated 1649 bytes in 112 msecs (HTTP/1.1 200) 4 headers in 158 bytes (1 switches on core 0)
May 19 16:43:20.752026 np0000174859 devstack@neutron-api.service[103308]: DEBUG neutron.plugins.ml2.drivers.ovn.mech_driver.ovsdb.ovsdb_monitor [None req-6a65c5fe-cb23-4a3e-a33a-6f0e5e78fcc5 None None] Hash Ring: Node 0430b53de4a2588eab41c52168e38c59 (host: np0000174859) handling event "update" for row 934c1808-8029-4423-a91a-1b98c6756a24 (table: Connection) {{(pid=103308) notify /opt/stack/neutron/neutron/plugins/ml2/drivers/ovn/mech_driver/ovsdb/ovsdb_monitor.py:942}}
May 19 16:43:22.984275 np0000174859 devstack@neutron-api.service[103305]: DEBUG futurist.periodics [-] Submitting periodic callback 'neutron.plugins.ml2.drivers.ovn.mech_driver.ovsdb.maintenance.HashRingHealthCheckPeriodics.touch_hash_ring_node' {{(pid=103305) _process_scheduled /opt/stack/data/venv/lib/python3.12/site-packages/futurist/periodics.py:784}}
May 19 16:43:22.985121 np0000174859 devstack@neutron-api.service[103305]: DEBUG neutron.plugins.ml2.drivers.ovn.mech_driver.ovsdb.maintenance [-] Touching Hash Ring node "f23b02469a1c575cb0e0ac3923794f6c" from periodic health check thread {{(pid=103305) touch_hash_ring_node /opt/stack/neutron/neutron/plugins/ml2/drivers/ovn/mech_driver/ovsdb/maintenance.py:1466}}
May 19 16:43:23.897833 np0000174859 devstack@neutron-api.service[103306]: DEBUG futurist.periodics [-] Submitting periodic callback 'neutron.plugins.ml2.drivers.ovn.mech_driver.ovsdb.maintenance.HashRingHealthCheckPeriodics.touch_hash_ring_node' {{(pid=103306) _process_scheduled /opt/stack/data/venv/lib/python3.12/site-packages/futurist/periodics.py:784}}
May 19 16:43:23.899941 np0000174859 devstack@neutron-api.service[103306]: DEBUG neutron.plugins.ml2.drivers.ovn.mech_driver.ovsdb.maintenance [-] Touching Hash Ring node "35fef55883855ae2beb9e183693500c2" from periodic health check thread {{(pid=103306) touch_hash_ring_node /opt/stack/neutron/neutron/plugins/ml2/drivers/ovn/mech_driver/ovsdb/maintenance.py:1466}}
May 19 16:43:24.182907 np0000174859 devstack@neutron-api.service[103307]: DEBUG futurist.periodics [-] Submitting periodic callback 'neutron.plugins.ml2.drivers.ovn.mech_driver.ovsdb.maintenance.HashRingHealthCheckPeriodics.touch_hash_ring_node' {{(pid=103307) _process_scheduled /opt/stack/data/venv/lib/python3.12/site-packages/futurist/periodics.py:784}}
May 19 16:43:24.183462 np0000174859 devstack@neutron-api.service[103307]: DEBUG neutron.plugins.ml2.drivers.ovn.mech_driver.ovsdb.maintenance [-] Touching Hash Ring node "5ea90551db455ae18ebedde8cd9365d3" from periodic health check thread {{(pid=103307) touch_hash_ring_node /opt/stack/neutron/neutron/plugins/ml2/drivers/ovn/mech_driver/ovsdb/maintenance.py:1466}}
May 19 16:43:24.320749 np0000174859 devstack@neutron-api.service[103308]: DEBUG futurist.periodics [-] Submitting periodic callback 'neutron.plugins.ml2.drivers.ovn.mech_driver.ovsdb.maintenance.HashRingHealthCheckPeriodics.touch_hash_ring_node' {{(pid=103308) _process_scheduled /opt/stack/data/venv/lib/python3.12/site-packages/futurist/periodics.py:784}}
May 19 16:43:24.321452 np0000174859 devstack@neutron-api.service[103308]: DEBUG neutron.plugins.ml2.drivers.ovn.mech_driver.ovsdb.maintenance [-] Touching Hash Ring node "0430b53de4a2588eab41c52168e38c59" from periodic health check thread {{(pid=103308) touch_hash_ring_node /opt/stack/neutron/neutron/plugins/ml2/drivers/ovn/mech_driver/ovsdb/maintenance.py:1466}}
May 19 16:43:30.082025 np0000174859 devstack@neutron-api.service[103306]: INFO neutron.pecan_wsgi.hooks.translation [None req-02e83b97-8e64-4f0e-abfe-998c2093376a admin admin] GET failed (client error): The resource could not be found.
May 19 16:43:30.082673 np0000174859 devstack@neutron-api.service[103306]: [pid: 103306|app: 0|req: 23/91] 199.204.45.205 () {64 vars in 1334 bytes} [Tue May 19 16:43:30 2026] GET /networking/v2.0/networks/admin_net => generated 111 bytes in 12 msecs (HTTP/1.1 404) 4 headers in 164 bytes (1 switches on core 0)
May 19 16:43:30.115168 np0000174859 devstack@neutron-api.service[103307]: [pid: 103307|app: 0|req: 23/92] 199.204.45.205 () {64 vars in 1346 bytes} [Tue May 19 16:43:30 2026] GET /networking/v2.0/networks?name=admin_net => generated 15 bytes in 21 msecs (HTTP/1.1 200) 4 headers in 156 bytes (1 switches on core 0)
May 19 16:43:30.360846 np0000174859 devstack@neutron-api.service[103308]: DEBUG neutron.api.v2.base [None req-6be6bcb7-037d-499e-b9a4-d3f88299ea62 admin admin] Request body: {'network': {'project_id': '63213915c2b04af78cfc2ec3de2b9a34', 'name': 'admin_net', 'admin_state_up': True}} {{(pid=103308) prepare_request_body /opt/stack/neutron/neutron/api/v2/base.py:727}}
May 19 16:43:30.374834 np0000174859 devstack@neutron-api.service[103308]: DEBUG neutron.pecan_wsgi.hooks.quota_enforcement [None req-6be6bcb7-037d-499e-b9a4-d3f88299ea62 admin admin] Made reservation on behalf of 63213915c2b04af78cfc2ec3de2b9a34 for: {'network': 1} {{(pid=103308) before /opt/stack/neutron/neutron/pecan_wsgi/hooks/quota_enforcement.py:66}}
May 19 16:43:30.377063 np0000174859 devstack@neutron-api.service[103308]: DEBUG neutron_lib.callbacks.manager [None req-6be6bcb7-037d-499e-b9a4-d3f88299ea62 admin admin] Publish callbacks ['neutron.plugins.ml2.plugin.SecurityGroupDbMixin._ensure_default_security_group_handler-4150237'] for network (None), before_create {{(pid=103308) _notify_loop /opt/stack/data/venv/lib/python3.12/site-packages/neutron_lib/callbacks/manager.py:184}}
May 19 16:43:30.381158 np0000174859 devstack@neutron-api.service[103308]: DEBUG neutron_lib.callbacks.manager [None req-6be6bcb7-037d-499e-b9a4-d3f88299ea62 admin admin] Publish callbacks [] for security_group (None), before_create {{(pid=103308) _notify_loop /opt/stack/data/venv/lib/python3.12/site-packages/neutron_lib/callbacks/manager.py:184}}
May 19 16:43:30.439809 np0000174859 devstack@neutron-api.service[103308]: DEBUG neutron_lib.callbacks.manager [None req-6be6bcb7-037d-499e-b9a4-d3f88299ea62 admin admin] Publish callbacks ['neutron.plugins.ml2.drivers.ovn.mech_driver.mech_driver.OVNMechanismDriver._create_security_group_precommit-316955'] for security_group (f1472dbe-b091-414a-bdf9-699b23b964b4), precommit_create {{(pid=103308) _notify_loop /opt/stack/data/venv/lib/python3.12/site-packages/neutron_lib/callbacks/manager.py:184}}
May 19 16:43:30.440059 np0000174859 devstack@neutron-api.service[103308]: DEBUG neutron.db.ovn_revision_numbers_db [None req-6be6bcb7-037d-499e-b9a4-d3f88299ea62 admin admin] create_initial_revision uuid=f1472dbe-b091-414a-bdf9-699b23b964b4, type=security_groups, rev=-1 {{(pid=103308) create_initial_revision /opt/stack/neutron/neutron/db/ovn_revision_numbers_db.py:98}}
May 19 16:43:30.441594 np0000174859 devstack@neutron-api.service[103308]: DEBUG neutron.db.ovn_revision_numbers_db [None req-6be6bcb7-037d-499e-b9a4-d3f88299ea62 admin admin] create_initial_revision uuid=51b4e7c7-6a3b-49f7-9b91-0b5584c01708, type=security_group_rules, rev=-1 {{(pid=103308) create_initial_revision /opt/stack/neutron/neutron/db/ovn_revision_numbers_db.py:98}}
May 19 16:43:30.442892 np0000174859 devstack@neutron-api.service[103308]: DEBUG neutron.db.ovn_revision_numbers_db [None req-6be6bcb7-037d-499e-b9a4-d3f88299ea62 admin admin] create_initial_revision uuid=928a948a-6d1c-471f-b491-b405a47e14a5, type=security_group_rules, rev=-1 {{(pid=103308) create_initial_revision /opt/stack/neutron/neutron/db/ovn_revision_numbers_db.py:98}}
May 19 16:43:30.444137 np0000174859 devstack@neutron-api.service[103308]: DEBUG neutron.db.ovn_revision_numbers_db [None req-6be6bcb7-037d-499e-b9a4-d3f88299ea62 admin admin] create_initial_revision uuid=b7778ce2-88ef-41e3-bb9f-b9f34dd21074, type=security_group_rules, rev=-1 {{(pid=103308) create_initial_revision /opt/stack/neutron/neutron/db/ovn_revision_numbers_db.py:98}}
May 19 16:43:30.445328 np0000174859 devstack@neutron-api.service[103308]: DEBUG neutron.db.ovn_revision_numbers_db [None req-6be6bcb7-037d-499e-b9a4-d3f88299ea62 admin admin] create_initial_revision uuid=b8f8a266-9942-4ead-9d11-d9dce0bb50a6, type=security_group_rules, rev=-1 {{(pid=103308) create_initial_revision /opt/stack/neutron/neutron/db/ovn_revision_numbers_db.py:98}}
May 19 16:43:30.453518 np0000174859 devstack@neutron-api.service[103308]: DEBUG neutron_lib.callbacks.manager [None req-6be6bcb7-037d-499e-b9a4-d3f88299ea62 admin admin] Publish callbacks ['neutron.plugins.ml2.drivers.ovn.mech_driver.mech_driver.OVNMechanismDriver._create_security_group-316961', 'neutron.plugins.ml2.ovo_rpc._ObjectChangeHandler.handle_event-1788911'] for security_group (f1472dbe-b091-414a-bdf9-699b23b964b4), after_create {{(pid=103308) _notify_loop /opt/stack/data/venv/lib/python3.12/site-packages/neutron_lib/callbacks/manager.py:184}}
May 19 16:43:30.454317 np0000174859 devstack@neutron-api.service[103308]: DEBUG ovsdbapp.backend.ovs_idl.transaction [None req-6a65c5fe-cb23-4a3e-a33a-6f0e5e78fcc5 None None] Running txn n=1 command(idx=0): PgAddCommand(_result=None, name=pg_f1472dbe_b091_414a_bdf9_699b23b964b4, may_exist=False, columns={'acls': [], 'external_ids': {'neutron:security_group_id': 'f1472dbe-b091-414a-bdf9-699b23b964b4'}}) {{(pid=103308) do_commit /opt/stack/data/venv/lib/python3.12/site-packages/ovsdbapp/backend/ovs_idl/transaction.py:89}}
May 19 16:43:30.454671 np0000174859 devstack@neutron-api.service[103308]: DEBUG ovsdbapp.backend.ovs_idl.transaction [None req-6a65c5fe-cb23-4a3e-a33a-6f0e5e78fcc5 None None] Running txn n=1 command(idx=1): PgAclAddCommand(_result=None, entity=pg_f1472dbe_b091_414a_bdf9_699b23b964b4, direction=from-lport, priority=1002, match=inport == @pg_f1472dbe_b091_414a_bdf9_699b23b964b4 && ip4, action=allow-related, log=False, may_exist=True, severity=[], name=[], meter=[], external_ids={'neutron:security_group_rule_id': '51b4e7c7-6a3b-49f7-9b91-0b5584c01708'}) {{(pid=103308) do_commit /opt/stack/data/venv/lib/python3.12/site-packages/ovsdbapp/backend/ovs_idl/transaction.py:89}}
May 19 16:43:30.454961 np0000174859 devstack@neutron-api.service[103308]: DEBUG ovsdbapp.backend.ovs_idl.transaction [None req-6a65c5fe-cb23-4a3e-a33a-6f0e5e78fcc5 None None] Running txn n=1 command(idx=2): PgAclAddCommand(_result=None, entity=pg_f1472dbe_b091_414a_bdf9_699b23b964b4, direction=to-lport, priority=1002, match=outport == @pg_f1472dbe_b091_414a_bdf9_699b23b964b4 && ip4 && ip4.src == $pg_f1472dbe_b091_414a_bdf9_699b23b964b4_ip4, action=allow-related, log=False, may_exist=True, severity=[], name=[], meter=[], external_ids={'neutron:security_group_rule_id': '928a948a-6d1c-471f-b491-b405a47e14a5'}) {{(pid=103308) do_commit /opt/stack/data/venv/lib/python3.12/site-packages/ovsdbapp/backend/ovs_idl/transaction.py:89}}
May 19 16:43:30.455203 np0000174859 devstack@neutron-api.service[103308]: DEBUG ovsdbapp.backend.ovs_idl.transaction [None req-6a65c5fe-cb23-4a3e-a33a-6f0e5e78fcc5 None None] Running txn n=1 command(idx=3): PgAclAddCommand(_result=None, entity=pg_f1472dbe_b091_414a_bdf9_699b23b964b4, direction=from-lport, priority=1002, match=inport == @pg_f1472dbe_b091_414a_bdf9_699b23b964b4 && ip6, action=allow-related, log=False, may_exist=True, severity=[], name=[], meter=[], external_ids={'neutron:security_group_rule_id': 'b7778ce2-88ef-41e3-bb9f-b9f34dd21074'}) {{(pid=103308) do_commit /opt/stack/data/venv/lib/python3.12/site-packages/ovsdbapp/backend/ovs_idl/transaction.py:89}}
May 19 16:43:30.455443 np0000174859 devstack@neutron-api.service[103308]: DEBUG ovsdbapp.backend.ovs_idl.transaction [None req-6a65c5fe-cb23-4a3e-a33a-6f0e5e78fcc5 None None] Running txn n=1 command(idx=4): PgAclAddCommand(_result=None, entity=pg_f1472dbe_b091_414a_bdf9_699b23b964b4, direction=to-lport, priority=1002, match=outport == @pg_f1472dbe_b091_414a_bdf9_699b23b964b4 && ip6 && ip6.src == $pg_f1472dbe_b091_414a_bdf9_699b23b964b4_ip6, action=allow-related, log=False, may_exist=True, severity=[], name=[], meter=[], external_ids={'neutron:security_group_rule_id': 'b8f8a266-9942-4ead-9d11-d9dce0bb50a6'}) {{(pid=103308) do_commit /opt/stack/data/venv/lib/python3.12/site-packages/ovsdbapp/backend/ovs_idl/transaction.py:89}}
May 19 16:43:30.500624 np0000174859 devstack@neutron-api.service[103308]: DEBUG neutron.plugins.ml2.drivers.ovn.mech_driver.ovsdb.ovsdb_monitor [None req-6a65c5fe-cb23-4a3e-a33a-6f0e5e78fcc5 None None] Touching Hash Ring node "0430b53de4a2588eab41c52168e38c59" from IDL notify handler {{(pid=103308) notify /opt/stack/neutron/neutron/plugins/ml2/drivers/ovn/mech_driver/ovsdb/ovsdb_monitor.py:934}}
May 19 16:43:30.501799 np0000174859 devstack@neutron-api.service[103305]: DEBUG neutron.plugins.ml2.drivers.ovn.mech_driver.ovsdb.ovsdb_monitor [None req-73b83e25-93c4-4ece-9884-cf7b197545c7 None None] Touching Hash Ring node "f23b02469a1c575cb0e0ac3923794f6c" from IDL notify handler {{(pid=103305) notify /opt/stack/neutron/neutron/plugins/ml2/drivers/ovn/mech_driver/ovsdb/ovsdb_monitor.py:934}}
May 19 16:43:30.509820 np0000174859 devstack@neutron-api.service[103308]: DEBUG neutron.plugins.ml2.drivers.ovn.mech_driver.ovsdb.ovsdb_monitor [None req-6a65c5fe-cb23-4a3e-a33a-6f0e5e78fcc5 None None] Hash Ring: Node 0430b53de4a2588eab41c52168e38c59 (host: np0000174859) handling event "create" for row 047cb204-8b3a-477c-9c8d-8c18081c0353 (table: ACL) {{(pid=103308) notify /opt/stack/neutron/neutron/plugins/ml2/drivers/ovn/mech_driver/ovsdb/ovsdb_monitor.py:942}}
May 19 16:43:30.511110 np0000174859 devstack@neutron-api.service[103308]: DEBUG neutron.plugins.ml2.drivers.ovn.mech_driver.ovsdb.ovsdb_monitor [None req-6a65c5fe-cb23-4a3e-a33a-6f0e5e78fcc5 None None] Touching Hash Ring node "0430b53de4a2588eab41c52168e38c59" from IDL notify handler {{(pid=103308) notify /opt/stack/neutron/neutron/plugins/ml2/drivers/ovn/mech_driver/ovsdb/ovsdb_monitor.py:934}}
May 19 16:43:30.511317 np0000174859 devstack@neutron-api.service[103305]: DEBUG neutron.plugins.ml2.drivers.ovn.mech_driver.ovsdb.ovsdb_monitor [None req-73b83e25-93c4-4ece-9884-cf7b197545c7 None None] Hash Ring: Node f23b02469a1c575cb0e0ac3923794f6c (host: np0000174859) handling event "create" for row 7578ec33-7ac0-4f28-8773-157265c0bb2a (table: ACL) {{(pid=103305) notify /opt/stack/neutron/neutron/plugins/ml2/drivers/ovn/mech_driver/ovsdb/ovsdb_monitor.py:942}}
May 19 16:43:30.512390 np0000174859 devstack@neutron-api.service[103305]: DEBUG neutron.plugins.ml2.drivers.ovn.mech_driver.ovsdb.ovsdb_monitor [None req-73b83e25-93c4-4ece-9884-cf7b197545c7 None None] Touching Hash Ring node "f23b02469a1c575cb0e0ac3923794f6c" from IDL notify handler {{(pid=103305) notify /opt/stack/neutron/neutron/plugins/ml2/drivers/ovn/mech_driver/ovsdb/ovsdb_monitor.py:934}}
May 19 16:43:30.513933 np0000174859 devstack@neutron-api.service[103308]: DEBUG neutron.plugins.ml2.drivers.ovn.mech_driver.ovsdb.ovsdb_monitor [None req-6a65c5fe-cb23-4a3e-a33a-6f0e5e78fcc5 None None] Hash Ring: Node 0430b53de4a2588eab41c52168e38c59 (host: np0000174859) handling event "create" for row f385e9aa-b3f2-4a16-aa0b-3c90f0c13a01 (table: ACL) {{(pid=103308) notify /opt/stack/neutron/neutron/plugins/ml2/drivers/ovn/mech_driver/ovsdb/ovsdb_monitor.py:942}}
May 19 16:43:30.515166 np0000174859 devstack@neutron-api.service[103308]: DEBUG neutron.plugins.ml2.drivers.ovn.mech_driver.ovsdb.ovsdb_monitor [None req-6a65c5fe-cb23-4a3e-a33a-6f0e5e78fcc5 None None] Touching Hash Ring node "0430b53de4a2588eab41c52168e38c59" from IDL notify handler {{(pid=103308) notify /opt/stack/neutron/neutron/plugins/ml2/drivers/ovn/mech_driver/ovsdb/ovsdb_monitor.py:934}}
May 19 16:43:30.515855 np0000174859 devstack@neutron-api.service[103305]: DEBUG neutron.plugins.ml2.drivers.ovn.mech_driver.ovsdb.ovsdb_monitor [None req-73b83e25-93c4-4ece-9884-cf7b197545c7 None None] Hash Ring: Node f23b02469a1c575cb0e0ac3923794f6c (host: np0000174859) handling event "create" for row d459e246-9a82-44ca-a13e-e18103c2dd10 (table: ACL) {{(pid=103305) notify /opt/stack/neutron/neutron/plugins/ml2/drivers/ovn/mech_driver/ovsdb/ovsdb_monitor.py:942}}
May 19 16:43:30.517730 np0000174859 devstack@neutron-api.service[103308]: DEBUG neutron.plugins.ml2.drivers.ovn.mech_driver.ovsdb.ovsdb_monitor [None req-6a65c5fe-cb23-4a3e-a33a-6f0e5e78fcc5 None None] Hash Ring: Node 0430b53de4a2588eab41c52168e38c59 (host: np0000174859) handling event "create" for row 36f92b4e-cf2b-47cd-99ba-d3827f31abd1 (table: Port_Group) {{(pid=103308) notify /opt/stack/neutron/neutron/plugins/ml2/drivers/ovn/mech_driver/ovsdb/ovsdb_monitor.py:942}}
May 19 16:43:30.538605 np0000174859 devstack@neutron-api.service[103308]: INFO neutron.db.ovn_revision_numbers_db [None req-6be6bcb7-037d-499e-b9a4-d3f88299ea62 admin admin] Successfully bumped revision number for resource f1472dbe-b091-414a-bdf9-699b23b964b4 (type: security_groups) to 1
May 19 16:43:30.552319 np0000174859 devstack@neutron-api.service[103308]: INFO neutron.db.ovn_revision_numbers_db [None req-6be6bcb7-037d-499e-b9a4-d3f88299ea62 admin admin] Successfully bumped revision number for resource 51b4e7c7-6a3b-49f7-9b91-0b5584c01708 (type: security_group_rules) to 0
May 19 16:43:30.565671 np0000174859 devstack@neutron-api.service[103308]: INFO neutron.db.ovn_revision_numbers_db [None req-6be6bcb7-037d-499e-b9a4-d3f88299ea62 admin admin] Successfully bumped revision number for resource 928a948a-6d1c-471f-b491-b405a47e14a5 (type: security_group_rules) to 0
May 19 16:43:30.578995 np0000174859 devstack@neutron-api.service[103308]: INFO neutron.db.ovn_revision_numbers_db [None req-6be6bcb7-037d-499e-b9a4-d3f88299ea62 admin admin] Successfully bumped revision number for resource b7778ce2-88ef-41e3-bb9f-b9f34dd21074 (type: security_group_rules) to 0
May 19 16:43:30.596552 np0000174859 devstack@neutron-api.service[103308]: INFO neutron.db.ovn_revision_numbers_db [None req-6be6bcb7-037d-499e-b9a4-d3f88299ea62 admin admin] Successfully bumped revision number for resource b8f8a266-9942-4ead-9d11-d9dce0bb50a6 (type: security_group_rules) to 0
May 19 16:43:30.623310 np0000174859 devstack@neutron-api.service[103308]: DEBUG neutron.api.rpc.handlers.resources_rpc [None req-6be6bcb7-037d-499e-b9a4-d3f88299ea62 admin admin] Pushing event updated for resources: {'SecurityGroup': ['ID=f1472dbe-b091-414a-bdf9-699b23b964b4,revision_number=1']} {{(pid=103308) push /opt/stack/neutron/neutron/api/rpc/handlers/resources_rpc.py:237}}
May 19 16:43:30.629721 np0000174859 devstack@neutron-api.service[103308]: DEBUG ovsdbapp.backend.ovs_idl.transaction [None req-6a65c5fe-cb23-4a3e-a33a-6f0e5e78fcc5 None None] Running txn n=1 command(idx=0): CheckLivenessCommand(_result=None) {{(pid=103308) do_commit /opt/stack/data/venv/lib/python3.12/site-packages/ovsdbapp/backend/ovs_idl/transaction.py:89}}
May 19 16:43:30.634674 np0000174859 devstack@neutron-api.service[103305]: DEBUG neutron.plugins.ml2.drivers.ovn.mech_driver.ovsdb.ovsdb_monitor [None req-73b83e25-93c4-4ece-9884-cf7b197545c7 None None] Touching Hash Ring node "f23b02469a1c575cb0e0ac3923794f6c" from IDL notify handler {{(pid=103305) notify /opt/stack/neutron/neutron/plugins/ml2/drivers/ovn/mech_driver/ovsdb/ovsdb_monitor.py:934}}
May 19 16:43:30.635142 np0000174859 devstack@neutron-api.service[103308]: DEBUG neutron.api.rpc.callbacks.version_manager [None req-6be6bcb7-037d-499e-b9a4-d3f88299ea62 admin admin] Tracked resource versions report:
May 19 16:43:30.635142 np0000174859 devstack@neutron-api.service[103308]: pushed versions:
May 19 16:43:30.635142 np0000174859 devstack@neutron-api.service[103308]: { 'AddressGroup': {'1.2'},
May 19 16:43:30.635142 np0000174859 devstack@neutron-api.service[103308]: 'Agent': {'1.1'},
May 19 16:43:30.635142 np0000174859 devstack@neutron-api.service[103308]: 'ConntrackHelper': {'1.0'},
May 19 16:43:30.635142 np0000174859 devstack@neutron-api.service[103308]: 'LocalIPAssociation': {'1.0'},
May 19 16:43:30.635142 np0000174859 devstack@neutron-api.service[103308]: 'Log': {'1.0'},
May 19 16:43:30.635142 np0000174859 devstack@neutron-api.service[103308]: 'NDPProxy': {'1.0'},
May 19 16:43:30.635142 np0000174859 devstack@neutron-api.service[103308]: 'Network': {'1.2'},
May 19 16:43:30.635142 np0000174859 devstack@neutron-api.service[103308]: 'Port': {'1.10'},
May 19 16:43:30.635142 np0000174859 devstack@neutron-api.service[103308]: 'PortForwarding': {'1.3'},
May 19 16:43:30.635142 np0000174859 devstack@neutron-api.service[103308]: 'QosPolicy': {'1.10'},
May 19 16:43:30.635142 np0000174859 devstack@neutron-api.service[103308]: 'SecurityGroup': {'1.6'},
May 19 16:43:30.635142 np0000174859 devstack@neutron-api.service[103308]: 'SecurityGroupRule': {'1.3'},
May 19 16:43:30.635142 np0000174859 devstack@neutron-api.service[103308]: 'SubPort': {'1.0'},
May 19 16:43:30.635142 np0000174859 devstack@neutron-api.service[103308]: 'Subnet': {'1.2'},
May 19 16:43:30.635142 np0000174859 devstack@neutron-api.service[103308]: 'Trunk': {'1.1'}}
May 19 16:43:30.635142 np0000174859 devstack@neutron-api.service[103308]: consumer versions:
May 19 16:43:30.635142 np0000174859 devstack@neutron-api.service[103308]: { OVN Neutron agent@np0000174859: {},
May 19 16:43:30.635142 np0000174859 devstack@neutron-api.service[103308]: OVN Controller Gateway agent@np0000174859: {}}
May 19 16:43:30.635142 np0000174859 devstack@neutron-api.service[103308]: {{(pid=103308) report /opt/stack/neutron/neutron/api/rpc/callbacks/version_manager.py:183}}
May 19 16:43:30.636307 np0000174859 devstack@neutron-api.service[103306]: DEBUG neutron.plugins.ml2.drivers.ovn.mech_driver.ovsdb.ovsdb_monitor [None req-43e195b0-5ad1-4561-964a-4d4fc85648b8 None None] ChassisAgentWriteEvent : Matched Chassis_Private, update, None None {{(pid=103306) matches /opt/stack/neutron/neutron/plugins/ml2/drivers/ovn/mech_driver/ovsdb/ovsdb_monitor.py:64}}
May 19 16:43:30.637567 np0000174859 devstack@neutron-api.service[103307]: DEBUG neutron.plugins.ml2.drivers.ovn.mech_driver.ovsdb.ovsdb_monitor [None req-50ab0410-f41d-4c36-8f2b-2b9f15dd9e57 None None] ChassisAgentWriteEvent : Matched Chassis_Private, update, None None {{(pid=103307) matches /opt/stack/neutron/neutron/plugins/ml2/drivers/ovn/mech_driver/ovsdb/ovsdb_monitor.py:64}}
May 19 16:43:30.639046 np0000174859 devstack@neutron-api.service[103305]: DEBUG neutron.plugins.ml2.drivers.ovn.mech_driver.ovsdb.ovsdb_monitor [None req-883fcf40-6f31-4d52-b0f0-b49328dc261d None None] ChassisAgentWriteEvent : Matched Chassis_Private, update, None None {{(pid=103305) matches /opt/stack/neutron/neutron/plugins/ml2/drivers/ovn/mech_driver/ovsdb/ovsdb_monitor.py:64}}
May 19 16:43:30.639887 np0000174859 devstack@neutron-api.service[103308]: DEBUG neutron.plugins.ml2.drivers.ovn.mech_driver.ovsdb.ovsdb_monitor [None req-a657a793-c55c-4800-abcd-5230d0d2501e None None] ChassisAgentWriteEvent : Matched Chassis_Private, update, None None {{(pid=103308) matches /opt/stack/neutron/neutron/plugins/ml2/drivers/ovn/mech_driver/ovsdb/ovsdb_monitor.py:64}}
May 19 16:43:30.644226 np0000174859 devstack@neutron-api.service[103305]: DEBUG neutron.plugins.ml2.drivers.ovn.mech_driver.ovsdb.ovsdb_monitor [None req-73b83e25-93c4-4ece-9884-cf7b197545c7 None None] Hash Ring: Node f23b02469a1c575cb0e0ac3923794f6c (host: np0000174859) handling event "update" for row c07ff012-507d-414c-88e9-e541e3de4832 (table: NB_Global) {{(pid=103305) notify /opt/stack/neutron/neutron/plugins/ml2/drivers/ovn/mech_driver/ovsdb/ovsdb_monitor.py:942}}
May 19 16:43:30.645546 np0000174859 devstack@neutron-api.service[103307]: DEBUG neutron.common.ovn.hash_ring_manager [None req-50ab0410-f41d-4c36-8f2b-2b9f15dd9e57 None None] Hash Ring loaded. 4 active nodes. 0 offline nodes {{(pid=103307) _load_hash_ring /opt/stack/neutron/neutron/common/ovn/hash_ring_manager.py:102}}
May 19 16:43:30.645761 np0000174859 devstack@neutron-api.service[103307]: DEBUG neutron.plugins.ml2.drivers.ovn.mech_driver.ovsdb.ovsdb_monitor [None req-50ab0410-f41d-4c36-8f2b-2b9f15dd9e57 None None] Hash Ring: Node 5ea90551db455ae18ebedde8cd9365d3 (host: np0000174859) handling event "update" for row e86d372d-dda9-4308-a278-c5b01b56057a (table: Chassis_Private) {{(pid=103307) notify /opt/stack/neutron/neutron/plugins/ml2/drivers/ovn/mech_driver/ovsdb/ovsdb_monitor.py:942}}
May 19 16:43:30.646500 np0000174859 devstack@neutron-api.service[103306]: DEBUG neutron.common.ovn.hash_ring_manager [None req-43e195b0-5ad1-4561-964a-4d4fc85648b8 None None] Hash Ring loaded. 4 active nodes. 0 offline nodes {{(pid=103306) _load_hash_ring /opt/stack/neutron/neutron/common/ovn/hash_ring_manager.py:102}}
May 19 16:43:30.646796 np0000174859 devstack@neutron-api.service[103307]: DEBUG neutron.plugins.ml2.drivers.ovn.mech_driver.ovsdb.ovsdb_monitor [None req-50ab0410-f41d-4c36-8f2b-2b9f15dd9e57 None None] ChassisOVNAgentWriteEvent : Matched Chassis_Private, update, None None {{(pid=103307) matches /opt/stack/neutron/neutron/plugins/ml2/drivers/ovn/mech_driver/ovsdb/ovsdb_monitor.py:64}}
May 19 16:43:30.647161 np0000174859 devstack@neutron-api.service[103307]: DEBUG neutron.plugins.ml2.drivers.ovn.mech_driver.ovsdb.ovsdb_monitor [None req-50ab0410-f41d-4c36-8f2b-2b9f15dd9e57 None None] Hash Ring: Node 5ea90551db455ae18ebedde8cd9365d3 (host: np0000174859) handling event "update" for row e86d372d-dda9-4308-a278-c5b01b56057a (table: Chassis_Private) {{(pid=103307) notify /opt/stack/neutron/neutron/plugins/ml2/drivers/ovn/mech_driver/ovsdb/ovsdb_monitor.py:942}}
May 19 16:43:30.647751 np0000174859 devstack@neutron-api.service[103306]: DEBUG neutron.plugins.ml2.drivers.ovn.mech_driver.ovsdb.ovsdb_monitor [None req-43e195b0-5ad1-4561-964a-4d4fc85648b8 None None] ChassisOVNAgentWriteEvent : Matched Chassis_Private, update, None None {{(pid=103306) matches /opt/stack/neutron/neutron/plugins/ml2/drivers/ovn/mech_driver/ovsdb/ovsdb_monitor.py:64}}
May 19 16:43:30.649599 np0000174859 devstack@neutron-api.service[103305]: DEBUG neutron.plugins.ml2.drivers.ovn.mech_driver.ovsdb.ovsdb_monitor [None req-73b83e25-93c4-4ece-9884-cf7b197545c7 None None] Touching Hash Ring node "f23b02469a1c575cb0e0ac3923794f6c" from IDL notify handler {{(pid=103305) notify /opt/stack/neutron/neutron/plugins/ml2/drivers/ovn/mech_driver/ovsdb/ovsdb_monitor.py:934}}
May 19 16:43:30.652604 np0000174859 devstack@neutron-api.service[103305]: DEBUG neutron.common.ovn.hash_ring_manager [None req-883fcf40-6f31-4d52-b0f0-b49328dc261d None None] Hash Ring loaded. 4 active nodes. 0 offline nodes {{(pid=103305) _load_hash_ring /opt/stack/neutron/neutron/common/ovn/hash_ring_manager.py:102}}
May 19 16:43:30.653004 np0000174859 devstack@neutron-api.service[103305]: DEBUG neutron.plugins.ml2.drivers.ovn.mech_driver.ovsdb.ovsdb_monitor [None req-73b83e25-93c4-4ece-9884-cf7b197545c7 None None] Hash Ring: Node f23b02469a1c575cb0e0ac3923794f6c (host: np0000174859) handling event "update" for row c07ff012-507d-414c-88e9-e541e3de4832 (table: NB_Global) {{(pid=103305) notify /opt/stack/neutron/neutron/plugins/ml2/drivers/ovn/mech_driver/ovsdb/ovsdb_monitor.py:942}}
May 19 16:43:30.655082 np0000174859 devstack@neutron-api.service[103305]: DEBUG neutron.plugins.ml2.drivers.ovn.mech_driver.ovsdb.ovsdb_monitor [None req-883fcf40-6f31-4d52-b0f0-b49328dc261d None None] ChassisOVNAgentWriteEvent : Matched Chassis_Private, update, None None {{(pid=103305) matches /opt/stack/neutron/neutron/plugins/ml2/drivers/ovn/mech_driver/ovsdb/ovsdb_monitor.py:64}}
May 19 16:43:30.656302 np0000174859 devstack@neutron-api.service[103305]: DEBUG neutron.plugins.ml2.drivers.ovn.mech_driver.ovsdb.ovsdb_monitor [None req-73b83e25-93c4-4ece-9884-cf7b197545c7 None None] Touching Hash Ring node "f23b02469a1c575cb0e0ac3923794f6c" from IDL notify handler {{(pid=103305) notify /opt/stack/neutron/neutron/plugins/ml2/drivers/ovn/mech_driver/ovsdb/ovsdb_monitor.py:934}}
May 19 16:43:30.658752 np0000174859 devstack@neutron-api.service[103305]: DEBUG neutron.plugins.ml2.drivers.ovn.mech_driver.ovsdb.ovsdb_monitor [None req-73b83e25-93c4-4ece-9884-cf7b197545c7 None None] Hash Ring: Node f23b02469a1c575cb0e0ac3923794f6c (host: np0000174859) handling event "update" for row c07ff012-507d-414c-88e9-e541e3de4832 (table: NB_Global) {{(pid=103305) notify /opt/stack/neutron/neutron/plugins/ml2/drivers/ovn/mech_driver/ovsdb/ovsdb_monitor.py:942}}
May 19 16:43:30.659133 np0000174859 devstack@neutron-api.service[103308]: DEBUG neutron.common.ovn.hash_ring_manager [None req-a657a793-c55c-4800-abcd-5230d0d2501e None None] Hash Ring loaded. 4 active nodes. 0 offline nodes {{(pid=103308) _load_hash_ring /opt/stack/neutron/neutron/common/ovn/hash_ring_manager.py:102}}
May 19 16:43:30.660096 np0000174859 devstack@neutron-api.service[103305]: DEBUG neutron.plugins.ml2.drivers.ovn.mech_driver.ovsdb.ovsdb_monitor [None req-73b83e25-93c4-4ece-9884-cf7b197545c7 None None] Touching Hash Ring node "f23b02469a1c575cb0e0ac3923794f6c" from IDL notify handler {{(pid=103305) notify /opt/stack/neutron/neutron/plugins/ml2/drivers/ovn/mech_driver/ovsdb/ovsdb_monitor.py:934}}
May 19 16:43:30.660911 np0000174859 devstack@neutron-api.service[103308]: DEBUG neutron.plugins.ml2.drivers.ovn.mech_driver.ovsdb.ovsdb_monitor [None req-a657a793-c55c-4800-abcd-5230d0d2501e None None] ChassisOVNAgentWriteEvent : Matched Chassis_Private, update, None None {{(pid=103308) matches /opt/stack/neutron/neutron/plugins/ml2/drivers/ovn/mech_driver/ovsdb/ovsdb_monitor.py:64}}
May 19 16:43:30.662677 np0000174859 devstack@neutron-api.service[103305]: DEBUG neutron.plugins.ml2.drivers.ovn.mech_driver.ovsdb.ovsdb_monitor [None req-73b83e25-93c4-4ece-9884-cf7b197545c7 None None] Hash Ring: Node f23b02469a1c575cb0e0ac3923794f6c (host: np0000174859) handling event "update" for row c07ff012-507d-414c-88e9-e541e3de4832 (table: NB_Global) {{(pid=103305) notify /opt/stack/neutron/neutron/plugins/ml2/drivers/ovn/mech_driver/ovsdb/ovsdb_monitor.py:942}}
May 19 16:43:30.689853 np0000174859 devstack@neutron-api.service[103308]: DEBUG neutron.plugins.ml2.drivers.helpers [None req-6be6bcb7-037d-499e-b9a4-d3f88299ea62 admin admin] geneve segment allocate from pool success with {'geneve_vni': 1990} {{(pid=103308) allocate_partially_specified_segment /opt/stack/neutron/neutron/plugins/ml2/drivers/helpers.py:142}}
May 19 16:43:30.697339 np0000174859 devstack@neutron-api.service[103308]: DEBUG neutron_lib.callbacks.manager [None req-6be6bcb7-037d-499e-b9a4-d3f88299ea62 admin admin] Publish callbacks ['neutron.services.segments.db._add_segment_host_mapping_for_segment-8644403858796', 'neutron.plugins.ml2.plugin.Ml2Plugin._handle_segment_change-207351'] for segment (1e1aee86-a222-47f7-8822-4fa6b94bf09f), precommit_create {{(pid=103308) _notify_loop /opt/stack/data/venv/lib/python3.12/site-packages/neutron_lib/callbacks/manager.py:184}}
May 19 16:43:30.697504 np0000174859 devstack@neutron-api.service[103308]: INFO neutron.db.segments_db [None req-6be6bcb7-037d-499e-b9a4-d3f88299ea62 admin admin] Added segment 1e1aee86-a222-47f7-8822-4fa6b94bf09f of type geneve for network 6e1f1947-1def-4af5-8ec9-767a897c77bf
May 19 16:43:30.722456 np0000174859 devstack@neutron-api.service[103308]: DEBUG neutron_lib.callbacks.manager [None req-6be6bcb7-037d-499e-b9a4-d3f88299ea62 admin admin] Publish callbacks ['neutron.services.auto_allocate.db._ensure_external_network_default_value_callback-8644402186220'] for network (6e1f1947-1def-4af5-8ec9-767a897c77bf), precommit_create {{(pid=103308) _notify_loop /opt/stack/data/venv/lib/python3.12/site-packages/neutron_lib/callbacks/manager.py:184}}
May 19 16:43:30.747753 np0000174859 devstack@neutron-api.service[103308]: DEBUG neutron.plugins.ml2.drivers.ovn.mech_driver.mech_driver [None req-6be6bcb7-037d-499e-b9a4-d3f88299ea62 admin admin] Validating network segment with type geneve, segmentation ID 1990, physical network None {{(pid=103308) _validate_network_segments /opt/stack/neutron/neutron/plugins/ml2/drivers/ovn/mech_driver/mech_driver.py:641}}
May 19 16:43:30.747753 np0000174859 devstack@neutron-api.service[103308]: DEBUG neutron.db.ovn_revision_numbers_db [None req-6be6bcb7-037d-499e-b9a4-d3f88299ea62 admin admin] create_initial_revision uuid=6e1f1947-1def-4af5-8ec9-767a897c77bf, type=networks, rev=-1 {{(pid=103308) create_initial_revision /opt/stack/neutron/neutron/db/ovn_revision_numbers_db.py:98}}
May 19 16:43:30.763700 np0000174859 devstack@neutron-api.service[103308]: DEBUG neutron_lib.callbacks.manager [None req-6be6bcb7-037d-499e-b9a4-d3f88299ea62 admin admin] Publish callbacks ['neutron.plugins.ml2.ovo_rpc._ObjectChangeHandler.handle_event-1788906'] for network (6e1f1947-1def-4af5-8ec9-767a897c77bf), after_create {{(pid=103308) _notify_loop /opt/stack/data/venv/lib/python3.12/site-packages/neutron_lib/callbacks/manager.py:184}}
May 19 16:43:30.783839 np0000174859 devstack@neutron-api.service[103308]: DEBUG neutron.api.rpc.handlers.resources_rpc [None req-6be6bcb7-037d-499e-b9a4-d3f88299ea62 admin admin] Pushing event updated for resources: {'Network': ['ID=6e1f1947-1def-4af5-8ec9-767a897c77bf,revision_number=1']} {{(pid=103308) push /opt/stack/neutron/neutron/api/rpc/handlers/resources_rpc.py:237}}
May 19 16:43:30.793341 np0000174859 devstack@neutron-api.service[103308]: DEBUG ovsdbapp.backend.ovs_idl.transaction [None req-6a65c5fe-cb23-4a3e-a33a-6f0e5e78fcc5 None None] Running txn n=1 command(idx=0): AddNetworkCommand(_result=None, network_uuid=6e1f1947-1def-4af5-8ec9-767a897c77bf, may_exist=True, columns={'external_ids': {'neutron:network_name': 'admin_net', 'neutron:mtu': '1372', 'neutron:revision_number': '1', 'neutron:availability_zone_hints': '', 'neutron:provnet-network-type': 'geneve'}, 'other_config': {'mcast_snoop': 'false', 'mcast_flood_unregistered': 'false', 'vlan-passthru': 'false'}}) {{(pid=103308) do_commit /opt/stack/data/venv/lib/python3.12/site-packages/ovsdbapp/backend/ovs_idl/transaction.py:89}}
May 19 16:43:30.802541 np0000174859 devstack@neutron-api.service[103306]: DEBUG neutron.plugins.ml2.drivers.ovn.mech_driver.ovsdb.ovsdb_monitor [None req-4f749eeb-145a-4b38-bf5c-240eec6a79d1 None None] Touching Hash Ring node "35fef55883855ae2beb9e183693500c2" from IDL notify handler {{(pid=103306) notify /opt/stack/neutron/neutron/plugins/ml2/drivers/ovn/mech_driver/ovsdb/ovsdb_monitor.py:934}}
May 19 16:43:30.803743 np0000174859 devstack@neutron-api.service[103308]: DEBUG neutron.plugins.ml2.drivers.ovn.mech_driver.ovsdb.ovsdb_monitor [None req-a657a793-c55c-4800-abcd-5230d0d2501e None None] Hash Ring: Node 0430b53de4a2588eab41c52168e38c59 (host: np0000174859) handling event "create" for row bf35a236-84c6-476f-bf6e-45add33c8910 (table: Datapath_Binding) {{(pid=103308) notify /opt/stack/neutron/neutron/plugins/ml2/drivers/ovn/mech_driver/ovsdb/ovsdb_monitor.py:942}}
May 19 16:43:30.810318 np0000174859 devstack@neutron-api.service[103306]: DEBUG neutron.plugins.ml2.drivers.ovn.mech_driver.ovsdb.ovsdb_monitor [None req-4f749eeb-145a-4b38-bf5c-240eec6a79d1 None None] Hash Ring: Node 35fef55883855ae2beb9e183693500c2 (host: np0000174859) handling event "create" for row 6e1f1947-1def-4af5-8ec9-767a897c77bf (table: Logical_Switch) {{(pid=103306) notify /opt/stack/neutron/neutron/plugins/ml2/drivers/ovn/mech_driver/ovsdb/ovsdb_monitor.py:942}}
May 19 16:43:30.826324 np0000174859 devstack@neutron-api.service[103308]: INFO neutron.db.ovn_revision_numbers_db [None req-6be6bcb7-037d-499e-b9a4-d3f88299ea62 admin admin] Successfully bumped revision number for resource 6e1f1947-1def-4af5-8ec9-767a897c77bf (type: networks) to 1
May 19 16:43:30.842984 np0000174859 devstack@neutron-api.service[103308]: DEBUG neutron_lib.callbacks.manager [None req-6be6bcb7-037d-499e-b9a4-d3f88299ea62 admin admin] Publish callbacks ['neutron.plugins.ml2.plugin.SecurityGroupDbMixin._ensure_default_security_group_handler-4150237'] for port (None), before_create {{(pid=103308) _notify_loop /opt/stack/data/venv/lib/python3.12/site-packages/neutron_lib/callbacks/manager.py:184}}
May 19 16:43:30.904809 np0000174859 devstack@neutron-api.service[103308]: DEBUG neutron_lib.callbacks.manager [None req-6be6bcb7-037d-499e-b9a4-d3f88299ea62 admin admin] Publish callbacks ['neutron.plugins.ml2.drivers.ovn.mech_driver.mech_driver.OVNMechanismDriver._validate_allowed_address_pairs-317331'] for allowed_address_pair (bd4f6de4-bc79-4282-be7a-e601fe3b4975), before_create {{(pid=103308) _notify_loop /opt/stack/data/venv/lib/python3.12/site-packages/neutron_lib/callbacks/manager.py:184}}
May 19 16:43:30.905263 np0000174859 devstack@neutron-api.service[103308]: DEBUG neutron_lib.callbacks.manager [None req-6be6bcb7-037d-499e-b9a4-d3f88299ea62 admin admin] Publish callbacks [] for port (bd4f6de4-bc79-4282-be7a-e601fe3b4975), precommit_create {{(pid=103308) _notify_loop /opt/stack/data/venv/lib/python3.12/site-packages/neutron_lib/callbacks/manager.py:184}}
May 19 16:43:30.905415 np0000174859 devstack@neutron-api.service[103308]: DEBUG neutron.plugins.ml2.drivers.ovn.mech_driver.mech_driver [None req-6be6bcb7-037d-499e-b9a4-d3f88299ea62 admin admin] No provisioning block for port bd4f6de4-bc79-4282-be7a-e601fe3b4975 since it does not have a host {{(pid=103308) _is_port_provisioning_required /opt/stack/neutron/neutron/plugins/ml2/drivers/ovn/mech_driver/mech_driver.py:894}}
May 19 16:43:30.905519 np0000174859 devstack@neutron-api.service[103308]: DEBUG neutron.db.ovn_revision_numbers_db [None req-6be6bcb7-037d-499e-b9a4-d3f88299ea62 admin admin] create_initial_revision uuid=bd4f6de4-bc79-4282-be7a-e601fe3b4975, type=ports, rev=-1 {{(pid=103308) create_initial_revision /opt/stack/neutron/neutron/db/ovn_revision_numbers_db.py:98}}
May 19 16:43:30.937023 np0000174859 devstack@neutron-api.service[103308]: DEBUG neutron_lib.callbacks.manager [None req-6be6bcb7-037d-499e-b9a4-d3f88299ea62 admin admin] Publish callbacks ['neutron.plugins.ml2.ovo_rpc._ObjectChangeHandler.handle_event-1788423'] for port (bd4f6de4-bc79-4282-be7a-e601fe3b4975), after_create {{(pid=103308) _notify_loop /opt/stack/data/venv/lib/python3.12/site-packages/neutron_lib/callbacks/manager.py:184}}
May 19 16:43:30.971577 np0000174859 devstack@neutron-api.service[103308]: DEBUG neutron.api.rpc.handlers.resources_rpc [None req-6be6bcb7-037d-499e-b9a4-d3f88299ea62 admin admin] Pushing event updated for resources: {'Port': ['ID=bd4f6de4-bc79-4282-be7a-e601fe3b4975,revision_number=1']} {{(pid=103308) push /opt/stack/neutron/neutron/api/rpc/handlers/resources_rpc.py:237}}
May 19 16:43:30.980199 np0000174859 devstack@neutron-api.service[103308]: DEBUG ovsdbapp.backend.ovs_idl.transaction [None req-6a65c5fe-cb23-4a3e-a33a-6f0e5e78fcc5 None None] Running txn n=1 command(idx=0): AddLSwitchPortCommand(_result=None, lport=bd4f6de4-bc79-4282-be7a-e601fe3b4975, lswitch=neutron-6e1f1947-1def-4af5-8ec9-767a897c77bf, may_exist=True, network_uuid=6e1f1947-1def-4af5-8ec9-767a897c77bf, columns={'addresses': ['fa:16:3e:51:9c:15'], 'external_ids': {'neutron:port_name': '', 'neutron:device_id': 'ovnmeta-6e1f1947-1def-4af5-8ec9-767a897c77bf', 'neutron:project_id': '63213915c2b04af78cfc2ec3de2b9a34', 'neutron:cidrs': '', 'neutron:device_owner': 'network:distributed', 'neutron:subnet_pool_addr_scope4': '', 'neutron:subnet_pool_addr_scope6': '', 'neutron:network_name': 'neutron-6e1f1947-1def-4af5-8ec9-767a897c77bf', 'neutron:security_group_ids': '', 'neutron:revision_number': '1', 'neutron:vnic_type': 'normal', 'neutron:port_capabilities': '', 'neutron:mtu': ''}, 'parent_name': [], 'tag': [], 'enabled': True, 'options': {}, 'type': 'localport', 'port_security': [], 'dhcpv4_options': [], 'dhcpv6_options': []}) {{(pid=103308) do_commit /opt/stack/data/venv/lib/python3.12/site-packages/ovsdbapp/backend/ovs_idl/transaction.py:89}}
May 19 16:43:30.981187 np0000174859 devstack@neutron-api.service[103308]: DEBUG ovsdbapp.backend.ovs_idl.transaction [None req-6a65c5fe-cb23-4a3e-a33a-6f0e5e78fcc5 None None] Running txn n=1 command(idx=1): QoSDelCommand(_result=None, switch=neutron-6e1f1947-1def-4af5-8ec9-767a897c77bf, conditions=[('direction', '=', 'to-lport'), ('priority', '=', 2002), ('match', '=', 'outport == "bd4f6de4-bc79-4282-be7a-e601fe3b4975"')], if_exists=True) {{(pid=103308) do_commit /opt/stack/data/venv/lib/python3.12/site-packages/ovsdbapp/backend/ovs_idl/transaction.py:89}}
May 19 16:43:30.981634 np0000174859 devstack@neutron-api.service[103308]: DEBUG ovsdbapp.backend.ovs_idl.transaction [None req-6a65c5fe-cb23-4a3e-a33a-6f0e5e78fcc5 None None] Running txn n=1 command(idx=2): QoSDelCommand(_result=None, switch=neutron-6e1f1947-1def-4af5-8ec9-767a897c77bf, conditions=[('direction', '=', 'from-lport'), ('priority', '=', 2002), ('match', '=', 'inport == "bd4f6de4-bc79-4282-be7a-e601fe3b4975"')], if_exists=True) {{(pid=103308) do_commit /opt/stack/data/venv/lib/python3.12/site-packages/ovsdbapp/backend/ovs_idl/transaction.py:89}}
May 19 16:43:30.991035 np0000174859 devstack@neutron-api.service[103306]: DEBUG neutron.plugins.ml2.drivers.ovn.mech_driver.ovsdb.ovsdb_monitor [None req-43e195b0-5ad1-4561-964a-4d4fc85648b8 None None] Hash Ring: Node 35fef55883855ae2beb9e183693500c2 (host: np0000174859) handling event "create" for row 4f162568-0ecd-4449-a960-e4a655d52d1d (table: Port_Binding) {{(pid=103306) notify /opt/stack/neutron/neutron/plugins/ml2/drivers/ovn/mech_driver/ovsdb/ovsdb_monitor.py:942}}
