Apr 22 02:42:05.152507 np0000169027 nova-scheduler[109523]: DEBUG cotyledon.oslo_config_glue [-] vnc.novncproxy_host = 0.0.0.0 {{(pid=109523) log_opt_values /opt/stack/data/venv/lib/python3.12/site-packages/oslo_config/cfg.py:3006}}
Apr 22 02:42:05.152507 np0000169027 nova-scheduler[109523]: DEBUG cotyledon.oslo_config_glue [-] vnc.novncproxy_port = 6080 {{(pid=109523) log_opt_values /opt/stack/data/venv/lib/python3.12/site-packages/oslo_config/cfg.py:3006}}
Apr 22 02:42:05.152750 np0000169027 nova-scheduler[109523]: DEBUG cotyledon.oslo_config_glue [-] vnc.server_listen = 127.0.0.1 {{(pid=109523) log_opt_values /opt/stack/data/venv/lib/python3.12/site-packages/oslo_config/cfg.py:3006}}
Apr 22 02:42:05.152750 np0000169027 nova-scheduler[109523]: DEBUG cotyledon.oslo_config_glue [-] vnc.server_proxyclient_address = 127.0.0.1 {{(pid=109523) log_opt_values /opt/stack/data/venv/lib/python3.12/site-packages/oslo_config/cfg.py:3006}}
Apr 22 02:42:05.152750 np0000169027 nova-scheduler[109523]: DEBUG cotyledon.oslo_config_glue [-] vnc.vencrypt_ca_certs = None {{(pid=109523) log_opt_values /opt/stack/data/venv/lib/python3.12/site-packages/oslo_config/cfg.py:3006}}
Apr 22 02:42:05.152750 np0000169027 nova-scheduler[109523]: DEBUG cotyledon.oslo_config_glue [-] vnc.vencrypt_client_cert = None {{(pid=109523) log_opt_values /opt/stack/data/venv/lib/python3.12/site-packages/oslo_config/cfg.py:3006}}
Apr 22 02:42:05.152750 np0000169027 nova-scheduler[109523]: DEBUG cotyledon.oslo_config_glue [-] vnc.vencrypt_client_key = None {{(pid=109523) log_opt_values /opt/stack/data/venv/lib/python3.12/site-packages/oslo_config/cfg.py:3006}}
Apr 22 02:42:05.152750 np0000169027 nova-scheduler[109523]: DEBUG cotyledon.oslo_config_glue [-] workarounds.disable_compute_service_check_for_ffu = False {{(pid=109523) log_opt_values /opt/stack/data/venv/lib/python3.12/site-packages/oslo_config/cfg.py:3006}}
Apr 22 02:42:05.152750 np0000169027 nova-scheduler[109523]: DEBUG cotyledon.oslo_config_glue [-] workarounds.disable_deep_image_inspection = False {{(pid=109523) log_opt_values /opt/stack/data/venv/lib/python3.12/site-packages/oslo_config/cfg.py:3006}}
Apr 22 02:42:05.152750 np0000169027 nova-scheduler[109523]: DEBUG cotyledon.oslo_config_glue [-] workarounds.disable_fallback_pcpu_query = False {{(pid=109523) log_opt_values /opt/stack/data/venv/lib/python3.12/site-packages/oslo_config/cfg.py:3006}}
Apr 22 02:42:05.152750 np0000169027 nova-scheduler[109523]: DEBUG cotyledon.oslo_config_glue [-] workarounds.disable_group_policy_check_upcall = False {{(pid=109523) log_opt_values /opt/stack/data/venv/lib/python3.12/site-packages/oslo_config/cfg.py:3006}}
Apr 22 02:42:05.152977 np0000169027 nova-scheduler[109523]: DEBUG cotyledon.oslo_config_glue [-] workarounds.disable_libvirt_livesnapshot = False {{(pid=109523) log_opt_values /opt/stack/data/venv/lib/python3.12/site-packages/oslo_config/cfg.py:3006}}
Apr 22 02:42:05.152977 np0000169027 nova-scheduler[109523]: DEBUG cotyledon.oslo_config_glue [-] workarounds.disable_rootwrap = False {{(pid=109523) log_opt_values /opt/stack/data/venv/lib/python3.12/site-packages/oslo_config/cfg.py:3006}}
Apr 22 02:42:05.152977 np0000169027 nova-scheduler[109523]: DEBUG cotyledon.oslo_config_glue [-] workarounds.enable_numa_live_migration = False {{(pid=109523) log_opt_values /opt/stack/data/venv/lib/python3.12/site-packages/oslo_config/cfg.py:3006}}
Apr 22 02:42:05.152977 np0000169027 nova-scheduler[109523]: DEBUG cotyledon.oslo_config_glue [-] workarounds.enable_qemu_monitor_announce_self = False {{(pid=109523) log_opt_values /opt/stack/data/venv/lib/python3.12/site-packages/oslo_config/cfg.py:3006}}
Apr 22 02:42:05.152977 np0000169027 nova-scheduler[109523]: DEBUG cotyledon.oslo_config_glue [-] workarounds.ensure_libvirt_rbd_instance_dir_cleanup = False {{(pid=109523) log_opt_values /opt/stack/data/venv/lib/python3.12/site-packages/oslo_config/cfg.py:3006}}
Apr 22 02:42:05.152977 np0000169027 nova-scheduler[109523]: DEBUG cotyledon.oslo_config_glue [-] workarounds.handle_virt_lifecycle_events = True {{(pid=109523) log_opt_values /opt/stack/data/venv/lib/python3.12/site-packages/oslo_config/cfg.py:3006}}
Apr 22 02:42:05.152977 np0000169027 nova-scheduler[109523]: DEBUG cotyledon.oslo_config_glue [-] workarounds.libvirt_disable_apic = False {{(pid=109523) log_opt_values /opt/stack/data/venv/lib/python3.12/site-packages/oslo_config/cfg.py:3006}}
Apr 22 02:42:05.152977 np0000169027 nova-scheduler[109523]: DEBUG cotyledon.oslo_config_glue [-] workarounds.never_download_image_if_on_rbd = False {{(pid=109523) log_opt_values /opt/stack/data/venv/lib/python3.12/site-packages/oslo_config/cfg.py:3006}}
Apr 22 02:42:05.152977 np0000169027 nova-scheduler[109523]: DEBUG cotyledon.oslo_config_glue [-] workarounds.qemu_monitor_announce_self_count = 3 {{(pid=109523) log_opt_values /opt/stack/data/venv/lib/python3.12/site-packages/oslo_config/cfg.py:3006}}
Apr 22 02:42:05.153241 np0000169027 nova-scheduler[109523]: DEBUG cotyledon.oslo_config_glue [-] workarounds.qemu_monitor_announce_self_interval = 1 {{(pid=109523) log_opt_values /opt/stack/data/venv/lib/python3.12/site-packages/oslo_config/cfg.py:3006}}
Apr 22 02:42:05.153241 np0000169027 nova-scheduler[109523]: DEBUG cotyledon.oslo_config_glue [-] workarounds.reserve_disk_resource_for_image_cache = False {{(pid=109523) log_opt_values /opt/stack/data/venv/lib/python3.12/site-packages/oslo_config/cfg.py:3006}}
Apr 22 02:42:05.153241 np0000169027 nova-scheduler[109523]: DEBUG cotyledon.oslo_config_glue [-] workarounds.skip_cpu_compare_at_startup = False {{(pid=109523) log_opt_values /opt/stack/data/venv/lib/python3.12/site-packages/oslo_config/cfg.py:3006}}
Apr 22 02:42:05.153241 np0000169027 nova-scheduler[109523]: DEBUG cotyledon.oslo_config_glue [-] workarounds.skip_cpu_compare_on_dest = False {{(pid=109523) log_opt_values /opt/stack/data/venv/lib/python3.12/site-packages/oslo_config/cfg.py:3006}}
Apr 22 02:42:05.153241 np0000169027 nova-scheduler[109523]: DEBUG cotyledon.oslo_config_glue [-] workarounds.skip_hypervisor_version_check_on_lm = False {{(pid=109523) log_opt_values /opt/stack/data/venv/lib/python3.12/site-packages/oslo_config/cfg.py:3006}}
Apr 22 02:42:05.153241 np0000169027 nova-scheduler[109523]: DEBUG cotyledon.oslo_config_glue [-] workarounds.skip_reserve_in_use_ironic_nodes = False {{(pid=109523) log_opt_values /opt/stack/data/venv/lib/python3.12/site-packages/oslo_config/cfg.py:3006}}
Apr 22 02:42:05.153241 np0000169027 nova-scheduler[109523]: DEBUG cotyledon.oslo_config_glue [-] workarounds.unified_limits_count_pcpu_as_vcpu = False {{(pid=109523) log_opt_values /opt/stack/data/venv/lib/python3.12/site-packages/oslo_config/cfg.py:3006}}
Apr 22 02:42:05.153241 np0000169027 nova-scheduler[109523]: DEBUG cotyledon.oslo_config_glue [-] workarounds.wait_for_vif_plugged_event_during_hard_reboot = [] {{(pid=109523) log_opt_values /opt/stack/data/venv/lib/python3.12/site-packages/oslo_config/cfg.py:3006}}
Apr 22 02:42:05.153567 np0000169027 nova-scheduler[109523]: DEBUG cotyledon.oslo_config_glue [-] wsgi.api_paste_config = /etc/nova/api-paste.ini {{(pid=109523) log_opt_values /opt/stack/data/venv/lib/python3.12/site-packages/oslo_config/cfg.py:3006}}
Apr 22 02:42:05.153567 np0000169027 nova-scheduler[109523]: DEBUG cotyledon.oslo_config_glue [-] wsgi.secure_proxy_ssl_header = None {{(pid=109523) log_opt_values /opt/stack/data/venv/lib/python3.12/site-packages/oslo_config/cfg.py:3006}}
Apr 22 02:42:05.153567 np0000169027 nova-scheduler[109523]: DEBUG cotyledon.oslo_config_glue [-] zvm.ca_file = None {{(pid=109523) log_opt_values /opt/stack/data/venv/lib/python3.12/site-packages/oslo_config/cfg.py:3006}}
Apr 22 02:42:05.153567 np0000169027 nova-scheduler[109523]: DEBUG cotyledon.oslo_config_glue [-] zvm.cloud_connector_url = None {{(pid=109523) log_opt_values /opt/stack/data/venv/lib/python3.12/site-packages/oslo_config/cfg.py:3006}}
Apr 22 02:42:05.153567 np0000169027 nova-scheduler[109523]: DEBUG cotyledon.oslo_config_glue [-] zvm.image_tmp_path = /opt/stack/data/nova/images {{(pid=109523) log_opt_values /opt/stack/data/venv/lib/python3.12/site-packages/oslo_config/cfg.py:3006}}
Apr 22 02:42:05.153567 np0000169027 nova-scheduler[109523]: DEBUG cotyledon.oslo_config_glue [-] zvm.reachable_timeout = 300 {{(pid=109523) log_opt_values /opt/stack/data/venv/lib/python3.12/site-packages/oslo_config/cfg.py:3006}}
Apr 22 02:42:05.153567 np0000169027 nova-scheduler[109523]: DEBUG cotyledon.oslo_config_glue [-] oslo_versionedobjects.fatal_exception_format_errors = False {{(pid=109523) log_opt_values /opt/stack/data/venv/lib/python3.12/site-packages/oslo_config/cfg.py:3006}}
Apr 22 02:42:05.153567 np0000169027 nova-scheduler[109523]: DEBUG cotyledon.oslo_config_glue [-] oslo_middleware.http_basic_auth_user_file = /etc/htpasswd {{(pid=109523) log_opt_values /opt/stack/data/venv/lib/python3.12/site-packages/oslo_config/cfg.py:3006}}
Apr 22 02:42:05.153567 np0000169027 nova-scheduler[109523]: DEBUG cotyledon.oslo_config_glue [-] oslo_messaging_metrics.metrics_buffer_size = 1000 {{(pid=109523) log_opt_values /opt/stack/data/venv/lib/python3.12/site-packages/oslo_config/cfg.py:3006}}
Apr 22 02:42:05.153850 np0000169027 nova-scheduler[109523]: DEBUG cotyledon.oslo_config_glue [-] oslo_messaging_metrics.metrics_enabled = False {{(pid=109523) log_opt_values /opt/stack/data/venv/lib/python3.12/site-packages/oslo_config/cfg.py:3006}}
Apr 22 02:42:05.153850 np0000169027 nova-scheduler[109523]: DEBUG cotyledon.oslo_config_glue [-] oslo_messaging_metrics.metrics_process_name = {{(pid=109523) log_opt_values /opt/stack/data/venv/lib/python3.12/site-packages/oslo_config/cfg.py:3006}}
Apr 22 02:42:05.153850 np0000169027 nova-scheduler[109523]: DEBUG cotyledon.oslo_config_glue [-] oslo_messaging_metrics.metrics_socket_file = /var/tmp/metrics_collector.sock {{(pid=109523) log_opt_values /opt/stack/data/venv/lib/python3.12/site-packages/oslo_config/cfg.py:3006}}
Apr 22 02:42:05.153850 np0000169027 nova-scheduler[109523]: DEBUG cotyledon.oslo_config_glue [-] oslo_messaging_metrics.metrics_thread_stop_timeout = 10 {{(pid=109523) log_opt_values /opt/stack/data/venv/lib/python3.12/site-packages/oslo_config/cfg.py:3006}}
Apr 22 02:42:05.153850 np0000169027 nova-scheduler[109523]: DEBUG cotyledon.oslo_config_glue [-] profiler.connection_string = messaging:// {{(pid=109523) log_opt_values /opt/stack/data/venv/lib/python3.12/site-packages/oslo_config/cfg.py:3006}}
Apr 22 02:42:05.153850 np0000169027 nova-scheduler[109523]: DEBUG cotyledon.oslo_config_glue [-] profiler.enabled = False {{(pid=109523) log_opt_values /opt/stack/data/venv/lib/python3.12/site-packages/oslo_config/cfg.py:3006}}
Apr 22 02:42:05.153850 np0000169027 nova-scheduler[109523]: DEBUG cotyledon.oslo_config_glue [-] profiler.es_doc_type = notification {{(pid=109523) log_opt_values /opt/stack/data/venv/lib/python3.12/site-packages/oslo_config/cfg.py:3006}}
Apr 22 02:42:05.153850 np0000169027 nova-scheduler[109523]: DEBUG cotyledon.oslo_config_glue [-] profiler.es_scroll_size = 10000 {{(pid=109523) log_opt_values /opt/stack/data/venv/lib/python3.12/site-packages/oslo_config/cfg.py:3006}}
Apr 22 02:42:05.153850 np0000169027 nova-scheduler[109523]: DEBUG cotyledon.oslo_config_glue [-] profiler.es_scroll_time = 2m {{(pid=109523) log_opt_values /opt/stack/data/venv/lib/python3.12/site-packages/oslo_config/cfg.py:3006}}
Apr 22 02:42:05.154070 np0000169027 nova-scheduler[109523]: DEBUG cotyledon.oslo_config_glue [-] profiler.filter_error_trace = False {{(pid=109523) log_opt_values /opt/stack/data/venv/lib/python3.12/site-packages/oslo_config/cfg.py:3006}}
Apr 22 02:42:05.154070 np0000169027 nova-scheduler[109523]: DEBUG cotyledon.oslo_config_glue [-] profiler.hmac_keys = **** {{(pid=109523) log_opt_values /opt/stack/data/venv/lib/python3.12/site-packages/oslo_config/cfg.py:3006}}
Apr 22 02:42:05.154070 np0000169027 nova-scheduler[109523]: DEBUG cotyledon.oslo_config_glue [-] profiler.sentinel_service_name = mymaster {{(pid=109523) log_opt_values /opt/stack/data/venv/lib/python3.12/site-packages/oslo_config/cfg.py:3006}}
Apr 22 02:42:05.154070 np0000169027 nova-scheduler[109523]: DEBUG cotyledon.oslo_config_glue [-] profiler.socket_timeout = 0.1 {{(pid=109523) log_opt_values /opt/stack/data/venv/lib/python3.12/site-packages/oslo_config/cfg.py:3006}}
Apr 22 02:42:05.154070 np0000169027 nova-scheduler[109523]: DEBUG cotyledon.oslo_config_glue [-] profiler.trace_requests = False {{(pid=109523) log_opt_values /opt/stack/data/venv/lib/python3.12/site-packages/oslo_config/cfg.py:3006}}
Apr 22 02:42:05.154070 np0000169027 nova-scheduler[109523]: DEBUG cotyledon.oslo_config_glue [-] profiler.trace_sqlalchemy = False {{(pid=109523) log_opt_values /opt/stack/data/venv/lib/python3.12/site-packages/oslo_config/cfg.py:3006}}
Apr 22 02:42:05.154070 np0000169027 nova-scheduler[109523]: DEBUG cotyledon.oslo_config_glue [-] profiler_jaeger.process_tags = {} {{(pid=109523) log_opt_values /opt/stack/data/venv/lib/python3.12/site-packages/oslo_config/cfg.py:3006}}
Apr 22 02:42:05.154070 np0000169027 nova-scheduler[109523]: DEBUG cotyledon.oslo_config_glue [-] profiler_jaeger.service_name_prefix = None {{(pid=109523) log_opt_values /opt/stack/data/venv/lib/python3.12/site-packages/oslo_config/cfg.py:3006}}
Apr 22 02:42:05.154070 np0000169027 nova-scheduler[109523]: DEBUG cotyledon.oslo_config_glue [-] profiler_otlp.service_name_prefix = None {{(pid=109523) log_opt_values /opt/stack/data/venv/lib/python3.12/site-packages/oslo_config/cfg.py:3006}}
Apr 22 02:42:05.154321 np0000169027 nova-scheduler[109502]: DEBUG nova.service [None req-2985abc3-6624-4843-aaa7-c3838cf603ce None None] Creating RPC server for service: nova-scheduler on topic: scheduler {{(pid=109502) start /opt/stack/nova/nova/service.py:195}}
Apr 22 02:42:05.154356 np0000169027 nova-scheduler[109523]: DEBUG cotyledon.oslo_config_glue [-] oslo_messaging_rabbit.amqp_auto_delete = False {{(pid=109523) log_opt_values /opt/stack/data/venv/lib/python3.12/site-packages/oslo_config/cfg.py:3006}}
Apr 22 02:42:05.154356 np0000169027 nova-scheduler[109523]: DEBUG cotyledon.oslo_config_glue [-] oslo_messaging_rabbit.amqp_durable_queues = False {{(pid=109523) log_opt_values /opt/stack/data/venv/lib/python3.12/site-packages/oslo_config/cfg.py:3006}}
Apr 22 02:42:05.154356 np0000169027 nova-scheduler[109523]: DEBUG cotyledon.oslo_config_glue [-] oslo_messaging_rabbit.conn_pool_min_size = 2 {{(pid=109523) log_opt_values /opt/stack/data/venv/lib/python3.12/site-packages/oslo_config/cfg.py:3006}}
Apr 22 02:42:05.154356 np0000169027 nova-scheduler[109523]: DEBUG cotyledon.oslo_config_glue [-] oslo_messaging_rabbit.conn_pool_ttl = 1200 {{(pid=109523) log_opt_values /opt/stack/data/venv/lib/python3.12/site-packages/oslo_config/cfg.py:3006}}
Apr 22 02:42:05.154356 np0000169027 nova-scheduler[109523]: DEBUG cotyledon.oslo_config_glue [-] oslo_messaging_rabbit.direct_mandatory_flag = True {{(pid=109523) log_opt_values /opt/stack/data/venv/lib/python3.12/site-packages/oslo_config/cfg.py:3006}}
Apr 22 02:42:05.154356 np0000169027 nova-scheduler[109523]: DEBUG cotyledon.oslo_config_glue [-] oslo_messaging_rabbit.enable_cancel_on_failover = False {{(pid=109523) log_opt_values /opt/stack/data/venv/lib/python3.12/site-packages/oslo_config/cfg.py:3006}}
Apr 22 02:42:05.154356 np0000169027 nova-scheduler[109523]: DEBUG cotyledon.oslo_config_glue [-] oslo_messaging_rabbit.heartbeat_in_pthread = False {{(pid=109523) log_opt_values /opt/stack/data/venv/lib/python3.12/site-packages/oslo_config/cfg.py:3006}}
Apr 22 02:42:05.154356 np0000169027 nova-scheduler[109523]: DEBUG cotyledon.oslo_config_glue [-] oslo_messaging_rabbit.heartbeat_rate = 3 {{(pid=109523) log_opt_values /opt/stack/data/venv/lib/python3.12/site-packages/oslo_config/cfg.py:3006}}
Apr 22 02:42:05.154356 np0000169027 nova-scheduler[109523]: DEBUG cotyledon.oslo_config_glue [-] oslo_messaging_rabbit.heartbeat_timeout_threshold = 60 {{(pid=109523) log_opt_values /opt/stack/data/venv/lib/python3.12/site-packages/oslo_config/cfg.py:3006}}
Apr 22 02:42:05.154879 np0000169027 nova-scheduler[109523]: DEBUG cotyledon.oslo_config_glue [-] oslo_messaging_rabbit.hostname = np0000169027 {{(pid=109523) log_opt_values /opt/stack/data/venv/lib/python3.12/site-packages/oslo_config/cfg.py:3006}}
Apr 22 02:42:05.154879 np0000169027 nova-scheduler[109523]: DEBUG cotyledon.oslo_config_glue [-] oslo_messaging_rabbit.kombu_compression = None {{(pid=109523) log_opt_values /opt/stack/data/venv/lib/python3.12/site-packages/oslo_config/cfg.py:3006}}
Apr 22 02:42:05.154879 np0000169027 nova-scheduler[109523]: DEBUG cotyledon.oslo_config_glue [-] oslo_messaging_rabbit.kombu_failover_strategy = round-robin {{(pid=109523) log_opt_values /opt/stack/data/venv/lib/python3.12/site-packages/oslo_config/cfg.py:3006}}
Apr 22 02:42:05.154879 np0000169027 nova-scheduler[109523]: DEBUG cotyledon.oslo_config_glue [-] oslo_messaging_rabbit.kombu_missing_consumer_retry_timeout = 60 {{(pid=109523) log_opt_values /opt/stack/data/venv/lib/python3.12/site-packages/oslo_config/cfg.py:3006}}
Apr 22 02:42:05.154879 np0000169027 nova-scheduler[109523]: DEBUG cotyledon.oslo_config_glue [-] oslo_messaging_rabbit.kombu_reconnect_delay = 1.0 {{(pid=109523) log_opt_values /opt/stack/data/venv/lib/python3.12/site-packages/oslo_config/cfg.py:3006}}
Apr 22 02:42:05.154879 np0000169027 nova-scheduler[109523]: DEBUG cotyledon.oslo_config_glue [-] oslo_messaging_rabbit.kombu_reconnect_splay = 0.0 {{(pid=109523) log_opt_values /opt/stack/data/venv/lib/python3.12/site-packages/oslo_config/cfg.py:3006}}
Apr 22 02:42:05.154879 np0000169027 nova-scheduler[109523]: DEBUG cotyledon.oslo_config_glue [-] oslo_messaging_rabbit.processname = nova-scheduler {{(pid=109523) log_opt_values /opt/stack/data/venv/lib/python3.12/site-packages/oslo_config/cfg.py:3006}}
Apr 22 02:42:05.154879 np0000169027 nova-scheduler[109523]: DEBUG cotyledon.oslo_config_glue [-] oslo_messaging_rabbit.rabbit_ha_queues = False {{(pid=109523) log_opt_values /opt/stack/data/venv/lib/python3.12/site-packages/oslo_config/cfg.py:3006}}
Apr 22 02:42:05.154879 np0000169027 nova-scheduler[109523]: DEBUG cotyledon.oslo_config_glue [-] oslo_messaging_rabbit.rabbit_interval_max = 30 {{(pid=109523) log_opt_values /opt/stack/data/venv/lib/python3.12/site-packages/oslo_config/cfg.py:3006}}
Apr 22 02:42:05.155142 np0000169027 nova-scheduler[109523]: DEBUG cotyledon.oslo_config_glue [-] oslo_messaging_rabbit.rabbit_login_method = AMQPLAIN {{(pid=109523) log_opt_values /opt/stack/data/venv/lib/python3.12/site-packages/oslo_config/cfg.py:3006}}
Apr 22 02:42:05.155142 np0000169027 nova-scheduler[109523]: DEBUG cotyledon.oslo_config_glue [-] oslo_messaging_rabbit.rabbit_qos_prefetch_count = 0 {{(pid=109523) log_opt_values /opt/stack/data/venv/lib/python3.12/site-packages/oslo_config/cfg.py:3006}}
Apr 22 02:42:05.155142 np0000169027 nova-scheduler[109523]: DEBUG cotyledon.oslo_config_glue [-] oslo_messaging_rabbit.rabbit_quorum_delivery_limit = 0 {{(pid=109523) log_opt_values /opt/stack/data/venv/lib/python3.12/site-packages/oslo_config/cfg.py:3006}}
Apr 22 02:42:05.155142 np0000169027 nova-scheduler[109523]: DEBUG cotyledon.oslo_config_glue [-] oslo_messaging_rabbit.rabbit_quorum_max_memory_bytes = 0 {{(pid=109523) log_opt_values /opt/stack/data/venv/lib/python3.12/site-packages/oslo_config/cfg.py:3006}}
Apr 22 02:42:05.155142 np0000169027 nova-scheduler[109523]: DEBUG cotyledon.oslo_config_glue [-] oslo_messaging_rabbit.rabbit_quorum_max_memory_length = 0 {{(pid=109523) log_opt_values /opt/stack/data/venv/lib/python3.12/site-packages/oslo_config/cfg.py:3006}}
Apr 22 02:42:05.155142 np0000169027 nova-scheduler[109523]: DEBUG cotyledon.oslo_config_glue [-] oslo_messaging_rabbit.rabbit_quorum_queue = False {{(pid=109523) log_opt_values /opt/stack/data/venv/lib/python3.12/site-packages/oslo_config/cfg.py:3006}}
Apr 22 02:42:05.155142 np0000169027 nova-scheduler[109523]: DEBUG cotyledon.oslo_config_glue [-] oslo_messaging_rabbit.rabbit_retry_backoff = 2 {{(pid=109523) log_opt_values /opt/stack/data/venv/lib/python3.12/site-packages/oslo_config/cfg.py:3006}}
Apr 22 02:42:05.155142 np0000169027 nova-scheduler[109523]: DEBUG cotyledon.oslo_config_glue [-] oslo_messaging_rabbit.rabbit_retry_interval = 1 {{(pid=109523) log_opt_values /opt/stack/data/venv/lib/python3.12/site-packages/oslo_config/cfg.py:3006}}
Apr 22 02:42:05.155350 np0000169027 nova-scheduler[109523]: DEBUG cotyledon.oslo_config_glue [-] oslo_messaging_rabbit.rabbit_stream_fanout = False {{(pid=109523) log_opt_values /opt/stack/data/venv/lib/python3.12/site-packages/oslo_config/cfg.py:3006}}
Apr 22 02:42:05.155350 np0000169027 nova-scheduler[109523]: DEBUG cotyledon.oslo_config_glue [-] oslo_messaging_rabbit.rabbit_transient_queues_ttl = 1800 {{(pid=109523) log_opt_values /opt/stack/data/venv/lib/python3.12/site-packages/oslo_config/cfg.py:3006}}
Apr 22 02:42:05.155350 np0000169027 nova-scheduler[109523]: DEBUG cotyledon.oslo_config_glue [-] oslo_messaging_rabbit.rabbit_transient_quorum_queue = False {{(pid=109523) log_opt_values /opt/stack/data/venv/lib/python3.12/site-packages/oslo_config/cfg.py:3006}}
Apr 22 02:42:05.155350 np0000169027 nova-scheduler[109523]: DEBUG cotyledon.oslo_config_glue [-] oslo_messaging_rabbit.rpc_conn_pool_size = 30 {{(pid=109523) log_opt_values /opt/stack/data/venv/lib/python3.12/site-packages/oslo_config/cfg.py:3006}}
Apr 22 02:42:05.155350 np0000169027 nova-scheduler[109523]: DEBUG cotyledon.oslo_config_glue [-] oslo_messaging_rabbit.ssl = False {{(pid=109523) log_opt_values /opt/stack/data/venv/lib/python3.12/site-packages/oslo_config/cfg.py:3006}}
Apr 22 02:42:05.155350 np0000169027 nova-scheduler[109523]: DEBUG cotyledon.oslo_config_glue [-] oslo_messaging_rabbit.ssl_ca_file = {{(pid=109523) log_opt_values /opt/stack/data/venv/lib/python3.12/site-packages/oslo_config/cfg.py:3006}}
Apr 22 02:42:05.155350 np0000169027 nova-scheduler[109523]: DEBUG cotyledon.oslo_config_glue [-] oslo_messaging_rabbit.ssl_cert_file = {{(pid=109523) log_opt_values /opt/stack/data/venv/lib/python3.12/site-packages/oslo_config/cfg.py:3006}}
Apr 22 02:42:05.155350 np0000169027 nova-scheduler[109523]: DEBUG cotyledon.oslo_config_glue [-] oslo_messaging_rabbit.ssl_enforce_fips_mode = False {{(pid=109523) log_opt_values /opt/stack/data/venv/lib/python3.12/site-packages/oslo_config/cfg.py:3006}}
Apr 22 02:42:05.155350 np0000169027 nova-scheduler[109523]: DEBUG cotyledon.oslo_config_glue [-] oslo_messaging_rabbit.ssl_key_file = {{(pid=109523) log_opt_values /opt/stack/data/venv/lib/python3.12/site-packages/oslo_config/cfg.py:3006}}
Apr 22 02:42:05.155605 np0000169027 nova-scheduler[109523]: DEBUG cotyledon.oslo_config_glue [-] oslo_messaging_rabbit.ssl_version = {{(pid=109523) log_opt_values /opt/stack/data/venv/lib/python3.12/site-packages/oslo_config/cfg.py:3006}}
Apr 22 02:42:05.155605 np0000169027 nova-scheduler[109523]: DEBUG cotyledon.oslo_config_glue [-] oslo_messaging_rabbit.use_queue_manager = False {{(pid=109523) log_opt_values /opt/stack/data/venv/lib/python3.12/site-packages/oslo_config/cfg.py:3006}}
Apr 22 02:42:05.155605 np0000169027 nova-scheduler[109523]: DEBUG cotyledon.oslo_config_glue [-] oslo_messaging_notifications.driver = ['messagingv2'] {{(pid=109523) log_opt_values /opt/stack/data/venv/lib/python3.12/site-packages/oslo_config/cfg.py:3006}}
Apr 22 02:42:05.155605 np0000169027 nova-scheduler[109523]: DEBUG cotyledon.oslo_config_glue [-] oslo_messaging_notifications.retry = -1 {{(pid=109523) log_opt_values /opt/stack/data/venv/lib/python3.12/site-packages/oslo_config/cfg.py:3006}}
Apr 22 02:42:05.155605 np0000169027 nova-scheduler[109523]: DEBUG cotyledon.oslo_config_glue [-] oslo_messaging_notifications.topics = ['notifications'] {{(pid=109523) log_opt_values /opt/stack/data/venv/lib/python3.12/site-packages/oslo_config/cfg.py:3006}}
Apr 22 02:42:05.155605 np0000169027 nova-scheduler[109523]: DEBUG cotyledon.oslo_config_glue [-] oslo_messaging_notifications.transport_url = **** {{(pid=109523) log_opt_values /opt/stack/data/venv/lib/python3.12/site-packages/oslo_config/cfg.py:3006}}
Apr 22 02:42:05.155605 np0000169027 nova-scheduler[109523]: DEBUG cotyledon.oslo_config_glue [-] oslo_limit.auth_section = None {{(pid=109523) log_opt_values /opt/stack/data/venv/lib/python3.12/site-packages/oslo_config/cfg.py:3006}}
Apr 22 02:42:05.155605 np0000169027 nova-scheduler[109523]: DEBUG cotyledon.oslo_config_glue [-] oslo_limit.auth_type = None {{(pid=109523) log_opt_values /opt/stack/data/venv/lib/python3.12/site-packages/oslo_config/cfg.py:3006}}
Apr 22 02:42:05.155605 np0000169027 nova-scheduler[109523]: DEBUG cotyledon.oslo_config_glue [-] oslo_limit.cafile = None {{(pid=109523) log_opt_values /opt/stack/data/venv/lib/python3.12/site-packages/oslo_config/cfg.py:3006}}
Apr 22 02:42:05.155833 np0000169027 nova-scheduler[109523]: DEBUG cotyledon.oslo_config_glue [-] oslo_limit.certfile = None {{(pid=109523) log_opt_values /opt/stack/data/venv/lib/python3.12/site-packages/oslo_config/cfg.py:3006}}
Apr 22 02:42:05.155833 np0000169027 nova-scheduler[109523]: DEBUG cotyledon.oslo_config_glue [-] oslo_limit.collect_timing = False {{(pid=109523) log_opt_values /opt/stack/data/venv/lib/python3.12/site-packages/oslo_config/cfg.py:3006}}
Apr 22 02:42:05.155833 np0000169027 nova-scheduler[109523]: DEBUG cotyledon.oslo_config_glue [-] oslo_limit.connect_retries = None {{(pid=109523) log_opt_values /opt/stack/data/venv/lib/python3.12/site-packages/oslo_config/cfg.py:3006}}
Apr 22 02:42:05.155833 np0000169027 nova-scheduler[109523]: DEBUG cotyledon.oslo_config_glue [-] oslo_limit.connect_retry_delay = None {{(pid=109523) log_opt_values /opt/stack/data/venv/lib/python3.12/site-packages/oslo_config/cfg.py:3006}}
Apr 22 02:42:05.155833 np0000169027 nova-scheduler[109523]: DEBUG cotyledon.oslo_config_glue [-] oslo_limit.endpoint_id = None {{(pid=109523) log_opt_values /opt/stack/data/venv/lib/python3.12/site-packages/oslo_config/cfg.py:3006}}
Apr 22 02:42:05.155833 np0000169027 nova-scheduler[109523]: DEBUG cotyledon.oslo_config_glue [-] oslo_limit.endpoint_interface = public {{(pid=109523) log_opt_values /opt/stack/data/venv/lib/python3.12/site-packages/oslo_config/cfg.py:3006}}
Apr 22 02:42:05.155833 np0000169027 nova-scheduler[109523]: DEBUG cotyledon.oslo_config_glue [-] oslo_limit.endpoint_override = None {{(pid=109523) log_opt_values /opt/stack/data/venv/lib/python3.12/site-packages/oslo_config/cfg.py:3006}}
Apr 22 02:42:05.155833 np0000169027 nova-scheduler[109523]: DEBUG cotyledon.oslo_config_glue [-] oslo_limit.endpoint_region_name = None {{(pid=109523) log_opt_values /opt/stack/data/venv/lib/python3.12/site-packages/oslo_config/cfg.py:3006}}
Apr 22 02:42:05.155833 np0000169027 nova-scheduler[109523]: DEBUG cotyledon.oslo_config_glue [-] oslo_limit.endpoint_service_name = None {{(pid=109523) log_opt_values /opt/stack/data/venv/lib/python3.12/site-packages/oslo_config/cfg.py:3006}}
Apr 22 02:42:05.156068 np0000169027 nova-scheduler[109523]: DEBUG cotyledon.oslo_config_glue [-] oslo_limit.endpoint_service_type = None {{(pid=109523) log_opt_values /opt/stack/data/venv/lib/python3.12/site-packages/oslo_config/cfg.py:3006}}
Apr 22 02:42:05.156068 np0000169027 nova-scheduler[109523]: DEBUG cotyledon.oslo_config_glue [-] oslo_limit.insecure = False {{(pid=109523) log_opt_values /opt/stack/data/venv/lib/python3.12/site-packages/oslo_config/cfg.py:3006}}
Apr 22 02:42:05.156068 np0000169027 nova-scheduler[109523]: DEBUG cotyledon.oslo_config_glue [-] oslo_limit.keyfile = None {{(pid=109523) log_opt_values /opt/stack/data/venv/lib/python3.12/site-packages/oslo_config/cfg.py:3006}}
Apr 22 02:42:05.156068 np0000169027 nova-scheduler[109523]: DEBUG cotyledon.oslo_config_glue [-] oslo_limit.max_version = None {{(pid=109523) log_opt_values /opt/stack/data/venv/lib/python3.12/site-packages/oslo_config/cfg.py:3006}}
Apr 22 02:42:05.156068 np0000169027 nova-scheduler[109523]: DEBUG cotyledon.oslo_config_glue [-] oslo_limit.min_version = None {{(pid=109523) log_opt_values /opt/stack/data/venv/lib/python3.12/site-packages/oslo_config/cfg.py:3006}}
Apr 22 02:42:05.156068 np0000169027 nova-scheduler[109523]: DEBUG cotyledon.oslo_config_glue [-] oslo_limit.region_name = None {{(pid=109523) log_opt_values /opt/stack/data/venv/lib/python3.12/site-packages/oslo_config/cfg.py:3006}}
Apr 22 02:42:05.156068 np0000169027 nova-scheduler[109523]: DEBUG cotyledon.oslo_config_glue [-] oslo_limit.retriable_status_codes = None {{(pid=109523) log_opt_values /opt/stack/data/venv/lib/python3.12/site-packages/oslo_config/cfg.py:3006}}
Apr 22 02:42:05.156068 np0000169027 nova-scheduler[109523]: DEBUG cotyledon.oslo_config_glue [-] oslo_limit.service_name = None {{(pid=109523) log_opt_values /opt/stack/data/venv/lib/python3.12/site-packages/oslo_config/cfg.py:3006}}
Apr 22 02:42:05.156068 np0000169027 nova-scheduler[109523]: DEBUG cotyledon.oslo_config_glue [-] oslo_limit.service_type = None {{(pid=109523) log_opt_values /opt/stack/data/venv/lib/python3.12/site-packages/oslo_config/cfg.py:3006}}
Apr 22 02:42:05.156297 np0000169027 nova-scheduler[109523]: DEBUG cotyledon.oslo_config_glue [-] oslo_limit.split_loggers = False {{(pid=109523) log_opt_values /opt/stack/data/venv/lib/python3.12/site-packages/oslo_config/cfg.py:3006}}
Apr 22 02:42:05.156297 np0000169027 nova-scheduler[109523]: DEBUG cotyledon.oslo_config_glue [-] oslo_limit.status_code_retries = None {{(pid=109523) log_opt_values /opt/stack/data/venv/lib/python3.12/site-packages/oslo_config/cfg.py:3006}}
Apr 22 02:42:05.156297 np0000169027 nova-scheduler[109523]: DEBUG cotyledon.oslo_config_glue [-] oslo_limit.status_code_retry_delay = None {{(pid=109523) log_opt_values /opt/stack/data/venv/lib/python3.12/site-packages/oslo_config/cfg.py:3006}}
Apr 22 02:42:05.156297 np0000169027 nova-scheduler[109523]: DEBUG cotyledon.oslo_config_glue [-] oslo_limit.timeout = None {{(pid=109523) log_opt_values /opt/stack/data/venv/lib/python3.12/site-packages/oslo_config/cfg.py:3006}}
Apr 22 02:42:05.156297 np0000169027 nova-scheduler[109523]: DEBUG cotyledon.oslo_config_glue [-] oslo_limit.valid_interfaces = None {{(pid=109523) log_opt_values /opt/stack/data/venv/lib/python3.12/site-packages/oslo_config/cfg.py:3006}}
Apr 22 02:42:05.156297 np0000169027 nova-scheduler[109523]: DEBUG cotyledon.oslo_config_glue [-] oslo_limit.version = None {{(pid=109523) log_opt_values /opt/stack/data/venv/lib/python3.12/site-packages/oslo_config/cfg.py:3006}}
Apr 22 02:42:05.156297 np0000169027 nova-scheduler[109523]: DEBUG cotyledon.oslo_config_glue [-] oslo_reports.file_event_handler = None {{(pid=109523) log_opt_values /opt/stack/data/venv/lib/python3.12/site-packages/oslo_config/cfg.py:3006}}
Apr 22 02:42:05.156297 np0000169027 nova-scheduler[109523]: DEBUG cotyledon.oslo_config_glue [-] oslo_reports.file_event_handler_interval = 1 {{(pid=109523) log_opt_values /opt/stack/data/venv/lib/python3.12/site-packages/oslo_config/cfg.py:3006}}
Apr 22 02:42:05.156297 np0000169027 nova-scheduler[109523]: DEBUG cotyledon.oslo_config_glue [-] oslo_reports.log_dir = None {{(pid=109523) log_opt_values /opt/stack/data/venv/lib/python3.12/site-packages/oslo_config/cfg.py:3006}}
Apr 22 02:42:05.156506 np0000169027 nova-scheduler[109523]: DEBUG cotyledon.oslo_config_glue [-] ******************************************************************************** {{(pid=109523) log_opt_values /opt/stack/data/venv/lib/python3.12/site-packages/oslo_config/cfg.py:3013}}
Apr 22 02:42:05.156506 np0000169027 nova-scheduler[109523]: DEBUG cotyledon._service_worker [-] Run service ServiceWrapper(3) [109523] {{(pid=109523) wait_forever /opt/stack/data/venv/lib/python3.12/site-packages/cotyledon/_service_worker.py:218}}
Apr 22 02:42:05.156506 np0000169027 nova-scheduler[109523]: INFO nova.service [-] Starting scheduler node (version 33.1.0)
Apr 22 02:42:05.156581 np0000169027 nova-scheduler[109510]: DEBUG nova.service [None req-1de0f607-a49d-4121-9977-6928b957d911 None None] Creating RPC server for service: nova-scheduler on topic: scheduler {{(pid=109510) start /opt/stack/nova/nova/service.py:195}}
Apr 22 02:42:05.156613 np0000169027 nova-scheduler[109516]: DEBUG dbcounter [-] [109516] Writer thread running {{(pid=109516) stat_writer /opt/stack/data/venv/lib/python3.12/site-packages/dbcounter.py:102}}
Apr 22 02:42:05.156613 np0000169027 nova-scheduler[109516]: DEBUG nova.service [None req-fb99275b-5f13-4363-aebd-46930ae21c87 None None] Creating RPC server for service: nova-scheduler on topic: scheduler {{(pid=109516) start /opt/stack/nova/nova/service.py:195}}
Apr 22 02:42:05.156681 np0000169027 nova-scheduler[109523]: INFO dbcounter [None req-abe66411-d484-457b-96a1-30b246d89a0b None None] Registered counter for database nova_cell0
Apr 22 02:42:05.164711 np0000169027 nova-scheduler[109523]: DEBUG oslo_db.sqlalchemy.engines [None req-abe66411-d484-457b-96a1-30b246d89a0b None None] MySQL server mode set to STRICT_TRANS_TABLES,STRICT_ALL_TABLES,NO_ZERO_IN_DATE,NO_ZERO_DATE,ERROR_FOR_DIVISION_BY_ZERO,TRADITIONAL,NO_ENGINE_SUBSTITUTION {{(pid=109523) _check_effective_sql_mode /opt/stack/data/venv/lib/python3.12/site-packages/oslo_db/sqlalchemy/engines.py:325}}
Apr 22 02:42:05.172734 np0000169027 nova-scheduler[109516]: DEBUG nova.service [None req-fb99275b-5f13-4363-aebd-46930ae21c87 None None] Join ServiceGroup membership for this service scheduler {{(pid=109516) start /opt/stack/nova/nova/service.py:221}}
Apr 22 02:42:05.173070 np0000169027 nova-scheduler[109516]: DEBUG nova.servicegroup.drivers.db [None req-fb99275b-5f13-4363-aebd-46930ae21c87 None None] DB_Driver: join new ServiceGroup member np0000169027 to the scheduler group, service = {{(pid=109516) join /opt/stack/nova/nova/servicegroup/drivers/db.py:44}}
Apr 22 02:42:05.173688 np0000169027 nova-scheduler[109510]: DEBUG nova.service [None req-1de0f607-a49d-4121-9977-6928b957d911 None None] Join ServiceGroup membership for this service scheduler {{(pid=109510) start /opt/stack/nova/nova/service.py:221}}
Apr 22 02:42:05.174265 np0000169027 nova-scheduler[109510]: DEBUG nova.servicegroup.drivers.db [None req-1de0f607-a49d-4121-9977-6928b957d911 None None] DB_Driver: join new ServiceGroup member np0000169027 to the scheduler group, service = {{(pid=109510) join /opt/stack/nova/nova/servicegroup/drivers/db.py:44}}
Apr 22 02:42:05.183095 np0000169027 nova-scheduler[109502]: DEBUG nova.service [None req-2985abc3-6624-4843-aaa7-c3838cf603ce None None] Join ServiceGroup membership for this service scheduler {{(pid=109502) start /opt/stack/nova/nova/service.py:221}}
Apr 22 02:42:05.183268 np0000169027 nova-scheduler[109502]: DEBUG nova.servicegroup.drivers.db [None req-2985abc3-6624-4843-aaa7-c3838cf603ce None None] DB_Driver: join new ServiceGroup member np0000169027 to the scheduler group, service = {{(pid=109502) join /opt/stack/nova/nova/servicegroup/drivers/db.py:44}}
Apr 22 02:42:05.184180 np0000169027 nova-scheduler[109523]: DEBUG dbcounter [-] [109523] Writer thread running {{(pid=109523) stat_writer /opt/stack/data/venv/lib/python3.12/site-packages/dbcounter.py:102}}
Apr 22 02:42:05.187223 np0000169027 nova-scheduler[109523]: DEBUG nova.service [None req-abe66411-d484-457b-96a1-30b246d89a0b None None] Creating RPC server for service: nova-scheduler on topic: scheduler {{(pid=109523) start /opt/stack/nova/nova/service.py:195}}
Apr 22 02:42:05.209224 np0000169027 nova-scheduler[109523]: DEBUG nova.service [None req-abe66411-d484-457b-96a1-30b246d89a0b None None] Join ServiceGroup membership for this service scheduler {{(pid=109523) start /opt/stack/nova/nova/service.py:221}}
Apr 22 02:42:05.209411 np0000169027 nova-scheduler[109523]: DEBUG nova.servicegroup.drivers.db [None req-abe66411-d484-457b-96a1-30b246d89a0b None None] DB_Driver: join new ServiceGroup member np0000169027 to the scheduler group, service = {{(pid=109523) join /opt/stack/nova/nova/servicegroup/drivers/db.py:44}}
Apr 22 02:42:10.196554 np0000169027 nova-scheduler[109510]: DEBUG oslo.service.backend._threading.loopingcall [-] Fixed interval looping call 'nova.servicegroup.drivers.db.DbDriver._report_state' sleeping for 119.98 seconds {{(pid=109510) _run_loop /opt/stack/data/venv/lib/python3.12/site-packages/oslo_service/backend/_threading/loopingcall.py:125}}
Apr 22 02:42:10.196999 np0000169027 nova-scheduler[109516]: DEBUG oslo.service.backend._threading.loopingcall [-] Fixed interval looping call 'nova.servicegroup.drivers.db.DbDriver._report_state' sleeping for 119.98 seconds {{(pid=109516) _run_loop /opt/stack/data/venv/lib/python3.12/site-packages/oslo_service/backend/_threading/loopingcall.py:125}}
Apr 22 02:42:10.197891 np0000169027 nova-scheduler[109502]: DEBUG oslo.service.backend._threading.loopingcall [-] Fixed interval looping call 'nova.servicegroup.drivers.db.DbDriver._report_state' sleeping for 119.99 seconds {{(pid=109502) _run_loop /opt/stack/data/venv/lib/python3.12/site-packages/oslo_service/backend/_threading/loopingcall.py:125}}
Apr 22 02:42:10.229050 np0000169027 nova-scheduler[109523]: DEBUG oslo.service.backend._threading.loopingcall [-] Fixed interval looping call 'nova.servicegroup.drivers.db.DbDriver._report_state' sleeping for 119.98 seconds {{(pid=109523) _run_loop /opt/stack/data/venv/lib/python3.12/site-packages/oslo_service/backend/_threading/loopingcall.py:125}}
Apr 22 02:42:13.736743 np0000169027 nova-scheduler[108720]: DEBUG dbcounter [-] [108720] Writing DB stats nova_api:SELECT=3 {{(pid=108720) stat_writer /opt/stack/data/venv/lib/python3.12/site-packages/dbcounter.py:115}}
Apr 22 02:42:13.856492 np0000169027 nova-scheduler[108720]: DEBUG dbcounter [-] [108720] Writing DB stats nova_cell1:SELECT=1 {{(pid=108720) stat_writer /opt/stack/data/venv/lib/python3.12/site-packages/dbcounter.py:115}}
Apr 22 02:42:13.862545 np0000169027 nova-scheduler[108720]: DEBUG dbcounter [-] [108720] Writing DB stats nova_cell0:SELECT=1 {{(pid=108720) stat_writer /opt/stack/data/venv/lib/python3.12/site-packages/dbcounter.py:115}}
Apr 22 02:42:20.190509 np0000169027 nova-scheduler[109510]: DEBUG dbcounter [-] [109510] Writing DB stats nova_cell0:SELECT=5,nova_cell0:INSERT=1,nova_cell0:UPDATE=1 {{(pid=109510) stat_writer /opt/stack/data/venv/lib/python3.12/site-packages/dbcounter.py:115}}
Apr 22 02:42:20.191238 np0000169027 nova-scheduler[109516]: DEBUG dbcounter [-] [109516] Writing DB stats nova_cell0:SELECT=3,nova_cell0:UPDATE=1 {{(pid=109516) stat_writer /opt/stack/data/venv/lib/python3.12/site-packages/dbcounter.py:115}}
Apr 22 02:42:20.196026 np0000169027 nova-scheduler[109502]: DEBUG dbcounter [-] [109502] Writing DB stats nova_cell0:SELECT=4,nova_cell0:INSERT=1,nova_cell0:UPDATE=1 {{(pid=109502) stat_writer /opt/stack/data/venv/lib/python3.12/site-packages/dbcounter.py:115}}
Apr 22 02:42:20.225840 np0000169027 nova-scheduler[109523]: DEBUG dbcounter [-] [109523] Writing DB stats nova_cell0:SELECT=3 {{(pid=109523) stat_writer /opt/stack/data/venv/lib/python3.12/site-packages/dbcounter.py:115}}
Apr 22 02:42:32.212346 np0000169027 nova-scheduler[109523]: DEBUG oslo.service.backend._threading.loopingcall [None req-60eced8f-bd24-44c0-9ee5-c73a4fdf49ca None None] Dynamic interval looping call 'nova.service.Service.periodic_tasks' sleeping for 60.00 seconds {{(pid=109523) _run_loop /opt/stack/data/venv/lib/python3.12/site-packages/oslo_service/backend/_threading/loopingcall.py:125}}
Apr 22 02:42:50.186311 np0000169027 nova-scheduler[109502]: DEBUG oslo.service.backend._threading.loopingcall [None req-d80296a0-75cf-4593-8ac9-931db93e60ea None None] Dynamic interval looping call 'nova.service.Service.periodic_tasks' sleeping for 60.00 seconds {{(pid=109502) _run_loop /opt/stack/data/venv/lib/python3.12/site-packages/oslo_service/backend/_threading/loopingcall.py:125}}
Apr 22 02:42:54.178684 np0000169027 nova-scheduler[109510]: DEBUG oslo.service.backend._threading.loopingcall [None req-99d80793-87a3-4130-8cb8-222e1dd0786c None None] Dynamic interval looping call 'nova.service.Service.periodic_tasks' sleeping for 60.00 seconds {{(pid=109510) _run_loop /opt/stack/data/venv/lib/python3.12/site-packages/oslo_service/backend/_threading/loopingcall.py:125}}
Apr 22 02:43:02.175355 np0000169027 nova-scheduler[109516]: DEBUG oslo.service.backend._threading.loopingcall [None req-1ef00796-62cc-4eca-8e5e-038563174433 None None] Dynamic interval looping call 'nova.service.Service.periodic_tasks' sleeping for 60.00 seconds {{(pid=109516) _run_loop /opt/stack/data/venv/lib/python3.12/site-packages/oslo_service/backend/_threading/loopingcall.py:125}}
Apr 22 02:43:32.213091 np0000169027 nova-scheduler[109523]: DEBUG oslo.service.backend._threading.loopingcall [None req-60eced8f-bd24-44c0-9ee5-c73a4fdf49ca None None] Dynamic interval looping call 'nova.service.Service.periodic_tasks' sleeping for 60.00 seconds {{(pid=109523) _run_loop /opt/stack/data/venv/lib/python3.12/site-packages/oslo_service/backend/_threading/loopingcall.py:125}}
Apr 22 02:43:50.187153 np0000169027 nova-scheduler[109502]: DEBUG oslo.service.backend._threading.loopingcall [None req-d80296a0-75cf-4593-8ac9-931db93e60ea None None] Dynamic interval looping call 'nova.service.Service.periodic_tasks' sleeping for 60.00 seconds {{(pid=109502) _run_loop /opt/stack/data/venv/lib/python3.12/site-packages/oslo_service/backend/_threading/loopingcall.py:125}}
Apr 22 02:43:54.179623 np0000169027 nova-scheduler[109510]: DEBUG oslo.service.backend._threading.loopingcall [None req-99d80793-87a3-4130-8cb8-222e1dd0786c None None] Dynamic interval looping call 'nova.service.Service.periodic_tasks' sleeping for 60.00 seconds {{(pid=109510) _run_loop /opt/stack/data/venv/lib/python3.12/site-packages/oslo_service/backend/_threading/loopingcall.py:125}}
Apr 22 02:44:02.175872 np0000169027 nova-scheduler[109516]: DEBUG oslo.service.backend._threading.loopingcall [None req-1ef00796-62cc-4eca-8e5e-038563174433 None None] Dynamic interval looping call 'nova.service.Service.periodic_tasks' sleeping for 60.00 seconds {{(pid=109516) _run_loop /opt/stack/data/venv/lib/python3.12/site-packages/oslo_service/backend/_threading/loopingcall.py:125}}
Apr 22 02:44:10.188313 np0000169027 nova-scheduler[109510]: DEBUG oslo.service.backend._threading.loopingcall [-] Fixed interval looping call 'nova.servicegroup.drivers.db.DbDriver._report_state' sleeping for 119.99 seconds {{(pid=109510) _run_loop /opt/stack/data/venv/lib/python3.12/site-packages/oslo_service/backend/_threading/loopingcall.py:125}}
Apr 22 02:44:10.188926 np0000169027 nova-scheduler[109516]: DEBUG oslo.service.backend._threading.loopingcall [-] Fixed interval looping call 'nova.servicegroup.drivers.db.DbDriver._report_state' sleeping for 119.99 seconds {{(pid=109516) _run_loop /opt/stack/data/venv/lib/python3.12/site-packages/oslo_service/backend/_threading/loopingcall.py:125}}
Apr 22 02:44:10.193898 np0000169027 nova-scheduler[109502]: DEBUG oslo.service.backend._threading.loopingcall [-] Fixed interval looping call 'nova.servicegroup.drivers.db.DbDriver._report_state' sleeping for 119.99 seconds {{(pid=109502) _run_loop /opt/stack/data/venv/lib/python3.12/site-packages/oslo_service/backend/_threading/loopingcall.py:125}}
Apr 22 02:44:10.215024 np0000169027 nova-scheduler[109523]: DEBUG oslo.service.backend._threading.loopingcall [-] Fixed interval looping call 'nova.servicegroup.drivers.db.DbDriver._report_state' sleeping for 119.99 seconds {{(pid=109523) _run_loop /opt/stack/data/venv/lib/python3.12/site-packages/oslo_service/backend/_threading/loopingcall.py:125}}
Apr 22 02:44:20.181695 np0000169027 nova-scheduler[109510]: DEBUG dbcounter [-] [109510] Writing DB stats nova_cell0:SELECT=1,nova_cell0:UPDATE=1 {{(pid=109510) stat_writer /opt/stack/data/venv/lib/python3.12/site-packages/dbcounter.py:115}}
Apr 22 02:44:20.182858 np0000169027 nova-scheduler[109516]: DEBUG dbcounter [-] [109516] Writing DB stats nova_cell0:SELECT=1,nova_cell0:UPDATE=1 {{(pid=109516) stat_writer /opt/stack/data/venv/lib/python3.12/site-packages/dbcounter.py:115}}
Apr 22 02:44:20.191391 np0000169027 nova-scheduler[109502]: DEBUG dbcounter [-] [109502] Writing DB stats nova_cell0:SELECT=1 {{(pid=109502) stat_writer /opt/stack/data/venv/lib/python3.12/site-packages/dbcounter.py:115}}
Apr 22 02:44:20.213340 np0000169027 nova-scheduler[109523]: DEBUG dbcounter [-] [109523] Writing DB stats nova_cell0:SELECT=1 {{(pid=109523) stat_writer /opt/stack/data/venv/lib/python3.12/site-packages/dbcounter.py:115}}
Apr 22 02:44:32.213875 np0000169027 nova-scheduler[109523]: DEBUG oslo.service.backend._threading.loopingcall [None req-60eced8f-bd24-44c0-9ee5-c73a4fdf49ca None None] Dynamic interval looping call 'nova.service.Service.periodic_tasks' sleeping for 60.00 seconds {{(pid=109523) _run_loop /opt/stack/data/venv/lib/python3.12/site-packages/oslo_service/backend/_threading/loopingcall.py:125}}
Apr 22 02:44:50.187770 np0000169027 nova-scheduler[109502]: DEBUG oslo.service.backend._threading.loopingcall [None req-d80296a0-75cf-4593-8ac9-931db93e60ea None None] Dynamic interval looping call 'nova.service.Service.periodic_tasks' sleeping for 60.00 seconds {{(pid=109502) _run_loop /opt/stack/data/venv/lib/python3.12/site-packages/oslo_service/backend/_threading/loopingcall.py:125}}
Apr 22 02:44:54.181163 np0000169027 nova-scheduler[109510]: DEBUG oslo.service.backend._threading.loopingcall [None req-99d80793-87a3-4130-8cb8-222e1dd0786c None None] Dynamic interval looping call 'nova.service.Service.periodic_tasks' sleeping for 60.00 seconds {{(pid=109510) _run_loop /opt/stack/data/venv/lib/python3.12/site-packages/oslo_service/backend/_threading/loopingcall.py:125}}
Apr 22 02:45:02.176623 np0000169027 nova-scheduler[109516]: DEBUG oslo.service.backend._threading.loopingcall [None req-1ef00796-62cc-4eca-8e5e-038563174433 None None] Dynamic interval looping call 'nova.service.Service.periodic_tasks' sleeping for 60.00 seconds {{(pid=109516) _run_loop /opt/stack/data/venv/lib/python3.12/site-packages/oslo_service/backend/_threading/loopingcall.py:125}}
Apr 22 02:45:32.214735 np0000169027 nova-scheduler[109523]: DEBUG oslo.service.backend._threading.loopingcall [None req-60eced8f-bd24-44c0-9ee5-c73a4fdf49ca None None] Dynamic interval looping call 'nova.service.Service.periodic_tasks' sleeping for 60.00 seconds {{(pid=109523) _run_loop /opt/stack/data/venv/lib/python3.12/site-packages/oslo_service/backend/_threading/loopingcall.py:125}}
Apr 22 02:45:50.188717 np0000169027 nova-scheduler[109502]: DEBUG oslo.service.backend._threading.loopingcall [None req-d80296a0-75cf-4593-8ac9-931db93e60ea None None] Dynamic interval looping call 'nova.service.Service.periodic_tasks' sleeping for 60.00 seconds {{(pid=109502) _run_loop /opt/stack/data/venv/lib/python3.12/site-packages/oslo_service/backend/_threading/loopingcall.py:125}}
Apr 22 02:45:54.181873 np0000169027 nova-scheduler[109510]: DEBUG oslo.service.backend._threading.loopingcall [None req-99d80793-87a3-4130-8cb8-222e1dd0786c None None] Dynamic interval looping call 'nova.service.Service.periodic_tasks' sleeping for 60.00 seconds {{(pid=109510) _run_loop /opt/stack/data/venv/lib/python3.12/site-packages/oslo_service/backend/_threading/loopingcall.py:125}}
Apr 22 02:46:02.177554 np0000169027 nova-scheduler[109516]: DEBUG oslo.service.backend._threading.loopingcall [None req-1ef00796-62cc-4eca-8e5e-038563174433 None None] Dynamic interval looping call 'nova.service.Service.periodic_tasks' sleeping for 60.00 seconds {{(pid=109516) _run_loop /opt/stack/data/venv/lib/python3.12/site-packages/oslo_service/backend/_threading/loopingcall.py:125}}
Apr 22 02:46:07.798336 np0000169027 nova-scheduler[109516]: DEBUG nova.scheduler.manager [None req-4e0117e2-b5d5-479e-bc56-4a78da1c4c0b demo demo] Starting to schedule for instances: ['b320cedb-314b-424e-a0fc-a3430a87e8ab'] {{(pid=109516) select_destinations /opt/stack/nova/nova/scheduler/manager.py:210}}
Apr 22 02:46:07.800814 np0000169027 nova-scheduler[109516]: DEBUG oslo_db.sqlalchemy.engines [None req-4e0117e2-b5d5-479e-bc56-4a78da1c4c0b demo demo] Parent process 108720 forked (109516) with an open database connection, which is being discarded and recreated. {{(pid=109516) checkout /opt/stack/data/venv/lib/python3.12/site-packages/oslo_db/sqlalchemy/engines.py:402}}
Apr 22 02:46:07.808539 np0000169027 nova-scheduler[109516]: DEBUG dbcounter [-] [109516] Writer thread running {{(pid=109516) stat_writer /opt/stack/data/venv/lib/python3.12/site-packages/dbcounter.py:102}}
Apr 22 02:46:07.811245 np0000169027 nova-scheduler[109516]: DEBUG nova.scheduler.request_filter [None req-4e0117e2-b5d5-479e-bc56-4a78da1c4c0b demo demo] Request filter 'map_az_to_placement_aggregate' took 0.0 seconds {{(pid=109516) wrapper /opt/stack/nova/nova/scheduler/request_filter.py:46}}
Apr 22 02:46:07.811932 np0000169027 nova-scheduler[109516]: DEBUG nova.scheduler.request_filter [None req-4e0117e2-b5d5-479e-bc56-4a78da1c4c0b demo demo] compute_status_filter request filter added forbidden trait COMPUTE_STATUS_DISABLED {{(pid=109516) compute_status_filter /opt/stack/nova/nova/scheduler/request_filter.py:253}}
Apr 22 02:46:07.812197 np0000169027 nova-scheduler[109516]: DEBUG nova.scheduler.request_filter [None req-4e0117e2-b5d5-479e-bc56-4a78da1c4c0b demo demo] Request filter 'compute_status_filter' took 0.0 seconds {{(pid=109516) wrapper /opt/stack/nova/nova/scheduler/request_filter.py:46}}
Apr 22 02:46:07.812606 np0000169027 nova-scheduler[109516]: DEBUG nova.scheduler.request_filter [None req-4e0117e2-b5d5-479e-bc56-4a78da1c4c0b demo demo] Request filter 'accelerators_filter' took 0.0 seconds {{(pid=109516) wrapper /opt/stack/nova/nova/scheduler/request_filter.py:46}}
Apr 22 02:46:07.812966 np0000169027 nova-scheduler[109516]: DEBUG nova.scheduler.request_filter [None req-4e0117e2-b5d5-479e-bc56-4a78da1c4c0b demo demo] Request filter 'packed_virtqueue_filter' took 0.0 seconds {{(pid=109516) wrapper /opt/stack/nova/nova/scheduler/request_filter.py:46}}
