2026-09-08 23:37:49.627 8 INFO neutron.quota.resource_registry [None req-2821ef80-029d-4233-92b9-a13b97ba77f0 - - - - - -] Creating instance of TrackedResource for resource:security_group
2026-09-08 23:37:49.628 8 INFO neutron.quota.resource_registry [None req-2821ef80-029d-4233-92b9-a13b97ba77f0 - - - - - -] Creating instance of TrackedResource for resource:security_group_rule
2026-09-08 23:37:49.628 8 INFO neutron.quota.resource_registry [None req-2821ef80-029d-4233-92b9-a13b97ba77f0 - - - - - -] Creating instance of TrackedResource for resource:subnetpool
2026-09-08 23:37:49.629 8 WARNING neutron.quota.resource_registry [None req-2821ef80-029d-4233-92b9-a13b97ba77f0 - - - - - -] subnetpool is already registered
2026-09-08 23:37:49.629 7 INFO neutron.api.extensions [None req-39098bd5-87fb-4a3f-a32a-2fc12715c780 - - - - - -] Extension l3-ext-ndp-proxy not supported by any of loaded plugins
2026-09-08 23:37:49.629 8 INFO neutron.quota.resource_registry [None req-2821ef80-029d-4233-92b9-a13b97ba77f0 - - - - - -] Creating instance of CountableResource for resource:trunk
2026-09-08 23:37:49.629 7 INFO neutron.api.extensions [None req-39098bd5-87fb-4a3f-a32a-2fc12715c780 - - - - - -] Loaded extension: external-gateway-multihoming
2026-09-08 23:37:49.629 8 INFO neutron.quota.resource_registry [None req-2821ef80-029d-4233-92b9-a13b97ba77f0 - - - - - -] Creating instance of CountableResource for resource:ikepolicy
2026-09-08 23:37:49.630 7 INFO neutron.api.extensions [None req-39098bd5-87fb-4a3f-a32a-2fc12715c780 - - - - - -] Loaded extension: l3-flavors
2026-09-08 23:37:49.630 8 INFO neutron.quota.resource_registry [None req-2821ef80-029d-4233-92b9-a13b97ba77f0 - - - - - -] Creating instance of CountableResource for resource:ipsecpolicy
2026-09-08 23:37:49.630 8 INFO neutron.quota.resource_registry [None req-2821ef80-029d-4233-92b9-a13b97ba77f0 - - - - - -] Creating instance of CountableResource for resource:endpoint_group
2026-09-08 23:37:49.631 7 INFO neutron.api.extensions [None req-39098bd5-87fb-4a3f-a32a-2fc12715c780 - - - - - -] Extension l3-ndp-proxy not supported by any of loaded plugins
2026-09-08 23:37:49.631 8 INFO neutron.quota.resource_registry [None req-2821ef80-029d-4233-92b9-a13b97ba77f0 - - - - - -] Creating instance of CountableResource for resource:vpnservice
2026-09-08 23:37:49.631 8 INFO neutron.quota.resource_registry [None req-2821ef80-029d-4233-92b9-a13b97ba77f0 - - - - - -] Creating instance of CountableResource for resource:ipsec_site_connection
2026-09-08 23:37:49.631 7 INFO neutron.api.extensions [None req-39098bd5-87fb-4a3f-a32a-2fc12715c780 - - - - - -] Extension l3-port-ip-change-not-allowed not supported by any of loaded plugins
2026-09-08 23:37:49.631 8 INFO neutron.quota.resource_registry [None req-2821ef80-029d-4233-92b9-a13b97ba77f0 - - - - - -] Creating instance of CountableResource for resource:ipsecpolicy
2026-09-08 23:37:49.632 8 WARNING neutron.quota.resource_registry [None req-2821ef80-029d-4233-92b9-a13b97ba77f0 - - - - - -] ipsecpolicy is already registered
2026-09-08 23:37:49.632 8 INFO neutron.quota.resource_registry [None req-2821ef80-029d-4233-92b9-a13b97ba77f0 - - - - - -] Creating instance of CountableResource for resource:ikepolicy
2026-09-08 23:37:49.632 8 WARNING neutron.quota.resource_registry [None req-2821ef80-029d-4233-92b9-a13b97ba77f0 - - - - - -] ikepolicy is already registered
2026-09-08 23:37:49.634 7 INFO neutron.api.extensions [None req-39098bd5-87fb-4a3f-a32a-2fc12715c780 - - - - - -] Extension l3_agent_scheduler not supported by any of loaded plugins
2026-09-08 23:37:49.635 7 INFO neutron.api.extensions [None req-39098bd5-87fb-4a3f-a32a-2fc12715c780 - - - - - -] Extension local_ip not supported by any of loaded plugins
2026-09-08 23:37:49.636 7 INFO neutron.api.extensions [None req-39098bd5-87fb-4a3f-a32a-2fc12715c780 - - - - - -] Loaded extension: logging
2026-09-08 23:37:49.636 8 INFO neutron.quota.resource_registry [None req-2821ef80-029d-4233-92b9-a13b97ba77f0 - - - - - -] Creating instance of TrackedResource for resource:router
2026-09-08 23:37:49.637 8 WARNING neutron.quota.resource_registry [None req-2821ef80-029d-4233-92b9-a13b97ba77f0 - - - - - -] router is already registered
2026-09-08 23:37:49.637 8 INFO neutron.quota.resource_registry [None req-2821ef80-029d-4233-92b9-a13b97ba77f0 - - - - - -] Creating instance of TrackedResource for resource:floatingip
2026-09-08 23:37:49.637 8 WARNING neutron.quota.resource_registry [None req-2821ef80-029d-4233-92b9-a13b97ba77f0 - - - - - -] floatingip is already registered
2026-09-08 23:37:49.638 7 INFO neutron.api.extensions [None req-39098bd5-87fb-4a3f-a32a-2fc12715c780 - - - - - -] Extension metering not supported by any of loaded plugins
2026-09-08 23:37:49.638 7 INFO neutron.api.extensions [None req-39098bd5-87fb-4a3f-a32a-2fc12715c780 - - - - - -] Extension metering_source_and_destination_fields not supported by any of loaded plugins
2026-09-08 23:37:49.639 7 INFO neutron.api.extensions [None req-39098bd5-87fb-4a3f-a32a-2fc12715c780 - - - - - -] Loaded extension: multi-provider
2026-09-08 23:37:49.639 7 INFO neutron.api.extensions [None req-39098bd5-87fb-4a3f-a32a-2fc12715c780 - - - - - -] Loaded extension: net-mtu
2026-09-08 23:37:49.640 7 INFO neutron.api.extensions [None req-39098bd5-87fb-4a3f-a32a-2fc12715c780 - - - - - -] Loaded extension: net-mtu-writable
2026-09-08 23:37:49.641 7 INFO neutron.api.extensions [None req-39098bd5-87fb-4a3f-a32a-2fc12715c780 - - - - - -] Loaded extension: network_availability_zone
2026-09-08 23:37:49.641 8 INFO neutron.quota.resource_registry [None req-2821ef80-029d-4233-92b9-a13b97ba77f0 - - - - - -] Creating instance of CountableResource for resource:rbac_policy
2026-09-08 23:37:49.641 8 WARNING neutron.quota.resource_registry [None req-2821ef80-029d-4233-92b9-a13b97ba77f0 - - - - - -] rbac_policy is already registered
2026-09-08 23:37:49.641 7 INFO neutron.api.extensions [None req-39098bd5-87fb-4a3f-a32a-2fc12715c780 - - - - - -] Extension network_ha not supported by any of loaded plugins
2026-09-08 23:37:49.641 8 INFO neutron.quota.resource_registry [None req-2821ef80-029d-4233-92b9-a13b97ba77f0 - - - - - -] Creating instance of TrackedResource for resource:security_group
2026-09-08 23:37:49.642 8 WARNING neutron.quota.resource_registry [None req-2821ef80-029d-4233-92b9-a13b97ba77f0 - - - - - -] security_group is already registered
2026-09-08 23:37:49.642 7 INFO neutron.api.extensions [None req-39098bd5-87fb-4a3f-a32a-2fc12715c780 - - - - - -] Loaded extension: network-ip-availability
2026-09-08 23:37:49.642 8 INFO neutron.quota.resource_registry [None req-2821ef80-029d-4233-92b9-a13b97ba77f0 - - - - - -] Creating instance of TrackedResource for resource:security_group_rule
2026-09-08 23:37:49.642 8 WARNING neutron.quota.resource_registry [None req-2821ef80-029d-4233-92b9-a13b97ba77f0 - - - - - -] security_group_rule is already registered
2026-09-08 23:37:49.643 8 INFO neutron.quota.resource_registry [None req-2821ef80-029d-4233-92b9-a13b97ba77f0 - - - - - -] Creating instance of TrackedResource for resource:subnetpool
2026-09-08 23:37:49.643 8 WARNING neutron.quota.resource_registry [None req-2821ef80-029d-4233-92b9-a13b97ba77f0 - - - - - -] subnetpool is already registered
2026-09-08 23:37:49.643 7 INFO neutron.api.extensions [None req-39098bd5-87fb-4a3f-a32a-2fc12715c780 - - - - - -] Extension network-segment-range not supported by any of loaded plugins
2026-09-08 23:37:49.643 8 INFO neutron.quota.resource_registry [None req-2821ef80-029d-4233-92b9-a13b97ba77f0 - - - - - -] Creating instance of CountableResource for resource:trunk
2026-09-08 23:37:49.643 8 WARNING neutron.quota.resource_registry [None req-2821ef80-029d-4233-92b9-a13b97ba77f0 - - - - - -] trunk is already registered
2026-09-08 23:37:49.644 7 INFO neutron.api.extensions [None req-39098bd5-87fb-4a3f-a32a-2fc12715c780 - - - - - -] Loaded extension: pagination
2026-09-08 23:37:49.644 8 INFO neutron.quota.resource_registry [None req-2821ef80-029d-4233-92b9-a13b97ba77f0 - - - - - -] Creating instance of CountableResource for resource:ikepolicy
2026-09-08 23:37:49.644 8 WARNING neutron.quota.resource_registry [None req-2821ef80-029d-4233-92b9-a13b97ba77f0 - - - - - -] ikepolicy is already registered
2026-09-08 23:37:49.644 7 INFO neutron.api.extensions [None req-39098bd5-87fb-4a3f-a32a-2fc12715c780 - - - - - -] Loaded extension: port-device-profile
2026-09-08 23:37:49.644 8 INFO neutron.quota.resource_registry [None req-2821ef80-029d-4233-92b9-a13b97ba77f0 - - - - - -] Creating instance of CountableResource for resource:ipsecpolicy
2026-09-08 23:37:49.644 7 INFO neutron.api.extensions [None req-39098bd5-87fb-4a3f-a32a-2fc12715c780 - - - - - -] Extension port-hardware-offload-type not supported by any of loaded plugins
2026-09-08 23:37:49.645 8 WARNING neutron.quota.resource_registry [None req-2821ef80-029d-4233-92b9-a13b97ba77f0 - - - - - -] ipsecpolicy is already registered
2026-09-08 23:37:49.645 8 INFO neutron.quota.resource_registry [None req-2821ef80-029d-4233-92b9-a13b97ba77f0 - - - - - -] Creating instance of CountableResource for resource:endpoint_group
2026-09-08 23:37:49.645 7 INFO neutron.api.extensions [None req-39098bd5-87fb-4a3f-a32a-2fc12715c780 - - - - - -] Extension port-hint-ovs-tx-steering not supported by any of loaded plugins
2026-09-08 23:37:49.645 8 WARNING neutron.quota.resource_registry [None req-2821ef80-029d-4233-92b9-a13b97ba77f0 - - - - - -] endpoint_group is already registered
2026-09-08 23:37:49.645 8 INFO neutron.quota.resource_registry [None req-2821ef80-029d-4233-92b9-a13b97ba77f0 - - - - - -] Creating instance of CountableResource for resource:vpnservice
2026-09-08 23:37:49.645 7 INFO neutron.api.extensions [None req-39098bd5-87fb-4a3f-a32a-2fc12715c780 - - - - - -] Extension port-hints not supported by any of loaded plugins
2026-09-08 23:37:49.645 8 WARNING neutron.quota.resource_registry [None req-2821ef80-029d-4233-92b9-a13b97ba77f0 - - - - - -] vpnservice is already registered
2026-09-08 23:37:49.646 8 INFO neutron.quota.resource_registry [None req-2821ef80-029d-4233-92b9-a13b97ba77f0 - - - - - -] Creating instance of CountableResource for resource:ipsec_site_connection
2026-09-08 23:37:49.646 7 INFO neutron.api.extensions [None req-39098bd5-87fb-4a3f-a32a-2fc12715c780 - - - - - -] Extension port-mac-override not supported by any of loaded plugins
2026-09-08 23:37:49.646 8 WARNING neutron.quota.resource_registry [None req-2821ef80-029d-4233-92b9-a13b97ba77f0 - - - - - -] ipsec_site_connection is already registered
2026-09-08 23:37:49.646 8 INFO neutron.quota.resource_registry [None req-2821ef80-029d-4233-92b9-a13b97ba77f0 - - - - - -] Creating instance of CountableResource for resource:ipsecpolicy
2026-09-08 23:37:49.646 7 INFO neutron.api.extensions [None req-39098bd5-87fb-4a3f-a32a-2fc12715c780 - - - - - -] Loaded extension: port-mac-address-regenerate
2026-09-08 23:37:49.646 8 WARNING neutron.quota.resource_registry [None req-2821ef80-029d-4233-92b9-a13b97ba77f0 - - - - - -] ipsecpolicy is already registered
2026-09-08 23:37:49.647 8 INFO neutron.quota.resource_registry [None req-2821ef80-029d-4233-92b9-a13b97ba77f0 - - - - - -] Creating instance of CountableResource for resource:ikepolicy
2026-09-08 23:37:49.647 7 INFO neutron.api.extensions [None req-39098bd5-87fb-4a3f-a32a-2fc12715c780 - - - - - -] Loaded extension: port-numa-affinity-policy
2026-09-08 23:37:49.647 8 WARNING neutron.quota.resource_registry [None req-2821ef80-029d-4233-92b9-a13b97ba77f0 - - - - - -] ikepolicy is already registered
2026-09-08 23:37:49.647 7 INFO neutron.api.extensions [None req-39098bd5-87fb-4a3f-a32a-2fc12715c780 - - - - - -] Loaded extension: port-numa-affinity-policy-socket
2026-09-08 23:37:49.648 7 INFO neutron.api.extensions [None req-39098bd5-87fb-4a3f-a32a-2fc12715c780 - - - - - -] Loaded extension: port-resource-request
2026-09-08 23:37:49.648 7 INFO neutron.api.extensions [None req-39098bd5-87fb-4a3f-a32a-2fc12715c780 - - - - - -] Loaded extension: port-resource-request-groups
2026-09-08 23:37:49.649 7 INFO neutron.api.extensions [None req-39098bd5-87fb-4a3f-a32a-2fc12715c780 - - - - - -] Extension port-trusted-vif not supported by any of loaded plugins
2026-09-08 23:37:49.649 7 INFO neutron.api.extensions [None req-39098bd5-87fb-4a3f-a32a-2fc12715c780 - - - - - -] Loaded extension: binding
2026-09-08 23:37:49.650 7 INFO neutron.api.extensions [None req-39098bd5-87fb-4a3f-a32a-2fc12715c780 - - - - - -] Loaded extension: binding-extended
2026-09-08 23:37:49.650 7 INFO neutron.api.extensions [None req-39098bd5-87fb-4a3f-a32a-2fc12715c780 - - - - - -] Loaded extension: port-security
2026-09-08 23:37:49.651 7 INFO neutron.api.extensions [None req-39098bd5-87fb-4a3f-a32a-2fc12715c780 - - - - - -] Loaded extension: project-id
2026-09-08 23:37:49.651 7 INFO neutron.api.extensions [None req-39098bd5-87fb-4a3f-a32a-2fc12715c780 - - - - - -] Loaded extension: provider
2026-09-08 23:37:49.652 7 INFO neutron.api.extensions [None req-39098bd5-87fb-4a3f-a32a-2fc12715c780 - - - - - -] Loaded extension: qinq
2026-09-08 23:37:49.654 7 INFO neutron.api.extensions [None req-39098bd5-87fb-4a3f-a32a-2fc12715c780 - - - - - -] Loaded extension: qos
2026-09-08 23:37:49.655 7 INFO neutron.api.extensions [None req-39098bd5-87fb-4a3f-a32a-2fc12715c780 - - - - - -] Loaded extension: qos-bw-limit-direction
2026-09-08 23:37:49.655 7 INFO neutron.api.extensions [None req-39098bd5-87fb-4a3f-a32a-2fc12715c780 - - - - - -] Loaded extension: qos-bw-minimum-ingress
2026-09-08 23:37:49.656 7 INFO neutron.api.extensions [None req-39098bd5-87fb-4a3f-a32a-2fc12715c780 - - - - - -] Loaded extension: qos-default
2026-09-08 23:37:49.657 7 INFO neutron.api.extensions [None req-39098bd5-87fb-4a3f-a32a-2fc12715c780 - - - - - -] Loaded extension: qos-fip
2026-09-08 23:37:49.658 7 INFO neutron.api.extensions [None req-39098bd5-87fb-4a3f-a32a-2fc12715c780 - - - - - -] Extension qos-fip-network-policy not supported by any of loaded plugins
2026-09-08 23:37:49.658 7 INFO neutron.api.extensions [None req-39098bd5-87fb-4a3f-a32a-2fc12715c780 - - - - - -] Loaded extension: qos-gateway-ip
2026-09-08 23:37:49.659 7 INFO neutron.api.extensions [None req-39098bd5-87fb-4a3f-a32a-2fc12715c780 - - - - - -] Loaded extension: qos-port-network-policy
2026-09-08 23:37:49.659 7 INFO neutron.api.extensions [None req-39098bd5-87fb-4a3f-a32a-2fc12715c780 - - - - - -] Loaded extension: qos-pps-minimum
2026-09-08 23:37:49.660 7 INFO neutron.api.extensions [None req-39098bd5-87fb-4a3f-a32a-2fc12715c780 - - - - - -] Loaded extension: qos-pps-minimum-rule-alias
2026-09-08 23:37:49.660 7 INFO neutron.api.extensions [None req-39098bd5-87fb-4a3f-a32a-2fc12715c780 - - - - - -] Loaded extension: qos-pps
2026-09-08 23:37:49.661 7 INFO neutron.api.extensions [None req-39098bd5-87fb-4a3f-a32a-2fc12715c780 - - - - - -] Loaded extension: qos-rule-type-details
2026-09-08 23:37:49.661 7 INFO neutron.api.extensions [None req-39098bd5-87fb-4a3f-a32a-2fc12715c780 - - - - - -] Loaded extension: qos-rule-type-filter
2026-09-08 23:37:49.662 7 INFO neutron.api.extensions [None req-39098bd5-87fb-4a3f-a32a-2fc12715c780 - - - - - -] Loaded extension: qos-rules-alias
2026-09-08 23:37:49.663 7 INFO neutron.api.extensions [None req-39098bd5-87fb-4a3f-a32a-2fc12715c780 - - - - - -] Loaded extension: quota-check-limit
2026-09-08 23:37:49.663 7 INFO neutron.api.extensions [None req-39098bd5-87fb-4a3f-a32a-2fc12715c780 - - - - - -] Loaded extension: quota-check-limit-default
2026-09-08 23:37:49.666 7 INFO neutron.api.extensions [None req-39098bd5-87fb-4a3f-a32a-2fc12715c780 - - - - - -] Loaded extension: quotas
2026-09-08 23:37:49.667 7 INFO neutron.api.extensions [None req-39098bd5-87fb-4a3f-a32a-2fc12715c780 - - - - - -] Loaded extension: quota_details
2026-09-08 23:37:49.668 7 INFO neutron.api.extensions [None req-39098bd5-87fb-4a3f-a32a-2fc12715c780 - - - - - -] Loaded extension: rbac-policies
2026-09-08 23:37:49.669 7 INFO neutron.api.extensions [None req-39098bd5-87fb-4a3f-a32a-2fc12715c780 - - - - - -] Extension rbac-address-group not supported by any of loaded plugins
2026-09-08 23:37:49.669 7 INFO neutron.api.extensions [None req-39098bd5-87fb-4a3f-a32a-2fc12715c780 - - - - - -] Loaded extension: rbac-address-scope
2026-09-08 23:37:49.670 7 INFO neutron.api.extensions [None req-39098bd5-87fb-4a3f-a32a-2fc12715c780 - - - - - -] Loaded extension: rbac-security-groups
2026-09-08 23:37:49.670 7 INFO neutron.api.extensions [None req-39098bd5-87fb-4a3f-a32a-2fc12715c780 - - - - - -] Extension rbac-subnetpool not supported by any of loaded plugins
2026-09-08 23:37:49.671 7 INFO neutron.api.extensions [None req-39098bd5-87fb-4a3f-a32a-2fc12715c780 - - - - - -] Loaded extension: revision-if-match
2026-09-08 23:37:49.671 7 INFO neutron.api.extensions [None req-39098bd5-87fb-4a3f-a32a-2fc12715c780 - - - - - -] Loaded extension: standard-attr-revisions
2026-09-08 23:37:49.672 7 INFO neutron.api.extensions [None req-39098bd5-87fb-4a3f-a32a-2fc12715c780 - - - - - -] Loaded extension: router_availability_zone
2026-09-08 23:37:49.672 7 INFO neutron.api.extensions [None req-39098bd5-87fb-4a3f-a32a-2fc12715c780 - - - - - -] Extension router-service-type not supported by any of loaded plugins
2026-09-08 23:37:49.674 7 INFO neutron.api.extensions [None req-39098bd5-87fb-4a3f-a32a-2fc12715c780 - - - - - -] Loaded extension: security-groups-default-rules
2026-09-08 23:37:49.675 7 INFO neutron.api.extensions [None req-39098bd5-87fb-4a3f-a32a-2fc12715c780 - - - - - -] Loaded extension: security-groups-normalized-cidr
2026-09-08 23:37:49.675 7 INFO neutron.api.extensions [None req-39098bd5-87fb-4a3f-a32a-2fc12715c780 - - - - - -] Extension port-security-groups-filtering not supported by any of loaded plugins
2026-09-08 23:37:49.676 7 INFO neutron.api.extensions [None req-39098bd5-87fb-4a3f-a32a-2fc12715c780 - - - - - -] Loaded extension: security-groups-remote-address-group
2026-09-08 23:37:49.676 7 INFO neutron.api.extensions [None req-39098bd5-87fb-4a3f-a32a-2fc12715c780 - - - - - -] Loaded extension: security-groups-rules-belongs-to-default-sg
2026-09-08 23:37:49.677 7 INFO neutron.api.extensions [None req-39098bd5-87fb-4a3f-a32a-2fc12715c780 - - - - - -] Loaded extension: security-groups-shared-filtering
2026-09-08 23:37:49.681 7 INFO neutron.api.extensions [None req-39098bd5-87fb-4a3f-a32a-2fc12715c780 - - - - - -] Loaded extension: security-group
2026-09-08 23:37:49.683 7 INFO neutron.api.extensions [None req-39098bd5-87fb-4a3f-a32a-2fc12715c780 - - - - - -] Loaded extension: segment
2026-09-08 23:37:49.683 7 INFO neutron.api.extensions [None req-39098bd5-87fb-4a3f-a32a-2fc12715c780 - - - - - -] Loaded extension: segments-peer-subnet-host-routes
2026-09-08 23:37:49.684 7 INFO neutron.api.extensions [None req-39098bd5-87fb-4a3f-a32a-2fc12715c780 - - - - - -] Loaded extension: service-type
2026-09-08 23:37:49.684 7 INFO neutron.api.extensions [None req-39098bd5-87fb-4a3f-a32a-2fc12715c780 - - - - - -] Loaded extension: sorting
2026-09-08 23:37:49.685 7 INFO neutron.api.extensions [None req-39098bd5-87fb-4a3f-a32a-2fc12715c780 - - - - - -] Loaded extension: standard-attr-segment
2026-09-08 23:37:49.685 8 WARNING keystonemiddleware._common.config [None req-2821ef80-029d-4233-92b9-a13b97ba77f0 - - - - - -] The option "audit_map_file" is not known to keystonemiddleware
2026-09-08 23:37:49.686 7 INFO neutron.api.extensions [None req-39098bd5-87fb-4a3f-a32a-2fc12715c780 - - - - - -] Loaded extension: standard-attr-description
2026-09-08 23:37:49.686 7 INFO neutron.api.extensions [None req-39098bd5-87fb-4a3f-a32a-2fc12715c780 - - - - - -] Loaded extension: stateful-security-group
2026-09-08 23:37:49.687 7 WARNING neutron.api.extensions [None req-39098bd5-87fb-4a3f-a32a-2fc12715c780 - - - - - -] Did not find expected name "Stdattrs_common" in /var/lib/openstack/lib/python3.12/site-packages/neutron/extensions/stdattrs_common.py
2026-09-08 23:37:49.687 7 INFO neutron.api.extensions [None req-39098bd5-87fb-4a3f-a32a-2fc12715c780 - - - - - -] Loaded extension: subnet-dns-publish-fixed-ip
2026-09-08 23:37:49.687 7 INFO neutron.api.extensions [None req-39098bd5-87fb-4a3f-a32a-2fc12715c780 - - - - - -] Loaded extension: subnet-external-network
2026-09-08 23:37:49.688 7 INFO neutron.api.extensions [None req-39098bd5-87fb-4a3f-a32a-2fc12715c780 - - - - - -] Extension subnet_onboard not supported by any of loaded plugins
2026-09-08 23:37:49.689 7 INFO neutron.api.extensions [None req-39098bd5-87fb-4a3f-a32a-2fc12715c780 - - - - - -] Loaded extension: subnet-segmentid-writable
2026-09-08 23:37:49.690 7 INFO neutron.api.extensions [None req-39098bd5-87fb-4a3f-a32a-2fc12715c780 - - - - - -] Loaded extension: subnet-service-types
2026-09-08 23:37:49.691 7 INFO neutron.api.extensions [None req-39098bd5-87fb-4a3f-a32a-2fc12715c780 - - - - - -] Loaded extension: subnet_allocation
2026-09-08 23:37:49.691 7 INFO neutron.api.extensions [None req-39098bd5-87fb-4a3f-a32a-2fc12715c780 - - - - - -] Loaded extension: subnetpool-prefix-ops
2026-09-08 23:37:49.692 7 INFO neutron.api.extensions [None req-39098bd5-87fb-4a3f-a32a-2fc12715c780 - - - - - -] Loaded extension: tag-creation
2026-09-08 23:37:49.692 8 WARNING oslo_config.cfg [None req-2821ef80-029d-4233-92b9-a13b97ba77f0 - - - - - -] Deprecated: Option "auth_uri" from group "keystone_authtoken" is deprecated. Use option "www_authenticate_uri" from group "keystone_authtoken".
2026-09-08 23:37:49.692 7 INFO neutron.api.extensions [None req-39098bd5-87fb-4a3f-a32a-2fc12715c780 - - - - - -] Extension tag-ports-during-bulk-creation not supported by any of loaded plugins
2026-09-08 23:37:49.696 7 INFO neutron.api.extensions [None req-39098bd5-87fb-4a3f-a32a-2fc12715c780 - - - - - -] Loaded extension: standard-attr-tag
2026-09-08 23:37:49.697 7 INFO neutron.api.extensions [None req-39098bd5-87fb-4a3f-a32a-2fc12715c780 - - - - - -] Loaded extension: standard-attr-timestamp
2026-09-08 23:37:49.698 7 INFO neutron.api.extensions [None req-39098bd5-87fb-4a3f-a32a-2fc12715c780 - - - - - -] Loaded extension: trunk
2026-09-08 23:37:49.699 7 INFO neutron.api.extensions [None req-39098bd5-87fb-4a3f-a32a-2fc12715c780 - - - - - -] Loaded extension: trunk-details
2026-09-08 23:37:49.699 7 INFO neutron.api.extensions [None req-39098bd5-87fb-4a3f-a32a-2fc12715c780 - - - - - -] Extension uplink-status-propagation not supported by any of loaded plugins
2026-09-08 23:37:49.700 7 INFO neutron.api.extensions [None req-39098bd5-87fb-4a3f-a32a-2fc12715c780 - - - - - -] Extension uplink-status-propagation-updatable not supported by any of loaded plugins
2026-09-08 23:37:49.700 7 INFO neutron.api.extensions [None req-39098bd5-87fb-4a3f-a32a-2fc12715c780 - - - - - -] Loaded extension: vlan-transparent
2026-09-08 23:37:49.701 7 INFO neutron.api.extensions [None req-39098bd5-87fb-4a3f-a32a-2fc12715c780 - - - - - -] Loaded extension: vpn-aes-ctr
2026-09-08 23:37:49.703 7 INFO neutron.api.extensions [None req-39098bd5-87fb-4a3f-a32a-2fc12715c780 - - - - - -] Loaded extension: vpn-agent-scheduler
2026-09-08 23:37:49.704 7 INFO neutron.api.extensions [None req-39098bd5-87fb-4a3f-a32a-2fc12715c780 - - - - - -] Loaded extension: vpn-endpoint-groups
2026-09-08 23:37:49.704 7 INFO neutron.api.extensions [None req-39098bd5-87fb-4a3f-a32a-2fc12715c780 - - - - - -] Loaded extension: vpn-flavors
2026-09-08 23:37:49.706 7 INFO neutron.api.extensions [None req-39098bd5-87fb-4a3f-a32a-2fc12715c780 - - - - - -] Loaded extension: vpnaas
2026-09-08 23:37:49.707 7 INFO neutron.api.extensions [None req-39098bd5-87fb-4a3f-a32a-2fc12715c780 - - - - - -] Loaded extension: taas
2026-09-08 23:37:49.709 7 INFO neutron.api.extensions [None req-39098bd5-87fb-4a3f-a32a-2fc12715c780 - - - - - -] Loaded extension: tap-mirror
2026-09-08 23:37:49.709 7 INFO neutron.api.extensions [None req-39098bd5-87fb-4a3f-a32a-2fc12715c780 - - - - - -] Loaded extension: taas-vlan-filter
2026-09-08 23:37:49.711 7 INFO neutron.quota.resource_registry [None req-39098bd5-87fb-4a3f-a32a-2fc12715c780 - - - - - -] Creating instance of TrackedResource for resource:network
2026-09-08 23:37:49.712 7 INFO neutron.quota.resource_registry [None req-39098bd5-87fb-4a3f-a32a-2fc12715c780 - - - - - -] Creating instance of TrackedResource for resource:subnet
2026-09-08 23:37:49.712 7 INFO neutron.quota.resource_registry [None req-39098bd5-87fb-4a3f-a32a-2fc12715c780 - - - - - -] Creating instance of TrackedResource for resource:subnetpool
2026-09-08 23:37:49.712 7 INFO neutron.quota.resource_registry [None req-39098bd5-87fb-4a3f-a32a-2fc12715c780 - - - - - -] Creating instance of TrackedResource for resource:port
2026-09-08 23:37:49.715 7 INFO neutron.quota.resource_registry [None req-39098bd5-87fb-4a3f-a32a-2fc12715c780 - - - - - -] Creating instance of TrackedResource for resource:router
2026-09-08 23:37:49.716 7 INFO neutron.quota.resource_registry [None req-39098bd5-87fb-4a3f-a32a-2fc12715c780 - - - - - -] Creating instance of TrackedResource for resource:floatingip
2026-09-08 23:37:49.717 8 WARNING neutron.plugins.ml2.drivers.ovn.mech_driver.mech_driver [None req-2821ef80-029d-4233-92b9-a13b97ba77f0 - - - - - -] uWSGI must provide a start time using the configuration parameter "start-time %t" in the configuration file
2026-09-08 23:37:49.722 7 INFO neutron.quota.resource_registry [None req-39098bd5-87fb-4a3f-a32a-2fc12715c780 - - - - - -] Creating instance of CountableResource for resource:rbac_policy
2026-09-08 23:37:49.722 7 INFO neutron.quota.resource_registry [None req-39098bd5-87fb-4a3f-a32a-2fc12715c780 - - - - - -] Creating instance of TrackedResource for resource:security_group
2026-09-08 23:37:49.723 7 INFO neutron.quota.resource_registry [None req-39098bd5-87fb-4a3f-a32a-2fc12715c780 - - - - - -] Creating instance of TrackedResource for resource:security_group_rule
2026-09-08 23:37:49.724 7 INFO neutron.quota.resource_registry [None req-39098bd5-87fb-4a3f-a32a-2fc12715c780 - - - - - -] Creating instance of TrackedResource for resource:subnetpool
2026-09-08 23:37:49.724 7 WARNING neutron.quota.resource_registry [None req-39098bd5-87fb-4a3f-a32a-2fc12715c780 - - - - - -] subnetpool is already registered
2026-09-08 23:37:49.724 7 INFO neutron.quota.resource_registry [None req-39098bd5-87fb-4a3f-a32a-2fc12715c780 - - - - - -] Creating instance of CountableResource for resource:trunk
2026-09-08 23:37:49.725 7 INFO neutron.quota.resource_registry [None req-39098bd5-87fb-4a3f-a32a-2fc12715c780 - - - - - -] Creating instance of CountableResource for resource:ikepolicy
2026-09-08 23:37:49.725 7 INFO neutron.quota.resource_registry [None req-39098bd5-87fb-4a3f-a32a-2fc12715c780 - - - - - -] Creating instance of CountableResource for resource:ipsecpolicy
2026-09-08 23:37:49.726 7 INFO neutron.quota.resource_registry [None req-39098bd5-87fb-4a3f-a32a-2fc12715c780 - - - - - -] Creating instance of CountableResource for resource:endpoint_group
2026-09-08 23:37:49.726 7 INFO neutron.quota.resource_registry [None req-39098bd5-87fb-4a3f-a32a-2fc12715c780 - - - - - -] Creating instance of CountableResource for resource:vpnservice
2026-09-08 23:37:49.726 7 INFO neutron.quota.resource_registry [None req-39098bd5-87fb-4a3f-a32a-2fc12715c780 - - - - - -] Creating instance of CountableResource for resource:ipsec_site_connection
2026-09-08 23:37:49.727 7 INFO neutron.quota.resource_registry [None req-39098bd5-87fb-4a3f-a32a-2fc12715c780 - - - - - -] Creating instance of CountableResource for resource:ipsecpolicy
2026-09-08 23:37:49.727 7 WARNING neutron.quota.resource_registry [None req-39098bd5-87fb-4a3f-a32a-2fc12715c780 - - - - - -] ipsecpolicy is already registered
2026-09-08 23:37:49.727 8 INFO neutron.db.ovn_hash_ring_db [None req-2821ef80-029d-4233-92b9-a13b97ba77f0 - - - - - -] Nodes from host "neutron-server-5b598795d7-4q7r2" and group "mechanism_driver" removed from the Hash Ring created at
2026-09-08 23:37:49+00:00
2026-09-08 23:37:49.727 7 INFO neutron.quota.resource_registry [None req-39098bd5-87fb-4a3f-a32a-2fc12715c780 - - - - - -] Creating instance of CountableResource for resource:ikepolicy
2026-09-08 23:37:49.727 7 WARNING neutron.quota.resource_registry [None req-39098bd5-87fb-4a3f-a32a-2fc12715c780 - - - - - -] ikepolicy is already registered
2026-09-08 23:37:49.729 8 INFO neutron.db.ovn_hash_ring_db [None req-2821ef80-029d-4233-92b9-a13b97ba77f0 - - - - - -] Node 43b08a31bef95db2b32c05637001aca0 from host "neutron-server-5b598795d7-4q7r2" and group "mechanism_driver" added to the Hash Ring
2026-09-08 23:37:49.731 7 INFO neutron.quota.resource_registry [None req-39098bd5-87fb-4a3f-a32a-2fc12715c780 - - - - - -] Creating instance of TrackedResource for resource:router
2026-09-08 23:37:49.732 7 WARNING neutron.quota.resource_registry [None req-39098bd5-87fb-4a3f-a32a-2fc12715c780 - - - - - -] router is already registered
2026-09-08 23:37:49.732 7 INFO neutron.quota.resource_registry [None req-39098bd5-87fb-4a3f-a32a-2fc12715c780 - - - - - -] Creating instance of TrackedResource for resource:floatingip
2026-09-08 23:37:49.732 7 WARNING neutron.quota.resource_registry [None req-39098bd5-87fb-4a3f-a32a-2fc12715c780 - - - - - -] floatingip is already registered
2026-09-08 23:37:49.736 7 INFO neutron.quota.resource_registry [None req-39098bd5-87fb-4a3f-a32a-2fc12715c780 - - - - - -] Creating instance of CountableResource for resource:rbac_policy
2026-09-08 23:37:49.736 7 WARNING neutron.quota.resource_registry [None req-39098bd5-87fb-4a3f-a32a-2fc12715c780 - - - - - -] rbac_policy is already registered
2026-09-08 23:37:49.737 7 INFO neutron.quota.resource_registry [None req-39098bd5-87fb-4a3f-a32a-2fc12715c780 - - - - - -] Creating instance of TrackedResource for resource:security_group
2026-09-08 23:37:49.737 7 WARNING neutron.quota.resource_registry [None req-39098bd5-87fb-4a3f-a32a-2fc12715c780 - - - - - -] security_group is already registered
2026-09-08 23:37:49.737 7 INFO neutron.quota.resource_registry [None req-39098bd5-87fb-4a3f-a32a-2fc12715c780 - - - - - -] Creating instance of TrackedResource for resource:security_group_rule
2026-09-08 23:37:49.737 7 WARNING neutron.quota.resource_registry [None req-39098bd5-87fb-4a3f-a32a-2fc12715c780 - - - - - -] security_group_rule is already registered
2026-09-08 23:37:49.738 8 INFO neutron.plugins.ml2.drivers.ovn.mech_driver.mech_driver [None req-2821ef80-029d-4233-92b9-a13b97ba77f0 - - - - - -] Hash Ring probing thread for node 43b08a31bef95db2b32c05637001aca0 has started
2026-09-08 23:37:49.738 8 INFO neutron.plugins.ml2.drivers.ovn.mech_driver.ovsdb.impl_idl_ovn [None req-2821ef80-029d-4233-92b9-a13b97ba77f0 - - - - - -] Getting OvsdbNbOvnIdl for WorkerService with retry
2026-09-08 23:37:49.739 7 INFO neutron.quota.resource_registry [None req-39098bd5-87fb-4a3f-a32a-2fc12715c780 - - - - - -] Creating instance of TrackedResource for resource:subnetpool
2026-09-08 23:37:49.739 7 WARNING neutron.quota.resource_registry [None req-39098bd5-87fb-4a3f-a32a-2fc12715c780 - - - - - -] subnetpool is already registered
2026-09-08 23:37:49.740 7 INFO neutron.quota.resource_registry [None req-39098bd5-87fb-4a3f-a32a-2fc12715c780 - - - - - -] Creating instance of CountableResource for resource:trunk
2026-09-08 23:37:49.740 7 WARNING neutron.quota.resource_registry [None req-39098bd5-87fb-4a3f-a32a-2fc12715c780 - - - - - -] trunk is already registered
2026-09-08 23:37:49.740 7 INFO neutron.quota.resource_registry [None req-39098bd5-87fb-4a3f-a32a-2fc12715c780 - - - - - -] Creating instance of CountableResource for resource:ikepolicy
2026-09-08 23:37:49.741 7 WARNING neutron.quota.resource_registry [None req-39098bd5-87fb-4a3f-a32a-2fc12715c780 - - - - - -] ikepolicy is already registered
2026-09-08 23:37:49.741 7 INFO neutron.quota.resource_registry [None req-39098bd5-87fb-4a3f-a32a-2fc12715c780 - - - - - -] Creating instance of CountableResource for resource:ipsecpolicy
2026-09-08 23:37:49.741 7 WARNING neutron.quota.resource_registry [None req-39098bd5-87fb-4a3f-a32a-2fc12715c780 - - - - - -] ipsecpolicy is already registered
2026-09-08 23:37:49.741 7 INFO neutron.quota.resource_registry [None req-39098bd5-87fb-4a3f-a32a-2fc12715c780 - - - - - -] Creating instance of CountableResource for resource:endpoint_group
2026-09-08 23:37:49.741 7 WARNING neutron.quota.resource_registry [None req-39098bd5-87fb-4a3f-a32a-2fc12715c780 - - - - - -] endpoint_group is already registered
2026-09-08 23:37:49.742 7 INFO neutron.quota.resource_registry [None req-39098bd5-87fb-4a3f-a32a-2fc12715c780 - - - - - -] Creating instance of CountableResource for resource:vpnservice
2026-09-08 23:37:49.742 7 WARNING neutron.quota.resource_registry [None req-39098bd5-87fb-4a3f-a32a-2fc12715c780 - - - - - -] vpnservice is already registered
2026-09-08 23:37:49.742 7 INFO neutron.quota.resource_registry [None req-39098bd5-87fb-4a3f-a32a-2fc12715c780 - - - - - -] Creating instance of CountableResource for resource:ipsec_site_connection
2026-09-08 23:37:49.742 7 WARNING neutron.quota.resource_registry [None req-39098bd5-87fb-4a3f-a32a-2fc12715c780 - - - - - -] ipsec_site_connection is already registered
2026-09-08 23:37:49.743 7 INFO neutron.quota.resource_registry [None req-39098bd5-87fb-4a3f-a32a-2fc12715c780 - - - - - -] Creating instance of CountableResource for resource:ipsecpolicy
2026-09-08 23:37:49.743 7 WARNING neutron.quota.resource_registry [None req-39098bd5-87fb-4a3f-a32a-2fc12715c780 - - - - - -] ipsecpolicy is already registered
2026-09-08 23:37:49.743 7 INFO neutron.quota.resource_registry [None req-39098bd5-87fb-4a3f-a32a-2fc12715c780 - - - - - -] Creating instance of CountableResource for resource:ikepolicy
2026-09-08 23:37:49.744 7 WARNING neutron.quota.resource_registry [None req-39098bd5-87fb-4a3f-a32a-2fc12715c780 - - - - - -] ikepolicy is already registered
2026-09-08 23:37:49.765 8 INFO ovsdbapp.backend.ovs_idl.vlog [None req-2821ef80-029d-4233-92b9-a13b97ba77f0 - - - - - -] tcp:10.100.177.217:6641: connecting...
2026-09-08 23:37:49.765 8 INFO ovsdbapp.backend.ovs_idl.vlog [None req-2821ef80-029d-4233-92b9-a13b97ba77f0 - - - - - -] tcp:10.100.177.217:6641: connected
2026-09-08 23:37:49.782 7 WARNING keystonemiddleware._common.config [None req-39098bd5-87fb-4a3f-a32a-2fc12715c780 - - - - - -] The option "audit_map_file" is not known to keystonemiddleware
2026-09-08 23:37:49.790 7 WARNING oslo_config.cfg [None req-39098bd5-87fb-4a3f-a32a-2fc12715c780 - - - - - -] Deprecated: Option "auth_uri" from group "keystone_authtoken" is deprecated. Use option "www_authenticate_uri" from group "keystone_authtoken".
2026-09-08 23:37:49.813 7 WARNING neutron.plugins.ml2.drivers.ovn.mech_driver.mech_driver [None req-39098bd5-87fb-4a3f-a32a-2fc12715c780 - - - - - -] uWSGI must provide a start time using the configuration parameter "start-time %t" in the configuration file
2026-09-08 23:37:49.828 7 INFO neutron.db.ovn_hash_ring_db [None req-39098bd5-87fb-4a3f-a32a-2fc12715c780 - - - - - -] Nodes from host "neutron-server-5b598795d7-4q7r2" and group "mechanism_driver" removed from the Hash Ring created at
2026-09-08 23:37:49+00:00
2026-09-08 23:37:49.831 7 INFO neutron.db.ovn_hash_ring_db [None req-39098bd5-87fb-4a3f-a32a-2fc12715c780 - - - - - -] Node e63052a4e62058aca8be5dab219b7b1d from host "neutron-server-5b598795d7-4q7r2" and group "mechanism_driver" added to the Hash Ring
2026-09-08 23:37:49.839 8 INFO neutron.plugins.ml2.drivers.ovn.mech_driver.ovsdb.impl_idl_ovn [None req-2821ef80-029d-4233-92b9-a13b97ba77f0 - - - - - -] Getting OvsdbSbOvnIdl for WorkerService with retry
2026-09-08 23:37:49.840 7 INFO neutron.plugins.ml2.drivers.ovn.mech_driver.mech_driver [None req-39098bd5-87fb-4a3f-a32a-2fc12715c780 - - - - - -] Hash Ring probing thread for node e63052a4e62058aca8be5dab219b7b1d has started
2026-09-08 23:37:49.841 7 INFO neutron.plugins.ml2.drivers.ovn.mech_driver.ovsdb.impl_idl_ovn [None req-39098bd5-87fb-4a3f-a32a-2fc12715c780 - - - - - -] Getting OvsdbNbOvnIdl for WorkerService with retry
2026-09-08 23:37:49.859 8 INFO ovsdbapp.backend.ovs_idl.vlog [None req-2821ef80-029d-4233-92b9-a13b97ba77f0 - - - - - -] tcp:10.101.237.42:6642: connecting...
2026-09-08 23:37:49.859 8 INFO ovsdbapp.backend.ovs_idl.vlog [None req-2821ef80-029d-4233-92b9-a13b97ba77f0 - - - - - -] tcp:10.101.237.42:6642: connected
2026-09-08 23:37:49.870 7 INFO ovsdbapp.backend.ovs_idl.vlog [None req-39098bd5-87fb-4a3f-a32a-2fc12715c780 - - - - - -] tcp:10.100.177.217:6641: connecting...
2026-09-08 23:37:49.870 7 INFO ovsdbapp.backend.ovs_idl.vlog [None req-39098bd5-87fb-4a3f-a32a-2fc12715c780 - - - - - -] tcp:10.100.177.217:6641: connected
2026-09-08 23:37:49.890 8 INFO neutron.plugins.ml2.drivers.ovn.mech_driver.mech_driver [None req-2821ef80-029d-4233-92b9-a13b97ba77f0 - - - - - -] WorkerService process has finished the post initialization
2026-09-08 23:37:49.892 8 INFO neutron.plugins.ml2.drivers.ovn.mech_driver.ovsdb.extensions.qos [-] Starting OVNClientQosExtension
2026-09-08 23:37:49.903 8 INFO neutron.plugins.ml2.drivers.ovn.mech_driver.ovsdb.extensions.placement [-] Starting OVNClientPlacementExtension
2026-09-08 23:37:49.910 8 INFO ovsdbapp.backend.ovs_idl.vlog [None req-2821ef80-029d-4233-92b9-a13b97ba77f0 - - - - - -] tcp:10.100.177.217:6641: connecting...
2026-09-08 23:37:49.910 8 INFO ovsdbapp.backend.ovs_idl.vlog [None req-2821ef80-029d-4233-92b9-a13b97ba77f0 - - - - - -] tcp:10.100.177.217:6641: connected
2026-09-08 23:37:49.911 7 INFO neutron.plugins.ml2.drivers.ovn.mech_driver.ovsdb.impl_idl_ovn [None req-39098bd5-87fb-4a3f-a32a-2fc12715c780 - - - - - -] Getting OvsdbSbOvnIdl for WorkerService with retry
2026-09-08 23:37:49.934 7 INFO ovsdbapp.backend.ovs_idl.vlog [None req-39098bd5-87fb-4a3f-a32a-2fc12715c780 - - - - - -] tcp:10.101.237.42:6642: connecting...
2026-09-08 23:37:49.935 7 INFO ovsdbapp.backend.ovs_idl.vlog [None req-39098bd5-87fb-4a3f-a32a-2fc12715c780 - - - - - -] tcp:10.101.237.42:6642: connected
2026-09-08 23:37:49.954 8 INFO ovsdbapp.backend.ovs_idl.vlog [None req-2821ef80-029d-4233-92b9-a13b97ba77f0 - - - - - -] tcp:10.100.177.217:6641: connecting...
2026-09-08 23:37:49.954 8 INFO ovsdbapp.backend.ovs_idl.vlog [None req-2821ef80-029d-4233-92b9-a13b97ba77f0 - - - - - -] tcp:10.100.177.217:6641: connected WSGI app 0 (mountpoint='') ready in 10 seconds on interpreter 0x7f0888b9c668 pid: 8 (default app)
2026-09-08 23:37:49.982 7 INFO neutron.plugins.ml2.drivers.ovn.mech_driver.mech_driver [None req-39098bd5-87fb-4a3f-a32a-2fc12715c780 - - - - - -] WorkerService process has finished the post initialization
2026-09-08 23:37:50.006 7 INFO ovsdbapp.backend.ovs_idl.vlog [None req-39098bd5-87fb-4a3f-a32a-2fc12715c780 - - - - - -] tcp:10.100.177.217:6641: connecting...
2026-09-08 23:37:50.006 7 INFO ovsdbapp.backend.ovs_idl.vlog [None req-39098bd5-87fb-4a3f-a32a-2fc12715c780 - - - - - -] tcp:10.100.177.217:6641: connected
2026-09-08 23:37:50.318 7 INFO ovsdbapp.backend.ovs_idl.vlog [None req-39098bd5-87fb-4a3f-a32a-2fc12715c780 - - - - - -] tcp:10.100.177.217:6641: connecting...
2026-09-08 23:37:50.318 7 INFO ovsdbapp.backend.ovs_idl.vlog [None req-39098bd5-87fb-4a3f-a32a-2fc12715c780 - - - - - -] tcp:10.100.177.217:6641: connected WSGI app 0 (mountpoint='') ready in 11 seconds on interpreter 0x7f0888b9c668 pid: 7 (default app) /var/lib/openstack/lib/python3.12/site-packages/pycadf/identifier.py:70: UserWarning: Invalid uuid: unknown. To ensure interoperability, identifiers should be a valid uuid. warnings.warn(('Invalid uuid: %s. To ensure interoperability, '
2026-09-08 23:37:56.831 8 INFO neutron.pecan_wsgi.hooks.translation [None req-9f47098a-9b42-442f-be7f-4f878bcd36be 5149e593885946de9d73064e3a8165a3 c5a3f761a62843768cd74c23b0be11e1 - - default default] GET failed (client error): The resource could not be found. [pid: 8|app: 0|req: 4/4] 162.253.55.135 () {44 vars in 928 bytes} [Tue Sep 8 23:37:55 2026] GET /v2.0/networks/public => generated 108 bytes in 1010 msecs (HTTP/1.1 404) 4 headers in 164 bytes (1 switches on core 0) /var/lib/openstack/lib/python3.12/site-packages/pycadf/identifier.py:70: UserWarning: Invalid uuid: unknown. To ensure interoperability, identifiers should be a valid uuid. warnings.warn(('Invalid uuid: %s. To ensure interoperability, ' [pid: 7|app: 0|req: 1/5] 162.253.55.135 () {44 vars in 950 bytes} [Tue Sep 8 23:37:56 2026] GET /v2.0/networks?name=public => generated 15 bytes in 264 msecs (HTTP/1.1 200) 4 headers in 156 bytes (1 switches on core 0)
2026-09-08 23:37:57.479 8 INFO neutron.db.ovn_revision_numbers_db [None req-ec789fd7-7668-447a-854d-a793833ec801 5149e593885946de9d73064e3a8165a3 c5a3f761a62843768cd74c23b0be11e1 - - default default] Successfully bumped revision number for resource 20ec0712-4978-494f-9d86-e43002a4d35b (type: security_groups) to 1
2026-09-08 23:37:57.492 8 INFO neutron.db.ovn_revision_numbers_db [None req-ec789fd7-7668-447a-854d-a793833ec801 5149e593885946de9d73064e3a8165a3 c5a3f761a62843768cd74c23b0be11e1 - - default default] Successfully bumped revision number for resource 18f43fcb-cf2e-471c-934d-5fef1b22da9b (type: security_group_rules) to 0
2026-09-08 23:37:57.502 8 INFO neutron.db.ovn_revision_numbers_db [None req-ec789fd7-7668-447a-854d-a793833ec801 5149e593885946de9d73064e3a8165a3 c5a3f761a62843768cd74c23b0be11e1 - - default default] Successfully bumped revision number for resource 303adfc1-4416-412d-a145-744e9f5eb0f9 (type: security_group_rules) to 0
2026-09-08 23:37:57.513 8 INFO neutron.db.ovn_revision_numbers_db [None req-ec789fd7-7668-447a-854d-a793833ec801 5149e593885946de9d73064e3a8165a3 c5a3f761a62843768cd74c23b0be11e1 - - default default] Successfully bumped revision number for resource 509a02aa-6977-4a4a-91b7-3fdba04e6c42 (type: security_group_rules) to 0
2026-09-08 23:37:57.524 8 INFO neutron.db.ovn_revision_numbers_db [None req-ec789fd7-7668-447a-854d-a793833ec801 5149e593885946de9d73064e3a8165a3 c5a3f761a62843768cd74c23b0be11e1 - - default default] Successfully bumped revision number for resource 64dcc7fd-3a6c-4843-91b0-e4e1a4fa1031 (type: security_group_rules) to 0
2026-09-08 23:37:57.606 8 WARNING neutron.services.revisions.revision_plugin [None req-ec789fd7-7668-447a-854d-a793833ec801 5149e593885946de9d73064e3a8165a3 c5a3f761a62843768cd74c23b0be11e1 - - default default] Could not find related network for resource to bump revision.
2026-09-08 23:37:57.630 8 INFO neutron.db.segments_db [None req-ec789fd7-7668-447a-854d-a793833ec801 5149e593885946de9d73064e3a8165a3 c5a3f761a62843768cd74c23b0be11e1 - - default default] Added segment 18225b32-7622-4b6d-ab57-762c23043945 of type flat for network f1ade404-fe3a-410c-9d0a-1b0994c1e56e
2026-09-08 23:37:57.754 8 INFO neutron.plugins.ml2.drivers.ovn.mech_driver.mech_driver [-] OVN reports status down for port: provnet-18225b32-7622-4b6d-ab57-762c23043945
2026-09-08 23:37:57.754 7 INFO neutron.plugins.ml2.drivers.ovn.mech_driver.mech_driver [-] OVN reports status down for port: provnet-18225b32-7622-4b6d-ab57-762c23043945
2026-09-08 23:37:57.842 8 INFO neutron.db.ovn_revision_numbers_db [None req-ec789fd7-7668-447a-854d-a793833ec801 5149e593885946de9d73064e3a8165a3 c5a3f761a62843768cd74c23b0be11e1 - - default default] Successfully bumped revision number for resource f1ade404-fe3a-410c-9d0a-1b0994c1e56e (type: networks) to 1
2026-09-08 23:37:58.159 8 WARNING neutron.scheduler.dhcp_agent_scheduler [None req-ec789fd7-7668-447a-854d-a793833ec801 5149e593885946de9d73064e3a8165a3 c5a3f761a62843768cd74c23b0be11e1 - - default default] No more DHCP agents
2026-09-08 23:37:58.160 8 WARNING neutron.api.rpc.agentnotifiers.dhcp_rpc_agent_api [None req-ec789fd7-7668-447a-854d-a793833ec801 5149e593885946de9d73064e3a8165a3 c5a3f761a62843768cd74c23b0be11e1 - - default default] Unable to schedule network f1ade404-fe3a-410c-9d0a-1b0994c1e56e: no agents available; will retry on subsequent port and subnet creation events.
2026-09-08 23:37:58.413 8 INFO neutron.plugins.ml2.drivers.ovn.mech_driver.mech_driver [None req-b25b514f-d9b3-4850-b660-112429736f87 - - - - - -] OVN reports status down for port: 13da18ab-a2e2-498c-8269-a773f8aa5c71
2026-09-08 23:37:58.421 7 INFO neutron.plugins.ml2.drivers.ovn.mech_driver.mech_driver [None req-1a1b9145-20e9-42b9-8f7f-71c8624cd415 - - - - - -] OVN reports status down for port: 13da18ab-a2e2-498c-8269-a773f8aa5c71
2026-09-08 23:37:58.544 8 INFO neutron.db.ovn_revision_numbers_db [None req-ec789fd7-7668-447a-854d-a793833ec801 5149e593885946de9d73064e3a8165a3 c5a3f761a62843768cd74c23b0be11e1 - - default default] Successfully bumped revision number for resource 13da18ab-a2e2-498c-8269-a773f8aa5c71 (type: ports) to 1
2026-09-08 23:37:58.549 7 INFO neutron.plugins.ml2.drivers.ovn.mech_driver.ovsdb.extensions.qos [None req-1a1b9145-20e9-42b9-8f7f-71c8624cd415 - - - - - -] Starting OVNClientQosExtension
2026-09-08 23:37:58.549 7 INFO neutron.plugins.ml2.drivers.ovn.mech_driver.ovsdb.extensions.placement [None req-1a1b9145-20e9-42b9-8f7f-71c8624cd415 - - - - - -] Starting OVNClientPlacementExtension [pid: 8|app: 0|req: 5/6] 162.253.55.135 () {48 vars in 968 bytes} [Tue Sep 8 23:37:57 2026] POST /v2.0/networks => generated 744 bytes in 1541 msecs (HTTP/1.1 201) 4 headers in 162 bytes (1 switches on core 0)
2026-09-08 23:38:00.039 7 INFO neutron.pecan_wsgi.hooks.translation [None req-71512d8d-e6f1-4f12-92f3-ace5f88c4b87 5149e593885946de9d73064e3a8165a3 c5a3f761a62843768cd74c23b0be11e1 - - default default] GET failed (client error): The resource could not be found. [pid: 7|app: 0|req: 2/7] 162.253.55.135 () {44 vars in 928 bytes} [Tue Sep 8 23:37:59 2026] GET /v2.0/networks/public => generated 108 bytes in 363 msecs (HTTP/1.1 404) 4 headers in 164 bytes (1 switches on core 0) [pid: 8|app: 0|req: 6/8] 162.253.55.135 () {44 vars in 950 bytes} [Tue Sep 8 23:38:00 2026] GET /v2.0/networks?name=public => generated 753 bytes in 72 msecs (HTTP/1.1 200) 4 headers in 157 bytes (1 switches on core 0)
2026-09-08 23:38:00.159 7 INFO neutron.pecan_wsgi.hooks.translation [None req-f72eabb2-bdbb-465c-be1d-f1b46bf585ed 5149e593885946de9d73064e3a8165a3 c5a3f761a62843768cd74c23b0be11e1 - - default default] GET failed (client error): The resource could not be found. [pid: 7|app: 0|req: 3/9] 162.253.55.135 () {44 vars in 1035 bytes} [Tue Sep 8 23:38:00 2026] GET /v2.0/subnets/public-subnet?network_id=f1ade404-fe3a-410c-9d0a-1b0994c1e56e => generated 113 bytes in 33 msecs (HTTP/1.1 404) 4 headers in 164 bytes (1 switches on core 0) [pid: 8|app: 0|req: 7/10] 162.253.55.135 () {44 vars in 1058 bytes} [Tue Sep 8 23:38:00 2026] GET /v2.0/subnets?name=public-subnet&network_id=f1ade404-fe3a-410c-9d0a-1b0994c1e56e => generated 14 bytes in 31 msecs (HTTP/1.1 200) 4 headers in 156 bytes (1 switches on core 0)
2026-09-08 23:38:00.664 7 WARNING neutron.scheduler.dhcp_agent_scheduler [None req-3d18573c-aff2-4e2f-b5f1-f091d7f6c309 5149e593885946de9d73064e3a8165a3 c5a3f761a62843768cd74c23b0be11e1 - - default default] No more DHCP agents
2026-09-08 23:38:00.665 7 WARNING neutron.api.rpc.agentnotifiers.dhcp_rpc_agent_api [None req-3d18573c-aff2-4e2f-b5f1-f091d7f6c309 5149e593885946de9d73064e3a8165a3 c5a3f761a62843768cd74c23b0be11e1 - - default default] Unable to schedule network f1ade404-fe3a-410c-9d0a-1b0994c1e56e: no agents available; will retry on subsequent port and subnet creation events.
2026-09-08 23:38:01.640 7 INFO neutron.db.ovn_revision_numbers_db [None req-bd3b492b-a251-4929-ae75-d5bf119c7d52 - - - - - -] Successfully bumped revision number for resource 13da18ab-a2e2-498c-8269-a773f8aa5c71 (type: ports) to 2
2026-09-08 23:38:01.679 7 INFO neutron.db.ovn_revision_numbers_db [None req-bd3b492b-a251-4929-ae75-d5bf119c7d52 - - - - - -] Successfully bumped revision number for resource 5fef60d5-12e3-4ad6-b415-31aa0450f593 (type: subnets) to 0 [pid: 7|app: 0|req: 4/11] 162.253.55.135 () {48 vars in 966 bytes} [Tue Sep 8 23:38:00 2026] POST /v2.0/subnets => generated 664 bytes in 1495 msecs (HTTP/1.1 201) 4 headers in 162 bytes (1 switches on core 0)
2026-09-08 23:43:03.374 7 INFO neutron.pecan_wsgi.hooks.translation [None req-250efbaa-0520-4a4a-b8cb-6cfb241496a2 5149e593885946de9d73064e3a8165a3 c5a3f761a62843768cd74c23b0be11e1 - - default default] GET failed (client error): The resource could not be found. [pid: 7|app: 0|req: 23/49] 162.253.55.135 () {44 vars in 938 bytes} [Tue Sep 8 23:43:03 2026] GET /v2.0/networks/lb-mgmt-net => generated 113 bytes in 141 msecs (HTTP/1.1 404) 4 headers in 164 bytes (1 switches on core 0) [pid: 8|app: 0|req: 27/50] 162.253.55.135 () {44 vars in 960 bytes} [Tue Sep 8 23:43:03 2026] GET /v2.0/networks?name=lb-mgmt-net => generated 15 bytes in 15 msecs (HTTP/1.1 200) 4 headers in 156 bytes (1 switches on core 0)
2026-09-08 23:43:03.511 7 INFO neutron.db.segments_db [None req-b15fc12c-8c3b-4e9c-9933-91b6d9830841 5149e593885946de9d73064e3a8165a3 c5a3f761a62843768cd74c23b0be11e1 - - default default] Added segment 25e0a12c-77fe-4022-a635-39854c72741b of type geneve for network 6b9d4334-70e1-4801-86a3-701bd2cca172
2026-09-08 23:43:03.755 7 INFO neutron.db.ovn_revision_numbers_db [None req-b15fc12c-8c3b-4e9c-9933-91b6d9830841 5149e593885946de9d73064e3a8165a3 c5a3f761a62843768cd74c23b0be11e1 - - default default] Successfully bumped revision number for resource 6b9d4334-70e1-4801-86a3-701bd2cca172 (type: networks) to 1
2026-09-08 23:43:03.892 7 WARNING neutron.scheduler.dhcp_agent_scheduler [None req-b15fc12c-8c3b-4e9c-9933-91b6d9830841 5149e593885946de9d73064e3a8165a3 c5a3f761a62843768cd74c23b0be11e1 - - default default] No more DHCP agents
2026-09-08 23:43:03.893 7 WARNING neutron.api.rpc.agentnotifiers.dhcp_rpc_agent_api [None req-b15fc12c-8c3b-4e9c-9933-91b6d9830841 5149e593885946de9d73064e3a8165a3 c5a3f761a62843768cd74c23b0be11e1 - - default default] Unable to schedule network 6b9d4334-70e1-4801-86a3-701bd2cca172: no agents available; will retry on subsequent port and subnet creation events.
