2026-09-09 00:15:48.535 7 INFO neutron_taas.services.taas.tap_mirror_plugin [None req-60896a7e-ded3-41e5-8742-3b67a1317faa b4546e65a9b844f18a2c277ab37cdbd9 02aecdcec0464a168b27b1d946b07cd0 - - default default] Tap Mirror: Handle Delete Port: 092c56c5-8c35-4744-867e-728ceec97b39 [pid: 8|app: 0|req: 624/1358] 10.0.0.74 () {32 vars in 642 bytes} [Wed Sep 9 00:15:48 2026] GET /v2.0/ports => generated 3016 bytes in 160 msecs (HTTP/1.1 200) 4 headers in 158 bytes (1 switches on core 0)
2026-09-09 00:15:48.557 8 INFO neutron.pecan_wsgi.hooks.translation [None req-563841bc-2fca-40ed-a400-293ec696549a 3d3bc5e4ae1b451f927e396aeb228350 344222a8c759456c8b665b3de438bc15 - - default default] DELETE failed (client error): The resource could not be found. [pid: 8|app: 0|req: 625/1359] 10.0.0.74 () {32 vars in 719 bytes} [Wed Sep 9 00:15:48 2026] DELETE /v2.0/ports/236a9699-82d8-4a46-8220-d6124628d73c => generated 132 bytes in 13 msecs (HTTP/1.1 404) 4 headers in 164 bytes (1 switches on core 0)
2026-09-09 00:15:48.643 8 INFO neutron_taas.services.taas.taas_plugin [None req-d3f0abf3-618a-4883-b704-ca0051b733be b87ba10bc85a455d8da13697bd4dadbb 02b69a9873c34ef393d72d1d7663e9ed - - default default] TaaS: Handle Delete Port: 48682d14-681c-40af-afa6-ab4fba60701e
2026-09-09 00:15:48.645 8 INFO neutron_taas.services.taas.tap_mirror_plugin [None req-d3f0abf3-618a-4883-b704-ca0051b733be b87ba10bc85a455d8da13697bd4dadbb 02b69a9873c34ef393d72d1d7663e9ed - - default default] Tap Mirror: Handle Delete Port: 48682d14-681c-40af-afa6-ab4fba60701e [pid: 7|app: 0|req: 735/1360] 10.0.0.74 () {32 vars in 731 bytes} [Wed Sep 9 00:15:48 2026] DELETE /v2.0/floatingips/50c7bf0e-5740-41ca-a546-8a51a3e0b7e9 => generated 0 bytes in 304 msecs (HTTP/1.1 204) 2 headers in 112 bytes (1 switches on core 0)
2026-09-09 00:15:48.695 7 INFO neutron.pecan_wsgi.hooks.translation [None req-6ab81a9d-610b-46c4-a6b4-a94c0d2a18b9 3d3bc5e4ae1b451f927e396aeb228350 344222a8c759456c8b665b3de438bc15 - - default default] GET failed (client error): The resource could not be found. [pid: 7|app: 0|req: 736/1361] 10.0.0.74 () {32 vars in 716 bytes} [Wed Sep 9 00:15:48 2026] GET /v2.0/ports/236a9699-82d8-4a46-8220-d6124628d73c => generated 132 bytes in 19 msecs (HTTP/1.1 404) 4 headers in 164 bytes (1 switches on core 0) [pid: 8|app: 0|req: 626/1364] 10.0.0.74 () {32 vars in 719 bytes} [Wed Sep 9 00:15:48 2026] DELETE /v2.0/ports/48682d14-681c-40af-afa6-ab4fba60701e => generated 0 bytes in 212 msecs (HTTP/1.1 204) 3 headers in 131 bytes (1 switches on core 0) [pid: 7|app: 0|req: 739/1365] 10.0.0.74 () {32 vars in 723 bytes} [Wed Sep 9 00:15:48 2026] DELETE /v2.0/subnets/4e42b910-e07e-4282-a536-63e1132f44a0 => generated 0 bytes in 202 msecs (HTTP/1.1 204) 3 headers in 131 bytes (1 switches on core 0)
2026-09-09 00:15:49.096 7 INFO neutron_taas.services.taas.taas_plugin [None req-4ba33c5e-7d9b-403b-8354-478337c1a3a4 b87ba10bc85a455d8da13697bd4dadbb 02b69a9873c34ef393d72d1d7663e9ed - - default default] TaaS: Handle Delete Port: 8234998b-fcca-4946-b41b-662545f8bf83
2026-09-09 00:15:49.100 7 INFO neutron_taas.services.taas.tap_mirror_plugin [None req-4ba33c5e-7d9b-403b-8354-478337c1a3a4 b87ba10bc85a455d8da13697bd4dadbb 02b69a9873c34ef393d72d1d7663e9ed - - default default] Tap Mirror: Handle Delete Port: 8234998b-fcca-4946-b41b-662545f8bf83
2026-09-09 00:15:49.142 8 INFO neutron_taas.services.taas.taas_plugin [None req-c4ca3f23-177b-44f3-bc55-a838b5a9f66b 5149e593885946de9d73064e3a8165a3 c5a3f761a62843768cd74c23b0be11e1 - - default default] TaaS: Handle Delete Port: 0a579a77-6628-4ae9-9d69-940e431047e4
2026-09-09 00:15:49.146 8 INFO neutron_taas.services.taas.tap_mirror_plugin [None req-c4ca3f23-177b-44f3-bc55-a838b5a9f66b 5149e593885946de9d73064e3a8165a3 c5a3f761a62843768cd74c23b0be11e1 - - default default] Tap Mirror: Handle Delete Port: 0a579a77-6628-4ae9-9d69-940e431047e4 [pid: 7|app: 0|req: 740/1366] 10.0.0.74 () {32 vars in 719 bytes} [Wed Sep 9 00:15:48 2026] DELETE /v2.0/ports/8234998b-fcca-4946-b41b-662545f8bf83 => generated 0 bytes in 326 msecs (HTTP/1.1 204) 3 headers in 131 bytes (1 switches on core 0)
2026-09-09 00:15:49.355 7 INFO neutron_taas.services.taas.taas_plugin [None req-e42c54c0-be29-47fd-9169-2a7a64afe5dc 3d3bc5e4ae1b451f927e396aeb228350 344222a8c759456c8b665b3de438bc15 - - default default] TaaS: Handle Delete Port: b4ca2e36-67a5-4786-b38f-ef18bda27709
2026-09-09 00:15:49.358 7 INFO neutron_taas.services.taas.tap_mirror_plugin [None req-e42c54c0-be29-47fd-9169-2a7a64afe5dc 3d3bc5e4ae1b451f927e396aeb228350 344222a8c759456c8b665b3de438bc15 - - default default] Tap Mirror: Handle Delete Port: b4ca2e36-67a5-4786-b38f-ef18bda27709
2026-09-09 00:15:49.616 7 INFO neutron.services.segments.plugin [-] Segment cec267a9-1b77-4df2-b3c6-95f502d6f471 resource provider aggregate not found
2026-09-09 00:15:49.626 7 INFO neutron.services.segments.plugin [-] Segment cec267a9-1b77-4df2-b3c6-95f502d6f471 resource provider aggregate not found
2026-09-09 00:15:49.636 7 INFO neutron.services.segments.plugin [-] Client error retrieving segment cec267a9-1b77-4df2-b3c6-95f502d6f471 resource provider; error: Placement Client Error (4xx): {"errors": [{"status": 404, "title": "Not Found", "detail": "The resource could not be found.\n\n No resource provider with uuid cec267a9-1b77-4df2-b3c6-95f502d6f471 found for delete ", "request_id": "req-d4237ff2-6090-46f9-add0-9b1aed36bd80"}]}
2026-09-09 00:15:49.647 7 INFO neutron.services.segments.plugin [-] Client error retrieving segment cec267a9-1b77-4df2-b3c6-95f502d6f471 resource provider; error: Placement Client Error (4xx): {"errors": [{"status": 404, "title": "Not Found", "detail": "The resource could not be found.\n\n No resource provider with uuid cec267a9-1b77-4df2-b3c6-95f502d6f471 found for delete ", "request_id": "req-88d5a674-f6ea-4226-a886-e1391a49c7d8"}]} [pid: 7|app: 0|req: 741/1367] 10.0.0.74 () {32 vars in 725 bytes} [Wed Sep 9 00:15:49 2026] DELETE /v2.0/networks/62c38381-7e48-4a07-8c32-a4f71839f7d5 => generated 0 bytes in 441 msecs (HTTP/1.1 204) 3 headers in 131 bytes (1 switches on core 0) [pid: 7|app: 0|req: 742/1368] 10.0.0.74 () {32 vars in 642 bytes} [Wed Sep 9 00:15:49 2026] GET /v2.0/ports => generated 1523 bytes in 68 msecs (HTTP/1.1 200) 4 headers in 158 bytes (1 switches on core 0)
2026-09-09 00:15:49.870 7 INFO neutron.db.segments_db [None req-d891f03f-37de-4c9c-bfdd-e0dda7548e03 3d3bc5e4ae1b451f927e396aeb228350 344222a8c759456c8b665b3de438bc15 - - default default] Added segment c458106b-2996-4956-b30f-62eb059b7517 of type geneve for network be6a7589-67b8-477f-ab94-2a3c4ded1057
2026-09-09 00:15:50.017 7 INFO neutron.db.ovn_revision_numbers_db [None req-d891f03f-37de-4c9c-bfdd-e0dda7548e03 3d3bc5e4ae1b451f927e396aeb228350 344222a8c759456c8b665b3de438bc15 - - default default] Successfully bumped revision number for resource be6a7589-67b8-477f-ab94-2a3c4ded1057 (type: networks) to 1 [pid: 8|app: 0|req: 627/1369] 10.0.0.74 () {34 vars in 788 bytes} [Wed Sep 9 00:15:48 2026] PUT /v2.0/routers/77b359d5-2215-4aa6-a3d6-d04ca917f80e/remove_router_interface => generated 309 bytes in 1276 msecs (HTTP/1.1 200) 4 headers in 157 bytes (1 switches on core 0) /var/lib/openstack/lib/python3.12/site-packages/pycadf/identifier.py:70: UserWarning: Invalid uuid: neutron. To ensure interoperability, identifiers should be a valid uuid. warnings.warn(('Invalid uuid: %s. To ensure interoperability, '
2026-09-09 00:15:50.172 8 INFO neutron.db.segments_db [None req-84bc6142-1d15-43f0-bd97-408ed1dbfa5b b87ba10bc85a455d8da13697bd4dadbb 02b69a9873c34ef393d72d1d7663e9ed - - default default] Added segment 43612899-7e1a-4e18-935a-5501fd96de69 of type geneve for network d9dfd02b-fe6f-4638-b9b7-99f3a62be485
2026-09-09 00:15:50.172 7 WARNING neutron.scheduler.dhcp_agent_scheduler [None req-d891f03f-37de-4c9c-bfdd-e0dda7548e03 3d3bc5e4ae1b451f927e396aeb228350 344222a8c759456c8b665b3de438bc15 - - default default] No more DHCP agents
2026-09-09 00:15:50.174 7 WARNING neutron.api.rpc.agentnotifiers.dhcp_rpc_agent_api [None req-d891f03f-37de-4c9c-bfdd-e0dda7548e03 3d3bc5e4ae1b451f927e396aeb228350 344222a8c759456c8b665b3de438bc15 - - default default] Unable to schedule network be6a7589-67b8-477f-ab94-2a3c4ded1057: no agents available; will retry on subsequent port and subnet creation events.
2026-09-09 00:15:50.220 7 INFO neutron.plugins.ml2.drivers.ovn.mech_driver.mech_driver [None req-f919e9bb-4d90-4785-a3a1-9061ceef383c - - - - - -] OVN reports status down for port: e3cac65d-ff47-44be-b229-6fce46b781a1
2026-09-09 00:15:50.273 7 INFO neutron.db.ovn_revision_numbers_db [None req-d891f03f-37de-4c9c-bfdd-e0dda7548e03 3d3bc5e4ae1b451f927e396aeb228350 344222a8c759456c8b665b3de438bc15 - - default default] Successfully bumped revision number for resource e3cac65d-ff47-44be-b229-6fce46b781a1 (type: ports) to 1 [pid: 7|app: 0|req: 743/1370] 10.0.0.74 () {34 vars in 669 bytes} [Wed Sep 9 00:15:49 2026] POST /v2.0/networks => generated 674 bytes in 569 msecs (HTTP/1.1 201) 4 headers in 162 bytes (1 switches on core 0)
2026-09-09 00:15:50.347 8 INFO neutron.db.ovn_revision_numbers_db [None req-84bc6142-1d15-43f0-bd97-408ed1dbfa5b b87ba10bc85a455d8da13697bd4dadbb 02b69a9873c34ef393d72d1d7663e9ed - - default default] Successfully bumped revision number for resource d9dfd02b-fe6f-4638-b9b7-99f3a62be485 (type: networks) to 1
2026-09-09 00:15:50.527 8 WARNING neutron.scheduler.dhcp_agent_scheduler [None req-84bc6142-1d15-43f0-bd97-408ed1dbfa5b b87ba10bc85a455d8da13697bd4dadbb 02b69a9873c34ef393d72d1d7663e9ed - - default default] No more DHCP agents
2026-09-09 00:15:50.538 8 WARNING neutron.api.rpc.agentnotifiers.dhcp_rpc_agent_api [None req-84bc6142-1d15-43f0-bd97-408ed1dbfa5b b87ba10bc85a455d8da13697bd4dadbb 02b69a9873c34ef393d72d1d7663e9ed - - default default] Unable to schedule network d9dfd02b-fe6f-4638-b9b7-99f3a62be485: no agents available; will retry on subsequent port and subnet creation events.
2026-09-09 00:15:50.591 8 INFO neutron.plugins.ml2.drivers.ovn.mech_driver.mech_driver [None req-32a3d794-3e54-42d5-8291-c88c2e8d61e1 - - - - - -] OVN reports status down for port: b4efc071-5800-47c2-a6ee-81097040d0ea
2026-09-09 00:15:50.655 8 INFO neutron.db.ovn_revision_numbers_db [None req-84bc6142-1d15-43f0-bd97-408ed1dbfa5b b87ba10bc85a455d8da13697bd4dadbb 02b69a9873c34ef393d72d1d7663e9ed - - default default] Successfully bumped revision number for resource b4efc071-5800-47c2-a6ee-81097040d0ea (type: ports) to 1 [pid: 8|app: 0|req: 628/1371] 10.0.0.74 () {34 vars in 669 bytes} [Wed Sep 9 00:15:50 2026] POST /v2.0/networks => generated 688 bytes in 653 msecs (HTTP/1.1 201) 4 headers in 162 bytes (1 switches on core 0)
2026-09-09 00:15:50.739 7 INFO neutron_taas.services.taas.taas_plugin [None req-295964b8-6bec-4f47-a1d7-f379715fb414 5149e593885946de9d73064e3a8165a3 c5a3f761a62843768cd74c23b0be11e1 - - default default] TaaS: Handle Delete Port: f62954a4-5d5c-4a96-81b9-f199ae49e92a
2026-09-09 00:15:50.744 7 INFO neutron_taas.services.taas.tap_mirror_plugin [None req-295964b8-6bec-4f47-a1d7-f379715fb414 5149e593885946de9d73064e3a8165a3 c5a3f761a62843768cd74c23b0be11e1 - - default default] Tap Mirror: Handle Delete Port: f62954a4-5d5c-4a96-81b9-f199ae49e92a
2026-09-09 00:15:50.961 8 WARNING neutron.scheduler.dhcp_agent_scheduler [None req-cf131cb2-a076-45c7-868c-c1f43c5339ed 3d3bc5e4ae1b451f927e396aeb228350 344222a8c759456c8b665b3de438bc15 - - default default] No more DHCP agents
2026-09-09 00:15:50.965 8 WARNING neutron.api.rpc.agentnotifiers.dhcp_rpc_agent_api [None req-cf131cb2-a076-45c7-868c-c1f43c5339ed 3d3bc5e4ae1b451f927e396aeb228350 344222a8c759456c8b665b3de438bc15 - - default default] Unable to schedule network be6a7589-67b8-477f-ab94-2a3c4ded1057: no agents available; will retry on subsequent port and subnet creation events.
2026-09-09 00:15:51.022 8 INFO neutron.db.ovn_revision_numbers_db [None req-cf131cb2-a076-45c7-868c-c1f43c5339ed 3d3bc5e4ae1b451f927e396aeb228350 344222a8c759456c8b665b3de438bc15 - - default default] Successfully bumped revision number for resource 045a36c5-be0e-4aa5-931a-e73c08e2b2a7 (type: subnets) to 0 [pid: 8|app: 0|req: 629/1372] 10.0.0.74 () {34 vars in 668 bytes} [Wed Sep 9 00:15:50 2026] POST /v2.0/subnets => generated 646 bytes in 349 msecs (HTTP/1.1 201) 4 headers in 162 bytes (1 switches on core 0) [pid: 8|app: 0|req: 630/1373] 10.0.0.131 () {28 vars in 585 bytes} [Wed Sep 9 00:15:51 2026] GET /v2.0/networks => generated 7728 bytes in 146 msecs (HTTP/1.1 200) 4 headers in 158 bytes (1 switches on core 0)
2026-09-09 00:15:51.279 8 INFO neutron.db.segments_db [None req-a2825d17-6d37-437d-bf50-f7241d6d79d6 b87ba10bc85a455d8da13697bd4dadbb 02b69a9873c34ef393d72d1d7663e9ed - - default default] Added segment 0a93813a-f282-407a-84d6-bd8936d9fcbd of type geneve for network 355baa2e-065e-4072-8847-2fc8e6a8577c
2026-09-09 00:15:51.396 8 INFO neutron.db.ovn_revision_numbers_db [None req-a2825d17-6d37-437d-bf50-f7241d6d79d6 b87ba10bc85a455d8da13697bd4dadbb 02b69a9873c34ef393d72d1d7663e9ed - - default default] Successfully bumped revision number for resource 355baa2e-065e-4072-8847-2fc8e6a8577c (type: networks) to 1
2026-09-09 00:15:51.551 8 WARNING neutron.scheduler.dhcp_agent_scheduler [None req-a2825d17-6d37-437d-bf50-f7241d6d79d6 b87ba10bc85a455d8da13697bd4dadbb 02b69a9873c34ef393d72d1d7663e9ed - - default default] No more DHCP agents
2026-09-09 00:15:51.552 8 WARNING neutron.api.rpc.agentnotifiers.dhcp_rpc_agent_api [None req-a2825d17-6d37-437d-bf50-f7241d6d79d6 b87ba10bc85a455d8da13697bd4dadbb 02b69a9873c34ef393d72d1d7663e9ed - - default default] Unable to schedule network 355baa2e-065e-4072-8847-2fc8e6a8577c: no agents available; will retry on subsequent port and subnet creation events.
2026-09-09 00:15:51.615 7 INFO neutron.plugins.ml2.drivers.ovn.mech_driver.mech_driver [None req-f919e9bb-4d90-4785-a3a1-9061ceef383c - - - - - -] OVN reports status down for port: c54c9d44-04ff-4ee4-9edc-fadbb85246bf
2026-09-09 00:15:51.620 8 INFO neutron.db.ovn_revision_numbers_db [None req-a2825d17-6d37-437d-bf50-f7241d6d79d6 b87ba10bc85a455d8da13697bd4dadbb 02b69a9873c34ef393d72d1d7663e9ed - - default default] Successfully bumped revision number for resource c54c9d44-04ff-4ee4-9edc-fadbb85246bf (type: ports) to 1 [pid: 8|app: 0|req: 631/1374] 10.0.0.74 () {34 vars in 669 bytes} [Wed Sep 9 00:15:51 2026] POST /v2.0/networks => generated 687 bytes in 442 msecs (HTTP/1.1 201) 4 headers in 162 bytes (1 switches on core 0) [pid: 7|app: 0|req: 744/1375] 10.0.0.74 () {32 vars in 723 bytes} [Wed Sep 9 00:15:50 2026] DELETE /v2.0/routers/77b359d5-2215-4aa6-a3d6-d04ca917f80e => generated 0 bytes in 1557 msecs (HTTP/1.1 204) 2 headers in 112 bytes (1 switches on core 0) [pid: 7|app: 0|req: 745/1376] 10.0.0.131 () {28 vars in 583 bytes} [Wed Sep 9 00:15:51 2026] GET /v2.0/subnets => generated 3332 bytes in 45 msecs (HTTP/1.1 200) 4 headers in 158 bytes (1 switches on core 0)
2026-09-09 00:15:51.948 8 WARNING neutron.scheduler.dhcp_agent_scheduler [None req-1572625f-08a1-4fd0-bada-6cb096a0dc9b 3d3bc5e4ae1b451f927e396aeb228350 344222a8c759456c8b665b3de438bc15 - - default default] No more DHCP agents
2026-09-09 00:15:51.950 8 WARNING neutron.api.rpc.agentnotifiers.dhcp_rpc_agent_api [None req-1572625f-08a1-4fd0-bada-6cb096a0dc9b 3d3bc5e4ae1b451f927e396aeb228350 344222a8c759456c8b665b3de438bc15 - - default default] Unable to schedule network be6a7589-67b8-477f-ab94-2a3c4ded1057: no agents available; will retry on subsequent port and subnet creation events.
2026-09-09 00:15:52.014 7 INFO neutron.plugins.ml2.drivers.ovn.mech_driver.mech_driver [None req-f919e9bb-4d90-4785-a3a1-9061ceef383c - - - - - -] OVN reports status down for port: b0e1da3b-509e-402c-bd2d-bd40a643df5a
2026-09-09 00:15:52.062 8 INFO neutron.db.ovn_revision_numbers_db [None req-1572625f-08a1-4fd0-bada-6cb096a0dc9b 3d3bc5e4ae1b451f927e396aeb228350 344222a8c759456c8b665b3de438bc15 - - default default] Successfully bumped revision number for resource b0e1da3b-509e-402c-bd2d-bd40a643df5a (type: ports) to 1 [pid: 8|app: 0|req: 632/1377] 10.0.0.74 () {34 vars in 664 bytes} [Wed Sep 9 00:15:51 2026] POST /v2.0/ports => generated 927 bytes in 461 msecs (HTTP/1.1 201) 4 headers in 162 bytes (1 switches on core 0) [pid: 8|app: 0|req: 633/1378] 10.0.0.74 () {32 vars in 723 bytes} [Wed Sep 9 00:15:52 2026] DELETE /v2.0/subnets/00598578-b763-4c7d-86b7-31f2040a630f => generated 0 bytes in 235 msecs (HTTP/1.1 204) 3 headers in 131 bytes (1 switches on core 0)
2026-09-09 00:15:52.438 7 WARNING neutron.scheduler.dhcp_agent_scheduler [None req-6866cd23-b71b-484b-b6be-e6111330f510 b87ba10bc85a455d8da13697bd4dadbb 02b69a9873c34ef393d72d1d7663e9ed - - default default] No more DHCP agents
2026-09-09 00:15:52.440 7 WARNING neutron.api.rpc.agentnotifiers.dhcp_rpc_agent_api [None req-6866cd23-b71b-484b-b6be-e6111330f510 b87ba10bc85a455d8da13697bd4dadbb 02b69a9873c34ef393d72d1d7663e9ed - - default default] Unable to schedule network d9dfd02b-fe6f-4638-b9b7-99f3a62be485: no agents available; will retry on subsequent port and subnet creation events. [pid: 8|app: 0|req: 634/1379] 10.0.0.131 () {28 vars in 579 bytes} [Wed Sep 9 00:15:52 2026] GET /v2.0/ports => generated 18649 bytes in 106 msecs (HTTP/1.1 200) 4 headers in 159 bytes (1 switches on core 0)
2026-09-09 00:15:52.611 8 INFO neutron_taas.services.taas.taas_plugin [None req-b467f457-f61e-480b-a25d-4718f5dd6972 3d3bc5e4ae1b451f927e396aeb228350 344222a8c759456c8b665b3de438bc15 - - default default] TaaS: Handle Delete Port: b0e1da3b-509e-402c-bd2d-bd40a643df5a
2026-09-09 00:15:52.615 8 INFO neutron_taas.services.taas.tap_mirror_plugin [None req-b467f457-f61e-480b-a25d-4718f5dd6972 3d3bc5e4ae1b451f927e396aeb228350 344222a8c759456c8b665b3de438bc15 - - default default] Tap Mirror: Handle Delete Port: b0e1da3b-509e-402c-bd2d-bd40a643df5a [pid: 8|app: 0|req: 635/1380] 10.0.0.74 () {32 vars in 719 bytes} [Wed Sep 9 00:15:52 2026] DELETE /v2.0/ports/b0e1da3b-509e-402c-bd2d-bd40a643df5a => generated 0 bytes in 304 msecs (HTTP/1.1 204) 3 headers in 131 bytes (1 switches on core 0)
2026-09-09 00:15:52.884 8 INFO neutron_taas.services.taas.taas_plugin [None req-b5bc9e76-f7e3-4a6c-8ff8-47fdacfc1e0e 5149e593885946de9d73064e3a8165a3 c5a3f761a62843768cd74c23b0be11e1 - - default default] TaaS: Handle Delete Port: a493c57a-a99f-430f-975e-e81c08b611f8
2026-09-09 00:15:52.891 8 INFO neutron_taas.services.taas.tap_mirror_plugin [None req-b5bc9e76-f7e3-4a6c-8ff8-47fdacfc1e0e 5149e593885946de9d73064e3a8165a3 c5a3f761a62843768cd74c23b0be11e1 - - default default] Tap Mirror: Handle Delete Port: a493c57a-a99f-430f-975e-e81c08b611f8
2026-09-09 00:15:52.987 7 INFO neutron.db.ovn_revision_numbers_db [None req-e7502559-24e6-4e3d-8b33-1098ac54fffc - - - - - -] Successfully bumped revision number for resource b4efc071-5800-47c2-a6ee-81097040d0ea (type: ports) to 2
2026-09-09 00:15:53.066 7 INFO neutron.db.ovn_revision_numbers_db [None req-e7502559-24e6-4e3d-8b33-1098ac54fffc - - - - - -] Successfully bumped revision number for resource e287c1b3-70b1-4b36-9941-e8f5ece12b09 (type: subnets) to 0
2026-09-09 00:15:53.129 7 WARNING neutron.scheduler.dhcp_agent_scheduler [None req-6866cd23-b71b-484b-b6be-e6111330f510 b87ba10bc85a455d8da13697bd4dadbb 02b69a9873c34ef393d72d1d7663e9ed - - default default] No more DHCP agents
2026-09-09 00:15:53.130 7 WARNING neutron.api.rpc.agentnotifiers.dhcp_rpc_agent_api [None req-6866cd23-b71b-484b-b6be-e6111330f510 b87ba10bc85a455d8da13697bd4dadbb 02b69a9873c34ef393d72d1d7663e9ed - - default default] Unable to schedule network 355baa2e-065e-4072-8847-2fc8e6a8577c: no agents available; will retry on subsequent port and subnet creation events.
2026-09-09 00:15:53.141 8 INFO neutron.services.segments.plugin [-] Segment f57cc0f7-48a9-49b5-9b3b-62167c943b56 resource provider aggregate not found
2026-09-09 00:15:53.147 8 INFO neutron.services.segments.plugin [-] Segment f57cc0f7-48a9-49b5-9b3b-62167c943b56 resource provider aggregate not found
2026-09-09 00:15:53.160 8 INFO neutron.services.segments.plugin [-] Client error retrieving segment f57cc0f7-48a9-49b5-9b3b-62167c943b56 resource provider; error: Placement Client Error (4xx): {"errors": [{"status": 404, "title": "Not Found", "detail": "The resource could not be found.\n\n No resource provider with uuid f57cc0f7-48a9-49b5-9b3b-62167c943b56 found for delete ", "request_id": "req-0447ed30-f843-40d3-aa97-9851fb76f7f4"}]}
2026-09-09 00:15:53.172 8 INFO neutron.services.segments.plugin [-] Client error retrieving segment f57cc0f7-48a9-49b5-9b3b-62167c943b56 resource provider; error: Placement Client Error (4xx): {"errors": [{"status": 404, "title": "Not Found", "detail": "The resource could not be found.\n\n No resource provider with uuid f57cc0f7-48a9-49b5-9b3b-62167c943b56 found for delete ", "request_id": "req-03701c3b-c0ef-419d-a3f6-855d6a40a12c"}]} [pid: 8|app: 0|req: 636/1381] 10.0.0.74 () {32 vars in 725 bytes} [Wed Sep 9 00:15:52 2026] DELETE /v2.0/networks/e9f143a1-32e5-4672-a769-7549c3f557d2 => generated 0 bytes in 449 msecs (HTTP/1.1 204) 3 headers in 131 bytes (1 switches on core 0) [pid: 8|app: 0|req: 637/1382] 10.0.0.131 () {28 vars in 583 bytes} [Wed Sep 9 00:15:53 2026] GET /v2.0/subnets => generated 3940 bytes in 67 msecs (HTTP/1.1 200) 4 headers in 158 bytes (1 switches on core 0)
2026-09-09 00:15:53.285 8 INFO neutron.pecan_wsgi.hooks.translation [None req-eb39583f-f506-4621-bcb7-db48c5dfbaf8 3d3bc5e4ae1b451f927e396aeb228350 344222a8c759456c8b665b3de438bc15 - - default default] GET failed (client error): The resource could not be found. [pid: 8|app: 0|req: 638/1383] 10.0.0.74 () {32 vars in 716 bytes} [Wed Sep 9 00:15:53 2026] GET /v2.0/ports/b0e1da3b-509e-402c-bd2d-bd40a643df5a => generated 132 bytes in 22 msecs (HTTP/1.1 404) 4 headers in 164 bytes (1 switches on core 0) [pid: 8|app: 0|req: 639/1384] 10.0.0.131 () {28 vars in 591 bytes} [Wed Sep 9 00:15:53 2026] GET /v2.0/subnetpools => generated 19 bytes in 16 msecs (HTTP/1.1 200) 4 headers in 156 bytes (1 switches on core 0) [pid: 8|app: 0|req: 640/1385] 10.0.0.74 () {32 vars in 723 bytes} [Wed Sep 9 00:15:53 2026] DELETE /v2.0/subnets/045a36c5-be0e-4aa5-931a-e73c08e2b2a7 => generated 0 bytes in 159 msecs (HTTP/1.1 204) 3 headers in 131 bytes (1 switches on core 0) [pid: 8|app: 0|req: 641/1386] 10.0.0.131 () {28 vars in 619 bytes} [Wed Sep 9 00:15:53 2026] GET /v2.0/network-ip-availabilities => generated 3600 bytes in 24 msecs (HTTP/1.1 200) 4 headers in 158 bytes (1 switches on core 0) [pid: 8|app: 0|req: 642/1387] 10.0.0.74 () {32 vars in 773 bytes} [Wed Sep 9 00:15:53 2026] GET /v2.0/security-groups?tenant_id=02aecdcec0464a168b27b1d946b07cd0&name=default => generated 2925 bytes in 37 msecs (HTTP/1.1 200) 4 headers in 158 bytes (1 switches on core 0)
2026-09-09 00:15:53.670 7 INFO neutron.db.ovn_revision_numbers_db [None req-aef06c83-155f-470e-b7a9-a1e08d9a9bdc - - - - - -] Successfully bumped revision number for resource c54c9d44-04ff-4ee4-9edc-fadbb85246bf (type: ports) to 2
2026-09-09 00:15:53.681 8 INFO neutron_taas.services.taas.taas_plugin [None req-e53a6956-914f-48a7-aa91-b64d5d348442 3d3bc5e4ae1b451f927e396aeb228350 344222a8c759456c8b665b3de438bc15 - - default default] TaaS: Handle Delete Port: e3cac65d-ff47-44be-b229-6fce46b781a1
2026-09-09 00:15:53.685 8 INFO neutron_taas.services.taas.tap_mirror_plugin [None req-e53a6956-914f-48a7-aa91-b64d5d348442 3d3bc5e4ae1b451f927e396aeb228350 344222a8c759456c8b665b3de438bc15 - - default default] Tap Mirror: Handle Delete Port: e3cac65d-ff47-44be-b229-6fce46b781a1
2026-09-09 00:15:53.708 7 INFO neutron.db.ovn_revision_numbers_db [None req-aef06c83-155f-470e-b7a9-a1e08d9a9bdc - - - - - -] Successfully bumped revision number for resource 50c9a47b-1311-4fc6-9578-c7b1eb305a91 (type: subnets) to 0 [pid: 7|app: 0|req: 746/1388] 10.0.0.74 () {34 vars in 668 bytes} [Wed Sep 9 00:15:51 2026] POST /v2.0/subnets => generated 1274 bytes in 1807 msecs (HTTP/1.1 201) 4 headers in 163 bytes (1 switches on core 0) [pid: 7|app: 0|req: 747/1389] 10.0.0.131 () {28 vars in 599 bytes} [Wed Sep 9 00:15:53 2026] GET /v2.0/security-groups => generated 31878 bytes in 43 msecs (HTTP/1.1 200) 4 headers in 159 bytes (1 switches on core 0) [pid: 8|app: 0|req: 643/1390] 10.0.0.74 () {32 vars in 725 bytes} [Wed Sep 9 00:15:53 2026] DELETE /v2.0/networks/be6a7589-67b8-477f-ab94-2a3c4ded1057 => generated 0 bytes in 374 msecs (HTTP/1.1 204) 3 headers in 131 bytes (1 switches on core 0) [pid: 7|app: 0|req: 748/1391] 10.0.0.74 () {32 vars in 739 bytes} [Wed Sep 9 00:15:53 2026] DELETE /v2.0/security-groups/24d04efe-f1ee-4d18-9801-0e2479a3b417 => generated 0 bytes in 170 msecs (HTTP/1.1 204) 2 headers in 112 bytes (1 switches on core 0) [pid: 8|app: 0|req: 644/1392] 10.0.0.74 () {32 vars in 646 bytes} [Wed Sep 9 00:15:53 2026] GET /v2.0/subnets => generated 1910 bytes in 58 msecs (HTTP/1.1 200) 4 headers in 158 bytes (1 switches on core 0) [pid: 7|app: 0|req: 749/1393] 10.0.0.131 () {28 vars in 583 bytes} [Wed Sep 9 00:15:53 2026] GET /v2.0/routers => generated 978 bytes in 115 msecs (HTTP/1.1 200) 4 headers in 157 bytes (1 switches on core 0)
2026-09-09 00:15:54.224 8 WARNING neutron.scheduler.dhcp_agent_scheduler [None req-7d9bf8e4-c87c-4644-90a8-ec9290307b6b 3d3bc5e4ae1b451f927e396aeb228350 344222a8c759456c8b665b3de438bc15 - - default default] No more DHCP agents
2026-09-09 00:15:54.225 8 WARNING neutron.api.rpc.agentnotifiers.dhcp_rpc_agent_api [None req-7d9bf8e4-c87c-4644-90a8-ec9290307b6b 3d3bc5e4ae1b451f927e396aeb228350 344222a8c759456c8b665b3de438bc15 - - default default] Unable to schedule network 58d9331a-33dd-452e-b1c5-e0b0c94a01f4: no agents available; will retry on subsequent port and subnet creation events. [pid: 7|app: 0|req: 750/1394] 10.0.0.74 () {32 vars in 723 bytes} [Wed Sep 9 00:15:54 2026] DELETE /v2.0/subnets/e287c1b3-70b1-4b36-9941-e8f5ece12b09 => generated 0 bytes in 196 msecs (HTTP/1.1 204) 3 headers in 131 bytes (1 switches on core 0)
2026-09-09 00:15:54.269 8 INFO neutron.plugins.ml2.drivers.ovn.mech_driver.mech_driver [None req-32a3d794-3e54-42d5-8291-c88c2e8d61e1 - - - - - -] OVN reports status down for port: fcbb8c2c-06ad-415c-835d-2433eb81e5c1 [pid: 7|app: 0|req: 751/1395] 10.0.0.131 () {28 vars in 624 bytes} [Wed Sep 9 00:15:54 2026] GET /v2.0/agents?binary=ovn-controller => generated 416 bytes in 38 msecs (HTTP/1.1 200) 4 headers in 157 bytes (1 switches on core 0)
2026-09-09 00:15:54.337 8 INFO neutron.db.ovn_revision_numbers_db [None req-7d9bf8e4-c87c-4644-90a8-ec9290307b6b 3d3bc5e4ae1b451f927e396aeb228350 344222a8c759456c8b665b3de438bc15 - - default default] Successfully bumped revision number for resource fcbb8c2c-06ad-415c-835d-2433eb81e5c1 (type: ports) to 1 [pid: 8|app: 0|req: 645/1396] 10.0.0.74 () {34 vars in 664 bytes} [Wed Sep 9 00:15:53 2026] POST /v2.0/ports => generated 778 bytes in 455 msecs (HTTP/1.1 201) 4 headers in 162 bytes (1 switches on core 0) /var/lib/openstack/lib/python3.12/site-packages/pycadf/identifier.py:70: UserWarning: Invalid uuid: neutron. To ensure interoperability, identifiers should be a valid uuid. warnings.warn(('Invalid uuid: %s. To ensure interoperability, ' [pid: 8|app: 0|req: 646/1397] 10.0.0.131 () {28 vars in 581 bytes} [Wed Sep 9 00:15:54 2026] GET /v2.0/agents => generated 1214 bytes in 12 msecs (HTTP/1.1 200) 4 headers in 158 bytes (1 switches on core 0) [pid: 7|app: 0|req: 752/1398] 10.0.0.74 () {32 vars in 723 bytes} [Wed Sep 9 00:15:54 2026] DELETE /v2.0/subnets/50c9a47b-1311-4fc6-9578-c7b1eb305a91 => generated 0 bytes in 177 msecs (HTTP/1.1 204) 3 headers in 131 bytes (1 switches on core 0) [pid: 7|app: 0|req: 753/1399] 10.0.0.131 () {28 vars in 591 bytes} [Wed Sep 9 00:15:54 2026] GET /v2.0/floatingips => generated 860 bytes in 29 msecs (HTTP/1.1 200) 4 headers in 157 bytes (1 switches on core 0) [pid: 7|app: 0|req: 754/1400] 10.0.0.74 () {32 vars in 646 bytes} [Wed Sep 9 00:15:54 2026] GET /v2.0/subnets => generated 649 bytes in 20 msecs (HTTP/1.1 200) 4 headers in 157 bytes (1 switches on core 0)
2026-09-09 00:15:54.612 7 INFO neutron_taas.services.taas.taas_plugin [None req-92c25dbd-fcac-4a34-9a5f-00b025ba3ce8 b87ba10bc85a455d8da13697bd4dadbb 02b69a9873c34ef393d72d1d7663e9ed - - default default] TaaS: Handle Delete Port: c54c9d44-04ff-4ee4-9edc-fadbb85246bf
2026-09-09 00:15:54.614 7 INFO neutron_taas.services.taas.tap_mirror_plugin [None req-92c25dbd-fcac-4a34-9a5f-00b025ba3ce8 b87ba10bc85a455d8da13697bd4dadbb 02b69a9873c34ef393d72d1d7663e9ed - - default default] Tap Mirror: Handle Delete Port: c54c9d44-04ff-4ee4-9edc-fadbb85246bf
2026-09-09 00:15:54.650 8 INFO neutron.plugins.ml2.drivers.ovn.mech_driver.mech_driver [None req-32a3d794-3e54-42d5-8291-c88c2e8d61e1 - - - - - -] OVN reports status down for port: fcbb8c2c-06ad-415c-835d-2433eb81e5c1
2026-09-09 00:15:54.738 8 INFO neutron.db.ovn_revision_numbers_db [None req-9cc4b5c7-3662-4f45-9f40-f53a7aed84ae 3d3bc5e4ae1b451f927e396aeb228350 344222a8c759456c8b665b3de438bc15 - - default default] Successfully bumped revision number for resource fcbb8c2c-06ad-415c-835d-2433eb81e5c1 (type: ports) to 2
2026-09-09 00:15:54.765 7 INFO neutron.services.segments.plugin [-] Segment 0a93813a-f282-407a-84d6-bd8936d9fcbd resource provider aggregate not found
2026-09-09 00:15:54.777 7 INFO neutron.services.segments.plugin [-] Segment 0a93813a-f282-407a-84d6-bd8936d9fcbd resource provider aggregate not found
2026-09-09 00:15:54.783 7 INFO neutron.services.segments.plugin [-] Client error retrieving segment 0a93813a-f282-407a-84d6-bd8936d9fcbd resource provider; error: Placement Client Error (4xx): {"errors": [{"status": 404, "title": "Not Found", "detail": "The resource could not be found.\n\n No resource provider with uuid 0a93813a-f282-407a-84d6-bd8936d9fcbd found for delete ", "request_id": "req-e902b8c4-0837-4bef-8f63-abc524f12ab3"}]} [pid: 7|app: 0|req: 755/1401] 10.0.0.74 () {32 vars in 725 bytes} [Wed Sep 9 00:15:54 2026] DELETE /v2.0/networks/355baa2e-065e-4072-8847-2fc8e6a8577c => generated 0 bytes in 270 msecs (HTTP/1.1 204) 3 headers in 131 bytes (1 switches on core 0) [pid: 8|app: 0|req: 647/1402] 10.0.0.74 () {34 vars in 736 bytes} [Wed Sep 9 00:15:54 2026] PUT /v2.0/ports/fcbb8c2c-06ad-415c-835d-2433eb81e5c1 => generated 752 bytes in 366 msecs (HTTP/1.1 200) 4 headers in 157 bytes (1 switches on core 0)
2026-09-09 00:15:54.801 7 INFO neutron.services.segments.plugin [-] Client error retrieving segment 0a93813a-f282-407a-84d6-bd8936d9fcbd resource provider; error: Placement Client Error (4xx): {"errors": [{"status": 404, "title": "Not Found", "detail": "The resource could not be found.\n\n No resource provider with uuid 0a93813a-f282-407a-84d6-bd8936d9fcbd found for delete ", "request_id": "req-35d37b23-7796-4206-a3df-ff338e9eb6f0"}]} /var/lib/openstack/lib/python3.12/site-packages/pycadf/identifier.py:70: UserWarning: Invalid uuid: neutron. To ensure interoperability, identifiers should be a valid uuid. warnings.warn(('Invalid uuid: %s. To ensure interoperability, '
2026-09-09 00:15:54.907 7 INFO neutron_taas.services.taas.taas_plugin [None req-b899f582-0886-4e74-b9dd-868f385b04dc 3d3bc5e4ae1b451f927e396aeb228350 344222a8c759456c8b665b3de438bc15 - - default default] TaaS: Handle Delete Port: fcbb8c2c-06ad-415c-835d-2433eb81e5c1
2026-09-09 00:15:54.910 7 INFO neutron_taas.services.taas.tap_mirror_plugin [None req-b899f582-0886-4e74-b9dd-868f385b04dc 3d3bc5e4ae1b451f927e396aeb228350 344222a8c759456c8b665b3de438bc15 - - default default] Tap Mirror: Handle Delete Port: fcbb8c2c-06ad-415c-835d-2433eb81e5c1
2026-09-09 00:15:54.926 8 INFO neutron_taas.services.taas.taas_plugin [None req-ef977558-d80e-45e1-8b72-da0f5b9ab790 b87ba10bc85a455d8da13697bd4dadbb 02b69a9873c34ef393d72d1d7663e9ed - - default default] TaaS: Handle Delete Port: b4efc071-5800-47c2-a6ee-81097040d0ea
2026-09-09 00:15:54.935 8 INFO neutron_taas.services.taas.tap_mirror_plugin [None req-ef977558-d80e-45e1-8b72-da0f5b9ab790 b87ba10bc85a455d8da13697bd4dadbb 02b69a9873c34ef393d72d1d7663e9ed - - default default] Tap Mirror: Handle Delete Port: b4efc071-5800-47c2-a6ee-81097040d0ea [pid: 7|app: 0|req: 756/1403] 10.0.0.74 () {32 vars in 719 bytes} [Wed Sep 9 00:15:54 2026] DELETE /v2.0/ports/fcbb8c2c-06ad-415c-835d-2433eb81e5c1 => generated 0 bytes in 231 msecs (HTTP/1.1 204) 3 headers in 131 bytes (1 switches on core 0) [pid: 7|app: 0|req: 757/1404] 10.0.0.74 () {32 vars in 642 bytes} [Wed Sep 9 00:15:55 2026] GET /v2.0/ports => generated 1537 bytes in 49 msecs (HTTP/1.1 200) 4 headers in 158 bytes (1 switches on core 0)
2026-09-09 00:15:55.106 7 INFO neutron.pecan_wsgi.hooks.translation [None req-3ee4f35a-dceb-4d3a-97b4-baaac840b7f3 3d3bc5e4ae1b451f927e396aeb228350 344222a8c759456c8b665b3de438bc15 - - default default] GET failed (client error): The resource could not be found. [pid: 7|app: 0|req: 758/1405] 10.0.0.74 () {32 vars in 716 bytes} [Wed Sep 9 00:15:55 2026] GET /v2.0/ports/fcbb8c2c-06ad-415c-835d-2433eb81e5c1 => generated 132 bytes in 16 msecs (HTTP/1.1 404) 4 headers in 164 bytes (1 switches on core 0) [pid: 7|app: 0|req: 759/1406] 10.0.0.74 () {32 vars in 642 bytes} [Wed Sep 9 00:15:55 2026] GET /v2.0/ports => generated 1537 bytes in 31 msecs (HTTP/1.1 200) 4 headers in 158 bytes (1 switches on core 0)
2026-09-09 00:15:55.180 8 INFO neutron.services.segments.plugin [-] Segment c458106b-2996-4956-b30f-62eb059b7517 resource provider aggregate not found [pid: 7|app: 0|req: 760/1407] 10.0.0.74 () {32 vars in 716 bytes} [Wed Sep 9 00:15:55 2026] GET /v2.0/ports/b9aa2daa-bb1a-40e5-8659-99dd46c30d8d => generated 778 bytes in 26 msecs (HTTP/1.1 200) 4 headers in 157 bytes (1 switches on core 0)
2026-09-09 00:15:55.199 7 INFO neutron.pecan_wsgi.hooks.translation [None req-9af6b181-8311-423f-8e13-b951213c8569 3d3bc5e4ae1b451f927e396aeb228350 344222a8c759456c8b665b3de438bc15 - - default default] DELETE failed (client error): The resource could not be found.
2026-09-09 00:15:55.200 8 INFO neutron.services.segments.plugin [-] Segment c458106b-2996-4956-b30f-62eb059b7517 resource provider aggregate not found [pid: 7|app: 0|req: 761/1408] 10.0.0.74 () {32 vars in 719 bytes} [Wed Sep 9 00:15:55 2026] DELETE /v2.0/ports/b0e1da3b-509e-402c-bd2d-bd40a643df5a => generated 132 bytes in 13 msecs (HTTP/1.1 404) 4 headers in 164 bytes (1 switches on core 0)
2026-09-09 00:15:55.206 8 INFO neutron.services.segments.plugin [-] Client error retrieving segment c458106b-2996-4956-b30f-62eb059b7517 resource provider; error: Placement Client Error (4xx): {"errors": [{"status": 404, "title": "Not Found", "detail": "The resource could not be found.\n\n No resource provider with uuid c458106b-2996-4956-b30f-62eb059b7517 found for delete ", "request_id": "req-ac2ac672-cf97-47e2-934a-4c72a9e45657"}]}
2026-09-09 00:15:55.215 7 INFO neutron.pecan_wsgi.hooks.translation [None req-981a058f-8f66-429a-97b6-85b9580a7b87 3d3bc5e4ae1b451f927e396aeb228350 344222a8c759456c8b665b3de438bc15 - - default default] DELETE failed (client error): The resource could not be found. [pid: 7|app: 0|req: 762/1409] 10.0.0.74 () {32 vars in 723 bytes} [Wed Sep 9 00:15:55 2026] DELETE /v2.0/subnets/045a36c5-be0e-4aa5-931a-e73c08e2b2a7 => generated 136 bytes in 12 msecs (HTTP/1.1 404) 4 headers in 164 bytes (1 switches on core 0)
2026-09-09 00:15:55.219 8 INFO neutron.services.segments.plugin [-] Client error retrieving segment c458106b-2996-4956-b30f-62eb059b7517 resource provider; error: Placement Client Error (4xx): {"errors": [{"status": 404, "title": "Not Found", "detail": "The resource could not be found.\n\n No resource provider with uuid c458106b-2996-4956-b30f-62eb059b7517 found for delete ", "request_id": "req-44a576b9-d6d6-4fc0-b764-69bf40f3c6e9"}]}
2026-09-09 00:15:55.233 7 INFO neutron.pecan_wsgi.hooks.translation [None req-25e7a3ec-ed5a-47b9-9b55-a653fa291807 3d3bc5e4ae1b451f927e396aeb228350 344222a8c759456c8b665b3de438bc15 - - default default] DELETE failed (client error): The resource could not be found. [pid: 7|app: 0|req: 763/1410] 10.0.0.74 () {32 vars in 723 bytes} [Wed Sep 9 00:15:55 2026] DELETE /v2.0/subnets/4e42b910-e07e-4282-a536-63e1132f44a0 => generated 136 bytes in 13 msecs (HTTP/1.1 404) 4 headers in 164 bytes (1 switches on core 0)
2026-09-09 00:15:55.236 8 INFO neutron.services.segments.plugin [-] Segment 43612899-7e1a-4e18-935a-5501fd96de69 resource provider aggregate not found [pid: 8|app: 0|req: 648/1411] 10.0.0.74 () {32 vars in 725 bytes} [Wed Sep 9 00:15:54 2026] DELETE /v2.0/networks/d9dfd02b-fe6f-4638-b9b7-99f3a62be485 => generated 0 bytes in 443 msecs (HTTP/1.1 204) 3 headers in 131 bytes (1 switches on core 0)
2026-09-09 00:15:55.255 8 INFO neutron.services.segments.plugin [-] Client error retrieving segment 43612899-7e1a-4e18-935a-5501fd96de69 resource provider; error: Placement Client Error (4xx): {"errors": [{"status": 404, "title": "Not Found", "detail": "The resource could not be found.\n\n No resource provider with uuid 43612899-7e1a-4e18-935a-5501fd96de69 found for delete ", "request_id": "req-0a6d5fb5-38c8-4af3-9a26-1fe50f7e2abd"}]}
2026-09-09 00:15:55.329 7 INFO neutron_taas.services.taas.taas_plugin [None req-4c3cc677-5b51-4047-815a-c724e516f067 3d3bc5e4ae1b451f927e396aeb228350 344222a8c759456c8b665b3de438bc15 - - default default] TaaS: Handle Delete Port: b9aa2daa-bb1a-40e5-8659-99dd46c30d8d
2026-09-09 00:15:55.332 7 INFO neutron_taas.services.taas.tap_mirror_plugin [None req-4c3cc677-5b51-4047-815a-c724e516f067 3d3bc5e4ae1b451f927e396aeb228350 344222a8c759456c8b665b3de438bc15 - - default default] Tap Mirror: Handle Delete Port: b9aa2daa-bb1a-40e5-8659-99dd46c30d8d
2026-09-09 00:15:55.365 8 INFO neutron_taas.services.taas.taas_plugin [None req-7726ecbb-8e90-4f20-a73c-8781e10622c8 b87ba10bc85a455d8da13697bd4dadbb 02b69a9873c34ef393d72d1d7663e9ed - - default default] TaaS: Handle Delete Port: 15cf45a1-4adf-4bc0-9d84-8541a4976e68
2026-09-09 00:15:55.368 8 INFO neutron_taas.services.taas.tap_mirror_plugin [None req-7726ecbb-8e90-4f20-a73c-8781e10622c8 b87ba10bc85a455d8da13697bd4dadbb 02b69a9873c34ef393d72d1d7663e9ed - - default default] Tap Mirror: Handle Delete Port: 15cf45a1-4adf-4bc0-9d84-8541a4976e68 [pid: 7|app: 0|req: 764/1412] 10.0.0.74 () {32 vars in 719 bytes} [Wed Sep 9 00:15:55 2026] DELETE /v2.0/ports/b9aa2daa-bb1a-40e5-8659-99dd46c30d8d => generated 0 bytes in 172 msecs (HTTP/1.1 204) 3 headers in 131 bytes (1 switches on core 0)
2026-09-09 00:15:55.528 7 INFO neutron_taas.services.taas.taas_plugin [None req-32bb3a13-5eeb-455d-bdbc-ac656171d55d 3d3bc5e4ae1b451f927e396aeb228350 344222a8c759456c8b665b3de438bc15 - - default default] TaaS: Handle Delete Port: 5004c593-3280-43b9-b525-f054ddbe84ad
2026-09-09 00:15:55.532 7 INFO neutron_taas.services.taas.tap_mirror_plugin [None req-32bb3a13-5eeb-455d-bdbc-ac656171d55d 3d3bc5e4ae1b451f927e396aeb228350 344222a8c759456c8b665b3de438bc15 - - default default] Tap Mirror: Handle Delete Port: 5004c593-3280-43b9-b525-f054ddbe84ad [pid: 8|app: 0|req: 649/1413] 10.0.0.74 () {32 vars in 725 bytes} [Wed Sep 9 00:15:55 2026] DELETE /v2.0/networks/c2a1d3c9-15cd-4367-a223-23985a3a9089 => generated 0 bytes in 307 msecs (HTTP/1.1 204) 3 headers in 131 bytes (1 switches on core 0)
2026-09-09 00:15:55.740 8 INFO neutron_taas.services.taas.taas_plugin [None req-6bfaa532-0023-4073-9e9f-12363dd33103 b87ba10bc85a455d8da13697bd4dadbb 02b69a9873c34ef393d72d1d7663e9ed - - default default] TaaS: Handle Delete Port: 2b318cfd-9869-4bbc-8012-79599291c499 [pid: 7|app: 0|req: 765/1414] 10.0.0.74 () {32 vars in 725 bytes} [Wed Sep 9 00:15:55 2026] DELETE /v2.0/networks/58d9331a-33dd-452e-b1c5-e0b0c94a01f4 => generated 0 bytes in 325 msecs (HTTP/1.1 204) 3 headers in 131 bytes (1 switches on core 0)
2026-09-09 00:15:55.743 8 INFO neutron_taas.services.taas.tap_mirror_plugin [None req-6bfaa532-0023-4073-9e9f-12363dd33103 b87ba10bc85a455d8da13697bd4dadbb 02b69a9873c34ef393d72d1d7663e9ed - - default default] Tap Mirror: Handle Delete Port: 2b318cfd-9869-4bbc-8012-79599291c499 [pid: 8|app: 0|req: 650/1415] 10.0.0.74 () {32 vars in 725 bytes} [Wed Sep 9 00:15:55 2026] DELETE /v2.0/networks/a3905ecd-c5ea-444a-9b45-03df9198bae4 => generated 0 bytes in 432 msecs (HTTP/1.1 204) 3 headers in 131 bytes (1 switches on core 0) [pid: 7|app: 0|req: 766/1416] 10.0.0.222 () {34 vars in 990 bytes} [Wed Sep 9 00:15:55 2026] GET /v2.0/ports?device_id=97a961e3-907d-41c6-91ae-c9fef69ce87e => generated 1209 bytes in 49 msecs (HTTP/1.1 200) 4 headers in 158 bytes (1 switches on core 0) [pid: 8|app: 0|req: 651/1417] 10.0.0.222 () {34 vars in 1040 bytes} [Wed Sep 9 00:15:56 2026] GET /v2.0/security-groups?id=85c8a20f-6dff-403a-a9e8-2956b97414b8&fields=id&fields=name => generated 113 bytes in 47 msecs (HTTP/1.1 200) 4 headers in 157 bytes (1 switches on core 0)
2026-09-09 00:15:56.472 7 INFO neutron.db.ovn_revision_numbers_db [None req-dc50d47c-677b-40e1-b2e3-0e0ed0c2b84c 5149e593885946de9d73064e3a8165a3 c5a3f761a62843768cd74c23b0be11e1 - - default default] Successfully bumped revision number for resource 5406e9f0-675e-4857-aa22-0809761b986d (type: security_groups) to 1
2026-09-09 00:15:56.497 7 INFO neutron.db.ovn_revision_numbers_db [None req-dc50d47c-677b-40e1-b2e3-0e0ed0c2b84c 5149e593885946de9d73064e3a8165a3 c5a3f761a62843768cd74c23b0be11e1 - - default default] Successfully bumped revision number for resource 4a15bbb6-1a3c-4a50-92f0-877581843905 (type: security_group_rules) to 0 [pid: 8|app: 0|req: 652/1418] 10.0.0.74 () {32 vars in 773 bytes} [Wed Sep 9 00:15:56 2026] GET /v2.0/security-groups?tenant_id=344222a8c759456c8b665b3de438bc15&name=default => generated 2925 bytes in 174 msecs (HTTP/1.1 200) 4 headers in 158 bytes (1 switches on core 0)
2026-09-09 00:15:56.511 7 INFO neutron.db.ovn_revision_numbers_db [None req-dc50d47c-677b-40e1-b2e3-0e0ed0c2b84c 5149e593885946de9d73064e3a8165a3 c5a3f761a62843768cd74c23b0be11e1 - - default default] Successfully bumped revision number for resource 4fcf2e28-481a-46aa-9c35-bf87f7a7df8f (type: security_group_rules) to 0
2026-09-09 00:15:56.524 7 INFO neutron.db.ovn_revision_numbers_db [None req-dc50d47c-677b-40e1-b2e3-0e0ed0c2b84c 5149e593885946de9d73064e3a8165a3 c5a3f761a62843768cd74c23b0be11e1 - - default default] Successfully bumped revision number for resource 531e6b63-2c9d-4dea-8880-5fe1d6d1aa5c (type: security_group_rules) to 0
2026-09-09 00:15:56.564 7 INFO neutron.db.ovn_revision_numbers_db [None req-dc50d47c-677b-40e1-b2e3-0e0ed0c2b84c 5149e593885946de9d73064e3a8165a3 c5a3f761a62843768cd74c23b0be11e1 - - default default] Successfully bumped revision number for resource 64ff4467-9173-4bc7-ae57-20922c5f3b55 (type: security_group_rules) to 0
2026-09-09 00:15:56.673 7 INFO neutron.db.segments_db [None req-dc50d47c-677b-40e1-b2e3-0e0ed0c2b84c 5149e593885946de9d73064e3a8165a3 c5a3f761a62843768cd74c23b0be11e1 - - default default] Added segment dcdc115e-dd47-4ad1-bae7-5899e39f5adf of type geneve for network 52acef39-dada-4e52-9d98-41709f93354f [pid: 8|app: 0|req: 653/1419] 10.0.0.74 () {32 vars in 739 bytes} [Wed Sep 9 00:15:56 2026] DELETE /v2.0/security-groups/9821b288-524e-408d-b642-7f27a40138aa => generated 0 bytes in 239 msecs (HTTP/1.1 204) 2 headers in 112 bytes (1 switches on core 0)
2026-09-09 00:15:56.813 7 INFO neutron.services.segments.plugin [-] Segment a5f9e6df-7b35-4475-bf12-69c8abbdc66e resource provider aggregate not found
2026-09-09 00:15:56.820 7 INFO neutron.services.segments.plugin [-] Segment a5f9e6df-7b35-4475-bf12-69c8abbdc66e resource provider aggregate not found
2026-09-09 00:15:56.837 7 INFO neutron.services.segments.plugin [-] Client error retrieving segment a5f9e6df-7b35-4475-bf12-69c8abbdc66e resource provider; error: Placement Client Error (4xx): {"errors": [{"status": 404, "title": "Not Found", "detail": "The resource could not be found.\n\n No resource provider with uuid a5f9e6df-7b35-4475-bf12-69c8abbdc66e found for delete ", "request_id": "req-a85b6d21-8f7d-421f-80f4-e4874f6abaf0"}]}
2026-09-09 00:15:56.839 7 INFO neutron.services.segments.plugin [-] Client error retrieving segment a5f9e6df-7b35-4475-bf12-69c8abbdc66e resource provider; error: Placement Client Error (4xx): {"errors": [{"status": 404, "title": "Not Found", "detail": "The resource could not be found.\n\n No resource provider with uuid a5f9e6df-7b35-4475-bf12-69c8abbdc66e found for delete ", "request_id": "req-a65fe8c0-7874-4711-949e-f42e1ffde6a2"}]}
2026-09-09 00:15:56.840 7 INFO neutron.db.ovn_revision_numbers_db [None req-dc50d47c-677b-40e1-b2e3-0e0ed0c2b84c 5149e593885946de9d73064e3a8165a3 c5a3f761a62843768cd74c23b0be11e1 - - default default] Successfully bumped revision number for resource 52acef39-dada-4e52-9d98-41709f93354f (type: networks) to 1 [pid: 8|app: 0|req: 654/1420] 10.0.0.74 () {32 vars in 773 bytes} [Wed Sep 9 00:15:56 2026] GET /v2.0/security-groups?tenant_id=02b69a9873c34ef393d72d1d7663e9ed&name=default => generated 2925 bytes in 100 msecs (HTTP/1.1 200) 4 headers in 158 bytes (1 switches on core 0)
2026-09-09 00:15:57.055 7 WARNING neutron.scheduler.dhcp_agent_scheduler [None req-dc50d47c-677b-40e1-b2e3-0e0ed0c2b84c 5149e593885946de9d73064e3a8165a3 c5a3f761a62843768cd74c23b0be11e1 - - default default] No more DHCP agents
2026-09-09 00:15:57.058 7 WARNING neutron.api.rpc.agentnotifiers.dhcp_rpc_agent_api [None req-dc50d47c-677b-40e1-b2e3-0e0ed0c2b84c 5149e593885946de9d73064e3a8165a3 c5a3f761a62843768cd74c23b0be11e1 - - default default] Unable to schedule network 52acef39-dada-4e52-9d98-41709f93354f: no agents available; will retry on subsequent port and subnet creation events.
2026-09-09 00:15:57.112 8 INFO neutron.plugins.ml2.drivers.ovn.mech_driver.mech_driver [None req-32a3d794-3e54-42d5-8291-c88c2e8d61e1 - - - - - -] OVN reports status down for port: 7e133736-59d6-4836-8716-7aae4b92ca10
2026-09-09 00:15:57.156 7 INFO neutron.db.ovn_revision_numbers_db [None req-dc50d47c-677b-40e1-b2e3-0e0ed0c2b84c 5149e593885946de9d73064e3a8165a3 c5a3f761a62843768cd74c23b0be11e1 - - default default] Successfully bumped revision number for resource 7e133736-59d6-4836-8716-7aae4b92ca10 (type: ports) to 1 [pid: 7|app: 0|req: 767/1421] 10.0.0.74 () {34 vars in 670 bytes} [Wed Sep 9 00:15:56 2026] POST /v2.0/networks => generated 789 bytes in 1097 msecs (HTTP/1.1 201) 4 headers in 162 bytes (1 switches on core 0)
2026-09-09 00:15:57.240 8 INFO neutron.services.segments.plugin [-] Segment 43612899-7e1a-4e18-935a-5501fd96de69 resource provider aggregate not found
2026-09-09 00:15:57.275 8 INFO neutron.services.segments.plugin [-] Client error retrieving segment 43612899-7e1a-4e18-935a-5501fd96de69 resource provider; error: Placement Client Error (4xx): {"errors": [{"status": 404, "title": "Not Found", "detail": "The resource could not be found.\n\n No resource provider with uuid 43612899-7e1a-4e18-935a-5501fd96de69 found for delete ", "request_id": "req-9ba7af3c-2889-4473-8185-da85330f7154"}]}
2026-09-09 00:15:57.280 8 INFO neutron.services.segments.plugin [-] Segment 7698ccd8-cb31-4be9-a05c-a7c088024b31 resource provider aggregate not found
2026-09-09 00:15:57.296 8 INFO neutron.services.segments.plugin [-] Client error retrieving segment 7698ccd8-cb31-4be9-a05c-a7c088024b31 resource provider; error: Placement Client Error (4xx): {"errors": [{"status": 404, "title": "Not Found", "detail": "The resource could not be found.\n\n No resource provider with uuid 7698ccd8-cb31-4be9-a05c-a7c088024b31 found for delete ", "request_id": "req-ba78b69d-9b5c-4d7b-8013-79674b08c393"}]}
2026-09-09 00:15:57.300 8 INFO neutron.services.segments.plugin [-] Segment 7698ccd8-cb31-4be9-a05c-a7c088024b31 resource provider aggregate not found [pid: 8|app: 0|req: 655/1422] 10.0.0.74 () {32 vars in 739 bytes} [Wed Sep 9 00:15:56 2026] DELETE /v2.0/security-groups/03ec1b09-6576-4fd3-a74d-b0bc24dfdfd8 => generated 0 bytes in 444 msecs (HTTP/1.1 204) 2 headers in 112 bytes (1 switches on core 0)
2026-09-09 00:15:57.312 8 INFO neutron.services.segments.plugin [-] Segment 4c6fcee7-cff0-49b9-b717-e55bccc3bf11 resource provider aggregate not found
2026-09-09 00:15:57.325 8 INFO neutron.services.segments.plugin [-] Client error retrieving segment 4c6fcee7-cff0-49b9-b717-e55bccc3bf11 resource provider; error: Placement Client Error (4xx): {"errors": [{"status": 404, "title": "Not Found", "detail": "The resource could not be found.\n\n No resource provider with uuid 4c6fcee7-cff0-49b9-b717-e55bccc3bf11 found for delete ", "request_id": "req-56d8dec6-325d-42d5-ac41-9c26eda7e1ba"}]}
2026-09-09 00:15:57.330 8 INFO neutron.services.segments.plugin [-] Client error retrieving segment 7698ccd8-cb31-4be9-a05c-a7c088024b31 resource provider; error: Placement Client Error (4xx): {"errors": [{"status": 404, "title": "Not Found", "detail": "The resource could not be found.\n\n No resource provider with uuid 7698ccd8-cb31-4be9-a05c-a7c088024b31 found for delete ", "request_id": "req-4431d9ae-1658-4c29-8d10-e23beb5e29bd"}]}
2026-09-09 00:15:57.334 7 WARNING neutron.scheduler.dhcp_agent_scheduler [None req-57c195a1-a553-4a96-ba18-5b4618066930 5149e593885946de9d73064e3a8165a3 c5a3f761a62843768cd74c23b0be11e1 - - default default] No more DHCP agents
2026-09-09 00:15:57.335 7 WARNING neutron.api.rpc.agentnotifiers.dhcp_rpc_agent_api [None req-57c195a1-a553-4a96-ba18-5b4618066930 5149e593885946de9d73064e3a8165a3 c5a3f761a62843768cd74c23b0be11e1 - - default default] Unable to schedule network 52acef39-dada-4e52-9d98-41709f93354f: no agents available; will retry on subsequent port and subnet creation events.
2026-09-09 00:15:57.354 8 INFO neutron.services.segments.plugin [-] Segment 4c6fcee7-cff0-49b9-b717-e55bccc3bf11 resource provider aggregate not found
2026-09-09 00:15:57.387 8 INFO neutron.services.segments.plugin [-] Client error retrieving segment 4c6fcee7-cff0-49b9-b717-e55bccc3bf11 resource provider; error: Placement Client Error (4xx): {"errors": [{"status": 404, "title": "Not Found", "detail": "The resource could not be found.\n\n No resource provider with uuid 4c6fcee7-cff0-49b9-b717-e55bccc3bf11 found for delete ", "request_id": "req-06100074-695f-448e-a7c9-6622798dcb3e"}]}
