2026-09-09 00:19:01.870 7 WARNING neutron.scheduler.dhcp_agent_scheduler [None req-17913b6b-1d5b-4609-87d2-19119c94fab6 f6cd71872f4544e49c8ee0abfc1c45aa c9a134313dc145cabf4ec6c9be2b867f - - default default] No more DHCP agents
2026-09-09 00:19:01.871 7 WARNING neutron.api.rpc.agentnotifiers.dhcp_rpc_agent_api [None req-17913b6b-1d5b-4609-87d2-19119c94fab6 f6cd71872f4544e49c8ee0abfc1c45aa c9a134313dc145cabf4ec6c9be2b867f - - default default] Unable to schedule network 1a2edfe0-02a2-48ca-ba21-9094c1775f84: no agents available; will retry on subsequent port and subnet creation events.
2026-09-09 00:19:01.901 7 INFO neutron.db.ovn_revision_numbers_db [None req-17913b6b-1d5b-4609-87d2-19119c94fab6 f6cd71872f4544e49c8ee0abfc1c45aa c9a134313dc145cabf4ec6c9be2b867f - - default default] Successfully bumped revision number for resource eb050680-06a3-4e3b-b65a-3464fa04c15a (type: subnets) to 0 [pid: 7|app: 0|req: 1329/2577] 10.0.0.74 () {34 vars in 668 bytes} [Wed Sep 9 00:19:01 2026] POST /v2.0/subnets => generated 726 bytes in 335 msecs (HTTP/1.1 201) 4 headers in 162 bytes (1 switches on core 0)
2026-09-09 00:19:02.045 8 INFO neutron.db.segments_db [None req-f1e36528-98e2-467a-b496-e184a23796e3 f6cd71872f4544e49c8ee0abfc1c45aa c9a134313dc145cabf4ec6c9be2b867f - - default default] Added segment 22db82c6-bb7d-43ae-ad5b-794c982debc2 of type geneve for network 1194c70b-e164-4532-ac7c-5c3378ff1d33
2026-09-09 00:19:02.137 8 INFO neutron.db.ovn_revision_numbers_db [None req-f1e36528-98e2-467a-b496-e184a23796e3 f6cd71872f4544e49c8ee0abfc1c45aa c9a134313dc145cabf4ec6c9be2b867f - - default default] Successfully bumped revision number for resource 1194c70b-e164-4532-ac7c-5c3378ff1d33 (type: networks) to 1
2026-09-09 00:19:02.272 8 WARNING neutron.scheduler.dhcp_agent_scheduler [None req-f1e36528-98e2-467a-b496-e184a23796e3 f6cd71872f4544e49c8ee0abfc1c45aa c9a134313dc145cabf4ec6c9be2b867f - - default default] No more DHCP agents
2026-09-09 00:19:02.273 8 WARNING neutron.api.rpc.agentnotifiers.dhcp_rpc_agent_api [None req-f1e36528-98e2-467a-b496-e184a23796e3 f6cd71872f4544e49c8ee0abfc1c45aa c9a134313dc145cabf4ec6c9be2b867f - - default default] Unable to schedule network 1194c70b-e164-4532-ac7c-5c3378ff1d33: no agents available; will retry on subsequent port and subnet creation events.
2026-09-09 00:19:02.315 7 INFO neutron.plugins.ml2.drivers.ovn.mech_driver.mech_driver [None req-e0969d2d-fb60-41d3-8cc1-8bd5c7a41e59 - - - - - -] OVN reports status down for port: 67ccadba-907b-4276-85c9-3fb9865a19ea
2026-09-09 00:19:02.339 8 INFO neutron.db.ovn_revision_numbers_db [None req-f1e36528-98e2-467a-b496-e184a23796e3 f6cd71872f4544e49c8ee0abfc1c45aa c9a134313dc145cabf4ec6c9be2b867f - - default default] Successfully bumped revision number for resource 67ccadba-907b-4276-85c9-3fb9865a19ea (type: ports) to 1 [pid: 8|app: 0|req: 1249/2578] 10.0.0.74 () {34 vars in 669 bytes} [Wed Sep 9 00:19:01 2026] POST /v2.0/networks => generated 675 bytes in 432 msecs (HTTP/1.1 201) 4 headers in 162 bytes (1 switches on core 0)
2026-09-09 00:19:02.532 7 WARNING neutron.scheduler.dhcp_agent_scheduler [None req-b12b7f3c-fe5a-40d0-bebf-5908ca921064 f6cd71872f4544e49c8ee0abfc1c45aa c9a134313dc145cabf4ec6c9be2b867f - - default default] No more DHCP agents
2026-09-09 00:19:02.533 7 WARNING neutron.api.rpc.agentnotifiers.dhcp_rpc_agent_api [None req-b12b7f3c-fe5a-40d0-bebf-5908ca921064 f6cd71872f4544e49c8ee0abfc1c45aa c9a134313dc145cabf4ec6c9be2b867f - - default default] Unable to schedule network 1194c70b-e164-4532-ac7c-5c3378ff1d33: no agents available; will retry on subsequent port and subnet creation events.
2026-09-09 00:19:02.937 7 INFO neutron.db.ovn_revision_numbers_db [None req-39df8b4f-6af4-4ff2-a3b8-90901602856a - - - - - -] Successfully bumped revision number for resource 67ccadba-907b-4276-85c9-3fb9865a19ea (type: ports) to 2
2026-09-09 00:19:03.009 7 INFO neutron.db.ovn_revision_numbers_db [None req-39df8b4f-6af4-4ff2-a3b8-90901602856a - - - - - -] Successfully bumped revision number for resource aa519ea1-71f7-49a9-8cfa-06b7407c48d7 (type: subnets) to 0 [pid: 7|app: 0|req: 1330/2579] 10.0.0.74 () {34 vars in 668 bytes} [Wed Sep 9 00:19:02 2026] POST /v2.0/subnets => generated 655 bytes in 672 msecs (HTTP/1.1 201) 4 headers in 162 bytes (1 switches on core 0)
2026-09-09 00:19:03.308 8 WARNING neutron.scheduler.dhcp_agent_scheduler [None req-6dec51be-b913-475e-a934-3b1eea22f641 f6cd71872f4544e49c8ee0abfc1c45aa c9a134313dc145cabf4ec6c9be2b867f - - default default] No more DHCP agents
2026-09-09 00:19:03.309 8 WARNING neutron.api.rpc.agentnotifiers.dhcp_rpc_agent_api [None req-6dec51be-b913-475e-a934-3b1eea22f641 f6cd71872f4544e49c8ee0abfc1c45aa c9a134313dc145cabf4ec6c9be2b867f - - default default] Unable to schedule network 1194c70b-e164-4532-ac7c-5c3378ff1d33: no agents available; will retry on subsequent port and subnet creation events.
2026-09-09 00:19:03.330 8 INFO neutron.db.ovn_revision_numbers_db [None req-6dec51be-b913-475e-a934-3b1eea22f641 f6cd71872f4544e49c8ee0abfc1c45aa c9a134313dc145cabf4ec6c9be2b867f - - default default] Successfully bumped revision number for resource b5fd77f9-4d91-4952-a820-8abe954ce033 (type: subnets) to 0 [pid: 8|app: 0|req: 1250/2580] 10.0.0.74 () {34 vars in 668 bytes} [Wed Sep 9 00:19:03 2026] POST /v2.0/subnets => generated 729 bytes in 292 msecs (HTTP/1.1 201) 4 headers in 162 bytes (1 switches on core 0)
2026-09-09 00:19:03.724 7 WARNING neutron.scheduler.dhcp_agent_scheduler [None req-7a87e2bb-3971-4be6-8db3-5317ede08021 f6cd71872f4544e49c8ee0abfc1c45aa c9a134313dc145cabf4ec6c9be2b867f - - default default] No more DHCP agents
2026-09-09 00:19:03.725 7 WARNING neutron.api.rpc.agentnotifiers.dhcp_rpc_agent_api [None req-7a87e2bb-3971-4be6-8db3-5317ede08021 f6cd71872f4544e49c8ee0abfc1c45aa c9a134313dc145cabf4ec6c9be2b867f - - default default] Unable to schedule network f1ade404-fe3a-410c-9d0a-1b0994c1e56e: no agents available; will retry on subsequent port and subnet creation events.
2026-09-09 00:19:03.814 7 INFO neutron.plugins.ml2.drivers.ovn.mech_driver.mech_driver [None req-e0969d2d-fb60-41d3-8cc1-8bd5c7a41e59 - - - - - -] OVN reports status down for port: c22c842a-c4d8-4585-a477-46bde9eee1ad
2026-09-09 00:19:03.863 7 INFO neutron.db.ovn_revision_numbers_db [None req-7a87e2bb-3971-4be6-8db3-5317ede08021 f6cd71872f4544e49c8ee0abfc1c45aa c9a134313dc145cabf4ec6c9be2b867f - - default default] Successfully bumped revision number for resource c22c842a-c4d8-4585-a477-46bde9eee1ad (type: ports) to 1
2026-09-09 00:19:03.912 8 INFO neutron.db.ovn_revision_numbers_db [None req-ed16bf11-1a7a-4ae3-b3da-6279f36a003d e14ca0204056477c88c6e0729652e946 85e0f0cc7b144890b5f79ad2b7f80ac8 - - default default] Successfully bumped revision number for resource 3a0f9434-5d3f-4540-a0ff-69744c7171a8 (type: security_groups) to 1
2026-09-09 00:19:03.938 8 INFO neutron.db.ovn_revision_numbers_db [None req-ed16bf11-1a7a-4ae3-b3da-6279f36a003d e14ca0204056477c88c6e0729652e946 85e0f0cc7b144890b5f79ad2b7f80ac8 - - default default] Successfully bumped revision number for resource 22f35a0d-a901-4b2f-9def-84f76946739e (type: security_group_rules) to 0
2026-09-09 00:19:03.962 8 INFO neutron.db.ovn_revision_numbers_db [None req-ed16bf11-1a7a-4ae3-b3da-6279f36a003d e14ca0204056477c88c6e0729652e946 85e0f0cc7b144890b5f79ad2b7f80ac8 - - default default] Successfully bumped revision number for resource 4745f568-e92c-4ac9-ad66-8c71893ea4ed (type: security_group_rules) to 0
2026-09-09 00:19:03.985 8 INFO neutron.db.ovn_revision_numbers_db [None req-ed16bf11-1a7a-4ae3-b3da-6279f36a003d e14ca0204056477c88c6e0729652e946 85e0f0cc7b144890b5f79ad2b7f80ac8 - - default default] Successfully bumped revision number for resource 7de3c615-b71c-434a-9f35-8a5374682cda (type: security_group_rules) to 0
2026-09-09 00:19:04.016 8 INFO neutron.db.ovn_revision_numbers_db [None req-ed16bf11-1a7a-4ae3-b3da-6279f36a003d e14ca0204056477c88c6e0729652e946 85e0f0cc7b144890b5f79ad2b7f80ac8 - - default default] Successfully bumped revision number for resource cc213491-b587-4c24-a80c-559db8c5f0c3 (type: security_group_rules) to 0
2026-09-09 00:19:04.132 8 INFO neutron.db.segments_db [None req-ed16bf11-1a7a-4ae3-b3da-6279f36a003d e14ca0204056477c88c6e0729652e946 85e0f0cc7b144890b5f79ad2b7f80ac8 - - default default] Added segment c8487b3a-4a12-4916-bef9-43c2bd4920bd of type geneve for network 043bcbb6-c474-4079-b4ba-ea2619adc1d1
2026-09-09 00:19:04.254 8 INFO neutron.db.ovn_revision_numbers_db [None req-ed16bf11-1a7a-4ae3-b3da-6279f36a003d e14ca0204056477c88c6e0729652e946 85e0f0cc7b144890b5f79ad2b7f80ac8 - - default default] Successfully bumped revision number for resource 043bcbb6-c474-4079-b4ba-ea2619adc1d1 (type: networks) to 1
2026-09-09 00:19:04.432 8 WARNING neutron.scheduler.dhcp_agent_scheduler [None req-ed16bf11-1a7a-4ae3-b3da-6279f36a003d e14ca0204056477c88c6e0729652e946 85e0f0cc7b144890b5f79ad2b7f80ac8 - - default default] No more DHCP agents
2026-09-09 00:19:04.433 8 WARNING neutron.api.rpc.agentnotifiers.dhcp_rpc_agent_api [None req-ed16bf11-1a7a-4ae3-b3da-6279f36a003d e14ca0204056477c88c6e0729652e946 85e0f0cc7b144890b5f79ad2b7f80ac8 - - default default] Unable to schedule network 043bcbb6-c474-4079-b4ba-ea2619adc1d1: no agents available; will retry on subsequent port and subnet creation events.
2026-09-09 00:19:04.469 8 INFO neutron.plugins.ml2.drivers.ovn.mech_driver.mech_driver [None req-9df7d39f-ebce-4754-a780-9c9f0fb347db - - - - - -] OVN reports status down for port: e0541ca1-cc5e-4ac8-b234-695d6ee56cb4
2026-09-09 00:19:04.510 8 INFO neutron.db.ovn_revision_numbers_db [None req-ed16bf11-1a7a-4ae3-b3da-6279f36a003d e14ca0204056477c88c6e0729652e946 85e0f0cc7b144890b5f79ad2b7f80ac8 - - default default] Successfully bumped revision number for resource e0541ca1-cc5e-4ac8-b234-695d6ee56cb4 (type: ports) to 1 [pid: 8|app: 0|req: 1251/2581] 10.0.0.74 () {34 vars in 669 bytes} [Wed Sep 9 00:19:03 2026] POST /v2.0/networks => generated 669 bytes in 1002 msecs (HTTP/1.1 201) 4 headers in 162 bytes (1 switches on core 0)
2026-09-09 00:19:04.661 7 INFO neutron.plugins.ml2.drivers.ovn.mech_driver.ovsdb.commands [None req-e434990d-e118-4c9f-8cb7-88d3aa79edb1 - - - - - -] Schedule LRP lrp-c22c842a-c4d8-4585-a477-46bde9eee1ad on gateway f4df76da-971e-4991-abb8-d7cfddf82080 with priority 1
2026-09-09 00:19:04.680 7 INFO neutron.plugins.ml2.drivers.ovn.mech_driver.mech_driver [None req-e0969d2d-fb60-41d3-8cc1-8bd5c7a41e59 - - - - - -] OVN reports status up for port: c22c842a-c4d8-4585-a477-46bde9eee1ad
2026-09-09 00:19:04.702 7 INFO neutron.plugins.ml2.drivers.ovn.mech_driver.ovsdb.ovsdb_monitor [None req-cf5b70c6-6d49-4b7a-ab8a-844f8715b85a - - - - - -] Router 3bbd23c8-0c93-4864-863b-9b39b314d23c is bound to host instance
2026-09-09 00:19:04.730 7 INFO neutron.plugins.ml2.plugin [None req-e0969d2d-fb60-41d3-8cc1-8bd5c7a41e59 - - - - - -] Attempt 1 to provision port c22c842a-c4d8-4585-a477-46bde9eee1ad
2026-09-09 00:19:04.792 7 INFO neutron.db.ovn_revision_numbers_db [None req-7a87e2bb-3971-4be6-8db3-5317ede08021 f6cd71872f4544e49c8ee0abfc1c45aa c9a134313dc145cabf4ec6c9be2b867f - - default default] Successfully bumped revision number for resource c22c842a-c4d8-4585-a477-46bde9eee1ad (type: router_ports) to 1
2026-09-09 00:19:04.826 8 WARNING neutron.scheduler.dhcp_agent_scheduler [None req-e367cd52-f4cf-43ca-a63f-9cfdf04eb2e7 e14ca0204056477c88c6e0729652e946 85e0f0cc7b144890b5f79ad2b7f80ac8 - - default default] No more DHCP agents
2026-09-09 00:19:04.827 8 WARNING neutron.api.rpc.agentnotifiers.dhcp_rpc_agent_api [None req-e367cd52-f4cf-43ca-a63f-9cfdf04eb2e7 e14ca0204056477c88c6e0729652e946 85e0f0cc7b144890b5f79ad2b7f80ac8 - - default default] Unable to schedule network 043bcbb6-c474-4079-b4ba-ea2619adc1d1: no agents available; will retry on subsequent port and subnet creation events.
2026-09-09 00:19:04.915 8 INFO neutron.db.ovn_revision_numbers_db [None req-e367cd52-f4cf-43ca-a63f-9cfdf04eb2e7 e14ca0204056477c88c6e0729652e946 85e0f0cc7b144890b5f79ad2b7f80ac8 - - default default] Successfully bumped revision number for resource 0ea12a49-9d67-416e-862c-f26d4e14ae82 (type: ports) to 1 [pid: 8|app: 0|req: 1254/2584] 10.0.0.74 () {34 vars in 663 bytes} [Wed Sep 9 00:19:04 2026] POST /v2.0/ports => generated 743 bytes in 432 msecs (HTTP/1.1 201) 4 headers in 162 bytes (1 switches on core 0)
2026-09-09 00:19:05.131 7 INFO neutron.db.ovn_revision_numbers_db [None req-7a87e2bb-3971-4be6-8db3-5317ede08021 f6cd71872f4544e49c8ee0abfc1c45aa c9a134313dc145cabf4ec6c9be2b867f - - default default] Successfully bumped revision number for resource 3bbd23c8-0c93-4864-863b-9b39b314d23c (type: routers) to 2 /var/lib/openstack/lib/python3.12/site-packages/pycadf/identifier.py:70: UserWarning: Invalid uuid: neutron. To ensure interoperability, identifiers should be a valid uuid. warnings.warn(('Invalid uuid: %s. To ensure interoperability, ' [pid: 7|app: 0|req: 1331/2585] 10.0.0.74 () {34 vars in 668 bytes} [Wed Sep 9 00:19:03 2026] POST /v2.0/routers => generated 945 bytes in 1831 msecs (HTTP/1.1 201) 4 headers in 162 bytes (1 switches on core 0)
2026-09-09 00:19:05.318 8 INFO neutron.db.ovn_revision_numbers_db [None req-23b9a9c6-cefd-4d26-b333-009be2c869a9 8478798e734544c58114ae007ca9d134 1ec93476b240460dad79471ebb9509a1 - - default default] Successfully bumped revision number for resource 100ee4a9-d5f1-496e-be96-3d44c1d1ad9c (type: security_groups) to 1
2026-09-09 00:19:05.334 8 INFO neutron.db.ovn_revision_numbers_db [None req-23b9a9c6-cefd-4d26-b333-009be2c869a9 8478798e734544c58114ae007ca9d134 1ec93476b240460dad79471ebb9509a1 - - default default] Successfully bumped revision number for resource 2b6c395d-35d3-45c3-b3c5-e4ef06403073 (type: security_group_rules) to 0
2026-09-09 00:19:05.350 8 INFO neutron.db.ovn_revision_numbers_db [None req-23b9a9c6-cefd-4d26-b333-009be2c869a9 8478798e734544c58114ae007ca9d134 1ec93476b240460dad79471ebb9509a1 - - default default] Successfully bumped revision number for resource 4421a6fd-3b8c-4485-9b4c-8f6d59f8af21 (type: security_group_rules) to 0 [pid: 7|app: 0|req: 1332/2586] 10.0.0.74 () {34 vars in 746 bytes} [Wed Sep 9 00:19:05 2026] PUT /v2.0/ports/0ea12a49-9d67-416e-862c-f26d4e14ae82/tags => generated 25 bytes in 184 msecs (HTTP/1.1 200) 4 headers in 156 bytes (1 switches on core 0)
2026-09-09 00:19:05.366 8 INFO neutron.db.ovn_revision_numbers_db [None req-23b9a9c6-cefd-4d26-b333-009be2c869a9 8478798e734544c58114ae007ca9d134 1ec93476b240460dad79471ebb9509a1 - - default default] Successfully bumped revision number for resource 9d158ee1-8b0f-4d56-b050-9fa2f7a6e4fc (type: security_group_rules) to 0 /var/lib/openstack/lib/python3.12/site-packages/pycadf/identifier.py:70: UserWarning: Invalid uuid: neutron. To ensure interoperability, identifiers should be a valid uuid. warnings.warn(('Invalid uuid: %s. To ensure interoperability, '
2026-09-09 00:19:05.379 8 INFO neutron.db.ovn_revision_numbers_db [None req-23b9a9c6-cefd-4d26-b333-009be2c869a9 8478798e734544c58114ae007ca9d134 1ec93476b240460dad79471ebb9509a1 - - default default] Successfully bumped revision number for resource cd68ef2c-b3e8-4639-8cfd-868771615c60 (type: security_group_rules) to 0
2026-09-09 00:19:05.491 8 INFO neutron.db.segments_db [None req-23b9a9c6-cefd-4d26-b333-009be2c869a9 8478798e734544c58114ae007ca9d134 1ec93476b240460dad79471ebb9509a1 - - default default] Added segment 28661b65-cfb7-4c43-8552-2ab36609a6a6 of type geneve for network 8c586f9e-ef6d-4864-a277-f6ca583f214a
2026-09-09 00:19:05.633 8 INFO neutron.db.ovn_revision_numbers_db [None req-23b9a9c6-cefd-4d26-b333-009be2c869a9 8478798e734544c58114ae007ca9d134 1ec93476b240460dad79471ebb9509a1 - - default default] Successfully bumped revision number for resource 8c586f9e-ef6d-4864-a277-f6ca583f214a (type: networks) to 1
2026-09-09 00:19:05.829 8 WARNING neutron.scheduler.dhcp_agent_scheduler [None req-23b9a9c6-cefd-4d26-b333-009be2c869a9 8478798e734544c58114ae007ca9d134 1ec93476b240460dad79471ebb9509a1 - - default default] No more DHCP agents
2026-09-09 00:19:05.830 8 WARNING neutron.api.rpc.agentnotifiers.dhcp_rpc_agent_api [None req-23b9a9c6-cefd-4d26-b333-009be2c869a9 8478798e734544c58114ae007ca9d134 1ec93476b240460dad79471ebb9509a1 - - default default] Unable to schedule network 8c586f9e-ef6d-4864-a277-f6ca583f214a: no agents available; will retry on subsequent port and subnet creation events.
2026-09-09 00:19:05.870 8 INFO neutron.plugins.ml2.drivers.ovn.mech_driver.mech_driver [None req-9df7d39f-ebce-4754-a780-9c9f0fb347db - - - - - -] OVN reports status down for port: 6a9ebdce-9709-49c7-8884-ba8d0aac3060
2026-09-09 00:19:05.930 8 INFO neutron.db.ovn_revision_numbers_db [None req-23b9a9c6-cefd-4d26-b333-009be2c869a9 8478798e734544c58114ae007ca9d134 1ec93476b240460dad79471ebb9509a1 - - default default] Successfully bumped revision number for resource 6a9ebdce-9709-49c7-8884-ba8d0aac3060 (type: ports) to 1 [pid: 8|app: 0|req: 1255/2587] 10.0.0.74 () {34 vars in 669 bytes} [Wed Sep 9 00:19:04 2026] POST /v2.0/networks => generated 664 bytes in 986 msecs (HTTP/1.1 201) 4 headers in 162 bytes (1 switches on core 0) [pid: 8|app: 0|req: 1256/2588] 10.0.0.74 () {32 vars in 726 bytes} [Wed Sep 9 00:19:05 2026] GET /v2.0/ports/0ea12a49-9d67-416e-862c-f26d4e14ae82/tags => generated 25 bytes in 100 msecs (HTTP/1.1 200) 4 headers in 156 bytes (1 switches on core 0) /var/lib/openstack/lib/python3.12/site-packages/pycadf/identifier.py:70: UserWarning: Invalid uuid: neutron. To ensure interoperability, identifiers should be a valid uuid. warnings.warn(('Invalid uuid: %s. To ensure interoperability, '
2026-09-09 00:19:06.272 8 WARNING neutron.scheduler.dhcp_agent_scheduler [None req-8fab2456-427c-41f8-b86f-e75e36e15723 8478798e734544c58114ae007ca9d134 1ec93476b240460dad79471ebb9509a1 - - default default] No more DHCP agents
2026-09-09 00:19:06.275 8 WARNING neutron.api.rpc.agentnotifiers.dhcp_rpc_agent_api [None req-8fab2456-427c-41f8-b86f-e75e36e15723 8478798e734544c58114ae007ca9d134 1ec93476b240460dad79471ebb9509a1 - - default default] Unable to schedule network 8c586f9e-ef6d-4864-a277-f6ca583f214a: no agents available; will retry on subsequent port and subnet creation events.
2026-09-09 00:19:06.496 7 WARNING neutron.scheduler.dhcp_agent_scheduler [None req-6b90b93e-f220-48bf-96de-9870c9086e0c f6cd71872f4544e49c8ee0abfc1c45aa c9a134313dc145cabf4ec6c9be2b867f - - default default] No more DHCP agents
2026-09-09 00:19:06.499 7 WARNING neutron.api.rpc.agentnotifiers.dhcp_rpc_agent_api [None req-6b90b93e-f220-48bf-96de-9870c9086e0c f6cd71872f4544e49c8ee0abfc1c45aa c9a134313dc145cabf4ec6c9be2b867f - - default default] Unable to schedule network dd20c767-9d5a-4468-9ef4-ef351eca0266: no agents available; will retry on subsequent port and subnet creation events.
2026-09-09 00:19:06.706 8 INFO neutron.db.ovn_revision_numbers_db [None req-06a8a794-659c-49f6-9c4b-447e07489844 - - - - - -] Successfully bumped revision number for resource 6a9ebdce-9709-49c7-8884-ba8d0aac3060 (type: ports) to 2
2026-09-09 00:19:06.759 7 INFO neutron.db.ovn_revision_numbers_db [None req-39bbdd4f-3e64-410a-b121-8e2fac516186 - - - - - -] Successfully bumped revision number for resource c22c842a-c4d8-4585-a477-46bde9eee1ad (type: ports) to 4
2026-09-09 00:19:06.759 8 INFO neutron.db.ovn_revision_numbers_db [None req-06a8a794-659c-49f6-9c4b-447e07489844 - - - - - -] Successfully bumped revision number for resource bc0c70ee-cd3d-4f6a-97ad-71d744102ae0 (type: subnets) to 0 [pid: 8|app: 0|req: 1257/2589] 10.0.0.74 () {34 vars in 668 bytes} [Wed Sep 9 00:19:06 2026] POST /v2.0/subnets => generated 626 bytes in 708 msecs (HTTP/1.1 201) 4 headers in 162 bytes (1 switches on core 0)
2026-09-09 00:19:06.806 7 INFO neutron.db.ovn_revision_numbers_db [None req-6b90b93e-f220-48bf-96de-9870c9086e0c f6cd71872f4544e49c8ee0abfc1c45aa c9a134313dc145cabf4ec6c9be2b867f - - default default] Successfully bumped revision number for resource b0ccd2d1-1c68-4515-bfe5-3e1eae17b689 (type: ports) to 1 [pid: 8|app: 0|req: 1258/2590] 10.0.0.74 () {34 vars in 757 bytes} [Wed Sep 9 00:19:06 2026] PUT /v2.0/ports/0ea12a49-9d67-416e-862c-f26d4e14ae82/tags/green => generated 4 bytes in 98 msecs (HTTP/1.1 201) 4 headers in 160 bytes (1 switches on core 0) /var/lib/openstack/lib/python3.12/site-packages/pycadf/identifier.py:70: UserWarning: Invalid uuid: neutron. To ensure interoperability, identifiers should be a valid uuid. warnings.warn(('Invalid uuid: %s. To ensure interoperability, '
2026-09-09 00:19:07.393 8 WARNING neutron.scheduler.dhcp_agent_scheduler [None req-6495b45f-76e7-4363-b279-bfc393c51b20 8478798e734544c58114ae007ca9d134 1ec93476b240460dad79471ebb9509a1 - - default default] No more DHCP agents
2026-09-09 00:19:07.395 8 WARNING neutron.api.rpc.agentnotifiers.dhcp_rpc_agent_api [None req-6495b45f-76e7-4363-b279-bfc393c51b20 8478798e734544c58114ae007ca9d134 1ec93476b240460dad79471ebb9509a1 - - default default] Unable to schedule network f1ade404-fe3a-410c-9d0a-1b0994c1e56e: no agents available; will retry on subsequent port and subnet creation events.
2026-09-09 00:19:07.519 7 INFO neutron.db.ovn_revision_numbers_db [None req-39bbdd4f-3e64-410a-b121-8e2fac516186 - - - - - -] Successfully bumped revision number for resource c22c842a-c4d8-4585-a477-46bde9eee1ad (type: ports) to 5
2026-09-09 00:19:07.558 8 INFO neutron.db.ovn_revision_numbers_db [None req-6495b45f-76e7-4363-b279-bfc393c51b20 8478798e734544c58114ae007ca9d134 1ec93476b240460dad79471ebb9509a1 - - default default] Successfully bumped revision number for resource 2c61a639-5d4b-438c-8122-e3100a868311 (type: ports) to 1
2026-09-09 00:19:07.636 7 INFO neutron.plugins.ml2.drivers.ovn.mech_driver.mech_driver [None req-e0969d2d-fb60-41d3-8cc1-8bd5c7a41e59 - - - - - -] OVN reports status down for port: 0ea12a49-9d67-416e-862c-f26d4e14ae82
2026-09-09 00:19:07.890 7 INFO neutron.plugins.ml2.drivers.ovn.mech_driver.mech_driver [None req-e0969d2d-fb60-41d3-8cc1-8bd5c7a41e59 - - - - - -] OVN reports status down for port: b0ccd2d1-1c68-4515-bfe5-3e1eae17b689
2026-09-09 00:19:08.054 7 INFO neutron.plugins.ml2.drivers.ovn.mech_driver.mech_driver [None req-e0969d2d-fb60-41d3-8cc1-8bd5c7a41e59 - - - - - -] OVN reports status down for port: 2c61a639-5d4b-438c-8122-e3100a868311
2026-09-09 00:19:08.147 8 INFO neutron.plugins.ml2.drivers.ovn.mech_driver.ovsdb.commands [None req-2d2b978d-6300-4dda-8b03-f4eb2f2a6d7e - - - - - -] Schedule LRP lrp-2c61a639-5d4b-438c-8122-e3100a868311 on gateway f4df76da-971e-4991-abb8-d7cfddf82080 with priority 1
2026-09-09 00:19:08.225 7 WARNING neutron.plugins.ml2.drivers.ovn.mech_driver.ovsdb.ovn_client [None req-e0969d2d-fb60-41d3-8cc1-8bd5c7a41e59 - - - - - -] Logical_Switch_Port 2c61a639-5d4b-438c-8122-e3100a868311 host information not removed, the port state is up
2026-09-09 00:19:08.225 7 INFO neutron.plugins.ml2.drivers.ovn.mech_driver.mech_driver [None req-e0969d2d-fb60-41d3-8cc1-8bd5c7a41e59 - - - - - -] OVN reports status up for port: 2c61a639-5d4b-438c-8122-e3100a868311
2026-09-09 00:19:08.227 8 INFO neutron.db.ovn_revision_numbers_db [None req-6495b45f-76e7-4363-b279-bfc393c51b20 8478798e734544c58114ae007ca9d134 1ec93476b240460dad79471ebb9509a1 - - default default] Successfully bumped revision number for resource 2c61a639-5d4b-438c-8122-e3100a868311 (type: router_ports) to 1
2026-09-09 00:19:08.260 7 INFO neutron.plugins.ml2.plugin [None req-e0969d2d-fb60-41d3-8cc1-8bd5c7a41e59 - - - - - -] Attempt 1 to provision port 2c61a639-5d4b-438c-8122-e3100a868311
2026-09-09 00:19:08.310 8 INFO neutron.db.ovn_revision_numbers_db [None req-6495b45f-76e7-4363-b279-bfc393c51b20 8478798e734544c58114ae007ca9d134 1ec93476b240460dad79471ebb9509a1 - - default default] Successfully bumped revision number for resource 8ddeadef-c376-4e62-a4d8-40c6ff0c7fe9 (type: routers) to 2 [pid: 8|app: 0|req: 1259/2591] 10.0.0.74 () {34 vars in 668 bytes} [Wed Sep 9 00:19:06 2026] POST /v2.0/routers => generated 936 bytes in 1459 msecs (HTTP/1.1 201) 4 headers in 162 bytes (1 switches on core 0) [pid: 8|app: 0|req: 1260/2592] 10.0.0.74 () {32 vars in 726 bytes} [Wed Sep 9 00:19:08 2026] GET /v2.0/ports/0ea12a49-9d67-416e-862c-f26d4e14ae82/tags => generated 34 bytes in 57 msecs (HTTP/1.1 200) 4 headers in 156 bytes (1 switches on core 0) /var/lib/openstack/lib/python3.12/site-packages/pycadf/identifier.py:70: UserWarning: Invalid uuid: neutron. To ensure interoperability, identifiers should be a valid uuid. warnings.warn(('Invalid uuid: %s. To ensure interoperability, '
2026-09-09 00:19:08.572 7 WARNING neutron.scheduler.dhcp_agent_scheduler [None req-6b90b93e-f220-48bf-96de-9870c9086e0c f6cd71872f4544e49c8ee0abfc1c45aa c9a134313dc145cabf4ec6c9be2b867f - - default default] No more DHCP agents
2026-09-09 00:19:08.574 7 WARNING neutron.api.rpc.agentnotifiers.dhcp_rpc_agent_api [None req-6b90b93e-f220-48bf-96de-9870c9086e0c f6cd71872f4544e49c8ee0abfc1c45aa c9a134313dc145cabf4ec6c9be2b867f - - default default] Unable to schedule network dd20c767-9d5a-4468-9ef4-ef351eca0266: no agents available; will retry on subsequent port and subnet creation events.
2026-09-09 00:19:08.826 8 WARNING neutron.scheduler.dhcp_agent_scheduler [None req-d86a209d-4e6a-4722-8c23-ed575e923c50 8478798e734544c58114ae007ca9d134 1ec93476b240460dad79471ebb9509a1 - - default default] No more DHCP agents
2026-09-09 00:19:08.827 8 WARNING neutron.api.rpc.agentnotifiers.dhcp_rpc_agent_api [None req-d86a209d-4e6a-4722-8c23-ed575e923c50 8478798e734544c58114ae007ca9d134 1ec93476b240460dad79471ebb9509a1 - - default default] Unable to schedule network 8c586f9e-ef6d-4864-a277-f6ca583f214a: no agents available; will retry on subsequent port and subnet creation events.
2026-09-09 00:19:08.963 8 INFO neutron.plugins.ml2.drivers.ovn.mech_driver.mech_driver [None req-9df7d39f-ebce-4754-a780-9c9f0fb347db - - - - - -] OVN reports status down for port: a6243f98-5e41-4639-9c40-628af71638fa
2026-09-09 00:19:09.050 8 INFO neutron.db.ovn_revision_numbers_db [None req-d86a209d-4e6a-4722-8c23-ed575e923c50 8478798e734544c58114ae007ca9d134 1ec93476b240460dad79471ebb9509a1 - - default default] Successfully bumped revision number for resource a6243f98-5e41-4639-9c40-628af71638fa (type: ports) to 1
2026-09-09 00:19:09.067 7 INFO neutron.db.ovn_revision_numbers_db [None req-6b90b93e-f220-48bf-96de-9870c9086e0c f6cd71872f4544e49c8ee0abfc1c45aa c9a134313dc145cabf4ec6c9be2b867f - - default default] Successfully bumped revision number for resource b0ccd2d1-1c68-4515-bfe5-3e1eae17b689 (type: router_ports) to 1 [pid: 7|app: 0|req: 1333/2593] 10.0.0.74 () {34 vars in 782 bytes} [Wed Sep 9 00:19:05 2026] PUT /v2.0/routers/3bbd23c8-0c93-4864-863b-9b39b314d23c/add_router_interface => generated 309 bytes in 3713 msecs (HTTP/1.1 200) 4 headers in 157 bytes (1 switches on core 0) [pid: 7|app: 0|req: 1334/2594] 10.0.0.74 () {34 vars in 753 bytes} [Wed Sep 9 00:19:09 2026] PUT /v2.0/ports/0ea12a49-9d67-416e-862c-f26d4e14ae82/tags/red => generated 4 bytes in 79 msecs (HTTP/1.1 201) 4 headers in 160 bytes (1 switches on core 0) /var/lib/openstack/lib/python3.12/site-packages/pycadf/identifier.py:70: UserWarning: Invalid uuid: neutron. To ensure interoperability, identifiers should be a valid uuid. warnings.warn(('Invalid uuid: %s. To ensure interoperability, '
2026-09-09 00:19:09.616 7 WARNING neutron.scheduler.dhcp_agent_scheduler [None req-dd68aaa2-e57e-4bbc-9890-9df8d4fe17ab f6cd71872f4544e49c8ee0abfc1c45aa c9a134313dc145cabf4ec6c9be2b867f - - default default] No more DHCP agents
2026-09-09 00:19:09.618 7 WARNING neutron.api.rpc.agentnotifiers.dhcp_rpc_agent_api [None req-dd68aaa2-e57e-4bbc-9890-9df8d4fe17ab f6cd71872f4544e49c8ee0abfc1c45aa c9a134313dc145cabf4ec6c9be2b867f - - default default] Unable to schedule network 1a2edfe0-02a2-48ca-ba21-9094c1775f84: no agents available; will retry on subsequent port and subnet creation events.
2026-09-09 00:19:09.747 7 INFO neutron.db.ovn_revision_numbers_db [None req-dd68aaa2-e57e-4bbc-9890-9df8d4fe17ab f6cd71872f4544e49c8ee0abfc1c45aa c9a134313dc145cabf4ec6c9be2b867f - - default default] Successfully bumped revision number for resource 71a04ebc-74e0-42d6-9b67-ba3c5021b362 (type: ports) to 1
2026-09-09 00:19:09.889 8 INFO neutron.plugins.ml2.drivers.ovn.mech_driver.mech_driver [None req-9df7d39f-ebce-4754-a780-9c9f0fb347db - - - - - -] OVN reports status down for port: 71a04ebc-74e0-42d6-9b67-ba3c5021b362
2026-09-09 00:19:10.449 8 INFO neutron.plugins.ml2.drivers.ovn.mech_driver.mech_driver [None req-9df7d39f-ebce-4754-a780-9c9f0fb347db - - - - - -] OVN reports status up for port: a6243f98-5e41-4639-9c40-628af71638fa
2026-09-09 00:19:10.480 8 INFO neutron.plugins.ml2.plugin [None req-9df7d39f-ebce-4754-a780-9c9f0fb347db - - - - - -] Attempt 1 to provision port a6243f98-5e41-4639-9c40-628af71638fa
2026-09-09 00:19:10.613 8 WARNING neutron.scheduler.dhcp_agent_scheduler [None req-d86a209d-4e6a-4722-8c23-ed575e923c50 8478798e734544c58114ae007ca9d134 1ec93476b240460dad79471ebb9509a1 - - default default] No more DHCP agents
2026-09-09 00:19:10.613 7 WARNING neutron.scheduler.dhcp_agent_scheduler [None req-dd68aaa2-e57e-4bbc-9890-9df8d4fe17ab f6cd71872f4544e49c8ee0abfc1c45aa c9a134313dc145cabf4ec6c9be2b867f - - default default] No more DHCP agents
2026-09-09 00:19:10.615 7 WARNING neutron.api.rpc.agentnotifiers.dhcp_rpc_agent_api [None req-dd68aaa2-e57e-4bbc-9890-9df8d4fe17ab f6cd71872f4544e49c8ee0abfc1c45aa c9a134313dc145cabf4ec6c9be2b867f - - default default] Unable to schedule network 1a2edfe0-02a2-48ca-ba21-9094c1775f84: no agents available; will retry on subsequent port and subnet creation events.
2026-09-09 00:19:10.615 8 WARNING neutron.api.rpc.agentnotifiers.dhcp_rpc_agent_api [None req-d86a209d-4e6a-4722-8c23-ed575e923c50 8478798e734544c58114ae007ca9d134 1ec93476b240460dad79471ebb9509a1 - - default default] Unable to schedule network 8c586f9e-ef6d-4864-a277-f6ca583f214a: no agents available; will retry on subsequent port and subnet creation events.
2026-09-09 00:19:10.957 7 INFO neutron.db.ovn_revision_numbers_db [None req-dd68aaa2-e57e-4bbc-9890-9df8d4fe17ab f6cd71872f4544e49c8ee0abfc1c45aa c9a134313dc145cabf4ec6c9be2b867f - - default default] Successfully bumped revision number for resource 71a04ebc-74e0-42d6-9b67-ba3c5021b362 (type: router_ports) to 1 [pid: 7|app: 0|req: 1335/2595] 10.0.0.74 () {34 vars in 782 bytes} [Wed Sep 9 00:19:09 2026] PUT /v2.0/routers/3bbd23c8-0c93-4864-863b-9b39b314d23c/add_router_interface => generated 309 bytes in 1806 msecs (HTTP/1.1 200) 4 headers in 157 bytes (1 switches on core 0) [pid: 7|app: 0|req: 1336/2596] 10.0.0.74 () {32 vars in 726 bytes} [Wed Sep 9 00:19:10 2026] GET /v2.0/ports/0ea12a49-9d67-416e-862c-f26d4e14ae82/tags => generated 34 bytes in 68 msecs (HTTP/1.1 200) 4 headers in 156 bytes (1 switches on core 0) /var/lib/openstack/lib/python3.12/site-packages/pycadf/identifier.py:70: UserWarning: Invalid uuid: neutron. To ensure interoperability, identifiers should be a valid uuid. warnings.warn(('Invalid uuid: %s. To ensure interoperability, '
2026-09-09 00:19:11.222 8 INFO neutron.db.ovn_revision_numbers_db [None req-9df7d39f-ebce-4754-a780-9c9f0fb347db - - - - - -] Successfully bumped revision number for resource a6243f98-5e41-4639-9c40-628af71638fa (type: ports) to 2
2026-09-09 00:19:11.344 8 INFO neutron.plugins.ml2.drivers.ovn.mech_driver.mech_driver [None req-392bbd33-a0a2-41fe-8315-5ed8260748d9 - - - - - -] OVN reports status up for port: 71a04ebc-74e0-42d6-9b67-ba3c5021b362
2026-09-09 00:19:11.371 8 INFO neutron.plugins.ml2.plugin [None req-392bbd33-a0a2-41fe-8315-5ed8260748d9 - - - - - -] Attempt 1 to provision port 71a04ebc-74e0-42d6-9b67-ba3c5021b362
2026-09-09 00:19:11.388 8 INFO neutron.db.ovn_revision_numbers_db [None req-d86a209d-4e6a-4722-8c23-ed575e923c50 8478798e734544c58114ae007ca9d134 1ec93476b240460dad79471ebb9509a1 - - default default] Successfully bumped revision number for resource a6243f98-5e41-4639-9c40-628af71638fa (type: router_ports) to 1 [pid: 8|app: 0|req: 1261/2597] 10.0.0.74 () {34 vars in 782 bytes} [Wed Sep 9 00:19:08 2026] PUT /v2.0/routers/8ddeadef-c376-4e62-a4d8-40c6ff0c7fe9/add_router_interface => generated 309 bytes in 3001 msecs (HTTP/1.1 200) 4 headers in 157 bytes (1 switches on core 0)
2026-09-09 00:19:11.460 7 WARNING neutron.scheduler.dhcp_agent_scheduler [None req-07f4c539-d356-434f-b1d0-1faaca29118c f6cd71872f4544e49c8ee0abfc1c45aa c9a134313dc145cabf4ec6c9be2b867f - - default default] No more DHCP agents
2026-09-09 00:19:11.462 7 WARNING neutron.api.rpc.agentnotifiers.dhcp_rpc_agent_api [None req-07f4c539-d356-434f-b1d0-1faaca29118c f6cd71872f4544e49c8ee0abfc1c45aa c9a134313dc145cabf4ec6c9be2b867f - - default default] Unable to schedule network 1194c70b-e164-4532-ac7c-5c3378ff1d33: no agents available; will retry on subsequent port and subnet creation events. [pid: 8|app: 0|req: 1262/2598] 10.0.0.74 () {34 vars in 775 bytes} [Wed Sep 9 00:19:11 2026] PUT /v2.0/ports/0ea12a49-9d67-416e-862c-f26d4e14ae82/tags/black.or.white => generated 4 bytes in 180 msecs (HTTP/1.1 201) 4 headers in 160 bytes (1 switches on core 0) /var/lib/openstack/lib/python3.12/site-packages/pycadf/identifier.py:70: UserWarning: Invalid uuid: neutron. To ensure interoperability, identifiers should be a valid uuid. warnings.warn(('Invalid uuid: %s. To ensure interoperability, '
2026-09-09 00:19:11.617 7 INFO neutron.db.ovn_revision_numbers_db [None req-07f4c539-d356-434f-b1d0-1faaca29118c f6cd71872f4544e49c8ee0abfc1c45aa c9a134313dc145cabf4ec6c9be2b867f - - default default] Successfully bumped revision number for resource a599d511-80c4-4c04-bdac-068ab82f76be (type: ports) to 1
2026-09-09 00:19:12.183 8 INFO neutron.db.ovn_revision_numbers_db [None req-392bbd33-a0a2-41fe-8315-5ed8260748d9 - - - - - -] Successfully bumped revision number for resource 71a04ebc-74e0-42d6-9b67-ba3c5021b362 (type: ports) to 2
2026-09-09 00:19:12.379 7 WARNING neutron.scheduler.dhcp_agent_scheduler [None req-07f4c539-d356-434f-b1d0-1faaca29118c f6cd71872f4544e49c8ee0abfc1c45aa c9a134313dc145cabf4ec6c9be2b867f - - default default] No more DHCP agents
2026-09-09 00:19:12.379 7 WARNING neutron.api.rpc.agentnotifiers.dhcp_rpc_agent_api [None req-07f4c539-d356-434f-b1d0-1faaca29118c f6cd71872f4544e49c8ee0abfc1c45aa c9a134313dc145cabf4ec6c9be2b867f - - default default] Unable to schedule network 1194c70b-e164-4532-ac7c-5c3378ff1d33: no agents available; will retry on subsequent port and subnet creation events.
2026-09-09 00:19:12.572 8 INFO neutron.db.ovn_revision_numbers_db [None req-3014e153-5c71-4ebe-ba46-9f01b969d076 - - - - - -] Successfully bumped revision number for resource 71a04ebc-74e0-42d6-9b67-ba3c5021b362 (type: router_ports) to 2
2026-09-09 00:19:12.750 8 WARNING neutron.scheduler.dhcp_agent_scheduler [None req-bdb3c2b1-1dfa-483d-90ef-8e0411dd84f2 - - - - - -] No more DHCP agents
2026-09-09 00:19:12.754 8 WARNING neutron.api.rpc.agentnotifiers.dhcp_rpc_agent_api [None req-bdb3c2b1-1dfa-483d-90ef-8e0411dd84f2 - - - - - -] Unable to schedule network f1ade404-fe3a-410c-9d0a-1b0994c1e56e: no agents available; will retry on subsequent port and subnet creation events.
2026-09-09 00:19:12.763 8 INFO neutron.db.ovn_revision_numbers_db [None req-3014e153-5c71-4ebe-ba46-9f01b969d076 - - - - - -] Successfully bumped revision number for resource a6243f98-5e41-4639-9c40-628af71638fa (type: router_ports) to 2
2026-09-09 00:19:12.844 7 INFO neutron.db.ovn_revision_numbers_db [None req-07f4c539-d356-434f-b1d0-1faaca29118c f6cd71872f4544e49c8ee0abfc1c45aa c9a134313dc145cabf4ec6c9be2b867f - - default default] Successfully bumped revision number for resource a599d511-80c4-4c04-bdac-068ab82f76be (type: router_ports) to 1 [pid: 7|app: 0|req: 1337/2599] 10.0.0.74 () {34 vars in 782 bytes} [Wed Sep 9 00:19:11 2026] PUT /v2.0/routers/3bbd23c8-0c93-4864-863b-9b39b314d23c/add_router_interface => generated 309 bytes in 1821 msecs (HTTP/1.1 200) 4 headers in 157 bytes (1 switches on core 0) [pid: 7|app: 0|req: 1338/2600] 10.0.0.74 () {32 vars in 726 bytes} [Wed Sep 9 00:19:12 2026] GET /v2.0/ports/0ea12a49-9d67-416e-862c-f26d4e14ae82/tags => generated 52 bytes in 61 msecs (HTTP/1.1 200) 4 headers in 156 bytes (1 switches on core 0) /var/lib/openstack/lib/python3.12/site-packages/pycadf/identifier.py:70: UserWarning: Invalid uuid: neutron. To ensure interoperability, identifiers should be a valid uuid. warnings.warn(('Invalid uuid: %s. To ensure interoperability, '
2026-09-09 00:19:12.952 8 INFO neutron.plugins.ml2.drivers.ovn.mech_driver.mech_driver [None req-3014e153-5c71-4ebe-ba46-9f01b969d076 - - - - - -] OVN reports status down for port: 2058872c-7043-442e-b8a1-e2cce0e335af
2026-09-09 00:19:13.021 8 INFO neutron.db.ovn_revision_numbers_db [None req-bdb3c2b1-1dfa-483d-90ef-8e0411dd84f2 - - - - - -] Successfully bumped revision number for resource 2058872c-7043-442e-b8a1-e2cce0e335af (type: ports) to 1
2026-09-09 00:19:13.076 7 INFO neutron.db.ovn_revision_numbers_db [None req-9e68a8ca-aedc-40d6-aef0-f4e09b7ee310 f6cd71872f4544e49c8ee0abfc1c45aa c9a134313dc145cabf4ec6c9be2b867f - - default default] Successfully bumped revision number for resource 5df1b19f-be50-4e0b-96c0-a4a293cda873 (type: security_groups) to 1
2026-09-09 00:19:13.087 7 INFO neutron.db.ovn_revision_numbers_db [None req-9e68a8ca-aedc-40d6-aef0-f4e09b7ee310 f6cd71872f4544e49c8ee0abfc1c45aa c9a134313dc145cabf4ec6c9be2b867f - - default default] Successfully bumped revision number for resource 3c6096b2-a921-41b3-896c-7e50e51a2ce0 (type: security_group_rules) to 0
2026-09-09 00:19:13.098 7 INFO neutron.db.ovn_revision_numbers_db [None req-9e68a8ca-aedc-40d6-aef0-f4e09b7ee310 f6cd71872f4544e49c8ee0abfc1c45aa c9a134313dc145cabf4ec6c9be2b867f - - default default] Successfully bumped revision number for resource e1fd0feb-ca7f-4b48-8d08-fc831aa282fd (type: security_group_rules) to 0 [pid: 7|app: 0|req: 1339/2601] 10.0.0.74 () {34 vars in 683 bytes} [Wed Sep 9 00:19:12 2026] POST /v2.0/security-groups => generated 1630 bytes in 206 msecs (HTTP/1.1 201) 4 headers in 163 bytes (1 switches on core 0) [pid: 7|app: 0|req: 1340/2602] 10.0.0.74 () {34 vars in 746 bytes} [Wed Sep 9 00:19:13 2026] PUT /v2.0/ports/0ea12a49-9d67-416e-862c-f26d4e14ae82/tags => generated 37 bytes in 57 msecs (HTTP/1.1 200) 4 headers in 156 bytes (1 switches on core 0) /var/lib/openstack/lib/python3.12/site-packages/pycadf/identifier.py:70: UserWarning: Invalid uuid: neutron. To ensure interoperability, identifiers should be a valid uuid. warnings.warn(('Invalid uuid: %s. To ensure interoperability, '
2026-09-09 00:19:13.291 7 INFO neutron.db.ovn_revision_numbers_db [None req-5a5044f2-8868-4455-b015-e4e9f5153ee8 f6cd71872f4544e49c8ee0abfc1c45aa c9a134313dc145cabf4ec6c9be2b867f - - default default] Successfully bumped revision number for resource f196b59c-f5d8-4b81-9e0f-ef6c7af3432d (type: security_group_rules) to 0 [pid: 7|app: 0|req: 1341/2603] 10.0.0.74 () {34 vars in 694 bytes} [Wed Sep 9 00:19:13 2026] POST /v2.0/security-group-rules => generated 597 bytes in 146 msecs (HTTP/1.1 201) 4 headers in 162 bytes (1 switches on core 0)
2026-09-09 00:19:13.365 8 INFO neutron.db.ovn_revision_numbers_db [None req-bdb3c2b1-1dfa-483d-90ef-8e0411dd84f2 - - - - - -] Successfully bumped revision number for resource 2058872c-7043-442e-b8a1-e2cce0e335af (type: ports) to 3 [pid: 7|app: 0|req: 1342/2604] 10.0.0.74 () {32 vars in 726 bytes} [Wed Sep 9 00:19:13 2026] GET /v2.0/ports/0ea12a49-9d67-416e-862c-f26d4e14ae82/tags => generated 37 bytes in 69 msecs (HTTP/1.1 200) 4 headers in 156 bytes (1 switches on core 0) /var/lib/openstack/lib/python3.12/site-packages/pycadf/identifier.py:70: UserWarning: Invalid uuid: neutron. To ensure interoperability, identifiers should be a valid uuid. warnings.warn(('Invalid uuid: %s. To ensure interoperability, '
2026-09-09 00:19:13.446 8 INFO neutron.db.segments_db [None req-bdb3c2b1-1dfa-483d-90ef-8e0411dd84f2 - - - - - -] Added segment 1901e4a7-9bda-4a40-bf1d-463a1dcd1560 of type geneve for network 57992171-0a61-4ee7-a063-1c70b9537a30
2026-09-09 00:19:13.524 7 INFO neutron.db.ovn_revision_numbers_db [None req-5a053612-5a6e-463a-b938-7fcd10791d3f f6cd71872f4544e49c8ee0abfc1c45aa c9a134313dc145cabf4ec6c9be2b867f - - default default] Successfully bumped revision number for resource cc02686c-5beb-4bb9-81b9-da4e576f9fed (type: security_group_rules) to 0 [pid: 7|app: 0|req: 1343/2605] 10.0.0.74 () {34 vars in 694 bytes} [Wed Sep 9 00:19:13 2026] POST /v2.0/security-group-rules => generated 597 bytes in 174 msecs (HTTP/1.1 201) 4 headers in 162 bytes (1 switches on core 0)
2026-09-09 00:19:13.602 8 INFO neutron.db.ovn_revision_numbers_db [None req-a9f56dce-24a9-43b7-8cef-c83309de1d33 - - - - - -] Successfully bumped revision number for resource 57992171-0a61-4ee7-a063-1c70b9537a30 (type: networks) to 1
2026-09-09 00:19:13.650 7 WARNING neutron.plugins.ml2.drivers.ovn.mech_driver.ovsdb.ovn_client [None req-e0969d2d-fb60-41d3-8cc1-8bd5c7a41e59 - - - - - -] No hosting information found for port 2c61a639-5d4b-438c-8122-e3100a868311: RuntimeError: No hosting information found for port 2c61a639-5d4b-438c-8122-e3100a868311
2026-09-09 00:19:13.651 7 INFO neutron.plugins.ml2.drivers.ovn.mech_driver.mech_driver [None req-e0969d2d-fb60-41d3-8cc1-8bd5c7a41e59 - - - - - -] OVN reports status up for port: b0ccd2d1-1c68-4515-bfe5-3e1eae17b689
2026-09-09 00:19:13.681 7 INFO neutron.plugins.ml2.plugin [None req-e0969d2d-fb60-41d3-8cc1-8bd5c7a41e59 - - - - - -] Attempt 1 to provision port b0ccd2d1-1c68-4515-bfe5-3e1eae17b689 [pid: 7|app: 0|req: 1344/2606] 10.0.0.74 () {32 vars in 734 bytes} [Wed Sep 9 00:19:13 2026] GET /v2.0/ports/0ea12a49-9d67-416e-862c-f26d4e14ae82/tags/red => generated 0 bytes in 123 msecs (HTTP/1.1 204) 2 headers in 112 bytes (1 switches on core 0) /var/lib/openstack/lib/python3.12/site-packages/pycadf/identifier.py:70: UserWarning: Invalid uuid: neutron. To ensure interoperability, identifiers should be a valid uuid. warnings.warn(('Invalid uuid: %s. To ensure interoperability, '
2026-09-09 00:19:13.758 8 WARNING neutron.scheduler.dhcp_agent_scheduler [None req-a9f56dce-24a9-43b7-8cef-c83309de1d33 - - - - - -] No more DHCP agents
2026-09-09 00:19:13.760 8 WARNING neutron.api.rpc.agentnotifiers.dhcp_rpc_agent_api [None req-a9f56dce-24a9-43b7-8cef-c83309de1d33 - - - - - -] Unable to schedule network 57992171-0a61-4ee7-a063-1c70b9537a30: no agents available; will retry on subsequent port and subnet creation events.
2026-09-09 00:19:13.847 8 INFO neutron.db.ovn_revision_numbers_db [None req-a9f56dce-24a9-43b7-8cef-c83309de1d33 - - - - - -] Successfully bumped revision number for resource 23e1f96b-704e-4a20-a39c-f20a7749951f (type: ports) to 1
2026-09-09 00:19:14.012 7 INFO neutron.db.ovn_revision_numbers_db [None req-4740613c-d748-4b5e-b0e4-7e5f3884a75d f6cd71872f4544e49c8ee0abfc1c45aa c9a134313dc145cabf4ec6c9be2b867f - - default default] Successfully bumped revision number for resource 4237c4be-0489-40cf-b50c-ca0ad47f30a5 (type: security_group_rules) to 0
2026-09-09 00:19:14.035 8 WARNING neutron.scheduler.dhcp_agent_scheduler [None req-a9f56dce-24a9-43b7-8cef-c83309de1d33 - - - - - -] No more DHCP agents
2026-09-09 00:19:14.037 8 WARNING neutron.api.rpc.agentnotifiers.dhcp_rpc_agent_api [None req-a9f56dce-24a9-43b7-8cef-c83309de1d33 - - - - - -] Unable to schedule network 57992171-0a61-4ee7-a063-1c70b9537a30: no agents available; will retry on subsequent port and subnet creation events.
2026-09-09 00:19:14.080 8 INFO neutron.db.ovn_revision_numbers_db [None req-a9f56dce-24a9-43b7-8cef-c83309de1d33 - - - - - -] Successfully bumped revision number for resource c9c3205f-ca55-421a-bd62-d89702cb57ee (type: subnets) to 0 [pid: 7|app: 0|req: 1345/2607] 10.0.0.74 () {34 vars in 694 bytes} [Wed Sep 9 00:19:13 2026] POST /v2.0/security-group-rules => generated 599 bytes in 394 msecs (HTTP/1.1 201) 4 headers in 162 bytes (1 switches on core 0)
2026-09-09 00:19:14.217 7 INFO neutron.api.v2.resource [None req-6501d462-8ca1-4a21-a4dc-f11942dc3f55 e14ca0204056477c88c6e0729652e946 85e0f0cc7b144890b5f79ad2b7f80ac8 - - default default] show failed (client error): The resource could not be found. [pid: 7|app: 0|req: 1346/2608] 10.0.0.74 () {32 vars in 738 bytes} [Wed Sep 9 00:19:14 2026] GET /v2.0/ports/0ea12a49-9d67-416e-862c-f26d4e14ae82/tags/green => generated 99 bytes in 131 msecs (HTTP/1.1 404) 4 headers in 163 bytes (1 switches on core 0) /var/lib/openstack/lib/python3.12/site-packages/pycadf/identifier.py:70: UserWarning: Invalid uuid: neutron. To ensure interoperability, identifiers should be a valid uuid. warnings.warn(('Invalid uuid: %s. To ensure interoperability, '
2026-09-09 00:19:14.578 7 INFO neutron.db.ovn_revision_numbers_db [None req-047308e8-0f94-406e-bae0-7e6fdb2a9b61 f6cd71872f4544e49c8ee0abfc1c45aa c9a134313dc145cabf4ec6c9be2b867f - - default default] Successfully bumped revision number for resource 09756afd-38e9-4f5e-ab5d-3617e5dea0c9 (type: security_group_rules) to 0
2026-09-09 00:19:14.602 7 INFO neutron.db.ovn_revision_numbers_db [None req-e0969d2d-fb60-41d3-8cc1-8bd5c7a41e59 - - - - - -] Successfully bumped revision number for resource b0ccd2d1-1c68-4515-bfe5-3e1eae17b689 (type: ports) to 2
2026-09-09 00:19:14.640 8 WARNING neutron.scheduler.dhcp_agent_scheduler [None req-a9f56dce-24a9-43b7-8cef-c83309de1d33 - - - - - -] No more DHCP agents
2026-09-09 00:19:14.642 8 WARNING neutron.api.rpc.agentnotifiers.dhcp_rpc_agent_api [None req-a9f56dce-24a9-43b7-8cef-c83309de1d33 - - - - - -] Unable to schedule network 57992171-0a61-4ee7-a063-1c70b9537a30: no agents available; will retry on subsequent port and subnet creation events. [pid: 7|app: 0|req: 1347/2609] 10.0.0.74 () {34 vars in 694 bytes} [Wed Sep 9 00:19:14 2026] POST /v2.0/security-group-rules => generated 601 bytes in 423 msecs (HTTP/1.1 201) 4 headers in 162 bytes (1 switches on core 0)
2026-09-09 00:19:14.794 8 INFO neutron.db.ovn_revision_numbers_db [None req-a9f56dce-24a9-43b7-8cef-c83309de1d33 - - - - - -] Successfully bumped revision number for resource 88050d3b-175c-4135-acf6-c6c8b0a6593f (type: ports) to 1 [pid: 7|app: 0|req: 1348/2610] 10.0.0.74 () {32 vars in 737 bytes} [Wed Sep 9 00:19:14 2026] DELETE /v2.0/ports/0ea12a49-9d67-416e-862c-f26d4e14ae82/tags/red => generated 0 bytes in 201 msecs (HTTP/1.1 204) 2 headers in 112 bytes (1 switches on core 0) /var/lib/openstack/lib/python3.12/site-packages/pycadf/identifier.py:70: UserWarning: Invalid uuid: neutron. To ensure interoperability, identifiers should be a valid uuid. warnings.warn(('Invalid uuid: %s. To ensure interoperability, '
2026-09-09 00:19:14.969 7 INFO neutron.db.ovn_revision_numbers_db [None req-b4a7a8c4-b274-4d8e-980a-71e2a24bf578 - - - - - -] Successfully bumped revision number for resource b0ccd2d1-1c68-4515-bfe5-3e1eae17b689 (type: router_ports) to 2
2026-09-09 00:19:14.970 7 INFO neutron.plugins.ml2.drivers.ovn.mech_driver.mech_driver [None req-b4a7a8c4-b274-4d8e-980a-71e2a24bf578 - - - - - -] OVN reports status down for port: a599d511-80c4-4c04-bdac-068ab82f76be
2026-09-09 00:19:15.137 7 INFO neutron.plugins.ml2.drivers.ovn.mech_driver.mech_driver [None req-b4a7a8c4-b274-4d8e-980a-71e2a24bf578 - - - - - -] OVN reports status up for port: a599d511-80c4-4c04-bdac-068ab82f76be
2026-09-09 00:19:15.166 7 INFO neutron.plugins.ml2.plugin [None req-b4a7a8c4-b274-4d8e-980a-71e2a24bf578 - - - - - -] Attempt 1 to provision port a599d511-80c4-4c04-bdac-068ab82f76be
2026-09-09 00:19:15.193 7 INFO neutron.db.ovn_revision_numbers_db [None req-c436e867-5fbf-45a6-b86d-3c222d1b36a9 f6cd71872f4544e49c8ee0abfc1c45aa c9a134313dc145cabf4ec6c9be2b867f - - default default] Successfully bumped revision number for resource 1e40449f-6fbe-4ef8-bc0c-c9b45d3d2c1e (type: security_group_rules) to 0 [pid: 7|app: 0|req: 1349/2611] 10.0.0.74 () {34 vars in 694 bytes} [Wed Sep 9 00:19:14 2026] POST /v2.0/security-group-rules => generated 601 bytes in 424 msecs (HTTP/1.1 201) 4 headers in 162 bytes (1 switches on core 0) [pid: 7|app: 0|req: 1350/2612] 10.0.0.74 () {32 vars in 726 bytes} [Wed Sep 9 00:19:15 2026] GET /v2.0/ports/0ea12a49-9d67-416e-862c-f26d4e14ae82/tags => generated 30 bytes in 127 msecs (HTTP/1.1 200) 4 headers in 156 bytes (1 switches on core 0) /var/lib/openstack/lib/python3.12/site-packages/pycadf/identifier.py:70: UserWarning: Invalid uuid: neutron. To ensure interoperability, identifiers should be a valid uuid. warnings.warn(('Invalid uuid: %s. To ensure interoperability, '
2026-09-09 00:19:15.542 8 WARNING neutron.scheduler.dhcp_agent_scheduler [None req-a9f56dce-24a9-43b7-8cef-c83309de1d33 - - - - - -] No more DHCP agents
2026-09-09 00:19:15.543 8 WARNING neutron.api.rpc.agentnotifiers.dhcp_rpc_agent_api [None req-a9f56dce-24a9-43b7-8cef-c83309de1d33 - - - - - -] Unable to schedule network 57992171-0a61-4ee7-a063-1c70b9537a30: no agents available; will retry on subsequent port and subnet creation events.
2026-09-09 00:19:15.762 7 INFO neutron.db.ovn_revision_numbers_db [None req-51d26257-540d-4445-88ed-b891810d3e71 f6cd71872f4544e49c8ee0abfc1c45aa c9a134313dc145cabf4ec6c9be2b867f - - default default] Successfully bumped revision number for resource ad88c116-bdaa-4122-a3df-06bf83d2cb09 (type: security_group_rules) to 0 [pid: 7|app: 0|req: 1351/2613] 10.0.0.74 () {34 vars in 694 bytes} [Wed Sep 9 00:19:15 2026] POST /v2.0/security-group-rules => generated 597 bytes in 455 msecs (HTTP/1.1 201) 4 headers in 162 bytes (1 switches on core 0)
2026-09-09 00:19:15.923 8 INFO neutron.db.ovn_revision_numbers_db [None req-a9f56dce-24a9-43b7-8cef-c83309de1d33 - - - - - -] Successfully bumped revision number for resource 88050d3b-175c-4135-acf6-c6c8b0a6593f (type: router_ports) to 1
