2026-09-09 00:17:12.373 7 INFO neutron_taas.services.taas.tap_mirror_plugin [None req-04191fe9-edd7-490a-a69c-11efd9de4df3 5149e593885946de9d73064e3a8165a3 c5a3f761a62843768cd74c23b0be11e1 - - default default] Tap Mirror: Handle Delete Port: 1c889a2e-6df5-4983-a62d-4f818417404f [pid: 8|app: 0|req: 870/1860] 10.0.0.74 () {32 vars in 739 bytes} [Wed Sep 9 00:17:12 2026] DELETE /v2.0/security-groups/b2c57607-50ad-47d5-b11e-77ccb2780cc1 => generated 0 bytes in 192 msecs (HTTP/1.1 204) 2 headers in 112 bytes (1 switches on core 0) [pid: 8|app: 0|req: 871/1861] 10.0.0.74 () {32 vars in 723 bytes} [Wed Sep 9 00:17:12 2026] DELETE /v2.0/subnets/4c6d6310-c04a-4ad8-b245-09b249b26cb6 => generated 0 bytes in 127 msecs (HTTP/1.1 204) 3 headers in 131 bytes (1 switches on core 0)
2026-09-09 00:17:12.798 8 INFO neutron.db.ovn_revision_numbers_db [None req-60cee951-e596-45f0-9872-c6526d1ab4d0 5149e593885946de9d73064e3a8165a3 c5a3f761a62843768cd74c23b0be11e1 - - default default] Successfully bumped revision number for resource d208d4d8-04f5-4e20-b4c2-399e0f192f52 (type: security_groups) to 1
2026-09-09 00:17:12.811 8 INFO neutron.db.ovn_revision_numbers_db [None req-60cee951-e596-45f0-9872-c6526d1ab4d0 5149e593885946de9d73064e3a8165a3 c5a3f761a62843768cd74c23b0be11e1 - - default default] Successfully bumped revision number for resource 05ce32dc-d0fd-4968-9875-770222f4cf05 (type: security_group_rules) to 0
2026-09-09 00:17:12.821 8 INFO neutron.db.ovn_revision_numbers_db [None req-60cee951-e596-45f0-9872-c6526d1ab4d0 5149e593885946de9d73064e3a8165a3 c5a3f761a62843768cd74c23b0be11e1 - - default default] Successfully bumped revision number for resource 1c53fca1-b76f-43ad-ba56-6584f68a52e8 (type: security_group_rules) to 0
2026-09-09 00:17:12.832 8 INFO neutron.db.ovn_revision_numbers_db [None req-60cee951-e596-45f0-9872-c6526d1ab4d0 5149e593885946de9d73064e3a8165a3 c5a3f761a62843768cd74c23b0be11e1 - - default default] Successfully bumped revision number for resource 6e55e3fa-7c4f-480a-ada2-f6fc153cbd54 (type: security_group_rules) to 0
2026-09-09 00:17:12.847 8 INFO neutron.db.ovn_revision_numbers_db [None req-60cee951-e596-45f0-9872-c6526d1ab4d0 5149e593885946de9d73064e3a8165a3 c5a3f761a62843768cd74c23b0be11e1 - - default default] Successfully bumped revision number for resource dd0df573-b284-4b50-818c-6361dd706fea (type: security_group_rules) to 0 [pid: 8|app: 0|req: 872/1862] 10.0.0.74 () {32 vars in 773 bytes} [Wed Sep 9 00:17:12 2026] GET /v2.0/security-groups?tenant_id=8bf8757e2c294c0088248e2b5351685f&name=default => generated 2925 bytes in 223 msecs (HTTP/1.1 200) 4 headers in 158 bytes (1 switches on core 0)
2026-09-09 00:17:13.092 8 INFO neutron_taas.services.taas.taas_plugin [None req-5beb76a9-1786-45d8-9034-ecf3861ed10d 3162559eb61f42c697e7d1e0b5ea9716 aaae45f700f5493787ac1a2327605053 - - default default] TaaS: Handle Delete Port: e433f057-d243-40d8-a3c2-42c5fe0c8596
2026-09-09 00:17:13.097 8 INFO neutron_taas.services.taas.tap_mirror_plugin [None req-5beb76a9-1786-45d8-9034-ecf3861ed10d 3162559eb61f42c697e7d1e0b5ea9716 aaae45f700f5493787ac1a2327605053 - - default default] Tap Mirror: Handle Delete Port: e433f057-d243-40d8-a3c2-42c5fe0c8596
2026-09-09 00:17:13.316 8 INFO neutron.services.segments.plugin [-] Segment 56e3b1f3-3691-4a4f-a895-119c27359d5a resource provider aggregate not found [pid: 7|app: 0|req: 991/1863] 10.0.0.74 () {32 vars in 723 bytes} [Wed Sep 9 00:17:11 2026] DELETE /v2.0/routers/db2fea33-5b40-475e-91d7-0d19bbdba01a => generated 0 bytes in 1346 msecs (HTTP/1.1 204) 2 headers in 112 bytes (1 switches on core 0)
2026-09-09 00:17:13.333 8 INFO neutron.services.segments.plugin [-] Segment 56e3b1f3-3691-4a4f-a895-119c27359d5a resource provider aggregate not found
2026-09-09 00:17:13.350 8 INFO neutron.services.segments.plugin [-] Client error retrieving segment 56e3b1f3-3691-4a4f-a895-119c27359d5a resource provider; error: Placement Client Error (4xx): {"errors": [{"status": 404, "title": "Not Found", "detail": "The resource could not be found.\n\n No resource provider with uuid 56e3b1f3-3691-4a4f-a895-119c27359d5a found for delete ", "request_id": "req-ff6324d7-ee11-4c64-bece-65d2e7e18428"}]}
2026-09-09 00:17:13.362 8 INFO neutron.services.segments.plugin [-] Client error retrieving segment 56e3b1f3-3691-4a4f-a895-119c27359d5a resource provider; error: Placement Client Error (4xx): {"errors": [{"status": 404, "title": "Not Found", "detail": "The resource could not be found.\n\n No resource provider with uuid 56e3b1f3-3691-4a4f-a895-119c27359d5a found for delete ", "request_id": "req-03e9d005-7bde-4112-ab38-51ae0d33f7da"}]} [pid: 8|app: 0|req: 873/1864] 10.0.0.74 () {32 vars in 725 bytes} [Wed Sep 9 00:17:12 2026] DELETE /v2.0/networks/febfb0f4-6c54-41a8-a437-cb3af9671a26 => generated 0 bytes in 502 msecs (HTTP/1.1 204) 3 headers in 131 bytes (1 switches on core 0) [pid: 8|app: 0|req: 874/1865] 10.0.0.74 () {32 vars in 723 bytes} [Wed Sep 9 00:17:13 2026] DELETE /v2.0/subnets/80b95f0b-8ca0-4ad7-b33a-8f031206059d => generated 0 bytes in 177 msecs (HTTP/1.1 204) 3 headers in 131 bytes (1 switches on core 0) [pid: 7|app: 0|req: 992/1866] 10.0.0.74 () {32 vars in 739 bytes} [Wed Sep 9 00:17:13 2026] DELETE /v2.0/security-groups/d208d4d8-04f5-4e20-b4c2-399e0f192f52 => generated 0 bytes in 281 msecs (HTTP/1.1 204) 2 headers in 112 bytes (1 switches on core 0)
2026-09-09 00:17:13.728 7 INFO neutron_taas.services.taas.taas_plugin [None req-6e5a9f53-f82d-4f6a-9f08-0712f5ebb727 5149e593885946de9d73064e3a8165a3 c5a3f761a62843768cd74c23b0be11e1 - - default default] TaaS: Handle Delete Port: b7f25b41-3784-4484-a228-c22fd8276e59
2026-09-09 00:17:13.731 7 INFO neutron_taas.services.taas.tap_mirror_plugin [None req-6e5a9f53-f82d-4f6a-9f08-0712f5ebb727 5149e593885946de9d73064e3a8165a3 c5a3f761a62843768cd74c23b0be11e1 - - default default] Tap Mirror: Handle Delete Port: b7f25b41-3784-4484-a228-c22fd8276e59
2026-09-09 00:17:13.899 7 INFO neutron.services.segments.plugin [-] Segment 56401666-546e-4473-8f65-0224d4d0814e resource provider aggregate not found
2026-09-09 00:17:13.905 7 INFO neutron.services.segments.plugin [-] Segment 56401666-546e-4473-8f65-0224d4d0814e resource provider aggregate not found
2026-09-09 00:17:13.926 7 INFO neutron.services.segments.plugin [-] Client error retrieving segment 56401666-546e-4473-8f65-0224d4d0814e resource provider; error: Placement Client Error (4xx): {"errors": [{"status": 404, "title": "Not Found", "detail": "The resource could not be found.\n\n No resource provider with uuid 56401666-546e-4473-8f65-0224d4d0814e found for delete ", "request_id": "req-a5a96709-613e-433c-b68e-66e6db9f6527"}]}
2026-09-09 00:17:13.931 7 INFO neutron.services.segments.plugin [-] Client error retrieving segment 56401666-546e-4473-8f65-0224d4d0814e resource provider; error: Placement Client Error (4xx): {"errors": [{"status": 404, "title": "Not Found", "detail": "The resource could not be found.\n\n No resource provider with uuid 56401666-546e-4473-8f65-0224d4d0814e found for delete ", "request_id": "req-dcaf97e3-9bf4-4c82-90cd-718f6867733c"}]} [pid: 7|app: 0|req: 993/1867] 10.0.0.74 () {32 vars in 725 bytes} [Wed Sep 9 00:17:13 2026] DELETE /v2.0/networks/c8781cdf-41ca-44b4-8e49-2baee2f73fc2 => generated 0 bytes in 345 msecs (HTTP/1.1 204) 3 headers in 131 bytes (1 switches on core 0)
2026-09-09 00:17:14.083 8 WARNING neutron.scheduler.dhcp_agent_scheduler [None req-d57082e0-2943-4d4b-bed1-cb0cd10db549 3162559eb61f42c697e7d1e0b5ea9716 aaae45f700f5493787ac1a2327605053 - - default default] No more DHCP agents
2026-09-09 00:17:14.084 8 WARNING neutron.api.rpc.agentnotifiers.dhcp_rpc_agent_api [None req-d57082e0-2943-4d4b-bed1-cb0cd10db549 3162559eb61f42c697e7d1e0b5ea9716 aaae45f700f5493787ac1a2327605053 - - default default] Unable to schedule network f1ade404-fe3a-410c-9d0a-1b0994c1e56e: no agents available; will retry on subsequent port and subnet creation events.
2026-09-09 00:17:14.194 7 INFO neutron.plugins.ml2.drivers.ovn.mech_driver.mech_driver [None req-73a801af-abdd-4fc4-8cb1-0f2adbd40c15 - - - - - -] OVN reports status down for port: 988ea81b-fa52-4dfc-9bf4-39acfc5779d4 [pid: 7|app: 0|req: 994/1868] 10.0.0.74 () {32 vars in 773 bytes} [Wed Sep 9 00:17:14 2026] GET /v2.0/security-groups?tenant_id=6e9348737ed64430ac4057290207a733&name=default => generated 2925 bytes in 68 msecs (HTTP/1.1 200) 4 headers in 158 bytes (1 switches on core 0)
2026-09-09 00:17:14.211 8 INFO neutron.db.ovn_revision_numbers_db [None req-d57082e0-2943-4d4b-bed1-cb0cd10db549 3162559eb61f42c697e7d1e0b5ea9716 aaae45f700f5493787ac1a2327605053 - - default default] Successfully bumped revision number for resource 988ea81b-fa52-4dfc-9bf4-39acfc5779d4 (type: ports) to 1 [pid: 7|app: 0|req: 995/1869] 10.0.0.74 () {32 vars in 739 bytes} [Wed Sep 9 00:17:14 2026] DELETE /v2.0/security-groups/6e549222-4058-4172-a554-232d04a4b18b => generated 0 bytes in 376 msecs (HTTP/1.1 204) 2 headers in 112 bytes (1 switches on core 0)
2026-09-09 00:17:14.804 8 INFO neutron.plugins.ml2.drivers.ovn.mech_driver.ovsdb.commands [None req-2d2b978d-6300-4dda-8b03-f4eb2f2a6d7e - - - - - -] Schedule LRP lrp-988ea81b-fa52-4dfc-9bf4-39acfc5779d4 on gateway f4df76da-971e-4991-abb8-d7cfddf82080 with priority 1
2026-09-09 00:17:14.852 7 INFO neutron.plugins.ml2.drivers.ovn.mech_driver.mech_driver [None req-73a801af-abdd-4fc4-8cb1-0f2adbd40c15 - - - - - -] OVN reports status up for port: 988ea81b-fa52-4dfc-9bf4-39acfc5779d4
2026-09-09 00:17:14.862 8 INFO neutron.db.ovn_revision_numbers_db [None req-d57082e0-2943-4d4b-bed1-cb0cd10db549 3162559eb61f42c697e7d1e0b5ea9716 aaae45f700f5493787ac1a2327605053 - - default default] Successfully bumped revision number for resource 988ea81b-fa52-4dfc-9bf4-39acfc5779d4 (type: router_ports) to 1
2026-09-09 00:17:14.866 7 INFO neutron.plugins.ml2.plugin [None req-73a801af-abdd-4fc4-8cb1-0f2adbd40c15 - - - - - -] Attempt 1 to provision port 988ea81b-fa52-4dfc-9bf4-39acfc5779d4
2026-09-09 00:17:14.933 8 INFO neutron.db.ovn_revision_numbers_db [None req-d57082e0-2943-4d4b-bed1-cb0cd10db549 3162559eb61f42c697e7d1e0b5ea9716 aaae45f700f5493787ac1a2327605053 - - default default] Successfully bumped revision number for resource 4db47218-caa9-43f2-8af0-062c7331484d (type: routers) to 2 [pid: 8|app: 0|req: 875/1870] 10.0.0.74 () {34 vars in 668 bytes} [Wed Sep 9 00:17:13 2026] POST /v2.0/routers => generated 952 bytes in 1381 msecs (HTTP/1.1 201) 4 headers in 162 bytes (1 switches on core 0) [pid: 7|app: 0|req: 996/1871] 10.0.0.74 () {32 vars in 720 bytes} [Wed Sep 9 00:17:14 2026] GET /v2.0/routers/4db47218-caa9-43f2-8af0-062c7331484d => generated 958 bytes in 73 msecs (HTTP/1.1 200) 4 headers in 157 bytes (1 switches on core 0) [pid: 8|app: 0|req: 876/1872] 10.0.0.74 () {32 vars in 646 bytes} [Wed Sep 9 00:17:15 2026] GET /v2.0/routers => generated 961 bytes in 114 msecs (HTTP/1.1 200) 4 headers in 157 bytes (1 switches on core 0)
2026-09-09 00:17:15.562 7 INFO neutron.db.ovn_revision_numbers_db [None req-7bbeaa6c-d8e6-48bc-8f81-08ea9b1a2279 3162559eb61f42c697e7d1e0b5ea9716 aaae45f700f5493787ac1a2327605053 - - default default] Successfully bumped revision number for resource 4db47218-caa9-43f2-8af0-062c7331484d (type: routers) to 3 [pid: 7|app: 0|req: 997/1873] 10.0.0.74 () {34 vars in 740 bytes} [Wed Sep 9 00:17:15 2026] PUT /v2.0/routers/4db47218-caa9-43f2-8af0-062c7331484d => generated 965 bytes in 404 msecs (HTTP/1.1 200) 4 headers in 157 bytes (1 switches on core 0) [pid: 8|app: 0|req: 877/1874] 10.0.0.74 () {32 vars in 720 bytes} [Wed Sep 9 00:17:15 2026] GET /v2.0/routers/4db47218-caa9-43f2-8af0-062c7331484d => generated 965 bytes in 79 msecs (HTTP/1.1 200) 4 headers in 157 bytes (1 switches on core 0) [pid: 7|app: 0|req: 998/1875] 10.0.0.74 () {32 vars in 735 bytes} [Wed Sep 9 00:17:15 2026] GET /v2.0/ports?device_id=4db47218-caa9-43f2-8af0-062c7331484d => generated 12 bytes in 35 msecs (HTTP/1.1 200) 4 headers in 156 bytes (1 switches on core 0)
2026-09-09 00:17:16.079 8 INFO neutron_taas.services.taas.taas_plugin [None req-37129773-76a1-4a1d-94b9-58d12cb8921a 3162559eb61f42c697e7d1e0b5ea9716 aaae45f700f5493787ac1a2327605053 - - default default] TaaS: Handle Delete Port: 988ea81b-fa52-4dfc-9bf4-39acfc5779d4
2026-09-09 00:17:16.085 8 INFO neutron_taas.services.taas.tap_mirror_plugin [None req-37129773-76a1-4a1d-94b9-58d12cb8921a 3162559eb61f42c697e7d1e0b5ea9716 aaae45f700f5493787ac1a2327605053 - - default default] Tap Mirror: Handle Delete Port: 988ea81b-fa52-4dfc-9bf4-39acfc5779d4 [pid: 8|app: 0|req: 878/1876] 10.0.0.74 () {32 vars in 723 bytes} [Wed Sep 9 00:17:15 2026] DELETE /v2.0/routers/4db47218-caa9-43f2-8af0-062c7331484d => generated 0 bytes in 1393 msecs (HTTP/1.1 204) 2 headers in 112 bytes (1 switches on core 0)
2026-09-09 00:17:17.133 7 INFO neutron.db.ovn_revision_numbers_db [None req-8a6b7f84-8915-48c8-a694-616b3b9f04ed 94f80a524d3a4aaf9833e64d55bb9a2b fc5340e85bab405e865e0db5de53da12 - - default default] Successfully bumped revision number for resource 29758025-6120-43b2-8455-92ef5af45ffe (type: security_groups) to 1 [pid: 8|app: 0|req: 879/1877] 10.0.0.74 () {32 vars in 735 bytes} [Wed Sep 9 00:17:17 2026] GET /v2.0/ports?device_id=4db47218-caa9-43f2-8af0-062c7331484d => generated 12 bytes in 38 msecs (HTTP/1.1 200) 4 headers in 156 bytes (1 switches on core 0)
2026-09-09 00:17:17.149 7 INFO neutron.db.ovn_revision_numbers_db [None req-8a6b7f84-8915-48c8-a694-616b3b9f04ed 94f80a524d3a4aaf9833e64d55bb9a2b fc5340e85bab405e865e0db5de53da12 - - default default] Successfully bumped revision number for resource 3094d4c4-a339-4b96-8c20-59bc00ef9d37 (type: security_group_rules) to 0
2026-09-09 00:17:17.165 7 INFO neutron.db.ovn_revision_numbers_db [None req-8a6b7f84-8915-48c8-a694-616b3b9f04ed 94f80a524d3a4aaf9833e64d55bb9a2b fc5340e85bab405e865e0db5de53da12 - - default default] Successfully bumped revision number for resource 4b74e8b5-982e-47e2-ac8d-b2f3325d2a34 (type: security_group_rules) to 0
2026-09-09 00:17:17.173 8 INFO neutron.api.v2.resource [None req-841bb1d8-f9c5-4698-bc21-e61058bb79a0 3162559eb61f42c697e7d1e0b5ea9716 aaae45f700f5493787ac1a2327605053 - - default default] delete failed (client error): The resource could not be found. [pid: 8|app: 0|req: 880/1878] 10.0.0.74 () {32 vars in 723 bytes} [Wed Sep 9 00:17:17 2026] DELETE /v2.0/routers/4db47218-caa9-43f2-8af0-062c7331484d => generated 135 bytes in 36 msecs (HTTP/1.1 404) 4 headers in 164 bytes (1 switches on core 0)
2026-09-09 00:17:17.180 7 INFO neutron.db.ovn_revision_numbers_db [None req-8a6b7f84-8915-48c8-a694-616b3b9f04ed 94f80a524d3a4aaf9833e64d55bb9a2b fc5340e85bab405e865e0db5de53da12 - - default default] Successfully bumped revision number for resource 7eb60bf0-80b1-4ca0-a00b-497e4ff44f03 (type: security_group_rules) to 0
2026-09-09 00:17:17.196 7 INFO neutron.db.ovn_revision_numbers_db [None req-8a6b7f84-8915-48c8-a694-616b3b9f04ed 94f80a524d3a4aaf9833e64d55bb9a2b fc5340e85bab405e865e0db5de53da12 - - default default] Successfully bumped revision number for resource 85f352b8-1d44-4a5b-9bd5-d69f1e12bc81 (type: security_group_rules) to 0 [pid: 8|app: 0|req: 881/1879] 10.0.0.74 () {32 vars in 735 bytes} [Wed Sep 9 00:17:17 2026] GET /v2.0/ports?device_id=ff8c8c60-65e8-4813-abdd-26e173b83a79 => generated 12 bytes in 26 msecs (HTTP/1.1 200) 4 headers in 156 bytes (1 switches on core 0)
2026-09-09 00:17:17.227 8 INFO neutron.api.v2.resource [None req-29d3b4d7-1967-4d29-a32e-9bf34ccfeb03 3162559eb61f42c697e7d1e0b5ea9716 aaae45f700f5493787ac1a2327605053 - - default default] delete failed (client error): The resource could not be found. [pid: 8|app: 0|req: 882/1880] 10.0.0.74 () {32 vars in 723 bytes} [Wed Sep 9 00:17:17 2026] DELETE /v2.0/routers/ff8c8c60-65e8-4813-abdd-26e173b83a79 => generated 135 bytes in 18 msecs (HTTP/1.1 404) 4 headers in 164 bytes (1 switches on core 0)
2026-09-09 00:17:17.247 8 INFO neutron.pecan_wsgi.hooks.translation [None req-cb6bead6-0f74-499a-a418-e5f8f486c80c 3162559eb61f42c697e7d1e0b5ea9716 aaae45f700f5493787ac1a2327605053 - - default default] DELETE failed (client error): The resource could not be found. [pid: 8|app: 0|req: 883/1881] 10.0.0.74 () {32 vars in 723 bytes} [Wed Sep 9 00:17:17 2026] DELETE /v2.0/subnets/4c6d6310-c04a-4ad8-b245-09b249b26cb6 => generated 136 bytes in 16 msecs (HTTP/1.1 404) 4 headers in 164 bytes (1 switches on core 0) [pid: 8|app: 0|req: 884/1882] 10.0.0.74 () {32 vars in 735 bytes} [Wed Sep 9 00:17:17 2026] GET /v2.0/ports?device_id=d5fd3d02-0930-477c-9ec3-936832a27747 => generated 12 bytes in 21 msecs (HTTP/1.1 200) 4 headers in 156 bytes (1 switches on core 0)
2026-09-09 00:17:17.299 8 INFO neutron.api.v2.resource [None req-8ab4ac0c-0049-4d92-87f7-14e26eb31366 3162559eb61f42c697e7d1e0b5ea9716 aaae45f700f5493787ac1a2327605053 - - default default] delete failed (client error): The resource could not be found. [pid: 8|app: 0|req: 885/1883] 10.0.0.74 () {32 vars in 723 bytes} [Wed Sep 9 00:17:17 2026] DELETE /v2.0/routers/d5fd3d02-0930-477c-9ec3-936832a27747 => generated 135 bytes in 17 msecs (HTTP/1.1 404) 4 headers in 164 bytes (1 switches on core 0)
2026-09-09 00:17:17.304 7 INFO neutron.db.segments_db [None req-8a6b7f84-8915-48c8-a694-616b3b9f04ed 94f80a524d3a4aaf9833e64d55bb9a2b fc5340e85bab405e865e0db5de53da12 - - default default] Added segment b8d8bbcc-c6b0-4042-a553-b5b0ebf1a9f3 of type geneve for network bebb81c2-ef6d-4d5f-b4b2-011a992dbef4
2026-09-09 00:17:17.315 8 INFO neutron.pecan_wsgi.hooks.translation [None req-83985d85-6180-4178-b6e2-4e24d5cab428 3162559eb61f42c697e7d1e0b5ea9716 aaae45f700f5493787ac1a2327605053 - - default default] DELETE failed (client error): The resource could not be found. [pid: 8|app: 0|req: 886/1884] 10.0.0.74 () {32 vars in 723 bytes} [Wed Sep 9 00:17:17 2026] DELETE /v2.0/subnets/1b713137-771d-40ea-b368-9005243514be => generated 136 bytes in 13 msecs (HTTP/1.1 404) 4 headers in 164 bytes (1 switches on core 0) [pid: 8|app: 0|req: 887/1885] 10.0.0.74 () {32 vars in 735 bytes} [Wed Sep 9 00:17:17 2026] GET /v2.0/ports?device_id=a51f37c4-af6f-4349-9e33-c327de0a7afb => generated 12 bytes in 16 msecs (HTTP/1.1 200) 4 headers in 156 bytes (1 switches on core 0)
2026-09-09 00:17:17.357 8 INFO neutron.api.v2.resource [None req-51343cdc-7c3c-4f61-b10a-2c162762027e 3162559eb61f42c697e7d1e0b5ea9716 aaae45f700f5493787ac1a2327605053 - - default default] delete failed (client error): The resource could not be found. [pid: 8|app: 0|req: 888/1886] 10.0.0.74 () {32 vars in 723 bytes} [Wed Sep 9 00:17:17 2026] DELETE /v2.0/routers/a51f37c4-af6f-4349-9e33-c327de0a7afb => generated 135 bytes in 16 msecs (HTTP/1.1 404) 4 headers in 164 bytes (1 switches on core 0)
2026-09-09 00:17:17.377 8 INFO neutron.pecan_wsgi.hooks.translation [None req-8ef22f5c-86ca-4b6b-b5ab-8fa339921694 3162559eb61f42c697e7d1e0b5ea9716 aaae45f700f5493787ac1a2327605053 - - default default] DELETE failed (client error): The resource could not be found. [pid: 8|app: 0|req: 889/1887] 10.0.0.74 () {32 vars in 723 bytes} [Wed Sep 9 00:17:17 2026] DELETE /v2.0/subnets/e0ab000f-b840-4e60-9e27-97c4a89cbab8 => generated 136 bytes in 15 msecs (HTTP/1.1 404) 4 headers in 164 bytes (1 switches on core 0)
2026-09-09 00:17:17.409 8 INFO neutron.pecan_wsgi.hooks.translation [None req-b07cfbdc-6350-4aae-8fa9-383f617d8238 3162559eb61f42c697e7d1e0b5ea9716 aaae45f700f5493787ac1a2327605053 - - default default] DELETE failed (client error): The resource could not be found. [pid: 8|app: 0|req: 890/1888] 10.0.0.74 () {32 vars in 723 bytes} [Wed Sep 9 00:17:17 2026] DELETE /v2.0/subnets/03544ee9-9535-4d67-a4ae-992a7f2e8ebd => generated 136 bytes in 28 msecs (HTTP/1.1 404) 4 headers in 164 bytes (1 switches on core 0)
2026-09-09 00:17:17.422 7 INFO neutron.db.ovn_revision_numbers_db [None req-8a6b7f84-8915-48c8-a694-616b3b9f04ed 94f80a524d3a4aaf9833e64d55bb9a2b fc5340e85bab405e865e0db5de53da12 - - default default] Successfully bumped revision number for resource bebb81c2-ef6d-4d5f-b4b2-011a992dbef4 (type: networks) to 1
2026-09-09 00:17:17.607 7 WARNING neutron.scheduler.dhcp_agent_scheduler [None req-8a6b7f84-8915-48c8-a694-616b3b9f04ed 94f80a524d3a4aaf9833e64d55bb9a2b fc5340e85bab405e865e0db5de53da12 - - default default] No more DHCP agents
2026-09-09 00:17:17.609 7 WARNING neutron.api.rpc.agentnotifiers.dhcp_rpc_agent_api [None req-8a6b7f84-8915-48c8-a694-616b3b9f04ed 94f80a524d3a4aaf9833e64d55bb9a2b fc5340e85bab405e865e0db5de53da12 - - default default] Unable to schedule network bebb81c2-ef6d-4d5f-b4b2-011a992dbef4: no agents available; will retry on subsequent port and subnet creation events.
2026-09-09 00:17:17.659 8 INFO neutron.plugins.ml2.drivers.ovn.mech_driver.mech_driver [None req-3d8ca459-2e35-4964-ba23-d49474dce6b9 - - - - - -] OVN reports status down for port: fa193cec-af57-4e72-a21c-3db6464d6396
2026-09-09 00:17:17.687 7 INFO neutron.db.ovn_revision_numbers_db [None req-8a6b7f84-8915-48c8-a694-616b3b9f04ed 94f80a524d3a4aaf9833e64d55bb9a2b fc5340e85bab405e865e0db5de53da12 - - default default] Successfully bumped revision number for resource fa193cec-af57-4e72-a21c-3db6464d6396 (type: ports) to 1 [pid: 7|app: 0|req: 999/1889] 10.0.0.74 () {34 vars in 670 bytes} [Wed Sep 9 00:17:16 2026] POST /v2.0/networks => generated 670 bytes in 1045 msecs (HTTP/1.1 201) 4 headers in 162 bytes (1 switches on core 0) [pid: 7|app: 0|req: 1000/1890] 10.0.0.74 () {32 vars in 773 bytes} [Wed Sep 9 00:17:17 2026] GET /v2.0/security-groups?tenant_id=aaae45f700f5493787ac1a2327605053&name=default => generated 2925 bytes in 261 msecs (HTTP/1.1 200) 4 headers in 158 bytes (1 switches on core 0)
2026-09-09 00:17:18.295 8 WARNING neutron.scheduler.dhcp_agent_scheduler [None req-eb211b41-6443-4f98-b89b-0439eaf87b83 94f80a524d3a4aaf9833e64d55bb9a2b fc5340e85bab405e865e0db5de53da12 - - default default] No more DHCP agents
2026-09-09 00:17:18.296 8 WARNING neutron.api.rpc.agentnotifiers.dhcp_rpc_agent_api [None req-eb211b41-6443-4f98-b89b-0439eaf87b83 94f80a524d3a4aaf9833e64d55bb9a2b fc5340e85bab405e865e0db5de53da12 - - default default] Unable to schedule network f1ade404-fe3a-410c-9d0a-1b0994c1e56e: no agents available; will retry on subsequent port and subnet creation events. [pid: 7|app: 0|req: 1001/1891] 10.0.0.74 () {32 vars in 739 bytes} [Wed Sep 9 00:17:18 2026] DELETE /v2.0/security-groups/53f37d5b-a683-4fe6-b845-7d30ea5c5035 => generated 0 bytes in 288 msecs (HTTP/1.1 204) 2 headers in 112 bytes (1 switches on core 0)
2026-09-09 00:17:18.465 8 INFO neutron.db.ovn_revision_numbers_db [None req-eb211b41-6443-4f98-b89b-0439eaf87b83 94f80a524d3a4aaf9833e64d55bb9a2b fc5340e85bab405e865e0db5de53da12 - - default default] Successfully bumped revision number for resource cc009055-d6b3-457d-9c71-9744120540fb (type: ports) to 1
2026-09-09 00:17:18.988 8 INFO neutron.plugins.ml2.drivers.ovn.mech_driver.ovsdb.commands [None req-2d2b978d-6300-4dda-8b03-f4eb2f2a6d7e - - - - - -] Schedule LRP lrp-cc009055-d6b3-457d-9c71-9744120540fb on gateway f4df76da-971e-4991-abb8-d7cfddf82080 with priority 1
2026-09-09 00:17:19.059 7 INFO neutron.plugins.ml2.drivers.ovn.mech_driver.ovsdb.ovsdb_monitor [None req-fa2653ee-099b-4ab3-b3fe-163c8fb63a1a - - - - - -] Router 48985793-0d1d-45fa-a172-1ca32be654e6 is bound to host instance
2026-09-09 00:17:19.111 8 INFO neutron.db.ovn_revision_numbers_db [None req-eb211b41-6443-4f98-b89b-0439eaf87b83 94f80a524d3a4aaf9833e64d55bb9a2b fc5340e85bab405e865e0db5de53da12 - - default default] Successfully bumped revision number for resource cc009055-d6b3-457d-9c71-9744120540fb (type: router_ports) to 1
2026-09-09 00:17:19.197 8 INFO neutron.db.ovn_revision_numbers_db [None req-eb211b41-6443-4f98-b89b-0439eaf87b83 94f80a524d3a4aaf9833e64d55bb9a2b fc5340e85bab405e865e0db5de53da12 - - default default] Successfully bumped revision number for resource 48985793-0d1d-45fa-a172-1ca32be654e6 (type: routers) to 2 [pid: 8|app: 0|req: 891/1894] 10.0.0.74 () {34 vars in 668 bytes} [Wed Sep 9 00:17:17 2026] POST /v2.0/routers => generated 955 bytes in 1498 msecs (HTTP/1.1 201) 4 headers in 162 bytes (1 switches on core 0) [pid: 8|app: 0|req: 892/1895] 10.0.0.74 () {32 vars in 775 bytes} [Wed Sep 9 00:17:19 2026] GET /v2.0/subnets?project_id=fc5340e85bab405e865e0db5de53da12&cidr=10.100.0.0%2F28 => generated 14 bytes in 139 msecs (HTTP/1.1 200) 4 headers in 156 bytes (1 switches on core 0) [pid: 8|app: 0|req: 893/1896] 10.0.0.74 () {32 vars in 693 bytes} [Wed Sep 9 00:17:19 2026] GET /v2.0/networks?router%3Aexternal=True => generated 791 bytes in 68 msecs (HTTP/1.1 200) 4 headers in 157 bytes (1 switches on core 0) [pid: 8|app: 0|req: 894/1897] 10.0.0.74 () {32 vars in 783 bytes} [Wed Sep 9 00:17:19 2026] GET /v2.0/subnets?network_id=f1ade404-fe3a-410c-9d0a-1b0994c1e56e&cidr=10.100.0.0%2F28 => generated 14 bytes in 42 msecs (HTTP/1.1 200) 4 headers in 156 bytes (1 switches on core 0)
2026-09-09 00:17:19.551 7 INFO neutron.db.ovn_revision_numbers_db [None req-141c0a1f-2a77-4571-94ba-198546da5efb e4bc05923e9b48dd93db04e6bc6160d1 bf25366eaeab42308cd04bd951d7570e - - default default] Successfully bumped revision number for resource 46c5ac7b-a709-4be9-aa15-8c8e1f422bce (type: security_groups) to 1
2026-09-09 00:17:19.578 7 INFO neutron.db.ovn_revision_numbers_db [None req-141c0a1f-2a77-4571-94ba-198546da5efb e4bc05923e9b48dd93db04e6bc6160d1 bf25366eaeab42308cd04bd951d7570e - - default default] Successfully bumped revision number for resource 74a1210f-a21b-4fa1-87fb-65e3cb1d8ed0 (type: security_group_rules) to 0
2026-09-09 00:17:19.604 7 INFO neutron.db.ovn_revision_numbers_db [None req-141c0a1f-2a77-4571-94ba-198546da5efb e4bc05923e9b48dd93db04e6bc6160d1 bf25366eaeab42308cd04bd951d7570e - - default default] Successfully bumped revision number for resource a08bfca3-ce37-4db8-803f-6c476c10f249 (type: security_group_rules) to 0
2026-09-09 00:17:19.637 7 INFO neutron.db.ovn_revision_numbers_db [None req-141c0a1f-2a77-4571-94ba-198546da5efb e4bc05923e9b48dd93db04e6bc6160d1 bf25366eaeab42308cd04bd951d7570e - - default default] Successfully bumped revision number for resource df6b7806-25d6-458b-bd7c-fc24ca957544 (type: security_group_rules) to 0
2026-09-09 00:17:19.662 7 INFO neutron.db.ovn_revision_numbers_db [None req-141c0a1f-2a77-4571-94ba-198546da5efb e4bc05923e9b48dd93db04e6bc6160d1 bf25366eaeab42308cd04bd951d7570e - - default default] Successfully bumped revision number for resource e72a02a8-7094-4efa-9926-311482e33569 (type: security_group_rules) to 0
2026-09-09 00:17:19.699 8 WARNING neutron.scheduler.dhcp_agent_scheduler [None req-5f40f531-2d34-4830-a986-651c7ef82b02 94f80a524d3a4aaf9833e64d55bb9a2b fc5340e85bab405e865e0db5de53da12 - - default default] No more DHCP agents
2026-09-09 00:17:19.700 8 WARNING neutron.api.rpc.agentnotifiers.dhcp_rpc_agent_api [None req-5f40f531-2d34-4830-a986-651c7ef82b02 94f80a524d3a4aaf9833e64d55bb9a2b fc5340e85bab405e865e0db5de53da12 - - default default] Unable to schedule network bebb81c2-ef6d-4d5f-b4b2-011a992dbef4: no agents available; will retry on subsequent port and subnet creation events.
2026-09-09 00:17:19.770 7 WARNING neutron.plugins.ml2.drivers.ovn.mech_driver.ovsdb.ovn_client [None req-73a801af-abdd-4fc4-8cb1-0f2adbd40c15 - - - - - -] No port found with ID 988ea81b-fa52-4dfc-9bf4-39acfc5779d4: RuntimeError: No port found with ID 988ea81b-fa52-4dfc-9bf4-39acfc5779d4
2026-09-09 00:17:19.771 7 INFO neutron.plugins.ml2.drivers.ovn.mech_driver.mech_driver [None req-73a801af-abdd-4fc4-8cb1-0f2adbd40c15 - - - - - -] OVN reports status down for port: cc009055-d6b3-457d-9c71-9744120540fb
2026-09-09 00:17:19.800 7 INFO neutron.db.segments_db [None req-141c0a1f-2a77-4571-94ba-198546da5efb e4bc05923e9b48dd93db04e6bc6160d1 bf25366eaeab42308cd04bd951d7570e - - default default] Added segment d2eee22e-b2de-4e21-ad48-f943b03183ad of type geneve for network 93d97922-75ec-4a2e-9dbd-05e2bee858cb
2026-09-09 00:17:20.105 8 INFO neutron.db.ovn_revision_numbers_db [None req-d4b1f406-39f2-4508-b976-0801af03142c - - - - - -] Successfully bumped revision number for resource fa193cec-af57-4e72-a21c-3db6464d6396 (type: ports) to 2
2026-09-09 00:17:20.137 8 INFO neutron.db.ovn_revision_numbers_db [None req-d4b1f406-39f2-4508-b976-0801af03142c - - - - - -] Successfully bumped revision number for resource 5a3027eb-bd23-4085-802b-cf051cfa0571 (type: subnets) to 0
2026-09-09 00:17:20.140 7 WARNING neutron.plugins.ml2.drivers.ovn.mech_driver.ovsdb.ovn_client [None req-73a801af-abdd-4fc4-8cb1-0f2adbd40c15 - - - - - -] Logical_Switch_Port cc009055-d6b3-457d-9c71-9744120540fb host information not removed, the port state is up
2026-09-09 00:17:20.140 7 INFO neutron.plugins.ml2.drivers.ovn.mech_driver.mech_driver [None req-73a801af-abdd-4fc4-8cb1-0f2adbd40c15 - - - - - -] OVN reports status up for port: cc009055-d6b3-457d-9c71-9744120540fb [pid: 8|app: 0|req: 895/1898] 10.0.0.74 () {34 vars in 668 bytes} [Wed Sep 9 00:17:19 2026] POST /v2.0/subnets => generated 657 bytes in 663 msecs (HTTP/1.1 201) 4 headers in 162 bytes (1 switches on core 0)
2026-09-09 00:17:20.175 7 INFO neutron.plugins.ml2.plugin [None req-73a801af-abdd-4fc4-8cb1-0f2adbd40c15 - - - - - -] Attempt 1 to provision port cc009055-d6b3-457d-9c71-9744120540fb
2026-09-09 00:17:20.180 7 INFO neutron.db.ovn_revision_numbers_db [None req-141c0a1f-2a77-4571-94ba-198546da5efb e4bc05923e9b48dd93db04e6bc6160d1 bf25366eaeab42308cd04bd951d7570e - - default default] Successfully bumped revision number for resource 93d97922-75ec-4a2e-9dbd-05e2bee858cb (type: networks) to 1
2026-09-09 00:17:20.520 8 WARNING neutron.scheduler.dhcp_agent_scheduler [None req-bf88eed5-c75e-4c42-8f32-13436fb7e28d 94f80a524d3a4aaf9833e64d55bb9a2b fc5340e85bab405e865e0db5de53da12 - - default default] No more DHCP agents
2026-09-09 00:17:20.521 8 WARNING neutron.api.rpc.agentnotifiers.dhcp_rpc_agent_api [None req-bf88eed5-c75e-4c42-8f32-13436fb7e28d 94f80a524d3a4aaf9833e64d55bb9a2b fc5340e85bab405e865e0db5de53da12 - - default default] Unable to schedule network bebb81c2-ef6d-4d5f-b4b2-011a992dbef4: no agents available; will retry on subsequent port and subnet creation events.
2026-09-09 00:17:20.591 8 INFO neutron.plugins.ml2.drivers.ovn.mech_driver.mech_driver [None req-3d8ca459-2e35-4964-ba23-d49474dce6b9 - - - - - -] OVN reports status down for port: f5a45f54-6130-4d13-9cb4-0306bc94b6a3
2026-09-09 00:17:20.597 7 WARNING neutron.scheduler.dhcp_agent_scheduler [None req-141c0a1f-2a77-4571-94ba-198546da5efb e4bc05923e9b48dd93db04e6bc6160d1 bf25366eaeab42308cd04bd951d7570e - - default default] No more DHCP agents
2026-09-09 00:17:20.603 7 WARNING neutron.api.rpc.agentnotifiers.dhcp_rpc_agent_api [None req-141c0a1f-2a77-4571-94ba-198546da5efb e4bc05923e9b48dd93db04e6bc6160d1 bf25366eaeab42308cd04bd951d7570e - - default default] Unable to schedule network 93d97922-75ec-4a2e-9dbd-05e2bee858cb: no agents available; will retry on subsequent port and subnet creation events.
2026-09-09 00:17:20.666 8 INFO neutron.db.ovn_revision_numbers_db [None req-bf88eed5-c75e-4c42-8f32-13436fb7e28d 94f80a524d3a4aaf9833e64d55bb9a2b fc5340e85bab405e865e0db5de53da12 - - default default] Successfully bumped revision number for resource f5a45f54-6130-4d13-9cb4-0306bc94b6a3 (type: ports) to 1
2026-09-09 00:17:20.716 7 INFO neutron.plugins.ml2.drivers.ovn.mech_driver.mech_driver [None req-73a801af-abdd-4fc4-8cb1-0f2adbd40c15 - - - - - -] OVN reports status down for port: 64af3456-04bb-4fa0-93fa-1934e948c0d7
2026-09-09 00:17:20.877 7 INFO neutron.db.ovn_revision_numbers_db [None req-141c0a1f-2a77-4571-94ba-198546da5efb e4bc05923e9b48dd93db04e6bc6160d1 bf25366eaeab42308cd04bd951d7570e - - default default] Successfully bumped revision number for resource 64af3456-04bb-4fa0-93fa-1934e948c0d7 (type: ports) to 1 [pid: 7|app: 0|req: 1004/1899] 10.0.0.74 () {34 vars in 669 bytes} [Wed Sep 9 00:17:18 2026] POST /v2.0/networks => generated 768 bytes in 2079 msecs (HTTP/1.1 201) 4 headers in 162 bytes (1 switches on core 0)
2026-09-09 00:17:21.047 7 INFO neutron.db.ovn_revision_numbers_db [None req-cf5b70c6-6d49-4b7a-ab8a-844f8715b85a - - - - - -] Successfully bumped revision number for resource cc009055-d6b3-457d-9c71-9744120540fb (type: ports) to 4
2026-09-09 00:17:21.264 8 INFO neutron.plugins.ml2.drivers.ovn.mech_driver.mech_driver [None req-3d8ca459-2e35-4964-ba23-d49474dce6b9 - - - - - -] OVN reports status up for port: f5a45f54-6130-4d13-9cb4-0306bc94b6a3
2026-09-09 00:17:21.292 8 INFO neutron.plugins.ml2.plugin [None req-3d8ca459-2e35-4964-ba23-d49474dce6b9 - - - - - -] Attempt 1 to provision port f5a45f54-6130-4d13-9cb4-0306bc94b6a3
2026-09-09 00:17:21.414 8 WARNING neutron.scheduler.dhcp_agent_scheduler [None req-bf88eed5-c75e-4c42-8f32-13436fb7e28d 94f80a524d3a4aaf9833e64d55bb9a2b fc5340e85bab405e865e0db5de53da12 - - default default] No more DHCP agents
2026-09-09 00:17:21.417 8 WARNING neutron.api.rpc.agentnotifiers.dhcp_rpc_agent_api [None req-bf88eed5-c75e-4c42-8f32-13436fb7e28d 94f80a524d3a4aaf9833e64d55bb9a2b fc5340e85bab405e865e0db5de53da12 - - default default] Unable to schedule network bebb81c2-ef6d-4d5f-b4b2-011a992dbef4: no agents available; will retry on subsequent port and subnet creation events.
2026-09-09 00:17:21.547 7 INFO neutron.db.ovn_revision_numbers_db [None req-ba7aa996-90b1-4f84-b3e1-2ec5a31477eb 0dc4f4ae78444aa6884a934289d08f73 c785c4abff974c70b5cffab6aa670a81 - - default default] Successfully bumped revision number for resource b3654b56-53ed-48a4-8dab-026c71bb1ba6 (type: security_groups) to 1
2026-09-09 00:17:21.572 7 INFO neutron.db.ovn_revision_numbers_db [None req-ba7aa996-90b1-4f84-b3e1-2ec5a31477eb 0dc4f4ae78444aa6884a934289d08f73 c785c4abff974c70b5cffab6aa670a81 - - default default] Successfully bumped revision number for resource 004b5b5b-a209-46a7-afe9-fd8cb49dc140 (type: security_group_rules) to 0
2026-09-09 00:17:21.607 7 INFO neutron.db.ovn_revision_numbers_db [None req-ba7aa996-90b1-4f84-b3e1-2ec5a31477eb 0dc4f4ae78444aa6884a934289d08f73 c785c4abff974c70b5cffab6aa670a81 - - default default] Successfully bumped revision number for resource bb7b90e7-bf1e-4dd6-966f-b46a9cc03eef (type: security_group_rules) to 0
2026-09-09 00:17:21.633 7 INFO neutron.db.ovn_revision_numbers_db [None req-ba7aa996-90b1-4f84-b3e1-2ec5a31477eb 0dc4f4ae78444aa6884a934289d08f73 c785c4abff974c70b5cffab6aa670a81 - - default default] Successfully bumped revision number for resource cbfb2bfe-f5c9-4d56-942a-719129150864 (type: security_group_rules) to 0
2026-09-09 00:17:21.649 7 INFO neutron.db.ovn_revision_numbers_db [None req-cf5b70c6-6d49-4b7a-ab8a-844f8715b85a - - - - - -] Successfully bumped revision number for resource cc009055-d6b3-457d-9c71-9744120540fb (type: ports) to 5
2026-09-09 00:17:21.657 7 INFO neutron.db.ovn_revision_numbers_db [None req-ba7aa996-90b1-4f84-b3e1-2ec5a31477eb 0dc4f4ae78444aa6884a934289d08f73 c785c4abff974c70b5cffab6aa670a81 - - default default] Successfully bumped revision number for resource e37fe7e3-c53c-450b-85b6-d039cfe737de (type: security_group_rules) to 0
2026-09-09 00:17:21.801 7 INFO neutron.db.segments_db [None req-ba7aa996-90b1-4f84-b3e1-2ec5a31477eb 0dc4f4ae78444aa6884a934289d08f73 c785c4abff974c70b5cffab6aa670a81 - - default default] Added segment b7acc383-464d-4c1f-8587-13af869117dc of type geneve for network 19630c76-5914-4fd5-a8bc-c9c2e522408c
2026-09-09 00:17:21.951 7 INFO neutron.db.ovn_revision_numbers_db [None req-ba7aa996-90b1-4f84-b3e1-2ec5a31477eb 0dc4f4ae78444aa6884a934289d08f73 c785c4abff974c70b5cffab6aa670a81 - - default default] Successfully bumped revision number for resource 19630c76-5914-4fd5-a8bc-c9c2e522408c (type: networks) to 1
2026-09-09 00:17:22.209 7 WARNING neutron.scheduler.dhcp_agent_scheduler [None req-ba7aa996-90b1-4f84-b3e1-2ec5a31477eb 0dc4f4ae78444aa6884a934289d08f73 c785c4abff974c70b5cffab6aa670a81 - - default default] No more DHCP agents
2026-09-09 00:17:22.219 7 WARNING neutron.api.rpc.agentnotifiers.dhcp_rpc_agent_api [None req-ba7aa996-90b1-4f84-b3e1-2ec5a31477eb 0dc4f4ae78444aa6884a934289d08f73 c785c4abff974c70b5cffab6aa670a81 - - default default] Unable to schedule network 19630c76-5914-4fd5-a8bc-c9c2e522408c: no agents available; will retry on subsequent port and subnet creation events.
2026-09-09 00:17:22.232 8 INFO neutron.db.ovn_revision_numbers_db [None req-3d8ca459-2e35-4964-ba23-d49474dce6b9 - - - - - -] Successfully bumped revision number for resource f5a45f54-6130-4d13-9cb4-0306bc94b6a3 (type: ports) to 2
2026-09-09 00:17:22.280 7 INFO neutron.plugins.ml2.drivers.ovn.mech_driver.mech_driver [None req-73a801af-abdd-4fc4-8cb1-0f2adbd40c15 - - - - - -] OVN reports status down for port: e17c3db0-c3ba-4fbd-ad29-16c20b8c48f9
2026-09-09 00:17:22.352 7 INFO neutron.db.ovn_revision_numbers_db [None req-ba7aa996-90b1-4f84-b3e1-2ec5a31477eb 0dc4f4ae78444aa6884a934289d08f73 c785c4abff974c70b5cffab6aa670a81 - - default default] Successfully bumped revision number for resource e17c3db0-c3ba-4fbd-ad29-16c20b8c48f9 (type: ports) to 1 [pid: 7|app: 0|req: 1005/1900] 10.0.0.74 () {34 vars in 669 bytes} [Wed Sep 9 00:17:21 2026] POST /v2.0/networks => generated 668 bytes in 1409 msecs (HTTP/1.1 201) 4 headers in 162 bytes (1 switches on core 0)
2026-09-09 00:17:22.445 8 INFO neutron.db.ovn_revision_numbers_db [None req-bf88eed5-c75e-4c42-8f32-13436fb7e28d 94f80a524d3a4aaf9833e64d55bb9a2b fc5340e85bab405e865e0db5de53da12 - - default default] Successfully bumped revision number for resource f5a45f54-6130-4d13-9cb4-0306bc94b6a3 (type: router_ports) to 1 [pid: 8|app: 0|req: 896/1901] 10.0.0.74 () {34 vars in 782 bytes} [Wed Sep 9 00:17:20 2026] PUT /v2.0/routers/48985793-0d1d-45fa-a172-1ca32be654e6/add_router_interface => generated 309 bytes in 2309 msecs (HTTP/1.1 200) 4 headers in 157 bytes (1 switches on core 0)
2026-09-09 00:17:22.575 7 WARNING neutron.scheduler.dhcp_agent_scheduler [None req-29ced0ba-0b1e-45ab-8623-3990fc40603a e4bc05923e9b48dd93db04e6bc6160d1 bf25366eaeab42308cd04bd951d7570e - - default default] No more DHCP agents
2026-09-09 00:17:22.576 7 WARNING neutron.api.rpc.agentnotifiers.dhcp_rpc_agent_api [None req-29ced0ba-0b1e-45ab-8623-3990fc40603a e4bc05923e9b48dd93db04e6bc6160d1 bf25366eaeab42308cd04bd951d7570e - - default default] Unable to schedule network 93d97922-75ec-4a2e-9dbd-05e2bee858cb: no agents available; will retry on subsequent port and subnet creation events.
2026-09-09 00:17:22.585 8 INFO neutron.db.ovn_revision_numbers_db [None req-a4bb3292-a885-44e1-99e4-6f8259666b01 - - - - - -] Successfully bumped revision number for resource f5a45f54-6130-4d13-9cb4-0306bc94b6a3 (type: router_ports) to 2
2026-09-09 00:17:22.635 8 INFO neutron.db.segments_db [None req-42a916ce-5ea9-4047-945c-731133e340ac 0dc4f4ae78444aa6884a934289d08f73 c785c4abff974c70b5cffab6aa670a81 - - default default] Added segment b8371eb5-f990-4fe1-b873-faaa03fb93e0 of type geneve for network 841eb71d-088b-4d17-b2b3-f115b72bdc71
2026-09-09 00:17:22.781 8 INFO neutron.db.ovn_revision_numbers_db [None req-42a916ce-5ea9-4047-945c-731133e340ac 0dc4f4ae78444aa6884a934289d08f73 c785c4abff974c70b5cffab6aa670a81 - - default default] Successfully bumped revision number for resource 841eb71d-088b-4d17-b2b3-f115b72bdc71 (type: networks) to 1
2026-09-09 00:17:22.933 8 WARNING neutron.scheduler.dhcp_agent_scheduler [None req-42a916ce-5ea9-4047-945c-731133e340ac 0dc4f4ae78444aa6884a934289d08f73 c785c4abff974c70b5cffab6aa670a81 - - default default] No more DHCP agents
2026-09-09 00:17:22.935 8 WARNING neutron.api.rpc.agentnotifiers.dhcp_rpc_agent_api [None req-42a916ce-5ea9-4047-945c-731133e340ac 0dc4f4ae78444aa6884a934289d08f73 c785c4abff974c70b5cffab6aa670a81 - - default default] Unable to schedule network 841eb71d-088b-4d17-b2b3-f115b72bdc71: no agents available; will retry on subsequent port and subnet creation events.
2026-09-09 00:17:23.052 7 INFO neutron.plugins.ml2.drivers.ovn.mech_driver.mech_driver [None req-73a801af-abdd-4fc4-8cb1-0f2adbd40c15 - - - - - -] OVN reports status down for port: 48d8f983-32a5-4dc5-a243-0a67efa0e2d7
2026-09-09 00:17:23.067 8 INFO neutron.db.ovn_revision_numbers_db [None req-42a916ce-5ea9-4047-945c-731133e340ac 0dc4f4ae78444aa6884a934289d08f73 c785c4abff974c70b5cffab6aa670a81 - - default default] Successfully bumped revision number for resource 48d8f983-32a5-4dc5-a243-0a67efa0e2d7 (type: ports) to 1 [pid: 8|app: 0|req: 897/1902] 10.0.0.74 () {34 vars in 669 bytes} [Wed Sep 9 00:17:22 2026] POST /v2.0/networks => generated 668 bytes in 660 msecs (HTTP/1.1 201) 4 headers in 162 bytes (1 switches on core 0)
2026-09-09 00:17:23.160 7 INFO neutron.db.ovn_revision_numbers_db [None req-f9bd69dc-9509-4823-8f31-d8ab544a570e - - - - - -] Successfully bumped revision number for resource 64af3456-04bb-4fa0-93fa-1934e948c0d7 (type: ports) to 2 [pid: 8|app: 0|req: 898/1903] 10.0.0.74 () {32 vars in 648 bytes} [Wed Sep 9 00:17:23 2026] GET /v2.0/networks => generated 6928 bytes in 68 msecs (HTTP/1.1 200) 4 headers in 158 bytes (1 switches on core 0)
2026-09-09 00:17:23.229 7 INFO neutron.db.ovn_revision_numbers_db [None req-f9bd69dc-9509-4823-8f31-d8ab544a570e - - - - - -] Successfully bumped revision number for resource 06432a56-6780-4758-99d2-44e0f3bfe8d2 (type: subnets) to 0 [pid: 7|app: 0|req: 1006/1904] 10.0.0.74 () {34 vars in 668 bytes} [Wed Sep 9 00:17:22 2026] POST /v2.0/subnets => generated 644 bytes in 833 msecs (HTTP/1.1 201) 4 headers in 162 bytes (1 switches on core 0) [pid: 7|app: 0|req: 1007/1905] 10.0.0.74 () {32 vars in 646 bytes} [Wed Sep 9 00:17:23 2026] GET /v2.0/subnets => generated 3962 bytes in 64 msecs (HTTP/1.1 200) 4 headers in 158 bytes (1 switches on core 0)
2026-09-09 00:17:23.322 7 WARNING neutron.api.v2.base [None req-23bb241d-c432-4e97-9f11-093f71c525b8 e4bc05923e9b48dd93db04e6bc6160d1 bf25366eaeab42308cd04bd951d7570e - - default default] An exception happened while processing the request body. The exception message is [Invalid input for target_tenant. Reason: 'None' is not a valid string.].: webob.exc.HTTPBadRequest: Invalid input for target_tenant. Reason: 'None' is not a valid string.
2026-09-09 00:17:23.323 7 INFO neutron.api.v2.resource [None req-23bb241d-c432-4e97-9f11-093f71c525b8 e4bc05923e9b48dd93db04e6bc6160d1 bf25366eaeab42308cd04bd951d7570e - - default default] create failed (client error): Invalid input for target_tenant. Reason: 'None' is not a valid string.
2026-09-09 00:17:23.324 8 WARNING neutron.scheduler.dhcp_agent_scheduler [None req-3fe3e43e-33c8-4553-84f7-b54a555b9721 0dc4f4ae78444aa6884a934289d08f73 c785c4abff974c70b5cffab6aa670a81 - - default default] No more DHCP agents [pid: 7|app: 0|req: 1008/1906] 10.0.0.74 () {34 vars in 680 bytes} [Wed Sep 9 00:17:23 2026] POST /v2.0/rbac-policies => generated 143 bytes in 7 msecs (HTTP/1.1 400) 4 headers in 166 bytes (1 switches on core 0)
2026-09-09 00:17:23.325 8 WARNING neutron.api.rpc.agentnotifiers.dhcp_rpc_agent_api [None req-3fe3e43e-33c8-4553-84f7-b54a555b9721 0dc4f4ae78444aa6884a934289d08f73 c785c4abff974c70b5cffab6aa670a81 - - default default] Unable to schedule network 19630c76-5914-4fd5-a8bc-c9c2e522408c: no agents available; will retry on subsequent port and subnet creation events. [pid: 7|app: 0|req: 1009/1907] 10.0.0.74 () {32 vars in 646 bytes} [Wed Sep 9 00:17:23 2026] GET /v2.0/routers => generated 2899 bytes in 66 msecs (HTTP/1.1 200) 4 headers in 158 bytes (1 switches on core 0)
2026-09-09 00:17:23.519 7 INFO neutron_taas.services.taas.taas_plugin [None req-514d3e07-c456-4c36-9e12-da4601d4a378 e4bc05923e9b48dd93db04e6bc6160d1 bf25366eaeab42308cd04bd951d7570e - - default default] TaaS: Handle Delete Port: 64af3456-04bb-4fa0-93fa-1934e948c0d7
2026-09-09 00:17:23.522 7 INFO neutron_taas.services.taas.tap_mirror_plugin [None req-514d3e07-c456-4c36-9e12-da4601d4a378 e4bc05923e9b48dd93db04e6bc6160d1 bf25366eaeab42308cd04bd951d7570e - - default default] Tap Mirror: Handle Delete Port: 64af3456-04bb-4fa0-93fa-1934e948c0d7
2026-09-09 00:17:23.753 8 INFO neutron.db.ovn_revision_numbers_db [None req-d08da773-a370-43a6-94be-c5dd3e1a5adc - - - - - -] Successfully bumped revision number for resource e17c3db0-c3ba-4fbd-ad29-16c20b8c48f9 (type: ports) to 2
2026-09-09 00:17:23.796 8 INFO neutron.db.ovn_revision_numbers_db [None req-d08da773-a370-43a6-94be-c5dd3e1a5adc - - - - - -] Successfully bumped revision number for resource 80693d43-6423-430d-b750-3e41846f1736 (type: subnets) to 0 [pid: 8|app: 0|req: 899/1908] 10.0.0.74 () {34 vars in 668 bytes} [Wed Sep 9 00:17:23 2026] POST /v2.0/subnets => generated 626 bytes in 628 msecs (HTTP/1.1 201) 4 headers in 162 bytes (1 switches on core 0)
2026-09-09 00:17:23.820 7 INFO neutron.services.segments.plugin [-] Segment d2eee22e-b2de-4e21-ad48-f943b03183ad resource provider aggregate not found
2026-09-09 00:17:23.826 7 INFO neutron.services.segments.plugin [-] Segment d2eee22e-b2de-4e21-ad48-f943b03183ad resource provider aggregate not found
2026-09-09 00:17:23.842 7 INFO neutron.services.segments.plugin [-] Client error retrieving segment d2eee22e-b2de-4e21-ad48-f943b03183ad resource provider; error: Placement Client Error (4xx): {"errors": [{"status": 404, "title": "Not Found", "detail": "The resource could not be found.\n\n No resource provider with uuid d2eee22e-b2de-4e21-ad48-f943b03183ad found for delete ", "request_id": "req-dfb6d290-3e01-4257-b98a-112c20dff501"}]}
2026-09-09 00:17:23.851 7 INFO neutron.services.segments.plugin [-] Client error retrieving segment d2eee22e-b2de-4e21-ad48-f943b03183ad resource provider; error: Placement Client Error (4xx): {"errors": [{"status": 404, "title": "Not Found", "detail": "The resource could not be found.\n\n No resource provider with uuid d2eee22e-b2de-4e21-ad48-f943b03183ad found for delete ", "request_id": "req-b85eead9-2c5e-4279-88d5-0e0a0ad92fc2"}]} [pid: 7|app: 0|req: 1010/1909] 10.0.0.74 () {32 vars in 725 bytes} [Wed Sep 9 00:17:23 2026] DELETE /v2.0/networks/93d97922-75ec-4a2e-9dbd-05e2bee858cb => generated 0 bytes in 475 msecs (HTTP/1.1 204) 3 headers in 131 bytes (1 switches on core 0) [pid: 7|app: 0|req: 1011/1910] 10.0.0.13 () {34 vars in 989 bytes} [Wed Sep 9 00:17:23 2026] GET /v2.0/ports?device_id=d7192ce4-5f11-432e-922b-2bc1d11d9d17 => generated 1010 bytes in 89 msecs (HTTP/1.1 200) 4 headers in 158 bytes (1 switches on core 0)
2026-09-09 00:17:24.002 8 INFO neutron.db.ovn_revision_numbers_db [None req-1e6f51eb-5ac0-4b59-ba89-9c466651d5db 94f80a524d3a4aaf9833e64d55bb9a2b fc5340e85bab405e865e0db5de53da12 - - default default] Successfully bumped revision number for resource 14920daa-a3bd-44df-9a52-9d0ff1240af0 (type: security_groups) to 1
2026-09-09 00:17:24.025 8 INFO neutron.db.ovn_revision_numbers_db [None req-1e6f51eb-5ac0-4b59-ba89-9c466651d5db 94f80a524d3a4aaf9833e64d55bb9a2b fc5340e85bab405e865e0db5de53da12 - - default default] Successfully bumped revision number for resource 4b651acf-99a6-47c3-8b73-1dc6eca2fbee (type: security_group_rules) to 0
2026-09-09 00:17:24.040 8 INFO neutron.db.ovn_revision_numbers_db [None req-1e6f51eb-5ac0-4b59-ba89-9c466651d5db 94f80a524d3a4aaf9833e64d55bb9a2b fc5340e85bab405e865e0db5de53da12 - - default default] Successfully bumped revision number for resource 97ef38aa-219a-4be7-810c-c8fc61a950e3 (type: security_group_rules) to 0 [pid: 8|app: 0|req: 900/1911] 10.0.0.74 () {34 vars in 684 bytes} [Wed Sep 9 00:17:23 2026] POST /v2.0/security-groups => generated 1675 bytes in 274 msecs (HTTP/1.1 201) 4 headers in 163 bytes (1 switches on core 0)
2026-09-09 00:17:24.213 7 WARNING neutron.scheduler.dhcp_agent_scheduler [None req-5b4bec2a-838e-41a2-bbd4-c3cf208ce105 0dc4f4ae78444aa6884a934289d08f73 c785c4abff974c70b5cffab6aa670a81 - - default default] No more DHCP agents
2026-09-09 00:17:24.215 7 WARNING neutron.api.rpc.agentnotifiers.dhcp_rpc_agent_api [None req-5b4bec2a-838e-41a2-bbd4-c3cf208ce105 0dc4f4ae78444aa6884a934289d08f73 c785c4abff974c70b5cffab6aa670a81 - - default default] Unable to schedule network 841eb71d-088b-4d17-b2b3-f115b72bdc71: no agents available; will retry on subsequent port and subnet creation events.
2026-09-09 00:17:24.221 8 INFO neutron.db.segments_db [None req-40870b8c-df9c-4623-9aef-affb9204919e e4bc05923e9b48dd93db04e6bc6160d1 bf25366eaeab42308cd04bd951d7570e - - default default] Added segment 8cd42dc5-9300-42dd-9c8b-834528c777d4 of type geneve for network 5548f533-d2d4-4d39-bdcf-7a545cb8a151
2026-09-09 00:17:24.379 8 INFO neutron.db.ovn_revision_numbers_db [None req-40870b8c-df9c-4623-9aef-affb9204919e e4bc05923e9b48dd93db04e6bc6160d1 bf25366eaeab42308cd04bd951d7570e - - default default] Successfully bumped revision number for resource 5548f533-d2d4-4d39-bdcf-7a545cb8a151 (type: networks) to 1
2026-09-09 00:17:24.578 8 WARNING neutron.scheduler.dhcp_agent_scheduler [None req-40870b8c-df9c-4623-9aef-affb9204919e e4bc05923e9b48dd93db04e6bc6160d1 bf25366eaeab42308cd04bd951d7570e - - default default] No more DHCP agents
2026-09-09 00:17:24.579 8 WARNING neutron.api.rpc.agentnotifiers.dhcp_rpc_agent_api [None req-40870b8c-df9c-4623-9aef-affb9204919e e4bc05923e9b48dd93db04e6bc6160d1 bf25366eaeab42308cd04bd951d7570e - - default default] Unable to schedule network 5548f533-d2d4-4d39-bdcf-7a545cb8a151: no agents available; will retry on subsequent port and subnet creation events.
2026-09-09 00:17:24.668 8 INFO neutron.db.ovn_revision_numbers_db [None req-40870b8c-df9c-4623-9aef-affb9204919e e4bc05923e9b48dd93db04e6bc6160d1 bf25366eaeab42308cd04bd951d7570e - - default default] Successfully bumped revision number for resource 69f8a1be-3c25-48e4-83df-33ac60ec83ba (type: ports) to 1
