2026-06-10 11:38:38.204 7 INFO placement.requestlog [req-d2c20dc1-6165-4647-ad22-72f98847c4e8 req-37f59311-7aa5-428b-9813-f52dfc1c89b1 209afd0da6d44ef0819f6792bc53694e 8f15d202cabe4441a052536acaeb88e2 - - 441080f4479c4b60a0bd744c487271ff 441080f4479c4b60a0bd744c487271ff] 10.0.0.119 "GET /allocations/2ef5c16a-f478-438b-8d3f-de43ee7925b3" status: 200 len: 19 microversion: 1.28 [pid: 7|app: 0|req: 513/1021] 10.0.0.119 () {34 vars in 861 bytes} [Wed Jun 10 11:38:38 2026] GET /allocations/2ef5c16a-f478-438b-8d3f-de43ee7925b3 => generated 19 bytes in 10 msecs (HTTP/1.1 200) 8 headers in 295 bytes (1 switches on core 0)
2026-06-10 11:38:38.295 8 INFO placement.requestlog [req-d2c20dc1-6165-4647-ad22-72f98847c4e8 req-e4762bdc-87d8-408e-acec-b3edb62c2b54 209afd0da6d44ef0819f6792bc53694e 8f15d202cabe4441a052536acaeb88e2 - - 441080f4479c4b60a0bd744c487271ff 441080f4479c4b60a0bd744c487271ff] 10.0.0.119 "PUT /allocations/2ef5c16a-f478-438b-8d3f-de43ee7925b3" status: 204 len: 0 microversion: 1.36 [pid: 8|app: 0|req: 509/1022] 10.0.0.119 () {38 vars in 914 bytes} [Wed Jun 10 11:38:38 2026] PUT /allocations/2ef5c16a-f478-438b-8d3f-de43ee7925b3 => generated 0 bytes in 79 msecs (HTTP/1.1 204) 5 headers in 199 bytes (1 switches on core 0)
2026-06-10 11:38:39.778 7 INFO placement.requestlog [req-d2c20dc1-6165-4647-ad22-72f98847c4e8 req-0248c5e9-475e-42a8-bfb1-cec079781ec5 209afd0da6d44ef0819f6792bc53694e 8f15d202cabe4441a052536acaeb88e2 - - 441080f4479c4b60a0bd744c487271ff 441080f4479c4b60a0bd744c487271ff] 199.19.213.223 "GET /allocations/2ef5c16a-f478-438b-8d3f-de43ee7925b3" status: 200 len: 258 microversion: 1.28 [pid: 7|app: 0|req: 514/1023] 199.19.213.223 () {34 vars in 863 bytes} [Wed Jun 10 11:38:39 2026] GET /allocations/2ef5c16a-f478-438b-8d3f-de43ee7925b3 => generated 258 bytes in 12 msecs (HTTP/1.1 200) 8 headers in 296 bytes (1 switches on core 0)
2026-06-10 11:38:40.822 8 INFO placement.requestlog [req-d2c20dc1-6165-4647-ad22-72f98847c4e8 req-0dc7912b-82b8-453c-93b8-47974172b2a9 209afd0da6d44ef0819f6792bc53694e 8f15d202cabe4441a052536acaeb88e2 - - 441080f4479c4b60a0bd744c487271ff 441080f4479c4b60a0bd744c487271ff] 199.19.213.223 "GET /resource_providers/c4a3a144-ecb2-4990-8549-389ec8c9c97b/allocations" status: 200 len: 253 microversion: 1.0 [pid: 8|app: 0|req: 510/1024] 199.19.213.223 () {32 vars in 857 bytes} [Wed Jun 10 11:38:40 2026] GET /resource_providers/c4a3a144-ecb2-4990-8549-389ec8c9c97b/allocations => generated 253 bytes in 17 msecs (HTTP/1.1 200) 6 headers in 224 bytes (1 switches on core 0)
2026-06-10 11:38:40.843 7 INFO placement.requestlog [req-d2c20dc1-6165-4647-ad22-72f98847c4e8 req-124d2bc1-7712-4404-928d-1f30b40d45af 209afd0da6d44ef0819f6792bc53694e 8f15d202cabe4441a052536acaeb88e2 - - 441080f4479c4b60a0bd744c487271ff 441080f4479c4b60a0bd744c487271ff] 199.19.213.223 "GET /allocations/dcfc245c-51c0-4f14-b943-519fb2f3112d" status: 200 len: 258 microversion: 1.28 [pid: 7|app: 0|req: 515/1025] 199.19.213.223 () {34 vars in 863 bytes} [Wed Jun 10 11:38:40 2026] GET /allocations/dcfc245c-51c0-4f14-b943-519fb2f3112d => generated 258 bytes in 12 msecs (HTTP/1.1 200) 8 headers in 296 bytes (1 switches on core 0)
2026-06-10 11:38:40.867 8 INFO placement.requestlog [req-d2c20dc1-6165-4647-ad22-72f98847c4e8 req-cdbef738-a64d-45b2-a99d-303c99341b6b 209afd0da6d44ef0819f6792bc53694e 8f15d202cabe4441a052536acaeb88e2 - - 441080f4479c4b60a0bd744c487271ff 441080f4479c4b60a0bd744c487271ff] 199.19.213.223 "GET /allocations/2ef5c16a-f478-438b-8d3f-de43ee7925b3" status: 200 len: 258 microversion: 1.28 [pid: 8|app: 0|req: 511/1026] 199.19.213.223 () {34 vars in 863 bytes} [Wed Jun 10 11:38:40 2026] GET /allocations/2ef5c16a-f478-438b-8d3f-de43ee7925b3 => generated 258 bytes in 16 msecs (HTTP/1.1 200) 8 headers in 296 bytes (1 switches on core 0)
2026-06-10 11:38:42.697 8 INFO placement.requestlog [None req-c221d114-b172-483d-b24d-e18bea05a349 - - - - - -] 10.0.0.1 "GET /" status: 200 len: 136 microversion: 1.0
2026-06-10 11:38:42.698 7 INFO placement.requestlog [None req-754d1cfa-ae3d-456f-837d-1dfd76b2f4d7 - - - - - -] 10.0.0.1 "GET /" status: 200 len: 136 microversion: 1.0
2026-06-10 11:38:51.966 8 INFO placement.requestlog [req-324c4e53-7f87-4c00-81a6-a92f0bac8e46 req-b66d4068-54e6-4e78-84dd-cde39d9a238a 209afd0da6d44ef0819f6792bc53694e 8f15d202cabe4441a052536acaeb88e2 - - 441080f4479c4b60a0bd744c487271ff 441080f4479c4b60a0bd744c487271ff] 10.0.0.119 "GET /allocation_candidates?limit=1000&resources=DISK_GB%3A1%2CMEMORY_MB%3A512%2CVCPU%3A1&root_required=%21COMPUTE_STATUS_DISABLED" status: 200 len: 2784 microversion: 1.36 [pid: 8|app: 0|req: 513/1029] 10.0.0.119 () {34 vars in 1012 bytes} [Wed Jun 10 11:38:51 2026] GET /allocation_candidates?limit=1000&resources=DISK_GB%3A1%2CMEMORY_MB%3A512%2CVCPU%3A1&root_required=%21COMPUTE_STATUS_DISABLED => generated 2784 bytes in 48 msecs (HTTP/1.1 200) 8 headers in 297 bytes (1 switches on core 0)
2026-06-10 11:38:52.005 7 INFO placement.requestlog [req-324c4e53-7f87-4c00-81a6-a92f0bac8e46 req-383df97f-30a3-4014-a81b-faf71b5c7108 209afd0da6d44ef0819f6792bc53694e 8f15d202cabe4441a052536acaeb88e2 - - 441080f4479c4b60a0bd744c487271ff 441080f4479c4b60a0bd744c487271ff] 10.0.0.119 "GET /allocations/e6e8da87-835a-44e3-aa20-f0076ca6a468" status: 200 len: 19 microversion: 1.28 [pid: 7|app: 0|req: 517/1030] 10.0.0.119 () {34 vars in 861 bytes} [Wed Jun 10 11:38:51 2026] GET /allocations/e6e8da87-835a-44e3-aa20-f0076ca6a468 => generated 19 bytes in 12 msecs (HTTP/1.1 200) 8 headers in 295 bytes (1 switches on core 0)
2026-06-10 11:38:52.068 8 INFO placement.requestlog [req-324c4e53-7f87-4c00-81a6-a92f0bac8e46 req-02f5564c-8528-41aa-a829-78e04b859926 209afd0da6d44ef0819f6792bc53694e 8f15d202cabe4441a052536acaeb88e2 - - 441080f4479c4b60a0bd744c487271ff 441080f4479c4b60a0bd744c487271ff] 10.0.0.119 "PUT /allocations/e6e8da87-835a-44e3-aa20-f0076ca6a468" status: 204 len: 0 microversion: 1.36 [pid: 8|app: 0|req: 514/1031] 10.0.0.119 () {38 vars in 914 bytes} [Wed Jun 10 11:38:52 2026] PUT /allocations/e6e8da87-835a-44e3-aa20-f0076ca6a468 => generated 0 bytes in 54 msecs (HTTP/1.1 204) 5 headers in 199 bytes (1 switches on core 0)
2026-06-10 11:38:52.697 8 INFO placement.requestlog [None req-d49c942b-b7e4-4ef1-97a7-dc9ef4d4b6d1 - - - - - -] 10.0.0.1 "GET /" status: 200 len: 136 microversion: 1.0
2026-06-10 11:38:52.697 7 INFO placement.requestlog [None req-e93e746d-301c-4007-921a-8526d18a2af5 - - - - - -] 10.0.0.1 "GET /" status: 200 len: 136 microversion: 1.0
2026-06-10 11:38:53.544 8 INFO placement.requestlog [req-324c4e53-7f87-4c00-81a6-a92f0bac8e46 req-b525ae9a-2c59-4b40-ab3a-ba88ad7c15a0 209afd0da6d44ef0819f6792bc53694e 8f15d202cabe4441a052536acaeb88e2 - - 441080f4479c4b60a0bd744c487271ff 441080f4479c4b60a0bd744c487271ff] 199.19.213.223 "GET /allocations/e6e8da87-835a-44e3-aa20-f0076ca6a468" status: 200 len: 258 microversion: 1.28 [pid: 8|app: 0|req: 516/1034] 199.19.213.223 () {34 vars in 863 bytes} [Wed Jun 10 11:38:53 2026] GET /allocations/e6e8da87-835a-44e3-aa20-f0076ca6a468 => generated 258 bytes in 14 msecs (HTTP/1.1 200) 8 headers in 296 bytes (1 switches on core 0)
2026-06-10 11:38:54.602 7 INFO placement.requestlog [req-324c4e53-7f87-4c00-81a6-a92f0bac8e46 req-ca4f56c8-0b1c-40e0-b887-9facfb07497c 209afd0da6d44ef0819f6792bc53694e 8f15d202cabe4441a052536acaeb88e2 - - 441080f4479c4b60a0bd744c487271ff 441080f4479c4b60a0bd744c487271ff] 199.19.213.223 "GET /resource_providers/c4a3a144-ecb2-4990-8549-389ec8c9c97b/allocations" status: 200 len: 353 microversion: 1.0 [pid: 7|app: 0|req: 519/1035] 199.19.213.223 () {32 vars in 857 bytes} [Wed Jun 10 11:38:54 2026] GET /resource_providers/c4a3a144-ecb2-4990-8549-389ec8c9c97b/allocations => generated 353 bytes in 16 msecs (HTTP/1.1 200) 6 headers in 224 bytes (1 switches on core 0)
2026-06-10 11:38:54.623 8 INFO placement.requestlog [req-324c4e53-7f87-4c00-81a6-a92f0bac8e46 req-15b9122f-dffe-4630-af88-19b779294bff 209afd0da6d44ef0819f6792bc53694e 8f15d202cabe4441a052536acaeb88e2 - - 441080f4479c4b60a0bd744c487271ff 441080f4479c4b60a0bd744c487271ff] 199.19.213.223 "GET /allocations/e6e8da87-835a-44e3-aa20-f0076ca6a468" status: 200 len: 258 microversion: 1.28 [pid: 8|app: 0|req: 517/1036] 199.19.213.223 () {34 vars in 863 bytes} [Wed Jun 10 11:38:54 2026] GET /allocations/e6e8da87-835a-44e3-aa20-f0076ca6a468 => generated 258 bytes in 13 msecs (HTTP/1.1 200) 8 headers in 296 bytes (1 switches on core 0)
2026-06-10 11:38:54.638 7 INFO placement.requestlog [req-324c4e53-7f87-4c00-81a6-a92f0bac8e46 req-0313af39-28d9-4565-826c-9211eabc8b2b 209afd0da6d44ef0819f6792bc53694e 8f15d202cabe4441a052536acaeb88e2 - - 441080f4479c4b60a0bd744c487271ff 441080f4479c4b60a0bd744c487271ff] 199.19.213.223 "GET /allocations/dcfc245c-51c0-4f14-b943-519fb2f3112d" status: 200 len: 258 microversion: 1.28 [pid: 7|app: 0|req: 520/1037] 199.19.213.223 () {34 vars in 863 bytes} [Wed Jun 10 11:38:54 2026] GET /allocations/dcfc245c-51c0-4f14-b943-519fb2f3112d => generated 258 bytes in 8 msecs (HTTP/1.1 200) 8 headers in 296 bytes (1 switches on core 0)
2026-06-10 11:38:54.654 8 INFO placement.requestlog [req-324c4e53-7f87-4c00-81a6-a92f0bac8e46 req-5dc4f0d6-d16e-4af1-acbf-558246644e0a 209afd0da6d44ef0819f6792bc53694e 8f15d202cabe4441a052536acaeb88e2 - - 441080f4479c4b60a0bd744c487271ff 441080f4479c4b60a0bd744c487271ff] 199.19.213.223 "GET /allocations/2ef5c16a-f478-438b-8d3f-de43ee7925b3" status: 200 len: 258 microversion: 1.28 [pid: 8|app: 0|req: 518/1038] 199.19.213.223 () {34 vars in 863 bytes} [Wed Jun 10 11:38:54 2026] GET /allocations/2ef5c16a-f478-438b-8d3f-de43ee7925b3 => generated 258 bytes in 13 msecs (HTTP/1.1 200) 8 headers in 296 bytes (1 switches on core 0)
2026-06-10 11:38:56.718 7 INFO placement.requestlog [req-7e2efe0c-110e-44ab-96de-3eb6e1e0fff1 req-74bbb684-3d3d-482a-8331-eb653e234107 209afd0da6d44ef0819f6792bc53694e 8f15d202cabe4441a052536acaeb88e2 - - 441080f4479c4b60a0bd744c487271ff 441080f4479c4b60a0bd744c487271ff] 199.19.213.223 "GET /resource_providers/c4a3a144-ecb2-4990-8549-389ec8c9c97b/allocations" status: 200 len: 353 microversion: 1.0 [pid: 7|app: 0|req: 521/1039] 199.19.213.223 () {32 vars in 857 bytes} [Wed Jun 10 11:38:56 2026] GET /resource_providers/c4a3a144-ecb2-4990-8549-389ec8c9c97b/allocations => generated 353 bytes in 17 msecs (HTTP/1.1 200) 6 headers in 224 bytes (1 switches on core 0)
2026-06-10 11:38:56.741 8 INFO placement.requestlog [req-7e2efe0c-110e-44ab-96de-3eb6e1e0fff1 req-5ebb549b-d077-4fc4-ae51-319be2f62ebc 209afd0da6d44ef0819f6792bc53694e 8f15d202cabe4441a052536acaeb88e2 - - 441080f4479c4b60a0bd744c487271ff 441080f4479c4b60a0bd744c487271ff] 199.19.213.223 "GET /resource_providers/c4a3a144-ecb2-4990-8549-389ec8c9c97b/allocations" status: 200 len: 353 microversion: 1.0 [pid: 8|app: 0|req: 519/1040] 199.19.213.223 () {32 vars in 857 bytes} [Wed Jun 10 11:38:56 2026] GET /resource_providers/c4a3a144-ecb2-4990-8549-389ec8c9c97b/allocations => generated 353 bytes in 16 msecs (HTTP/1.1 200) 6 headers in 224 bytes (1 switches on core 0)
2026-06-10 11:38:56.765 7 INFO placement.requestlog [req-7e2efe0c-110e-44ab-96de-3eb6e1e0fff1 req-52edd447-4225-4323-86e7-d653d3ad6911 209afd0da6d44ef0819f6792bc53694e 8f15d202cabe4441a052536acaeb88e2 - - 441080f4479c4b60a0bd744c487271ff 441080f4479c4b60a0bd744c487271ff] 199.19.213.223 "GET /allocations/e6e8da87-835a-44e3-aa20-f0076ca6a468" status: 200 len: 258 microversion: 1.28 [pid: 7|app: 0|req: 522/1041] 199.19.213.223 () {34 vars in 863 bytes} [Wed Jun 10 11:38:56 2026] GET /allocations/e6e8da87-835a-44e3-aa20-f0076ca6a468 => generated 258 bytes in 20 msecs (HTTP/1.1 200) 8 headers in 296 bytes (1 switches on core 0)
2026-06-10 11:38:56.783 8 INFO placement.requestlog [req-7e2efe0c-110e-44ab-96de-3eb6e1e0fff1 req-6106d871-052e-47a2-b2a5-ff7ac3059240 209afd0da6d44ef0819f6792bc53694e 8f15d202cabe4441a052536acaeb88e2 - - 441080f4479c4b60a0bd744c487271ff 441080f4479c4b60a0bd744c487271ff] 199.19.213.223 "GET /allocations/dcfc245c-51c0-4f14-b943-519fb2f3112d" status: 200 len: 258 microversion: 1.28 [pid: 8|app: 0|req: 520/1042] 199.19.213.223 () {34 vars in 863 bytes} [Wed Jun 10 11:38:56 2026] GET /allocations/dcfc245c-51c0-4f14-b943-519fb2f3112d => generated 258 bytes in 11 msecs (HTTP/1.1 200) 8 headers in 296 bytes (1 switches on core 0)
2026-06-10 11:38:56.810 7 INFO placement.requestlog [req-7e2efe0c-110e-44ab-96de-3eb6e1e0fff1 req-8f1f6e01-0507-461b-b323-282068c6206f 209afd0da6d44ef0819f6792bc53694e 8f15d202cabe4441a052536acaeb88e2 - - 441080f4479c4b60a0bd744c487271ff 441080f4479c4b60a0bd744c487271ff] 199.19.213.223 "GET /allocations/2ef5c16a-f478-438b-8d3f-de43ee7925b3" status: 200 len: 258 microversion: 1.28 [pid: 7|app: 0|req: 523/1043] 199.19.213.223 () {34 vars in 863 bytes} [Wed Jun 10 11:38:56 2026] GET /allocations/2ef5c16a-f478-438b-8d3f-de43ee7925b3 => generated 258 bytes in 20 msecs (HTTP/1.1 200) 8 headers in 296 bytes (1 switches on core 0)
2026-06-10 11:39:02.698 7 INFO placement.requestlog [None req-f8cce718-f514-4b34-a11a-2301f50bc1b1 - - - - - -] 10.0.0.1 "GET /" status: 200 len: 136 microversion: 1.0
2026-06-10 11:39:02.698 8 INFO placement.requestlog [None req-2abf808a-4f64-4471-9d51-1a6a6ed25f73 - - - - - -] 10.0.0.1 "GET /" status: 200 len: 136 microversion: 1.0
2026-06-10 11:39:07.329 7 INFO placement.requestlog [req-2f5f46f2-4b1e-4a6d-97c7-9a4eb0736ee8 req-6deb0c9d-95e8-4d10-b7d7-f61abae78353 209afd0da6d44ef0819f6792bc53694e 8f15d202cabe4441a052536acaeb88e2 - - 441080f4479c4b60a0bd744c487271ff 441080f4479c4b60a0bd744c487271ff] 199.19.213.223 "GET /resource_providers/c4a3a144-ecb2-4990-8549-389ec8c9c97b/allocations" status: 200 len: 353 microversion: 1.0 [pid: 7|app: 0|req: 525/1046] 199.19.213.223 () {32 vars in 857 bytes} [Wed Jun 10 11:39:07 2026] GET /resource_providers/c4a3a144-ecb2-4990-8549-389ec8c9c97b/allocations => generated 353 bytes in 18 msecs (HTTP/1.1 200) 6 headers in 224 bytes (1 switches on core 0)
2026-06-10 11:39:07.348 8 INFO placement.requestlog [req-2f5f46f2-4b1e-4a6d-97c7-9a4eb0736ee8 req-82e259cc-2f67-4e22-a097-9097a5116b36 209afd0da6d44ef0819f6792bc53694e 8f15d202cabe4441a052536acaeb88e2 - - 441080f4479c4b60a0bd744c487271ff 441080f4479c4b60a0bd744c487271ff] 199.19.213.223 "GET /allocations/e6e8da87-835a-44e3-aa20-f0076ca6a468" status: 200 len: 258 microversion: 1.28 [pid: 8|app: 0|req: 522/1047] 199.19.213.223 () {34 vars in 863 bytes} [Wed Jun 10 11:39:07 2026] GET /allocations/e6e8da87-835a-44e3-aa20-f0076ca6a468 => generated 258 bytes in 11 msecs (HTTP/1.1 200) 8 headers in 296 bytes (1 switches on core 0)
2026-06-10 11:39:07.367 7 INFO placement.requestlog [req-2f5f46f2-4b1e-4a6d-97c7-9a4eb0736ee8 req-0fc4c8f9-66cf-4f20-bff5-4c2e5714402a 209afd0da6d44ef0819f6792bc53694e 8f15d202cabe4441a052536acaeb88e2 - - 441080f4479c4b60a0bd744c487271ff 441080f4479c4b60a0bd744c487271ff] 199.19.213.223 "GET /allocations/dcfc245c-51c0-4f14-b943-519fb2f3112d" status: 200 len: 258 microversion: 1.28 [pid: 7|app: 0|req: 526/1048] 199.19.213.223 () {34 vars in 863 bytes} [Wed Jun 10 11:39:07 2026] GET /allocations/dcfc245c-51c0-4f14-b943-519fb2f3112d => generated 258 bytes in 13 msecs (HTTP/1.1 200) 8 headers in 296 bytes (1 switches on core 0)
2026-06-10 11:39:07.385 8 INFO placement.requestlog [req-2f5f46f2-4b1e-4a6d-97c7-9a4eb0736ee8 req-a219fa44-20b6-4594-a7e7-4552f8c4a0d2 209afd0da6d44ef0819f6792bc53694e 8f15d202cabe4441a052536acaeb88e2 - - 441080f4479c4b60a0bd744c487271ff 441080f4479c4b60a0bd744c487271ff] 199.19.213.223 "GET /allocations/2ef5c16a-f478-438b-8d3f-de43ee7925b3" status: 200 len: 258 microversion: 1.28 [pid: 8|app: 0|req: 523/1049] 199.19.213.223 () {34 vars in 863 bytes} [Wed Jun 10 11:39:07 2026] GET /allocations/2ef5c16a-f478-438b-8d3f-de43ee7925b3 => generated 258 bytes in 12 msecs (HTTP/1.1 200) 8 headers in 296 bytes (1 switches on core 0)
2026-06-10 11:39:08.437 7 INFO placement.requestlog [req-2f5f46f2-4b1e-4a6d-97c7-9a4eb0736ee8 req-683f1aec-fa00-47ee-8492-e65824961409 209afd0da6d44ef0819f6792bc53694e 8f15d202cabe4441a052536acaeb88e2 - - 441080f4479c4b60a0bd744c487271ff 441080f4479c4b60a0bd744c487271ff] 199.19.213.223 "DELETE /allocations/2ef5c16a-f478-438b-8d3f-de43ee7925b3" status: 204 len: 0 microversion: 1.0 [pid: 7|app: 0|req: 527/1050] 199.19.213.223 () {34 vars in 841 bytes} [Wed Jun 10 11:39:08 2026] DELETE /allocations/2ef5c16a-f478-438b-8d3f-de43ee7925b3 => generated 0 bytes in 26 msecs (HTTP/1.1 204) 5 headers in 198 bytes (1 switches on core 0)
2026-06-10 11:39:11.816 8 INFO placement.requestlog [None req-cf40919f-eae6-47a5-9a7e-6db44f1e0d05 cf5665ceb78f4e9dad054aca363bbf7a 8f15d202cabe4441a052536acaeb88e2 - - 441080f4479c4b60a0bd744c487271ff 441080f4479c4b60a0bd744c487271ff] 10.0.0.173 "GET /resource_providers/77d161c8-e7f4-4030-bbf3-b93c8bbfc223/aggregates" status: 404 len: 235 microversion: 1.1 [pid: 8|app: 0|req: 524/1051] 10.0.0.173 () {32 vars in 816 bytes} [Wed Jun 10 11:39:11 2026] GET /resource_providers/77d161c8-e7f4-4030-bbf3-b93c8bbfc223/aggregates => generated 235 bytes in 10 msecs (HTTP/1.1 404) 5 headers in 202 bytes (1 switches on core 0)
2026-06-10 11:39:11.817 7 INFO placement.requestlog [None req-d488734e-bc08-49f2-bdad-d1f4f094946f cf5665ceb78f4e9dad054aca363bbf7a 8f15d202cabe4441a052536acaeb88e2 - - 441080f4479c4b60a0bd744c487271ff 441080f4479c4b60a0bd744c487271ff] 10.0.0.173 "GET /resource_providers/77d161c8-e7f4-4030-bbf3-b93c8bbfc223/aggregates" status: 404 len: 235 microversion: 1.1 [pid: 7|app: 0|req: 528/1052] 10.0.0.173 () {32 vars in 816 bytes} [Wed Jun 10 11:39:11 2026] GET /resource_providers/77d161c8-e7f4-4030-bbf3-b93c8bbfc223/aggregates => generated 235 bytes in 11 msecs (HTTP/1.1 404) 5 headers in 202 bytes (1 switches on core 0)
2026-06-10 11:39:11.840 7 INFO placement.requestlog [None req-daa84625-804a-4da4-9104-a4f403bbe248 cf5665ceb78f4e9dad054aca363bbf7a 8f15d202cabe4441a052536acaeb88e2 - - 441080f4479c4b60a0bd744c487271ff 441080f4479c4b60a0bd744c487271ff] 10.0.0.173 "DELETE /resource_providers/77d161c8-e7f4-4030-bbf3-b93c8bbfc223" status: 404 len: 246 microversion: 1.1 [pid: 7|app: 0|req: 529/1053] 10.0.0.173 () {34 vars in 816 bytes} [Wed Jun 10 11:39:11 2026] DELETE /resource_providers/77d161c8-e7f4-4030-bbf3-b93c8bbfc223 => generated 246 bytes in 8 msecs (HTTP/1.1 404) 6 headers in 231 bytes (1 switches on core 0)
2026-06-10 11:39:11.843 8 INFO placement.requestlog [None req-e03c467b-40ca-4242-923f-484e2751c49c cf5665ceb78f4e9dad054aca363bbf7a 8f15d202cabe4441a052536acaeb88e2 - - 441080f4479c4b60a0bd744c487271ff 441080f4479c4b60a0bd744c487271ff] 10.0.0.173 "DELETE /resource_providers/77d161c8-e7f4-4030-bbf3-b93c8bbfc223" status: 404 len: 246 microversion: 1.1 [pid: 8|app: 0|req: 525/1054] 10.0.0.173 () {34 vars in 816 bytes} [Wed Jun 10 11:39:11 2026] DELETE /resource_providers/77d161c8-e7f4-4030-bbf3-b93c8bbfc223 => generated 246 bytes in 12 msecs (HTTP/1.1 404) 6 headers in 231 bytes (1 switches on core 0)
2026-06-10 11:39:12.697 8 INFO placement.requestlog [None req-b72732d6-1c8b-4fc8-9eae-b3760634fff1 - - - - - -] 10.0.0.1 "GET /" status: 200 len: 136 microversion: 1.0
2026-06-10 11:39:12.697 7 INFO placement.requestlog [None req-b517abf3-05e7-4a43-9ed7-c0cd615c4e09 - - - - - -] 10.0.0.1 "GET /" status: 200 len: 136 microversion: 1.0
2026-06-10 11:39:13.874 7 INFO placement.requestlog [None req-d0e900b5-40e0-49f3-9ff4-a32befaaf8f1 cf5665ceb78f4e9dad054aca363bbf7a 8f15d202cabe4441a052536acaeb88e2 - - 441080f4479c4b60a0bd744c487271ff 441080f4479c4b60a0bd744c487271ff] 10.0.0.173 "GET /resource_providers/2714c027-c842-4b35-9fc8-d3991d8676bc/aggregates" status: 404 len: 235 microversion: 1.1 [pid: 7|app: 0|req: 531/1057] 10.0.0.173 () {32 vars in 816 bytes} [Wed Jun 10 11:39:13 2026] GET /resource_providers/2714c027-c842-4b35-9fc8-d3991d8676bc/aggregates => generated 235 bytes in 14 msecs (HTTP/1.1 404) 5 headers in 202 bytes (1 switches on core 0)
2026-06-10 11:39:13.891 8 INFO placement.requestlog [None req-1bcc4816-0c61-4104-9201-64711ffd0801 cf5665ceb78f4e9dad054aca363bbf7a 8f15d202cabe4441a052536acaeb88e2 - - 441080f4479c4b60a0bd744c487271ff 441080f4479c4b60a0bd744c487271ff] 10.0.0.173 "GET /resource_providers/2714c027-c842-4b35-9fc8-d3991d8676bc/aggregates" status: 404 len: 235 microversion: 1.1 [pid: 8|app: 0|req: 527/1058] 10.0.0.173 () {32 vars in 816 bytes} [Wed Jun 10 11:39:13 2026] GET /resource_providers/2714c027-c842-4b35-9fc8-d3991d8676bc/aggregates => generated 235 bytes in 28 msecs (HTTP/1.1 404) 5 headers in 202 bytes (1 switches on core 0)
2026-06-10 11:39:13.900 7 INFO placement.requestlog [None req-03296d2d-a585-4133-9673-ba3c44faea67 cf5665ceb78f4e9dad054aca363bbf7a 8f15d202cabe4441a052536acaeb88e2 - - 441080f4479c4b60a0bd744c487271ff 441080f4479c4b60a0bd744c487271ff] 10.0.0.173 "DELETE /resource_providers/2714c027-c842-4b35-9fc8-d3991d8676bc" status: 404 len: 246 microversion: 1.1 [pid: 7|app: 0|req: 532/1059] 10.0.0.173 () {34 vars in 816 bytes} [Wed Jun 10 11:39:13 2026] DELETE /resource_providers/2714c027-c842-4b35-9fc8-d3991d8676bc => generated 246 bytes in 16 msecs (HTTP/1.1 404) 6 headers in 231 bytes (1 switches on core 0)
2026-06-10 11:39:13.918 8 INFO placement.requestlog [None req-5b67844b-bc79-46da-af5f-9515f0fe1867 cf5665ceb78f4e9dad054aca363bbf7a 8f15d202cabe4441a052536acaeb88e2 - - 441080f4479c4b60a0bd744c487271ff 441080f4479c4b60a0bd744c487271ff] 10.0.0.173 "DELETE /resource_providers/2714c027-c842-4b35-9fc8-d3991d8676bc" status: 404 len: 246 microversion: 1.1 [pid: 8|app: 0|req: 528/1060] 10.0.0.173 () {34 vars in 816 bytes} [Wed Jun 10 11:39:13 2026] DELETE /resource_providers/2714c027-c842-4b35-9fc8-d3991d8676bc => generated 246 bytes in 10 msecs (HTTP/1.1 404) 6 headers in 231 bytes (1 switches on core 0)
2026-06-10 11:39:15.921 7 INFO placement.requestlog [None req-a267ab4b-36dd-4e3d-9f6c-b6efc3debff4 cf5665ceb78f4e9dad054aca363bbf7a 8f15d202cabe4441a052536acaeb88e2 - - 441080f4479c4b60a0bd744c487271ff 441080f4479c4b60a0bd744c487271ff] 10.0.0.173 "GET /resource_providers/99013b23-aa1b-4668-a5c5-062d40fbb45a/aggregates" status: 404 len: 235 microversion: 1.1 [pid: 7|app: 0|req: 533/1061] 10.0.0.173 () {32 vars in 816 bytes} [Wed Jun 10 11:39:15 2026] GET /resource_providers/99013b23-aa1b-4668-a5c5-062d40fbb45a/aggregates => generated 235 bytes in 7 msecs (HTTP/1.1 404) 5 headers in 202 bytes (1 switches on core 0)
2026-06-10 11:39:15.940 8 INFO placement.requestlog [None req-e8615afa-cbff-4434-8297-52702af2c0e8 cf5665ceb78f4e9dad054aca363bbf7a 8f15d202cabe4441a052536acaeb88e2 - - 441080f4479c4b60a0bd744c487271ff 441080f4479c4b60a0bd744c487271ff] 10.0.0.173 "GET /resource_providers/99013b23-aa1b-4668-a5c5-062d40fbb45a/aggregates" status: 404 len: 235 microversion: 1.1 [pid: 8|app: 0|req: 529/1062] 10.0.0.173 () {32 vars in 816 bytes} [Wed Jun 10 11:39:15 2026] GET /resource_providers/99013b23-aa1b-4668-a5c5-062d40fbb45a/aggregates => generated 235 bytes in 12 msecs (HTTP/1.1 404) 5 headers in 202 bytes (1 switches on core 0)
2026-06-10 11:39:15.943 7 INFO placement.requestlog [None req-18c91352-c814-4fd9-bf6d-02bf2216fe90 cf5665ceb78f4e9dad054aca363bbf7a 8f15d202cabe4441a052536acaeb88e2 - - 441080f4479c4b60a0bd744c487271ff 441080f4479c4b60a0bd744c487271ff] 10.0.0.173 "DELETE /resource_providers/99013b23-aa1b-4668-a5c5-062d40fbb45a" status: 404 len: 246 microversion: 1.1 [pid: 7|app: 0|req: 534/1063] 10.0.0.173 () {34 vars in 816 bytes} [Wed Jun 10 11:39:15 2026] DELETE /resource_providers/99013b23-aa1b-4668-a5c5-062d40fbb45a => generated 246 bytes in 10 msecs (HTTP/1.1 404) 6 headers in 231 bytes (1 switches on core 0)
2026-06-10 11:39:15.956 8 INFO placement.requestlog [None req-3b9681cd-2963-4dbf-a73c-de901e87d76d cf5665ceb78f4e9dad054aca363bbf7a 8f15d202cabe4441a052536acaeb88e2 - - 441080f4479c4b60a0bd744c487271ff 441080f4479c4b60a0bd744c487271ff] 10.0.0.173 "DELETE /resource_providers/99013b23-aa1b-4668-a5c5-062d40fbb45a" status: 404 len: 246 microversion: 1.1 [pid: 8|app: 0|req: 530/1064] 10.0.0.173 () {34 vars in 816 bytes} [Wed Jun 10 11:39:15 2026] DELETE /resource_providers/99013b23-aa1b-4668-a5c5-062d40fbb45a => generated 246 bytes in 6 msecs (HTTP/1.1 404) 6 headers in 231 bytes (1 switches on core 0)
2026-06-10 11:39:15.963 7 INFO placement.requestlog [None req-e9e88911-1faf-4bd4-9835-a52a6d5c836d cf5665ceb78f4e9dad054aca363bbf7a 8f15d202cabe4441a052536acaeb88e2 - - 441080f4479c4b60a0bd744c487271ff 441080f4479c4b60a0bd744c487271ff] 10.0.0.173 "GET /resource_providers/a3079205-25c2-48fe-a894-b4f47792fc4d/aggregates" status: 404 len: 235 microversion: 1.1 [pid: 7|app: 0|req: 535/1065] 10.0.0.173 () {32 vars in 816 bytes} [Wed Jun 10 11:39:15 2026] GET /resource_providers/a3079205-25c2-48fe-a894-b4f47792fc4d/aggregates => generated 235 bytes in 13 msecs (HTTP/1.1 404) 5 headers in 202 bytes (1 switches on core 0)
2026-06-10 11:39:15.969 8 INFO placement.requestlog [None req-5120f2bb-795d-40ee-b60d-d02944b100ef cf5665ceb78f4e9dad054aca363bbf7a 8f15d202cabe4441a052536acaeb88e2 - - 441080f4479c4b60a0bd744c487271ff 441080f4479c4b60a0bd744c487271ff] 10.0.0.173 "GET /resource_providers/a3079205-25c2-48fe-a894-b4f47792fc4d/aggregates" status: 404 len: 235 microversion: 1.1 [pid: 8|app: 0|req: 531/1066] 10.0.0.173 () {32 vars in 816 bytes} [Wed Jun 10 11:39:15 2026] GET /resource_providers/a3079205-25c2-48fe-a894-b4f47792fc4d/aggregates => generated 235 bytes in 7 msecs (HTTP/1.1 404) 5 headers in 202 bytes (1 switches on core 0)
2026-06-10 11:39:15.987 7 INFO placement.requestlog [None req-7db4f9f8-c673-454c-aa2d-183494e53c98 cf5665ceb78f4e9dad054aca363bbf7a 8f15d202cabe4441a052536acaeb88e2 - - 441080f4479c4b60a0bd744c487271ff 441080f4479c4b60a0bd744c487271ff] 10.0.0.173 "DELETE /resource_providers/a3079205-25c2-48fe-a894-b4f47792fc4d" status: 404 len: 246 microversion: 1.1 [pid: 7|app: 0|req: 536/1067] 10.0.0.173 () {34 vars in 816 bytes} [Wed Jun 10 11:39:15 2026] DELETE /resource_providers/a3079205-25c2-48fe-a894-b4f47792fc4d => generated 246 bytes in 10 msecs (HTTP/1.1 404) 6 headers in 231 bytes (1 switches on core 0)
2026-06-10 11:39:15.998 8 INFO placement.requestlog [None req-6d836b93-8769-4531-981a-98d45e67aa6a cf5665ceb78f4e9dad054aca363bbf7a 8f15d202cabe4441a052536acaeb88e2 - - 441080f4479c4b60a0bd744c487271ff 441080f4479c4b60a0bd744c487271ff] 10.0.0.173 "DELETE /resource_providers/a3079205-25c2-48fe-a894-b4f47792fc4d" status: 404 len: 246 microversion: 1.1 [pid: 8|app: 0|req: 532/1068] 10.0.0.173 () {34 vars in 816 bytes} [Wed Jun 10 11:39:15 2026] DELETE /resource_providers/a3079205-25c2-48fe-a894-b4f47792fc4d => generated 246 bytes in 8 msecs (HTTP/1.1 404) 6 headers in 231 bytes (1 switches on core 0)
2026-06-10 11:39:22.698 7 INFO placement.requestlog [None req-03ae29a2-1c6c-40fa-8c83-335b480e2e6f - - - - - -] 10.0.0.1 "GET /" status: 200 len: 136 microversion: 1.0
2026-06-10 11:39:22.698 8 INFO placement.requestlog [None req-cf8ac4a2-eced-4403-bda4-c2ea29ab5c98 - - - - - -] 10.0.0.1 "GET /" status: 200 len: 136 microversion: 1.0
2026-06-10 11:39:29.630 7 INFO placement.requestlog [req-9ee16fa0-fea2-4953-8edb-9e5db9ad0b22 req-6f01b8b2-d1b4-456b-923c-07334f6a2ef3 209afd0da6d44ef0819f6792bc53694e 8f15d202cabe4441a052536acaeb88e2 - - 441080f4479c4b60a0bd744c487271ff 441080f4479c4b60a0bd744c487271ff] 199.19.213.223 "GET /resource_providers/c4a3a144-ecb2-4990-8549-389ec8c9c97b/allocations" status: 200 len: 253 microversion: 1.0 [pid: 7|app: 0|req: 538/1071] 199.19.213.223 () {32 vars in 857 bytes} [Wed Jun 10 11:39:29 2026] GET /resource_providers/c4a3a144-ecb2-4990-8549-389ec8c9c97b/allocations => generated 253 bytes in 15 msecs (HTTP/1.1 200) 6 headers in 224 bytes (1 switches on core 0)
2026-06-10 11:39:29.649 8 INFO placement.requestlog [req-9ee16fa0-fea2-4953-8edb-9e5db9ad0b22 req-2fa5b1d3-b98d-4b19-81e2-bc0376604df0 209afd0da6d44ef0819f6792bc53694e 8f15d202cabe4441a052536acaeb88e2 - - 441080f4479c4b60a0bd744c487271ff 441080f4479c4b60a0bd744c487271ff] 199.19.213.223 "GET /allocations/dcfc245c-51c0-4f14-b943-519fb2f3112d" status: 200 len: 258 microversion: 1.28 [pid: 8|app: 0|req: 534/1072] 199.19.213.223 () {34 vars in 863 bytes} [Wed Jun 10 11:39:29 2026] GET /allocations/dcfc245c-51c0-4f14-b943-519fb2f3112d => generated 258 bytes in 12 msecs (HTTP/1.1 200) 8 headers in 296 bytes (1 switches on core 0)
2026-06-10 11:39:29.668 7 INFO placement.requestlog [req-9ee16fa0-fea2-4953-8edb-9e5db9ad0b22 req-bb34ff19-e6ac-452e-827b-1122e2942696 209afd0da6d44ef0819f6792bc53694e 8f15d202cabe4441a052536acaeb88e2 - - 441080f4479c4b60a0bd744c487271ff 441080f4479c4b60a0bd744c487271ff] 199.19.213.223 "GET /allocations/e6e8da87-835a-44e3-aa20-f0076ca6a468" status: 200 len: 258 microversion: 1.28 [pid: 7|app: 0|req: 539/1073] 199.19.213.223 () {34 vars in 863 bytes} [Wed Jun 10 11:39:29 2026] GET /allocations/e6e8da87-835a-44e3-aa20-f0076ca6a468 => generated 258 bytes in 10 msecs (HTTP/1.1 200) 8 headers in 296 bytes (1 switches on core 0)
2026-06-10 11:39:30.716 8 INFO placement.requestlog [req-9ee16fa0-fea2-4953-8edb-9e5db9ad0b22 req-7349fe74-ead2-4242-b74b-1d2c631286e3 209afd0da6d44ef0819f6792bc53694e 8f15d202cabe4441a052536acaeb88e2 - - 441080f4479c4b60a0bd744c487271ff 441080f4479c4b60a0bd744c487271ff] 199.19.213.223 "DELETE /allocations/e6e8da87-835a-44e3-aa20-f0076ca6a468" status: 204 len: 0 microversion: 1.0 [pid: 8|app: 0|req: 535/1074] 199.19.213.223 () {34 vars in 841 bytes} [Wed Jun 10 11:39:30 2026] DELETE /allocations/e6e8da87-835a-44e3-aa20-f0076ca6a468 => generated 0 bytes in 25 msecs (HTTP/1.1 204) 5 headers in 198 bytes (1 switches on core 0)
2026-06-10 11:39:32.697 7 INFO placement.requestlog [None req-23298863-6283-45e5-9290-540359c8d934 - - - - - -] 10.0.0.1 "GET /" status: 200 len: 136 microversion: 1.0
2026-06-10 11:39:32.697 8 INFO placement.requestlog [None req-0406cc5f-2c28-4dc2-a551-ac64889f47c6 - - - - - -] 10.0.0.1 "GET /" status: 200 len: 136 microversion: 1.0
2026-06-10 11:39:35.696 7 INFO placement.requestlog [req-733a47f5-41cb-4ebb-914a-b08aaa222bda req-185316d4-584a-4e49-9432-73a0e210ab7d 209afd0da6d44ef0819f6792bc53694e 8f15d202cabe4441a052536acaeb88e2 - - 441080f4479c4b60a0bd744c487271ff 441080f4479c4b60a0bd744c487271ff] 10.0.0.119 "GET /allocation_candidates?limit=1000&resources=DISK_GB%3A1%2CMEMORY_MB%3A512%2CVCPU%3A1&root_required=%21COMPUTE_STATUS_DISABLED" status: 200 len: 2783 microversion: 1.36 [pid: 7|app: 0|req: 541/1077] 10.0.0.119 () {34 vars in 1012 bytes} [Wed Jun 10 11:39:35 2026] GET /allocation_candidates?limit=1000&resources=DISK_GB%3A1%2CMEMORY_MB%3A512%2CVCPU%3A1&root_required=%21COMPUTE_STATUS_DISABLED => generated 2783 bytes in 34 msecs (HTTP/1.1 200) 8 headers in 297 bytes (1 switches on core 0)
2026-06-10 11:39:35.725 8 INFO placement.requestlog [req-733a47f5-41cb-4ebb-914a-b08aaa222bda req-44ddb21b-dcaa-4889-bfba-2aad4ed8351d 209afd0da6d44ef0819f6792bc53694e 8f15d202cabe4441a052536acaeb88e2 - - 441080f4479c4b60a0bd744c487271ff 441080f4479c4b60a0bd744c487271ff] 10.0.0.119 "GET /allocations/47712c62-6ccf-4377-8ba5-fc2624ca586d" status: 200 len: 19 microversion: 1.28 [pid: 8|app: 0|req: 537/1078] 10.0.0.119 () {34 vars in 861 bytes} [Wed Jun 10 11:39:35 2026] GET /allocations/47712c62-6ccf-4377-8ba5-fc2624ca586d => generated 19 bytes in 12 msecs (HTTP/1.1 200) 8 headers in 295 bytes (1 switches on core 0)
2026-06-10 11:39:35.804 7 INFO placement.requestlog [req-733a47f5-41cb-4ebb-914a-b08aaa222bda req-b1a72cea-d126-4485-8bc8-c3291f9d4d30 209afd0da6d44ef0819f6792bc53694e 8f15d202cabe4441a052536acaeb88e2 - - 441080f4479c4b60a0bd744c487271ff 441080f4479c4b60a0bd744c487271ff] 10.0.0.119 "PUT /allocations/47712c62-6ccf-4377-8ba5-fc2624ca586d" status: 204 len: 0 microversion: 1.36 [pid: 7|app: 0|req: 542/1079] 10.0.0.119 () {38 vars in 914 bytes} [Wed Jun 10 11:39:35 2026] PUT /allocations/47712c62-6ccf-4377-8ba5-fc2624ca586d => generated 0 bytes in 72 msecs (HTTP/1.1 204) 5 headers in 199 bytes (1 switches on core 0)
2026-06-10 11:39:36.728 8 INFO placement.requestlog [req-550d2db2-e2b9-40a2-ab39-ed6baac36e03 req-5b271d87-9aa4-4e4b-9f54-bc03a0505467 209afd0da6d44ef0819f6792bc53694e 8f15d202cabe4441a052536acaeb88e2 - - 441080f4479c4b60a0bd744c487271ff 441080f4479c4b60a0bd744c487271ff] 199.19.213.223 "GET /resource_providers/c4a3a144-ecb2-4990-8549-389ec8c9c97b/allocations" status: 200 len: 253 microversion: 1.0 [pid: 8|app: 0|req: 538/1080] 199.19.213.223 () {32 vars in 857 bytes} [Wed Jun 10 11:39:36 2026] GET /resource_providers/c4a3a144-ecb2-4990-8549-389ec8c9c97b/allocations => generated 253 bytes in 17 msecs (HTTP/1.1 200) 6 headers in 224 bytes (1 switches on core 0)
2026-06-10 11:39:36.748 7 INFO placement.requestlog [req-550d2db2-e2b9-40a2-ab39-ed6baac36e03 req-e818bb71-8ea9-46a9-aeb1-bdf0726fcd8a 209afd0da6d44ef0819f6792bc53694e 8f15d202cabe4441a052536acaeb88e2 - - 441080f4479c4b60a0bd744c487271ff 441080f4479c4b60a0bd744c487271ff] 199.19.213.223 "GET /allocations/47712c62-6ccf-4377-8ba5-fc2624ca586d" status: 200 len: 258 microversion: 1.28 [pid: 7|app: 0|req: 543/1081] 199.19.213.223 () {34 vars in 863 bytes} [Wed Jun 10 11:39:36 2026] GET /allocations/47712c62-6ccf-4377-8ba5-fc2624ca586d => generated 258 bytes in 13 msecs (HTTP/1.1 200) 8 headers in 296 bytes (1 switches on core 0)
2026-06-10 11:39:36.768 8 INFO placement.requestlog [req-550d2db2-e2b9-40a2-ab39-ed6baac36e03 req-76033f72-a269-47d6-80e8-af2f4cb9e12f 209afd0da6d44ef0819f6792bc53694e 8f15d202cabe4441a052536acaeb88e2 - - 441080f4479c4b60a0bd744c487271ff 441080f4479c4b60a0bd744c487271ff] 199.19.213.223 "GET /allocations/dcfc245c-51c0-4f14-b943-519fb2f3112d" status: 200 len: 258 microversion: 1.28 [pid: 8|app: 0|req: 539/1082] 199.19.213.223 () {34 vars in 863 bytes} [Wed Jun 10 11:39:36 2026] GET /allocations/dcfc245c-51c0-4f14-b943-519fb2f3112d => generated 258 bytes in 14 msecs (HTTP/1.1 200) 8 headers in 296 bytes (1 switches on core 0)
2026-06-10 11:39:37.313 7 INFO placement.requestlog [req-733a47f5-41cb-4ebb-914a-b08aaa222bda req-25ebac57-5b61-4079-b881-85e6f0fb87db 209afd0da6d44ef0819f6792bc53694e 8f15d202cabe4441a052536acaeb88e2 - - 441080f4479c4b60a0bd744c487271ff 441080f4479c4b60a0bd744c487271ff] 199.19.213.223 "GET /allocations/47712c62-6ccf-4377-8ba5-fc2624ca586d" status: 200 len: 258 microversion: 1.28 [pid: 7|app: 0|req: 544/1083] 199.19.213.223 () {34 vars in 863 bytes} [Wed Jun 10 11:39:37 2026] GET /allocations/47712c62-6ccf-4377-8ba5-fc2624ca586d => generated 258 bytes in 10 msecs (HTTP/1.1 200) 8 headers in 296 bytes (1 switches on core 0)
2026-06-10 11:39:37.830 8 INFO placement.requestlog [req-550d2db2-e2b9-40a2-ab39-ed6baac36e03 req-18232fd0-7181-46f2-be10-2367ca09b102 209afd0da6d44ef0819f6792bc53694e 8f15d202cabe4441a052536acaeb88e2 - - 441080f4479c4b60a0bd744c487271ff 441080f4479c4b60a0bd744c487271ff] 199.19.213.223 "DELETE /allocations/dcfc245c-51c0-4f14-b943-519fb2f3112d" status: 204 len: 0 microversion: 1.0 [pid: 8|app: 0|req: 540/1084] 199.19.213.223 () {34 vars in 841 bytes} [Wed Jun 10 11:39:37 2026] DELETE /allocations/dcfc245c-51c0-4f14-b943-519fb2f3112d => generated 0 bytes in 41 msecs (HTTP/1.1 204) 5 headers in 198 bytes (1 switches on core 0)
2026-06-10 11:39:38.831 7 INFO placement.requestlog [req-733a47f5-41cb-4ebb-914a-b08aaa222bda req-ef5833cd-f7cf-447e-95b3-8d642f191239 209afd0da6d44ef0819f6792bc53694e 8f15d202cabe4441a052536acaeb88e2 - - 441080f4479c4b60a0bd744c487271ff 441080f4479c4b60a0bd744c487271ff] 199.19.213.223 "GET /resource_providers/c4a3a144-ecb2-4990-8549-389ec8c9c97b/allocations" status: 200 len: 153 microversion: 1.0 [pid: 7|app: 0|req: 545/1085] 199.19.213.223 () {32 vars in 857 bytes} [Wed Jun 10 11:39:38 2026] GET /resource_providers/c4a3a144-ecb2-4990-8549-389ec8c9c97b/allocations => generated 153 bytes in 21 msecs (HTTP/1.1 200) 6 headers in 224 bytes (1 switches on core 0)
2026-06-10 11:39:38.853 8 INFO placement.requestlog [req-733a47f5-41cb-4ebb-914a-b08aaa222bda req-c1647e39-4448-49e7-9f5d-a7ec812d0225 209afd0da6d44ef0819f6792bc53694e 8f15d202cabe4441a052536acaeb88e2 - - 441080f4479c4b60a0bd744c487271ff 441080f4479c4b60a0bd744c487271ff] 199.19.213.223 "GET /allocations/47712c62-6ccf-4377-8ba5-fc2624ca586d" status: 200 len: 258 microversion: 1.28 [pid: 8|app: 0|req: 541/1086] 199.19.213.223 () {34 vars in 863 bytes} [Wed Jun 10 11:39:38 2026] GET /allocations/47712c62-6ccf-4377-8ba5-fc2624ca586d => generated 258 bytes in 12 msecs (HTTP/1.1 200) 8 headers in 296 bytes (1 switches on core 0)
2026-06-10 11:39:41.252 7 INFO placement.requestlog [None req-afb90262-414c-4126-bc59-70131f10903d cf5665ceb78f4e9dad054aca363bbf7a 8f15d202cabe4441a052536acaeb88e2 - - 441080f4479c4b60a0bd744c487271ff 441080f4479c4b60a0bd744c487271ff] 10.0.0.173 "GET /resource_providers/abe7d54a-4a44-4cbe-a8f4-cc5955b1bb7b/aggregates" status: 404 len: 235 microversion: 1.1 [pid: 7|app: 0|req: 546/1087] 10.0.0.173 () {32 vars in 816 bytes} [Wed Jun 10 11:39:41 2026] GET /resource_providers/abe7d54a-4a44-4cbe-a8f4-cc5955b1bb7b/aggregates => generated 235 bytes in 8 msecs (HTTP/1.1 404) 5 headers in 202 bytes (1 switches on core 0)
2026-06-10 11:39:41.259 8 INFO placement.requestlog [None req-6705848f-229e-492c-bdd4-99a020406abf cf5665ceb78f4e9dad054aca363bbf7a 8f15d202cabe4441a052536acaeb88e2 - - 441080f4479c4b60a0bd744c487271ff 441080f4479c4b60a0bd744c487271ff] 10.0.0.173 "GET /resource_providers/abe7d54a-4a44-4cbe-a8f4-cc5955b1bb7b/aggregates" status: 404 len: 235 microversion: 1.1 [pid: 8|app: 0|req: 542/1088] 10.0.0.173 () {32 vars in 816 bytes} [Wed Jun 10 11:39:41 2026] GET /resource_providers/abe7d54a-4a44-4cbe-a8f4-cc5955b1bb7b/aggregates => generated 235 bytes in 10 msecs (HTTP/1.1 404) 5 headers in 202 bytes (1 switches on core 0)
2026-06-10 11:39:41.276 7 INFO placement.requestlog [None req-e84e589e-2d78-4edb-b31b-fb88ddc66105 cf5665ceb78f4e9dad054aca363bbf7a 8f15d202cabe4441a052536acaeb88e2 - - 441080f4479c4b60a0bd744c487271ff 441080f4479c4b60a0bd744c487271ff] 10.0.0.173 "DELETE /resource_providers/abe7d54a-4a44-4cbe-a8f4-cc5955b1bb7b" status: 404 len: 246 microversion: 1.1 [pid: 7|app: 0|req: 547/1089] 10.0.0.173 () {34 vars in 816 bytes} [Wed Jun 10 11:39:41 2026] DELETE /resource_providers/abe7d54a-4a44-4cbe-a8f4-cc5955b1bb7b => generated 246 bytes in 9 msecs (HTTP/1.1 404) 6 headers in 231 bytes (1 switches on core 0)
2026-06-10 11:39:41.278 8 INFO placement.requestlog [None req-60153c3c-1411-4744-a658-28386fba16c6 cf5665ceb78f4e9dad054aca363bbf7a 8f15d202cabe4441a052536acaeb88e2 - - 441080f4479c4b60a0bd744c487271ff 441080f4479c4b60a0bd744c487271ff] 10.0.0.173 "DELETE /resource_providers/abe7d54a-4a44-4cbe-a8f4-cc5955b1bb7b" status: 404 len: 246 microversion: 1.1 [pid: 8|app: 0|req: 543/1090] 10.0.0.173 () {34 vars in 816 bytes} [Wed Jun 10 11:39:41 2026] DELETE /resource_providers/abe7d54a-4a44-4cbe-a8f4-cc5955b1bb7b => generated 246 bytes in 9 msecs (HTTP/1.1 404) 6 headers in 231 bytes (1 switches on core 0)
2026-06-10 11:39:42.697 7 INFO placement.requestlog [None req-9f2ac348-3660-4fa1-98bf-b3e50f3b0294 - - - - - -] 10.0.0.1 "GET /" status: 200 len: 136 microversion: 1.0
2026-06-10 11:39:42.698 8 INFO placement.requestlog [None req-082ef2ef-47b1-4a4d-b166-2cd3ad262888 - - - - - -] 10.0.0.1 "GET /" status: 200 len: 136 microversion: 1.0
2026-06-10 11:39:43.301 7 INFO placement.requestlog [None req-aefe2934-3328-43a0-9674-7258dd610e31 cf5665ceb78f4e9dad054aca363bbf7a 8f15d202cabe4441a052536acaeb88e2 - - 441080f4479c4b60a0bd744c487271ff 441080f4479c4b60a0bd744c487271ff] 10.0.0.173 "GET /resource_providers/a0697f93-819a-4160-9175-75e79b82bec6/aggregates" status: 404 len: 235 microversion: 1.1 [pid: 7|app: 0|req: 549/1093] 10.0.0.173 () {32 vars in 816 bytes} [Wed Jun 10 11:39:43 2026] GET /resource_providers/a0697f93-819a-4160-9175-75e79b82bec6/aggregates => generated 235 bytes in 11 msecs (HTTP/1.1 404) 5 headers in 202 bytes (1 switches on core 0)
2026-06-10 11:39:43.307 8 INFO placement.requestlog [None req-9acb1773-4d72-4155-8d8a-af6c31ea0e6c cf5665ceb78f4e9dad054aca363bbf7a 8f15d202cabe4441a052536acaeb88e2 - - 441080f4479c4b60a0bd744c487271ff 441080f4479c4b60a0bd744c487271ff] 10.0.0.173 "GET /resource_providers/a0697f93-819a-4160-9175-75e79b82bec6/aggregates" status: 404 len: 235 microversion: 1.1 [pid: 8|app: 0|req: 545/1094] 10.0.0.173 () {32 vars in 816 bytes} [Wed Jun 10 11:39:43 2026] GET /resource_providers/a0697f93-819a-4160-9175-75e79b82bec6/aggregates => generated 235 bytes in 15 msecs (HTTP/1.1 404) 5 headers in 202 bytes (1 switches on core 0)
2026-06-10 11:39:43.322 7 INFO placement.requestlog [None req-a55cf4de-79d2-4c0e-91d9-7cd8136d8236 cf5665ceb78f4e9dad054aca363bbf7a 8f15d202cabe4441a052536acaeb88e2 - - 441080f4479c4b60a0bd744c487271ff 441080f4479c4b60a0bd744c487271ff] 10.0.0.173 "DELETE /resource_providers/a0697f93-819a-4160-9175-75e79b82bec6" status: 404 len: 246 microversion: 1.1 [pid: 7|app: 0|req: 550/1095] 10.0.0.173 () {34 vars in 816 bytes} [Wed Jun 10 11:39:43 2026] DELETE /resource_providers/a0697f93-819a-4160-9175-75e79b82bec6 => generated 246 bytes in 10 msecs (HTTP/1.1 404) 6 headers in 231 bytes (1 switches on core 0)
2026-06-10 11:39:43.327 8 INFO placement.requestlog [None req-458f853b-5a44-48ae-ad7e-565854ef3b45 cf5665ceb78f4e9dad054aca363bbf7a 8f15d202cabe4441a052536acaeb88e2 - - 441080f4479c4b60a0bd744c487271ff 441080f4479c4b60a0bd744c487271ff] 10.0.0.173 "DELETE /resource_providers/a0697f93-819a-4160-9175-75e79b82bec6" status: 404 len: 246 microversion: 1.1 [pid: 8|app: 0|req: 546/1096] 10.0.0.173 () {34 vars in 816 bytes} [Wed Jun 10 11:39:43 2026] DELETE /resource_providers/a0697f93-819a-4160-9175-75e79b82bec6 => generated 246 bytes in 12 msecs (HTTP/1.1 404) 6 headers in 231 bytes (1 switches on core 0)
2026-06-10 11:39:52.697 7 INFO placement.requestlog [None req-50a73aa3-1caa-45e4-8f4b-929db265ce63 - - - - - -] 10.0.0.1 "GET /" status: 200 len: 136 microversion: 1.0
2026-06-10 11:39:52.697 8 INFO placement.requestlog [None req-35aa3022-cf12-4efe-abe9-4831aa2711e7 - - - - - -] 10.0.0.1 "GET /" status: 200 len: 136 microversion: 1.0
2026-06-10 11:39:53.486 7 INFO placement.requestlog [req-e8697a2d-4b92-4551-8206-df1ae8a70583 req-fc6cfb70-f591-4d98-875f-33c9043736c5 209afd0da6d44ef0819f6792bc53694e 8f15d202cabe4441a052536acaeb88e2 - - 441080f4479c4b60a0bd744c487271ff 441080f4479c4b60a0bd744c487271ff] 10.0.0.119 "GET /allocation_candidates?limit=1000&resources=DISK_GB%3A1%2CMEMORY_MB%3A512%2CVCPU%3A1&root_required=%21COMPUTE_STATUS_DISABLED" status: 200 len: 2783 microversion: 1.36 [pid: 7|app: 0|req: 552/1099] 10.0.0.119 () {34 vars in 1012 bytes} [Wed Jun 10 11:39:53 2026] GET /allocation_candidates?limit=1000&resources=DISK_GB%3A1%2CMEMORY_MB%3A512%2CVCPU%3A1&root_required=%21COMPUTE_STATUS_DISABLED => generated 2783 bytes in 52 msecs (HTTP/1.1 200) 8 headers in 297 bytes (1 switches on core 0)
2026-06-10 11:39:53.523 8 INFO placement.requestlog [req-e8697a2d-4b92-4551-8206-df1ae8a70583 req-77367e6f-d489-44b0-adc1-a036808eeaa1 209afd0da6d44ef0819f6792bc53694e 8f15d202cabe4441a052536acaeb88e2 - - 441080f4479c4b60a0bd744c487271ff 441080f4479c4b60a0bd744c487271ff] 10.0.0.119 "GET /allocations/596bc9b7-864a-457f-9479-64633778f251" status: 200 len: 19 microversion: 1.28 [pid: 8|app: 0|req: 548/1100] 10.0.0.119 () {34 vars in 861 bytes} [Wed Jun 10 11:39:53 2026] GET /allocations/596bc9b7-864a-457f-9479-64633778f251 => generated 19 bytes in 13 msecs (HTTP/1.1 200) 8 headers in 295 bytes (1 switches on core 0)
2026-06-10 11:39:53.581 7 INFO placement.requestlog [req-e8697a2d-4b92-4551-8206-df1ae8a70583 req-a0861d27-a552-4e6b-8351-7ba5d0ba8bec 209afd0da6d44ef0819f6792bc53694e 8f15d202cabe4441a052536acaeb88e2 - - 441080f4479c4b60a0bd744c487271ff 441080f4479c4b60a0bd744c487271ff] 10.0.0.119 "PUT /allocations/596bc9b7-864a-457f-9479-64633778f251" status: 204 len: 0 microversion: 1.36 [pid: 7|app: 0|req: 553/1101] 10.0.0.119 () {38 vars in 914 bytes} [Wed Jun 10 11:39:53 2026] PUT /allocations/596bc9b7-864a-457f-9479-64633778f251 => generated 0 bytes in 50 msecs (HTTP/1.1 204) 5 headers in 199 bytes (1 switches on core 0)
2026-06-10 11:39:54.693 8 INFO placement.requestlog [req-76dbd20b-1c1e-42e3-8878-e7c2f0581cfb req-5082b23c-8e67-4c80-9238-9bee9d8bb123 209afd0da6d44ef0819f6792bc53694e 8f15d202cabe4441a052536acaeb88e2 - - 441080f4479c4b60a0bd744c487271ff 441080f4479c4b60a0bd744c487271ff] 199.19.213.223 "GET /resource_providers/c4a3a144-ecb2-4990-8549-389ec8c9c97b/allocations" status: 200 len: 253 microversion: 1.0 [pid: 8|app: 0|req: 549/1102] 199.19.213.223 () {32 vars in 857 bytes} [Wed Jun 10 11:39:54 2026] GET /resource_providers/c4a3a144-ecb2-4990-8549-389ec8c9c97b/allocations => generated 253 bytes in 185 msecs (HTTP/1.1 200) 6 headers in 224 bytes (1 switches on core 0)
2026-06-10 11:39:55.077 7 INFO placement.requestlog [req-e8697a2d-4b92-4551-8206-df1ae8a70583 req-cb25ccfa-38f9-4cf8-926b-5475f5a3c101 209afd0da6d44ef0819f6792bc53694e 8f15d202cabe4441a052536acaeb88e2 - - 441080f4479c4b60a0bd744c487271ff 441080f4479c4b60a0bd744c487271ff] 199.19.213.223 "GET /allocations/596bc9b7-864a-457f-9479-64633778f251" status: 200 len: 258 microversion: 1.28 [pid: 7|app: 0|req: 554/1103] 199.19.213.223 () {34 vars in 863 bytes} [Wed Jun 10 11:39:55 2026] GET /allocations/596bc9b7-864a-457f-9479-64633778f251 => generated 258 bytes in 17 msecs (HTTP/1.1 200) 8 headers in 296 bytes (1 switches on core 0)
2026-06-10 11:39:55.220 8 INFO placement.requestlog [req-76dbd20b-1c1e-42e3-8878-e7c2f0581cfb req-f692874c-198d-4690-af1c-25ba89e5d351 209afd0da6d44ef0819f6792bc53694e 8f15d202cabe4441a052536acaeb88e2 - - 441080f4479c4b60a0bd744c487271ff 441080f4479c4b60a0bd744c487271ff] 199.19.213.223 "GET /resource_providers?in_tree=c4a3a144-ecb2-4990-8549-389ec8c9c97b" status: 200 len: 798 microversion: 1.14 [pid: 8|app: 0|req: 550/1104] 199.19.213.223 () {34 vars in 892 bytes} [Wed Jun 10 11:39:55 2026] GET /resource_providers?in_tree=c4a3a144-ecb2-4990-8549-389ec8c9c97b => generated 798 bytes in 17 msecs (HTTP/1.1 200) 6 headers in 225 bytes (1 switches on core 0)
2026-06-10 11:39:55.240 7 INFO placement.requestlog [req-76dbd20b-1c1e-42e3-8878-e7c2f0581cfb req-4ca5a3ce-13c0-4a5c-a575-62058044f67f 209afd0da6d44ef0819f6792bc53694e 8f15d202cabe4441a052536acaeb88e2 - - 441080f4479c4b60a0bd744c487271ff 441080f4479c4b60a0bd744c487271ff] 199.19.213.223 "GET /resource_providers/c4a3a144-ecb2-4990-8549-389ec8c9c97b/inventories" status: 200 len: 401 microversion: 1.0 [pid: 7|app: 0|req: 555/1105] 199.19.213.223 () {32 vars in 857 bytes} [Wed Jun 10 11:39:55 2026] GET /resource_providers/c4a3a144-ecb2-4990-8549-389ec8c9c97b/inventories => generated 401 bytes in 15 msecs (HTTP/1.1 200) 6 headers in 224 bytes (1 switches on core 0)
2026-06-10 11:39:55.255 8 INFO placement.requestlog [req-76dbd20b-1c1e-42e3-8878-e7c2f0581cfb req-a413904d-4603-4e92-aa40-69d4d2c29f7b 209afd0da6d44ef0819f6792bc53694e 8f15d202cabe4441a052536acaeb88e2 - - 441080f4479c4b60a0bd744c487271ff 441080f4479c4b60a0bd744c487271ff] 199.19.213.223 "GET /resource_providers/c4a3a144-ecb2-4990-8549-389ec8c9c97b/aggregates" status: 200 len: 54 microversion: 1.19 [pid: 8|app: 0|req: 551/1106] 199.19.213.223 () {34 vars in 899 bytes} [Wed Jun 10 11:39:55 2026] GET /resource_providers/c4a3a144-ecb2-4990-8549-389ec8c9c97b/aggregates => generated 54 bytes in 9 msecs (HTTP/1.1 200) 8 headers in 295 bytes (1 switches on core 0)
2026-06-10 11:39:55.279 7 INFO placement.requestlog [req-76dbd20b-1c1e-42e3-8878-e7c2f0581cfb req-ca123b04-1d09-4d61-a77a-b0e11b3c9df1 209afd0da6d44ef0819f6792bc53694e 8f15d202cabe4441a052536acaeb88e2 - - 441080f4479c4b60a0bd744c487271ff 441080f4479c4b60a0bd744c487271ff] 199.19.213.223 "GET /resource_providers/c4a3a144-ecb2-4990-8549-389ec8c9c97b/traits" status: 200 len: 2317 microversion: 1.6 [pid: 7|app: 0|req: 556/1107] 199.19.213.223 () {34 vars in 890 bytes} [Wed Jun 10 11:39:55 2026] GET /resource_providers/c4a3a144-ecb2-4990-8549-389ec8c9c97b/traits => generated 2317 bytes in 19 msecs (HTTP/1.1 200) 6 headers in 225 bytes (1 switches on core 0)
2026-06-10 11:39:55.304 8 INFO placement.requestlog [req-76dbd20b-1c1e-42e3-8878-e7c2f0581cfb req-0cbc2738-1166-4e31-8e8d-f30004a328a0 209afd0da6d44ef0819f6792bc53694e 8f15d202cabe4441a052536acaeb88e2 - - 441080f4479c4b60a0bd744c487271ff 441080f4479c4b60a0bd744c487271ff] 199.19.213.223 "GET /resource_providers/c4a3a144-ecb2-4990-8549-389ec8c9c97b/allocations" status: 200 len: 253 microversion: 1.0 [pid: 8|app: 0|req: 552/1108] 199.19.213.223 () {32 vars in 857 bytes} [Wed Jun 10 11:39:55 2026] GET /resource_providers/c4a3a144-ecb2-4990-8549-389ec8c9c97b/allocations => generated 253 bytes in 17 msecs (HTTP/1.1 200) 6 headers in 224 bytes (1 switches on core 0)
2026-06-10 11:39:55.320 7 INFO placement.requestlog [req-76dbd20b-1c1e-42e3-8878-e7c2f0581cfb req-d9bbbdf2-460b-4371-b555-741b7a39c466 209afd0da6d44ef0819f6792bc53694e 8f15d202cabe4441a052536acaeb88e2 - - 441080f4479c4b60a0bd744c487271ff 441080f4479c4b60a0bd744c487271ff] 199.19.213.223 "GET /allocations/47712c62-6ccf-4377-8ba5-fc2624ca586d" status: 200 len: 258 microversion: 1.28 [pid: 7|app: 0|req: 557/1109] 199.19.213.223 () {34 vars in 863 bytes} [Wed Jun 10 11:39:55 2026] GET /allocations/47712c62-6ccf-4377-8ba5-fc2624ca586d => generated 258 bytes in 10 msecs (HTTP/1.1 200) 8 headers in 296 bytes (1 switches on core 0)
2026-06-10 11:39:55.340 8 INFO placement.requestlog [req-76dbd20b-1c1e-42e3-8878-e7c2f0581cfb req-44196704-bf79-482d-8e3a-19a176fc8bbb 209afd0da6d44ef0819f6792bc53694e 8f15d202cabe4441a052536acaeb88e2 - - 441080f4479c4b60a0bd744c487271ff 441080f4479c4b60a0bd744c487271ff] 199.19.213.223 "GET /allocations/596bc9b7-864a-457f-9479-64633778f251" status: 200 len: 258 microversion: 1.28 [pid: 8|app: 0|req: 553/1110] 199.19.213.223 () {34 vars in 863 bytes} [Wed Jun 10 11:39:55 2026] GET /allocations/596bc9b7-864a-457f-9479-64633778f251 => generated 258 bytes in 13 msecs (HTTP/1.1 200) 8 headers in 296 bytes (1 switches on core 0)
