2026-07-24 01:03:18.527 9 INFO neutron.db.ovn_revision_numbers_db [req-56643a41-e2d4-48b5-817c-5154d7068cab req-fa1e4191-1c30-4e8e-aa61-1128af9bf03e ff8a839f900c4f0eaa96d4222ca76fb6 958ef7bbaeb646e7afa86b25a36755fd - - bfcdf39411394c26a023ea4d7a81cd26 bfcdf39411394c26a023ea4d7a81cd26] Successfully bumped revision number for resource eb92c00b-f751-4a20-8669-5ee7d3d17f3b (type: ports) to 2
2026-07-24 01:03:18.555 9 INFO neutron.wsgi [req-56643a41-e2d4-48b5-817c-5154d7068cab req-fa1e4191-1c30-4e8e-aa61-1128af9bf03e ff8a839f900c4f0eaa96d4222ca76fb6 958ef7bbaeb646e7afa86b25a36755fd - - bfcdf39411394c26a023ea4d7a81cd26 bfcdf39411394c26a023ea4d7a81cd26] 199.204.45.95 "PUT /v2.0/ports/eb92c00b-f751-4a20-8669-5ee7d3d17f3b HTTP/1.1" status: 200 len: 1376 time: 1.5658422 /var/lib/openstack/lib/python3.10/site-packages/pycadf/identifier.py:71: UserWarning: Invalid uuid: neutron. To ensure interoperability, identifiers should be a valid uuid. warnings.warn(('Invalid uuid: %s. To ensure interoperability, '
2026-07-24 01:03:18.603 9 INFO neutron.notifiers.nova [-] Nova event matching ['req-38d8a74d-c48c-4592-ac34-a093273e8487'] response: {'name': 'network-changed', 'server_uuid': '37547ae1-4595-4ac9-8f26-b456fc17983e', 'tag': 'eb92c00b-f751-4a20-8669-5ee7d3d17f3b', 'status': 'completed', 'code': 200}
2026-07-24 01:03:18.617 10 INFO neutron.wsgi [None req-cc6476e5-c8a6-4f20-b8bb-84031b2fd225 48471ddb445e4a35a5686d15a943840c fe37ede89e8142b6951b61a13f614b04 - - default default] 10.0.0.69 "DELETE /v2.0/subnets/1c376761-c80f-4c1e-9a14-c1656b84a4b1 HTTP/1.1" status: 204 len: 168 time: 0.3502247
2026-07-24 01:03:18.640 9 INFO neutron.wsgi [req-56643a41-e2d4-48b5-817c-5154d7068cab req-6a8dad9c-fa02-4f76-a55e-2746419f738b ff8a839f900c4f0eaa96d4222ca76fb6 958ef7bbaeb646e7afa86b25a36755fd - - bfcdf39411394c26a023ea4d7a81cd26 bfcdf39411394c26a023ea4d7a81cd26] 199.204.45.95 "GET /v2.0/ports?tenant_id=1ecd37e125d0471e8fda5105efe85ccb&device_id=37547ae1-4595-4ac9-8f26-b456fc17983e HTTP/1.1" status: 200 len: 1407 time: 0.0477622
2026-07-24 01:03:18.656 9 INFO neutron.db.ovn_revision_numbers_db [None req-05ee3f71-d625-4ed0-bcc1-bd138c0ef176 - - - - - -] Successfully bumped revision number for resource a4fb7c73-fcbb-45ab-aed8-776ac1493bee (type: router_ports) to 4
2026-07-24 01:03:18.686 9 INFO neutron.wsgi [req-56643a41-e2d4-48b5-817c-5154d7068cab req-0814f383-eb7f-4d3b-97a2-a516d911dc0c ff8a839f900c4f0eaa96d4222ca76fb6 958ef7bbaeb646e7afa86b25a36755fd - - bfcdf39411394c26a023ea4d7a81cd26 bfcdf39411394c26a023ea4d7a81cd26] 199.204.45.95 "GET /v2.0/floatingips?fixed_ip_address=10.100.0.3&port_id=eb92c00b-f751-4a20-8669-5ee7d3d17f3b HTTP/1.1" status: 200 len: 217 time: 0.0388021
2026-07-24 01:03:18.745 9 INFO neutron.wsgi [req-56643a41-e2d4-48b5-817c-5154d7068cab req-ff912548-a7f3-4a15-8870-946ffd51ef42 ff8a839f900c4f0eaa96d4222ca76fb6 958ef7bbaeb646e7afa86b25a36755fd - - bfcdf39411394c26a023ea4d7a81cd26 bfcdf39411394c26a023ea4d7a81cd26] 199.204.45.95 "GET /v2.0/subnets?id=1fc828e6-c680-401e-ba7e-c6259e1dd682 HTTP/1.1" status: 200 len: 869 time: 0.0493073
2026-07-24 01:03:18.749 9 INFO neutron.plugins.ml2.drivers.ovn.mech_driver.ovsdb.ovsdb_monitor [None req-05ee3f71-d625-4ed0-bcc1-bd138c0ef176 - - - - - -] Router 40a804de-9ac4-41d9-b99c-5ba629c6c44a is bound to host instance
2026-07-24 01:03:18.789 9 INFO neutron.wsgi [req-56643a41-e2d4-48b5-817c-5154d7068cab req-e19b1f3a-1784-49f4-80f5-2896d8ebecd7 ff8a839f900c4f0eaa96d4222ca76fb6 958ef7bbaeb646e7afa86b25a36755fd - - bfcdf39411394c26a023ea4d7a81cd26 bfcdf39411394c26a023ea4d7a81cd26] 199.204.45.95 "GET /v2.0/ports?network_id=d976c685-352d-4862-8ff7-75b5f52d8099&device_owner=network%3Adhcp HTTP/1.1" status: 200 len: 210 time: 0.0251176
2026-07-24 01:03:18.878 10 INFO neutron.wsgi [req-d11251a0-fa4e-49fe-8f93-ae2ac55f90e1 req-b861ce7b-895d-4960-8678-20c531545cb6 9323896cba784e179fe199ffdb2c1eee e0b4b09d233a4547996982bf9acc2755 - - default default] 10.0.0.217 "GET /v2.0/ports?device_id=fff90290-5851-47d0-8d11-e9bafc04dd73 HTTP/1.1" status: 200 len: 1160 time: 0.1059041
2026-07-24 01:03:18.906 9 INFO neutron.wsgi [req-56643a41-e2d4-48b5-817c-5154d7068cab req-4afe627a-0f7b-4cdc-83f5-3d56eef0da33 ff8a839f900c4f0eaa96d4222ca76fb6 958ef7bbaeb646e7afa86b25a36755fd - - bfcdf39411394c26a023ea4d7a81cd26 bfcdf39411394c26a023ea4d7a81cd26] 199.204.45.95 "GET /v2.0/networks/d976c685-352d-4862-8ff7-75b5f52d8099?fields=segments HTTP/1.1" status: 200 len: 212 time: 0.1091483
2026-07-24 01:03:18.968 10 INFO neutron.wsgi [req-4a64a28f-1b79-470a-86c3-0fe642e8daab req-fab331b7-7cdd-426d-9976-10b76ea9b168 3d0121cd1b454616ba9a4ff034fd2431 1ecd37e125d0471e8fda5105efe85ccb - - default default] 10.0.0.217 "GET /v2.0/ports?device_id=37547ae1-4595-4ac9-8f26-b456fc17983e HTTP/1.1" status: 200 len: 1168 time: 0.2439208
2026-07-24 01:03:18.984 10 INFO neutron.wsgi [req-d11251a0-fa4e-49fe-8f93-ae2ac55f90e1 req-1baf9e46-1fc7-4a6d-806e-dc2b6a3411b6 9323896cba784e179fe199ffdb2c1eee e0b4b09d233a4547996982bf9acc2755 - - default default] 10.0.0.217 "GET /v2.0/security-groups?id=f914e8e5-36dd-4f88-94f8-b2b3fdaca034&fields=id&fields=name HTTP/1.1" status: 200 len: 312 time: 0.0945351
2026-07-24 01:03:19.032 9 INFO neutron.wsgi [req-56643a41-e2d4-48b5-817c-5154d7068cab req-c57bcf4a-a6be-4070-b2cd-2905b8c66ca8 ff8a839f900c4f0eaa96d4222ca76fb6 958ef7bbaeb646e7afa86b25a36755fd - - bfcdf39411394c26a023ea4d7a81cd26 bfcdf39411394c26a023ea4d7a81cd26] 199.204.45.95 "GET /v2.0/networks/d976c685-352d-4862-8ff7-75b5f52d8099?fields=provider%3Aphysical_network&fields=provider%3Anetwork_type HTTP/1.1" status: 200 len: 277 time: 0.1152003
2026-07-24 01:03:19.045 10 INFO neutron.wsgi [req-4a64a28f-1b79-470a-86c3-0fe642e8daab req-36318610-0d19-4606-8beb-b32bdea58f88 3d0121cd1b454616ba9a4ff034fd2431 1ecd37e125d0471e8fda5105efe85ccb - - default default] 10.0.0.217 "GET /v2.0/security-groups?id=104fbf81-729e-4cf6-8d72-81121597ca26&fields=id&fields=name HTTP/1.1" status: 200 len: 313 time: 0.0675101
2026-07-24 01:03:19.162 9 INFO neutron.wsgi [req-e2c29f33-9e29-4e72-93be-4c668872349f req-51aaee28-6c11-4981-9658-e6e4cd65e9f5 ff8a839f900c4f0eaa96d4222ca76fb6 958ef7bbaeb646e7afa86b25a36755fd - - bfcdf39411394c26a023ea4d7a81cd26 bfcdf39411394c26a023ea4d7a81cd26] 199.204.45.95 "GET /v2.0/ports?tenant_id=1ecd37e125d0471e8fda5105efe85ccb&device_id=37547ae1-4595-4ac9-8f26-b456fc17983e HTTP/1.1" status: 200 len: 1407 time: 0.0657170
2026-07-24 01:03:19.285 9 INFO neutron.wsgi [req-e2c29f33-9e29-4e72-93be-4c668872349f req-1a017010-51b4-4587-b3a2-df02a35ce9ce ff8a839f900c4f0eaa96d4222ca76fb6 958ef7bbaeb646e7afa86b25a36755fd - - bfcdf39411394c26a023ea4d7a81cd26 bfcdf39411394c26a023ea4d7a81cd26] 199.204.45.95 "GET /v2.0/networks?id=d976c685-352d-4862-8ff7-75b5f52d8099 HTTP/1.1" status: 200 len: 974 time: 0.1130440
2026-07-24 01:03:19.335 9 INFO neutron.wsgi [req-e2c29f33-9e29-4e72-93be-4c668872349f req-09f278cd-1428-4a77-b2a3-b1fb6db9350c ff8a839f900c4f0eaa96d4222ca76fb6 958ef7bbaeb646e7afa86b25a36755fd - - bfcdf39411394c26a023ea4d7a81cd26 bfcdf39411394c26a023ea4d7a81cd26] 199.204.45.95 "GET /v2.0/floatingips?fixed_ip_address=10.100.0.3&port_id=eb92c00b-f751-4a20-8669-5ee7d3d17f3b HTTP/1.1" status: 200 len: 217 time: 0.0317781
2026-07-24 01:03:19.346 10 INFO neutron.db.ovn_revision_numbers_db [req-bd9bf175-7f22-4cd0-aed4-311e0e410eae req-7ae95128-ebc8-403d-8ccc-945eead26e4b ff8a839f900c4f0eaa96d4222ca76fb6 958ef7bbaeb646e7afa86b25a36755fd - - bfcdf39411394c26a023ea4d7a81cd26 bfcdf39411394c26a023ea4d7a81cd26] Successfully bumped revision number for resource c9db8ac4-88f6-4c5b-91fd-b8d418b03361 (type: ports) to 2
2026-07-24 01:03:19.439 9 INFO neutron.wsgi [req-e2c29f33-9e29-4e72-93be-4c668872349f req-e9eb306e-9fc7-40fe-9129-618a0763618c ff8a839f900c4f0eaa96d4222ca76fb6 958ef7bbaeb646e7afa86b25a36755fd - - bfcdf39411394c26a023ea4d7a81cd26 bfcdf39411394c26a023ea4d7a81cd26] 199.204.45.95 "GET /v2.0/subnets?id=1fc828e6-c680-401e-ba7e-c6259e1dd682 HTTP/1.1" status: 200 len: 869 time: 0.0947189
2026-07-24 01:03:19.459 9 INFO neutron.services.segments.plugin [-] Segment d23b531c-f214-4636-80b1-5d2981a0dc83 resource provider aggregate not found
2026-07-24 01:03:19.480 9 INFO neutron.services.segments.plugin [-] Segment d23b531c-f214-4636-80b1-5d2981a0dc83 resource provider aggregate not found
2026-07-24 01:03:19.486 9 INFO neutron.services.segments.plugin [-] Segment d23b531c-f214-4636-80b1-5d2981a0dc83 resource provider not found; error: Placement Client Error (4xx): {"errors": [{"status": 404, "title": "Not Found", "detail": "The resource could not be found.\n\n No resource provider with uuid d23b531c-f214-4636-80b1-5d2981a0dc83 found for delete ", "request_id": "req-74c44e9d-24ea-42e7-9571-4c45c3648c7c"}]}
2026-07-24 01:03:19.490 9 INFO neutron.wsgi [req-e2c29f33-9e29-4e72-93be-4c668872349f req-c6806358-abbf-432b-b357-9ea579c75cdf ff8a839f900c4f0eaa96d4222ca76fb6 958ef7bbaeb646e7afa86b25a36755fd - - bfcdf39411394c26a023ea4d7a81cd26 bfcdf39411394c26a023ea4d7a81cd26] 199.204.45.95 "GET /v2.0/ports?network_id=d976c685-352d-4862-8ff7-75b5f52d8099&device_owner=network%3Adhcp HTTP/1.1" status: 200 len: 210 time: 0.0395970
2026-07-24 01:03:19.509 9 INFO neutron.services.segments.plugin [-] Segment d23b531c-f214-4636-80b1-5d2981a0dc83 resource provider not found; error: Placement Client Error (4xx): {"errors": [{"status": 404, "title": "Not Found", "detail": "The resource could not be found.\n\n No resource provider with uuid d23b531c-f214-4636-80b1-5d2981a0dc83 found for delete ", "request_id": "req-b3f99c16-55fe-414f-a66d-cf84438c03e4"}]}
2026-07-24 01:03:19.528 9 INFO neutron.wsgi [None req-bdd9ee70-5358-44c9-9f33-675fa06c33bd 48471ddb445e4a35a5686d15a943840c fe37ede89e8142b6951b61a13f614b04 - - default default] 10.0.0.69 "DELETE /v2.0/networks/5284541c-990d-498c-9026-d63c0c53bccc HTTP/1.1" status: 204 len: 168 time: 0.9009917
2026-07-24 01:03:19.546 9 WARNING neutron_lib.context [None req-25f76f89-4172-4bca-b0bb-4f3257c4c42e 48471ddb445e4a35a5686d15a943840c fe37ede89e8142b6951b61a13f614b04 - - default default] Method 'is_advsvc' is deprecated since 2023.2 release (neutron-lib 3.8.0) and will be removed once support for the old RBAC API policies will be removed from Neutron. Please use method 'is_service_role' instead.
2026-07-24 01:03:19.614 9 INFO neutron.wsgi [req-e2c29f33-9e29-4e72-93be-4c668872349f req-3e2ac60e-9a5e-4864-9601-78f74f22d08b ff8a839f900c4f0eaa96d4222ca76fb6 958ef7bbaeb646e7afa86b25a36755fd - - bfcdf39411394c26a023ea4d7a81cd26 bfcdf39411394c26a023ea4d7a81cd26] 199.204.45.95 "GET /v2.0/networks/d976c685-352d-4862-8ff7-75b5f52d8099?fields=segments HTTP/1.1" status: 200 len: 212 time: 0.1064420
2026-07-24 01:03:19.735 10 ERROR ovsdbapp.backend.ovs_idl.command [None req-19e4986d-7c88-444c-9030-b1651627754c 38d0259a59b64ef49f2b29d8c51336b9 e71742c696104b548b7c41439bf0e991 - - default default] Error executing command (DbGetCommand): ovsdbapp.backend.ovs_idl.idlutils.RowNotFound: Cannot find Logical_Router_Port with name=lrp-840505e5-ea1e-47ca-8e48-c22168169c54
2026-07-24 01:03:19.735 10 ERROR ovsdbapp.backend.ovs_idl.command
Traceback (most recent call last):
2026-07-24 01:03:19.735 10 ERROR ovsdbapp.backend.ovs_idl.command
File "/var/lib/openstack/lib/python3.10/site-packages/ovsdbapp/backend/ovs_idl/command.py", line 47, in execute
2026-07-24 01:03:19.735 10 ERROR ovsdbapp.backend.ovs_idl.command self.run_idl(None)
2026-07-24 01:03:19.735 10 ERROR ovsdbapp.backend.ovs_idl.command
File "/var/lib/openstack/lib/python3.10/site-packages/ovsdbapp/backend/ovs_idl/command.py", line 235, in run_idl
2026-07-24 01:03:19.735 10 ERROR ovsdbapp.backend.ovs_idl.command record = self.api.lookup(self.table, self.record)
2026-07-24 01:03:19.735 10 ERROR ovsdbapp.backend.ovs_idl.command
File "/var/lib/openstack/lib/python3.10/site-packages/ovsdbapp/backend/ovs_idl/__init__.py", line 184, in lookup
2026-07-24 01:03:19.735 10 ERROR ovsdbapp.backend.ovs_idl.command return self._lookup(table, record)
2026-07-24 01:03:19.735 10 ERROR ovsdbapp.backend.ovs_idl.command
File "/var/lib/openstack/lib/python3.10/site-packages/ovsdbapp/backend/ovs_idl/__init__.py", line 235, in _lookup
2026-07-24 01:03:19.735 10 ERROR ovsdbapp.backend.ovs_idl.command row = idlutils.row_by_value(self, rl.table, rl.column, record)
2026-07-24 01:03:19.735 10 ERROR ovsdbapp.backend.ovs_idl.command
File "/var/lib/openstack/lib/python3.10/site-packages/ovsdbapp/backend/ovs_idl/idlutils.py", line 114, in row_by_value
2026-07-24 01:03:19.735 10 ERROR ovsdbapp.backend.ovs_idl.command raise RowNotFound(table=table, col=column, match=match)
2026-07-24 01:03:19.735 10 ERROR ovsdbapp.backend.ovs_idl.command ovsdbapp.backend.ovs_idl.idlutils.RowNotFound: Cannot find Logical_Router_Port with name=lrp-840505e5-ea1e-47ca-8e48-c22168169c54
2026-07-24 01:03:19.735 10 ERROR ovsdbapp.backend.ovs_idl.command 
2026-07-24 01:03:19.735 10 ERROR neutron_lib.callbacks.manager [None req-19e4986d-7c88-444c-9030-b1651627754c 38d0259a59b64ef49f2b29d8c51336b9 e71742c696104b548b7c41439bf0e991 - - default default] Error during notification for neutron.services.ovn_l3.plugin.OVNL3RouterPlugin._port_update-8768073982685 port, after_update: ovsdbapp.backend.ovs_idl.idlutils.RowNotFound: Cannot find Logical_Router_Port with name=lrp-840505e5-ea1e-47ca-8e48-c22168169c54
2026-07-24 01:03:19.735 10 ERROR neutron_lib.callbacks.manager
Traceback (most recent call last):
2026-07-24 01:03:19.735 10 ERROR neutron_lib.callbacks.manager
File "/var/lib/openstack/lib/python3.10/site-packages/neutron_lib/callbacks/manager.py", line 189, in _notify_loop
2026-07-24 01:03:19.735 10 ERROR neutron_lib.callbacks.manager callback.method(resource, event, trigger, payload=payload)
2026-07-24 01:03:19.735 10 ERROR neutron_lib.callbacks.manager
File "/var/lib/openstack/lib/python3.10/site-packages/neutron/services/ovn_l3/plugin.py", line 391, in _port_update
2026-07-24 01:03:19.735 10 ERROR neutron_lib.callbacks.manager l3plugin._ovn_client.update_router_port(context,
2026-07-24 01:03:19.735 10 ERROR neutron_lib.callbacks.manager
File "/var/lib/openstack/lib/python3.10/site-packages/neutron/plugins/ml2/drivers/ovn/mech_driver/ovsdb/ovn_client.py", line 1878, in update_router_port
2026-07-24 01:03:19.735 10 ERROR neutron_lib.callbacks.manager self._update_lrouter_port(context, port, if_exists=if_exists,
2026-07-24 01:03:19.735 10 ERROR neutron_lib.callbacks.manager
File "/var/lib/openstack/lib/python3.10/site-packages/neutron/plugins/ml2/drivers/ovn/mech_driver/ovsdb/ovn_client.py", line 1855, in _update_lrouter_port
2026-07-24 01:03:19.735 10 ERROR neutron_lib.callbacks.manager external_ids = self._nb_idl.db_get(
2026-07-24 01:03:19.735 10 ERROR neutron_lib.callbacks.manager
File "/var/lib/openstack/lib/python3.10/site-packages/ovsdbapp/backend/ovs_idl/command.py", line 47, in execute
2026-07-24 01:03:19.735 10 ERROR neutron_lib.callbacks.manager self.run_idl(None)
2026-07-24 01:03:19.735 10 ERROR neutron_lib.callbacks.manager
File "/var/lib/openstack/lib/python3.10/site-packages/ovsdbapp/backend/ovs_idl/command.py", line 235, in run_idl
2026-07-24 01:03:19.735 10 ERROR neutron_lib.callbacks.manager record = self.api.lookup(self.table, self.record)
2026-07-24 01:03:19.735 10 ERROR neutron_lib.callbacks.manager
File "/var/lib/openstack/lib/python3.10/site-packages/ovsdbapp/backend/ovs_idl/__init__.py", line 184, in lookup
2026-07-24 01:03:19.735 10 ERROR neutron_lib.callbacks.manager return self._lookup(table, record)
2026-07-24 01:03:19.735 10 ERROR neutron_lib.callbacks.manager
File "/var/lib/openstack/lib/python3.10/site-packages/ovsdbapp/backend/ovs_idl/__init__.py", line 235, in _lookup
2026-07-24 01:03:19.735 10 ERROR neutron_lib.callbacks.manager row = idlutils.row_by_value(self, rl.table, rl.column, record)
2026-07-24 01:03:19.735 10 ERROR neutron_lib.callbacks.manager
File "/var/lib/openstack/lib/python3.10/site-packages/ovsdbapp/backend/ovs_idl/idlutils.py", line 114, in row_by_value
2026-07-24 01:03:19.735 10 ERROR neutron_lib.callbacks.manager raise RowNotFound(table=table, col=column, match=match)
2026-07-24 01:03:19.735 10 ERROR neutron_lib.callbacks.manager ovsdbapp.backend.ovs_idl.idlutils.RowNotFound: Cannot find Logical_Router_Port with name=lrp-840505e5-ea1e-47ca-8e48-c22168169c54
2026-07-24 01:03:19.735 10 ERROR neutron_lib.callbacks.manager 
2026-07-24 01:03:19.906 10 INFO neutron.db.ovn_revision_numbers_db [req-bd9bf175-7f22-4cd0-aed4-311e0e410eae req-7ae95128-ebc8-403d-8ccc-945eead26e4b ff8a839f900c4f0eaa96d4222ca76fb6 958ef7bbaeb646e7afa86b25a36755fd - - bfcdf39411394c26a023ea4d7a81cd26 bfcdf39411394c26a023ea4d7a81cd26] Successfully bumped revision number for resource c9db8ac4-88f6-4c5b-91fd-b8d418b03361 (type: ports) to 2
2026-07-24 01:03:19.926 9 INFO neutron.db.segments_db [None req-25f76f89-4172-4bca-b0bb-4f3257c4c42e 48471ddb445e4a35a5686d15a943840c fe37ede89e8142b6951b61a13f614b04 - - default default] Added segment 5b97f914-ae41-48dd-a03e-962e74e37cae of type geneve for network 3dbdb68c-3792-4f46-9bc8-746aa17f7d1d
2026-07-24 01:03:19.943 10 INFO neutron.wsgi [req-bd9bf175-7f22-4cd0-aed4-311e0e410eae req-7ae95128-ebc8-403d-8ccc-945eead26e4b ff8a839f900c4f0eaa96d4222ca76fb6 958ef7bbaeb646e7afa86b25a36755fd - - bfcdf39411394c26a023ea4d7a81cd26 bfcdf39411394c26a023ea4d7a81cd26] 199.204.45.95 "PUT /v2.0/ports/c9db8ac4-88f6-4c5b-91fd-b8d418b03361 HTTP/1.1" status: 200 len: 1380 time: 1.4189467
2026-07-24 01:03:19.946 9 INFO neutron.wsgi [req-e2c29f33-9e29-4e72-93be-4c668872349f req-f97ec002-ee8a-4220-a998-6668c7873004 ff8a839f900c4f0eaa96d4222ca76fb6 958ef7bbaeb646e7afa86b25a36755fd - - bfcdf39411394c26a023ea4d7a81cd26 bfcdf39411394c26a023ea4d7a81cd26] 199.204.45.95 "GET /v2.0/networks/d976c685-352d-4862-8ff7-75b5f52d8099?fields=provider%3Aphysical_network&fields=provider%3Anetwork_type HTTP/1.1" status: 200 len: 277 time: 0.3122101
2026-07-24 01:03:19.992 10 INFO neutron.notifiers.nova [-] Nova event matching ['req-a1a1a8df-0d05-4e04-b709-386c5a413e33'] response: {'name': 'network-changed', 'server_uuid': 'fff90290-5851-47d0-8d11-e9bafc04dd73', 'tag': 'c9db8ac4-88f6-4c5b-91fd-b8d418b03361', 'status': 'completed', 'code': 200}
2026-07-24 01:03:20.048 10 INFO neutron.db.ovn_revision_numbers_db [None req-19e4986d-7c88-444c-9030-b1651627754c 38d0259a59b64ef49f2b29d8c51336b9 e71742c696104b548b7c41439bf0e991 - - default default] Successfully bumped revision number for resource 840505e5-ea1e-47ca-8e48-c22168169c54 (type: ports) to 1
2026-07-24 01:03:20.054 9 INFO neutron.wsgi [req-bd9bf175-7f22-4cd0-aed4-311e0e410eae req-8f7dd4fa-32a0-4401-9597-375d63eee0c1 ff8a839f900c4f0eaa96d4222ca76fb6 958ef7bbaeb646e7afa86b25a36755fd - - bfcdf39411394c26a023ea4d7a81cd26 bfcdf39411394c26a023ea4d7a81cd26] 199.204.45.95 "GET /v2.0/ports?tenant_id=e0b4b09d233a4547996982bf9acc2755&device_id=fff90290-5851-47d0-8d11-e9bafc04dd73 HTTP/1.1" status: 200 len: 1411 time: 0.0656974 /var/lib/openstack/lib/python3.10/site-packages/pycadf/identifier.py:71: UserWarning: Invalid uuid: neutron. To ensure interoperability, identifiers should be a valid uuid. warnings.warn(('Invalid uuid: %s. To ensure interoperability, '
2026-07-24 01:03:20.100 9 INFO neutron.wsgi [req-bd9bf175-7f22-4cd0-aed4-311e0e410eae req-ca9a8d53-7be3-40b6-bdc7-1fa12371771b ff8a839f900c4f0eaa96d4222ca76fb6 958ef7bbaeb646e7afa86b25a36755fd - - bfcdf39411394c26a023ea4d7a81cd26 bfcdf39411394c26a023ea4d7a81cd26] 199.204.45.95 "GET /v2.0/floatingips?fixed_ip_address=10.100.0.14&port_id=c9db8ac4-88f6-4c5b-91fd-b8d418b03361 HTTP/1.1" status: 200 len: 217 time: 0.0388055
2026-07-24 01:03:20.105 10 INFO neutron.wsgi [req-eae5b8c0-7331-41b7-aaa6-59ee2afcfcce req-17a4d9d5-5f45-49d3-8f0e-a8b810279d73 9323896cba784e179fe199ffdb2c1eee e0b4b09d233a4547996982bf9acc2755 - - default default] 10.0.0.217 "GET /v2.0/ports?device_id=fff90290-5851-47d0-8d11-e9bafc04dd73 HTTP/1.1" status: 200 len: 1172 time: 0.0519564
2026-07-24 01:03:20.194 10 INFO neutron.wsgi [req-eae5b8c0-7331-41b7-aaa6-59ee2afcfcce req-e14f8725-097b-4cab-8ff6-8e631b21e0ae 9323896cba784e179fe199ffdb2c1eee e0b4b09d233a4547996982bf9acc2755 - - default default] 10.0.0.217 "GET /v2.0/security-groups?id=f914e8e5-36dd-4f88-94f8-b2b3fdaca034&fields=id&fields=name HTTP/1.1" status: 200 len: 312 time: 0.0834925
2026-07-24 01:03:20.205 10 INFO neutron.wsgi [req-df00a653-4aa2-4e03-b726-ba16bc9e4b91 req-5612fa18-f57e-466e-9034-628ed68793c2 3d0121cd1b454616ba9a4ff034fd2431 1ecd37e125d0471e8fda5105efe85ccb - - default default] 10.0.0.217 "GET /v2.0/ports?device_id=37547ae1-4595-4ac9-8f26-b456fc17983e HTTP/1.1" status: 200 len: 1168 time: 0.0600755
2026-07-24 01:03:20.206 10 WARNING neutron.scheduler.dhcp_agent_scheduler [None req-19e4986d-7c88-444c-9030-b1651627754c 38d0259a59b64ef49f2b29d8c51336b9 e71742c696104b548b7c41439bf0e991 - - default default] No more DHCP agents
2026-07-24 01:03:20.208 9 INFO neutron.wsgi [req-bd9bf175-7f22-4cd0-aed4-311e0e410eae req-33067060-ab54-4d7d-bcad-d43079bdf26d ff8a839f900c4f0eaa96d4222ca76fb6 958ef7bbaeb646e7afa86b25a36755fd - - bfcdf39411394c26a023ea4d7a81cd26 bfcdf39411394c26a023ea4d7a81cd26] 199.204.45.95 "GET /v2.0/subnets?id=1022b1e6-c544-48df-ad64-d9a0b3010794 HTTP/1.1" status: 200 len: 869 time: 0.1007602
2026-07-24 01:03:20.210 10 WARNING neutron.api.rpc.agentnotifiers.dhcp_rpc_agent_api [None req-19e4986d-7c88-444c-9030-b1651627754c 38d0259a59b64ef49f2b29d8c51336b9 e71742c696104b548b7c41439bf0e991 - - default default] Unable to schedule network 532420de-6743-42b4-a3dc-b6c4a2a3361f: no agents available; will retry on subsequent port and subnet creation events.
2026-07-24 01:03:20.214 9 INFO neutron.db.ovn_revision_numbers_db [None req-25f76f89-4172-4bca-b0bb-4f3257c4c42e 48471ddb445e4a35a5686d15a943840c fe37ede89e8142b6951b61a13f614b04 - - default default] Successfully bumped revision number for resource 3dbdb68c-3792-4f46-9bc8-746aa17f7d1d (type: networks) to 1
2026-07-24 01:03:20.245 9 INFO neutron.wsgi [req-bd9bf175-7f22-4cd0-aed4-311e0e410eae req-dd1357e8-54e0-459e-a62f-ba5bf0d214dc ff8a839f900c4f0eaa96d4222ca76fb6 958ef7bbaeb646e7afa86b25a36755fd - - bfcdf39411394c26a023ea4d7a81cd26 bfcdf39411394c26a023ea4d7a81cd26] 199.204.45.95 "GET /v2.0/ports?network_id=43a5075d-1e7f-4486-bbf4-be0e96526ce4&device_owner=network%3Adhcp HTTP/1.1" status: 200 len: 210 time: 0.0281839
2026-07-24 01:03:20.289 10 INFO neutron.wsgi [req-df00a653-4aa2-4e03-b726-ba16bc9e4b91 req-0a32a8f3-1233-4c97-91d5-41871908d49d 3d0121cd1b454616ba9a4ff034fd2431 1ecd37e125d0471e8fda5105efe85ccb - - default default] 10.0.0.217 "GET /v2.0/security-groups?id=104fbf81-729e-4cf6-8d72-81121597ca26&fields=id&fields=name HTTP/1.1" status: 200 len: 313 time: 0.0755861
2026-07-24 01:03:20.379 9 INFO neutron.wsgi [req-bd9bf175-7f22-4cd0-aed4-311e0e410eae req-1026f1fa-9d3a-4961-bec7-6b9077af1671 ff8a839f900c4f0eaa96d4222ca76fb6 958ef7bbaeb646e7afa86b25a36755fd - - bfcdf39411394c26a023ea4d7a81cd26 bfcdf39411394c26a023ea4d7a81cd26] 199.204.45.95 "GET /v2.0/networks/43a5075d-1e7f-4486-bbf4-be0e96526ce4?fields=segments HTTP/1.1" status: 200 len: 212 time: 0.1271067
2026-07-24 01:03:20.506 9 INFO neutron.wsgi [req-bd9bf175-7f22-4cd0-aed4-311e0e410eae req-70d230b3-5a86-4d87-a0e9-21ab93ba4c64 ff8a839f900c4f0eaa96d4222ca76fb6 958ef7bbaeb646e7afa86b25a36755fd - - bfcdf39411394c26a023ea4d7a81cd26 bfcdf39411394c26a023ea4d7a81cd26] 199.204.45.95 "GET /v2.0/networks/43a5075d-1e7f-4486-bbf4-be0e96526ce4?fields=provider%3Aphysical_network&fields=provider%3Anetwork_type HTTP/1.1" status: 200 len: 277 time: 0.1220758
2026-07-24 01:03:20.512 10 WARNING neutron.plugins.ml2.drivers.ovn.mech_driver.ovsdb.ovn_client [None req-49ae18bc-19e2-4d02-b08f-2f7fd8c3b424 - - - - - -] No hosting information found for port 485a8db1-d03f-473a-a2c3-04f27b774df3: RuntimeError: No hosting information found for port 485a8db1-d03f-473a-a2c3-04f27b774df3
2026-07-24 01:03:20.513 10 INFO neutron.plugins.ml2.drivers.ovn.mech_driver.mech_driver [None req-49ae18bc-19e2-4d02-b08f-2f7fd8c3b424 - - - - - -] OVN reports status up for port: 840505e5-ea1e-47ca-8e48-c22168169c54
2026-07-24 01:03:20.529 10 INFO neutron.plugins.ml2.plugin [None req-49ae18bc-19e2-4d02-b08f-2f7fd8c3b424 - - - - - -] Attempt 1 to provision port 840505e5-ea1e-47ca-8e48-c22168169c54
2026-07-24 01:03:20.552 9 INFO neutron.db.ovn_revision_numbers_db [None req-05ee3f71-d625-4ed0-bcc1-bd138c0ef176 - - - - - -] Successfully bumped revision number for resource f3fb2499-69a2-45c1-aecb-36d4afb4bc14 (type: ports) to 1
2026-07-24 01:03:20.584 9 WARNING neutron.scheduler.dhcp_agent_scheduler [None req-25f76f89-4172-4bca-b0bb-4f3257c4c42e 48471ddb445e4a35a5686d15a943840c fe37ede89e8142b6951b61a13f614b04 - - default default] No more DHCP agents
2026-07-24 01:03:20.597 9 WARNING neutron.api.rpc.agentnotifiers.dhcp_rpc_agent_api [None req-25f76f89-4172-4bca-b0bb-4f3257c4c42e 48471ddb445e4a35a5686d15a943840c fe37ede89e8142b6951b61a13f614b04 - - default default] Unable to schedule network 3dbdb68c-3792-4f46-9bc8-746aa17f7d1d: no agents available; will retry on subsequent port and subnet creation events.
2026-07-24 01:03:20.623 9 INFO neutron.wsgi [req-9f1aaeec-c875-47a0-a5a5-1ff06d2e45a6 req-5765ebcf-edd8-42ea-aa48-7d03a613af25 ff8a839f900c4f0eaa96d4222ca76fb6 958ef7bbaeb646e7afa86b25a36755fd - - bfcdf39411394c26a023ea4d7a81cd26 bfcdf39411394c26a023ea4d7a81cd26] 199.204.45.95 "GET /v2.0/ports?tenant_id=e0b4b09d233a4547996982bf9acc2755&device_id=fff90290-5851-47d0-8d11-e9bafc04dd73 HTTP/1.1" status: 200 len: 1411 time: 0.0511303
2026-07-24 01:03:20.752 9 INFO neutron.wsgi [req-9f1aaeec-c875-47a0-a5a5-1ff06d2e45a6 req-3af9d5c0-4f06-49de-b5ee-f6306d383fee ff8a839f900c4f0eaa96d4222ca76fb6 958ef7bbaeb646e7afa86b25a36755fd - - bfcdf39411394c26a023ea4d7a81cd26 bfcdf39411394c26a023ea4d7a81cd26] 199.204.45.95 "GET /v2.0/networks?id=43a5075d-1e7f-4486-bbf4-be0e96526ce4 HTTP/1.1" status: 200 len: 974 time: 0.1251662
2026-07-24 01:03:20.780 9 INFO neutron.db.ovn_revision_numbers_db [None req-25f76f89-4172-4bca-b0bb-4f3257c4c42e 48471ddb445e4a35a5686d15a943840c fe37ede89e8142b6951b61a13f614b04 - - default default] Successfully bumped revision number for resource 9fe9663c-7d9a-4372-8404-e1213f8d9ab4 (type: ports) to 1
2026-07-24 01:03:20.805 9 INFO neutron.wsgi [req-9f1aaeec-c875-47a0-a5a5-1ff06d2e45a6 req-4759d5cf-ab1f-4f99-9698-6aaaf96637c8 ff8a839f900c4f0eaa96d4222ca76fb6 958ef7bbaeb646e7afa86b25a36755fd - - bfcdf39411394c26a023ea4d7a81cd26 bfcdf39411394c26a023ea4d7a81cd26] 199.204.45.95 "GET /v2.0/floatingips?fixed_ip_address=10.100.0.14&port_id=c9db8ac4-88f6-4c5b-91fd-b8d418b03361 HTTP/1.1" status: 200 len: 217 time: 0.0469139
2026-07-24 01:03:20.842 9 INFO neutron.plugins.ml2.drivers.ovn.mech_driver.mech_driver [None req-3485fe21-9895-416d-9230-c030cede402e - - - - - -] OVN reports status up for port: eb92c00b-f751-4a20-8669-5ee7d3d17f3b
2026-07-24 01:03:20.857 9 INFO neutron.wsgi [None req-25f76f89-4172-4bca-b0bb-4f3257c4c42e 48471ddb445e4a35a5686d15a943840c fe37ede89e8142b6951b61a13f614b04 - - default default] 10.0.0.69 "POST /v2.0/networks HTTP/1.1" status: 201 len: 831 time: 1.3185418
2026-07-24 01:03:20.860 9 INFO neutron.plugins.ml2.plugin [None req-3485fe21-9895-416d-9230-c030cede402e - - - - - -] Attempt 1 to provision port eb92c00b-f751-4a20-8669-5ee7d3d17f3b
2026-07-24 01:03:20.876 9 INFO neutron.wsgi [req-9f1aaeec-c875-47a0-a5a5-1ff06d2e45a6 req-b18925e6-a298-47d7-850e-64861e27513d ff8a839f900c4f0eaa96d4222ca76fb6 958ef7bbaeb646e7afa86b25a36755fd - - bfcdf39411394c26a023ea4d7a81cd26 bfcdf39411394c26a023ea4d7a81cd26] 199.204.45.95 "GET /v2.0/subnets?id=1022b1e6-c544-48df-ad64-d9a0b3010794 HTTP/1.1" status: 200 len: 869 time: 0.0670569
2026-07-24 01:03:20.879 10 WARNING neutron_lib.context [None req-1ef1d2c1-6fc9-492c-a6ea-37adf77f0775 48471ddb445e4a35a5686d15a943840c fe37ede89e8142b6951b61a13f614b04 - - default default] Method 'is_advsvc' is deprecated since 2023.2 release (neutron-lib 3.8.0) and will be removed once support for the old RBAC API policies will be removed from Neutron. Please use method 'is_service_role' instead.
2026-07-24 01:03:20.914 9 INFO neutron.wsgi [req-9f1aaeec-c875-47a0-a5a5-1ff06d2e45a6 req-819d59e5-54f4-4cb7-820e-c89a4ca56ec1 ff8a839f900c4f0eaa96d4222ca76fb6 958ef7bbaeb646e7afa86b25a36755fd - - bfcdf39411394c26a023ea4d7a81cd26 bfcdf39411394c26a023ea4d7a81cd26] 199.204.45.95 "GET /v2.0/ports?network_id=43a5075d-1e7f-4486-bbf4-be0e96526ce4&device_owner=network%3Adhcp HTTP/1.1" status: 200 len: 210 time: 0.0304115
2026-07-24 01:03:21.038 9 INFO neutron.wsgi [req-9f1aaeec-c875-47a0-a5a5-1ff06d2e45a6 req-63e9afcb-bbdf-4c98-a004-b0e449ba76ab ff8a839f900c4f0eaa96d4222ca76fb6 958ef7bbaeb646e7afa86b25a36755fd - - bfcdf39411394c26a023ea4d7a81cd26 bfcdf39411394c26a023ea4d7a81cd26] 199.204.45.95 "GET /v2.0/networks/43a5075d-1e7f-4486-bbf4-be0e96526ce4?fields=segments HTTP/1.1" status: 200 len: 212 time: 0.1171160
2026-07-24 01:03:21.127 9 INFO neutron.notifiers.nova [-] Nova event matching ['req-054b310a-3013-4c71-9d2c-fa69acca7451'] response: {'server_uuid': '37547ae1-4595-4ac9-8f26-b456fc17983e', 'name': 'network-vif-plugged', 'status': 'completed', 'tag': 'eb92c00b-f751-4a20-8669-5ee7d3d17f3b', 'code': 200}
2026-07-24 01:03:21.179 9 INFO neutron.wsgi [req-9f1aaeec-c875-47a0-a5a5-1ff06d2e45a6 req-48c8c7dd-924a-47b4-a4eb-762a184bc456 ff8a839f900c4f0eaa96d4222ca76fb6 958ef7bbaeb646e7afa86b25a36755fd - - bfcdf39411394c26a023ea4d7a81cd26 bfcdf39411394c26a023ea4d7a81cd26] 199.204.45.95 "GET /v2.0/networks/43a5075d-1e7f-4486-bbf4-be0e96526ce4?fields=provider%3Aphysical_network&fields=provider%3Anetwork_type HTTP/1.1" status: 200 len: 277 time: 0.1331892
2026-07-24 01:03:21.389 9 INFO neutron.db.ovn_revision_numbers_db [None req-05ee3f71-d625-4ed0-bcc1-bd138c0ef176 - - - - - -] Successfully bumped revision number for resource f3fb2499-69a2-45c1-aecb-36d4afb4bc14 (type: router_ports) to 3
2026-07-24 01:03:21.413 9 INFO neutron.db.ovn_revision_numbers_db [None req-3485fe21-9895-416d-9230-c030cede402e - - - - - -] Successfully bumped revision number for resource eb92c00b-f751-4a20-8669-5ee7d3d17f3b (type: ports) to 4
2026-07-24 01:03:21.431 10 INFO neutron.db.ovn_revision_numbers_db [None req-49ae18bc-19e2-4d02-b08f-2f7fd8c3b424 - - - - - -] Successfully bumped revision number for resource 840505e5-ea1e-47ca-8e48-c22168169c54 (type: ports) to 2
2026-07-24 01:03:21.437 10 WARNING neutron.scheduler.dhcp_agent_scheduler [None req-1ef1d2c1-6fc9-492c-a6ea-37adf77f0775 48471ddb445e4a35a5686d15a943840c fe37ede89e8142b6951b61a13f614b04 - - default default] No more DHCP agents
2026-07-24 01:03:21.461 10 WARNING neutron.api.rpc.agentnotifiers.dhcp_rpc_agent_api [None req-1ef1d2c1-6fc9-492c-a6ea-37adf77f0775 48471ddb445e4a35a5686d15a943840c fe37ede89e8142b6951b61a13f614b04 - - default default] Unable to schedule network 3dbdb68c-3792-4f46-9bc8-746aa17f7d1d: no agents available; will retry on subsequent port and subnet creation events.
2026-07-24 01:03:21.664 9 INFO neutron.db.ovn_revision_numbers_db [None req-05ee3f71-d625-4ed0-bcc1-bd138c0ef176 - - - - - -] Successfully bumped revision number for resource f3fb2499-69a2-45c1-aecb-36d4afb4bc14 (type: ports) to 2
2026-07-24 01:03:21.796 10 INFO neutron.wsgi [req-9e51ee1a-3667-4872-bc0a-b91f86eb11b0 req-9e584de4-11ee-4604-9815-b4be3ce06f95 9323896cba784e179fe199ffdb2c1eee e0b4b09d233a4547996982bf9acc2755 - - default default] 10.0.0.217 "GET /v2.0/ports?device_id=fff90290-5851-47d0-8d11-e9bafc04dd73 HTTP/1.1" status: 200 len: 1172 time: 0.5038657
2026-07-24 01:03:21.808 10 INFO neutron.wsgi [req-05a6da2c-51c2-4337-8eb4-e03a9dcc00ae req-831232e2-e86e-422a-b307-5423cabfce5c 3d0121cd1b454616ba9a4ff034fd2431 1ecd37e125d0471e8fda5105efe85ccb - - default default] 10.0.0.217 "GET /v2.0/ports?device_id=37547ae1-4595-4ac9-8f26-b456fc17983e HTTP/1.1" status: 200 len: 1170 time: 0.4117458
2026-07-24 01:03:21.856 10 INFO neutron.db.ovn_revision_numbers_db [None req-19e4986d-7c88-444c-9030-b1651627754c 38d0259a59b64ef49f2b29d8c51336b9 e71742c696104b548b7c41439bf0e991 - - default default] Successfully bumped revision number for resource 840505e5-ea1e-47ca-8e48-c22168169c54 (type: router_ports) to 1
2026-07-24 01:03:21.865 10 INFO neutron.wsgi [None req-19e4986d-7c88-444c-9030-b1651627754c 38d0259a59b64ef49f2b29d8c51336b9 e71742c696104b548b7c41439bf0e991 - - default default] 10.0.0.69 "PUT /v2.0/routers/40a804de-9ac4-41d9-b99c-5ba629c6c44a/add_router_interface HTTP/1.1" status: 200 len: 503 time: 4.8652952
2026-07-24 01:03:21.937 10 INFO neutron.wsgi [req-9e51ee1a-3667-4872-bc0a-b91f86eb11b0 req-19666191-1850-4c9b-adbe-52f9eafb4eba 9323896cba784e179fe199ffdb2c1eee e0b4b09d233a4547996982bf9acc2755 - - default default] 10.0.0.217 "GET /v2.0/security-groups?id=f914e8e5-36dd-4f88-94f8-b2b3fdaca034&fields=id&fields=name HTTP/1.1" status: 200 len: 312 time: 0.1204500
2026-07-24 01:03:21.940 10 INFO neutron.wsgi [req-05a6da2c-51c2-4337-8eb4-e03a9dcc00ae req-e35e0405-e6d7-4d34-acec-f1410ee36016 3d0121cd1b454616ba9a4ff034fd2431 1ecd37e125d0471e8fda5105efe85ccb - - default default] 10.0.0.217 "GET /v2.0/security-groups?id=104fbf81-729e-4cf6-8d72-81121597ca26&fields=id&fields=name HTTP/1.1" status: 200 len: 313 time: 0.1067474
2026-07-24 01:03:22.035 10 INFO neutron.db.ovn_revision_numbers_db [None req-49ae18bc-19e2-4d02-b08f-2f7fd8c3b424 - - - - - -] Successfully bumped revision number for resource 840505e5-ea1e-47ca-8e48-c22168169c54 (type: router_ports) to 2
2026-07-24 01:03:22.071 10 INFO neutron.wsgi [req-ee26e4de-a619-4f30-9c25-b0dbdf0745c0 req-e78a761d-7fc1-46a3-afbd-2f428ca9fa5b 3d0121cd1b454616ba9a4ff034fd2431 1ecd37e125d0471e8fda5105efe85ccb - - default default] 10.0.0.217 "GET /v2.0/ports?device_id=37547ae1-4595-4ac9-8f26-b456fc17983e HTTP/1.1" status: 200 len: 1170 time: 0.0677624
2026-07-24 01:03:22.368 9 INFO neutron.db.ovn_revision_numbers_db [None req-05ee3f71-d625-4ed0-bcc1-bd138c0ef176 - - - - - -] Successfully bumped revision number for resource f3fb2499-69a2-45c1-aecb-36d4afb4bc14 (type: ports) to 4
2026-07-24 01:03:22.413 10 WARNING neutron_lib.context [None req-77dcd27e-b4e8-4bdb-b0f9-ec7ae6586fc4 dac6618e38334260b68b81c147e0190b c4d08994c61e4e6ea077b99e828845fd - - default default] Method 'is_advsvc' is deprecated since 2023.2 release (neutron-lib 3.8.0) and will be removed once support for the old RBAC API policies will be removed from Neutron. Please use method 'is_service_role' instead.
2026-07-24 01:03:22.650 9 INFO neutron.db.ovn_revision_numbers_db [None req-05ee3f71-d625-4ed0-bcc1-bd138c0ef176 - - - - - -] Successfully bumped revision number for resource f3fb2499-69a2-45c1-aecb-36d4afb4bc14 (type: router_ports) to 4
2026-07-24 01:03:22.744 10 INFO neutron.db.ovn_revision_numbers_db [None req-77dcd27e-b4e8-4bdb-b0f9-ec7ae6586fc4 dac6618e38334260b68b81c147e0190b c4d08994c61e4e6ea077b99e828845fd - - default default] Successfully bumped revision number for resource 9bd5c183-47f7-4c19-8e33-5eefc87a7b9d (type: security_groups) to 1
2026-07-24 01:03:22.773 10 INFO neutron.db.ovn_revision_numbers_db [None req-77dcd27e-b4e8-4bdb-b0f9-ec7ae6586fc4 dac6618e38334260b68b81c147e0190b c4d08994c61e4e6ea077b99e828845fd - - default default] Successfully bumped revision number for resource 054f0aee-34b3-4baf-afee-c2bc9ac56568 (type: security_group_rules) to 0
2026-07-24 01:03:22.802 10 INFO neutron.db.ovn_revision_numbers_db [None req-77dcd27e-b4e8-4bdb-b0f9-ec7ae6586fc4 dac6618e38334260b68b81c147e0190b c4d08994c61e4e6ea077b99e828845fd - - default default] Successfully bumped revision number for resource 5f3cd129-65e8-410c-841e-90c0ad27935b (type: security_group_rules) to 0
2026-07-24 01:03:22.870 10 INFO neutron.wsgi [None req-77dcd27e-b4e8-4bdb-b0f9-ec7ae6586fc4 dac6618e38334260b68b81c147e0190b c4d08994c61e4e6ea077b99e828845fd - - default default] 10.0.0.69 "POST /v2.0/security-groups HTTP/1.1" status: 201 len: 1859 time: 0.4700310
2026-07-24 01:03:22.873 10 INFO neutron.db.ovn_revision_numbers_db [None req-1ef1d2c1-6fc9-492c-a6ea-37adf77f0775 48471ddb445e4a35a5686d15a943840c fe37ede89e8142b6951b61a13f614b04 - - default default] Successfully bumped revision number for resource 9fe9663c-7d9a-4372-8404-e1213f8d9ab4 (type: ports) to 2 /var/lib/openstack/lib/python3.10/site-packages/pycadf/identifier.py:71: UserWarning: Invalid uuid: neutron. To ensure interoperability, identifiers should be a valid uuid. warnings.warn(('Invalid uuid: %s. To ensure interoperability, '
2026-07-24 01:03:22.881 9 WARNING neutron_lib.context [None req-d32fcf25-4525-4042-8c97-003c7e6a532d dac6618e38334260b68b81c147e0190b c4d08994c61e4e6ea077b99e828845fd - - default default] Method 'is_advsvc' is deprecated since 2023.2 release (neutron-lib 3.8.0) and will be removed once support for the old RBAC API policies will be removed from Neutron. Please use method 'is_service_role' instead.
2026-07-24 01:03:22.921 10 INFO neutron.db.ovn_revision_numbers_db [None req-1ef1d2c1-6fc9-492c-a6ea-37adf77f0775 48471ddb445e4a35a5686d15a943840c fe37ede89e8142b6951b61a13f614b04 - - default default] Successfully bumped revision number for resource ffcdb464-850d-4527-8f06-22ff3b334374 (type: subnets) to 0
2026-07-24 01:03:22.946 10 INFO neutron.wsgi [None req-1ef1d2c1-6fc9-492c-a6ea-37adf77f0775 48471ddb445e4a35a5686d15a943840c fe37ede89e8142b6951b61a13f614b04 - - default default] 10.0.0.69 "POST /v2.0/subnets HTTP/1.1" status: 201 len: 801 time: 2.0732725
2026-07-24 01:03:22.958 9 WARNING neutron_lib.context [None req-ba362be9-03cb-4d5a-a4a3-f4fd7593bbc2 48471ddb445e4a35a5686d15a943840c fe37ede89e8142b6951b61a13f614b04 - - default default] Method 'is_advsvc' is deprecated since 2023.2 release (neutron-lib 3.8.0) and will be removed once support for the old RBAC API policies will be removed from Neutron. Please use method 'is_service_role' instead.
2026-07-24 01:03:23.084 9 INFO neutron.db.ovn_revision_numbers_db [None req-d32fcf25-4525-4042-8c97-003c7e6a532d dac6618e38334260b68b81c147e0190b c4d08994c61e4e6ea077b99e828845fd - - default default] Successfully bumped revision number for resource c2462231-14b9-4944-b153-9e477c24f389 (type: security_group_rules) to 0
2026-07-24 01:03:23.130 9 INFO neutron.wsgi [None req-d32fcf25-4525-4042-8c97-003c7e6a532d dac6618e38334260b68b81c147e0190b c4d08994c61e4e6ea077b99e828845fd - - default default] 10.0.0.69 "POST /v2.0/security-group-rules HTTP/1.1" status: 201 len: 796 time: 0.2558084
2026-07-24 01:03:23.151 9 WARNING neutron_lib.context [None req-5a4d2e32-baaa-48bf-841f-b27e78e05235 dac6618e38334260b68b81c147e0190b c4d08994c61e4e6ea077b99e828845fd - - default default] Method 'is_advsvc' is deprecated since 2023.2 release (neutron-lib 3.8.0) and will be removed once support for the old RBAC API policies will be removed from Neutron. Please use method 'is_service_role' instead.
2026-07-24 01:03:23.183 9 INFO neutron.notifiers.nova [-] Nova event matching ['req-9197b71c-5d1b-4311-b8ea-62ba67c151e7'] response: {'server_uuid': '37547ae1-4595-4ac9-8f26-b456fc17983e', 'name': 'network-vif-plugged', 'status': 'completed', 'tag': 'eb92c00b-f751-4a20-8669-5ee7d3d17f3b', 'code': 200}
2026-07-24 01:03:23.244 10 INFO neutron.wsgi [req-bea06a27-450e-41b8-ba04-999d9702606a req-c5d0f8dd-fe1b-4646-a501-8bbcc9001aec 9323896cba784e179fe199ffdb2c1eee e0b4b09d233a4547996982bf9acc2755 - - default default] 10.0.0.217 "GET /v2.0/ports?device_id=fff90290-5851-47d0-8d11-e9bafc04dd73 HTTP/1.1" status: 200 len: 1172 time: 0.0450029
2026-07-24 01:03:23.248 10 INFO neutron.db.ovn_revision_numbers_db [None req-fe1b0480-4788-474f-a429-f81e2fd06aae 3d0121cd1b454616ba9a4ff034fd2431 1ecd37e125d0471e8fda5105efe85ccb - - default default] Successfully bumped revision number for resource 24c0fe29-94db-44a0-8283-073cc7d8bb1b (type: floatingips) to 1
2026-07-24 01:03:23.332 10 INFO neutron.wsgi [req-bea06a27-450e-41b8-ba04-999d9702606a req-f9404765-9976-44cc-b91e-1c4e852a6f3b 9323896cba784e179fe199ffdb2c1eee e0b4b09d233a4547996982bf9acc2755 - - default default] 10.0.0.217 "GET /v2.0/security-groups?id=f914e8e5-36dd-4f88-94f8-b2b3fdaca034&fields=id&fields=name HTTP/1.1" status: 200 len: 312 time: 0.0657725
2026-07-24 01:03:23.356 9 WARNING neutron.scheduler.dhcp_agent_scheduler [None req-ba362be9-03cb-4d5a-a4a3-f4fd7593bbc2 48471ddb445e4a35a5686d15a943840c fe37ede89e8142b6951b61a13f614b04 - - default default] No more DHCP agents
2026-07-24 01:03:23.361 9 WARNING neutron.api.rpc.agentnotifiers.dhcp_rpc_agent_api [None req-ba362be9-03cb-4d5a-a4a3-f4fd7593bbc2 48471ddb445e4a35a5686d15a943840c fe37ede89e8142b6951b61a13f614b04 - - default default] Unable to schedule network 3dbdb68c-3792-4f46-9bc8-746aa17f7d1d: no agents available; will retry on subsequent port and subnet creation events.
2026-07-24 01:03:23.377 9 INFO neutron.db.ovn_revision_numbers_db [None req-5a4d2e32-baaa-48bf-841f-b27e78e05235 dac6618e38334260b68b81c147e0190b c4d08994c61e4e6ea077b99e828845fd - - default default] Successfully bumped revision number for resource 9be97b9e-66e0-43e1-970e-e26a4293e8a5 (type: security_group_rules) to 0
2026-07-24 01:03:23.395 10 INFO neutron.db.ovn_revision_numbers_db [None req-fe1b0480-4788-474f-a429-f81e2fd06aae 3d0121cd1b454616ba9a4ff034fd2431 1ecd37e125d0471e8fda5105efe85ccb - - default default] Successfully bumped revision number for resource 24c0fe29-94db-44a0-8283-073cc7d8bb1b (type: floatingips) to 2
2026-07-24 01:03:23.395 10 INFO neutron.db.l3_db [None req-fe1b0480-4788-474f-a429-f81e2fd06aae 3d0121cd1b454616ba9a4ff034fd2431 1ecd37e125d0471e8fda5105efe85ccb - - default default] Floating IP 24c0fe29-94db-44a0-8283-073cc7d8bb1b associated. External IP: 10.96.250.218, port: eb92c00b-f751-4a20-8669-5ee7d3d17f3b.
2026-07-24 01:03:23.409 9 INFO neutron.wsgi [None req-5a4d2e32-baaa-48bf-841f-b27e78e05235 dac6618e38334260b68b81c147e0190b c4d08994c61e4e6ea077b99e828845fd - - default default] 10.0.0.69 "POST /v2.0/security-group-rules HTTP/1.1" status: 201 len: 801 time: 0.2638595
2026-07-24 01:03:23.422 9 WARNING neutron_lib.context [None req-39f8d9f2-19fd-48a3-ae71-aec78bad119f dac6618e38334260b68b81c147e0190b c4d08994c61e4e6ea077b99e828845fd - - default default] Method 'is_advsvc' is deprecated since 2023.2 release (neutron-lib 3.8.0) and will be removed once support for the old RBAC API policies will be removed from Neutron. Please use method 'is_service_role' instead.
2026-07-24 01:03:23.439 10 INFO neutron.wsgi [None req-fe1b0480-4788-474f-a429-f81e2fd06aae 3d0121cd1b454616ba9a4ff034fd2431 1ecd37e125d0471e8fda5105efe85ccb - - default default] 10.0.0.69 "PUT /v2.0/floatingips/24c0fe29-94db-44a0-8283-073cc7d8bb1b HTTP/1.1" status: 200 len: 1049 time: 1.3542428
2026-07-24 01:03:23.483 10 INFO neutron.notifiers.nova [-] Nova event matching ['req-331de6fe-04a2-4829-9d7b-19768da6e715'] response: {'name': 'network-changed', 'server_uuid': '37547ae1-4595-4ac9-8f26-b456fc17983e', 'tag': 'eb92c00b-f751-4a20-8669-5ee7d3d17f3b', 'status': 'completed', 'code': 200}
2026-07-24 01:03:23.563 9 INFO neutron.wsgi [req-cfdbc4c7-e8fd-463a-8ca1-5e3414350802 req-496c4156-c637-4be2-b6cf-76c6186f6abe ff8a839f900c4f0eaa96d4222ca76fb6 958ef7bbaeb646e7afa86b25a36755fd - - bfcdf39411394c26a023ea4d7a81cd26 bfcdf39411394c26a023ea4d7a81cd26] 199.204.45.95 "GET /v2.0/ports?tenant_id=1ecd37e125d0471e8fda5105efe85ccb&device_id=37547ae1-4595-4ac9-8f26-b456fc17983e HTTP/1.1" status: 200 len: 1409 time: 0.0548725
2026-07-24 01:03:23.673 9 INFO neutron.db.ovn_revision_numbers_db [None req-ba362be9-03cb-4d5a-a4a3-f4fd7593bbc2 48471ddb445e4a35a5686d15a943840c fe37ede89e8142b6951b61a13f614b04 - - default default] Successfully bumped revision number for resource 1ae9bcd1-bb02-4521-8dcc-385b4e2e03d5 (type: ports) to 1
2026-07-24 01:03:23.702 9 INFO neutron.wsgi [req-cfdbc4c7-e8fd-463a-8ca1-5e3414350802 req-e08264bb-cc4c-499e-b5aa-ca3790acab59 ff8a839f900c4f0eaa96d4222ca76fb6 958ef7bbaeb646e7afa86b25a36755fd - - bfcdf39411394c26a023ea4d7a81cd26 bfcdf39411394c26a023ea4d7a81cd26] 199.204.45.95 "GET /v2.0/networks?id=d976c685-352d-4862-8ff7-75b5f52d8099 HTTP/1.1" status: 200 len: 974 time: 0.1294765
2026-07-24 01:03:23.743 9 INFO neutron.wsgi [None req-ba362be9-03cb-4d5a-a4a3-f4fd7593bbc2 48471ddb445e4a35a5686d15a943840c fe37ede89e8142b6951b61a13f614b04 - - default default] 10.0.0.69 "POST /v2.0/ports HTTP/1.1" status: 201 len: 1114 time: 0.7923961
2026-07-24 01:03:23.761 9 INFO neutron.wsgi [-] 10.0.0.129 "GET / HTTP/1.1" status: 200 len: 247 time: 0.0015879
2026-07-24 01:03:23.762 9 INFO neutron.wsgi [-] 10.0.0.129 "GET / HTTP/1.1" status: 200 len: 247 time: 0.0010207
2026-07-24 01:03:23.807 9 INFO neutron.wsgi [req-cfdbc4c7-e8fd-463a-8ca1-5e3414350802 req-43e37e6c-7998-47c6-80a3-55e512f9d135 ff8a839f900c4f0eaa96d4222ca76fb6 958ef7bbaeb646e7afa86b25a36755fd - - bfcdf39411394c26a023ea4d7a81cd26 bfcdf39411394c26a023ea4d7a81cd26] 199.204.45.95 "GET /v2.0/floatingips?fixed_ip_address=10.100.0.3&port_id=eb92c00b-f751-4a20-8669-5ee7d3d17f3b HTTP/1.1" status: 200 len: 1059 time: 0.0981963
2026-07-24 01:03:23.871 9 INFO neutron.wsgi [req-cfdbc4c7-e8fd-463a-8ca1-5e3414350802 req-2b1e83f4-a4fe-4d56-9aab-6e1d07cb4012 ff8a839f900c4f0eaa96d4222ca76fb6 958ef7bbaeb646e7afa86b25a36755fd - - bfcdf39411394c26a023ea4d7a81cd26 bfcdf39411394c26a023ea4d7a81cd26] 199.204.45.95 "GET /v2.0/subnets?id=1fc828e6-c680-401e-ba7e-c6259e1dd682 HTTP/1.1" status: 200 len: 869 time: 0.0560591
2026-07-24 01:03:23.880 9 WARNING neutron.scheduler.dhcp_agent_scheduler [None req-39f8d9f2-19fd-48a3-ae71-aec78bad119f dac6618e38334260b68b81c147e0190b c4d08994c61e4e6ea077b99e828845fd - - default default] No more DHCP agents
2026-07-24 01:03:23.889 9 WARNING neutron.api.rpc.agentnotifiers.dhcp_rpc_agent_api [None req-39f8d9f2-19fd-48a3-ae71-aec78bad119f dac6618e38334260b68b81c147e0190b c4d08994c61e4e6ea077b99e828845fd - - default default] Unable to schedule network 32195a0b-3c8a-44b1-bd9d-7ec714658ce4: no agents available; will retry on subsequent port and subnet creation events.
2026-07-24 01:03:23.922 9 INFO neutron.wsgi [req-cfdbc4c7-e8fd-463a-8ca1-5e3414350802 req-721c984d-3bfe-439c-abd7-31176147a23f ff8a839f900c4f0eaa96d4222ca76fb6 958ef7bbaeb646e7afa86b25a36755fd - - bfcdf39411394c26a023ea4d7a81cd26 bfcdf39411394c26a023ea4d7a81cd26] 199.204.45.95 "GET /v2.0/ports?network_id=d976c685-352d-4862-8ff7-75b5f52d8099&device_owner=network%3Adhcp HTTP/1.1" status: 200 len: 210 time: 0.0438480
2026-07-24 01:03:24.009 9 INFO neutron.wsgi [req-cfdbc4c7-e8fd-463a-8ca1-5e3414350802 req-ace5c7f5-38c9-4663-82ce-3c50582ad1bb ff8a839f900c4f0eaa96d4222ca76fb6 958ef7bbaeb646e7afa86b25a36755fd - - bfcdf39411394c26a023ea4d7a81cd26 bfcdf39411394c26a023ea4d7a81cd26] 199.204.45.95 "GET /v2.0/networks/d976c685-352d-4862-8ff7-75b5f52d8099?fields=segments HTTP/1.1" status: 200 len: 212 time: 0.0794637
2026-07-24 01:03:24.118 9 INFO neutron.wsgi [req-cfdbc4c7-e8fd-463a-8ca1-5e3414350802 req-29ca3299-510b-47d7-b0cd-08e8fda0b4f6 ff8a839f900c4f0eaa96d4222ca76fb6 958ef7bbaeb646e7afa86b25a36755fd - - bfcdf39411394c26a023ea4d7a81cd26 bfcdf39411394c26a023ea4d7a81cd26] 199.204.45.95 "GET /v2.0/networks/d976c685-352d-4862-8ff7-75b5f52d8099?fields=provider%3Aphysical_network&fields=provider%3Anetwork_type HTTP/1.1" status: 200 len: 277 time: 0.1025789
2026-07-24 01:03:24.118 10 INFO neutron.wsgi [None req-e39601cf-ccc2-4db5-b4cc-cbb623461afc 48471ddb445e4a35a5686d15a943840c fe37ede89e8142b6951b61a13f614b04 - - default default] 10.0.0.69 "DELETE /v2.0/ports/1ae9bcd1-bb02-4521-8dcc-385b4e2e03d5 HTTP/1.1" status: 204 len: 168 time: 0.3669965
2026-07-24 01:03:24.140 9 INFO neutron.pecan_wsgi.hooks.translation [None req-9762d7c0-a793-4763-a6c3-a949842d92b7 48471ddb445e4a35a5686d15a943840c fe37ede89e8142b6951b61a13f614b04 - - default default] GET failed (client error): The resource could not be found.
2026-07-24 01:03:24.141 9 INFO neutron.wsgi [None req-9762d7c0-a793-4763-a6c3-a949842d92b7 48471ddb445e4a35a5686d15a943840c fe37ede89e8142b6951b61a13f614b04 - - default default] 10.0.0.69 "GET /v2.0/ports/1ae9bcd1-bb02-4521-8dcc-385b4e2e03d5 HTTP/1.1" status: 404 len: 333 time: 0.0188019
2026-07-24 01:03:24.353 9 INFO neutron.wsgi [None req-39f8d9f2-19fd-48a3-ae71-aec78bad119f dac6618e38334260b68b81c147e0190b c4d08994c61e4e6ea077b99e828845fd - - default default] 10.0.0.69 "POST /v2.0/floatingips HTTP/1.1" status: 201 len: 751 time: 0.9366009
2026-07-24 01:03:24.383 10 INFO neutron.wsgi [None req-529fddd4-08e7-477e-8767-91bd21aa8de8 48471ddb445e4a35a5686d15a943840c fe37ede89e8142b6951b61a13f614b04 - - default default] 10.0.0.69 "DELETE /v2.0/subnets/ffcdb464-850d-4527-8f06-22ff3b334374 HTTP/1.1" status: 204 len: 168 time: 0.2333896
2026-07-24 01:03:24.464 10 INFO neutron.wsgi [req-be0d6cf8-2799-4104-a94e-6d777fe03ec5 req-e81c12ec-feb2-481f-8320-162d5dbb2f82 9323896cba784e179fe199ffdb2c1eee e0b4b09d233a4547996982bf9acc2755 - - default default] 10.0.0.217 "GET /v2.0/ports?device_id=fff90290-5851-47d0-8d11-e9bafc04dd73 HTTP/1.1" status: 200 len: 1172 time: 0.0660398
2026-07-24 01:03:24.526 10 INFO neutron.wsgi [req-be0d6cf8-2799-4104-a94e-6d777fe03ec5 req-d8dfd607-6ef9-46a5-9df6-b2117ac44e81 9323896cba784e179fe199ffdb2c1eee e0b4b09d233a4547996982bf9acc2755 - - default default] 10.0.0.217 "GET /v2.0/security-groups?id=f914e8e5-36dd-4f88-94f8-b2b3fdaca034&fields=id&fields=name HTTP/1.1" status: 200 len: 312 time: 0.0531232
2026-07-24 01:03:24.867 10 INFO neutron.wsgi [req-4d86007e-6d0b-4d6a-9e29-db59e6997d5d req-35c0abc9-16af-4462-b7bf-93ce072539d7 dac6618e38334260b68b81c147e0190b c4d08994c61e4e6ea077b99e828845fd - - default default] 10.0.0.217 "GET /v2.0/security-groups?name=tempest-securitygroup--919651909&fields=id&tenant_id=c4d08994c61e4e6ea077b99e828845fd HTTP/1.1" status: 200 len: 267 time: 0.0807760
2026-07-24 01:03:24.882 10 INFO neutron.services.segments.plugin [-] Segment 5b97f914-ae41-48dd-a03e-962e74e37cae resource provider aggregate not found
2026-07-24 01:03:24.887 10 INFO neutron.services.segments.plugin [-] Segment 5b97f914-ae41-48dd-a03e-962e74e37cae resource provider aggregate not found
