2026-07-24 01:03:32.656 10 INFO neutron.wsgi [None req-85b4bbe2-dbfa-4774-9fd4-66402146e142 9323896cba784e179fe199ffdb2c1eee e0b4b09d233a4547996982bf9acc2755 - - default default] 10.0.0.69 "GET /v2.0/security-groups/f914e8e5-36dd-4f88-94f8-b2b3fdaca034 HTTP/1.1" status: 404 len: 347 time: 0.0118377
2026-07-24 01:03:32.746 9 INFO neutron.db.ovn_revision_numbers_db [None req-96b8cf46-d56f-4696-9a77-3d7b8bf66ff5 dac6618e38334260b68b81c147e0190b c4d08994c61e4e6ea077b99e828845fd - - default default] Successfully bumped revision number for resource 1ac42571-85fb-41e6-a610-7ccd121e2dd0 (type: floatingips) to 2
2026-07-24 01:03:32.747 9 INFO neutron.db.l3_db [None req-96b8cf46-d56f-4696-9a77-3d7b8bf66ff5 dac6618e38334260b68b81c147e0190b c4d08994c61e4e6ea077b99e828845fd - - default default] Floating IP 1ac42571-85fb-41e6-a610-7ccd121e2dd0 associated. External IP: 10.96.250.213, port: 6e6ed398-6576-4e9f-8cf4-876bbda3b61e.
2026-07-24 01:03:32.787 9 INFO neutron.wsgi [None req-96b8cf46-d56f-4696-9a77-3d7b8bf66ff5 dac6618e38334260b68b81c147e0190b c4d08994c61e4e6ea077b99e828845fd - - default default] 10.0.0.69 "PUT /v2.0/floatingips/1ac42571-85fb-41e6-a610-7ccd121e2dd0 HTTP/1.1" status: 200 len: 1050 time: 1.0945013
2026-07-24 01:03:32.895 10 INFO neutron.wsgi [req-889e9556-f946-4f22-b312-828300ed1884 req-ea8b7b14-7f09-4ecd-ad50-be31bb4d5193 dac6618e38334260b68b81c147e0190b c4d08994c61e4e6ea077b99e828845fd - - default default] 10.0.0.217 "GET /v2.0/ports?device_id=d1d05171-8a6e-4f9a-b6d9-4a850f953f5d HTTP/1.1" status: 200 len: 1174 time: 0.0691962
2026-07-24 01:03:32.958 10 WARNING neutron.scheduler.dhcp_agent_scheduler [None req-fda7dfbc-349a-4b01-bd77-b86485484611 dbf043efd7314ca199f5e3bd3778dc8d 0157eb0d9dd34aeda9da52eb4a886398 - - default default] No more DHCP agents
2026-07-24 01:03:32.965 10 WARNING neutron.api.rpc.agentnotifiers.dhcp_rpc_agent_api [None req-fda7dfbc-349a-4b01-bd77-b86485484611 dbf043efd7314ca199f5e3bd3778dc8d 0157eb0d9dd34aeda9da52eb4a886398 - - default default] Unable to schedule network 9d64b220-eabb-4e6e-b2f3-c7cfb40183b5: no agents available; will retry on subsequent port and subnet creation events.
2026-07-24 01:03:32.989 10 INFO neutron.wsgi [req-889e9556-f946-4f22-b312-828300ed1884 req-8bccc2f0-2cf7-4571-b115-080fc0a313ec dac6618e38334260b68b81c147e0190b c4d08994c61e4e6ea077b99e828845fd - - default default] 10.0.0.217 "GET /v2.0/security-groups?id=9bd5c183-47f7-4c19-8e33-5eefc87a7b9d&fields=id&fields=name HTTP/1.1" status: 200 len: 312 time: 0.0876372
2026-07-24 01:03:33.010 10 INFO neutron.db.ovn_revision_numbers_db [None req-fda7dfbc-349a-4b01-bd77-b86485484611 dbf043efd7314ca199f5e3bd3778dc8d 0157eb0d9dd34aeda9da52eb4a886398 - - default default] Successfully bumped revision number for resource 0970c1d5-58e9-4cd4-afb5-c2d7188b8fc5 (type: subnets) to 0
2026-07-24 01:03:33.031 10 INFO neutron.wsgi [None req-fda7dfbc-349a-4b01-bd77-b86485484611 dbf043efd7314ca199f5e3bd3778dc8d 0157eb0d9dd34aeda9da52eb4a886398 - - default default] 10.0.0.69 "POST /v2.0/subnets HTTP/1.1" status: 201 len: 821 time: 0.4700408
2026-07-24 01:03:33.043 10 WARNING neutron_lib.context [None req-b25fa4c9-7ee3-4d5e-ba97-f2ec8322cc3e dbf043efd7314ca199f5e3bd3778dc8d 0157eb0d9dd34aeda9da52eb4a886398 - - default default] Method 'is_advsvc' is deprecated since 2023.2 release (neutron-lib 3.8.0) and will be removed once support for the old RBAC API policies will be removed from Neutron. Please use method 'is_service_role' instead.
2026-07-24 01:03:33.181 10 INFO neutron.wsgi [None req-f6b2e942-91b8-4514-b1f0-fc342b28c5b4 9323896cba784e179fe199ffdb2c1eee e0b4b09d233a4547996982bf9acc2755 - - default default] 10.0.0.69 "DELETE /v2.0/floatingips/7e809897-4b8d-4ec5-821b-99fe0c9beae5 HTTP/1.1" status: 204 len: 168 time: 0.5199351 /var/lib/openstack/lib/python3.10/site-packages/pycadf/identifier.py:71: UserWarning: Invalid uuid: neutron. To ensure interoperability, identifiers should be a valid uuid. warnings.warn(('Invalid uuid: %s. To ensure interoperability, '
2026-07-24 01:03:33.300 10 WARNING neutron.scheduler.dhcp_agent_scheduler [None req-b25fa4c9-7ee3-4d5e-ba97-f2ec8322cc3e dbf043efd7314ca199f5e3bd3778dc8d 0157eb0d9dd34aeda9da52eb4a886398 - - default default] No more DHCP agents
2026-07-24 01:03:33.304 10 WARNING neutron.api.rpc.agentnotifiers.dhcp_rpc_agent_api [None req-b25fa4c9-7ee3-4d5e-ba97-f2ec8322cc3e dbf043efd7314ca199f5e3bd3778dc8d 0157eb0d9dd34aeda9da52eb4a886398 - - default default] Unable to schedule network 4da4638e-59ec-40fb-9ecd-60abb7d28420: no agents available; will retry on subsequent port and subnet creation events.
2026-07-24 01:03:33.339 10 INFO neutron.db.ovn_revision_numbers_db [None req-b25fa4c9-7ee3-4d5e-ba97-f2ec8322cc3e dbf043efd7314ca199f5e3bd3778dc8d 0157eb0d9dd34aeda9da52eb4a886398 - - default default] Successfully bumped revision number for resource ba4c9fee-e49e-4579-8918-9473c66c3790 (type: subnets) to 0
2026-07-24 01:03:33.356 10 INFO neutron.wsgi [None req-b25fa4c9-7ee3-4d5e-ba97-f2ec8322cc3e dbf043efd7314ca199f5e3bd3778dc8d 0157eb0d9dd34aeda9da52eb4a886398 - - default default] 10.0.0.69 "POST /v2.0/subnets HTTP/1.1" status: 201 len: 830 time: 0.3195186
2026-07-24 01:03:33.367 10 WARNING neutron_lib.context [None req-1d4b1635-9d7d-4a98-b9c9-fef677a2c381 dbf043efd7314ca199f5e3bd3778dc8d 0157eb0d9dd34aeda9da52eb4a886398 - - default default] Method 'is_advsvc' is deprecated since 2023.2 release (neutron-lib 3.8.0) and will be removed once support for the old RBAC API policies will be removed from Neutron. Please use method 'is_service_role' instead.
2026-07-24 01:03:33.501 10 INFO neutron.db.ovn_revision_numbers_db [None req-1d4b1635-9d7d-4a98-b9c9-fef677a2c381 dbf043efd7314ca199f5e3bd3778dc8d 0157eb0d9dd34aeda9da52eb4a886398 - - default default] Successfully bumped revision number for resource 2b2ac57d-1547-4fa1-a498-a049a8f3b9da (type: routers) to 1
2026-07-24 01:03:33.526 10 INFO neutron.wsgi [None req-1d4b1635-9d7d-4a98-b9c9-fef677a2c381 dbf043efd7314ca199f5e3bd3778dc8d 0157eb0d9dd34aeda9da52eb4a886398 - - default default] 10.0.0.69 "POST /v2.0/routers HTTP/1.1" status: 201 len: 805 time: 0.1642172
2026-07-24 01:03:34.335 9 INFO neutron.notifiers.nova [-] Nova event matching ['req-a57e3cca-1f82-4229-bfb5-a01248a2e611'] response: {'name': 'network-changed', 'server_uuid': 'd1d05171-8a6e-4f9a-b6d9-4a850f953f5d', 'tag': '6e6ed398-6576-4e9f-8cf4-876bbda3b61e', 'status': 'completed', 'code': 200}
2026-07-24 01:03:34.460 9 INFO neutron.wsgi [req-4e6c9fe3-4f42-455f-8ae6-f63317eca5b0 req-8a1ffaac-c622-4248-80df-7d1c075fd40a ff8a839f900c4f0eaa96d4222ca76fb6 958ef7bbaeb646e7afa86b25a36755fd - - bfcdf39411394c26a023ea4d7a81cd26 bfcdf39411394c26a023ea4d7a81cd26] 199.204.45.95 "GET /v2.0/ports?tenant_id=c4d08994c61e4e6ea077b99e828845fd&device_id=d1d05171-8a6e-4f9a-b6d9-4a850f953f5d HTTP/1.1" status: 200 len: 1413 time: 0.0979669
2026-07-24 01:03:34.544 9 WARNING neutron.scheduler.dhcp_agent_scheduler [None req-776c9c64-d6ca-43c0-8d2e-e4c2a522940a dbf043efd7314ca199f5e3bd3778dc8d 0157eb0d9dd34aeda9da52eb4a886398 - - default default] No more DHCP agents
2026-07-24 01:03:34.551 9 WARNING neutron.api.rpc.agentnotifiers.dhcp_rpc_agent_api [None req-776c9c64-d6ca-43c0-8d2e-e4c2a522940a dbf043efd7314ca199f5e3bd3778dc8d 0157eb0d9dd34aeda9da52eb4a886398 - - default default] Unable to schedule network 9d64b220-eabb-4e6e-b2f3-c7cfb40183b5: no agents available; will retry on subsequent port and subnet creation events.
2026-07-24 01:03:34.580 10 INFO neutron.wsgi [req-00ab0da8-9c10-4397-bbad-28f98e4d8996 req-385c1823-a7ca-4f58-b19a-95f855347c1d ff8a839f900c4f0eaa96d4222ca76fb6 958ef7bbaeb646e7afa86b25a36755fd - - bfcdf39411394c26a023ea4d7a81cd26 bfcdf39411394c26a023ea4d7a81cd26] 10.0.0.122 "GET /v2.0/ports?device_id=37547ae1-4595-4ac9-8f26-b456fc17983e HTTP/1.1" status: 200 len: 1409 time: 0.1486626
2026-07-24 01:03:34.599 9 INFO neutron.wsgi [req-4e6c9fe3-4f42-455f-8ae6-f63317eca5b0 req-51adce95-e774-44d1-8499-7612baaf0dc6 ff8a839f900c4f0eaa96d4222ca76fb6 958ef7bbaeb646e7afa86b25a36755fd - - bfcdf39411394c26a023ea4d7a81cd26 bfcdf39411394c26a023ea4d7a81cd26] 199.204.45.95 "GET /v2.0/networks?id=532420de-6743-42b4-a3dc-b6c4a2a3361f HTTP/1.1" status: 200 len: 981 time: 0.1257911
2026-07-24 01:03:34.651 10 INFO neutron.wsgi [req-00ab0da8-9c10-4397-bbad-28f98e4d8996 req-7f2bb9d9-f8c2-4fe8-8885-1fbd35eabdb3 ff8a839f900c4f0eaa96d4222ca76fb6 958ef7bbaeb646e7afa86b25a36755fd - - bfcdf39411394c26a023ea4d7a81cd26 bfcdf39411394c26a023ea4d7a81cd26] 10.0.0.122 "GET /v2.0/security-groups?id=104fbf81-729e-4cf6-8d72-81121597ca26&fields=id&fields=name HTTP/1.1" status: 200 len: 313 time: 0.0632939
2026-07-24 01:03:34.691 9 INFO neutron.wsgi [req-4e6c9fe3-4f42-455f-8ae6-f63317eca5b0 req-b8ad6969-5311-4c54-bae8-e6c318360ade ff8a839f900c4f0eaa96d4222ca76fb6 958ef7bbaeb646e7afa86b25a36755fd - - bfcdf39411394c26a023ea4d7a81cd26 bfcdf39411394c26a023ea4d7a81cd26] 199.204.45.95 "GET /v2.0/floatingips?fixed_ip_address=10.100.0.10&port_id=6e6ed398-6576-4e9f-8cf4-876bbda3b61e HTTP/1.1" status: 200 len: 1060 time: 0.0843227
2026-07-24 01:03:34.771 9 INFO neutron.wsgi [req-4e6c9fe3-4f42-455f-8ae6-f63317eca5b0 req-3e6f9b72-17ee-4a43-9dbf-6858f41606b1 ff8a839f900c4f0eaa96d4222ca76fb6 958ef7bbaeb646e7afa86b25a36755fd - - bfcdf39411394c26a023ea4d7a81cd26 bfcdf39411394c26a023ea4d7a81cd26] 199.204.45.95 "GET /v2.0/subnets?id=7dad6a61-c4ee-4459-86d5-ef0ad3786fd0 HTTP/1.1" status: 200 len: 876 time: 0.0690787
2026-07-24 01:03:34.806 9 INFO neutron.wsgi [req-4e6c9fe3-4f42-455f-8ae6-f63317eca5b0 req-deade529-bc3f-46eb-833e-ac7c0ae82143 ff8a839f900c4f0eaa96d4222ca76fb6 958ef7bbaeb646e7afa86b25a36755fd - - bfcdf39411394c26a023ea4d7a81cd26 bfcdf39411394c26a023ea4d7a81cd26] 199.204.45.95 "GET /v2.0/ports?network_id=532420de-6743-42b4-a3dc-b6c4a2a3361f&device_owner=network%3Adhcp HTTP/1.1" status: 200 len: 210 time: 0.0237820
2026-07-24 01:03:34.811 9 INFO neutron.db.ovn_revision_numbers_db [None req-776c9c64-d6ca-43c0-8d2e-e4c2a522940a dbf043efd7314ca199f5e3bd3778dc8d 0157eb0d9dd34aeda9da52eb4a886398 - - default default] Successfully bumped revision number for resource cf807403-dddc-4730-84db-59aea21fd2e4 (type: ports) to 1
2026-07-24 01:03:34.955 9 INFO neutron.wsgi [req-4e6c9fe3-4f42-455f-8ae6-f63317eca5b0 req-5986adf0-98a9-410d-b007-895acdd4f2e1 ff8a839f900c4f0eaa96d4222ca76fb6 958ef7bbaeb646e7afa86b25a36755fd - - bfcdf39411394c26a023ea4d7a81cd26 bfcdf39411394c26a023ea4d7a81cd26] 199.204.45.95 "GET /v2.0/networks/532420de-6743-42b4-a3dc-b6c4a2a3361f?fields=segments HTTP/1.1" status: 200 len: 212 time: 0.1405921
2026-07-24 01:03:35.104 9 INFO neutron.wsgi [req-4e6c9fe3-4f42-455f-8ae6-f63317eca5b0 req-e2116fce-876f-4305-bc48-5d5d113a5583 ff8a839f900c4f0eaa96d4222ca76fb6 958ef7bbaeb646e7afa86b25a36755fd - - bfcdf39411394c26a023ea4d7a81cd26 bfcdf39411394c26a023ea4d7a81cd26] 199.204.45.95 "GET /v2.0/networks/532420de-6743-42b4-a3dc-b6c4a2a3361f?fields=provider%3Aphysical_network&fields=provider%3Anetwork_type HTTP/1.1" status: 200 len: 277 time: 0.1336937
2026-07-24 01:03:35.919 9 ERROR ovsdbapp.backend.ovs_idl.command [None req-776c9c64-d6ca-43c0-8d2e-e4c2a522940a dbf043efd7314ca199f5e3bd3778dc8d 0157eb0d9dd34aeda9da52eb4a886398 - - default default] Error executing command (DbGetCommand): ovsdbapp.backend.ovs_idl.idlutils.RowNotFound: Cannot find Logical_Router_Port with name=lrp-cf807403-dddc-4730-84db-59aea21fd2e4
2026-07-24 01:03:35.919 9 ERROR ovsdbapp.backend.ovs_idl.command
Traceback (most recent call last):
2026-07-24 01:03:35.919 9 ERROR ovsdbapp.backend.ovs_idl.command
File "/var/lib/openstack/lib/python3.10/site-packages/ovsdbapp/backend/ovs_idl/command.py", line 47, in execute
2026-07-24 01:03:35.919 9 ERROR ovsdbapp.backend.ovs_idl.command self.run_idl(None)
2026-07-24 01:03:35.919 9 ERROR ovsdbapp.backend.ovs_idl.command
File "/var/lib/openstack/lib/python3.10/site-packages/ovsdbapp/backend/ovs_idl/command.py", line 235, in run_idl
2026-07-24 01:03:35.919 9 ERROR ovsdbapp.backend.ovs_idl.command record = self.api.lookup(self.table, self.record)
2026-07-24 01:03:35.919 9 ERROR ovsdbapp.backend.ovs_idl.command
File "/var/lib/openstack/lib/python3.10/site-packages/ovsdbapp/backend/ovs_idl/__init__.py", line 184, in lookup
2026-07-24 01:03:35.919 9 ERROR ovsdbapp.backend.ovs_idl.command return self._lookup(table, record)
2026-07-24 01:03:35.919 9 ERROR ovsdbapp.backend.ovs_idl.command
File "/var/lib/openstack/lib/python3.10/site-packages/ovsdbapp/backend/ovs_idl/__init__.py", line 235, in _lookup
2026-07-24 01:03:35.919 9 ERROR ovsdbapp.backend.ovs_idl.command row = idlutils.row_by_value(self, rl.table, rl.column, record)
2026-07-24 01:03:35.919 9 ERROR ovsdbapp.backend.ovs_idl.command
File "/var/lib/openstack/lib/python3.10/site-packages/ovsdbapp/backend/ovs_idl/idlutils.py", line 114, in row_by_value
2026-07-24 01:03:35.919 9 ERROR ovsdbapp.backend.ovs_idl.command raise RowNotFound(table=table, col=column, match=match)
2026-07-24 01:03:35.919 9 ERROR ovsdbapp.backend.ovs_idl.command ovsdbapp.backend.ovs_idl.idlutils.RowNotFound: Cannot find Logical_Router_Port with name=lrp-cf807403-dddc-4730-84db-59aea21fd2e4
2026-07-24 01:03:35.919 9 ERROR ovsdbapp.backend.ovs_idl.command 
2026-07-24 01:03:35.920 9 ERROR neutron_lib.callbacks.manager [None req-776c9c64-d6ca-43c0-8d2e-e4c2a522940a dbf043efd7314ca199f5e3bd3778dc8d 0157eb0d9dd34aeda9da52eb4a886398 - - default default] Error during notification for neutron.services.ovn_l3.plugin.OVNL3RouterPlugin._port_update-8768073982685 port, after_update: ovsdbapp.backend.ovs_idl.idlutils.RowNotFound: Cannot find Logical_Router_Port with name=lrp-cf807403-dddc-4730-84db-59aea21fd2e4
2026-07-24 01:03:35.920 9 ERROR neutron_lib.callbacks.manager
Traceback (most recent call last):
2026-07-24 01:03:35.920 9 ERROR neutron_lib.callbacks.manager
File "/var/lib/openstack/lib/python3.10/site-packages/neutron_lib/callbacks/manager.py", line 189, in _notify_loop
2026-07-24 01:03:35.920 9 ERROR neutron_lib.callbacks.manager callback.method(resource, event, trigger, payload=payload)
2026-07-24 01:03:35.920 9 ERROR neutron_lib.callbacks.manager
File "/var/lib/openstack/lib/python3.10/site-packages/neutron/services/ovn_l3/plugin.py", line 391, in _port_update
2026-07-24 01:03:35.920 9 ERROR neutron_lib.callbacks.manager l3plugin._ovn_client.update_router_port(context,
2026-07-24 01:03:35.920 9 ERROR neutron_lib.callbacks.manager
File "/var/lib/openstack/lib/python3.10/site-packages/neutron/plugins/ml2/drivers/ovn/mech_driver/ovsdb/ovn_client.py", line 1878, in update_router_port
2026-07-24 01:03:35.920 9 ERROR neutron_lib.callbacks.manager self._update_lrouter_port(context, port, if_exists=if_exists,
2026-07-24 01:03:35.920 9 ERROR neutron_lib.callbacks.manager
File "/var/lib/openstack/lib/python3.10/site-packages/neutron/plugins/ml2/drivers/ovn/mech_driver/ovsdb/ovn_client.py", line 1855, in _update_lrouter_port
2026-07-24 01:03:35.920 9 ERROR neutron_lib.callbacks.manager external_ids = self._nb_idl.db_get(
2026-07-24 01:03:35.920 9 ERROR neutron_lib.callbacks.manager
File "/var/lib/openstack/lib/python3.10/site-packages/ovsdbapp/backend/ovs_idl/command.py", line 47, in execute
2026-07-24 01:03:35.920 9 ERROR neutron_lib.callbacks.manager self.run_idl(None)
2026-07-24 01:03:35.920 9 ERROR neutron_lib.callbacks.manager
File "/var/lib/openstack/lib/python3.10/site-packages/ovsdbapp/backend/ovs_idl/command.py", line 235, in run_idl
2026-07-24 01:03:35.920 9 ERROR neutron_lib.callbacks.manager record = self.api.lookup(self.table, self.record)
2026-07-24 01:03:35.920 9 ERROR neutron_lib.callbacks.manager
File "/var/lib/openstack/lib/python3.10/site-packages/ovsdbapp/backend/ovs_idl/__init__.py", line 184, in lookup
2026-07-24 01:03:35.920 9 ERROR neutron_lib.callbacks.manager return self._lookup(table, record)
2026-07-24 01:03:35.920 9 ERROR neutron_lib.callbacks.manager
File "/var/lib/openstack/lib/python3.10/site-packages/ovsdbapp/backend/ovs_idl/__init__.py", line 235, in _lookup
2026-07-24 01:03:35.920 9 ERROR neutron_lib.callbacks.manager row = idlutils.row_by_value(self, rl.table, rl.column, record)
2026-07-24 01:03:35.920 9 ERROR neutron_lib.callbacks.manager
File "/var/lib/openstack/lib/python3.10/site-packages/ovsdbapp/backend/ovs_idl/idlutils.py", line 114, in row_by_value
2026-07-24 01:03:35.920 9 ERROR neutron_lib.callbacks.manager raise RowNotFound(table=table, col=column, match=match)
2026-07-24 01:03:35.920 9 ERROR neutron_lib.callbacks.manager ovsdbapp.backend.ovs_idl.idlutils.RowNotFound: Cannot find Logical_Router_Port with name=lrp-cf807403-dddc-4730-84db-59aea21fd2e4
2026-07-24 01:03:35.920 9 ERROR neutron_lib.callbacks.manager 
2026-07-24 01:03:36.028 9 INFO neutron.wsgi [None req-eec827a5-9c62-4409-af6b-c89c17f5d97e 38d0259a59b64ef49f2b29d8c51336b9 e71742c696104b548b7c41439bf0e991 - - default default] 10.0.0.69 "PUT /v2.0/routers/e015b138-60ab-4535-ad13-bf6cd65d280b/remove_router_interface HTTP/1.1" status: 200 len: 503 time: 2.8412437
2026-07-24 01:03:36.137 10 INFO neutron.plugins.ml2.drivers.ovn.mech_driver.mech_driver [None req-49ae18bc-19e2-4d02-b08f-2f7fd8c3b424 - - - - - -] OVN reports status up for port: cf807403-dddc-4730-84db-59aea21fd2e4
2026-07-24 01:03:36.147 10 INFO neutron.plugins.ml2.plugin [None req-49ae18bc-19e2-4d02-b08f-2f7fd8c3b424 - - - - - -] Attempt 1 to provision port cf807403-dddc-4730-84db-59aea21fd2e4
2026-07-24 01:03:36.149 9 INFO neutron.db.ovn_revision_numbers_db [None req-776c9c64-d6ca-43c0-8d2e-e4c2a522940a dbf043efd7314ca199f5e3bd3778dc8d 0157eb0d9dd34aeda9da52eb4a886398 - - default default] Successfully bumped revision number for resource cf807403-dddc-4730-84db-59aea21fd2e4 (type: ports) to 1
2026-07-24 01:03:36.236 9 WARNING neutron.scheduler.dhcp_agent_scheduler [None req-776c9c64-d6ca-43c0-8d2e-e4c2a522940a dbf043efd7314ca199f5e3bd3778dc8d 0157eb0d9dd34aeda9da52eb4a886398 - - default default] No more DHCP agents
2026-07-24 01:03:36.238 9 WARNING neutron.api.rpc.agentnotifiers.dhcp_rpc_agent_api [None req-776c9c64-d6ca-43c0-8d2e-e4c2a522940a dbf043efd7314ca199f5e3bd3778dc8d 0157eb0d9dd34aeda9da52eb4a886398 - - default default] Unable to schedule network 9d64b220-eabb-4e6e-b2f3-c7cfb40183b5: no agents available; will retry on subsequent port and subnet creation events.
2026-07-24 01:03:36.400 9 INFO neutron.db.ovn_revision_numbers_db [None req-776c9c64-d6ca-43c0-8d2e-e4c2a522940a dbf043efd7314ca199f5e3bd3778dc8d 0157eb0d9dd34aeda9da52eb4a886398 - - default default] Successfully bumped revision number for resource cf807403-dddc-4730-84db-59aea21fd2e4 (type: router_ports) to 1
2026-07-24 01:03:36.407 9 INFO neutron.wsgi [None req-776c9c64-d6ca-43c0-8d2e-e4c2a522940a dbf043efd7314ca199f5e3bd3778dc8d 0157eb0d9dd34aeda9da52eb4a886398 - - default default] 10.0.0.69 "PUT /v2.0/routers/2b2ac57d-1547-4fa1-a498-a049a8f3b9da/add_router_interface HTTP/1.1" status: 200 len: 503 time: 2.8750165 /var/lib/openstack/lib/python3.10/site-packages/pycadf/identifier.py:71: UserWarning: Invalid uuid: neutron. To ensure interoperability, identifiers should be a valid uuid. warnings.warn(('Invalid uuid: %s. To ensure interoperability, '
2026-07-24 01:03:36.516 9 INFO neutron.wsgi [None req-2cdedf1b-616e-403c-a16e-de4b7d442380 dbf043efd7314ca199f5e3bd3778dc8d 0157eb0d9dd34aeda9da52eb4a886398 - - default default] 10.0.0.69 "GET /v2.0/ports/cf807403-dddc-4730-84db-59aea21fd2e4 HTTP/1.1" status: 200 len: 1139 time: 0.0987248
2026-07-24 01:03:36.941 10 INFO neutron.db.ovn_revision_numbers_db [None req-49ae18bc-19e2-4d02-b08f-2f7fd8c3b424 - - - - - -] Successfully bumped revision number for resource cf807403-dddc-4730-84db-59aea21fd2e4 (type: ports) to 2
2026-07-24 01:03:37.102 10 INFO neutron.db.ovn_revision_numbers_db [None req-49ae18bc-19e2-4d02-b08f-2f7fd8c3b424 - - - - - -] Successfully bumped revision number for resource cf807403-dddc-4730-84db-59aea21fd2e4 (type: router_ports) to 2
2026-07-24 01:03:37.131 9 WARNING neutron.scheduler.dhcp_agent_scheduler [None req-b332a3fb-8183-4465-8fe2-47c01aa95866 dbf043efd7314ca199f5e3bd3778dc8d 0157eb0d9dd34aeda9da52eb4a886398 - - default default] No more DHCP agents
2026-07-24 01:03:37.134 9 WARNING neutron.api.rpc.agentnotifiers.dhcp_rpc_agent_api [None req-b332a3fb-8183-4465-8fe2-47c01aa95866 dbf043efd7314ca199f5e3bd3778dc8d 0157eb0d9dd34aeda9da52eb4a886398 - - default default] Unable to schedule network 4da4638e-59ec-40fb-9ecd-60abb7d28420: no agents available; will retry on subsequent port and subnet creation events.
2026-07-24 01:03:37.265 9 INFO neutron.db.ovn_revision_numbers_db [None req-b332a3fb-8183-4465-8fe2-47c01aa95866 dbf043efd7314ca199f5e3bd3778dc8d 0157eb0d9dd34aeda9da52eb4a886398 - - default default] Successfully bumped revision number for resource c0dd5670-1cd0-4652-9013-1101d7a98a8c (type: ports) to 1
2026-07-24 01:03:37.373 10 INFO neutron.wsgi [None req-72c2b114-4370-4cfb-ae95-5fa0d75d7a68 38d0259a59b64ef49f2b29d8c51336b9 e71742c696104b548b7c41439bf0e991 - - default default] 10.0.0.69 "DELETE /v2.0/routers/e015b138-60ab-4535-ad13-bf6cd65d280b HTTP/1.1" status: 204 len: 168 time: 1.3397763
2026-07-24 01:03:37.611 9 INFO neutron.wsgi [req-489f2be2-e9b8-42c1-a24f-8c74005f5f8a req-fb01cd83-f191-4261-a243-32419d951b96 ff8a839f900c4f0eaa96d4222ca76fb6 958ef7bbaeb646e7afa86b25a36755fd - - bfcdf39411394c26a023ea4d7a81cd26 bfcdf39411394c26a023ea4d7a81cd26] 199.204.45.95 "GET /v2.0/ports?device_id=37547ae1-4595-4ac9-8f26-b456fc17983e&fields=binding%3Ahost_id&fields=binding%3Avif_type HTTP/1.1" status: 200 len: 265 time: 0.0805175
2026-07-24 01:03:38.003 9 INFO neutron.wsgi [req-489f2be2-e9b8-42c1-a24f-8c74005f5f8a req-9ef61efd-c109-4c4c-9452-a54aa1494b71 ff8a839f900c4f0eaa96d4222ca76fb6 958ef7bbaeb646e7afa86b25a36755fd - - bfcdf39411394c26a023ea4d7a81cd26 bfcdf39411394c26a023ea4d7a81cd26] 199.204.45.95 "GET /v2.0/ports?tenant_id=1ecd37e125d0471e8fda5105efe85ccb&device_id=37547ae1-4595-4ac9-8f26-b456fc17983e HTTP/1.1" status: 200 len: 1409 time: 0.3147366
2026-07-24 01:03:38.017 9 INFO neutron.wsgi [None req-807c9593-e530-4388-832a-56e5b6bf040c 38d0259a59b64ef49f2b29d8c51336b9 e71742c696104b548b7c41439bf0e991 - - default default] 10.0.0.69 "DELETE /v2.0/subnets/1022b1e6-c544-48df-ad64-d9a0b3010794 HTTP/1.1" status: 204 len: 168 time: 0.6343570
2026-07-24 01:03:38.149 9 INFO neutron.wsgi [req-489f2be2-e9b8-42c1-a24f-8c74005f5f8a req-68b974c7-ff9a-4507-8a66-28a777cbfcee ff8a839f900c4f0eaa96d4222ca76fb6 958ef7bbaeb646e7afa86b25a36755fd - - bfcdf39411394c26a023ea4d7a81cd26 bfcdf39411394c26a023ea4d7a81cd26] 199.204.45.95 "GET /v2.0/networks?id=d976c685-352d-4862-8ff7-75b5f52d8099 HTTP/1.1" status: 200 len: 974 time: 0.1196251
2026-07-24 01:03:38.251 9 INFO neutron.wsgi [req-489f2be2-e9b8-42c1-a24f-8c74005f5f8a req-7f1a0c30-d82c-440d-8a28-71cf65c346be ff8a839f900c4f0eaa96d4222ca76fb6 958ef7bbaeb646e7afa86b25a36755fd - - bfcdf39411394c26a023ea4d7a81cd26 bfcdf39411394c26a023ea4d7a81cd26] 199.204.45.95 "GET /v2.0/floatingips?fixed_ip_address=10.100.0.3&port_id=eb92c00b-f751-4a20-8669-5ee7d3d17f3b HTTP/1.1" status: 200 len: 1059 time: 0.0930078
2026-07-24 01:03:38.351 9 INFO neutron.wsgi [req-489f2be2-e9b8-42c1-a24f-8c74005f5f8a req-826f8677-aa09-4794-a0f8-58dfe4787f4d ff8a839f900c4f0eaa96d4222ca76fb6 958ef7bbaeb646e7afa86b25a36755fd - - bfcdf39411394c26a023ea4d7a81cd26 bfcdf39411394c26a023ea4d7a81cd26] 199.204.45.95 "GET /v2.0/subnets?id=1fc828e6-c680-401e-ba7e-c6259e1dd682 HTTP/1.1" status: 200 len: 869 time: 0.0928838
2026-07-24 01:03:38.421 9 INFO neutron.wsgi [req-489f2be2-e9b8-42c1-a24f-8c74005f5f8a req-90c849ba-e52a-4a9a-a831-018b8fbc0d54 ff8a839f900c4f0eaa96d4222ca76fb6 958ef7bbaeb646e7afa86b25a36755fd - - bfcdf39411394c26a023ea4d7a81cd26 bfcdf39411394c26a023ea4d7a81cd26] 199.204.45.95 "GET /v2.0/ports?network_id=d976c685-352d-4862-8ff7-75b5f52d8099&device_owner=network%3Adhcp HTTP/1.1" status: 200 len: 210 time: 0.0489144
2026-07-24 01:03:38.508 9 ERROR ovsdbapp.backend.ovs_idl.command [None req-b332a3fb-8183-4465-8fe2-47c01aa95866 dbf043efd7314ca199f5e3bd3778dc8d 0157eb0d9dd34aeda9da52eb4a886398 - - default default] Error executing command (DbGetCommand): ovsdbapp.backend.ovs_idl.idlutils.RowNotFound: Cannot find Logical_Router_Port with name=lrp-c0dd5670-1cd0-4652-9013-1101d7a98a8c
2026-07-24 01:03:38.508 9 ERROR ovsdbapp.backend.ovs_idl.command
Traceback (most recent call last):
2026-07-24 01:03:38.508 9 ERROR ovsdbapp.backend.ovs_idl.command
File "/var/lib/openstack/lib/python3.10/site-packages/ovsdbapp/backend/ovs_idl/command.py", line 47, in execute
2026-07-24 01:03:38.508 9 ERROR ovsdbapp.backend.ovs_idl.command self.run_idl(None)
2026-07-24 01:03:38.508 9 ERROR ovsdbapp.backend.ovs_idl.command
File "/var/lib/openstack/lib/python3.10/site-packages/ovsdbapp/backend/ovs_idl/command.py", line 235, in run_idl
2026-07-24 01:03:38.508 9 ERROR ovsdbapp.backend.ovs_idl.command record = self.api.lookup(self.table, self.record)
2026-07-24 01:03:38.508 9 ERROR ovsdbapp.backend.ovs_idl.command
File "/var/lib/openstack/lib/python3.10/site-packages/ovsdbapp/backend/ovs_idl/__init__.py", line 184, in lookup
2026-07-24 01:03:38.508 9 ERROR ovsdbapp.backend.ovs_idl.command return self._lookup(table, record)
2026-07-24 01:03:38.508 9 ERROR ovsdbapp.backend.ovs_idl.command
File "/var/lib/openstack/lib/python3.10/site-packages/ovsdbapp/backend/ovs_idl/__init__.py", line 235, in _lookup
2026-07-24 01:03:38.508 9 ERROR ovsdbapp.backend.ovs_idl.command row = idlutils.row_by_value(self, rl.table, rl.column, record)
2026-07-24 01:03:38.508 9 ERROR ovsdbapp.backend.ovs_idl.command
File "/var/lib/openstack/lib/python3.10/site-packages/ovsdbapp/backend/ovs_idl/idlutils.py", line 114, in row_by_value
2026-07-24 01:03:38.508 9 ERROR ovsdbapp.backend.ovs_idl.command raise RowNotFound(table=table, col=column, match=match)
2026-07-24 01:03:38.508 9 ERROR ovsdbapp.backend.ovs_idl.command ovsdbapp.backend.ovs_idl.idlutils.RowNotFound: Cannot find Logical_Router_Port with name=lrp-c0dd5670-1cd0-4652-9013-1101d7a98a8c
2026-07-24 01:03:38.508 9 ERROR ovsdbapp.backend.ovs_idl.command 
2026-07-24 01:03:38.508 9 ERROR neutron_lib.callbacks.manager [None req-b332a3fb-8183-4465-8fe2-47c01aa95866 dbf043efd7314ca199f5e3bd3778dc8d 0157eb0d9dd34aeda9da52eb4a886398 - - default default] Error during notification for neutron.services.ovn_l3.plugin.OVNL3RouterPlugin._port_update-8768073982685 port, after_update: ovsdbapp.backend.ovs_idl.idlutils.RowNotFound: Cannot find Logical_Router_Port with name=lrp-c0dd5670-1cd0-4652-9013-1101d7a98a8c
2026-07-24 01:03:38.508 9 ERROR neutron_lib.callbacks.manager
Traceback (most recent call last):
2026-07-24 01:03:38.508 9 ERROR neutron_lib.callbacks.manager
File "/var/lib/openstack/lib/python3.10/site-packages/neutron_lib/callbacks/manager.py", line 189, in _notify_loop
2026-07-24 01:03:38.508 9 ERROR neutron_lib.callbacks.manager callback.method(resource, event, trigger, payload=payload)
2026-07-24 01:03:38.508 9 ERROR neutron_lib.callbacks.manager
File "/var/lib/openstack/lib/python3.10/site-packages/neutron/services/ovn_l3/plugin.py", line 391, in _port_update
2026-07-24 01:03:38.508 9 ERROR neutron_lib.callbacks.manager l3plugin._ovn_client.update_router_port(context,
2026-07-24 01:03:38.508 9 ERROR neutron_lib.callbacks.manager
File "/var/lib/openstack/lib/python3.10/site-packages/neutron/plugins/ml2/drivers/ovn/mech_driver/ovsdb/ovn_client.py", line 1878, in update_router_port
2026-07-24 01:03:38.508 9 ERROR neutron_lib.callbacks.manager self._update_lrouter_port(context, port, if_exists=if_exists,
2026-07-24 01:03:38.508 9 ERROR neutron_lib.callbacks.manager
File "/var/lib/openstack/lib/python3.10/site-packages/neutron/plugins/ml2/drivers/ovn/mech_driver/ovsdb/ovn_client.py", line 1855, in _update_lrouter_port
2026-07-24 01:03:38.508 9 ERROR neutron_lib.callbacks.manager external_ids = self._nb_idl.db_get(
2026-07-24 01:03:38.508 9 ERROR neutron_lib.callbacks.manager
File "/var/lib/openstack/lib/python3.10/site-packages/ovsdbapp/backend/ovs_idl/command.py", line 47, in execute
2026-07-24 01:03:38.508 9 ERROR neutron_lib.callbacks.manager self.run_idl(None)
2026-07-24 01:03:38.508 9 ERROR neutron_lib.callbacks.manager
File "/var/lib/openstack/lib/python3.10/site-packages/ovsdbapp/backend/ovs_idl/command.py", line 235, in run_idl
2026-07-24 01:03:38.508 9 ERROR neutron_lib.callbacks.manager record = self.api.lookup(self.table, self.record)
2026-07-24 01:03:38.508 9 ERROR neutron_lib.callbacks.manager
File "/var/lib/openstack/lib/python3.10/site-packages/ovsdbapp/backend/ovs_idl/__init__.py", line 184, in lookup
2026-07-24 01:03:38.508 9 ERROR neutron_lib.callbacks.manager return self._lookup(table, record)
2026-07-24 01:03:38.508 9 ERROR neutron_lib.callbacks.manager
File "/var/lib/openstack/lib/python3.10/site-packages/ovsdbapp/backend/ovs_idl/__init__.py", line 235, in _lookup
2026-07-24 01:03:38.508 9 ERROR neutron_lib.callbacks.manager row = idlutils.row_by_value(self, rl.table, rl.column, record)
2026-07-24 01:03:38.508 9 ERROR neutron_lib.callbacks.manager
File "/var/lib/openstack/lib/python3.10/site-packages/ovsdbapp/backend/ovs_idl/idlutils.py", line 114, in row_by_value
2026-07-24 01:03:38.508 9 ERROR neutron_lib.callbacks.manager raise RowNotFound(table=table, col=column, match=match)
2026-07-24 01:03:38.508 9 ERROR neutron_lib.callbacks.manager ovsdbapp.backend.ovs_idl.idlutils.RowNotFound: Cannot find Logical_Router_Port with name=lrp-c0dd5670-1cd0-4652-9013-1101d7a98a8c
2026-07-24 01:03:38.508 9 ERROR neutron_lib.callbacks.manager 
2026-07-24 01:03:38.527 9 INFO neutron.wsgi [req-489f2be2-e9b8-42c1-a24f-8c74005f5f8a req-8883ad71-1c62-4610-904a-56aa5c402704 ff8a839f900c4f0eaa96d4222ca76fb6 958ef7bbaeb646e7afa86b25a36755fd - - bfcdf39411394c26a023ea4d7a81cd26 bfcdf39411394c26a023ea4d7a81cd26] 199.204.45.95 "GET /v2.0/networks/d976c685-352d-4862-8ff7-75b5f52d8099?fields=segments HTTP/1.1" status: 200 len: 212 time: 0.0997279
2026-07-24 01:03:38.650 9 INFO neutron.wsgi [req-489f2be2-e9b8-42c1-a24f-8c74005f5f8a req-4053aba2-dcb4-4601-9656-54409830bee7 ff8a839f900c4f0eaa96d4222ca76fb6 958ef7bbaeb646e7afa86b25a36755fd - - bfcdf39411394c26a023ea4d7a81cd26 bfcdf39411394c26a023ea4d7a81cd26] 199.204.45.95 "GET /v2.0/networks/d976c685-352d-4862-8ff7-75b5f52d8099?fields=provider%3Aphysical_network&fields=provider%3Anetwork_type HTTP/1.1" status: 200 len: 277 time: 0.1128020
2026-07-24 01:03:38.764 9 INFO neutron.plugins.ml2.drivers.ovn.mech_driver.mech_driver [None req-3485fe21-9895-416d-9230-c030cede402e - - - - - -] OVN reports status up for port: c0dd5670-1cd0-4652-9013-1101d7a98a8c
2026-07-24 01:03:38.768 10 INFO neutron.wsgi [-] 10.0.0.129 "GET / HTTP/1.1" status: 200 len: 247 time: 0.0077016
2026-07-24 01:03:38.772 10 INFO neutron.wsgi [-] 10.0.0.129 "GET / HTTP/1.1" status: 200 len: 247 time: 0.0035517
2026-07-24 01:03:38.781 9 INFO neutron.plugins.ml2.plugin [None req-3485fe21-9895-416d-9230-c030cede402e - - - - - -] Attempt 1 to provision port c0dd5670-1cd0-4652-9013-1101d7a98a8c
2026-07-24 01:03:38.831 9 INFO neutron.db.ovn_revision_numbers_db [None req-b332a3fb-8183-4465-8fe2-47c01aa95866 dbf043efd7314ca199f5e3bd3778dc8d 0157eb0d9dd34aeda9da52eb4a886398 - - default default] Successfully bumped revision number for resource c0dd5670-1cd0-4652-9013-1101d7a98a8c (type: ports) to 1
2026-07-24 01:03:38.833 9 INFO neutron.services.segments.plugin [-] Segment f3811440-7827-4f07-b3f5-48a48ea069ef resource provider aggregate not found
2026-07-24 01:03:38.839 9 INFO neutron.services.segments.plugin [-] Segment f3811440-7827-4f07-b3f5-48a48ea069ef resource provider aggregate not found
2026-07-24 01:03:38.868 9 INFO neutron.services.segments.plugin [-] Segment f3811440-7827-4f07-b3f5-48a48ea069ef resource provider not found; error: Placement Client Error (4xx): {"errors": [{"status": 404, "title": "Not Found", "detail": "The resource could not be found.\n\n No resource provider with uuid f3811440-7827-4f07-b3f5-48a48ea069ef found for delete ", "request_id": "req-4ced4578-c6d1-4663-9a1b-9fcf202dbfda"}]}
2026-07-24 01:03:38.869 9 INFO neutron.services.segments.plugin [-] Segment f3811440-7827-4f07-b3f5-48a48ea069ef resource provider not found; error: Placement Client Error (4xx): {"errors": [{"status": 404, "title": "Not Found", "detail": "The resource could not be found.\n\n No resource provider with uuid f3811440-7827-4f07-b3f5-48a48ea069ef found for delete ", "request_id": "req-640d361e-b14d-4e9b-8731-fb2c1430b73d"}]}
2026-07-24 01:03:38.922 9 INFO neutron.wsgi [None req-fe0e0222-99ef-44be-90c2-8741e8216f57 38d0259a59b64ef49f2b29d8c51336b9 e71742c696104b548b7c41439bf0e991 - - default default] 10.0.0.69 "DELETE /v2.0/networks/43a5075d-1e7f-4486-bbf4-be0e96526ce4 HTTP/1.1" status: 204 len: 168 time: 0.8991947
2026-07-24 01:03:38.980 9 WARNING neutron.scheduler.dhcp_agent_scheduler [None req-b332a3fb-8183-4465-8fe2-47c01aa95866 dbf043efd7314ca199f5e3bd3778dc8d 0157eb0d9dd34aeda9da52eb4a886398 - - default default] No more DHCP agents
2026-07-24 01:03:38.983 9 WARNING neutron.api.rpc.agentnotifiers.dhcp_rpc_agent_api [None req-b332a3fb-8183-4465-8fe2-47c01aa95866 dbf043efd7314ca199f5e3bd3778dc8d 0157eb0d9dd34aeda9da52eb4a886398 - - default default] Unable to schedule network 4da4638e-59ec-40fb-9ecd-60abb7d28420: no agents available; will retry on subsequent port and subnet creation events.
2026-07-24 01:03:39.021 10 INFO neutron.wsgi [req-30b1e372-7762-4380-a513-4ed6f1fdd845 req-abd69ef2-357e-4809-959f-9aea3d7ea484 3d0121cd1b454616ba9a4ff034fd2431 1ecd37e125d0471e8fda5105efe85ccb - - default default] 10.0.0.217 "GET /v2.0/ports?device_id=37547ae1-4595-4ac9-8f26-b456fc17983e HTTP/1.1" status: 200 len: 1170 time: 0.0949039
2026-07-24 01:03:39.084 10 INFO neutron.wsgi [req-30b1e372-7762-4380-a513-4ed6f1fdd845 req-a814e284-3e1f-43df-b9cc-e1b37b3f8fb1 3d0121cd1b454616ba9a4ff034fd2431 1ecd37e125d0471e8fda5105efe85ccb - - default default] 10.0.0.217 "GET /v2.0/security-groups?id=104fbf81-729e-4cf6-8d72-81121597ca26&fields=id&fields=name HTTP/1.1" status: 200 len: 313 time: 0.0551519
2026-07-24 01:03:39.191 9 INFO neutron.db.ovn_revision_numbers_db [None req-b332a3fb-8183-4465-8fe2-47c01aa95866 dbf043efd7314ca199f5e3bd3778dc8d 0157eb0d9dd34aeda9da52eb4a886398 - - default default] Successfully bumped revision number for resource c0dd5670-1cd0-4652-9013-1101d7a98a8c (type: router_ports) to 1
2026-07-24 01:03:39.198 9 INFO neutron.wsgi [None req-b332a3fb-8183-4465-8fe2-47c01aa95866 dbf043efd7314ca199f5e3bd3778dc8d 0157eb0d9dd34aeda9da52eb4a886398 - - default default] 10.0.0.69 "PUT /v2.0/routers/2b2ac57d-1547-4fa1-a498-a049a8f3b9da/add_router_interface HTTP/1.1" status: 200 len: 503 time: 2.6757224
2026-07-24 01:03:39.204 10 INFO neutron.wsgi [req-4a7e576f-eeb1-4f3c-8974-163103f1d785 req-df8c070a-3b68-442d-b2f5-fd6f1c8ecdfe 3d0121cd1b454616ba9a4ff034fd2431 1ecd37e125d0471e8fda5105efe85ccb - - default default] 10.0.0.217 "GET /v2.0/ports?device_id=37547ae1-4595-4ac9-8f26-b456fc17983e HTTP/1.1" status: 200 len: 1170 time: 0.0482023
2026-07-24 01:03:39.228 10 INFO neutron.wsgi [None req-759aabdb-4fb6-4530-b88d-a179e00497db 38d0259a59b64ef49f2b29d8c51336b9 e71742c696104b548b7c41439bf0e991 - - default default] 10.0.0.69 "GET /v2.0/security-groups?tenant_id=e0b4b09d233a4547996982bf9acc2755&name=default HTTP/1.1" status: 200 len: 3120 time: 0.0845237
2026-07-24 01:03:39.275 10 INFO neutron.wsgi [req-4a7e576f-eeb1-4f3c-8974-163103f1d785 req-7b788275-eb73-4d3b-a822-c0eef90902d6 3d0121cd1b454616ba9a4ff034fd2431 1ecd37e125d0471e8fda5105efe85ccb - - default default] 10.0.0.217 "GET /v2.0/security-groups?id=104fbf81-729e-4cf6-8d72-81121597ca26&fields=id&fields=name HTTP/1.1" status: 200 len: 313 time: 0.0602834
2026-07-24 01:03:39.341 9 INFO neutron.wsgi [None req-46e69b75-ef9f-49f9-acab-f5545bfb2064 dbf043efd7314ca199f5e3bd3778dc8d 0157eb0d9dd34aeda9da52eb4a886398 - - default default] 10.0.0.69 "GET /v2.0/ports/c0dd5670-1cd0-4652-9013-1101d7a98a8c HTTP/1.1" status: 200 len: 1149 time: 0.1367600
2026-07-24 01:03:39.396 9 INFO neutron.db.ovn_revision_numbers_db [None req-3485fe21-9895-416d-9230-c030cede402e - - - - - -] Successfully bumped revision number for resource c0dd5670-1cd0-4652-9013-1101d7a98a8c (type: ports) to 2
2026-07-24 01:03:39.465 10 INFO neutron.wsgi [None req-f711bb34-e0e1-4fe2-8e0f-ea41ed282501 dbf043efd7314ca199f5e3bd3778dc8d 0157eb0d9dd34aeda9da52eb4a886398 - - default default] 10.0.0.69 "GET /v2.0/ports/c0dd5670-1cd0-4652-9013-1101d7a98a8c HTTP/1.1" status: 200 len: 1149 time: 0.1177890
2026-07-24 01:03:39.549 10 INFO neutron.wsgi [None req-6cd71664-de06-408f-af91-f6200bbd0727 38d0259a59b64ef49f2b29d8c51336b9 e71742c696104b548b7c41439bf0e991 - - default default] 10.0.0.69 "DELETE /v2.0/security-groups/f48a987c-6716-4b81-96f7-74a495cb9eab HTTP/1.1" status: 204 len: 168 time: 0.3156826
2026-07-24 01:03:39.609 9 INFO neutron.db.ovn_revision_numbers_db [None req-3485fe21-9895-416d-9230-c030cede402e - - - - - -] Successfully bumped revision number for resource c0dd5670-1cd0-4652-9013-1101d7a98a8c (type: router_ports) to 2
2026-07-24 01:03:39.762 10 INFO neutron.wsgi [req-b3ef5f41-1fa0-4604-960b-27256411ce2d req-a3fbb4c1-e719-4b44-a4f4-59b730e28afa 3d0121cd1b454616ba9a4ff034fd2431 1ecd37e125d0471e8fda5105efe85ccb - - default default] 10.0.0.217 "GET /v2.0/ports?device_id=37547ae1-4595-4ac9-8f26-b456fc17983e HTTP/1.1" status: 200 len: 1170 time: 0.0648079
2026-07-24 01:03:39.818 10 INFO neutron.wsgi [req-b3ef5f41-1fa0-4604-960b-27256411ce2d req-3ca32328-f29d-48fc-bb07-a6ad9e80791d 3d0121cd1b454616ba9a4ff034fd2431 1ecd37e125d0471e8fda5105efe85ccb - - default default] 10.0.0.217 "GET /v2.0/security-groups?id=104fbf81-729e-4cf6-8d72-81121597ca26&fields=id&fields=name HTTP/1.1" status: 200 len: 313 time: 0.0490983
2026-07-24 01:03:40.115 9 INFO neutron.wsgi [req-e1fa3d6e-7860-4d17-8547-096961a6566b req-2e060dfb-ec19-44c8-9c8f-883692807c0c ff8a839f900c4f0eaa96d4222ca76fb6 958ef7bbaeb646e7afa86b25a36755fd - - bfcdf39411394c26a023ea4d7a81cd26 bfcdf39411394c26a023ea4d7a81cd26] 199.204.45.95 "GET /v2.0/ports?tenant_id=1ecd37e125d0471e8fda5105efe85ccb&device_id=37547ae1-4595-4ac9-8f26-b456fc17983e HTTP/1.1" status: 200 len: 1409 time: 0.0432582
2026-07-24 01:03:40.215 9 INFO neutron.wsgi [req-e1fa3d6e-7860-4d17-8547-096961a6566b req-05a6d6e5-037b-43b0-b5b8-3e6b6bd85ff4 ff8a839f900c4f0eaa96d4222ca76fb6 958ef7bbaeb646e7afa86b25a36755fd - - bfcdf39411394c26a023ea4d7a81cd26 bfcdf39411394c26a023ea4d7a81cd26] 199.204.45.95 "GET /v2.0/networks?id=d976c685-352d-4862-8ff7-75b5f52d8099 HTTP/1.1" status: 200 len: 974 time: 0.0892732
2026-07-24 01:03:40.297 9 INFO neutron.wsgi [req-e1fa3d6e-7860-4d17-8547-096961a6566b req-f436085c-ce12-4ef0-a0a7-6b11f652f882 ff8a839f900c4f0eaa96d4222ca76fb6 958ef7bbaeb646e7afa86b25a36755fd - - bfcdf39411394c26a023ea4d7a81cd26 bfcdf39411394c26a023ea4d7a81cd26] 199.204.45.95 "GET /v2.0/floatingips?fixed_ip_address=10.100.0.3&port_id=eb92c00b-f751-4a20-8669-5ee7d3d17f3b HTTP/1.1" status: 200 len: 1059 time: 0.0731564
2026-07-24 01:03:40.363 9 INFO neutron.wsgi [req-e1fa3d6e-7860-4d17-8547-096961a6566b req-97cf047e-d04a-4ef3-9bd1-56b8b83fd33d ff8a839f900c4f0eaa96d4222ca76fb6 958ef7bbaeb646e7afa86b25a36755fd - - bfcdf39411394c26a023ea4d7a81cd26 bfcdf39411394c26a023ea4d7a81cd26] 199.204.45.95 "GET /v2.0/subnets?id=1fc828e6-c680-401e-ba7e-c6259e1dd682 HTTP/1.1" status: 200 len: 869 time: 0.0586281
2026-07-24 01:03:40.393 9 INFO neutron.wsgi [req-e1fa3d6e-7860-4d17-8547-096961a6566b req-a8a5a935-c8ff-47ee-b8e5-cd3b030cd78c ff8a839f900c4f0eaa96d4222ca76fb6 958ef7bbaeb646e7afa86b25a36755fd - - bfcdf39411394c26a023ea4d7a81cd26 bfcdf39411394c26a023ea4d7a81cd26] 199.204.45.95 "GET /v2.0/ports?network_id=d976c685-352d-4862-8ff7-75b5f52d8099&device_owner=network%3Adhcp HTTP/1.1" status: 200 len: 210 time: 0.0239213
2026-07-24 01:03:40.506 9 INFO neutron.wsgi [req-e1fa3d6e-7860-4d17-8547-096961a6566b req-6ab66d6f-6fcb-4ff4-97a6-047a78836c6d ff8a839f900c4f0eaa96d4222ca76fb6 958ef7bbaeb646e7afa86b25a36755fd - - bfcdf39411394c26a023ea4d7a81cd26 bfcdf39411394c26a023ea4d7a81cd26] 199.204.45.95 "GET /v2.0/networks/d976c685-352d-4862-8ff7-75b5f52d8099?fields=segments HTTP/1.1" status: 200 len: 212 time: 0.0878758
2026-07-24 01:03:40.613 9 INFO neutron.wsgi [req-e1fa3d6e-7860-4d17-8547-096961a6566b req-612a9af9-1a42-4329-b596-849884da23b2 ff8a839f900c4f0eaa96d4222ca76fb6 958ef7bbaeb646e7afa86b25a36755fd - - bfcdf39411394c26a023ea4d7a81cd26 bfcdf39411394c26a023ea4d7a81cd26] 199.204.45.95 "GET /v2.0/networks/d976c685-352d-4862-8ff7-75b5f52d8099?fields=provider%3Aphysical_network&fields=provider%3Anetwork_type HTTP/1.1" status: 200 len: 277 time: 0.0979211
2026-07-24 01:03:40.784 9 INFO neutron.wsgi [None req-fb905dd7-548c-4469-a9cc-7b8de679c98c dbf043efd7314ca199f5e3bd3778dc8d 0157eb0d9dd34aeda9da52eb4a886398 - - default default] 10.0.0.69 "PUT /v2.0/routers/2b2ac57d-1547-4fa1-a498-a049a8f3b9da/remove_router_interface HTTP/1.1" status: 200 len: 503 time: 1.3143413 /var/lib/openstack/lib/python3.10/site-packages/pycadf/identifier.py:71: UserWarning: Invalid uuid: neutron. To ensure interoperability, identifiers should be a valid uuid. warnings.warn(('Invalid uuid: %s. To ensure interoperability, '
2026-07-24 01:03:40.850 9 INFO neutron.wsgi [None req-88f3b1b9-5a5a-4a2c-ae04-2f6b05db120f dbf043efd7314ca199f5e3bd3778dc8d 0157eb0d9dd34aeda9da52eb4a886398 - - default default] 10.0.0.69 "GET /v2.0/ports/cf807403-dddc-4730-84db-59aea21fd2e4 HTTP/1.1" status: 200 len: 1141 time: 0.0574234
2026-07-24 01:03:40.973 10 INFO neutron.wsgi [req-12bdfe97-5f80-400e-8142-db39feb2d451 req-fbe28ba0-cf9b-491c-b45a-3ce33228d2e2 3d0121cd1b454616ba9a4ff034fd2431 1ecd37e125d0471e8fda5105efe85ccb - - default default] 10.0.0.217 "GET /v2.0/ports?device_id=37547ae1-4595-4ac9-8f26-b456fc17983e HTTP/1.1" status: 200 len: 1170 time: 0.0765171
2026-07-24 01:03:41.051 10 INFO neutron.wsgi [req-12bdfe97-5f80-400e-8142-db39feb2d451 req-a6538ef7-50d0-46ef-a677-bd881c522746 3d0121cd1b454616ba9a4ff034fd2431 1ecd37e125d0471e8fda5105efe85ccb - - default default] 10.0.0.217 "GET /v2.0/security-groups?id=104fbf81-729e-4cf6-8d72-81121597ca26&fields=id&fields=name HTTP/1.1" status: 200 len: 313 time: 0.0696795
2026-07-24 01:03:41.651 9 INFO neutron.wsgi [None req-a1c81537-8e1f-4760-b314-39a73e5602dc dbf043efd7314ca199f5e3bd3778dc8d 0157eb0d9dd34aeda9da52eb4a886398 - - default default] 10.0.0.69 "PUT /v2.0/routers/2b2ac57d-1547-4fa1-a498-a049a8f3b9da/remove_router_interface HTTP/1.1" status: 200 len: 503 time: 0.7909284 /var/lib/openstack/lib/python3.10/site-packages/pycadf/identifier.py:71: UserWarning: Invalid uuid: neutron. To ensure interoperability, identifiers should be a valid uuid. warnings.warn(('Invalid uuid: %s. To ensure interoperability, '
2026-07-24 01:03:41.687 9 INFO neutron.wsgi [None req-7db48f3f-9b22-43a2-84c6-ef0c903913fc dbf043efd7314ca199f5e3bd3778dc8d 0157eb0d9dd34aeda9da52eb4a886398 - - default default] 10.0.0.69 "GET /v2.0/ports?device_id=2b2ac57d-1547-4fa1-a498-a049a8f3b9da HTTP/1.1" status: 200 len: 205 time: 0.0289378
2026-07-24 01:03:41.894 10 INFO neutron.db.ovn_revision_numbers_db [None req-e14e3762-42bb-48c2-a719-4c385e61db1b 38d0259a59b64ef49f2b29d8c51336b9 e71742c696104b548b7c41439bf0e991 - - default default] Successfully bumped revision number for resource 32dff1eb-573a-4615-bb08-2a21e59045b9 (type: security_groups) to 1
2026-07-24 01:03:41.910 10 INFO neutron.db.ovn_revision_numbers_db [None req-e14e3762-42bb-48c2-a719-4c385e61db1b 38d0259a59b64ef49f2b29d8c51336b9 e71742c696104b548b7c41439bf0e991 - - default default] Successfully bumped revision number for resource 5cdad64c-af3f-42ce-af9b-055394b794d3 (type: security_group_rules) to 0
2026-07-24 01:03:41.926 10 INFO neutron.db.ovn_revision_numbers_db [None req-e14e3762-42bb-48c2-a719-4c385e61db1b 38d0259a59b64ef49f2b29d8c51336b9 e71742c696104b548b7c41439bf0e991 - - default default] Successfully bumped revision number for resource 7c146d51-a057-4bdd-b1ef-b1a0f787f7e7 (type: security_group_rules) to 0
2026-07-24 01:03:41.941 10 INFO neutron.db.ovn_revision_numbers_db [None req-e14e3762-42bb-48c2-a719-4c385e61db1b 38d0259a59b64ef49f2b29d8c51336b9 e71742c696104b548b7c41439bf0e991 - - default default] Successfully bumped revision number for resource ef85ac55-1187-4781-a0d1-a146908738b6 (type: security_group_rules) to 0
2026-07-24 01:03:41.956 10 INFO neutron.db.ovn_revision_numbers_db [None req-e14e3762-42bb-48c2-a719-4c385e61db1b 38d0259a59b64ef49f2b29d8c51336b9 e71742c696104b548b7c41439bf0e991 - - default default] Successfully bumped revision number for resource f7342fae-7023-4174-83fc-f53a31388f03 (type: security_group_rules) to 0
2026-07-24 01:03:42.004 10 INFO neutron.db.segments_db [None req-e14e3762-42bb-48c2-a719-4c385e61db1b 38d0259a59b64ef49f2b29d8c51336b9 e71742c696104b548b7c41439bf0e991 - - default default] Added segment 333f653c-d439-414b-9b85-459db387ccac of type geneve for network 71f571ee-8c1a-4342-8723-0b2fb84b4b94
2026-07-24 01:03:42.022 9 INFO neutron.wsgi [None req-a531eb6c-b430-473f-9aaf-3eff24b028f2 dbf043efd7314ca199f5e3bd3778dc8d 0157eb0d9dd34aeda9da52eb4a886398 - - default default] 10.0.0.69 "DELETE /v2.0/routers/2b2ac57d-1547-4fa1-a498-a049a8f3b9da HTTP/1.1" status: 204 len: 168 time: 0.3271391
2026-07-24 01:03:42.177 10 INFO neutron.wsgi [req-678ef59a-4e3a-48a9-8760-f4401b532d21 req-b77e2dfc-efbb-423d-9f15-9fa2a7f3df0d 3d0121cd1b454616ba9a4ff034fd2431 1ecd37e125d0471e8fda5105efe85ccb - - default default] 10.0.0.217 "GET /v2.0/ports?device_id=37547ae1-4595-4ac9-8f26-b456fc17983e HTTP/1.1" status: 200 len: 1170 time: 0.0454016
2026-07-24 01:03:42.183 10 INFO neutron.db.ovn_revision_numbers_db [None req-e14e3762-42bb-48c2-a719-4c385e61db1b 38d0259a59b64ef49f2b29d8c51336b9 e71742c696104b548b7c41439bf0e991 - - default default] Successfully bumped revision number for resource 71f571ee-8c1a-4342-8723-0b2fb84b4b94 (type: networks) to 1
2026-07-24 01:03:42.239 9 INFO neutron.wsgi [None req-347e7bd7-6443-4c3d-a70a-f34ca51b0f58 dbf043efd7314ca199f5e3bd3778dc8d 0157eb0d9dd34aeda9da52eb4a886398 - - default default] 10.0.0.69 "DELETE /v2.0/subnets/ba4c9fee-e49e-4579-8918-9473c66c3790 HTTP/1.1" status: 204 len: 168 time: 0.2109768
2026-07-24 01:03:42.250 10 INFO neutron.wsgi [req-678ef59a-4e3a-48a9-8760-f4401b532d21 req-14d115e9-186c-4910-aa15-4061a4bbae2a 3d0121cd1b454616ba9a4ff034fd2431 1ecd37e125d0471e8fda5105efe85ccb - - default default] 10.0.0.217 "GET /v2.0/security-groups?id=104fbf81-729e-4cf6-8d72-81121597ca26&fields=id&fields=name HTTP/1.1" status: 200 len: 313 time: 0.0653601
2026-07-24 01:03:42.382 10 WARNING neutron.scheduler.dhcp_agent_scheduler [None req-e14e3762-42bb-48c2-a719-4c385e61db1b 38d0259a59b64ef49f2b29d8c51336b9 e71742c696104b548b7c41439bf0e991 - - default default] No more DHCP agents
2026-07-24 01:03:42.384 10 WARNING neutron.api.rpc.agentnotifiers.dhcp_rpc_agent_api [None req-e14e3762-42bb-48c2-a719-4c385e61db1b 38d0259a59b64ef49f2b29d8c51336b9 e71742c696104b548b7c41439bf0e991 - - default default] Unable to schedule network 71f571ee-8c1a-4342-8723-0b2fb84b4b94: no agents available; will retry on subsequent port and subnet creation events.
2026-07-24 01:03:42.460 10 WARNING neutron.plugins.ml2.drivers.ovn.mech_driver.ovsdb.ovn_client [None req-49ae18bc-19e2-4d02-b08f-2f7fd8c3b424 - - - - - -] No port found with ID cf807403-dddc-4730-84db-59aea21fd2e4: RuntimeError: No port found with ID cf807403-dddc-4730-84db-59aea21fd2e4
2026-07-24 01:03:42.476 9 INFO neutron.wsgi [None req-55f8efe1-e0e2-411b-b7e1-2e29e3c2f56e dbf043efd7314ca199f5e3bd3778dc8d 0157eb0d9dd34aeda9da52eb4a886398 - - default default] 10.0.0.69 "DELETE /v2.0/subnets/0970c1d5-58e9-4cd4-afb5-c2d7188b8fc5 HTTP/1.1" status: 204 len: 168 time: 0.2318854
2026-07-24 01:03:42.479 10 INFO neutron.db.ovn_revision_numbers_db [None req-e14e3762-42bb-48c2-a719-4c385e61db1b 38d0259a59b64ef49f2b29d8c51336b9 e71742c696104b548b7c41439bf0e991 - - default default] Successfully bumped revision number for resource 2558443b-5c9c-43e8-bd6d-25395a01e179 (type: ports) to 1
2026-07-24 01:03:42.502 10 INFO neutron.wsgi [None req-e14e3762-42bb-48c2-a719-4c385e61db1b 38d0259a59b64ef49f2b29d8c51336b9 e71742c696104b548b7c41439bf0e991 - - default default] 10.0.0.69 "POST /v2.0/networks HTTP/1.1" status: 201 len: 948 time: 0.9907994
2026-07-24 01:03:42.672 10 WARNING neutron.scheduler.dhcp_agent_scheduler [None req-190c7958-5619-4a51-b885-0b026e3c3cdc 38d0259a59b64ef49f2b29d8c51336b9 e71742c696104b548b7c41439bf0e991 - - default default] No more DHCP agents
2026-07-24 01:03:42.676 10 WARNING neutron.api.rpc.agentnotifiers.dhcp_rpc_agent_api [None req-190c7958-5619-4a51-b885-0b026e3c3cdc 38d0259a59b64ef49f2b29d8c51336b9 e71742c696104b548b7c41439bf0e991 - - default default] Unable to schedule network 71f571ee-8c1a-4342-8723-0b2fb84b4b94: no agents available; will retry on subsequent port and subnet creation events.
2026-07-24 01:03:42.879 9 INFO neutron.services.segments.plugin [-] Segment e84e17c0-c227-47ff-aaf1-30f8044e42cd resource provider aggregate not found
2026-07-24 01:03:42.884 9 INFO neutron.services.segments.plugin [-] Segment e84e17c0-c227-47ff-aaf1-30f8044e42cd resource provider aggregate not found
2026-07-24 01:03:42.903 9 INFO neutron.services.segments.plugin [-] Segment e84e17c0-c227-47ff-aaf1-30f8044e42cd resource provider not found; error: Placement Client Error (4xx): {"errors": [{"status": 404, "title": "Not Found", "detail": "The resource could not be found.\n\n No resource provider with uuid e84e17c0-c227-47ff-aaf1-30f8044e42cd found for delete ", "request_id": "req-b22fc336-726e-4474-a7ad-a365c1812a43"}]}
2026-07-24 01:03:42.905 9 INFO neutron.services.segments.plugin [-] Segment e84e17c0-c227-47ff-aaf1-30f8044e42cd resource provider not found; error: Placement Client Error (4xx): {"errors": [{"status": 404, "title": "Not Found", "detail": "The resource could not be found.\n\n No resource provider with uuid e84e17c0-c227-47ff-aaf1-30f8044e42cd found for delete ", "request_id": "req-aad4411f-396e-46b5-b1a9-0910984d8289"}]}
