File "/var/lib/openstack/lib/python3.10/site-packages/ovsdbapp/backend/ovs_idl/__init__.py", line 235, in _lookup
2026-07-24 01:03:10.262 9 ERROR neutron_lib.callbacks.manager row = idlutils.row_by_value(self, rl.table, rl.column, record)
2026-07-24 01:03:10.262 9 ERROR neutron_lib.callbacks.manager
File "/var/lib/openstack/lib/python3.10/site-packages/ovsdbapp/backend/ovs_idl/idlutils.py", line 114, in row_by_value
2026-07-24 01:03:10.262 9 ERROR neutron_lib.callbacks.manager raise RowNotFound(table=table, col=column, match=match)
2026-07-24 01:03:10.262 9 ERROR neutron_lib.callbacks.manager ovsdbapp.backend.ovs_idl.idlutils.RowNotFound: Cannot find Logical_Router_Port with name=lrp-3e3af914-076c-4358-a529-978b1e618161
2026-07-24 01:03:10.262 9 ERROR neutron_lib.callbacks.manager 
2026-07-24 01:03:10.325 10 INFO neutron.db.ovn_revision_numbers_db [None req-837769e1-8037-4464-9269-eb79a16c16ea 38d0259a59b64ef49f2b29d8c51336b9 e71742c696104b548b7c41439bf0e991 - - default default] Successfully bumped revision number for resource 485a8db1-d03f-473a-a2c3-04f27b774df3 (type: router_ports) to 1
2026-07-24 01:03:10.331 10 INFO neutron.wsgi [None req-837769e1-8037-4464-9269-eb79a16c16ea 38d0259a59b64ef49f2b29d8c51336b9 e71742c696104b548b7c41439bf0e991 - - default default] 10.0.0.69 "PUT /v2.0/routers/f54d11a0-0902-4dbf-9999-bb9c63cb82a0/add_router_interface HTTP/1.1" status: 200 len: 503 time: 2.7063124
2026-07-24 01:03:10.636 9 INFO neutron.db.ovn_revision_numbers_db [None req-05ee3f71-d625-4ed0-bcc1-bd138c0ef176 - - - - - -] Successfully bumped revision number for resource 9e67ac10-1f76-4cd3-b390-13bc3e2df23a (type: ports) to 2
2026-07-24 01:03:10.698 9 WARNING neutron.scheduler.dhcp_agent_scheduler [None req-c73f095e-58be-45c0-8b12-c84b2af64f4a 38d0259a59b64ef49f2b29d8c51336b9 e71742c696104b548b7c41439bf0e991 - - default default] No more DHCP agents
2026-07-24 01:03:10.706 9 WARNING neutron.api.rpc.agentnotifiers.dhcp_rpc_agent_api [None req-c73f095e-58be-45c0-8b12-c84b2af64f4a 38d0259a59b64ef49f2b29d8c51336b9 e71742c696104b548b7c41439bf0e991 - - default default] Unable to schedule network 532420de-6743-42b4-a3dc-b6c4a2a3361f: no agents available; will retry on subsequent port and subnet creation events.
2026-07-24 01:03:10.825 9 WARNING neutron.scheduler.dhcp_agent_scheduler [None req-97dda585-586d-47a5-b687-3f13f7096c07 48471ddb445e4a35a5686d15a943840c fe37ede89e8142b6951b61a13f614b04 - - default default] No more DHCP agents
2026-07-24 01:03:10.844 9 WARNING neutron.api.rpc.agentnotifiers.dhcp_rpc_agent_api [None req-97dda585-586d-47a5-b687-3f13f7096c07 48471ddb445e4a35a5686d15a943840c fe37ede89e8142b6951b61a13f614b04 - - default default] Unable to schedule network 138bd5aa-65b2-4522-bba2-e6e69ecbedf2: no agents available; will retry on subsequent port and subnet creation events.
2026-07-24 01:03:10.959 10 WARNING neutron_lib.context [None req-d9019f13-902c-4dcf-a224-d0fb9e48f6bb 3d0121cd1b454616ba9a4ff034fd2431 1ecd37e125d0471e8fda5105efe85ccb - - default default] Method 'is_advsvc' is deprecated since 2023.2 release (neutron-lib 3.8.0) and will be removed once support for the old RBAC API policies will be removed from Neutron. Please use method 'is_service_role' instead.
2026-07-24 01:03:11.009 9 INFO neutron.plugins.ml2.drivers.ovn.mech_driver.mech_driver [None req-3485fe21-9895-416d-9230-c030cede402e - - - - - -] OVN reports status up for port: 3e3af914-076c-4358-a529-978b1e618161
2026-07-24 01:03:11.039 9 INFO neutron.plugins.ml2.plugin [None req-3485fe21-9895-416d-9230-c030cede402e - - - - - -] Attempt 1 to provision port 3e3af914-076c-4358-a529-978b1e618161
2026-07-24 01:03:11.096 10 INFO neutron.db.ovn_revision_numbers_db [None req-d9019f13-902c-4dcf-a224-d0fb9e48f6bb 3d0121cd1b454616ba9a4ff034fd2431 1ecd37e125d0471e8fda5105efe85ccb - - default default] Successfully bumped revision number for resource 104fbf81-729e-4cf6-8d72-81121597ca26 (type: security_groups) to 1
2026-07-24 01:03:11.098 9 INFO neutron.db.ovn_revision_numbers_db [None req-ef1166f5-ad81-444b-ae93-d1fa7974c513 38d0259a59b64ef49f2b29d8c51336b9 e71742c696104b548b7c41439bf0e991 - - default default] Successfully bumped revision number for resource 3e3af914-076c-4358-a529-978b1e618161 (type: ports) to 1
2026-07-24 01:03:11.110 10 INFO neutron.db.ovn_revision_numbers_db [None req-d9019f13-902c-4dcf-a224-d0fb9e48f6bb 3d0121cd1b454616ba9a4ff034fd2431 1ecd37e125d0471e8fda5105efe85ccb - - default default] Successfully bumped revision number for resource 7b9a3cf0-3cb4-4262-99f3-5207a6776dbd (type: security_group_rules) to 0
2026-07-24 01:03:11.112 9 INFO neutron.db.ovn_revision_numbers_db [None req-97dda585-586d-47a5-b687-3f13f7096c07 48471ddb445e4a35a5686d15a943840c fe37ede89e8142b6951b61a13f614b04 - - default default] Successfully bumped revision number for resource c751f3e3-bacc-4f1f-9883-8c1cb2b46dba (type: ports) to 1
2026-07-24 01:03:11.128 10 INFO neutron.db.ovn_revision_numbers_db [None req-d9019f13-902c-4dcf-a224-d0fb9e48f6bb 3d0121cd1b454616ba9a4ff034fd2431 1ecd37e125d0471e8fda5105efe85ccb - - default default] Successfully bumped revision number for resource 92e39652-b8a6-49d0-acaa-82c15c9cb277 (type: security_group_rules) to 0
2026-07-24 01:03:11.151 10 INFO neutron.wsgi [None req-d9019f13-902c-4dcf-a224-d0fb9e48f6bb 3d0121cd1b454616ba9a4ff034fd2431 1ecd37e125d0471e8fda5105efe85ccb - - default default] 10.0.0.69 "POST /v2.0/security-groups HTTP/1.1" status: 201 len: 1860 time: 0.2001343
2026-07-24 01:03:11.163 10 WARNING neutron_lib.context [None req-2f5da5bb-5345-4bd5-82a5-d688e17601d8 3d0121cd1b454616ba9a4ff034fd2431 1ecd37e125d0471e8fda5105efe85ccb - - default default] Method 'is_advsvc' is deprecated since 2023.2 release (neutron-lib 3.8.0) and will be removed once support for the old RBAC API policies will be removed from Neutron. Please use method 'is_service_role' instead.
2026-07-24 01:03:11.173 9 INFO neutron.wsgi [None req-97dda585-586d-47a5-b687-3f13f7096c07 48471ddb445e4a35a5686d15a943840c fe37ede89e8142b6951b61a13f614b04 - - default default] 10.0.0.69 "POST /v2.0/networks HTTP/1.1" status: 201 len: 844 time: 2.4588497
2026-07-24 01:03:11.189 10 WARNING neutron_lib.context [None req-dadcb70c-c0e9-45ea-bec1-46dd869e561e 48471ddb445e4a35a5686d15a943840c fe37ede89e8142b6951b61a13f614b04 - - default default] Method 'is_advsvc' is deprecated since 2023.2 release (neutron-lib 3.8.0) and will be removed once support for the old RBAC API policies will be removed from Neutron. Please use method 'is_service_role' instead.
2026-07-24 01:03:11.279 9 WARNING neutron.scheduler.dhcp_agent_scheduler [None req-ef1166f5-ad81-444b-ae93-d1fa7974c513 38d0259a59b64ef49f2b29d8c51336b9 e71742c696104b548b7c41439bf0e991 - - default default] No more DHCP agents
2026-07-24 01:03:11.285 9 WARNING neutron.api.rpc.agentnotifiers.dhcp_rpc_agent_api [None req-ef1166f5-ad81-444b-ae93-d1fa7974c513 38d0259a59b64ef49f2b29d8c51336b9 e71742c696104b548b7c41439bf0e991 - - default default] Unable to schedule network 43a5075d-1e7f-4486-bbf4-be0e96526ce4: no agents available; will retry on subsequent port and subnet creation events.
2026-07-24 01:03:11.384 10 INFO neutron.db.ovn_revision_numbers_db [None req-2f5da5bb-5345-4bd5-82a5-d688e17601d8 3d0121cd1b454616ba9a4ff034fd2431 1ecd37e125d0471e8fda5105efe85ccb - - default default] Successfully bumped revision number for resource ee6ed06e-1763-4e93-9ace-2d7042214a64 (type: security_group_rules) to 0
2026-07-24 01:03:11.424 10 INFO neutron.wsgi [None req-2f5da5bb-5345-4bd5-82a5-d688e17601d8 3d0121cd1b454616ba9a4ff034fd2431 1ecd37e125d0471e8fda5105efe85ccb - - default default] 10.0.0.69 "POST /v2.0/security-group-rules HTTP/1.1" status: 201 len: 796 time: 0.2664113
2026-07-24 01:03:11.435 10 WARNING neutron_lib.context [None req-87f0f751-566e-4503-8579-9c090c40f5e1 3d0121cd1b454616ba9a4ff034fd2431 1ecd37e125d0471e8fda5105efe85ccb - - default default] Method 'is_advsvc' is deprecated since 2023.2 release (neutron-lib 3.8.0) and will be removed once support for the old RBAC API policies will be removed from Neutron. Please use method 'is_service_role' instead.
2026-07-24 01:03:11.515 10 WARNING neutron.scheduler.dhcp_agent_scheduler [None req-dadcb70c-c0e9-45ea-bec1-46dd869e561e 48471ddb445e4a35a5686d15a943840c fe37ede89e8142b6951b61a13f614b04 - - default default] No more DHCP agents
2026-07-24 01:03:11.520 10 WARNING neutron.api.rpc.agentnotifiers.dhcp_rpc_agent_api [None req-dadcb70c-c0e9-45ea-bec1-46dd869e561e 48471ddb445e4a35a5686d15a943840c fe37ede89e8142b6951b61a13f614b04 - - default default] Unable to schedule network 138bd5aa-65b2-4522-bba2-e6e69ecbedf2: no agents available; will retry on subsequent port and subnet creation events.
2026-07-24 01:03:11.617 10 INFO neutron.db.ovn_revision_numbers_db [None req-dadcb70c-c0e9-45ea-bec1-46dd869e561e 48471ddb445e4a35a5686d15a943840c fe37ede89e8142b6951b61a13f614b04 - - default default] Successfully bumped revision number for resource a9f57013-8347-44f5-ba34-9c920b4362e0 (type: ports) to 1
2026-07-24 01:03:11.633 10 INFO neutron.db.ovn_revision_numbers_db [None req-87f0f751-566e-4503-8579-9c090c40f5e1 3d0121cd1b454616ba9a4ff034fd2431 1ecd37e125d0471e8fda5105efe85ccb - - default default] Successfully bumped revision number for resource 86f16ab3-183c-4f1c-8394-8d965bc2b39e (type: security_group_rules) to 0
2026-07-24 01:03:11.653 10 INFO neutron.wsgi [None req-dadcb70c-c0e9-45ea-bec1-46dd869e561e 48471ddb445e4a35a5686d15a943840c fe37ede89e8142b6951b61a13f614b04 - - default default] 10.0.0.69 "POST /v2.0/ports HTTP/1.1" status: 201 len: 973 time: 0.4704726
2026-07-24 01:03:11.661 9 INFO neutron.db.ovn_revision_numbers_db [None req-05ee3f71-d625-4ed0-bcc1-bd138c0ef176 - - - - - -] Successfully bumped revision number for resource 9e67ac10-1f76-4cd3-b390-13bc3e2df23a (type: ports) to 4
2026-07-24 01:03:11.663 10 INFO neutron.wsgi [None req-87f0f751-566e-4503-8579-9c090c40f5e1 3d0121cd1b454616ba9a4ff034fd2431 1ecd37e125d0471e8fda5105efe85ccb - - default default] 10.0.0.69 "POST /v2.0/security-group-rules HTTP/1.1" status: 201 len: 801 time: 0.2314596 /var/lib/openstack/lib/python3.10/site-packages/pycadf/identifier.py:71: UserWarning: Invalid uuid: neutron. To ensure interoperability, identifiers should be a valid uuid. warnings.warn(('Invalid uuid: %s. To ensure interoperability, '
2026-07-24 01:03:11.674 10 WARNING neutron_lib.context [None req-aa6b17bb-319c-4470-99b6-12324c0c55ab 48471ddb445e4a35a5686d15a943840c fe37ede89e8142b6951b61a13f614b04 - - default default] Method 'is_advsvc' is deprecated since 2023.2 release (neutron-lib 3.8.0) and will be removed once support for the old RBAC API policies will be removed from Neutron. Please use method 'is_service_role' instead.
2026-07-24 01:03:11.682 10 WARNING neutron_lib.context [None req-3b1a5726-53cc-419a-a538-4c5c37bacded 3d0121cd1b454616ba9a4ff034fd2431 1ecd37e125d0471e8fda5105efe85ccb - - default default] Method 'is_advsvc' is deprecated since 2023.2 release (neutron-lib 3.8.0) and will be removed once support for the old RBAC API policies will be removed from Neutron. Please use method 'is_service_role' instead.
2026-07-24 01:03:11.799 10 INFO neutron.db.segments_db [None req-aa6b17bb-319c-4470-99b6-12324c0c55ab 48471ddb445e4a35a5686d15a943840c fe37ede89e8142b6951b61a13f614b04 - - default default] Added segment d23b531c-f214-4636-80b1-5d2981a0dc83 of type geneve for network 5284541c-990d-498c-9026-d63c0c53bccc
2026-07-24 01:03:11.994 10 INFO neutron.db.ovn_revision_numbers_db [None req-aa6b17bb-319c-4470-99b6-12324c0c55ab 48471ddb445e4a35a5686d15a943840c fe37ede89e8142b6951b61a13f614b04 - - default default] Successfully bumped revision number for resource 5284541c-990d-498c-9026-d63c0c53bccc (type: networks) to 1
2026-07-24 01:03:12.041 10 WARNING neutron.scheduler.dhcp_agent_scheduler [None req-3b1a5726-53cc-419a-a538-4c5c37bacded 3d0121cd1b454616ba9a4ff034fd2431 1ecd37e125d0471e8fda5105efe85ccb - - default default] No more DHCP agents
2026-07-24 01:03:12.044 10 WARNING neutron.api.rpc.agentnotifiers.dhcp_rpc_agent_api [None req-3b1a5726-53cc-419a-a538-4c5c37bacded 3d0121cd1b454616ba9a4ff034fd2431 1ecd37e125d0471e8fda5105efe85ccb - - default default] Unable to schedule network 32195a0b-3c8a-44b1-bd9d-7ec714658ce4: no agents available; will retry on subsequent port and subnet creation events.
2026-07-24 01:03:12.241 10 WARNING neutron.scheduler.dhcp_agent_scheduler [None req-aa6b17bb-319c-4470-99b6-12324c0c55ab 48471ddb445e4a35a5686d15a943840c fe37ede89e8142b6951b61a13f614b04 - - default default] No more DHCP agents
2026-07-24 01:03:12.245 10 WARNING neutron.api.rpc.agentnotifiers.dhcp_rpc_agent_api [None req-aa6b17bb-319c-4470-99b6-12324c0c55ab 48471ddb445e4a35a5686d15a943840c fe37ede89e8142b6951b61a13f614b04 - - default default] Unable to schedule network 5284541c-990d-498c-9026-d63c0c53bccc: no agents available; will retry on subsequent port and subnet creation events.
2026-07-24 01:03:12.358 9 INFO neutron.db.ovn_revision_numbers_db [None req-c73f095e-58be-45c0-8b12-c84b2af64f4a 38d0259a59b64ef49f2b29d8c51336b9 e71742c696104b548b7c41439bf0e991 - - default default] Successfully bumped revision number for resource c302a853-3fe5-4985-9969-4a5ab61c39b1 (type: ports) to 2
2026-07-24 01:03:12.417 9 INFO neutron.db.ovn_revision_numbers_db [None req-3485fe21-9895-416d-9230-c030cede402e - - - - - -] Successfully bumped revision number for resource 3e3af914-076c-4358-a529-978b1e618161 (type: ports) to 2
2026-07-24 01:03:12.464 9 INFO neutron.db.ovn_revision_numbers_db [None req-c73f095e-58be-45c0-8b12-c84b2af64f4a 38d0259a59b64ef49f2b29d8c51336b9 e71742c696104b548b7c41439bf0e991 - - default default] Successfully bumped revision number for resource 7dad6a61-c4ee-4459-86d5-ef0ad3786fd0 (type: subnets) to 0
2026-07-24 01:03:12.520 9 INFO neutron.wsgi [None req-c73f095e-58be-45c0-8b12-c84b2af64f4a 38d0259a59b64ef49f2b29d8c51336b9 e71742c696104b548b7c41439bf0e991 - - default default] 10.0.0.69 "POST /v2.0/subnets HTTP/1.1" status: 201 len: 873 time: 2.4612193
2026-07-24 01:03:12.570 10 INFO neutron.db.ovn_revision_numbers_db [None req-aa6b17bb-319c-4470-99b6-12324c0c55ab 48471ddb445e4a35a5686d15a943840c fe37ede89e8142b6951b61a13f614b04 - - default default] Successfully bumped revision number for resource 131398ed-b76f-4cf2-96b5-5ab9ebcb11ad (type: ports) to 1
2026-07-24 01:03:12.594 10 INFO neutron.wsgi [None req-aa6b17bb-319c-4470-99b6-12324c0c55ab 48471ddb445e4a35a5686d15a943840c fe37ede89e8142b6951b61a13f614b04 - - default default] 10.0.0.69 "POST /v2.0/networks HTTP/1.1" status: 201 len: 830 time: 0.9258900
2026-07-24 01:03:12.621 9 WARNING neutron_lib.context [None req-0c4a92bf-2c05-434c-8f1b-0f2476596d0a 48471ddb445e4a35a5686d15a943840c fe37ede89e8142b6951b61a13f614b04 - - default default] Method 'is_advsvc' is deprecated since 2023.2 release (neutron-lib 3.8.0) and will be removed once support for the old RBAC API policies will be removed from Neutron. Please use method 'is_service_role' instead.
2026-07-24 01:03:12.673 9 INFO neutron.db.ovn_revision_numbers_db [None req-05ee3f71-d625-4ed0-bcc1-bd138c0ef176 - - - - - -] Successfully bumped revision number for resource 9e67ac10-1f76-4cd3-b390-13bc3e2df23a (type: router_ports) to 4
2026-07-24 01:03:12.689 10 INFO neutron.wsgi [None req-3b1a5726-53cc-419a-a538-4c5c37bacded 3d0121cd1b454616ba9a4ff034fd2431 1ecd37e125d0471e8fda5105efe85ccb - - default default] 10.0.0.69 "POST /v2.0/floatingips HTTP/1.1" status: 201 len: 751 time: 1.0202699
2026-07-24 01:03:12.750 9 ERROR ovsdbapp.backend.ovs_idl.command [None req-3485fe21-9895-416d-9230-c030cede402e - - - - - -] Error executing command (DbGetCommand): ovsdbapp.backend.ovs_idl.idlutils.RowNotFound: Cannot find Logical_Router_Port with name=lrp-3e3af914-076c-4358-a529-978b1e618161
2026-07-24 01:03:12.750 9 ERROR ovsdbapp.backend.ovs_idl.command
Traceback (most recent call last):
2026-07-24 01:03:12.750 9 ERROR ovsdbapp.backend.ovs_idl.command
File "/var/lib/openstack/lib/python3.10/site-packages/ovsdbapp/backend/ovs_idl/command.py", line 47, in execute
2026-07-24 01:03:12.750 9 ERROR ovsdbapp.backend.ovs_idl.command self.run_idl(None)
2026-07-24 01:03:12.750 9 ERROR ovsdbapp.backend.ovs_idl.command
File "/var/lib/openstack/lib/python3.10/site-packages/ovsdbapp/backend/ovs_idl/command.py", line 235, in run_idl
2026-07-24 01:03:12.750 9 ERROR ovsdbapp.backend.ovs_idl.command record = self.api.lookup(self.table, self.record)
2026-07-24 01:03:12.750 9 ERROR ovsdbapp.backend.ovs_idl.command
File "/var/lib/openstack/lib/python3.10/site-packages/ovsdbapp/backend/ovs_idl/__init__.py", line 184, in lookup
2026-07-24 01:03:12.750 9 ERROR ovsdbapp.backend.ovs_idl.command return self._lookup(table, record)
2026-07-24 01:03:12.750 9 ERROR ovsdbapp.backend.ovs_idl.command
File "/var/lib/openstack/lib/python3.10/site-packages/ovsdbapp/backend/ovs_idl/__init__.py", line 235, in _lookup
2026-07-24 01:03:12.750 9 ERROR ovsdbapp.backend.ovs_idl.command row = idlutils.row_by_value(self, rl.table, rl.column, record)
2026-07-24 01:03:12.750 9 ERROR ovsdbapp.backend.ovs_idl.command
File "/var/lib/openstack/lib/python3.10/site-packages/ovsdbapp/backend/ovs_idl/idlutils.py", line 114, in row_by_value
2026-07-24 01:03:12.750 9 ERROR ovsdbapp.backend.ovs_idl.command raise RowNotFound(table=table, col=column, match=match)
2026-07-24 01:03:12.750 9 ERROR ovsdbapp.backend.ovs_idl.command ovsdbapp.backend.ovs_idl.idlutils.RowNotFound: Cannot find Logical_Router_Port with name=lrp-3e3af914-076c-4358-a529-978b1e618161
2026-07-24 01:03:12.750 9 ERROR ovsdbapp.backend.ovs_idl.command 
2026-07-24 01:03:12.750 9 ERROR neutron_lib.callbacks.manager [None req-3485fe21-9895-416d-9230-c030cede402e - - - - - -] Error during notification for neutron.services.ovn_l3.plugin.OVNL3RouterPlugin._port_update-8768073982685 port, after_update: ovsdbapp.backend.ovs_idl.idlutils.RowNotFound: Cannot find Logical_Router_Port with name=lrp-3e3af914-076c-4358-a529-978b1e618161
2026-07-24 01:03:12.750 9 ERROR neutron_lib.callbacks.manager
Traceback (most recent call last):
2026-07-24 01:03:12.750 9 ERROR neutron_lib.callbacks.manager
File "/var/lib/openstack/lib/python3.10/site-packages/neutron_lib/callbacks/manager.py", line 189, in _notify_loop
2026-07-24 01:03:12.750 9 ERROR neutron_lib.callbacks.manager callback.method(resource, event, trigger, payload=payload)
2026-07-24 01:03:12.750 9 ERROR neutron_lib.callbacks.manager
File "/var/lib/openstack/lib/python3.10/site-packages/neutron/services/ovn_l3/plugin.py", line 391, in _port_update
2026-07-24 01:03:12.750 9 ERROR neutron_lib.callbacks.manager l3plugin._ovn_client.update_router_port(context,
2026-07-24 01:03:12.750 9 ERROR neutron_lib.callbacks.manager
File "/var/lib/openstack/lib/python3.10/site-packages/neutron/plugins/ml2/drivers/ovn/mech_driver/ovsdb/ovn_client.py", line 1878, in update_router_port
2026-07-24 01:03:12.750 9 ERROR neutron_lib.callbacks.manager self._update_lrouter_port(context, port, if_exists=if_exists,
2026-07-24 01:03:12.750 9 ERROR neutron_lib.callbacks.manager
File "/var/lib/openstack/lib/python3.10/site-packages/neutron/plugins/ml2/drivers/ovn/mech_driver/ovsdb/ovn_client.py", line 1855, in _update_lrouter_port
2026-07-24 01:03:12.750 9 ERROR neutron_lib.callbacks.manager external_ids = self._nb_idl.db_get(
2026-07-24 01:03:12.750 9 ERROR neutron_lib.callbacks.manager
File "/var/lib/openstack/lib/python3.10/site-packages/ovsdbapp/backend/ovs_idl/command.py", line 47, in execute
2026-07-24 01:03:12.750 9 ERROR neutron_lib.callbacks.manager self.run_idl(None)
2026-07-24 01:03:12.750 9 ERROR neutron_lib.callbacks.manager
File "/var/lib/openstack/lib/python3.10/site-packages/ovsdbapp/backend/ovs_idl/command.py", line 235, in run_idl
2026-07-24 01:03:12.750 9 ERROR neutron_lib.callbacks.manager record = self.api.lookup(self.table, self.record)
2026-07-24 01:03:12.750 9 ERROR neutron_lib.callbacks.manager
File "/var/lib/openstack/lib/python3.10/site-packages/ovsdbapp/backend/ovs_idl/__init__.py", line 184, in lookup
2026-07-24 01:03:12.750 9 ERROR neutron_lib.callbacks.manager return self._lookup(table, record)
2026-07-24 01:03:12.750 9 ERROR neutron_lib.callbacks.manager
File "/var/lib/openstack/lib/python3.10/site-packages/ovsdbapp/backend/ovs_idl/__init__.py", line 235, in _lookup
2026-07-24 01:03:12.750 9 ERROR neutron_lib.callbacks.manager row = idlutils.row_by_value(self, rl.table, rl.column, record)
2026-07-24 01:03:12.750 9 ERROR neutron_lib.callbacks.manager
File "/var/lib/openstack/lib/python3.10/site-packages/ovsdbapp/backend/ovs_idl/idlutils.py", line 114, in row_by_value
2026-07-24 01:03:12.750 9 ERROR neutron_lib.callbacks.manager raise RowNotFound(table=table, col=column, match=match)
2026-07-24 01:03:12.750 9 ERROR neutron_lib.callbacks.manager ovsdbapp.backend.ovs_idl.idlutils.RowNotFound: Cannot find Logical_Router_Port with name=lrp-3e3af914-076c-4358-a529-978b1e618161
2026-07-24 01:03:12.750 9 ERROR neutron_lib.callbacks.manager 
2026-07-24 01:03:12.871 9 INFO neutron.plugins.ml2.drivers.ovn.mech_driver.ovsdb.ovsdb_monitor [None req-05ee3f71-d625-4ed0-bcc1-bd138c0ef176 - - - - - -] Router f54d11a0-0902-4dbf-9999-bb9c63cb82a0 is bound to host instance
2026-07-24 01:03:13.168 10 INFO neutron.wsgi [req-56643a41-e2d4-48b5-817c-5154d7068cab req-00cd6afb-07e4-4d2d-82ab-6d0d7d41aa61 3d0121cd1b454616ba9a4ff034fd2431 1ecd37e125d0471e8fda5105efe85ccb - - default default] 10.0.0.217 "GET /v2.0/security-groups?name=tempest-securitygroup--1013187268&fields=id&tenant_id=1ecd37e125d0471e8fda5105efe85ccb HTTP/1.1" status: 200 len: 267 time: 0.0548747
2026-07-24 01:03:13.292 10 INFO neutron.wsgi [req-56643a41-e2d4-48b5-817c-5154d7068cab req-b5f5bcd7-6cd1-456a-9fd0-da3f2c9a8704 3d0121cd1b454616ba9a4ff034fd2431 1ecd37e125d0471e8fda5105efe85ccb - - default default] 10.0.0.217 "GET /v2.0/networks?id=d976c685-352d-4862-8ff7-75b5f52d8099 HTTP/1.1" status: 200 len: 875 time: 0.1168594
2026-07-24 01:03:13.309 10 INFO neutron.wsgi [req-56643a41-e2d4-48b5-817c-5154d7068cab req-fcb335f9-14ce-4624-8951-8a1b7599b92d 3d0121cd1b454616ba9a4ff034fd2431 1ecd37e125d0471e8fda5105efe85ccb - - default default] 10.0.0.217 "GET /v2.0/quotas/1ecd37e125d0471e8fda5105efe85ccb HTTP/1.1" status: 200 len: 491 time: 0.0115547
2026-07-24 01:03:13.442 10 INFO neutron.wsgi [req-56643a41-e2d4-48b5-817c-5154d7068cab req-dc847ab6-3d8c-4862-b5f3-1dd1fdb45c57 3d0121cd1b454616ba9a4ff034fd2431 1ecd37e125d0471e8fda5105efe85ccb - - default default] 10.0.0.217 "GET /v2.0/ports?tenant_id=1ecd37e125d0471e8fda5105efe85ccb&fields=id HTTP/1.1" status: 200 len: 302 time: 0.1249948
2026-07-24 01:03:13.493 9 INFO neutron.db.ovn_revision_numbers_db [None req-ef1166f5-ad81-444b-ae93-d1fa7974c513 38d0259a59b64ef49f2b29d8c51336b9 e71742c696104b548b7c41439bf0e991 - - default default] Successfully bumped revision number for resource 3e3af914-076c-4358-a529-978b1e618161 (type: router_ports) to 1
2026-07-24 01:03:13.502 9 INFO neutron.wsgi [None req-ef1166f5-ad81-444b-ae93-d1fa7974c513 38d0259a59b64ef49f2b29d8c51336b9 e71742c696104b548b7c41439bf0e991 - - default default] 10.0.0.69 "PUT /v2.0/routers/e015b138-60ab-4535-ad13-bf6cd65d280b/add_router_interface HTTP/1.1" status: 200 len: 503 time: 5.8731551
2026-07-24 01:03:13.604 9 WARNING neutron.scheduler.dhcp_agent_scheduler [None req-0c4a92bf-2c05-434c-8f1b-0f2476596d0a 48471ddb445e4a35a5686d15a943840c fe37ede89e8142b6951b61a13f614b04 - - default default] No more DHCP agents
2026-07-24 01:03:13.615 9 WARNING neutron.api.rpc.agentnotifiers.dhcp_rpc_agent_api [None req-0c4a92bf-2c05-434c-8f1b-0f2476596d0a 48471ddb445e4a35a5686d15a943840c fe37ede89e8142b6951b61a13f614b04 - - default default] Unable to schedule network 5284541c-990d-498c-9026-d63c0c53bccc: no agents available; will retry on subsequent port and subnet creation events.
2026-07-24 01:03:13.842 10 INFO neutron.wsgi [req-56643a41-e2d4-48b5-817c-5154d7068cab req-4cc2556a-57fa-4cb9-91ec-1448798eb225 ff8a839f900c4f0eaa96d4222ca76fb6 958ef7bbaeb646e7afa86b25a36755fd - - bfcdf39411394c26a023ea4d7a81cd26 bfcdf39411394c26a023ea4d7a81cd26] 10.0.0.217 "GET /v2.0/extensions HTTP/1.1" status: 200 len: 18683 time: 0.0603685
2026-07-24 01:03:13.927 10 INFO neutron.wsgi [req-56643a41-e2d4-48b5-817c-5154d7068cab req-d4a82f30-fcb9-4e57-bf5c-eee359d45e4b ff8a839f900c4f0eaa96d4222ca76fb6 958ef7bbaeb646e7afa86b25a36755fd - - bfcdf39411394c26a023ea4d7a81cd26 bfcdf39411394c26a023ea4d7a81cd26] 10.0.0.217 "GET /v2.0/networks/d976c685-352d-4862-8ff7-75b5f52d8099?fields=segments HTTP/1.1" status: 200 len: 212 time: 0.0759733
2026-07-24 01:03:14.002 10 INFO neutron.wsgi [req-56643a41-e2d4-48b5-817c-5154d7068cab req-39d4fa78-9cf3-4fb3-a8f0-8f3f3ff9e36c ff8a839f900c4f0eaa96d4222ca76fb6 958ef7bbaeb646e7afa86b25a36755fd - - bfcdf39411394c26a023ea4d7a81cd26 bfcdf39411394c26a023ea4d7a81cd26] 10.0.0.217 "GET /v2.0/networks/d976c685-352d-4862-8ff7-75b5f52d8099?fields=provider%3Aphysical_network&fields=provider%3Anetwork_type HTTP/1.1" status: 200 len: 277 time: 0.0632749
2026-07-24 01:03:14.022 10 WARNING neutron_lib.context [None req-87a01fc3-62d7-40be-b2cb-07759e9be197 9323896cba784e179fe199ffdb2c1eee e0b4b09d233a4547996982bf9acc2755 - - default default] Method 'is_advsvc' is deprecated since 2023.2 release (neutron-lib 3.8.0) and will be removed once support for the old RBAC API policies will be removed from Neutron. Please use method 'is_service_role' instead.
2026-07-24 01:03:14.055 9 WARNING neutron.scheduler.dhcp_agent_scheduler [None req-2bcb622b-6955-480c-a884-32016402fcaf 38d0259a59b64ef49f2b29d8c51336b9 e71742c696104b548b7c41439bf0e991 - - default default] No more DHCP agents
2026-07-24 01:03:14.070 9 WARNING neutron.api.rpc.agentnotifiers.dhcp_rpc_agent_api [None req-2bcb622b-6955-480c-a884-32016402fcaf 38d0259a59b64ef49f2b29d8c51336b9 e71742c696104b548b7c41439bf0e991 - - default default] Unable to schedule network 32195a0b-3c8a-44b1-bd9d-7ec714658ce4: no agents available; will retry on subsequent port and subnet creation events.
2026-07-24 01:03:14.143 10 INFO neutron.db.ovn_revision_numbers_db [None req-87a01fc3-62d7-40be-b2cb-07759e9be197 9323896cba784e179fe199ffdb2c1eee e0b4b09d233a4547996982bf9acc2755 - - default default] Successfully bumped revision number for resource f914e8e5-36dd-4f88-94f8-b2b3fdaca034 (type: security_groups) to 1
2026-07-24 01:03:14.169 10 INFO neutron.db.ovn_revision_numbers_db [None req-87a01fc3-62d7-40be-b2cb-07759e9be197 9323896cba784e179fe199ffdb2c1eee e0b4b09d233a4547996982bf9acc2755 - - default default] Successfully bumped revision number for resource 4232520e-fdb1-4117-b488-48d4f7040742 (type: security_group_rules) to 0
2026-07-24 01:03:14.186 10 INFO neutron.wsgi [req-19a4d79f-b47a-4445-ab6e-fe244c9d4859 req-a37c4432-717f-457b-b6b0-223a0c590634 3d0121cd1b454616ba9a4ff034fd2431 1ecd37e125d0471e8fda5105efe85ccb - - default default] 10.0.0.217 "GET /v2.0/ports?device_id=37547ae1-4595-4ac9-8f26-b456fc17983e HTTP/1.1" status: 200 len: 210 time: 0.0309629
2026-07-24 01:03:14.197 10 INFO neutron.db.ovn_revision_numbers_db [None req-87a01fc3-62d7-40be-b2cb-07759e9be197 9323896cba784e179fe199ffdb2c1eee e0b4b09d233a4547996982bf9acc2755 - - default default] Successfully bumped revision number for resource a56202af-52e0-46f9-9538-7564a208e3a0 (type: security_group_rules) to 0
2026-07-24 01:03:14.237 10 INFO neutron.wsgi [None req-87a01fc3-62d7-40be-b2cb-07759e9be197 9323896cba784e179fe199ffdb2c1eee e0b4b09d233a4547996982bf9acc2755 - - default default] 10.0.0.69 "POST /v2.0/security-groups HTTP/1.1" status: 201 len: 1860 time: 0.2205997
2026-07-24 01:03:14.248 10 WARNING neutron_lib.context [None req-1af159a4-ae8a-49f0-9409-c472bbfef801 9323896cba784e179fe199ffdb2c1eee e0b4b09d233a4547996982bf9acc2755 - - default default] Method 'is_advsvc' is deprecated since 2023.2 release (neutron-lib 3.8.0) and will be removed once support for the old RBAC API policies will be removed from Neutron. Please use method 'is_service_role' instead.
2026-07-24 01:03:14.419 10 INFO neutron.db.ovn_revision_numbers_db [None req-1af159a4-ae8a-49f0-9409-c472bbfef801 9323896cba784e179fe199ffdb2c1eee e0b4b09d233a4547996982bf9acc2755 - - default default] Successfully bumped revision number for resource 5aecad56-ca72-4fd7-b977-2656c716e398 (type: security_group_rules) to 0
2026-07-24 01:03:14.449 10 INFO neutron.wsgi [None req-1af159a4-ae8a-49f0-9409-c472bbfef801 9323896cba784e179fe199ffdb2c1eee e0b4b09d233a4547996982bf9acc2755 - - default default] 10.0.0.69 "POST /v2.0/security-group-rules HTTP/1.1" status: 201 len: 796 time: 0.2061586
2026-07-24 01:03:14.460 10 WARNING neutron_lib.context [None req-63792fe9-8274-453b-83ea-ad9883fe25c2 9323896cba784e179fe199ffdb2c1eee e0b4b09d233a4547996982bf9acc2755 - - default default] Method 'is_advsvc' is deprecated since 2023.2 release (neutron-lib 3.8.0) and will be removed once support for the old RBAC API policies will be removed from Neutron. Please use method 'is_service_role' instead.
2026-07-24 01:03:14.460 9 INFO neutron.db.ovn_revision_numbers_db [None req-2bcb622b-6955-480c-a884-32016402fcaf 38d0259a59b64ef49f2b29d8c51336b9 e71742c696104b548b7c41439bf0e991 - - default default] Successfully bumped revision number for resource f3fb2499-69a2-45c1-aecb-36d4afb4bc14 (type: ports) to 1
2026-07-24 01:03:14.655 10 INFO neutron.db.ovn_revision_numbers_db [None req-63792fe9-8274-453b-83ea-ad9883fe25c2 9323896cba784e179fe199ffdb2c1eee e0b4b09d233a4547996982bf9acc2755 - - default default] Successfully bumped revision number for resource 252c9235-9b51-4ab0-9910-20675eb8ccb3 (type: security_group_rules) to 0
2026-07-24 01:03:14.699 10 INFO neutron.wsgi [None req-63792fe9-8274-453b-83ea-ad9883fe25c2 9323896cba784e179fe199ffdb2c1eee e0b4b09d233a4547996982bf9acc2755 - - default default] 10.0.0.69 "POST /v2.0/security-group-rules HTTP/1.1" status: 201 len: 801 time: 0.2452376
2026-07-24 01:03:14.716 10 WARNING neutron_lib.context [None req-23149e00-3016-4662-872c-923c57b036dd 9323896cba784e179fe199ffdb2c1eee e0b4b09d233a4547996982bf9acc2755 - - default default] Method 'is_advsvc' is deprecated since 2023.2 release (neutron-lib 3.8.0) and will be removed once support for the old RBAC API policies will be removed from Neutron. Please use method 'is_service_role' instead.
2026-07-24 01:03:14.734 10 INFO neutron.plugins.ml2.drivers.ovn.mech_driver.mech_driver [None req-49ae18bc-19e2-4d02-b08f-2f7fd8c3b424 - - - - - -] OVN reports status up for port: 485a8db1-d03f-473a-a2c3-04f27b774df3
2026-07-24 01:03:14.752 10 INFO neutron.plugins.ml2.plugin [None req-49ae18bc-19e2-4d02-b08f-2f7fd8c3b424 - - - - - -] Attempt 1 to provision port 485a8db1-d03f-473a-a2c3-04f27b774df3
2026-07-24 01:03:15.064 10 WARNING neutron.scheduler.dhcp_agent_scheduler [None req-23149e00-3016-4662-872c-923c57b036dd 9323896cba784e179fe199ffdb2c1eee e0b4b09d233a4547996982bf9acc2755 - - default default] No more DHCP agents
2026-07-24 01:03:15.066 10 WARNING neutron.api.rpc.agentnotifiers.dhcp_rpc_agent_api [None req-23149e00-3016-4662-872c-923c57b036dd 9323896cba784e179fe199ffdb2c1eee e0b4b09d233a4547996982bf9acc2755 - - default default] Unable to schedule network 32195a0b-3c8a-44b1-bd9d-7ec714658ce4: no agents available; will retry on subsequent port and subnet creation events.
2026-07-24 01:03:15.125 9 INFO neutron.wsgi [req-56643a41-e2d4-48b5-817c-5154d7068cab req-b7adea3c-58ea-4d99-8500-1d096a2caff2 3d0121cd1b454616ba9a4ff034fd2431 1ecd37e125d0471e8fda5105efe85ccb - - default default] 199.204.45.95 "GET /v2.0/networks?id=d976c685-352d-4862-8ff7-75b5f52d8099 HTTP/1.1" status: 200 len: 875 time: 0.1669703
2026-07-24 01:03:15.184 9 INFO neutron.db.ovn_revision_numbers_db [None req-05ee3f71-d625-4ed0-bcc1-bd138c0ef176 - - - - - -] Successfully bumped revision number for resource a4fb7c73-fcbb-45ab-aed8-776ac1493bee (type: ports) to 1
2026-07-24 01:03:15.232 9 INFO neutron.db.ovn_revision_numbers_db [None req-0c4a92bf-2c05-434c-8f1b-0f2476596d0a 48471ddb445e4a35a5686d15a943840c fe37ede89e8142b6951b61a13f614b04 - - default default] Successfully bumped revision number for resource 131398ed-b76f-4cf2-96b5-5ab9ebcb11ad (type: ports) to 2
2026-07-24 01:03:15.244 9 INFO neutron.wsgi [req-56643a41-e2d4-48b5-817c-5154d7068cab req-1b928a17-a05a-44eb-9292-11bdb8ccc491 3d0121cd1b454616ba9a4ff034fd2431 1ecd37e125d0471e8fda5105efe85ccb - - default default] 199.204.45.95 "GET /v2.0/security-groups?fields=id&fields=name&tenant_id=1ecd37e125d0471e8fda5105efe85ccb HTTP/1.1" status: 200 len: 380 time: 0.0988653
2026-07-24 01:03:15.288 9 WARNING neutron_lib.context [req-56643a41-e2d4-48b5-817c-5154d7068cab req-162b5054-25b1-4cbb-89b8-5142bb73274a 3d0121cd1b454616ba9a4ff034fd2431 1ecd37e125d0471e8fda5105efe85ccb - - default default] Method 'is_advsvc' is deprecated since 2023.2 release (neutron-lib 3.8.0) and will be removed once support for the old RBAC API policies will be removed from Neutron. Please use method 'is_service_role' instead.
2026-07-24 01:03:15.298 10 INFO neutron.wsgi [req-ce2ee251-2a9f-4613-b5fc-3f9a51362b86 req-43211903-6a57-48de-a6bf-cfb33acc742d 3d0121cd1b454616ba9a4ff034fd2431 1ecd37e125d0471e8fda5105efe85ccb - - default default] 10.0.0.217 "GET /v2.0/ports?device_id=37547ae1-4595-4ac9-8f26-b456fc17983e HTTP/1.1" status: 200 len: 210 time: 0.0289295
2026-07-24 01:03:15.372 9 INFO neutron.db.ovn_revision_numbers_db [None req-0c4a92bf-2c05-434c-8f1b-0f2476596d0a 48471ddb445e4a35a5686d15a943840c fe37ede89e8142b6951b61a13f614b04 - - default default] Successfully bumped revision number for resource 1c376761-c80f-4c1e-9a14-c1656b84a4b1 (type: subnets) to 0
2026-07-24 01:03:15.378 10 INFO neutron.db.ovn_revision_numbers_db [None req-49ae18bc-19e2-4d02-b08f-2f7fd8c3b424 - - - - - -] Successfully bumped revision number for resource 485a8db1-d03f-473a-a2c3-04f27b774df3 (type: ports) to 2
2026-07-24 01:03:15.406 9 INFO neutron.wsgi [None req-0c4a92bf-2c05-434c-8f1b-0f2476596d0a 48471ddb445e4a35a5686d15a943840c fe37ede89e8142b6951b61a13f614b04 - - default default] 10.0.0.69 "POST /v2.0/subnets HTTP/1.1" status: 201 len: 801 time: 2.7945282
2026-07-24 01:03:15.435 9 WARNING neutron_lib.context [None req-4c605e08-79ea-4c95-a47b-5d26a0a53ec1 48471ddb445e4a35a5686d15a943840c fe37ede89e8142b6951b61a13f614b04 - - default default] Method 'is_advsvc' is deprecated since 2023.2 release (neutron-lib 3.8.0) and will be removed once support for the old RBAC API policies will be removed from Neutron. Please use method 'is_service_role' instead.
2026-07-24 01:03:15.570 10 INFO neutron.wsgi [None req-23149e00-3016-4662-872c-923c57b036dd 9323896cba784e179fe199ffdb2c1eee e0b4b09d233a4547996982bf9acc2755 - - default default] 10.0.0.69 "POST /v2.0/floatingips HTTP/1.1" status: 201 len: 751 time: 0.8614023
2026-07-24 01:03:15.575 10 INFO neutron.db.ovn_revision_numbers_db [None req-49ae18bc-19e2-4d02-b08f-2f7fd8c3b424 - - - - - -] Successfully bumped revision number for resource 485a8db1-d03f-473a-a2c3-04f27b774df3 (type: router_ports) to 2
2026-07-24 01:03:16.039 10 INFO neutron.wsgi [req-bd9bf175-7f22-4cd0-aed4-311e0e410eae req-c4a66e17-8359-4c39-a679-b44cd9f80868 9323896cba784e179fe199ffdb2c1eee e0b4b09d233a4547996982bf9acc2755 - - default default] 10.0.0.217 "GET /v2.0/security-groups?name=tempest-securitygroup--615983273&fields=id&tenant_id=e0b4b09d233a4547996982bf9acc2755 HTTP/1.1" status: 200 len: 267 time: 0.0449278
2026-07-24 01:03:16.127 10 INFO neutron.wsgi [req-bd9bf175-7f22-4cd0-aed4-311e0e410eae req-40f946eb-7d74-4394-b239-7f521644fc38 9323896cba784e179fe199ffdb2c1eee e0b4b09d233a4547996982bf9acc2755 - - default default] 10.0.0.217 "GET /v2.0/networks?id=43a5075d-1e7f-4486-bbf4-be0e96526ce4 HTTP/1.1" status: 200 len: 875 time: 0.0782993
2026-07-24 01:03:16.141 10 INFO neutron.wsgi [req-bd9bf175-7f22-4cd0-aed4-311e0e410eae req-18288fb7-4212-4486-81aa-44c84c181207 9323896cba784e179fe199ffdb2c1eee e0b4b09d233a4547996982bf9acc2755 - - default default] 10.0.0.217 "GET /v2.0/quotas/e0b4b09d233a4547996982bf9acc2755 HTTP/1.1" status: 200 len: 491 time: 0.0096684
2026-07-24 01:03:16.238 10 INFO neutron.wsgi [req-bd9bf175-7f22-4cd0-aed4-311e0e410eae req-02d58c9c-e0b7-4ab6-82ba-8cc2a14c3239 9323896cba784e179fe199ffdb2c1eee e0b4b09d233a4547996982bf9acc2755 - - default default] 10.0.0.217 "GET /v2.0/ports?tenant_id=e0b4b09d233a4547996982bf9acc2755&fields=id HTTP/1.1" status: 200 len: 302 time: 0.0921347
2026-07-24 01:03:16.331 10 INFO neutron.wsgi [req-bd9bf175-7f22-4cd0-aed4-311e0e410eae req-2f4686c6-39c7-4c87-b4b6-3d9a93f9a6ac ff8a839f900c4f0eaa96d4222ca76fb6 958ef7bbaeb646e7afa86b25a36755fd - - bfcdf39411394c26a023ea4d7a81cd26 bfcdf39411394c26a023ea4d7a81cd26] 10.0.0.217 "GET /v2.0/networks/43a5075d-1e7f-4486-bbf4-be0e96526ce4?fields=segments HTTP/1.1" status: 200 len: 212 time: 0.0653517
2026-07-24 01:03:16.404 10 INFO neutron.wsgi [req-70c74e26-9a84-4956-b205-6e900b492781 req-6be9ff40-8771-4fa0-acb4-3d3b410e08d2 3d0121cd1b454616ba9a4ff034fd2431 1ecd37e125d0471e8fda5105efe85ccb - - default default] 10.0.0.217 "GET /v2.0/ports?device_id=37547ae1-4595-4ac9-8f26-b456fc17983e HTTP/1.1" status: 200 len: 210 time: 0.0204680
2026-07-24 01:03:16.427 10 INFO neutron.wsgi [req-bd9bf175-7f22-4cd0-aed4-311e0e410eae req-67024168-e05b-40a8-9d12-88ebe1872601 ff8a839f900c4f0eaa96d4222ca76fb6 958ef7bbaeb646e7afa86b25a36755fd - - bfcdf39411394c26a023ea4d7a81cd26 bfcdf39411394c26a023ea4d7a81cd26] 10.0.0.217 "GET /v2.0/networks/43a5075d-1e7f-4486-bbf4-be0e96526ce4?fields=provider%3Aphysical_network&fields=provider%3Anetwork_type HTTP/1.1" status: 200 len: 277 time: 0.0894852
2026-07-24 01:03:16.474 9 WARNING neutron.scheduler.dhcp_agent_scheduler [req-56643a41-e2d4-48b5-817c-5154d7068cab req-162b5054-25b1-4cbb-89b8-5142bb73274a 3d0121cd1b454616ba9a4ff034fd2431 1ecd37e125d0471e8fda5105efe85ccb - - default default] No more DHCP agents
2026-07-24 01:03:16.485 9 WARNING neutron.api.rpc.agentnotifiers.dhcp_rpc_agent_api [req-56643a41-e2d4-48b5-817c-5154d7068cab req-162b5054-25b1-4cbb-89b8-5142bb73274a 3d0121cd1b454616ba9a4ff034fd2431 1ecd37e125d0471e8fda5105efe85ccb - - default default] Unable to schedule network d976c685-352d-4862-8ff7-75b5f52d8099: no agents available; will retry on subsequent port and subnet creation events.
2026-07-24 01:03:16.544 9 INFO neutron.db.ovn_revision_numbers_db [None req-05ee3f71-d625-4ed0-bcc1-bd138c0ef176 - - - - - -] Successfully bumped revision number for resource a4fb7c73-fcbb-45ab-aed8-776ac1493bee (type: router_ports) to 3
2026-07-24 01:03:16.585 10 INFO neutron.wsgi [req-ca6d66ec-c9f8-482e-9753-dfac8c636e7b req-7274314d-110d-49d8-8a4e-296ab4a0d8f5 9323896cba784e179fe199ffdb2c1eee e0b4b09d233a4547996982bf9acc2755 - - default default] 10.0.0.217 "GET /v2.0/ports?device_id=fff90290-5851-47d0-8d11-e9bafc04dd73 HTTP/1.1" status: 200 len: 210 time: 0.0284617
2026-07-24 01:03:16.644 9 INFO neutron.plugins.ml2.drivers.ovn.mech_driver.ovsdb.commands [None req-9aaeba46-b0fb-4cac-a25b-287b32ddad0d - - - - - -] Schedule LRP lrp-f3fb2499-69a2-45c1-aecb-36d4afb4bc14 on gateway 7817c832-e623-475a-89a5-52931097e5ae with priority 1
2026-07-24 01:03:16.665 9 WARNING neutron.scheduler.dhcp_agent_scheduler [None req-4c605e08-79ea-4c95-a47b-5d26a0a53ec1 48471ddb445e4a35a5686d15a943840c fe37ede89e8142b6951b61a13f614b04 - - default default] No more DHCP agents
2026-07-24 01:03:16.675 9 WARNING neutron.api.rpc.agentnotifiers.dhcp_rpc_agent_api [None req-4c605e08-79ea-4c95-a47b-5d26a0a53ec1 48471ddb445e4a35a5686d15a943840c fe37ede89e8142b6951b61a13f614b04 - - default default] Unable to schedule network 5284541c-990d-498c-9026-d63c0c53bccc: no agents available; will retry on subsequent port and subnet creation events.
2026-07-24 01:03:16.762 9 INFO neutron.db.ovn_revision_numbers_db [None req-2bcb622b-6955-480c-a884-32016402fcaf 38d0259a59b64ef49f2b29d8c51336b9 e71742c696104b548b7c41439bf0e991 - - default default] Successfully bumped revision number for resource f3fb2499-69a2-45c1-aecb-36d4afb4bc14 (type: router_ports) to 1
2026-07-24 01:03:16.924 9 INFO neutron.db.ovn_revision_numbers_db [req-56643a41-e2d4-48b5-817c-5154d7068cab req-162b5054-25b1-4cbb-89b8-5142bb73274a 3d0121cd1b454616ba9a4ff034fd2431 1ecd37e125d0471e8fda5105efe85ccb - - default default] Successfully bumped revision number for resource eb92c00b-f751-4a20-8669-5ee7d3d17f3b (type: ports) to 1
2026-07-24 01:03:16.939 9 INFO neutron.db.ovn_revision_numbers_db [None req-2bcb622b-6955-480c-a884-32016402fcaf 38d0259a59b64ef49f2b29d8c51336b9 e71742c696104b548b7c41439bf0e991 - - default default] Successfully bumped revision number for resource 40a804de-9ac4-41d9-b99c-5ba629c6c44a (type: routers) to 2
2026-07-24 01:03:16.970 9 INFO neutron.wsgi [req-56643a41-e2d4-48b5-817c-5154d7068cab req-162b5054-25b1-4cbb-89b8-5142bb73274a 3d0121cd1b454616ba9a4ff034fd2431 1ecd37e125d0471e8fda5105efe85ccb - - default default] 199.204.45.95 "POST /v2.0/ports HTTP/1.1" status: 201 len: 1158 time: 1.7000668
2026-07-24 01:03:16.994 9 INFO neutron.wsgi [None req-2bcb622b-6955-480c-a884-32016402fcaf 38d0259a59b64ef49f2b29d8c51336b9 e71742c696104b548b7c41439bf0e991 - - default default] 10.0.0.69 "POST /v2.0/routers HTTP/1.1" status: 201 len: 1175 time: 4.4630840 /var/lib/openstack/lib/python3.10/site-packages/pycadf/identifier.py:71: UserWarning: Invalid uuid: neutron. To ensure interoperability, identifiers should be a valid uuid. warnings.warn(('Invalid uuid: %s. To ensure interoperability, '
2026-07-24 01:03:17.085 9 INFO neutron.db.ovn_revision_numbers_db [None req-4c605e08-79ea-4c95-a47b-5d26a0a53ec1 48471ddb445e4a35a5686d15a943840c fe37ede89e8142b6951b61a13f614b04 - - default default] Successfully bumped revision number for resource 8f0151c8-df39-496a-88e1-34815b3dedbf (type: ports) to 1
2026-07-24 01:03:17.112 9 INFO neutron.db.ovn_revision_numbers_db [None req-05ee3f71-d625-4ed0-bcc1-bd138c0ef176 - - - - - -] Successfully bumped revision number for resource a4fb7c73-fcbb-45ab-aed8-776ac1493bee (type: ports) to 2
2026-07-24 01:03:17.127 9 INFO neutron.wsgi [None req-4c605e08-79ea-4c95-a47b-5d26a0a53ec1 48471ddb445e4a35a5686d15a943840c fe37ede89e8142b6951b61a13f614b04 - - default default] 10.0.0.69 "POST /v2.0/ports HTTP/1.1" status: 201 len: 1147 time: 1.7115448
2026-07-24 01:03:17.458 10 INFO neutron.wsgi [req-bd9bf175-7f22-4cd0-aed4-311e0e410eae req-b19d285f-2a8c-4f05-9f40-d3dc386c22cb 9323896cba784e179fe199ffdb2c1eee e0b4b09d233a4547996982bf9acc2755 - - default default] 199.204.45.95 "GET /v2.0/networks?id=43a5075d-1e7f-4486-bbf4-be0e96526ce4 HTTP/1.1" status: 200 len: 875 time: 0.0886259
2026-07-24 01:03:17.546 10 INFO neutron.wsgi [req-5ead61e5-e930-457c-b7f4-8772087ef467 req-22cbcdb3-96fd-49b4-bfec-75a2ef3f8cee 3d0121cd1b454616ba9a4ff034fd2431 1ecd37e125d0471e8fda5105efe85ccb - - default default] 10.0.0.217 "GET /v2.0/ports?device_id=37547ae1-4595-4ac9-8f26-b456fc17983e HTTP/1.1" status: 200 len: 1168 time: 0.0675519
2026-07-24 01:03:17.567 10 INFO neutron.wsgi [req-bd9bf175-7f22-4cd0-aed4-311e0e410eae req-dac2a94d-fd01-4e23-901e-f38c6ee4625b 9323896cba784e179fe199ffdb2c1eee e0b4b09d233a4547996982bf9acc2755 - - default default] 199.204.45.95 "GET /v2.0/security-groups?fields=id&fields=name&tenant_id=e0b4b09d233a4547996982bf9acc2755 HTTP/1.1" status: 200 len: 379 time: 0.1042447
2026-07-24 01:03:17.590 10 WARNING neutron_lib.context [req-bd9bf175-7f22-4cd0-aed4-311e0e410eae req-6ed70ff7-f096-4156-8ec0-162523179d37 9323896cba784e179fe199ffdb2c1eee e0b4b09d233a4547996982bf9acc2755 - - default default] Method 'is_advsvc' is deprecated since 2023.2 release (neutron-lib 3.8.0) and will be removed once support for the old RBAC API policies will be removed from Neutron. Please use method 'is_service_role' instead.
2026-07-24 01:03:17.654 10 INFO neutron.wsgi [req-5ead61e5-e930-457c-b7f4-8772087ef467 req-3fffcf6e-e839-41b7-8554-abd967aeb420 3d0121cd1b454616ba9a4ff034fd2431 1ecd37e125d0471e8fda5105efe85ccb - - default default] 10.0.0.217 "GET /v2.0/security-groups?id=104fbf81-729e-4cf6-8d72-81121597ca26&fields=id&fields=name HTTP/1.1" status: 200 len: 313 time: 0.0998957
2026-07-24 01:03:17.689 10 INFO neutron.wsgi [req-0334ff42-0031-4a2d-9e8f-28131965fa7c req-d9a0ac4b-ec8e-4ad9-aeb5-634d9fb1cc81 9323896cba784e179fe199ffdb2c1eee e0b4b09d233a4547996982bf9acc2755 - - default default] 10.0.0.217 "GET /v2.0/ports?device_id=fff90290-5851-47d0-8d11-e9bafc04dd73 HTTP/1.1" status: 200 len: 210 time: 0.0303283
2026-07-24 01:03:18.100 9 INFO neutron.db.ovn_revision_numbers_db [req-56643a41-e2d4-48b5-817c-5154d7068cab req-fa1e4191-1c30-4e8e-aa61-1128af9bf03e ff8a839f900c4f0eaa96d4222ca76fb6 958ef7bbaeb646e7afa86b25a36755fd - - bfcdf39411394c26a023ea4d7a81cd26 bfcdf39411394c26a023ea4d7a81cd26] Successfully bumped revision number for resource eb92c00b-f751-4a20-8669-5ee7d3d17f3b (type: ports) to 2
2026-07-24 01:03:18.138 9 INFO neutron.db.ovn_revision_numbers_db [None req-05ee3f71-d625-4ed0-bcc1-bd138c0ef176 - - - - - -] Successfully bumped revision number for resource a4fb7c73-fcbb-45ab-aed8-776ac1493bee (type: ports) to 4
2026-07-24 01:03:18.150 10 WARNING neutron.scheduler.dhcp_agent_scheduler [req-bd9bf175-7f22-4cd0-aed4-311e0e410eae req-6ed70ff7-f096-4156-8ec0-162523179d37 9323896cba784e179fe199ffdb2c1eee e0b4b09d233a4547996982bf9acc2755 - - default default] No more DHCP agents
2026-07-24 01:03:18.156 10 WARNING neutron.api.rpc.agentnotifiers.dhcp_rpc_agent_api [req-bd9bf175-7f22-4cd0-aed4-311e0e410eae req-6ed70ff7-f096-4156-8ec0-162523179d37 9323896cba784e179fe199ffdb2c1eee e0b4b09d233a4547996982bf9acc2755 - - default default] Unable to schedule network 43a5075d-1e7f-4486-bbf4-be0e96526ce4: no agents available; will retry on subsequent port and subnet creation events.
2026-07-24 01:03:18.166 9 INFO neutron.wsgi [None req-05e6e753-232c-4be7-a21f-238a4fe2e5aa 48471ddb445e4a35a5686d15a943840c fe37ede89e8142b6951b61a13f614b04 - - default default] 10.0.0.69 "DELETE /v2.0/ports/8f0151c8-df39-496a-88e1-34815b3dedbf HTTP/1.1" status: 204 len: 168 time: 1.0331991
2026-07-24 01:03:18.169 10 WARNING neutron.scheduler.dhcp_agent_scheduler [None req-19e4986d-7c88-444c-9030-b1651627754c 38d0259a59b64ef49f2b29d8c51336b9 e71742c696104b548b7c41439bf0e991 - - default default] No more DHCP agents
2026-07-24 01:03:18.171 10 WARNING neutron.api.rpc.agentnotifiers.dhcp_rpc_agent_api [None req-19e4986d-7c88-444c-9030-b1651627754c 38d0259a59b64ef49f2b29d8c51336b9 e71742c696104b548b7c41439bf0e991 - - default default] Unable to schedule network 532420de-6743-42b4-a3dc-b6c4a2a3361f: no agents available; will retry on subsequent port and subnet creation events. /var/lib/openstack/lib/python3.10/site-packages/pycadf/identifier.py:71: UserWarning: Invalid uuid: neutron. To ensure interoperability, identifiers should be a valid uuid. warnings.warn(('Invalid uuid: %s. To ensure interoperability, '
2026-07-24 01:03:18.223 9 INFO neutron.pecan_wsgi.hooks.translation [None req-1b4c17be-f260-4c43-b3d2-b3e856ad776d 48471ddb445e4a35a5686d15a943840c fe37ede89e8142b6951b61a13f614b04 - - default default] DELETE failed (client error): The resource could not be found.
2026-07-24 01:03:18.225 9 INFO neutron.wsgi [None req-1b4c17be-f260-4c43-b3d2-b3e856ad776d 48471ddb445e4a35a5686d15a943840c fe37ede89e8142b6951b61a13f614b04 - - default default] 10.0.0.69 "DELETE /v2.0/ports/8f0151c8-df39-496a-88e1-34815b3dedbf HTTP/1.1" status: 404 len: 333 time: 0.0512371 /var/lib/openstack/lib/python3.10/site-packages/pycadf/identifier.py:71: UserWarning: Invalid uuid: neutron. To ensure interoperability, identifiers should be a valid uuid. warnings.warn(('Invalid uuid: %s. To ensure interoperability, '
2026-07-24 01:03:18.257 10 INFO neutron.pecan_wsgi.hooks.translation [None req-93c1c15b-668a-4ac0-b51d-9f504da7b42f 48471ddb445e4a35a5686d15a943840c fe37ede89e8142b6951b61a13f614b04 - - default default] GET failed (client error): The resource could not be found.
2026-07-24 01:03:18.258 10 INFO neutron.wsgi [None req-93c1c15b-668a-4ac0-b51d-9f504da7b42f 48471ddb445e4a35a5686d15a943840c fe37ede89e8142b6951b61a13f614b04 - - default default] 10.0.0.69 "GET /v2.0/ports/8f0151c8-df39-496a-88e1-34815b3dedbf HTTP/1.1" status: 404 len: 333 time: 0.0262780
2026-07-24 01:03:18.328 9 WARNING neutron.plugins.ml2.drivers.ovn.mech_driver.ovsdb.ovn_client [None req-3485fe21-9895-416d-9230-c030cede402e - - - - - -] No hosting information found for port 3e3af914-076c-4358-a529-978b1e618161: RuntimeError: No hosting information found for port 3e3af914-076c-4358-a529-978b1e618161
2026-07-24 01:03:18.329 9 INFO neutron.plugins.ml2.drivers.ovn.mech_driver.mech_driver [None req-3485fe21-9895-416d-9230-c030cede402e - - - - - -] OVN reports status up for port: f3fb2499-69a2-45c1-aecb-36d4afb4bc14
2026-07-24 01:03:18.349 9 INFO neutron.plugins.ml2.plugin [None req-3485fe21-9895-416d-9230-c030cede402e - - - - - -] Attempt 1 to provision port f3fb2499-69a2-45c1-aecb-36d4afb4bc14
2026-07-24 01:03:18.470 10 INFO neutron.db.ovn_revision_numbers_db [req-bd9bf175-7f22-4cd0-aed4-311e0e410eae req-6ed70ff7-f096-4156-8ec0-162523179d37 9323896cba784e179fe199ffdb2c1eee e0b4b09d233a4547996982bf9acc2755 - - default default] Successfully bumped revision number for resource c9db8ac4-88f6-4c5b-91fd-b8d418b03361 (type: ports) to 1
2026-07-24 01:03:18.484 10 INFO neutron.db.ovn_revision_numbers_db [None req-19e4986d-7c88-444c-9030-b1651627754c 38d0259a59b64ef49f2b29d8c51336b9 e71742c696104b548b7c41439bf0e991 - - default default] Successfully bumped revision number for resource 840505e5-ea1e-47ca-8e48-c22168169c54 (type: ports) to 1
2026-07-24 01:03:18.515 10 INFO neutron.wsgi [req-bd9bf175-7f22-4cd0-aed4-311e0e410eae req-6ed70ff7-f096-4156-8ec0-162523179d37 9323896cba784e179fe199ffdb2c1eee e0b4b09d233a4547996982bf9acc2755 - - default default] 199.204.45.95 "POST /v2.0/ports HTTP/1.1" status: 201 len: 1162 time: 0.9356089
