2026-07-24 01:06:15.076 9 INFO neutron.wsgi [None req-f4a61299-9d6b-4e62-b3ce-6d7ce715cf16 38d0259a59b64ef49f2b29d8c51336b9 e71742c696104b548b7c41439bf0e991 - - default default] 10.0.0.69 "GET /v2.0/security-groups?tenant_id=e8be3cf1b6ca4e7ca3f774245d3df9c1&name=default HTTP/1.1" status: 200 len: 3120 time: 0.3008692
2026-07-24 01:06:15.090 10 INFO neutron.services.segments.plugin [-] Segment 08f0e49d-3080-4524-8ebf-ccd523c81568 resource provider not found; error: Placement Client Error (4xx): {"errors": [{"status": 404, "title": "Not Found", "detail": "The resource could not be found.\n\n No resource provider with uuid 08f0e49d-3080-4524-8ebf-ccd523c81568 found for delete ", "request_id": "req-fcb855a6-9fe7-403b-988d-2a2114642e47"}]}
2026-07-24 01:06:15.118 10 INFO neutron.db.ovn_revision_numbers_db [None req-0da26308-0c6c-4896-a969-ccb2f4515b10 1514901b976f4c878130713873706e9d 82992847c17344e1a7bfee018e33ad6d - - default default] Successfully bumped revision number for resource f0dfa0d0-899e-4f60-9af4-c460fdebc660 (type: ports) to 1
2026-07-24 01:06:15.142 10 INFO neutron.wsgi [None req-0da26308-0c6c-4896-a969-ccb2f4515b10 1514901b976f4c878130713873706e9d 82992847c17344e1a7bfee018e33ad6d - - default default] 10.0.0.69 "POST /v2.0/networks HTTP/1.1" status: 201 len: 928 time: 0.6503918
2026-07-24 01:06:15.325 9 INFO neutron.services.segments.plugin [-] Segment faa112a0-11ad-4fb6-8ca5-7e1bd314d482 resource provider aggregate not found
2026-07-24 01:06:15.344 10 WARNING neutron.scheduler.dhcp_agent_scheduler [None req-3b724c15-7e56-448a-b09c-389d9104b64b 1514901b976f4c878130713873706e9d 82992847c17344e1a7bfee018e33ad6d - - default default] No more DHCP agents
2026-07-24 01:06:15.346 10 WARNING neutron.api.rpc.agentnotifiers.dhcp_rpc_agent_api [None req-3b724c15-7e56-448a-b09c-389d9104b64b 1514901b976f4c878130713873706e9d 82992847c17344e1a7bfee018e33ad6d - - default default] Unable to schedule network 849b6233-45bb-4e8a-8433-1baaf6393e6f: no agents available; will retry on subsequent port and subnet creation events.
2026-07-24 01:06:15.347 9 INFO neutron.services.segments.plugin [-] Segment faa112a0-11ad-4fb6-8ca5-7e1bd314d482 resource provider aggregate not found
2026-07-24 01:06:15.352 9 INFO neutron.services.segments.plugin [-] Segment faa112a0-11ad-4fb6-8ca5-7e1bd314d482 resource provider not found; error: Placement Client Error (4xx): {"errors": [{"status": 404, "title": "Not Found", "detail": "The resource could not be found.\n\n No resource provider with uuid faa112a0-11ad-4fb6-8ca5-7e1bd314d482 found for delete ", "request_id": "req-2b3b7b61-26d8-4f19-9991-069ea14d5195"}]}
2026-07-24 01:06:15.362 9 INFO neutron.wsgi [None req-21ebaa35-85ae-430d-b0a8-03662af4f179 0de28e65487d4346a49497fc8bb22529 c635a959d1204467b1b86281789cd259 - - default default] 10.0.0.69 "DELETE /v2.0/networks/dec79732-4448-4418-a18c-e21f763e0dac HTTP/1.1" status: 204 len: 168 time: 0.5211730
2026-07-24 01:06:15.363 9 INFO neutron.services.segments.plugin [-] Segment faa112a0-11ad-4fb6-8ca5-7e1bd314d482 resource provider not found; error: Placement Client Error (4xx): {"errors": [{"status": 404, "title": "Not Found", "detail": "The resource could not be found.\n\n No resource provider with uuid faa112a0-11ad-4fb6-8ca5-7e1bd314d482 found for delete ", "request_id": "req-281b8fec-b032-497c-bbb9-d36007d49e34"}]}
2026-07-24 01:06:15.402 9 INFO neutron.wsgi [None req-70678325-0c96-4291-a6e3-d018955377a2 38d0259a59b64ef49f2b29d8c51336b9 e71742c696104b548b7c41439bf0e991 - - default default] 10.0.0.69 "DELETE /v2.0/security-groups/6cbc638d-928a-441e-b50d-b4db1d961942 HTTP/1.1" status: 204 len: 168 time: 0.3193505
2026-07-24 01:06:15.446 10 INFO neutron.db.ovn_revision_numbers_db [None req-bfa4ec70-e6ea-4427-8e24-7f20409b1195 38d0259a59b64ef49f2b29d8c51336b9 e71742c696104b548b7c41439bf0e991 - - default default] Successfully bumped revision number for resource 1f3371f8-97e7-41f3-9780-4bc1d0c35ecb (type: security_groups) to 1
2026-07-24 01:06:15.469 10 INFO neutron.db.ovn_revision_numbers_db [None req-bfa4ec70-e6ea-4427-8e24-7f20409b1195 38d0259a59b64ef49f2b29d8c51336b9 e71742c696104b548b7c41439bf0e991 - - default default] Successfully bumped revision number for resource 12f0d7a1-4511-4e7c-a8e8-06b8010da5d9 (type: security_group_rules) to 0
2026-07-24 01:06:15.488 10 INFO neutron.db.ovn_revision_numbers_db [None req-bfa4ec70-e6ea-4427-8e24-7f20409b1195 38d0259a59b64ef49f2b29d8c51336b9 e71742c696104b548b7c41439bf0e991 - - default default] Successfully bumped revision number for resource 175c7f8b-840a-472c-a931-337c1e614f20 (type: security_group_rules) to 0
2026-07-24 01:06:15.517 10 INFO neutron.db.ovn_revision_numbers_db [None req-bfa4ec70-e6ea-4427-8e24-7f20409b1195 38d0259a59b64ef49f2b29d8c51336b9 e71742c696104b548b7c41439bf0e991 - - default default] Successfully bumped revision number for resource 765ce67a-01a6-4a47-9c02-e523293591cf (type: security_group_rules) to 0
2026-07-24 01:06:15.534 10 INFO neutron.db.ovn_revision_numbers_db [None req-bfa4ec70-e6ea-4427-8e24-7f20409b1195 38d0259a59b64ef49f2b29d8c51336b9 e71742c696104b548b7c41439bf0e991 - - default default] Successfully bumped revision number for resource d66facdc-d156-4a5d-848a-7c3a4149a4cf (type: security_group_rules) to 0
2026-07-24 01:06:15.565 10 INFO neutron.wsgi [None req-bfa4ec70-e6ea-4427-8e24-7f20409b1195 38d0259a59b64ef49f2b29d8c51336b9 e71742c696104b548b7c41439bf0e991 - - default default] 10.0.0.69 "GET /v2.0/security-groups?tenant_id=2fa082fbd84941fb94698038ce1383e3&name=default HTTP/1.1" status: 200 len: 3120 time: 0.4181008
2026-07-24 01:06:15.646 9 INFO neutron.db.ovn_revision_numbers_db [None req-8d995ee9-4130-4378-b217-9df275dbf9c0 38d0259a59b64ef49f2b29d8c51336b9 e71742c696104b548b7c41439bf0e991 - - default default] Successfully bumped revision number for resource d7755c51-1028-49d8-94b5-b0d1cbef2132 (type: security_groups) to 1
2026-07-24 01:06:15.672 9 INFO neutron.db.ovn_revision_numbers_db [None req-8d995ee9-4130-4378-b217-9df275dbf9c0 38d0259a59b64ef49f2b29d8c51336b9 e71742c696104b548b7c41439bf0e991 - - default default] Successfully bumped revision number for resource 096f753f-4c7b-420b-b919-7f8ecf78728b (type: security_group_rules) to 0
2026-07-24 01:06:15.695 9 INFO neutron.db.ovn_revision_numbers_db [None req-8d995ee9-4130-4378-b217-9df275dbf9c0 38d0259a59b64ef49f2b29d8c51336b9 e71742c696104b548b7c41439bf0e991 - - default default] Successfully bumped revision number for resource 3abb063d-7f22-4905-839a-d6109f14e04d (type: security_group_rules) to 0
2026-07-24 01:06:15.713 9 INFO neutron.db.ovn_revision_numbers_db [None req-8d995ee9-4130-4378-b217-9df275dbf9c0 38d0259a59b64ef49f2b29d8c51336b9 e71742c696104b548b7c41439bf0e991 - - default default] Successfully bumped revision number for resource 699ab1dd-7468-4e02-954f-ab40712c0fe7 (type: security_group_rules) to 0
2026-07-24 01:06:15.732 9 INFO neutron.db.ovn_revision_numbers_db [None req-8d995ee9-4130-4378-b217-9df275dbf9c0 38d0259a59b64ef49f2b29d8c51336b9 e71742c696104b548b7c41439bf0e991 - - default default] Successfully bumped revision number for resource 977ff0d6-a98a-4044-bab3-7b552b6bb238 (type: security_group_rules) to 0
2026-07-24 01:06:15.756 9 INFO neutron.wsgi [None req-8d995ee9-4130-4378-b217-9df275dbf9c0 38d0259a59b64ef49f2b29d8c51336b9 e71742c696104b548b7c41439bf0e991 - - default default] 10.0.0.69 "GET /v2.0/security-groups?tenant_id=9cc9eb9e517342978950692f20d018b6&name=default HTTP/1.1" status: 200 len: 3120 time: 0.2536407
2026-07-24 01:06:15.923 10 INFO neutron.wsgi [None req-4079495d-911e-48d6-87f4-a89774d32e69 38d0259a59b64ef49f2b29d8c51336b9 e71742c696104b548b7c41439bf0e991 - - default default] 10.0.0.69 "DELETE /v2.0/security-groups/1f3371f8-97e7-41f3-9780-4bc1d0c35ecb HTTP/1.1" status: 204 len: 168 time: 0.3512385
2026-07-24 01:06:15.961 10 INFO neutron.db.ovn_revision_numbers_db [None req-3b724c15-7e56-448a-b09c-389d9104b64b 1514901b976f4c878130713873706e9d 82992847c17344e1a7bfee018e33ad6d - - default default] Successfully bumped revision number for resource f0dfa0d0-899e-4f60-9af4-c460fdebc660 (type: ports) to 2
2026-07-24 01:06:15.998 10 INFO neutron.db.ovn_revision_numbers_db [None req-3b724c15-7e56-448a-b09c-389d9104b64b 1514901b976f4c878130713873706e9d 82992847c17344e1a7bfee018e33ad6d - - default default] Successfully bumped revision number for resource d31b7d10-9604-4008-abb3-324497794a3f (type: subnets) to 0
2026-07-24 01:06:16.004 9 INFO neutron.wsgi [None req-37c2e2a4-8764-41bb-a545-8e5e014adb27 38d0259a59b64ef49f2b29d8c51336b9 e71742c696104b548b7c41439bf0e991 - - default default] 10.0.0.69 "DELETE /v2.0/security-groups/d7755c51-1028-49d8-94b5-b0d1cbef2132 HTTP/1.1" status: 204 len: 168 time: 0.2374861
2026-07-24 01:06:16.017 10 INFO neutron.wsgi [None req-3b724c15-7e56-448a-b09c-389d9104b64b 1514901b976f4c878130713873706e9d 82992847c17344e1a7bfee018e33ad6d - - default default] 10.0.0.69 "POST /v2.0/subnets HTTP/1.1" status: 201 len: 822 time: 0.8684118
2026-07-24 01:06:16.027 10 WARNING neutron.api.v2.base [None req-ada3dcc4-73b9-413a-9709-b8651925c17e 1514901b976f4c878130713873706e9d 82992847c17344e1a7bfee018e33ad6d - - default default] An exception happened while processing the request body. The exception message is [Invalid input for target_tenant. Reason: '1234123412341234123412341234123412341234123412341234123412341234123412341234123412341234123412341234123412341234123412341234123412341234123412341234123412341234123412341234123412341234123412341234123412341234123412341234123412341234123412341234123412341234123412341234123412341234123412341234123412341234123412341234123412341234123412341234123412341234123412341234123412341234123412341234123412341234' exceeds maximum length of 255.].: webob.exc.HTTPBadRequest: Invalid input for target_tenant. Reason: '1234123412341234123412341234123412341234123412341234123412341234123412341234123412341234123412341234123412341234123412341234123412341234123412341234123412341234123412341234123412341234123412341234123412341234123412341234123412341234123412341234123412341234123412341234123412341234123412341234123412341234123412341234123412341234123412341234123412341234123412341234123412341234123412341234123412341234' exceeds maximum length of 255.
2026-07-24 01:06:16.028 10 INFO neutron.api.v2.resource [None req-ada3dcc4-73b9-413a-9709-b8651925c17e 1514901b976f4c878130713873706e9d 82992847c17344e1a7bfee018e33ad6d - - default default] create failed (client error): Invalid input for target_tenant. Reason: '1234123412341234123412341234123412341234123412341234123412341234123412341234123412341234123412341234123412341234123412341234123412341234123412341234123412341234123412341234123412341234123412341234123412341234123412341234123412341234123412341234123412341234123412341234123412341234123412341234123412341234123412341234123412341234123412341234123412341234123412341234123412341234123412341234123412341234' exceeds maximum length of 255.
2026-07-24 01:06:16.029 10 INFO neutron.wsgi [None req-ada3dcc4-73b9-413a-9709-b8651925c17e 1514901b976f4c878130713873706e9d 82992847c17344e1a7bfee018e33ad6d - - default default] 10.0.0.69 "POST /v2.0/rbac-policies HTTP/1.1" status: 400 len: 750 time: 0.0072601
2026-07-24 01:06:16.143 10 INFO neutron.wsgi [None req-b07e0441-9f4d-4852-ae7f-2a05ac7d8a55 38d0259a59b64ef49f2b29d8c51336b9 e71742c696104b548b7c41439bf0e991 - - default default] 10.0.0.69 "GET /v2.0/security-groups?tenant_id=9c6a8a40c9844066acaaf85abfeaf6c8&name=default HTTP/1.1" status: 200 len: 3120 time: 0.0479457
2026-07-24 01:06:16.309 10 INFO neutron.wsgi [None req-e7d437a5-e1b5-497e-a8d1-e722253524ac 38d0259a59b64ef49f2b29d8c51336b9 e71742c696104b548b7c41439bf0e991 - - default default] 10.0.0.69 "GET /v2.0/security-groups?tenant_id=c635a959d1204467b1b86281789cd259&name=default HTTP/1.1" status: 200 len: 3120 time: 0.2979548
2026-07-24 01:06:16.433 9 INFO neutron.db.ovn_revision_numbers_db [None req-91adbe21-005e-421e-9c55-90375c96229d 38d0259a59b64ef49f2b29d8c51336b9 e71742c696104b548b7c41439bf0e991 - - default default] Successfully bumped revision number for resource 7c754fc5-f751-4c46-b0b5-5a3705076420 (type: security_groups) to 1
2026-07-24 01:06:16.454 9 INFO neutron.db.ovn_revision_numbers_db [None req-91adbe21-005e-421e-9c55-90375c96229d 38d0259a59b64ef49f2b29d8c51336b9 e71742c696104b548b7c41439bf0e991 - - default default] Successfully bumped revision number for resource 7f1070f0-787f-43ad-afca-4dbb9f1fff53 (type: security_group_rules) to 0
2026-07-24 01:06:16.478 9 INFO neutron.db.ovn_revision_numbers_db [None req-91adbe21-005e-421e-9c55-90375c96229d 38d0259a59b64ef49f2b29d8c51336b9 e71742c696104b548b7c41439bf0e991 - - default default] Successfully bumped revision number for resource 9014d2bc-64fb-433e-be6a-fd36e983cbe9 (type: security_group_rules) to 0
2026-07-24 01:06:16.499 9 INFO neutron.db.ovn_revision_numbers_db [None req-91adbe21-005e-421e-9c55-90375c96229d 38d0259a59b64ef49f2b29d8c51336b9 e71742c696104b548b7c41439bf0e991 - - default default] Successfully bumped revision number for resource 9468df58-f171-47f7-b649-e4bf9270d43c (type: security_group_rules) to 0
2026-07-24 01:06:16.506 10 INFO neutron.wsgi [None req-4c2da955-7a88-452d-a967-976cbc0d4ba5 38d0259a59b64ef49f2b29d8c51336b9 e71742c696104b548b7c41439bf0e991 - - default default] 10.0.0.69 "DELETE /v2.0/security-groups/1e8d0c52-3a1b-4860-a001-f394b52cf714 HTTP/1.1" status: 204 len: 168 time: 0.3587444
2026-07-24 01:06:16.519 9 INFO neutron.db.ovn_revision_numbers_db [None req-91adbe21-005e-421e-9c55-90375c96229d 38d0259a59b64ef49f2b29d8c51336b9 e71742c696104b548b7c41439bf0e991 - - default default] Successfully bumped revision number for resource d6199514-a1bc-4997-bcbc-3f4938577baf (type: security_group_rules) to 0
2026-07-24 01:06:16.542 9 INFO neutron.wsgi [None req-91adbe21-005e-421e-9c55-90375c96229d 38d0259a59b64ef49f2b29d8c51336b9 e71742c696104b548b7c41439bf0e991 - - default default] 10.0.0.69 "GET /v2.0/security-groups?tenant_id=cf24c4c92858442daeac4d7ae933ac25&name=default HTTP/1.1" status: 200 len: 3120 time: 0.2868147
2026-07-24 01:06:16.647 10 INFO neutron.wsgi [None req-13207324-81ad-4d00-bcb2-372fa97c3afa 38d0259a59b64ef49f2b29d8c51336b9 e71742c696104b548b7c41439bf0e991 - - default default] 10.0.0.69 "DELETE /v2.0/security-groups/1ce88c6e-2f5f-4b8d-a9ff-39aae19cb95c HTTP/1.1" status: 204 len: 168 time: 0.3324499
2026-07-24 01:06:16.770 10 INFO neutron.wsgi [None req-49361419-6b72-410e-b233-b80f3880fe51 1514901b976f4c878130713873706e9d 82992847c17344e1a7bfee018e33ad6d - - default default] 10.0.0.69 "DELETE /v2.0/networks/849b6233-45bb-4e8a-8433-1baaf6393e6f HTTP/1.1" status: 204 len: 168 time: 0.7358067
2026-07-24 01:06:16.856 10 INFO neutron.wsgi [None req-daba211f-dc4a-40e2-a4fe-61f0791bc671 38d0259a59b64ef49f2b29d8c51336b9 e71742c696104b548b7c41439bf0e991 - - default default] 10.0.0.69 "DELETE /v2.0/security-groups/7c754fc5-f751-4c46-b0b5-5a3705076420 HTTP/1.1" status: 204 len: 168 time: 0.3057890
2026-07-24 01:06:16.867 9 INFO neutron.db.ovn_revision_numbers_db [None req-dae5589e-4021-4d8f-b3dc-bd023749f2a4 38d0259a59b64ef49f2b29d8c51336b9 e71742c696104b548b7c41439bf0e991 - - default default] Successfully bumped revision number for resource fb99f863-a87c-4971-a5cd-8d5cbed74c58 (type: security_groups) to 1
2026-07-24 01:06:16.877 10 INFO neutron.db.segments_db [None req-59698387-bb7c-4cb5-9276-37afb6a4a514 1514901b976f4c878130713873706e9d 82992847c17344e1a7bfee018e33ad6d - - default default] Added segment f2380f6a-e72c-4367-8c47-7cbf57bec0b5 of type geneve for network 370f6952-1cb6-4b7b-9527-9ab46561712a
2026-07-24 01:06:16.885 9 INFO neutron.db.ovn_revision_numbers_db [None req-dae5589e-4021-4d8f-b3dc-bd023749f2a4 38d0259a59b64ef49f2b29d8c51336b9 e71742c696104b548b7c41439bf0e991 - - default default] Successfully bumped revision number for resource 189f8a7d-5c05-4649-9a32-808536915f28 (type: security_group_rules) to 0
2026-07-24 01:06:16.905 9 INFO neutron.db.ovn_revision_numbers_db [None req-dae5589e-4021-4d8f-b3dc-bd023749f2a4 38d0259a59b64ef49f2b29d8c51336b9 e71742c696104b548b7c41439bf0e991 - - default default] Successfully bumped revision number for resource 4ea0a4d5-cb05-4757-911a-4bf7847095db (type: security_group_rules) to 0
2026-07-24 01:06:16.923 9 INFO neutron.db.ovn_revision_numbers_db [None req-dae5589e-4021-4d8f-b3dc-bd023749f2a4 38d0259a59b64ef49f2b29d8c51336b9 e71742c696104b548b7c41439bf0e991 - - default default] Successfully bumped revision number for resource 5da68dac-1d1e-432c-b789-8edb3bcc2434 (type: security_group_rules) to 0
2026-07-24 01:06:16.947 9 INFO neutron.db.ovn_revision_numbers_db [None req-dae5589e-4021-4d8f-b3dc-bd023749f2a4 38d0259a59b64ef49f2b29d8c51336b9 e71742c696104b548b7c41439bf0e991 - - default default] Successfully bumped revision number for resource b940f972-b4f2-45ab-8c49-d2a3d301dcd3 (type: security_group_rules) to 0
2026-07-24 01:06:16.971 9 INFO neutron.wsgi [None req-dae5589e-4021-4d8f-b3dc-bd023749f2a4 38d0259a59b64ef49f2b29d8c51336b9 e71742c696104b548b7c41439bf0e991 - - default default] 10.0.0.69 "GET /v2.0/security-groups?tenant_id=ecc055ce30954e2cac0cefc175ed3f33&name=default HTTP/1.1" status: 200 len: 3120 time: 0.2604346
2026-07-24 01:06:17.027 10 INFO neutron.db.ovn_revision_numbers_db [None req-e2e63d10-327a-4bd9-bf00-48041b168dcc 38d0259a59b64ef49f2b29d8c51336b9 e71742c696104b548b7c41439bf0e991 - - default default] Successfully bumped revision number for resource 1bf21a6e-872d-43e3-a234-003b48f15cf3 (type: security_groups) to 1
2026-07-24 01:06:17.032 10 INFO neutron.db.ovn_revision_numbers_db [None req-59698387-bb7c-4cb5-9276-37afb6a4a514 1514901b976f4c878130713873706e9d 82992847c17344e1a7bfee018e33ad6d - - default default] Successfully bumped revision number for resource 370f6952-1cb6-4b7b-9527-9ab46561712a (type: networks) to 1
2026-07-24 01:06:17.056 10 INFO neutron.db.ovn_revision_numbers_db [None req-e2e63d10-327a-4bd9-bf00-48041b168dcc 38d0259a59b64ef49f2b29d8c51336b9 e71742c696104b548b7c41439bf0e991 - - default default] Successfully bumped revision number for resource 0e52f5e4-5509-4bbf-8aef-2f454893d486 (type: security_group_rules) to 0
2026-07-24 01:06:17.068 10 INFO neutron.services.segments.plugin [-] Segment 752d8fed-d976-49dc-bd02-05e31c40f0b4 resource provider aggregate not found
2026-07-24 01:06:17.080 10 INFO neutron.db.ovn_revision_numbers_db [None req-e2e63d10-327a-4bd9-bf00-48041b168dcc 38d0259a59b64ef49f2b29d8c51336b9 e71742c696104b548b7c41439bf0e991 - - default default] Successfully bumped revision number for resource 4c858a73-0571-43a3-96d3-eb6d04f83ff2 (type: security_group_rules) to 0
2026-07-24 01:06:17.087 10 INFO neutron.services.segments.plugin [-] Segment 752d8fed-d976-49dc-bd02-05e31c40f0b4 resource provider not found; error: Placement Client Error (4xx): {"errors": [{"status": 404, "title": "Not Found", "detail": "The resource could not be found.\n\n No resource provider with uuid 752d8fed-d976-49dc-bd02-05e31c40f0b4 found for delete ", "request_id": "req-7e4de0df-0383-4645-b50b-a1fdc4ba3235"}]}
2026-07-24 01:06:17.104 10 INFO neutron.db.ovn_revision_numbers_db [None req-e2e63d10-327a-4bd9-bf00-48041b168dcc 38d0259a59b64ef49f2b29d8c51336b9 e71742c696104b548b7c41439bf0e991 - - default default] Successfully bumped revision number for resource 60e73def-d343-4383-8651-299f225bd786 (type: security_group_rules) to 0
2026-07-24 01:06:17.110 10 INFO neutron.services.segments.plugin [-] Segment 752d8fed-d976-49dc-bd02-05e31c40f0b4 resource provider aggregate not found
2026-07-24 01:06:17.130 10 INFO neutron.db.ovn_revision_numbers_db [None req-e2e63d10-327a-4bd9-bf00-48041b168dcc 38d0259a59b64ef49f2b29d8c51336b9 e71742c696104b548b7c41439bf0e991 - - default default] Successfully bumped revision number for resource 764fec90-a949-4ff3-8fc4-6a8dd1cc1527 (type: security_group_rules) to 0
2026-07-24 01:06:17.135 10 INFO neutron.services.segments.plugin [-] Segment 752d8fed-d976-49dc-bd02-05e31c40f0b4 resource provider not found; error: Placement Client Error (4xx): {"errors": [{"status": 404, "title": "Not Found", "detail": "The resource could not be found.\n\n No resource provider with uuid 752d8fed-d976-49dc-bd02-05e31c40f0b4 found for delete ", "request_id": "req-d0cd46be-d56f-4a00-a78f-83500b8e9c65"}]}
2026-07-24 01:06:17.159 10 INFO neutron.wsgi [None req-e2e63d10-327a-4bd9-bf00-48041b168dcc 38d0259a59b64ef49f2b29d8c51336b9 e71742c696104b548b7c41439bf0e991 - - default default] 10.0.0.69 "GET /v2.0/security-groups?tenant_id=5d003e0fec76415bb3c1816171821be7&name=default HTTP/1.1" status: 200 len: 3120 time: 0.3237417
2026-07-24 01:06:17.233 10 WARNING neutron.scheduler.dhcp_agent_scheduler [None req-59698387-bb7c-4cb5-9276-37afb6a4a514 1514901b976f4c878130713873706e9d 82992847c17344e1a7bfee018e33ad6d - - default default] No more DHCP agents
2026-07-24 01:06:17.237 10 WARNING neutron.api.rpc.agentnotifiers.dhcp_rpc_agent_api [None req-59698387-bb7c-4cb5-9276-37afb6a4a514 1514901b976f4c878130713873706e9d 82992847c17344e1a7bfee018e33ad6d - - default default] Unable to schedule network 370f6952-1cb6-4b7b-9527-9ab46561712a: no agents available; will retry on subsequent port and subnet creation events.
2026-07-24 01:06:17.263 9 INFO neutron.wsgi [None req-725bc807-f2b3-4181-b694-11cd98475494 38d0259a59b64ef49f2b29d8c51336b9 e71742c696104b548b7c41439bf0e991 - - default default] 10.0.0.69 "DELETE /v2.0/security-groups/fb99f863-a87c-4971-a5cd-8d5cbed74c58 HTTP/1.1" status: 204 len: 168 time: 0.2823286
2026-07-24 01:06:17.323 10 INFO neutron.db.ovn_revision_numbers_db [None req-59698387-bb7c-4cb5-9276-37afb6a4a514 1514901b976f4c878130713873706e9d 82992847c17344e1a7bfee018e33ad6d - - default default] Successfully bumped revision number for resource 5ecdf36c-e40c-47ac-b156-84c4b110bf23 (type: ports) to 1
2026-07-24 01:06:17.347 10 INFO neutron.wsgi [None req-59698387-bb7c-4cb5-9276-37afb6a4a514 1514901b976f4c878130713873706e9d 82992847c17344e1a7bfee018e33ad6d - - default default] 10.0.0.69 "POST /v2.0/networks HTTP/1.1" status: 201 len: 929 time: 0.5663910
2026-07-24 01:06:17.460 9 INFO neutron.wsgi [None req-9b86923c-6124-41da-a2d4-b330fdd399f1 38d0259a59b64ef49f2b29d8c51336b9 e71742c696104b548b7c41439bf0e991 - - default default] 10.0.0.69 "DELETE /v2.0/security-groups/1bf21a6e-872d-43e3-a234-003b48f15cf3 HTTP/1.1" status: 204 len: 168 time: 0.2918398
2026-07-24 01:06:17.511 10 WARNING neutron.scheduler.dhcp_agent_scheduler [None req-e24898ad-2606-446d-a43e-84bb9d77fbd7 1514901b976f4c878130713873706e9d 82992847c17344e1a7bfee018e33ad6d - - default default] No more DHCP agents
2026-07-24 01:06:17.515 10 WARNING neutron.api.rpc.agentnotifiers.dhcp_rpc_agent_api [None req-e24898ad-2606-446d-a43e-84bb9d77fbd7 1514901b976f4c878130713873706e9d 82992847c17344e1a7bfee018e33ad6d - - default default] Unable to schedule network 370f6952-1cb6-4b7b-9527-9ab46561712a: no agents available; will retry on subsequent port and subnet creation events.
2026-07-24 01:06:18.263 10 INFO neutron.db.ovn_revision_numbers_db [None req-e24898ad-2606-446d-a43e-84bb9d77fbd7 1514901b976f4c878130713873706e9d 82992847c17344e1a7bfee018e33ad6d - - default default] Successfully bumped revision number for resource 5ecdf36c-e40c-47ac-b156-84c4b110bf23 (type: ports) to 2
2026-07-24 01:06:18.297 10 INFO neutron.db.ovn_revision_numbers_db [None req-e24898ad-2606-446d-a43e-84bb9d77fbd7 1514901b976f4c878130713873706e9d 82992847c17344e1a7bfee018e33ad6d - - default default] Successfully bumped revision number for resource a0742aa2-e4d3-454a-9bfa-40a175102727 (type: subnets) to 0
2026-07-24 01:06:18.314 10 INFO neutron.wsgi [None req-e24898ad-2606-446d-a43e-84bb9d77fbd7 1514901b976f4c878130713873706e9d 82992847c17344e1a7bfee018e33ad6d - - default default] 10.0.0.69 "POST /v2.0/subnets HTTP/1.1" status: 201 len: 822 time: 0.9615259
2026-07-24 01:06:18.748 10 INFO neutron.wsgi [None req-431db849-5d7d-48e7-88f1-a40ba5321d55 1514901b976f4c878130713873706e9d 82992847c17344e1a7bfee018e33ad6d - - default default] 10.0.0.69 "POST /v2.0/rbac-policies HTTP/1.1" status: 201 len: 523 time: 0.4164271
2026-07-24 01:06:19.304 10 INFO neutron.wsgi [None req-6f8740c6-120a-453d-9b89-5abe38003b5b f7c76ff35afb428d8e066b75f713a6da b071d939125f41cf89a3ebf9b91bb025 - - default default] 10.0.0.69 "GET /v2.0/networks/370f6952-1cb6-4b7b-9527-9ab46561712a HTTP/1.1" status: 200 len: 849 time: 0.1788456
2026-07-24 01:06:19.989 9 INFO neutron.pecan_wsgi.hooks.translation [None req-4e5d5f7d-a6bf-4cd9-9498-ceddb49ee45e 00ae291726db4ba0a265cb9b58298d38 7f720cbe1d0c49bcb41c02393b14e962 - - default default] GET failed (client error): The resource could not be found.
2026-07-24 01:06:19.991 9 INFO neutron.wsgi [None req-4e5d5f7d-a6bf-4cd9-9498-ceddb49ee45e 00ae291726db4ba0a265cb9b58298d38 7f720cbe1d0c49bcb41c02393b14e962 - - default default] 10.0.0.69 "GET /v2.0/networks/370f6952-1cb6-4b7b-9527-9ab46561712a HTTP/1.1" status: 404 len: 339 time: 0.2922525
2026-07-24 01:06:20.677 9 INFO neutron.services.segments.plugin [-] Segment f2380f6a-e72c-4367-8c47-7cbf57bec0b5 resource provider aggregate not found
2026-07-24 01:06:20.686 9 INFO neutron.services.segments.plugin [-] Segment f2380f6a-e72c-4367-8c47-7cbf57bec0b5 resource provider aggregate not found
2026-07-24 01:06:20.731 9 INFO neutron.services.segments.plugin [-] Segment f2380f6a-e72c-4367-8c47-7cbf57bec0b5 resource provider not found; error: Placement Client Error (4xx): {"errors": [{"status": 404, "title": "Not Found", "detail": "The resource could not be found.\n\n No resource provider with uuid f2380f6a-e72c-4367-8c47-7cbf57bec0b5 found for delete ", "request_id": "req-9788039d-2d84-405b-a2f1-4c1b96de6ab4"}]}
2026-07-24 01:06:20.732 9 INFO neutron.services.segments.plugin [-] Segment f2380f6a-e72c-4367-8c47-7cbf57bec0b5 resource provider not found; error: Placement Client Error (4xx): {"errors": [{"status": 404, "title": "Not Found", "detail": "The resource could not be found.\n\n No resource provider with uuid f2380f6a-e72c-4367-8c47-7cbf57bec0b5 found for delete ", "request_id": "req-b246769a-c457-4142-9772-e0e9be8f4616"}]}
2026-07-24 01:06:20.751 9 INFO neutron.wsgi [None req-7f90d35a-94cb-493f-be82-57588ae10053 1514901b976f4c878130713873706e9d 82992847c17344e1a7bfee018e33ad6d - - default default] 10.0.0.69 "DELETE /v2.0/networks/370f6952-1cb6-4b7b-9527-9ab46561712a HTTP/1.1" status: 204 len: 168 time: 0.7543650
2026-07-24 01:06:20.774 9 INFO neutron.pecan_wsgi.hooks.translation [None req-b916cbe3-9335-4e6f-ac90-fc6839e313f7 1514901b976f4c878130713873706e9d 82992847c17344e1a7bfee018e33ad6d - - default default] DELETE failed (client error): The resource could not be found.
2026-07-24 01:06:20.777 9 INFO neutron.wsgi [None req-b916cbe3-9335-4e6f-ac90-fc6839e313f7 1514901b976f4c878130713873706e9d 82992847c17344e1a7bfee018e33ad6d - - default default] 10.0.0.69 "DELETE /v2.0/subnets/c9d2d92c-e8b1-4378-b279-183a4465e6f0 HTTP/1.1" status: 404 len: 337 time: 0.0172758
2026-07-24 01:06:20.779 10 INFO neutron.wsgi [None req-e2738081-b00f-497c-aa7a-bccdc73652fb 79d83afab03145d6b3d6febf533f8b9d 93730183c4e542a89724e593d1664c4f - - default default] 10.0.0.69 "POST /v2.0/qos/policies HTTP/1.1" status: 201 len: 558 time: 0.2449486
2026-07-24 01:06:20.798 9 INFO neutron.pecan_wsgi.hooks.translation [None req-8c57a323-720d-4a8f-bb03-6fa2476a19b4 1514901b976f4c878130713873706e9d 82992847c17344e1a7bfee018e33ad6d - - default default] DELETE failed (client error): The resource could not be found.
2026-07-24 01:06:20.801 9 INFO neutron.wsgi [None req-8c57a323-720d-4a8f-bb03-6fa2476a19b4 1514901b976f4c878130713873706e9d 82992847c17344e1a7bfee018e33ad6d - - default default] 10.0.0.69 "DELETE /v2.0/subnets/d31b7d10-9604-4008-abb3-324497794a3f HTTP/1.1" status: 404 len: 337 time: 0.0191822
2026-07-24 01:06:20.819 10 INFO neutron.wsgi [None req-6ae0b308-1fb6-44fc-956e-41c5472b6bac 79d83afab03145d6b3d6febf533f8b9d 93730183c4e542a89724e593d1664c4f - - default default] 10.0.0.69 "PUT /v2.0/policies/be0f046b-5f35-4da7-a95c-c872cb2fcf2b/tags HTTP/1.1" status: 200 len: 218 time: 0.0340002
2026-07-24 01:06:20.823 9 INFO neutron.pecan_wsgi.hooks.translation [None req-1a2b3fd3-4a0e-4b21-989a-7b0ec93e3b5e 1514901b976f4c878130713873706e9d 82992847c17344e1a7bfee018e33ad6d - - default default] DELETE failed (client error): The resource could not be found.
2026-07-24 01:06:20.826 9 INFO neutron.wsgi [None req-1a2b3fd3-4a0e-4b21-989a-7b0ec93e3b5e 1514901b976f4c878130713873706e9d 82992847c17344e1a7bfee018e33ad6d - - default default] 10.0.0.69 "DELETE /v2.0/subnets/a0742aa2-e4d3-454a-9bfa-40a175102727 HTTP/1.1" status: 404 len: 337 time: 0.0201478
2026-07-24 01:06:20.844 10 INFO neutron.wsgi [None req-a95a4a03-f23a-4907-8d56-975a394c1785 79d83afab03145d6b3d6febf533f8b9d 93730183c4e542a89724e593d1664c4f - - default default] 10.0.0.69 "GET /v2.0/policies/be0f046b-5f35-4da7-a95c-c872cb2fcf2b/tags HTTP/1.1" status: 200 len: 218 time: 0.0189991
2026-07-24 01:06:20.889 10 INFO neutron.wsgi [None req-1f12634a-248f-4f82-94a8-590e4e2a5355 79d83afab03145d6b3d6febf533f8b9d 93730183c4e542a89724e593d1664c4f - - default default] 10.0.0.69 "PUT /v2.0/policies/be0f046b-5f35-4da7-a95c-c872cb2fcf2b/tags/green HTTP/1.1" status: 201 len: 201 time: 0.0411403
2026-07-24 01:06:20.911 10 INFO neutron.wsgi [None req-b1ab8996-f279-47a4-9d0f-091a506d0e49 79d83afab03145d6b3d6febf533f8b9d 93730183c4e542a89724e593d1664c4f - - default default] 10.0.0.69 "GET /v2.0/policies/be0f046b-5f35-4da7-a95c-c872cb2fcf2b/tags HTTP/1.1" status: 200 len: 227 time: 0.0193861
2026-07-24 01:06:20.946 10 INFO neutron.wsgi [None req-f53302fe-7d39-48ac-aa46-5e7c19ac8170 79d83afab03145d6b3d6febf533f8b9d 93730183c4e542a89724e593d1664c4f - - default default] 10.0.0.69 "PUT /v2.0/policies/be0f046b-5f35-4da7-a95c-c872cb2fcf2b/tags/red HTTP/1.1" status: 201 len: 201 time: 0.0287986
2026-07-24 01:06:20.975 10 INFO neutron.wsgi [None req-97695595-a2cd-49da-bf54-9a68721aa49e 79d83afab03145d6b3d6febf533f8b9d 93730183c4e542a89724e593d1664c4f - - default default] 10.0.0.69 "GET /v2.0/policies/be0f046b-5f35-4da7-a95c-c872cb2fcf2b/tags HTTP/1.1" status: 200 len: 227 time: 0.0254073
2026-07-24 01:06:21.015 10 INFO neutron.wsgi [None req-76a6e66a-0a58-4fa2-ad0c-83fe1e94ed67 79d83afab03145d6b3d6febf533f8b9d 93730183c4e542a89724e593d1664c4f - - default default] 10.0.0.69 "PUT /v2.0/policies/be0f046b-5f35-4da7-a95c-c872cb2fcf2b/tags/black.or.white HTTP/1.1" status: 201 len: 201 time: 0.0352728
2026-07-24 01:06:21.036 10 INFO neutron.wsgi [None req-b9a50126-a0f1-4d38-836b-fa0042852ccb 79d83afab03145d6b3d6febf533f8b9d 93730183c4e542a89724e593d1664c4f - - default default] 10.0.0.69 "GET /v2.0/policies/be0f046b-5f35-4da7-a95c-c872cb2fcf2b/tags HTTP/1.1" status: 200 len: 245 time: 0.0156021
2026-07-24 01:06:21.081 10 INFO neutron.wsgi [None req-1f6dd0b9-6ef0-4a9e-bf39-e3b8d5785802 79d83afab03145d6b3d6febf533f8b9d 93730183c4e542a89724e593d1664c4f - - default default] 10.0.0.69 "PUT /v2.0/policies/be0f046b-5f35-4da7-a95c-c872cb2fcf2b/tags HTTP/1.1" status: 200 len: 230 time: 0.0377455
2026-07-24 01:06:21.108 10 INFO neutron.wsgi [None req-cda2a34d-9ff7-4a3a-a475-7be29de6e127 79d83afab03145d6b3d6febf533f8b9d 93730183c4e542a89724e593d1664c4f - - default default] 10.0.0.69 "GET /v2.0/policies/be0f046b-5f35-4da7-a95c-c872cb2fcf2b/tags HTTP/1.1" status: 200 len: 230 time: 0.0209608
2026-07-24 01:06:21.130 10 INFO neutron.wsgi [None req-77935398-62fc-4481-a865-590d03d7f875 79d83afab03145d6b3d6febf533f8b9d 93730183c4e542a89724e593d1664c4f - - default default] 10.0.0.69 "GET /v2.0/policies/be0f046b-5f35-4da7-a95c-c872cb2fcf2b/tags/red HTTP/1.1" status: 204 len: 168 time: 0.0154772
2026-07-24 01:06:21.154 10 INFO neutron.api.v2.resource [None req-efe93bb7-3d20-40fb-9ae6-ae3038c6067b 79d83afab03145d6b3d6febf533f8b9d 93730183c4e542a89724e593d1664c4f - - default default] show failed (client error): The resource could not be found.
2026-07-24 01:06:21.156 10 INFO neutron.wsgi [None req-efe93bb7-3d20-40fb-9ae6-ae3038c6067b 79d83afab03145d6b3d6febf533f8b9d 93730183c4e542a89724e593d1664c4f - - default default] 10.0.0.69 "GET /v2.0/policies/be0f046b-5f35-4da7-a95c-c872cb2fcf2b/tags/green HTTP/1.1" status: 404 len: 299 time: 0.0204298
2026-07-24 01:06:21.193 10 INFO neutron.wsgi [None req-a72ee86d-0d3f-4d81-ab53-5b43c654170c 79d83afab03145d6b3d6febf533f8b9d 93730183c4e542a89724e593d1664c4f - - default default] 10.0.0.69 "DELETE /v2.0/policies/be0f046b-5f35-4da7-a95c-c872cb2fcf2b/tags/red HTTP/1.1" status: 204 len: 168 time: 0.0306001
2026-07-24 01:06:21.216 10 INFO neutron.wsgi [None req-1af0e73d-81c7-42c3-bbc9-87c49649bf80 79d83afab03145d6b3d6febf533f8b9d 93730183c4e542a89724e593d1664c4f - - default default] 10.0.0.69 "GET /v2.0/policies/be0f046b-5f35-4da7-a95c-c872cb2fcf2b/tags HTTP/1.1" status: 200 len: 223 time: 0.0169721
2026-07-24 01:06:21.244 10 INFO neutron.api.v2.resource [None req-d3078ac1-a7b9-4cbe-aeb5-d664492abad5 79d83afab03145d6b3d6febf533f8b9d 93730183c4e542a89724e593d1664c4f - - default default] delete failed (client error): The resource could not be found.
2026-07-24 01:06:21.246 10 INFO neutron.wsgi [None req-d3078ac1-a7b9-4cbe-aeb5-d664492abad5 79d83afab03145d6b3d6febf533f8b9d 93730183c4e542a89724e593d1664c4f - - default default] 10.0.0.69 "DELETE /v2.0/policies/be0f046b-5f35-4da7-a95c-c872cb2fcf2b/tags/green HTTP/1.1" status: 404 len: 299 time: 0.0235457
2026-07-24 01:06:21.282 10 INFO neutron.wsgi [None req-02822c15-b8ad-45b9-affa-05ca70b24a39 79d83afab03145d6b3d6febf533f8b9d 93730183c4e542a89724e593d1664c4f - - default default] 10.0.0.69 "DELETE /v2.0/policies/be0f046b-5f35-4da7-a95c-c872cb2fcf2b/tags HTTP/1.1" status: 204 len: 168 time: 0.0309131
2026-07-24 01:06:21.309 10 INFO neutron.wsgi [None req-ae1ed156-d017-4e71-b0d3-a90b1d20bcec 79d83afab03145d6b3d6febf533f8b9d 93730183c4e542a89724e593d1664c4f - - default default] 10.0.0.69 "GET /v2.0/policies/be0f046b-5f35-4da7-a95c-c872cb2fcf2b/tags HTTP/1.1" status: 200 len: 205 time: 0.0216632
2026-07-24 01:06:21.384 10 INFO neutron.wsgi [None req-2098d10d-2f1b-41d2-a97c-e872f2e9e228 79d83afab03145d6b3d6febf533f8b9d 93730183c4e542a89724e593d1664c4f - - default default] 10.0.0.69 "DELETE /v2.0/qos/policies/be0f046b-5f35-4da7-a95c-c872cb2fcf2b HTTP/1.1" status: 204 len: 168 time: 0.0687408
2026-07-24 01:06:21.953 9 WARNING neutron_lib.context [None req-a65b333f-b376-4d17-9387-8f56bcff75e8 5f4084ef9c5e4076ab40dbc838f3b0d7 2ff9c78125db43c29e6ab5eae6a52a91 - - default default] Method 'is_advsvc' is deprecated since 2023.2 release (neutron-lib 3.8.0) and will be removed once support for the old RBAC API policies will be removed from Neutron. Please use method 'is_service_role' instead.
2026-07-24 01:06:22.073 9 INFO neutron.db.ovn_revision_numbers_db [None req-695da376-c04a-4cfa-9eef-29747fcb8a9e 38d0259a59b64ef49f2b29d8c51336b9 e71742c696104b548b7c41439bf0e991 - - default default] Successfully bumped revision number for resource bf38ed99-b48a-4e4f-a559-7acf6c1147c0 (type: security_groups) to 1
2026-07-24 01:06:22.087 9 INFO neutron.db.ovn_revision_numbers_db [None req-695da376-c04a-4cfa-9eef-29747fcb8a9e 38d0259a59b64ef49f2b29d8c51336b9 e71742c696104b548b7c41439bf0e991 - - default default] Successfully bumped revision number for resource 083c5013-e8af-46ea-8d87-597c21d131ef (type: security_group_rules) to 0
2026-07-24 01:06:22.106 9 INFO neutron.db.ovn_revision_numbers_db [None req-695da376-c04a-4cfa-9eef-29747fcb8a9e 38d0259a59b64ef49f2b29d8c51336b9 e71742c696104b548b7c41439bf0e991 - - default default] Successfully bumped revision number for resource 5eaa35a2-93f2-4586-afa4-36904660b3ca (type: security_group_rules) to 0
2026-07-24 01:06:22.111 10 INFO neutron.db.ovn_revision_numbers_db [None req-742086e7-bf7a-49e3-9b8a-b79e6b55d8ac 38d0259a59b64ef49f2b29d8c51336b9 e71742c696104b548b7c41439bf0e991 - - default default] Successfully bumped revision number for resource d85b29c6-fa84-4dd0-aa2a-03d6c88069a1 (type: security_groups) to 1
2026-07-24 01:06:22.125 9 INFO neutron.db.ovn_revision_numbers_db [None req-a65b333f-b376-4d17-9387-8f56bcff75e8 5f4084ef9c5e4076ab40dbc838f3b0d7 2ff9c78125db43c29e6ab5eae6a52a91 - - default default] Successfully bumped revision number for resource b414452e-f8e9-4930-9296-057b93be00ea (type: security_groups) to 1
2026-07-24 01:06:22.127 10 INFO neutron.db.ovn_revision_numbers_db [None req-742086e7-bf7a-49e3-9b8a-b79e6b55d8ac 38d0259a59b64ef49f2b29d8c51336b9 e71742c696104b548b7c41439bf0e991 - - default default] Successfully bumped revision number for resource 5f8a0589-698c-4bf1-a256-f4fdc51e1c90 (type: security_group_rules) to 0
2026-07-24 01:06:22.129 9 INFO neutron.db.ovn_revision_numbers_db [None req-695da376-c04a-4cfa-9eef-29747fcb8a9e 38d0259a59b64ef49f2b29d8c51336b9 e71742c696104b548b7c41439bf0e991 - - default default] Successfully bumped revision number for resource c0f2e042-4f70-45a7-89d0-a4ce49e490ca (type: security_group_rules) to 0
2026-07-24 01:06:22.142 10 INFO neutron.db.ovn_revision_numbers_db [None req-742086e7-bf7a-49e3-9b8a-b79e6b55d8ac 38d0259a59b64ef49f2b29d8c51336b9 e71742c696104b548b7c41439bf0e991 - - default default] Successfully bumped revision number for resource b2caa1c0-b164-4094-88f0-75dd382d005d (type: security_group_rules) to 0
2026-07-24 01:06:22.144 9 INFO neutron.db.ovn_revision_numbers_db [None req-a65b333f-b376-4d17-9387-8f56bcff75e8 5f4084ef9c5e4076ab40dbc838f3b0d7 2ff9c78125db43c29e6ab5eae6a52a91 - - default default] Successfully bumped revision number for resource 1b48429e-ce0d-496b-a23a-a19542bace7c (type: security_group_rules) to 0
2026-07-24 01:06:22.150 9 INFO neutron.db.ovn_revision_numbers_db [None req-695da376-c04a-4cfa-9eef-29747fcb8a9e 38d0259a59b64ef49f2b29d8c51336b9 e71742c696104b548b7c41439bf0e991 - - default default] Successfully bumped revision number for resource f78c2ead-f4c7-4fe3-8174-5c200ce8fb4e (type: security_group_rules) to 0
2026-07-24 01:06:22.161 10 INFO neutron.db.ovn_revision_numbers_db [None req-742086e7-bf7a-49e3-9b8a-b79e6b55d8ac 38d0259a59b64ef49f2b29d8c51336b9 e71742c696104b548b7c41439bf0e991 - - default default] Successfully bumped revision number for resource b8241264-423e-4155-9475-fe798e319b03 (type: security_group_rules) to 0
2026-07-24 01:06:22.165 9 INFO neutron.db.ovn_revision_numbers_db [None req-a65b333f-b376-4d17-9387-8f56bcff75e8 5f4084ef9c5e4076ab40dbc838f3b0d7 2ff9c78125db43c29e6ab5eae6a52a91 - - default default] Successfully bumped revision number for resource 49a0ab47-c8db-4693-855a-d61d39845931 (type: security_group_rules) to 0
2026-07-24 01:06:22.173 9 INFO neutron.wsgi [None req-695da376-c04a-4cfa-9eef-29747fcb8a9e 38d0259a59b64ef49f2b29d8c51336b9 e71742c696104b548b7c41439bf0e991 - - default default] 10.0.0.69 "GET /v2.0/security-groups?tenant_id=7f720cbe1d0c49bcb41c02393b14e962&name=default HTTP/1.1" status: 200 len: 3120 time: 0.5677004
2026-07-24 01:06:22.176 10 INFO neutron.db.ovn_revision_numbers_db [None req-742086e7-bf7a-49e3-9b8a-b79e6b55d8ac 38d0259a59b64ef49f2b29d8c51336b9 e71742c696104b548b7c41439bf0e991 - - default default] Successfully bumped revision number for resource fe00db6f-20f2-4508-ab78-bc644c8f3960 (type: security_group_rules) to 0
2026-07-24 01:06:22.190 9 INFO neutron.db.ovn_revision_numbers_db [None req-a65b333f-b376-4d17-9387-8f56bcff75e8 5f4084ef9c5e4076ab40dbc838f3b0d7 2ff9c78125db43c29e6ab5eae6a52a91 - - default default] Successfully bumped revision number for resource c0bbf230-bb92-463d-b053-fbb4bc3eb95a (type: security_group_rules) to 0
2026-07-24 01:06:22.211 10 INFO neutron.wsgi [None req-742086e7-bf7a-49e3-9b8a-b79e6b55d8ac 38d0259a59b64ef49f2b29d8c51336b9 e71742c696104b548b7c41439bf0e991 - - default default] 10.0.0.69 "GET /v2.0/security-groups?tenant_id=2826df5a0ff94ab3ad521d8e3d9ad5cc&name=default HTTP/1.1" status: 200 len: 3120 time: 0.2658279
2026-07-24 01:06:22.217 9 INFO neutron.db.ovn_revision_numbers_db [None req-a65b333f-b376-4d17-9387-8f56bcff75e8 5f4084ef9c5e4076ab40dbc838f3b0d7 2ff9c78125db43c29e6ab5eae6a52a91 - - default default] Successfully bumped revision number for resource eaeb9ad0-de2a-4094-b7c6-4123f613464a (type: security_group_rules) to 0
2026-07-24 01:06:22.287 9 INFO neutron.db.segments_db [None req-a65b333f-b376-4d17-9387-8f56bcff75e8 5f4084ef9c5e4076ab40dbc838f3b0d7 2ff9c78125db43c29e6ab5eae6a52a91 - - default default] Added segment 91825e3e-e718-4f6a-aca6-3b12e007e8dc of type geneve for network aa457b2f-d978-4b2a-a1c0-cd63212be460
2026-07-24 01:06:22.389 9 INFO neutron.wsgi [None req-9d714106-10ba-4de7-836f-10f610431428 eac16ec7e6814c1e83808e6d75da3212 fc3ecebf35d445d4b6924626f405e9a4 - - default default] 10.0.0.69 "POST /v2.0/qos/policies HTTP/1.1" status: 201 len: 558 time: 0.1744001
2026-07-24 01:06:22.452 10 INFO neutron.wsgi [None req-fdf49e8b-fd21-422e-bb83-c4f1eaad745c eac16ec7e6814c1e83808e6d75da3212 fc3ecebf35d445d4b6924626f405e9a4 - - default default] 10.0.0.69 "POST /v2.0/qos/policies HTTP/1.1" status: 201 len: 558 time: 0.0576468
2026-07-24 01:06:22.517 10 INFO neutron.wsgi [None req-2872896f-d2ba-4d14-812f-6a105966cc21 eac16ec7e6814c1e83808e6d75da3212 fc3ecebf35d445d4b6924626f405e9a4 - - default default] 10.0.0.69 "POST /v2.0/qos/policies HTTP/1.1" status: 201 len: 558 time: 0.0551832
2026-07-24 01:06:22.521 10 INFO neutron.wsgi [None req-5739a168-7d75-45df-b189-096ac88e06d8 38d0259a59b64ef49f2b29d8c51336b9 e71742c696104b548b7c41439bf0e991 - - default default] 10.0.0.69 "DELETE /v2.0/security-groups/d85b29c6-fa84-4dd0-aa2a-03d6c88069a1 HTTP/1.1" status: 204 len: 168 time: 0.3041890
2026-07-24 01:06:22.536 9 INFO neutron.db.ovn_revision_numbers_db [None req-a65b333f-b376-4d17-9387-8f56bcff75e8 5f4084ef9c5e4076ab40dbc838f3b0d7 2ff9c78125db43c29e6ab5eae6a52a91 - - default default] Successfully bumped revision number for resource aa457b2f-d978-4b2a-a1c0-cd63212be460 (type: networks) to 1
2026-07-24 01:06:22.559 10 INFO neutron.wsgi [None req-80d1e035-8c03-4e75-9060-139b32de2e8a eac16ec7e6814c1e83808e6d75da3212 fc3ecebf35d445d4b6924626f405e9a4 - - default default] 10.0.0.69 "POST /v2.0/qos/policies HTTP/1.1" status: 201 len: 558 time: 0.0362251
2026-07-24 01:06:22.604 10 INFO neutron.wsgi [None req-349cd811-23bc-49df-84ca-ebcf67b5d7fc eac16ec7e6814c1e83808e6d75da3212 fc3ecebf35d445d4b6924626f405e9a4 - - default default] 10.0.0.69 "POST /v2.0/qos/policies HTTP/1.1" status: 201 len: 558 time: 0.0395362
2026-07-24 01:06:22.648 9 INFO neutron.wsgi [None req-8790e91f-fd7e-4c4c-90c8-4a8ad3725b47 38d0259a59b64ef49f2b29d8c51336b9 e71742c696104b548b7c41439bf0e991 - - default default] 10.0.0.69 "DELETE /v2.0/security-groups/bf38ed99-b48a-4e4f-a559-7acf6c1147c0 HTTP/1.1" status: 204 len: 168 time: 0.4544873
2026-07-24 01:06:22.648 10 INFO neutron.wsgi [None req-ca376b50-2e43-40c6-a9b7-88544fa60a9e eac16ec7e6814c1e83808e6d75da3212 fc3ecebf35d445d4b6924626f405e9a4 - - default default] 10.0.0.69 "PUT /v2.0/policies/a61efd5b-c643-4928-b46e-7f7447d11e52/tags HTTP/1.1" status: 200 len: 210 time: 0.0377653
2026-07-24 01:06:22.692 10 INFO neutron.wsgi [None req-f19f3829-524f-4498-8d20-101a6241d240 eac16ec7e6814c1e83808e6d75da3212 fc3ecebf35d445d4b6924626f405e9a4 - - default default] 10.0.0.69 "PUT /v2.0/policies/e05652bc-3c78-4dee-906a-d6cdd90f8109/tags HTTP/1.1" status: 200 len: 218 time: 0.0389709
2026-07-24 01:06:22.739 10 INFO neutron.wsgi [None req-b98b5e3d-478a-4c08-b84b-32e123a79b23 eac16ec7e6814c1e83808e6d75da3212 fc3ecebf35d445d4b6924626f405e9a4 - - default default] 10.0.0.69 "PUT /v2.0/policies/6e88cb9a-c1a1-45c7-b757-f5658285dd2e/tags HTTP/1.1" status: 200 len: 227 time: 0.0395634
2026-07-24 01:06:22.801 9 WARNING neutron.scheduler.dhcp_agent_scheduler [None req-a65b333f-b376-4d17-9387-8f56bcff75e8 5f4084ef9c5e4076ab40dbc838f3b0d7 2ff9c78125db43c29e6ab5eae6a52a91 - - default default] No more DHCP agents
2026-07-24 01:06:22.806 9 WARNING neutron.api.rpc.agentnotifiers.dhcp_rpc_agent_api [None req-a65b333f-b376-4d17-9387-8f56bcff75e8 5f4084ef9c5e4076ab40dbc838f3b0d7 2ff9c78125db43c29e6ab5eae6a52a91 - - default default] Unable to schedule network aa457b2f-d978-4b2a-a1c0-cd63212be460: no agents available; will retry on subsequent port and subnet creation events.
2026-07-24 01:06:22.810 9 INFO neutron.wsgi [None req-5518f4de-c9ff-40b6-b187-dbd2cd0de754 eac16ec7e6814c1e83808e6d75da3212 fc3ecebf35d445d4b6924626f405e9a4 - - default default] 10.0.0.69 "PUT /v2.0/policies/0ea49091-ab5a-4bfd-a8aa-bb34fda60a81/tags HTTP/1.1" status: 200 len: 212 time: 0.0649116
2026-07-24 01:06:22.892 9 INFO neutron.db.ovn_revision_numbers_db [None req-bf6a0dca-a65e-4c8d-bdc5-d3baf2a9e875 38d0259a59b64ef49f2b29d8c51336b9 e71742c696104b548b7c41439bf0e991 - - default default] Successfully bumped revision number for resource acdc1be8-1020-467c-b253-f4309a61a2b0 (type: security_groups) to 1
2026-07-24 01:06:22.894 10 INFO neutron.wsgi [None req-e415d16b-8719-435f-ba5d-c91dd60af81b 38d0259a59b64ef49f2b29d8c51336b9 e71742c696104b548b7c41439bf0e991 - - default default] 10.0.0.69 "GET /v2.0/security-groups?tenant_id=82992847c17344e1a7bfee018e33ad6d&name=default HTTP/1.1" status: 200 len: 3120 time: 0.0395689
2026-07-24 01:06:22.910 9 INFO neutron.db.ovn_revision_numbers_db [None req-bf6a0dca-a65e-4c8d-bdc5-d3baf2a9e875 38d0259a59b64ef49f2b29d8c51336b9 e71742c696104b548b7c41439bf0e991 - - default default] Successfully bumped revision number for resource 26509131-6de5-4879-add7-45bf2225be56 (type: security_group_rules) to 0
2026-07-24 01:06:22.916 9 INFO neutron.db.ovn_revision_numbers_db [None req-a65b333f-b376-4d17-9387-8f56bcff75e8 5f4084ef9c5e4076ab40dbc838f3b0d7 2ff9c78125db43c29e6ab5eae6a52a91 - - default default] Successfully bumped revision number for resource 9ca0018a-0552-4735-a6d4-7944a3ae8e47 (type: ports) to 1
2026-07-24 01:06:22.927 9 INFO neutron.db.ovn_revision_numbers_db [None req-bf6a0dca-a65e-4c8d-bdc5-d3baf2a9e875 38d0259a59b64ef49f2b29d8c51336b9 e71742c696104b548b7c41439bf0e991 - - default default] Successfully bumped revision number for resource 3ee5800c-9846-4c10-b79d-11ffd1924b89 (type: security_group_rules) to 0
2026-07-24 01:06:22.944 9 INFO neutron.wsgi [None req-a65b333f-b376-4d17-9387-8f56bcff75e8 5f4084ef9c5e4076ab40dbc838f3b0d7 2ff9c78125db43c29e6ab5eae6a52a91 - - default default] 10.0.0.69 "POST /v2.0/networks HTTP/1.1" status: 201 len: 831 time: 1.0604024
2026-07-24 01:06:22.948 9 INFO neutron.db.ovn_revision_numbers_db [None req-bf6a0dca-a65e-4c8d-bdc5-d3baf2a9e875 38d0259a59b64ef49f2b29d8c51336b9 e71742c696104b548b7c41439bf0e991 - - default default] Successfully bumped revision number for resource 4f592816-2090-45a1-854d-c158fb211fa0 (type: security_group_rules) to 0
2026-07-24 01:06:22.955 9 WARNING neutron_lib.context [None req-5bd38592-fb48-45c4-9d9b-747fe98167e7 5f4084ef9c5e4076ab40dbc838f3b0d7 2ff9c78125db43c29e6ab5eae6a52a91 - - default default] Method 'is_advsvc' is deprecated since 2023.2 release (neutron-lib 3.8.0) and will be removed once support for the old RBAC API policies will be removed from Neutron. Please use method 'is_service_role' instead.
2026-07-24 01:06:22.973 9 INFO neutron.db.ovn_revision_numbers_db [None req-bf6a0dca-a65e-4c8d-bdc5-d3baf2a9e875 38d0259a59b64ef49f2b29d8c51336b9 e71742c696104b548b7c41439bf0e991 - - default default] Successfully bumped revision number for resource 8fd42263-66c6-4f28-a852-856ed3ac21af (type: security_group_rules) to 0
2026-07-24 01:06:23.009 9 INFO neutron.wsgi [None req-bf6a0dca-a65e-4c8d-bdc5-d3baf2a9e875 38d0259a59b64ef49f2b29d8c51336b9 e71742c696104b548b7c41439bf0e991 - - default default] 10.0.0.69 "GET /v2.0/security-groups?tenant_id=93730183c4e542a89724e593d1664c4f&name=default HTTP/1.1" status: 200 len: 3120 time: 0.3753126
2026-07-24 01:06:23.172 10 INFO neutron.wsgi [None req-7352c717-514b-43ba-ba41-f220d112fdc2 38d0259a59b64ef49f2b29d8c51336b9 e71742c696104b548b7c41439bf0e991 - - default default] 10.0.0.69 "DELETE /v2.0/security-groups/5298920f-cde8-4ade-9929-e6e3a53a1bb5 HTTP/1.1" status: 204 len: 168 time: 0.2726884
2026-07-24 01:06:23.271 9 WARNING neutron.scheduler.dhcp_agent_scheduler [None req-5bd38592-fb48-45c4-9d9b-747fe98167e7 5f4084ef9c5e4076ab40dbc838f3b0d7 2ff9c78125db43c29e6ab5eae6a52a91 - - default default] No more DHCP agents
2026-07-24 01:06:23.275 9 WARNING neutron.api.rpc.agentnotifiers.dhcp_rpc_agent_api [None req-5bd38592-fb48-45c4-9d9b-747fe98167e7 5f4084ef9c5e4076ab40dbc838f3b0d7 2ff9c78125db43c29e6ab5eae6a52a91 - - default default] Unable to schedule network aa457b2f-d978-4b2a-a1c0-cd63212be460: no agents available; will retry on subsequent port and subnet creation events.
2026-07-24 01:06:23.301 10 INFO neutron.wsgi [None req-5dfb70ce-8b2b-4916-9ea1-c69b71368a6c 38d0259a59b64ef49f2b29d8c51336b9 e71742c696104b548b7c41439bf0e991 - - default default] 10.0.0.69 "DELETE /v2.0/security-groups/acdc1be8-1020-467c-b253-f4309a61a2b0 HTTP/1.1" status: 204 len: 168 time: 0.2859266
2026-07-24 01:06:23.353 9 INFO neutron.db.ovn_revision_numbers_db [None req-5bd38592-fb48-45c4-9d9b-747fe98167e7 5f4084ef9c5e4076ab40dbc838f3b0d7 2ff9c78125db43c29e6ab5eae6a52a91 - - default default] Successfully bumped revision number for resource 9c8d5bd9-59b4-4722-bdf7-33ff788810c4 (type: ports) to 1
2026-07-24 01:06:23.391 9 INFO neutron.wsgi [None req-5bd38592-fb48-45c4-9d9b-747fe98167e7 5f4084ef9c5e4076ab40dbc838f3b0d7 2ff9c78125db43c29e6ab5eae6a52a91 - - default default] 10.0.0.69 "POST /v2.0/ports HTTP/1.1" status: 201 len: 942 time: 0.4402699
2026-07-24 01:06:23.403 10 WARNING neutron_lib.context [None req-f2c86ebb-efcc-4738-9973-8e058dc9b88e 5f4084ef9c5e4076ab40dbc838f3b0d7 2ff9c78125db43c29e6ab5eae6a52a91 - - default default] Method 'is_advsvc' is deprecated since 2023.2 release (neutron-lib 3.8.0) and will be removed once support for the old RBAC API policies will be removed from Neutron. Please use method 'is_service_role' instead. /var/lib/openstack/lib/python3.10/site-packages/pycadf/identifier.py:71: UserWarning: Invalid uuid: neutron. To ensure interoperability, identifiers should be a valid uuid. warnings.warn(('Invalid uuid: %s. To ensure interoperability, '
