2026-07-24 01:07:20.956 10 INFO neutron.db.ovn_revision_numbers_db [None req-dfec711b-a747-4e78-8313-8d7449f7846b cffbbb8b042249b3a0e610f7c8d0dbc9 0d472a6a8f48444e9a05fd7559a82bd1 - - default default] Successfully bumped revision number for resource 5230c9bc-35f7-486d-8027-e1c5404a2853 (type: router_ports) to 1
2026-07-24 01:07:20.963 10 INFO neutron.wsgi [None req-dfec711b-a747-4e78-8313-8d7449f7846b cffbbb8b042249b3a0e610f7c8d0dbc9 0d472a6a8f48444e9a05fd7559a82bd1 - - default default] 10.0.0.69 "PUT /v2.0/routers/643f90c1-441a-4607-b4ea-2e0d6d051d34/add_router_interface HTTP/1.1" status: 200 len: 503 time: 3.2615633
2026-07-24 01:07:20.973 9 WARNING neutron_lib.context [None req-47fbd3af-00a1-46ec-920d-f9631624908c cffbbb8b042249b3a0e610f7c8d0dbc9 0d472a6a8f48444e9a05fd7559a82bd1 - - default default] Method 'is_advsvc' is deprecated since 2023.2 release (neutron-lib 3.8.0) and will be removed once support for the old RBAC API policies will be removed from Neutron. Please use method 'is_service_role' instead.
2026-07-24 01:07:21.005 10 INFO neutron.wsgi [req-72e60753-f347-4b36-b0b7-0fc3150f14a6 req-0d8c8056-ad12-4a62-adfe-7d5aa6a11f85 c9cee9d8cf2742abb41fce6191d718b2 d9fede00e96543edbcef7b3ba5e597ca - - default default] 10.0.0.217 "GET /v2.0/security-groups?id=57d07a71-290b-42fa-be65-d6fd5154e22d&fields=id&fields=name HTTP/1.1" status: 200 len: 309 time: 0.0631220
2026-07-24 01:07:21.010 10 INFO neutron.db.ovn_revision_numbers_db [None req-49ae18bc-19e2-4d02-b08f-2f7fd8c3b424 - - - - - -] Successfully bumped revision number for resource 5230c9bc-35f7-486d-8027-e1c5404a2853 (type: ports) to 2
2026-07-24 01:07:21.062 10 INFO neutron.notifiers.nova [-] Nova event matching ['req-b7d96f96-2e2e-4390-b59d-2efd51ad9b3c'] response: {'server_uuid': '06e4a6a0-b1c7-41f9-8a94-037e7d69aa77', 'name': 'network-vif-plugged', 'status': 'completed', 'tag': '1b4c986b-0496-405e-b430-0ca383ffea41', 'code': 200}
2026-07-24 01:07:21.128 10 INFO neutron.wsgi [None req-4e41602c-c6a2-4bfd-95df-7412b208d298 c9cee9d8cf2742abb41fce6191d718b2 d9fede00e96543edbcef7b3ba5e597ca - - default default] 10.0.0.69 "GET /v2.0/ports?network_id=a5bd2907-8ef6-42a6-a246-730f37a10e1b&mac_address=fa%3A16%3A3e%3A2a%3A87%3A40 HTTP/1.1" status: 200 len: 1391 time: 0.0764992
2026-07-24 01:07:21.139 10 WARNING neutron_lib.context [None req-0ae60194-89fd-4d74-8f56-3277dc9a3e16 c9cee9d8cf2742abb41fce6191d718b2 d9fede00e96543edbcef7b3ba5e597ca - - default default] Method 'is_advsvc' is deprecated since 2023.2 release (neutron-lib 3.8.0) and will be removed once support for the old RBAC API policies will be removed from Neutron. Please use method 'is_service_role' instead.
2026-07-24 01:07:21.256 10 INFO neutron.db.ovn_revision_numbers_db [None req-49ae18bc-19e2-4d02-b08f-2f7fd8c3b424 - - - - - -] Successfully bumped revision number for resource 5230c9bc-35f7-486d-8027-e1c5404a2853 (type: router_ports) to 2
2026-07-24 01:07:21.457 10 WARNING neutron.scheduler.dhcp_agent_scheduler [None req-0ae60194-89fd-4d74-8f56-3277dc9a3e16 c9cee9d8cf2742abb41fce6191d718b2 d9fede00e96543edbcef7b3ba5e597ca - - default default] No more DHCP agents
2026-07-24 01:07:21.460 10 WARNING neutron.api.rpc.agentnotifiers.dhcp_rpc_agent_api [None req-0ae60194-89fd-4d74-8f56-3277dc9a3e16 c9cee9d8cf2742abb41fce6191d718b2 d9fede00e96543edbcef7b3ba5e597ca - - default default] Unable to schedule network 32195a0b-3c8a-44b1-bd9d-7ec714658ce4: no agents available; will retry on subsequent port and subnet creation events.
2026-07-24 01:07:21.891 9 WARNING neutron.scheduler.dhcp_agent_scheduler [None req-47fbd3af-00a1-46ec-920d-f9631624908c cffbbb8b042249b3a0e610f7c8d0dbc9 0d472a6a8f48444e9a05fd7559a82bd1 - - default default] No more DHCP agents
2026-07-24 01:07:21.894 9 WARNING neutron.api.rpc.agentnotifiers.dhcp_rpc_agent_api [None req-47fbd3af-00a1-46ec-920d-f9631624908c cffbbb8b042249b3a0e610f7c8d0dbc9 0d472a6a8f48444e9a05fd7559a82bd1 - - default default] Unable to schedule network 32195a0b-3c8a-44b1-bd9d-7ec714658ce4: no agents available; will retry on subsequent port and subnet creation events.
2026-07-24 01:07:22.091 9 INFO neutron.db.ovn_revision_numbers_db [None req-47fbd3af-00a1-46ec-920d-f9631624908c cffbbb8b042249b3a0e610f7c8d0dbc9 0d472a6a8f48444e9a05fd7559a82bd1 - - default default] Successfully bumped revision number for resource 23f05ac8-9cc9-4511-8c70-436d2590680a (type: ports) to 1
2026-07-24 01:07:22.289 10 INFO neutron.db.ovn_revision_numbers_db [None req-0ae60194-89fd-4d74-8f56-3277dc9a3e16 c9cee9d8cf2742abb41fce6191d718b2 d9fede00e96543edbcef7b3ba5e597ca - - default default] Successfully bumped revision number for resource a1fc547b-63ef-412e-84b0-bc70e5eeec02 (type: floatingips) to -1
2026-07-24 01:07:22.325 9 INFO neutron.db.ovn_revision_numbers_db [None req-47fbd3af-00a1-46ec-920d-f9631624908c cffbbb8b042249b3a0e610f7c8d0dbc9 0d472a6a8f48444e9a05fd7559a82bd1 - - default default] Successfully bumped revision number for resource 23f05ac8-9cc9-4511-8c70-436d2590680a (type: ports) to 1
2026-07-24 01:07:22.382 9 INFO neutron.db.segments_db [None req-47fbd3af-00a1-46ec-920d-f9631624908c cffbbb8b042249b3a0e610f7c8d0dbc9 0d472a6a8f48444e9a05fd7559a82bd1 - - default default] Added segment 44614520-8dfa-4aa1-adeb-dac9aa1e3a84 of type geneve for network 0b3aae89-53e6-4bbf-8df2-18a6fdc45a32
2026-07-24 01:07:22.430 10 INFO neutron.db.ovn_revision_numbers_db [None req-0ae60194-89fd-4d74-8f56-3277dc9a3e16 c9cee9d8cf2742abb41fce6191d718b2 d9fede00e96543edbcef7b3ba5e597ca - - default default] Successfully bumped revision number for resource a1fc547b-63ef-412e-84b0-bc70e5eeec02 (type: floatingips) to 1
2026-07-24 01:07:22.431 10 INFO neutron.db.l3_db [None req-0ae60194-89fd-4d74-8f56-3277dc9a3e16 c9cee9d8cf2742abb41fce6191d718b2 d9fede00e96543edbcef7b3ba5e597ca - - default default] Floating IP a1fc547b-63ef-412e-84b0-bc70e5eeec02 associated. External IP: 10.96.250.208, port: 1b4c986b-0496-405e-b430-0ca383ffea41.
2026-07-24 01:07:22.473 10 INFO neutron.wsgi [None req-0ae60194-89fd-4d74-8f56-3277dc9a3e16 c9cee9d8cf2742abb41fce6191d718b2 d9fede00e96543edbcef7b3ba5e597ca - - default default] 10.0.0.69 "POST /v2.0/floatingips HTTP/1.1" status: 201 len: 1053 time: 1.3383589
2026-07-24 01:07:22.531 9 INFO neutron.db.ovn_revision_numbers_db [None req-47fbd3af-00a1-46ec-920d-f9631624908c cffbbb8b042249b3a0e610f7c8d0dbc9 0d472a6a8f48444e9a05fd7559a82bd1 - - default default] Successfully bumped revision number for resource 0b3aae89-53e6-4bbf-8df2-18a6fdc45a32 (type: networks) to 1
2026-07-24 01:07:22.596 10 INFO neutron.wsgi [req-eeee19dc-3566-4e00-9ccc-52d909943b37 req-f578efa2-8a3d-4575-a186-756bd27f6d6b c9cee9d8cf2742abb41fce6191d718b2 d9fede00e96543edbcef7b3ba5e597ca - - default default] 10.0.0.217 "GET /v2.0/security-groups?name=tempest-lb_member_SG-24379084&fields=id&tenant_id=d9fede00e96543edbcef7b3ba5e597ca HTTP/1.1" status: 200 len: 267 time: 0.0494726
2026-07-24 01:07:22.705 10 INFO neutron.wsgi [req-eeee19dc-3566-4e00-9ccc-52d909943b37 req-a2baf4d6-b817-4fe9-ae8f-6a4c38bcb225 c9cee9d8cf2742abb41fce6191d718b2 d9fede00e96543edbcef7b3ba5e597ca - - default default] 10.0.0.217 "GET /v2.0/networks?id=f8036f91-7506-4fd0-adc3-2761e4657035 HTTP/1.1" status: 200 len: 904 time: 0.1011448
2026-07-24 01:07:22.713 9 WARNING neutron.scheduler.dhcp_agent_scheduler [None req-47fbd3af-00a1-46ec-920d-f9631624908c cffbbb8b042249b3a0e610f7c8d0dbc9 0d472a6a8f48444e9a05fd7559a82bd1 - - default default] No more DHCP agents
2026-07-24 01:07:22.715 9 WARNING neutron.api.rpc.agentnotifiers.dhcp_rpc_agent_api [None req-47fbd3af-00a1-46ec-920d-f9631624908c cffbbb8b042249b3a0e610f7c8d0dbc9 0d472a6a8f48444e9a05fd7559a82bd1 - - default default] Unable to schedule network 0b3aae89-53e6-4bbf-8df2-18a6fdc45a32: no agents available; will retry on subsequent port and subnet creation events.
2026-07-24 01:07:22.727 10 INFO neutron.wsgi [req-eeee19dc-3566-4e00-9ccc-52d909943b37 req-004d17eb-5084-4257-870c-bacc13d0280f c9cee9d8cf2742abb41fce6191d718b2 d9fede00e96543edbcef7b3ba5e597ca - - default default] 10.0.0.217 "GET /v2.0/quotas/d9fede00e96543edbcef7b3ba5e597ca HTTP/1.1" status: 200 len: 491 time: 0.0154848
2026-07-24 01:07:22.835 9 INFO neutron.db.ovn_revision_numbers_db [None req-47fbd3af-00a1-46ec-920d-f9631624908c cffbbb8b042249b3a0e610f7c8d0dbc9 0d472a6a8f48444e9a05fd7559a82bd1 - - default default] Successfully bumped revision number for resource b11fab47-0270-4882-a4ce-994c619bd119 (type: ports) to 1
2026-07-24 01:07:22.947 10 INFO neutron.wsgi [req-eeee19dc-3566-4e00-9ccc-52d909943b37 req-73f26114-ffae-4ada-b778-a407b5d448f9 c9cee9d8cf2742abb41fce6191d718b2 d9fede00e96543edbcef7b3ba5e597ca - - default default] 10.0.0.217 "GET /v2.0/ports?tenant_id=d9fede00e96543edbcef7b3ba5e597ca&fields=id HTTP/1.1" status: 200 len: 532 time: 0.2117682
2026-07-24 01:07:23.014 9 WARNING neutron.scheduler.dhcp_agent_scheduler [None req-47fbd3af-00a1-46ec-920d-f9631624908c cffbbb8b042249b3a0e610f7c8d0dbc9 0d472a6a8f48444e9a05fd7559a82bd1 - - default default] No more DHCP agents
2026-07-24 01:07:23.016 9 WARNING neutron.api.rpc.agentnotifiers.dhcp_rpc_agent_api [None req-47fbd3af-00a1-46ec-920d-f9631624908c cffbbb8b042249b3a0e610f7c8d0dbc9 0d472a6a8f48444e9a05fd7559a82bd1 - - default default] Unable to schedule network 0b3aae89-53e6-4bbf-8df2-18a6fdc45a32: no agents available; will retry on subsequent port and subnet creation events.
2026-07-24 01:07:23.036 10 INFO neutron.wsgi [req-eeee19dc-3566-4e00-9ccc-52d909943b37 req-bf7380af-8073-4472-bc92-0cc2c968ef85 ff8a839f900c4f0eaa96d4222ca76fb6 958ef7bbaeb646e7afa86b25a36755fd - - bfcdf39411394c26a023ea4d7a81cd26 bfcdf39411394c26a023ea4d7a81cd26] 10.0.0.217 "GET /v2.0/networks/f8036f91-7506-4fd0-adc3-2761e4657035?fields=segments HTTP/1.1" status: 200 len: 212 time: 0.0729496
2026-07-24 01:07:23.048 9 INFO neutron.db.ovn_revision_numbers_db [None req-47fbd3af-00a1-46ec-920d-f9631624908c cffbbb8b042249b3a0e610f7c8d0dbc9 0d472a6a8f48444e9a05fd7559a82bd1 - - default default] Successfully bumped revision number for resource 9bc6cdba-bbba-4557-8dca-373e83792559 (type: subnets) to 0
2026-07-24 01:07:23.106 10 INFO neutron.notifiers.nova [-] Nova event matching ['req-4ec5e4b0-3dd9-4799-8da3-f9b2242450a2'] response: {'name': 'network-changed', 'server_uuid': '06e4a6a0-b1c7-41f9-8a94-037e7d69aa77', 'tag': '1b4c986b-0496-405e-b430-0ca383ffea41', 'status': 'completed', 'code': 200}
2026-07-24 01:07:23.122 10 INFO neutron.wsgi [req-eeee19dc-3566-4e00-9ccc-52d909943b37 req-d0d943b5-9405-4dff-8d6f-3c68ebc89a0d ff8a839f900c4f0eaa96d4222ca76fb6 958ef7bbaeb646e7afa86b25a36755fd - - bfcdf39411394c26a023ea4d7a81cd26 bfcdf39411394c26a023ea4d7a81cd26] 10.0.0.217 "GET /v2.0/networks/f8036f91-7506-4fd0-adc3-2761e4657035?fields=provider%3Aphysical_network&fields=provider%3Anetwork_type HTTP/1.1" status: 200 len: 277 time: 0.0789495
2026-07-24 01:07:23.179 9 INFO neutron.wsgi [req-5b1f7fec-371e-4ec4-ba35-cc1ad12b255b req-bfc915e3-80c3-43ba-a30b-3b8276ea461c ff8a839f900c4f0eaa96d4222ca76fb6 958ef7bbaeb646e7afa86b25a36755fd - - bfcdf39411394c26a023ea4d7a81cd26 bfcdf39411394c26a023ea4d7a81cd26] 199.204.45.95 "GET /v2.0/ports?tenant_id=d9fede00e96543edbcef7b3ba5e597ca&device_id=06e4a6a0-b1c7-41f9-8a94-037e7d69aa77 HTTP/1.1" status: 200 len: 1634 time: 0.0537364
2026-07-24 01:07:23.262 10 INFO neutron.wsgi [req-5089f934-9291-4edb-9a51-0074a1630038 req-37237e49-52b5-4a4f-bc6c-dd63b885a514 c9cee9d8cf2742abb41fce6191d718b2 d9fede00e96543edbcef7b3ba5e597ca - - default default] 10.0.0.217 "GET /v2.0/ports?device_id=437ec847-d3c1-49ff-9056-73b2f7f4eccd HTTP/1.1" status: 200 len: 210 time: 0.0243745
2026-07-24 01:07:23.277 9 INFO neutron.wsgi [req-5b1f7fec-371e-4ec4-ba35-cc1ad12b255b req-905be032-1caa-4b5c-bef1-51f60539735e ff8a839f900c4f0eaa96d4222ca76fb6 958ef7bbaeb646e7afa86b25a36755fd - - bfcdf39411394c26a023ea4d7a81cd26 bfcdf39411394c26a023ea4d7a81cd26] 199.204.45.95 "GET /v2.0/networks?id=a5bd2907-8ef6-42a6-a246-730f37a10e1b HTTP/1.1" status: 200 len: 1002 time: 0.0921760
2026-07-24 01:07:23.383 9 INFO neutron.wsgi [req-5b1f7fec-371e-4ec4-ba35-cc1ad12b255b req-1b5cfe57-890d-4885-8ebf-252ad5ab838b ff8a839f900c4f0eaa96d4222ca76fb6 958ef7bbaeb646e7afa86b25a36755fd - - bfcdf39411394c26a023ea4d7a81cd26 bfcdf39411394c26a023ea4d7a81cd26] 199.204.45.95 "GET /v2.0/floatingips?fixed_ip_address=10.2.1.56&port_id=1b4c986b-0496-405e-b430-0ca383ffea41 HTTP/1.1" status: 200 len: 1058 time: 0.0969439
2026-07-24 01:07:23.414 9 INFO neutron.wsgi [req-5b1f7fec-371e-4ec4-ba35-cc1ad12b255b req-882687de-5c45-41c4-ba86-c82fd19e8483 ff8a839f900c4f0eaa96d4222ca76fb6 958ef7bbaeb646e7afa86b25a36755fd - - bfcdf39411394c26a023ea4d7a81cd26 bfcdf39411394c26a023ea4d7a81cd26] 199.204.45.95 "GET /v2.0/floatingips?fixed_ip_address=fd7b%3Af9f7%3Afff%3A4eca%3A%3A264&port_id=1b4c986b-0496-405e-b430-0ca383ffea41 HTTP/1.1" status: 200 len: 217 time: 0.0245938
2026-07-24 01:07:23.465 9 INFO neutron.wsgi [req-5b1f7fec-371e-4ec4-ba35-cc1ad12b255b req-96f032cf-ecb7-417b-8fb9-abdeb516e4a2 ff8a839f900c4f0eaa96d4222ca76fb6 958ef7bbaeb646e7afa86b25a36755fd - - bfcdf39411394c26a023ea4d7a81cd26 bfcdf39411394c26a023ea4d7a81cd26] 199.204.45.95 "GET /v2.0/subnets?id=546ee2dd-abb3-4b66-8d76-6a885d3d3dc4&id=0838d64b-68a8-4aec-9c7e-5f6cd1792ee6 HTTP/1.1" status: 200 len: 1561 time: 0.0433710
2026-07-24 01:07:23.501 9 INFO neutron.wsgi [req-5b1f7fec-371e-4ec4-ba35-cc1ad12b255b req-948d2fc9-7f3d-49ab-ad27-65e548e8f30d ff8a839f900c4f0eaa96d4222ca76fb6 958ef7bbaeb646e7afa86b25a36755fd - - bfcdf39411394c26a023ea4d7a81cd26 bfcdf39411394c26a023ea4d7a81cd26] 199.204.45.95 "GET /v2.0/ports?network_id=a5bd2907-8ef6-42a6-a246-730f37a10e1b&device_owner=network%3Adhcp HTTP/1.1" status: 200 len: 210 time: 0.0274568
2026-07-24 01:07:23.533 9 INFO neutron.wsgi [req-5b1f7fec-371e-4ec4-ba35-cc1ad12b255b req-3a12a885-3643-4b20-9b05-c112d008b445 ff8a839f900c4f0eaa96d4222ca76fb6 958ef7bbaeb646e7afa86b25a36755fd - - bfcdf39411394c26a023ea4d7a81cd26 bfcdf39411394c26a023ea4d7a81cd26] 199.204.45.95 "GET /v2.0/ports?network_id=a5bd2907-8ef6-42a6-a246-730f37a10e1b&device_owner=network%3Adhcp HTTP/1.1" status: 200 len: 210 time: 0.0264552
2026-07-24 01:07:23.672 9 INFO neutron.wsgi [req-5b1f7fec-371e-4ec4-ba35-cc1ad12b255b req-8fec2d39-c411-4638-8aa9-936ba3445568 ff8a839f900c4f0eaa96d4222ca76fb6 958ef7bbaeb646e7afa86b25a36755fd - - bfcdf39411394c26a023ea4d7a81cd26 bfcdf39411394c26a023ea4d7a81cd26] 199.204.45.95 "GET /v2.0/networks/a5bd2907-8ef6-42a6-a246-730f37a10e1b?fields=segments HTTP/1.1" status: 200 len: 212 time: 0.1257825
2026-07-24 01:07:23.765 10 INFO neutron.wsgi [-] 10.0.0.129 "GET / HTTP/1.1" status: 200 len: 247 time: 0.0048082
2026-07-24 01:07:23.770 10 INFO neutron.wsgi [-] 10.0.0.129 "GET / HTTP/1.1" status: 200 len: 247 time: 0.0023515
2026-07-24 01:07:23.790 9 INFO neutron.wsgi [req-5b1f7fec-371e-4ec4-ba35-cc1ad12b255b req-8c3ca567-9851-4070-9bb9-322297bfa7c5 ff8a839f900c4f0eaa96d4222ca76fb6 958ef7bbaeb646e7afa86b25a36755fd - - bfcdf39411394c26a023ea4d7a81cd26 bfcdf39411394c26a023ea4d7a81cd26] 199.204.45.95 "GET /v2.0/networks/a5bd2907-8ef6-42a6-a246-730f37a10e1b?fields=provider%3Aphysical_network&fields=provider%3Anetwork_type HTTP/1.1" status: 200 len: 277 time: 0.0921264
2026-07-24 01:07:23.794 9 WARNING neutron.scheduler.dhcp_agent_scheduler [None req-47fbd3af-00a1-46ec-920d-f9631624908c cffbbb8b042249b3a0e610f7c8d0dbc9 0d472a6a8f48444e9a05fd7559a82bd1 - - default default] No more DHCP agents
2026-07-24 01:07:23.796 9 WARNING neutron.api.rpc.agentnotifiers.dhcp_rpc_agent_api [None req-47fbd3af-00a1-46ec-920d-f9631624908c cffbbb8b042249b3a0e610f7c8d0dbc9 0d472a6a8f48444e9a05fd7559a82bd1 - - default default] Unable to schedule network 0b3aae89-53e6-4bbf-8df2-18a6fdc45a32: no agents available; will retry on subsequent port and subnet creation events.
2026-07-24 01:07:23.969 9 INFO neutron.db.ovn_revision_numbers_db [None req-47fbd3af-00a1-46ec-920d-f9631624908c cffbbb8b042249b3a0e610f7c8d0dbc9 0d472a6a8f48444e9a05fd7559a82bd1 - - default default] Successfully bumped revision number for resource 847bd1ad-d471-4c0f-9db5-80fb764267d6 (type: ports) to 1
2026-07-24 01:07:24.067 9 INFO neutron.wsgi [req-eeee19dc-3566-4e00-9ccc-52d909943b37 req-9f72cb85-06ec-4e39-aa45-1405168a7b3d c9cee9d8cf2742abb41fce6191d718b2 d9fede00e96543edbcef7b3ba5e597ca - - default default] 199.204.45.95 "GET /v2.0/networks?id=f8036f91-7506-4fd0-adc3-2761e4657035 HTTP/1.1" status: 200 len: 904 time: 0.0726860
2026-07-24 01:07:24.135 9 INFO neutron.wsgi [req-eeee19dc-3566-4e00-9ccc-52d909943b37 req-cdf74997-4791-4699-847b-79dd4c72cec3 c9cee9d8cf2742abb41fce6191d718b2 d9fede00e96543edbcef7b3ba5e597ca - - default default] 199.204.45.95 "GET /v2.0/security-groups?fields=id&fields=name&tenant_id=d9fede00e96543edbcef7b3ba5e597ca HTTP/1.1" status: 200 len: 376 time: 0.0490408
2026-07-24 01:07:24.156 9 WARNING neutron_lib.context [req-eeee19dc-3566-4e00-9ccc-52d909943b37 req-7f3919d4-0339-4901-a476-c84fa65a4394 c9cee9d8cf2742abb41fce6191d718b2 d9fede00e96543edbcef7b3ba5e597ca - - default default] Method 'is_advsvc' is deprecated since 2023.2 release (neutron-lib 3.8.0) and will be removed once support for the old RBAC API policies will be removed from Neutron. Please use method 'is_service_role' instead.
2026-07-24 01:07:24.672 9 WARNING neutron.plugins.ml2.drivers.ovn.mech_driver.ovsdb.ovn_client [None req-3485fe21-9895-416d-9230-c030cede402e - - - - - -] No hosting information found for port 7d25e46f-3fe1-41a9-a24c-9686beea67bb: RuntimeError: No hosting information found for port 7d25e46f-3fe1-41a9-a24c-9686beea67bb
2026-07-24 01:07:25.066 9 ERROR ovsdbapp.backend.ovs_idl.command [None req-47fbd3af-00a1-46ec-920d-f9631624908c cffbbb8b042249b3a0e610f7c8d0dbc9 0d472a6a8f48444e9a05fd7559a82bd1 - - default default] Error executing command (DbGetCommand): ovsdbapp.backend.ovs_idl.idlutils.RowNotFound: Cannot find Logical_Router_Port with name=lrp-847bd1ad-d471-4c0f-9db5-80fb764267d6
2026-07-24 01:07:25.066 9 ERROR ovsdbapp.backend.ovs_idl.command
Traceback (most recent call last):
2026-07-24 01:07:25.066 9 ERROR ovsdbapp.backend.ovs_idl.command
File "/var/lib/openstack/lib/python3.10/site-packages/ovsdbapp/backend/ovs_idl/command.py", line 47, in execute
2026-07-24 01:07:25.066 9 ERROR ovsdbapp.backend.ovs_idl.command self.run_idl(None)
2026-07-24 01:07:25.066 9 ERROR ovsdbapp.backend.ovs_idl.command
File "/var/lib/openstack/lib/python3.10/site-packages/ovsdbapp/backend/ovs_idl/command.py", line 235, in run_idl
2026-07-24 01:07:25.066 9 ERROR ovsdbapp.backend.ovs_idl.command record = self.api.lookup(self.table, self.record)
2026-07-24 01:07:25.066 9 ERROR ovsdbapp.backend.ovs_idl.command
File "/var/lib/openstack/lib/python3.10/site-packages/ovsdbapp/backend/ovs_idl/__init__.py", line 184, in lookup
2026-07-24 01:07:25.066 9 ERROR ovsdbapp.backend.ovs_idl.command return self._lookup(table, record)
2026-07-24 01:07:25.066 9 ERROR ovsdbapp.backend.ovs_idl.command
File "/var/lib/openstack/lib/python3.10/site-packages/ovsdbapp/backend/ovs_idl/__init__.py", line 235, in _lookup
2026-07-24 01:07:25.066 9 ERROR ovsdbapp.backend.ovs_idl.command row = idlutils.row_by_value(self, rl.table, rl.column, record)
2026-07-24 01:07:25.066 9 ERROR ovsdbapp.backend.ovs_idl.command
File "/var/lib/openstack/lib/python3.10/site-packages/ovsdbapp/backend/ovs_idl/idlutils.py", line 114, in row_by_value
2026-07-24 01:07:25.066 9 ERROR ovsdbapp.backend.ovs_idl.command raise RowNotFound(table=table, col=column, match=match)
2026-07-24 01:07:25.066 9 ERROR ovsdbapp.backend.ovs_idl.command ovsdbapp.backend.ovs_idl.idlutils.RowNotFound: Cannot find Logical_Router_Port with name=lrp-847bd1ad-d471-4c0f-9db5-80fb764267d6
2026-07-24 01:07:25.066 9 ERROR ovsdbapp.backend.ovs_idl.command 
2026-07-24 01:07:25.067 9 ERROR neutron_lib.callbacks.manager [None req-47fbd3af-00a1-46ec-920d-f9631624908c cffbbb8b042249b3a0e610f7c8d0dbc9 0d472a6a8f48444e9a05fd7559a82bd1 - - default default] Error during notification for neutron.services.ovn_l3.plugin.OVNL3RouterPlugin._port_update-8768073982685 port, after_update: ovsdbapp.backend.ovs_idl.idlutils.RowNotFound: Cannot find Logical_Router_Port with name=lrp-847bd1ad-d471-4c0f-9db5-80fb764267d6
2026-07-24 01:07:25.067 9 ERROR neutron_lib.callbacks.manager
Traceback (most recent call last):
2026-07-24 01:07:25.067 9 ERROR neutron_lib.callbacks.manager
File "/var/lib/openstack/lib/python3.10/site-packages/neutron_lib/callbacks/manager.py", line 189, in _notify_loop
2026-07-24 01:07:25.067 9 ERROR neutron_lib.callbacks.manager callback.method(resource, event, trigger, payload=payload)
2026-07-24 01:07:25.067 9 ERROR neutron_lib.callbacks.manager
File "/var/lib/openstack/lib/python3.10/site-packages/neutron/services/ovn_l3/plugin.py", line 391, in _port_update
2026-07-24 01:07:25.067 9 ERROR neutron_lib.callbacks.manager l3plugin._ovn_client.update_router_port(context,
2026-07-24 01:07:25.067 9 ERROR neutron_lib.callbacks.manager
File "/var/lib/openstack/lib/python3.10/site-packages/neutron/plugins/ml2/drivers/ovn/mech_driver/ovsdb/ovn_client.py", line 1878, in update_router_port
2026-07-24 01:07:25.067 9 ERROR neutron_lib.callbacks.manager self._update_lrouter_port(context, port, if_exists=if_exists,
2026-07-24 01:07:25.067 9 ERROR neutron_lib.callbacks.manager
File "/var/lib/openstack/lib/python3.10/site-packages/neutron/plugins/ml2/drivers/ovn/mech_driver/ovsdb/ovn_client.py", line 1855, in _update_lrouter_port
2026-07-24 01:07:25.067 9 ERROR neutron_lib.callbacks.manager external_ids = self._nb_idl.db_get(
2026-07-24 01:07:25.067 9 ERROR neutron_lib.callbacks.manager
File "/var/lib/openstack/lib/python3.10/site-packages/ovsdbapp/backend/ovs_idl/command.py", line 47, in execute
2026-07-24 01:07:25.067 9 ERROR neutron_lib.callbacks.manager self.run_idl(None)
2026-07-24 01:07:25.067 9 ERROR neutron_lib.callbacks.manager
File "/var/lib/openstack/lib/python3.10/site-packages/ovsdbapp/backend/ovs_idl/command.py", line 235, in run_idl
2026-07-24 01:07:25.067 9 ERROR neutron_lib.callbacks.manager record = self.api.lookup(self.table, self.record)
2026-07-24 01:07:25.067 9 ERROR neutron_lib.callbacks.manager
File "/var/lib/openstack/lib/python3.10/site-packages/ovsdbapp/backend/ovs_idl/__init__.py", line 184, in lookup
2026-07-24 01:07:25.067 9 ERROR neutron_lib.callbacks.manager return self._lookup(table, record)
2026-07-24 01:07:25.067 9 ERROR neutron_lib.callbacks.manager
File "/var/lib/openstack/lib/python3.10/site-packages/ovsdbapp/backend/ovs_idl/__init__.py", line 235, in _lookup
2026-07-24 01:07:25.067 9 ERROR neutron_lib.callbacks.manager row = idlutils.row_by_value(self, rl.table, rl.column, record)
2026-07-24 01:07:25.067 9 ERROR neutron_lib.callbacks.manager
File "/var/lib/openstack/lib/python3.10/site-packages/ovsdbapp/backend/ovs_idl/idlutils.py", line 114, in row_by_value
2026-07-24 01:07:25.067 9 ERROR neutron_lib.callbacks.manager raise RowNotFound(table=table, col=column, match=match)
2026-07-24 01:07:25.067 9 ERROR neutron_lib.callbacks.manager ovsdbapp.backend.ovs_idl.idlutils.RowNotFound: Cannot find Logical_Router_Port with name=lrp-847bd1ad-d471-4c0f-9db5-80fb764267d6
2026-07-24 01:07:25.067 9 ERROR neutron_lib.callbacks.manager 
2026-07-24 01:07:25.070 9 WARNING neutron.scheduler.dhcp_agent_scheduler [req-eeee19dc-3566-4e00-9ccc-52d909943b37 req-7f3919d4-0339-4901-a476-c84fa65a4394 c9cee9d8cf2742abb41fce6191d718b2 d9fede00e96543edbcef7b3ba5e597ca - - default default] No more DHCP agents
2026-07-24 01:07:25.078 9 WARNING neutron.api.rpc.agentnotifiers.dhcp_rpc_agent_api [req-eeee19dc-3566-4e00-9ccc-52d909943b37 req-7f3919d4-0339-4901-a476-c84fa65a4394 c9cee9d8cf2742abb41fce6191d718b2 d9fede00e96543edbcef7b3ba5e597ca - - default default] Unable to schedule network f8036f91-7506-4fd0-adc3-2761e4657035: no agents available; will retry on subsequent port and subnet creation events.
2026-07-24 01:07:25.341 9 INFO neutron.db.ovn_revision_numbers_db [req-eeee19dc-3566-4e00-9ccc-52d909943b37 req-7f3919d4-0339-4901-a476-c84fa65a4394 c9cee9d8cf2742abb41fce6191d718b2 d9fede00e96543edbcef7b3ba5e597ca - - default default] Successfully bumped revision number for resource 36dbb26e-0ce0-40a1-bad9-ab1ae2bd0d64 (type: ports) to 1
2026-07-24 01:07:25.367 9 INFO neutron.plugins.ml2.drivers.ovn.mech_driver.mech_driver [None req-3485fe21-9895-416d-9230-c030cede402e - - - - - -] OVN reports status up for port: 847bd1ad-d471-4c0f-9db5-80fb764267d6
2026-07-24 01:07:25.379 9 INFO neutron.plugins.ml2.plugin [None req-3485fe21-9895-416d-9230-c030cede402e - - - - - -] Attempt 1 to provision port 847bd1ad-d471-4c0f-9db5-80fb764267d6
2026-07-24 01:07:25.384 9 INFO neutron.wsgi [req-eeee19dc-3566-4e00-9ccc-52d909943b37 req-7f3919d4-0339-4901-a476-c84fa65a4394 c9cee9d8cf2742abb41fce6191d718b2 d9fede00e96543edbcef7b3ba5e597ca - - default default] 199.204.45.95 "POST /v2.0/ports HTTP/1.1" status: 201 len: 1384 time: 1.2348466 /var/lib/openstack/lib/python3.10/site-packages/pycadf/identifier.py:71: UserWarning: Invalid uuid: neutron. To ensure interoperability, identifiers should be a valid uuid. warnings.warn(('Invalid uuid: %s. To ensure interoperability, '
2026-07-24 01:07:25.401 9 INFO neutron.db.ovn_revision_numbers_db [None req-47fbd3af-00a1-46ec-920d-f9631624908c cffbbb8b042249b3a0e610f7c8d0dbc9 0d472a6a8f48444e9a05fd7559a82bd1 - - default default] Successfully bumped revision number for resource 847bd1ad-d471-4c0f-9db5-80fb764267d6 (type: ports) to 1
2026-07-24 01:07:25.519 9 WARNING neutron.scheduler.dhcp_agent_scheduler [None req-47fbd3af-00a1-46ec-920d-f9631624908c cffbbb8b042249b3a0e610f7c8d0dbc9 0d472a6a8f48444e9a05fd7559a82bd1 - - default default] No more DHCP agents
2026-07-24 01:07:25.523 9 WARNING neutron.api.rpc.agentnotifiers.dhcp_rpc_agent_api [None req-47fbd3af-00a1-46ec-920d-f9631624908c cffbbb8b042249b3a0e610f7c8d0dbc9 0d472a6a8f48444e9a05fd7559a82bd1 - - default default] Unable to schedule network 0b3aae89-53e6-4bbf-8df2-18a6fdc45a32: no agents available; will retry on subsequent port and subnet creation events.
2026-07-24 01:07:25.906 10 WARNING neutron.plugins.ml2.drivers.ovn.mech_driver.ovsdb.ovn_client [None req-49ae18bc-19e2-4d02-b08f-2f7fd8c3b424 - - - - - -] No hosting information found for port 5230c9bc-35f7-486d-8027-e1c5404a2853: RuntimeError: No hosting information found for port 5230c9bc-35f7-486d-8027-e1c5404a2853
2026-07-24 01:07:26.405 9 INFO neutron.db.ovn_revision_numbers_db [req-eeee19dc-3566-4e00-9ccc-52d909943b37 req-9313e867-b2e7-422d-af8d-7c1c534e443c ff8a839f900c4f0eaa96d4222ca76fb6 958ef7bbaeb646e7afa86b25a36755fd - - bfcdf39411394c26a023ea4d7a81cd26 bfcdf39411394c26a023ea4d7a81cd26] Successfully bumped revision number for resource 36dbb26e-0ce0-40a1-bad9-ab1ae2bd0d64 (type: ports) to 2
2026-07-24 01:07:26.489 9 INFO neutron.db.ovn_revision_numbers_db [None req-3485fe21-9895-416d-9230-c030cede402e - - - - - -] Successfully bumped revision number for resource 847bd1ad-d471-4c0f-9db5-80fb764267d6 (type: ports) to 2
2026-07-24 01:07:26.742 9 ERROR ovsdbapp.backend.ovs_idl.command [None req-3485fe21-9895-416d-9230-c030cede402e - - - - - -] Error executing command (DbGetCommand): ovsdbapp.backend.ovs_idl.idlutils.RowNotFound: Cannot find Logical_Router_Port with name=lrp-847bd1ad-d471-4c0f-9db5-80fb764267d6
2026-07-24 01:07:26.742 9 ERROR ovsdbapp.backend.ovs_idl.command
Traceback (most recent call last):
2026-07-24 01:07:26.742 9 ERROR ovsdbapp.backend.ovs_idl.command
File "/var/lib/openstack/lib/python3.10/site-packages/ovsdbapp/backend/ovs_idl/command.py", line 47, in execute
2026-07-24 01:07:26.742 9 ERROR ovsdbapp.backend.ovs_idl.command self.run_idl(None)
2026-07-24 01:07:26.742 9 ERROR ovsdbapp.backend.ovs_idl.command
File "/var/lib/openstack/lib/python3.10/site-packages/ovsdbapp/backend/ovs_idl/command.py", line 235, in run_idl
2026-07-24 01:07:26.742 9 ERROR ovsdbapp.backend.ovs_idl.command record = self.api.lookup(self.table, self.record)
2026-07-24 01:07:26.742 9 ERROR ovsdbapp.backend.ovs_idl.command
File "/var/lib/openstack/lib/python3.10/site-packages/ovsdbapp/backend/ovs_idl/__init__.py", line 184, in lookup
2026-07-24 01:07:26.742 9 ERROR ovsdbapp.backend.ovs_idl.command return self._lookup(table, record)
2026-07-24 01:07:26.742 9 ERROR ovsdbapp.backend.ovs_idl.command
File "/var/lib/openstack/lib/python3.10/site-packages/ovsdbapp/backend/ovs_idl/__init__.py", line 235, in _lookup
2026-07-24 01:07:26.742 9 ERROR ovsdbapp.backend.ovs_idl.command row = idlutils.row_by_value(self, rl.table, rl.column, record)
2026-07-24 01:07:26.742 9 ERROR ovsdbapp.backend.ovs_idl.command
File "/var/lib/openstack/lib/python3.10/site-packages/ovsdbapp/backend/ovs_idl/idlutils.py", line 114, in row_by_value
2026-07-24 01:07:26.742 9 ERROR ovsdbapp.backend.ovs_idl.command raise RowNotFound(table=table, col=column, match=match)
2026-07-24 01:07:26.742 9 ERROR ovsdbapp.backend.ovs_idl.command ovsdbapp.backend.ovs_idl.idlutils.RowNotFound: Cannot find Logical_Router_Port with name=lrp-847bd1ad-d471-4c0f-9db5-80fb764267d6
2026-07-24 01:07:26.742 9 ERROR ovsdbapp.backend.ovs_idl.command 
2026-07-24 01:07:26.743 9 ERROR neutron_lib.callbacks.manager [None req-3485fe21-9895-416d-9230-c030cede402e - - - - - -] Error during notification for neutron.services.ovn_l3.plugin.OVNL3RouterPlugin._port_update-8768073982685 port, after_update: ovsdbapp.backend.ovs_idl.idlutils.RowNotFound: Cannot find Logical_Router_Port with name=lrp-847bd1ad-d471-4c0f-9db5-80fb764267d6
2026-07-24 01:07:26.743 9 ERROR neutron_lib.callbacks.manager
Traceback (most recent call last):
2026-07-24 01:07:26.743 9 ERROR neutron_lib.callbacks.manager
File "/var/lib/openstack/lib/python3.10/site-packages/neutron_lib/callbacks/manager.py", line 189, in _notify_loop
2026-07-24 01:07:26.743 9 ERROR neutron_lib.callbacks.manager callback.method(resource, event, trigger, payload=payload)
2026-07-24 01:07:26.743 9 ERROR neutron_lib.callbacks.manager
File "/var/lib/openstack/lib/python3.10/site-packages/neutron/services/ovn_l3/plugin.py", line 391, in _port_update
2026-07-24 01:07:26.743 9 ERROR neutron_lib.callbacks.manager l3plugin._ovn_client.update_router_port(context,
2026-07-24 01:07:26.743 9 ERROR neutron_lib.callbacks.manager
File "/var/lib/openstack/lib/python3.10/site-packages/neutron/plugins/ml2/drivers/ovn/mech_driver/ovsdb/ovn_client.py", line 1878, in update_router_port
2026-07-24 01:07:26.743 9 ERROR neutron_lib.callbacks.manager self._update_lrouter_port(context, port, if_exists=if_exists,
2026-07-24 01:07:26.743 9 ERROR neutron_lib.callbacks.manager
File "/var/lib/openstack/lib/python3.10/site-packages/neutron/plugins/ml2/drivers/ovn/mech_driver/ovsdb/ovn_client.py", line 1855, in _update_lrouter_port
2026-07-24 01:07:26.743 9 ERROR neutron_lib.callbacks.manager external_ids = self._nb_idl.db_get(
2026-07-24 01:07:26.743 9 ERROR neutron_lib.callbacks.manager
File "/var/lib/openstack/lib/python3.10/site-packages/ovsdbapp/backend/ovs_idl/command.py", line 47, in execute
2026-07-24 01:07:26.743 9 ERROR neutron_lib.callbacks.manager self.run_idl(None)
2026-07-24 01:07:26.743 9 ERROR neutron_lib.callbacks.manager
File "/var/lib/openstack/lib/python3.10/site-packages/ovsdbapp/backend/ovs_idl/command.py", line 235, in run_idl
2026-07-24 01:07:26.743 9 ERROR neutron_lib.callbacks.manager record = self.api.lookup(self.table, self.record)
2026-07-24 01:07:26.743 9 ERROR neutron_lib.callbacks.manager
File "/var/lib/openstack/lib/python3.10/site-packages/ovsdbapp/backend/ovs_idl/__init__.py", line 184, in lookup
2026-07-24 01:07:26.743 9 ERROR neutron_lib.callbacks.manager return self._lookup(table, record)
2026-07-24 01:07:26.743 9 ERROR neutron_lib.callbacks.manager
File "/var/lib/openstack/lib/python3.10/site-packages/ovsdbapp/backend/ovs_idl/__init__.py", line 235, in _lookup
2026-07-24 01:07:26.743 9 ERROR neutron_lib.callbacks.manager row = idlutils.row_by_value(self, rl.table, rl.column, record)
2026-07-24 01:07:26.743 9 ERROR neutron_lib.callbacks.manager
File "/var/lib/openstack/lib/python3.10/site-packages/ovsdbapp/backend/ovs_idl/idlutils.py", line 114, in row_by_value
2026-07-24 01:07:26.743 9 ERROR neutron_lib.callbacks.manager raise RowNotFound(table=table, col=column, match=match)
2026-07-24 01:07:26.743 9 ERROR neutron_lib.callbacks.manager ovsdbapp.backend.ovs_idl.idlutils.RowNotFound: Cannot find Logical_Router_Port with name=lrp-847bd1ad-d471-4c0f-9db5-80fb764267d6
2026-07-24 01:07:26.743 9 ERROR neutron_lib.callbacks.manager 
2026-07-24 01:07:26.910 9 INFO neutron.db.ovn_revision_numbers_db [req-eeee19dc-3566-4e00-9ccc-52d909943b37 req-9313e867-b2e7-422d-af8d-7c1c534e443c ff8a839f900c4f0eaa96d4222ca76fb6 958ef7bbaeb646e7afa86b25a36755fd - - bfcdf39411394c26a023ea4d7a81cd26 bfcdf39411394c26a023ea4d7a81cd26] Successfully bumped revision number for resource 36dbb26e-0ce0-40a1-bad9-ab1ae2bd0d64 (type: ports) to 2
2026-07-24 01:07:26.962 9 INFO neutron.wsgi [req-eeee19dc-3566-4e00-9ccc-52d909943b37 req-9313e867-b2e7-422d-af8d-7c1c534e443c ff8a839f900c4f0eaa96d4222ca76fb6 958ef7bbaeb646e7afa86b25a36755fd - - bfcdf39411394c26a023ea4d7a81cd26 bfcdf39411394c26a023ea4d7a81cd26] 199.204.45.95 "PUT /v2.0/ports/36dbb26e-0ce0-40a1-bad9-ab1ae2bd0d64 HTTP/1.1" status: 200 len: 1601 time: 1.5703042
2026-07-24 01:07:26.977 9 INFO neutron.db.ovn_revision_numbers_db [None req-47fbd3af-00a1-46ec-920d-f9631624908c cffbbb8b042249b3a0e610f7c8d0dbc9 0d472a6a8f48444e9a05fd7559a82bd1 - - default default] Successfully bumped revision number for resource 847bd1ad-d471-4c0f-9db5-80fb764267d6 (type: router_ports) to 1
2026-07-24 01:07:27.009 9 INFO neutron.notifiers.nova [-] Nova event matching ['req-27469603-150b-4f3c-91c8-c58333220aa8'] response: {'name': 'network-changed', 'server_uuid': '437ec847-d3c1-49ff-9056-73b2f7f4eccd', 'tag': '36dbb26e-0ce0-40a1-bad9-ab1ae2bd0d64', 'status': 'completed', 'code': 200} /var/lib/openstack/lib/python3.10/site-packages/pycadf/identifier.py:71: UserWarning: Invalid uuid: neutron. To ensure interoperability, identifiers should be a valid uuid. warnings.warn(('Invalid uuid: %s. To ensure interoperability, '
2026-07-24 01:07:27.083 9 INFO neutron.wsgi [req-eeee19dc-3566-4e00-9ccc-52d909943b37 req-b6758980-090f-4568-bea6-385893524286 ff8a839f900c4f0eaa96d4222ca76fb6 958ef7bbaeb646e7afa86b25a36755fd - - bfcdf39411394c26a023ea4d7a81cd26 bfcdf39411394c26a023ea4d7a81cd26] 199.204.45.95 "GET /v2.0/ports?tenant_id=d9fede00e96543edbcef7b3ba5e597ca&device_id=437ec847-d3c1-49ff-9056-73b2f7f4eccd HTTP/1.1" status: 200 len: 1632 time: 0.0737243
2026-07-24 01:07:27.127 9 INFO neutron.wsgi [req-eeee19dc-3566-4e00-9ccc-52d909943b37 req-007aa6af-a6bb-454a-8da4-aa324406b050 ff8a839f900c4f0eaa96d4222ca76fb6 958ef7bbaeb646e7afa86b25a36755fd - - bfcdf39411394c26a023ea4d7a81cd26 bfcdf39411394c26a023ea4d7a81cd26] 199.204.45.95 "GET /v2.0/floatingips?fixed_ip_address=10.2.2.95&port_id=36dbb26e-0ce0-40a1-bad9-ab1ae2bd0d64 HTTP/1.1" status: 200 len: 217 time: 0.0322621
2026-07-24 01:07:27.180 9 INFO neutron.wsgi [req-eeee19dc-3566-4e00-9ccc-52d909943b37 req-9655ed6e-2e5a-482a-9d34-6b14454ad74e ff8a839f900c4f0eaa96d4222ca76fb6 958ef7bbaeb646e7afa86b25a36755fd - - bfcdf39411394c26a023ea4d7a81cd26 bfcdf39411394c26a023ea4d7a81cd26] 199.204.45.95 "GET /v2.0/floatingips?fixed_ip_address=fd77%3A1457%3A4cf0%3A26a8%3A%3A39&port_id=36dbb26e-0ce0-40a1-bad9-ab1ae2bd0d64 HTTP/1.1" status: 200 len: 217 time: 0.0440259
2026-07-24 01:07:27.243 9 INFO neutron.wsgi [req-eeee19dc-3566-4e00-9ccc-52d909943b37 req-0770b70a-773e-4173-87ca-05ba91c90d2f ff8a839f900c4f0eaa96d4222ca76fb6 958ef7bbaeb646e7afa86b25a36755fd - - bfcdf39411394c26a023ea4d7a81cd26 bfcdf39411394c26a023ea4d7a81cd26] 199.204.45.95 "GET /v2.0/subnets?id=4cb0330b-f3ea-456c-b4cd-38986c48b6c5&id=6c45f62c-68f7-410c-aa38-2ae25f4a51fb HTTP/1.1" status: 200 len: 1567 time: 0.0523479
2026-07-24 01:07:27.290 9 INFO neutron.wsgi [req-eeee19dc-3566-4e00-9ccc-52d909943b37 req-90964f9a-7ee9-44e1-8e84-3414a835dd2c ff8a839f900c4f0eaa96d4222ca76fb6 958ef7bbaeb646e7afa86b25a36755fd - - bfcdf39411394c26a023ea4d7a81cd26 bfcdf39411394c26a023ea4d7a81cd26] 199.204.45.95 "GET /v2.0/ports?network_id=f8036f91-7506-4fd0-adc3-2761e4657035&device_owner=network%3Adhcp HTTP/1.1" status: 200 len: 210 time: 0.0306642
2026-07-24 01:07:27.323 9 INFO neutron.wsgi [req-eeee19dc-3566-4e00-9ccc-52d909943b37 req-e426469e-ed88-470f-bc5c-d81b401ee782 ff8a839f900c4f0eaa96d4222ca76fb6 958ef7bbaeb646e7afa86b25a36755fd - - bfcdf39411394c26a023ea4d7a81cd26 bfcdf39411394c26a023ea4d7a81cd26] 199.204.45.95 "GET /v2.0/ports?network_id=f8036f91-7506-4fd0-adc3-2761e4657035&device_owner=network%3Adhcp HTTP/1.1" status: 200 len: 210 time: 0.0235567
2026-07-24 01:07:27.366 9 WARNING neutron.scheduler.dhcp_agent_scheduler [None req-c7aee1d9-c4f1-4bbe-a724-68b7e60e1309 - - - - - -] No more DHCP agents
2026-07-24 01:07:27.370 9 WARNING neutron.api.rpc.agentnotifiers.dhcp_rpc_agent_api [None req-c7aee1d9-c4f1-4bbe-a724-68b7e60e1309 - - - - - -] Unable to schedule network 0b3aae89-53e6-4bbf-8df2-18a6fdc45a32: no agents available; will retry on subsequent port and subnet creation events.
2026-07-24 01:07:27.424 9 INFO neutron.wsgi [req-eeee19dc-3566-4e00-9ccc-52d909943b37 req-f8801967-7392-493b-9d40-5969bde7d10f ff8a839f900c4f0eaa96d4222ca76fb6 958ef7bbaeb646e7afa86b25a36755fd - - bfcdf39411394c26a023ea4d7a81cd26 bfcdf39411394c26a023ea4d7a81cd26] 199.204.45.95 "GET /v2.0/networks/f8036f91-7506-4fd0-adc3-2761e4657035?fields=segments HTTP/1.1" status: 200 len: 212 time: 0.0905240
2026-07-24 01:07:27.517 9 INFO neutron.wsgi [req-eeee19dc-3566-4e00-9ccc-52d909943b37 req-512707ec-3193-4ac8-8fc0-251d031dc90f ff8a839f900c4f0eaa96d4222ca76fb6 958ef7bbaeb646e7afa86b25a36755fd - - bfcdf39411394c26a023ea4d7a81cd26 bfcdf39411394c26a023ea4d7a81cd26] 199.204.45.95 "GET /v2.0/networks/f8036f91-7506-4fd0-adc3-2761e4657035?fields=provider%3Aphysical_network&fields=provider%3Anetwork_type HTTP/1.1" status: 200 len: 277 time: 0.0863171
2026-07-24 01:07:27.616 9 INFO neutron.db.ovn_revision_numbers_db [None req-c7aee1d9-c4f1-4bbe-a724-68b7e60e1309 - - - - - -] Successfully bumped revision number for resource 17fdbf67-770b-4865-9678-2d750a377fe2 (type: ports) to 1
2026-07-24 01:07:27.622 9 INFO neutron.wsgi [req-932b5016-7d13-475a-931d-4c4c729b4261 req-729a3cb3-b1da-4d95-8d50-e00c672850ba ff8a839f900c4f0eaa96d4222ca76fb6 958ef7bbaeb646e7afa86b25a36755fd - - bfcdf39411394c26a023ea4d7a81cd26 bfcdf39411394c26a023ea4d7a81cd26] 199.204.45.95 "GET /v2.0/ports?tenant_id=d9fede00e96543edbcef7b3ba5e597ca&device_id=437ec847-d3c1-49ff-9056-73b2f7f4eccd HTTP/1.1" status: 200 len: 1632 time: 0.0436611
2026-07-24 01:07:27.725 9 INFO neutron.wsgi [req-932b5016-7d13-475a-931d-4c4c729b4261 req-e4ab052b-14f0-4fd6-97a1-4fcc8f6719b3 ff8a839f900c4f0eaa96d4222ca76fb6 958ef7bbaeb646e7afa86b25a36755fd - - bfcdf39411394c26a023ea4d7a81cd26 bfcdf39411394c26a023ea4d7a81cd26] 199.204.45.95 "GET /v2.0/networks?id=f8036f91-7506-4fd0-adc3-2761e4657035 HTTP/1.1" status: 200 len: 1003 time: 0.0923078
2026-07-24 01:07:27.752 10 INFO neutron.plugins.ml2.drivers.ovn.mech_driver.mech_driver [None req-49ae18bc-19e2-4d02-b08f-2f7fd8c3b424 - - - - - -] OVN reports status up for port: 36dbb26e-0ce0-40a1-bad9-ab1ae2bd0d64
2026-07-24 01:07:27.764 10 INFO neutron.plugins.ml2.plugin [None req-49ae18bc-19e2-4d02-b08f-2f7fd8c3b424 - - - - - -] Attempt 1 to provision port 36dbb26e-0ce0-40a1-bad9-ab1ae2bd0d64
2026-07-24 01:07:27.778 9 INFO neutron.wsgi [req-932b5016-7d13-475a-931d-4c4c729b4261 req-31634605-016c-4411-8875-a9a09640b2ac ff8a839f900c4f0eaa96d4222ca76fb6 958ef7bbaeb646e7afa86b25a36755fd - - bfcdf39411394c26a023ea4d7a81cd26 bfcdf39411394c26a023ea4d7a81cd26] 199.204.45.95 "GET /v2.0/floatingips?fixed_ip_address=10.2.2.95&port_id=36dbb26e-0ce0-40a1-bad9-ab1ae2bd0d64 HTTP/1.1" status: 200 len: 217 time: 0.0448513
2026-07-24 01:07:27.824 9 INFO neutron.wsgi [req-932b5016-7d13-475a-931d-4c4c729b4261 req-a02e7c51-2148-4baf-b732-0f6c5d76a574 ff8a839f900c4f0eaa96d4222ca76fb6 958ef7bbaeb646e7afa86b25a36755fd - - bfcdf39411394c26a023ea4d7a81cd26 bfcdf39411394c26a023ea4d7a81cd26] 199.204.45.95 "GET /v2.0/floatingips?fixed_ip_address=fd77%3A1457%3A4cf0%3A26a8%3A%3A39&port_id=36dbb26e-0ce0-40a1-bad9-ab1ae2bd0d64 HTTP/1.1" status: 200 len: 217 time: 0.0374427
2026-07-24 01:07:27.877 9 INFO neutron.wsgi [req-932b5016-7d13-475a-931d-4c4c729b4261 req-2d3c4455-daf7-4763-9b86-48348a8b413e ff8a839f900c4f0eaa96d4222ca76fb6 958ef7bbaeb646e7afa86b25a36755fd - - bfcdf39411394c26a023ea4d7a81cd26 bfcdf39411394c26a023ea4d7a81cd26] 199.204.45.95 "GET /v2.0/subnets?id=4cb0330b-f3ea-456c-b4cd-38986c48b6c5&id=6c45f62c-68f7-410c-aa38-2ae25f4a51fb HTTP/1.1" status: 200 len: 1567 time: 0.0494881
2026-07-24 01:07:27.916 10 INFO neutron.notifiers.nova [-] Nova event matching ['req-025e1e77-0504-494c-99fd-74e45d6b571c'] response: {'server_uuid': '437ec847-d3c1-49ff-9056-73b2f7f4eccd', 'name': 'network-vif-plugged', 'status': 'completed', 'tag': '36dbb26e-0ce0-40a1-bad9-ab1ae2bd0d64', 'code': 200}
2026-07-24 01:07:28.154 9 INFO neutron.wsgi [req-932b5016-7d13-475a-931d-4c4c729b4261 req-96a9a282-6587-468c-ac19-3daca9510e52 ff8a839f900c4f0eaa96d4222ca76fb6 958ef7bbaeb646e7afa86b25a36755fd - - bfcdf39411394c26a023ea4d7a81cd26 bfcdf39411394c26a023ea4d7a81cd26] 199.204.45.95 "GET /v2.0/ports?network_id=f8036f91-7506-4fd0-adc3-2761e4657035&device_owner=network%3Adhcp HTTP/1.1" status: 200 len: 210 time: 0.2685380
2026-07-24 01:07:28.189 9 INFO neutron.wsgi [req-932b5016-7d13-475a-931d-4c4c729b4261 req-407e73d2-b3e4-48f8-84c3-8da9fc147416 ff8a839f900c4f0eaa96d4222ca76fb6 958ef7bbaeb646e7afa86b25a36755fd - - bfcdf39411394c26a023ea4d7a81cd26 bfcdf39411394c26a023ea4d7a81cd26] 199.204.45.95 "GET /v2.0/ports?network_id=f8036f91-7506-4fd0-adc3-2761e4657035&device_owner=network%3Adhcp HTTP/1.1" status: 200 len: 210 time: 0.0263355
2026-07-24 01:07:28.300 9 INFO neutron.db.ovn_revision_numbers_db [None req-c7aee1d9-c4f1-4bbe-a724-68b7e60e1309 - - - - - -] Successfully bumped revision number for resource 17fdbf67-770b-4865-9678-2d750a377fe2 (type: ports) to 1
2026-07-24 01:07:28.309 9 INFO neutron.wsgi [req-932b5016-7d13-475a-931d-4c4c729b4261 req-65d3ae8f-0726-45b8-99ce-c85d03601b89 ff8a839f900c4f0eaa96d4222ca76fb6 958ef7bbaeb646e7afa86b25a36755fd - - bfcdf39411394c26a023ea4d7a81cd26 bfcdf39411394c26a023ea4d7a81cd26] 199.204.45.95 "GET /v2.0/networks/f8036f91-7506-4fd0-adc3-2761e4657035?fields=segments HTTP/1.1" status: 200 len: 212 time: 0.1107745
2026-07-24 01:07:28.363 10 INFO neutron.db.ovn_revision_numbers_db [None req-49ae18bc-19e2-4d02-b08f-2f7fd8c3b424 - - - - - -] Successfully bumped revision number for resource 36dbb26e-0ce0-40a1-bad9-ab1ae2bd0d64 (type: ports) to 4
2026-07-24 01:07:28.446 9 INFO neutron.wsgi [req-932b5016-7d13-475a-931d-4c4c729b4261 req-4cfb1304-e799-47ce-9069-b3a167676e6d ff8a839f900c4f0eaa96d4222ca76fb6 958ef7bbaeb646e7afa86b25a36755fd - - bfcdf39411394c26a023ea4d7a81cd26 bfcdf39411394c26a023ea4d7a81cd26] 199.204.45.95 "GET /v2.0/networks/f8036f91-7506-4fd0-adc3-2761e4657035?fields=provider%3Aphysical_network&fields=provider%3Anetwork_type HTTP/1.1" status: 200 len: 277 time: 0.1165516
2026-07-24 01:07:28.469 10 INFO neutron.wsgi [req-e6e016b5-b5ab-4dee-b0f3-b4e4082ca2f3 req-49242fa5-23b7-4712-9caf-9b0f6588b8e1 c9cee9d8cf2742abb41fce6191d718b2 d9fede00e96543edbcef7b3ba5e597ca - - default default] 10.0.0.217 "GET /v2.0/ports?device_id=437ec847-d3c1-49ff-9056-73b2f7f4eccd HTTP/1.1" status: 200 len: 1396 time: 0.1292634 /var/lib/openstack/lib/python3.10/site-packages/pycadf/identifier.py:71: UserWarning: Invalid uuid: neutron. To ensure interoperability, identifiers should be a valid uuid. warnings.warn(('Invalid uuid: %s. To ensure interoperability, '
2026-07-24 01:07:28.514 10 INFO neutron.wsgi [req-e6e016b5-b5ab-4dee-b0f3-b4e4082ca2f3 req-41afe412-22bc-47e9-aa74-de017b6da214 c9cee9d8cf2742abb41fce6191d718b2 d9fede00e96543edbcef7b3ba5e597ca - - default default] 10.0.0.217 "GET /v2.0/security-groups?id=57d07a71-290b-42fa-be65-d6fd5154e22d&fields=id&fields=name HTTP/1.1" status: 200 len: 309 time: 0.0391624
2026-07-24 01:07:28.562 9 INFO neutron.wsgi [None req-47fbd3af-00a1-46ec-920d-f9631624908c cffbbb8b042249b3a0e610f7c8d0dbc9 0d472a6a8f48444e9a05fd7559a82bd1 - - default default] 10.0.0.69 "POST /v2.0/vpn/vpnservices HTTP/1.1" status: 201 len: 655 time: 7.5946062
2026-07-24 01:07:28.574 9 WARNING neutron_lib.context [None req-741d8d1b-96be-4db9-ae7e-ae5f4e2267ab cffbbb8b042249b3a0e610f7c8d0dbc9 0d472a6a8f48444e9a05fd7559a82bd1 - - default default] Method 'is_advsvc' is deprecated since 2023.2 release (neutron-lib 3.8.0) and will be removed once support for the old RBAC API policies will be removed from Neutron. Please use method 'is_service_role' instead.
2026-07-24 01:07:29.000 9 INFO neutron.wsgi [None req-741d8d1b-96be-4db9-ae7e-ae5f4e2267ab cffbbb8b042249b3a0e610f7c8d0dbc9 0d472a6a8f48444e9a05fd7559a82bd1 - - default default] 10.0.0.69 "POST /v2.0/vpn/vpnservices HTTP/1.1" status: 201 len: 623 time: 0.4334543
2026-07-24 01:07:29.011 9 WARNING neutron_lib.context [None req-8f508d0e-4d5a-4b7e-85da-783029694827 cffbbb8b042249b3a0e610f7c8d0dbc9 0d472a6a8f48444e9a05fd7559a82bd1 - - default default] Method 'is_advsvc' is deprecated since 2023.2 release (neutron-lib 3.8.0) and will be removed once support for the old RBAC API policies will be removed from Neutron. Please use method 'is_service_role' instead.
2026-07-24 01:07:29.085 9 INFO neutron.wsgi [None req-71b5fabc-636a-4345-8895-ae8cc96f148e 38d0259a59b64ef49f2b29d8c51336b9 e71742c696104b548b7c41439bf0e991 - - default default] 10.0.0.133 "GET /v2.0/ports HTTP/1.1" status: 200 len: 23752 time: 0.3106050
2026-07-24 01:07:29.127 9 INFO neutron.wsgi [None req-03b41037-5902-49d7-9b5a-cfe4c0cea1d4 38d0259a59b64ef49f2b29d8c51336b9 e71742c696104b548b7c41439bf0e991 - - default default] 10.0.0.133 "GET /v2.0/network-ip-availabilities HTTP/1.1" status: 200 len: 4204 time: 0.0239780
2026-07-24 01:07:29.130 9 INFO neutron.wsgi [None req-8f508d0e-4d5a-4b7e-85da-783029694827 cffbbb8b042249b3a0e610f7c8d0dbc9 0d472a6a8f48444e9a05fd7559a82bd1 - - default default] 10.0.0.69 "POST /v2.0/vpn/ikepolicies HTTP/1.1" status: 201 len: 603 time: 0.1240678
2026-07-24 01:07:29.142 9 WARNING neutron_lib.context [None req-253758d0-374e-4b72-a99f-8be3a6b2c74b cffbbb8b042249b3a0e610f7c8d0dbc9 0d472a6a8f48444e9a05fd7559a82bd1 - - default default] Method 'is_advsvc' is deprecated since 2023.2 release (neutron-lib 3.8.0) and will be removed once support for the old RBAC API policies will be removed from Neutron. Please use method 'is_service_role' instead.
2026-07-24 01:07:29.239 9 INFO neutron.wsgi [None req-253758d0-374e-4b72-a99f-8be3a6b2c74b cffbbb8b042249b3a0e610f7c8d0dbc9 0d472a6a8f48444e9a05fd7559a82bd1 - - default default] 10.0.0.69 "POST /v2.0/vpn/ipsecpolicies HTTP/1.1" status: 201 len: 610 time: 0.1028717
2026-07-24 01:07:29.253 9 WARNING neutron_lib.context [None req-b97664a3-be2f-4e0e-8cc3-8bb82adda8a7 cffbbb8b042249b3a0e610f7c8d0dbc9 0d472a6a8f48444e9a05fd7559a82bd1 - - default default] Method 'is_advsvc' is deprecated since 2023.2 release (neutron-lib 3.8.0) and will be removed once support for the old RBAC API policies will be removed from Neutron. Please use method 'is_service_role' instead.
2026-07-24 01:07:29.278 9 INFO neutron.wsgi [None req-f9c554eb-3427-461a-9ead-0e6bdb35f3c0 38d0259a59b64ef49f2b29d8c51336b9 e71742c696104b548b7c41439bf0e991 - - default default] 10.0.0.133 "GET /v2.0/routers HTTP/1.1" status: 200 len: 2086 time: 0.1468937
2026-07-24 01:07:29.296 9 INFO neutron.wsgi [None req-b0dfb22c-bc08-490d-9290-2d7a4d24e3f8 38d0259a59b64ef49f2b29d8c51336b9 e71742c696104b548b7c41439bf0e991 - - default default] 10.0.0.133 "GET /v2.0/agents?binary=ovn-controller HTTP/1.1" status: 200 len: 591 time: 0.0171311
2026-07-24 01:07:29.312 9 INFO neutron.wsgi [None req-5181280c-588a-4a50-918c-e6543d13d310 38d0259a59b64ef49f2b29d8c51336b9 e71742c696104b548b7c41439bf0e991 - - default default] 10.0.0.133 "GET /v2.0/agents HTTP/1.1" status: 200 len: 1390 time: 0.0146761
2026-07-24 01:07:29.383 9 INFO neutron.wsgi [None req-18a75f64-3fe2-4770-9dd8-14bd7a6b6b5b 38d0259a59b64ef49f2b29d8c51336b9 e71742c696104b548b7c41439bf0e991 - - default default] 10.0.0.133 "GET /v2.0/subnets HTTP/1.1" status: 200 len: 6777 time: 0.0685916
2026-07-24 01:07:29.395 9 INFO neutron.wsgi [None req-b97664a3-be2f-4e0e-8cc3-8bb82adda8a7 cffbbb8b042249b3a0e610f7c8d0dbc9 0d472a6a8f48444e9a05fd7559a82bd1 - - default default] 10.0.0.69 "POST /v2.0/vpn/endpoint-groups HTTP/1.1" status: 201 len: 528 time: 0.1471634
2026-07-24 01:07:29.397 9 INFO neutron.wsgi [None req-012cb1df-6c89-4fea-a746-5911e2a77cae 38d0259a59b64ef49f2b29d8c51336b9 e71742c696104b548b7c41439bf0e991 - - default default] 10.0.0.133 "GET /v2.0/subnetpools HTTP/1.1" status: 200 len: 193 time: 0.0123458
2026-07-24 01:07:29.409 10 WARNING neutron_lib.context [None req-34b0e8c8-4045-45b1-8ecc-a8027908efb8 cffbbb8b042249b3a0e610f7c8d0dbc9 0d472a6a8f48444e9a05fd7559a82bd1 - - default default] Method 'is_advsvc' is deprecated since 2023.2 release (neutron-lib 3.8.0) and will be removed once support for the old RBAC API policies will be removed from Neutron. Please use method 'is_service_role' instead.
2026-07-24 01:07:29.458 10 INFO neutron.wsgi [None req-34b0e8c8-4045-45b1-8ecc-a8027908efb8 cffbbb8b042249b3a0e610f7c8d0dbc9 0d472a6a8f48444e9a05fd7559a82bd1 - - default default] 10.0.0.69 "POST /v2.0/vpn/endpoint-groups HTTP/1.1" status: 201 len: 519 time: 0.0553505
2026-07-24 01:07:29.479 9 INFO neutron.wsgi [None req-aec75e94-d481-4416-a50d-7fe19c092c41 38d0259a59b64ef49f2b29d8c51336b9 e71742c696104b548b7c41439bf0e991 - - default default] 10.0.0.133 "GET /v2.0/floatingips HTTP/1.1" status: 200 len: 1034 time: 0.0814450
