May 05 01:33:47.388970 np0000171613 devstack@neutron-api.service[103357]: INFO neutron.api.extensions [None req-fcc91ca4-ceb1-4d5a-ab04-caf3c8c8e3f6 None None] Loaded extension: port-mac-address-regenerate
May 05 01:33:47.389025 np0000171613 devstack@neutron-api.service[103355]: DEBUG neutron.api.extensions [None req-63e5603c-f702-44fa-b615-843523ffebcc None None] Loading extension file: timestamp.py {{(pid=103355) _load_all_extensions_from_path /opt/stack/neutron/neutron/api/extensions.py:449}}
May 05 01:33:47.389056 np0000171613 devstack@neutron-api.service[103357]: DEBUG neutron.api.extensions [None req-fcc91ca4-ceb1-4d5a-ab04-caf3c8c8e3f6 None None] Loading extension file: port_numa_affinity_policy.py {{(pid=103357) _load_all_extensions_from_path /opt/stack/neutron/neutron/api/extensions.py:449}}
May 05 01:33:47.389268 np0000171613 devstack@neutron-api.service[103357]: DEBUG neutron.api.extensions [None req-fcc91ca4-ceb1-4d5a-ab04-caf3c8c8e3f6 None None] Ext name="Port NUMA affinity policy" alias="port-numa-affinity-policy" description="Expose the port NUMA affinity policy" updated="2020-07-08T10:00:00-00:00" {{(pid=103357) _check_extension /opt/stack/neutron/neutron/api/extensions.py:415}}
May 05 01:33:47.389299 np0000171613 devstack@neutron-api.service[103355]: DEBUG neutron.api.extensions [None req-63e5603c-f702-44fa-b615-843523ffebcc None None] Ext name="Resource timestamps" alias="standard-attr-timestamp" description="Adds created_at and updated_at fields to all Neutron resources that have Neutron standard attributes." updated="2016-09-12T10:00:00-00:00" {{(pid=103355) _check_extension /opt/stack/neutron/neutron/api/extensions.py:415}}
May 05 01:33:47.389446 np0000171613 devstack@neutron-api.service[103357]: INFO neutron.api.extensions [None req-fcc91ca4-ceb1-4d5a-ab04-caf3c8c8e3f6 None None] Loaded extension: port-numa-affinity-policy
May 05 01:33:47.389490 np0000171613 devstack@neutron-api.service[103355]: INFO neutron.api.extensions [None req-63e5603c-f702-44fa-b615-843523ffebcc None None] Loaded extension: standard-attr-timestamp
May 05 01:33:47.389566 np0000171613 devstack@neutron-api.service[103357]: DEBUG neutron.api.extensions [None req-fcc91ca4-ceb1-4d5a-ab04-caf3c8c8e3f6 None None] Loading extension file: port_numa_affinity_policy_socket.py {{(pid=103357) _load_all_extensions_from_path /opt/stack/neutron/neutron/api/extensions.py:449}}
May 05 01:33:47.389682 np0000171613 devstack@neutron-api.service[103355]: DEBUG neutron.api.extensions [None req-63e5603c-f702-44fa-b615-843523ffebcc None None] Loading extension file: trunk.py {{(pid=103355) _load_all_extensions_from_path /opt/stack/neutron/neutron/api/extensions.py:449}}
May 05 01:33:47.389728 np0000171613 devstack@neutron-api.service[103356]: DEBUG neutron.services.provider_configuration [None req-21bcd91d-6fe1-4745-bc3d-836afa669649 None None] Service providers = [] {{(pid=103356) parse_service_provider_opt /opt/stack/neutron/neutron/services/provider_configuration.py:170}}
May 05 01:33:47.389827 np0000171613 devstack@neutron-api.service[103355]: DEBUG neutron.api.extensions [None req-63e5603c-f702-44fa-b615-843523ffebcc None None] Ext name="Trunk Extension" alias="trunk" description="Provides support for trunk ports" updated="2016-01-01T10:00:00-00:00" {{(pid=103355) _check_extension /opt/stack/neutron/neutron/api/extensions.py:415}}
May 05 01:33:47.389861 np0000171613 devstack@neutron-api.service[103356]: DEBUG neutron.db.servicetype_db [None req-21bcd91d-6fe1-4745-bc3d-836afa669649 None None] Adding provider configuration for service L3_ROUTER_NAT {{(pid=103356) add_provider_configuration /opt/stack/neutron/neutron/db/servicetype_db.py:42}}
May 05 01:33:47.389887 np0000171613 devstack@neutron-api.service[103357]: DEBUG neutron.api.extensions [None req-fcc91ca4-ceb1-4d5a-ab04-caf3c8c8e3f6 None None] Ext name="Port NUMA affinity policy "socket"" alias="port-numa-affinity-policy-socket" description="Adds "socket" to the supported port NUMA affinity policies" updated="2024-02-09T10:00:00-00:00" {{(pid=103357) _check_extension /opt/stack/neutron/neutron/api/extensions.py:415}}
May 05 01:33:47.390020 np0000171613 devstack@neutron-api.service[103355]: INFO neutron.api.extensions [None req-63e5603c-f702-44fa-b615-843523ffebcc None None] Extension trunk not supported by any of loaded plugins
May 05 01:33:47.390050 np0000171613 devstack@neutron-api.service[103357]: INFO neutron.api.extensions [None req-fcc91ca4-ceb1-4d5a-ab04-caf3c8c8e3f6 None None] Loaded extension: port-numa-affinity-policy-socket
May 05 01:33:47.390117 np0000171613 devstack@neutron-api.service[103355]: DEBUG neutron.api.extensions [None req-63e5603c-f702-44fa-b615-843523ffebcc None None] Loading extension file: trunk_details.py {{(pid=103355) _load_all_extensions_from_path /opt/stack/neutron/neutron/api/extensions.py:449}}
May 05 01:33:47.390157 np0000171613 devstack@neutron-api.service[103357]: DEBUG neutron.api.extensions [None req-fcc91ca4-ceb1-4d5a-ab04-caf3c8c8e3f6 None None] Loading extension file: port_resource_request.py {{(pid=103357) _load_all_extensions_from_path /opt/stack/neutron/neutron/api/extensions.py:449}}
May 05 01:33:47.390350 np0000171613 devstack@neutron-api.service[103355]: DEBUG neutron.api.extensions [None req-63e5603c-f702-44fa-b615-843523ffebcc None None] Ext name="Trunk port details" alias="trunk-details" description="Expose trunk port details" updated="2016-01-01T10:00:00-00:00" {{(pid=103355) _check_extension /opt/stack/neutron/neutron/api/extensions.py:415}}
May 05 01:33:47.390383 np0000171613 devstack@neutron-api.service[103357]: DEBUG neutron.api.extensions [None req-fcc91ca4-ceb1-4d5a-ab04-caf3c8c8e3f6 None None] Ext name="Port Resource Request" alias="port-resource-request" description="Expose resource request to Port" updated="2018-05-08T10:00:00-00:00" {{(pid=103357) _check_extension /opt/stack/neutron/neutron/api/extensions.py:415}}
May 05 01:33:47.390519 np0000171613 devstack@neutron-api.service[103357]: INFO neutron.api.extensions [None req-fcc91ca4-ceb1-4d5a-ab04-caf3c8c8e3f6 None None] Extension port-resource-request not supported by any of loaded plugins
May 05 01:33:47.390553 np0000171613 devstack@neutron-api.service[103355]: INFO neutron.api.extensions [None req-63e5603c-f702-44fa-b615-843523ffebcc None None] Extension trunk-details not supported by any of loaded plugins
May 05 01:33:47.390615 np0000171613 devstack@neutron-api.service[103355]: DEBUG neutron.api.extensions [None req-63e5603c-f702-44fa-b615-843523ffebcc None None] Loading extension file: uplink_status_propagation.py {{(pid=103355) _load_all_extensions_from_path /opt/stack/neutron/neutron/api/extensions.py:449}}
May 05 01:33:47.390647 np0000171613 devstack@neutron-api.service[103357]: DEBUG neutron.api.extensions [None req-fcc91ca4-ceb1-4d5a-ab04-caf3c8c8e3f6 None None] Loading extension file: port_resource_request_groups.py {{(pid=103357) _load_all_extensions_from_path /opt/stack/neutron/neutron/api/extensions.py:449}}
May 05 01:33:47.390867 np0000171613 devstack@neutron-api.service[103355]: DEBUG neutron.api.extensions [None req-63e5603c-f702-44fa-b615-843523ffebcc None None] Ext name="Uplink status propagation extension" alias="uplink-status-propagation" description="Provides ability to propagate port uplink status." updated="2018-05-31T18:00:00-00:00" {{(pid=103355) _check_extension /opt/stack/neutron/neutron/api/extensions.py:415}}
May 05 01:33:47.390916 np0000171613 devstack@neutron-api.service[103357]: DEBUG neutron.api.extensions [None req-fcc91ca4-ceb1-4d5a-ab04-caf3c8c8e3f6 None None] Ext name="Port Resource Request Groups" alias="port-resource-request-groups" description="Support requesting multiple groups of resources and traits from the same RP subtree in resource_request" updated="2021-08-02T10:00:00-00:00" {{(pid=103357) _check_extension /opt/stack/neutron/neutron/api/extensions.py:415}}
May 05 01:33:47.391037 np0000171613 devstack@neutron-api.service[103357]: INFO neutron.api.extensions [None req-fcc91ca4-ceb1-4d5a-ab04-caf3c8c8e3f6 None None] Extension port-resource-request-groups not supported by any of loaded plugins
May 05 01:33:47.391068 np0000171613 devstack@neutron-api.service[103355]: INFO neutron.api.extensions [None req-63e5603c-f702-44fa-b615-843523ffebcc None None] Extension uplink-status-propagation not supported by any of loaded plugins
May 05 01:33:47.391127 np0000171613 devstack@neutron-api.service[103357]: DEBUG neutron.api.extensions [None req-fcc91ca4-ceb1-4d5a-ab04-caf3c8c8e3f6 None None] Loading extension file: port_trusted_vif.py {{(pid=103357) _load_all_extensions_from_path /opt/stack/neutron/neutron/api/extensions.py:449}}
May 05 01:33:47.391159 np0000171613 devstack@neutron-api.service[103355]: DEBUG neutron.api.extensions [None req-63e5603c-f702-44fa-b615-843523ffebcc None None] Loading extension file: uplink_status_propagation_updatable.py {{(pid=103355) _load_all_extensions_from_path /opt/stack/neutron/neutron/api/extensions.py:449}}
May 05 01:33:47.391317 np0000171613 devstack@neutron-api.service[103356]: DEBUG neutron_lib.callbacks.manager [None req-21bcd91d-6fe1-4745-bc3d-836afa669649 None None] Subscribe: > router precommit_create 55549900, False {{(pid=103356) subscribe /opt/stack/data/venv/lib/python3.12/site-packages/neutron_lib/callbacks/manager.py:52}}
May 05 01:33:47.391349 np0000171613 devstack@neutron-api.service[103357]: DEBUG neutron.api.extensions [None req-fcc91ca4-ceb1-4d5a-ab04-caf3c8c8e3f6 None None] Ext name="Port trusted vif" alias="port-trusted-vif" description="Expose port 'trusted' attribute in the API" updated="2024-07-10T10:00:00-00:00" {{(pid=103357) _check_extension /opt/stack/neutron/neutron/api/extensions.py:415}}
May 05 01:33:47.391403 np0000171613 devstack@neutron-api.service[103355]: DEBUG neutron.api.extensions [None req-63e5603c-f702-44fa-b615-843523ffebcc None None] Ext name="Uplink status propagation updatable extension" alias="uplink-status-propagation-updatable" description="Provides ability to update the port uplink status." updated="2024-09-03T18:00:00-00:00" {{(pid=103355) _check_extension /opt/stack/neutron/neutron/api/extensions.py:415}}
May 05 01:33:47.391440 np0000171613 devstack@neutron-api.service[103356]: DEBUG neutron_lib.callbacks.manager [None req-21bcd91d-6fe1-4745-bc3d-836afa669649 None None] Subscribe: > router_interface after_create 55550000, False {{(pid=103356) subscribe /opt/stack/data/venv/lib/python3.12/site-packages/neutron_lib/callbacks/manager.py:52}}
May 05 01:33:47.391536 np0000171613 devstack@neutron-api.service[103357]: INFO neutron.api.extensions [None req-fcc91ca4-ceb1-4d5a-ab04-caf3c8c8e3f6 None None] Extension port-trusted-vif not supported by any of loaded plugins
May 05 01:33:47.391567 np0000171613 devstack@neutron-api.service[103355]: INFO neutron.api.extensions [None req-63e5603c-f702-44fa-b615-843523ffebcc None None] Extension uplink-status-propagation-updatable not supported by any of loaded plugins
May 05 01:33:47.391593 np0000171613 devstack@neutron-api.service[103356]: DEBUG neutron_lib.callbacks.manager [None req-21bcd91d-6fe1-4745-bc3d-836afa669649 None None] Subscribe: > floatingip after_create 55550000, False {{(pid=103356) subscribe /opt/stack/data/venv/lib/python3.12/site-packages/neutron_lib/callbacks/manager.py:52}}
May 05 01:33:47.391643 np0000171613 devstack@neutron-api.service[103357]: DEBUG neutron.api.extensions [None req-fcc91ca4-ceb1-4d5a-ab04-caf3c8c8e3f6 None None] Loading extension file: portbindings.py {{(pid=103357) _load_all_extensions_from_path /opt/stack/neutron/neutron/api/extensions.py:449}}
May 05 01:33:47.391672 np0000171613 devstack@neutron-api.service[103355]: DEBUG neutron.api.extensions [None req-63e5603c-f702-44fa-b615-843523ffebcc None None] Loading extension file: vlantransparent.py {{(pid=103355) _load_all_extensions_from_path /opt/stack/neutron/neutron/api/extensions.py:449}}
May 05 01:33:47.391750 np0000171613 devstack@neutron-api.service[103356]: DEBUG neutron_lib.callbacks.manager [None req-21bcd91d-6fe1-4745-bc3d-836afa669649 None None] Subscribe: > floatingip precommit_create 55550000, False {{(pid=103356) subscribe /opt/stack/data/venv/lib/python3.12/site-packages/neutron_lib/callbacks/manager.py:52}}
May 05 01:33:47.391871 np0000171613 devstack@neutron-api.service[103357]: DEBUG neutron.api.extensions [None req-fcc91ca4-ceb1-4d5a-ab04-caf3c8c8e3f6 None None] Ext name="Port Binding" alias="binding" description="Expose port bindings of a virtual port to external application" updated="2014-02-03T10:00:00-00:00" {{(pid=103357) _check_extension /opt/stack/neutron/neutron/api/extensions.py:415}}
May 05 01:33:47.391909 np0000171613 devstack@neutron-api.service[103356]: DEBUG neutron_lib.callbacks.manager [None req-21bcd91d-6fe1-4745-bc3d-836afa669649 None None] Subscribe: > floatingip precommit_update 55550000, False {{(pid=103356) subscribe /opt/stack/data/venv/lib/python3.12/site-packages/neutron_lib/callbacks/manager.py:52}}
May 05 01:33:47.391979 np0000171613 devstack@neutron-api.service[103355]: DEBUG neutron.api.extensions [None req-63e5603c-f702-44fa-b615-843523ffebcc None None] Ext name="Vlantransparent" alias="vlan-transparent" description="Provides Vlan Transparent Networks" updated="2015-03-23T09:00:00-00:00" {{(pid=103355) _check_extension /opt/stack/neutron/neutron/api/extensions.py:415}}
May 05 01:33:47.392023 np0000171613 devstack@neutron-api.service[103356]: DEBUG neutron_lib.callbacks.manager [None req-21bcd91d-6fe1-4745-bc3d-836afa669649 None None] Subscribe: > floatingip after_delete 55550000, False {{(pid=103356) subscribe /opt/stack/data/venv/lib/python3.12/site-packages/neutron_lib/callbacks/manager.py:52}}
May 05 01:33:47.392074 np0000171613 devstack@neutron-api.service[103357]: INFO neutron.api.extensions [None req-fcc91ca4-ceb1-4d5a-ab04-caf3c8c8e3f6 None None] Loaded extension: binding
May 05 01:33:47.392110 np0000171613 devstack@neutron-api.service[103356]: DEBUG neutron_lib.callbacks.manager [None req-21bcd91d-6fe1-4745-bc3d-836afa669649 None None] Subscribe: > floatingip after_status_update 55550000, False {{(pid=103356) subscribe /opt/stack/data/venv/lib/python3.12/site-packages/neutron_lib/callbacks/manager.py:52}}
May 05 01:33:47.392140 np0000171613 devstack@neutron-api.service[103357]: DEBUG neutron.api.extensions [None req-fcc91ca4-ceb1-4d5a-ab04-caf3c8c8e3f6 None None] Loading extension file: portbindings_extended.py {{(pid=103357) _load_all_extensions_from_path /opt/stack/neutron/neutron/api/extensions.py:449}}
May 05 01:33:47.392172 np0000171613 devstack@neutron-api.service[103356]: DEBUG neutron_lib.callbacks.manager [None req-21bcd91d-6fe1-4745-bc3d-836afa669649 None None] Subscribe: > floatingip after_update 55550000, False {{(pid=103356) subscribe /opt/stack/data/venv/lib/python3.12/site-packages/neutron_lib/callbacks/manager.py:52}}
May 05 01:33:47.392203 np0000171613 devstack@neutron-api.service[103355]: INFO neutron.api.extensions [None req-63e5603c-f702-44fa-b615-843523ffebcc None None] Loaded extension: vlan-transparent
May 05 01:33:47.392301 np0000171613 devstack@neutron-api.service[103356]: DEBUG neutron_lib.callbacks.manager [None req-21bcd91d-6fe1-4745-bc3d-836afa669649 None None] Subscribe: > port_forwarding after_create 55550000, False {{(pid=103356) subscribe /opt/stack/data/venv/lib/python3.12/site-packages/neutron_lib/callbacks/manager.py:52}}
May 05 01:33:47.392388 np0000171613 devstack@neutron-api.service[103357]: DEBUG neutron.api.extensions [None req-fcc91ca4-ceb1-4d5a-ab04-caf3c8c8e3f6 None None] Ext name="Port Bindings Extended" alias="binding-extended" description="Expose port bindings of a virtual port to external application" updated="2017-07-17T10:00:00-00:00" {{(pid=103357) _check_extension /opt/stack/neutron/neutron/api/extensions.py:415}}
May 05 01:33:47.392418 np0000171613 devstack@neutron-api.service[103356]: DEBUG neutron_lib.callbacks.manager [None req-21bcd91d-6fe1-4745-bc3d-836afa669649 None None] Subscribe: > router_interface after_delete 55550000, False {{(pid=103356) subscribe /opt/stack/data/venv/lib/python3.12/site-packages/neutron_lib/callbacks/manager.py:52}}
May 05 01:33:47.392527 np0000171613 devstack@neutron-api.service[103356]: DEBUG neutron_lib.callbacks.manager [None req-21bcd91d-6fe1-4745-bc3d-836afa669649 None None] Subscribe: > router after_create 55550000, False {{(pid=103356) subscribe /opt/stack/data/venv/lib/python3.12/site-packages/neutron_lib/callbacks/manager.py:52}}
May 05 01:33:47.392558 np0000171613 devstack@neutron-api.service[103357]: INFO neutron.api.extensions [None req-fcc91ca4-ceb1-4d5a-ab04-caf3c8c8e3f6 None None] Loaded extension: binding-extended
May 05 01:33:47.392653 np0000171613 devstack@neutron-api.service[103356]: DEBUG neutron_lib.callbacks.manager [None req-21bcd91d-6fe1-4745-bc3d-836afa669649 None None] Subscribe: > router precommit_create 55550000, False {{(pid=103356) subscribe /opt/stack/data/venv/lib/python3.12/site-packages/neutron_lib/callbacks/manager.py:52}}
May 05 01:33:47.392688 np0000171613 devstack@neutron-api.service[103357]: DEBUG neutron.api.extensions [None req-fcc91ca4-ceb1-4d5a-ab04-caf3c8c8e3f6 None None] Loading extension file: portsecurity.py {{(pid=103357) _load_all_extensions_from_path /opt/stack/neutron/neutron/api/extensions.py:449}}
May 05 01:33:47.392787 np0000171613 devstack@neutron-api.service[103356]: DEBUG neutron_lib.callbacks.manager [None req-21bcd91d-6fe1-4745-bc3d-836afa669649 None None] Subscribe: > router after_delete 55550000, False {{(pid=103356) subscribe /opt/stack/data/venv/lib/python3.12/site-packages/neutron_lib/callbacks/manager.py:52}}
May 05 01:33:47.392891 np0000171613 devstack@neutron-api.service[103357]: DEBUG neutron.api.extensions [None req-fcc91ca4-ceb1-4d5a-ab04-caf3c8c8e3f6 None None] Ext name="Port Security" alias="port-security" description="Provides port security" updated="2012-07-23T10:00:00-00:00" {{(pid=103357) _check_extension /opt/stack/neutron/neutron/api/extensions.py:415}}
May 05 01:33:47.392924 np0000171613 devstack@neutron-api.service[103356]: DEBUG neutron_lib.callbacks.manager [None req-21bcd91d-6fe1-4745-bc3d-836afa669649 None None] Subscribe: > router after_update 55550000, False {{(pid=103356) subscribe /opt/stack/data/venv/lib/python3.12/site-packages/neutron_lib/callbacks/manager.py:52}}
May 05 01:33:47.393080 np0000171613 devstack@neutron-api.service[103356]: DEBUG neutron.services.service_base [None req-21bcd91d-6fe1-4745-bc3d-836afa669649 None None] Loaded 'neutron.services.ovn_l3.service_providers.ovn.OvnDriver' provider for service L3_ROUTER_NAT {{(pid=103356) load_drivers /opt/stack/neutron/neutron/services/service_base.py:49}}
May 05 01:33:47.393154 np0000171613 devstack@neutron-api.service[103357]: INFO neutron.api.extensions [None req-fcc91ca4-ceb1-4d5a-ab04-caf3c8c8e3f6 None None] Loaded extension: port-security
May 05 01:33:47.393209 np0000171613 devstack@neutron-api.service[103356]: DEBUG neutron_lib.callbacks.manager [None req-21bcd91d-6fe1-4745-bc3d-836afa669649 None None] Subscribe: > process after_init 55550001, True {{(pid=103356) subscribe /opt/stack/data/venv/lib/python3.12/site-packages/neutron_lib/callbacks/manager.py:52}}
May 05 01:33:47.393273 np0000171613 devstack@neutron-api.service[103357]: DEBUG neutron.api.extensions [None req-fcc91ca4-ceb1-4d5a-ab04-caf3c8c8e3f6 None None] Loading extension file: project_id.py {{(pid=103357) _load_all_extensions_from_path /opt/stack/neutron/neutron/api/extensions.py:449}}
May 05 01:33:47.393356 np0000171613 devstack@neutron-api.service[103356]: DEBUG neutron.manager [None req-21bcd91d-6fe1-4745-bc3d-836afa669649 None None] Successfully loaded L3_ROUTER_NAT plugin. Description: L3 Router Service Plugin for basic L3 forwarding using OVN {{(pid=103356) _create_and_add_service_plugin /opt/stack/neutron/neutron/manager.py:239}}
May 05 01:33:47.393487 np0000171613 devstack@neutron-api.service[103357]: DEBUG neutron.api.extensions [None req-fcc91ca4-ceb1-4d5a-ab04-caf3c8c8e3f6 None None] Ext name="project_id field enabled" alias="project-id" description="Extension that indicates that project_id field is enabled." updated="2016-09-09T09:09:09-09:09" {{(pid=103357) _check_extension /opt/stack/neutron/neutron/api/extensions.py:415}}
May 05 01:33:47.393533 np0000171613 devstack@neutron-api.service[103356]: INFO neutron.manager [None req-21bcd91d-6fe1-4745-bc3d-836afa669649 None None] Loading Plugin: auto_allocate
May 05 01:33:47.393596 np0000171613 devstack@neutron-api.service[103357]: INFO neutron.api.extensions [None req-fcc91ca4-ceb1-4d5a-ab04-caf3c8c8e3f6 None None] Loaded extension: project-id
May 05 01:33:47.393710 np0000171613 devstack@neutron-api.service[103357]: DEBUG neutron.api.extensions [None req-fcc91ca4-ceb1-4d5a-ab04-caf3c8c8e3f6 None None] Loading extension file: providernet.py {{(pid=103357) _load_all_extensions_from_path /opt/stack/neutron/neutron/api/extensions.py:449}}
May 05 01:33:47.393942 np0000171613 devstack@neutron-api.service[103357]: DEBUG neutron.api.extensions [None req-fcc91ca4-ceb1-4d5a-ab04-caf3c8c8e3f6 None None] Ext name="Provider Network" alias="provider" description="Expose mapping of virtual networks to physical networks" updated="2012-09-07T10:00:00-00:00" {{(pid=103357) _check_extension /opt/stack/neutron/neutron/api/extensions.py:415}}
May 05 01:33:47.394065 np0000171613 devstack@neutron-api.service[103355]: INFO neutron.quota.resource_registry [None req-63e5603c-f702-44fa-b615-843523ffebcc None None] Creating instance of TrackedResource for resource:network
May 05 01:33:47.394128 np0000171613 devstack@neutron-api.service[103357]: INFO neutron.api.extensions [None req-fcc91ca4-ceb1-4d5a-ab04-caf3c8c8e3f6 None None] Loaded extension: provider
May 05 01:33:47.394219 np0000171613 devstack@neutron-api.service[103357]: DEBUG neutron.api.extensions [None req-fcc91ca4-ceb1-4d5a-ab04-caf3c8c8e3f6 None None] Loading extension file: qinq.py {{(pid=103357) _load_all_extensions_from_path /opt/stack/neutron/neutron/api/extensions.py:449}}
May 05 01:33:47.394303 np0000171613 devstack@neutron-api.service[103355]: INFO neutron.quota.resource_registry [None req-63e5603c-f702-44fa-b615-843523ffebcc None None] Creating instance of TrackedResource for resource:subnet
May 05 01:33:47.394437 np0000171613 devstack@neutron-api.service[103355]: INFO neutron.quota.resource_registry [None req-63e5603c-f702-44fa-b615-843523ffebcc None None] Creating instance of TrackedResource for resource:subnetpool
May 05 01:33:47.394476 np0000171613 devstack@neutron-api.service[103357]: DEBUG neutron.api.extensions [None req-fcc91ca4-ceb1-4d5a-ab04-caf3c8c8e3f6 None None] Ext name="QinQ networks" alias="qinq" description="Expose network 'qinq' attribute in the API. This allows to configure network to allow vlan in vlan configuration using 0x8a88 ethertype (QinQ)." updated="2024-12-02T10:00:00-00:00" {{(pid=103357) _check_extension /opt/stack/neutron/neutron/api/extensions.py:415}}
May 05 01:33:47.394556 np0000171613 devstack@neutron-api.service[103355]: INFO neutron.quota.resource_registry [None req-63e5603c-f702-44fa-b615-843523ffebcc None None] Creating instance of TrackedResource for resource:port
May 05 01:33:47.394634 np0000171613 devstack@neutron-api.service[103356]: DEBUG neutron_lib.callbacks.manager [None req-21bcd91d-6fe1-4745-bc3d-836afa669649 None None] Subscribe: network precommit_update 55550000, False {{(pid=103356) subscribe /opt/stack/data/venv/lib/python3.12/site-packages/neutron_lib/callbacks/manager.py:52}}
May 05 01:33:47.394674 np0000171613 devstack@neutron-api.service[103357]: INFO neutron.api.extensions [None req-fcc91ca4-ceb1-4d5a-ab04-caf3c8c8e3f6 None None] Loaded extension: qinq
May 05 01:33:47.394762 np0000171613 devstack@neutron-api.service[103357]: DEBUG neutron.api.extensions [None req-fcc91ca4-ceb1-4d5a-ab04-caf3c8c8e3f6 None None] Loading extension file: qos.py {{(pid=103357) _load_all_extensions_from_path /opt/stack/neutron/neutron/api/extensions.py:449}}
May 05 01:33:47.394797 np0000171613 devstack@neutron-api.service[103356]: DEBUG neutron_lib.callbacks.manager [None req-21bcd91d-6fe1-4745-bc3d-836afa669649 None None] Subscribe: network precommit_create 55550000, False {{(pid=103356) subscribe /opt/stack/data/venv/lib/python3.12/site-packages/neutron_lib/callbacks/manager.py:52}}
May 05 01:33:47.395002 np0000171613 devstack@neutron-api.service[103356]: DEBUG neutron.manager [None req-21bcd91d-6fe1-4745-bc3d-836afa669649 None None] Successfully loaded auto-allocated-topology plugin. Description: Auto Allocated Topology - aka get me a network. {{(pid=103356) _create_and_add_service_plugin /opt/stack/neutron/neutron/manager.py:239}}
May 05 01:33:47.395138 np0000171613 devstack@neutron-api.service[103356]: INFO neutron.manager [None req-21bcd91d-6fe1-4745-bc3d-836afa669649 None None] Loading Plugin: tag
May 05 01:33:47.395624 np0000171613 devstack@neutron-api.service[103357]: DEBUG neutron.api.extensions [None req-fcc91ca4-ceb1-4d5a-ab04-caf3c8c8e3f6 None None] Ext name="Quality of Service" alias="qos" description="The Quality of Service extension." updated="2015-06-08T10:00:00-00:00" {{(pid=103357) _check_extension /opt/stack/neutron/neutron/api/extensions.py:415}}
May 05 01:33:47.395836 np0000171613 devstack@neutron-api.service[103357]: INFO neutron.api.extensions [None req-fcc91ca4-ceb1-4d5a-ab04-caf3c8c8e3f6 None None] Extension qos not supported by any of loaded plugins
May 05 01:33:47.396746 np0000171613 devstack@neutron-api.service[103357]: DEBUG neutron.api.extensions [None req-fcc91ca4-ceb1-4d5a-ab04-caf3c8c8e3f6 None None] Loading extension file: qos_bw_limit_direction.py {{(pid=103357) _load_all_extensions_from_path /opt/stack/neutron/neutron/api/extensions.py:449}}
May 05 01:33:47.396811 np0000171613 devstack@neutron-api.service[103355]: DEBUG neutron.api.v2.resource_helper [None req-63e5603c-f702-44fa-b615-843523ffebcc None None] Service L3_ROUTER_NAT assigned prefix: {{(pid=103355) build_resource_info /opt/stack/neutron/neutron/api/v2/resource_helper.py:77}}
May 05 01:33:47.396847 np0000171613 devstack@neutron-api.service[103357]: DEBUG neutron.api.extensions [None req-fcc91ca4-ceb1-4d5a-ab04-caf3c8c8e3f6 None None] Ext name="Direction for QoS bandwidth limit rule" alias="qos-bw-limit-direction" description="Allow to configure QoS bandwidth limit rule with specific direction: ingress or egress" updated="2017-04-10T10:00:00-00:00" {{(pid=103357) _check_extension /opt/stack/neutron/neutron/api/extensions.py:415}}
May 05 01:33:47.396847 np0000171613 devstack@neutron-api.service[103357]: INFO neutron.api.extensions [None req-fcc91ca4-ceb1-4d5a-ab04-caf3c8c8e3f6 None None] Extension qos-bw-limit-direction not supported by any of loaded plugins
May 05 01:33:47.396900 np0000171613 devstack@neutron-api.service[103355]: DEBUG neutron.api.v2.resource_helper [None req-63e5603c-f702-44fa-b615-843523ffebcc None None] Service FLAVORS assigned prefix: {{(pid=103355) build_resource_info /opt/stack/neutron/neutron/api/v2/resource_helper.py:77}}
May 05 01:33:47.396957 np0000171613 devstack@neutron-api.service[103357]: DEBUG neutron.api.extensions [None req-fcc91ca4-ceb1-4d5a-ab04-caf3c8c8e3f6 None None] Loading extension file: qos_bw_minimum_ingress.py {{(pid=103357) _load_all_extensions_from_path /opt/stack/neutron/neutron/api/extensions.py:449}}
May 05 01:33:47.396957 np0000171613 devstack@neutron-api.service[103357]: DEBUG neutron.api.extensions [None req-fcc91ca4-ceb1-4d5a-ab04-caf3c8c8e3f6 None None] Ext name="Ingress direction for QoS minimum bandwidth rule" alias="qos-bw-minimum-ingress" description="Allow to configure QoS minumum bandwidth rule with ingress direction." updated="2018-07-09T10:00:00-00:00" {{(pid=103357) _check_extension /opt/stack/neutron/neutron/api/extensions.py:415}}
May 05 01:33:47.396957 np0000171613 devstack@neutron-api.service[103357]: INFO neutron.api.extensions [None req-fcc91ca4-ceb1-4d5a-ab04-caf3c8c8e3f6 None None] Extension qos-bw-minimum-ingress not supported by any of loaded plugins
May 05 01:33:47.396957 np0000171613 devstack@neutron-api.service[103357]: DEBUG neutron.api.extensions [None req-fcc91ca4-ceb1-4d5a-ab04-caf3c8c8e3f6 None None] Loading extension file: qos_default.py {{(pid=103357) _load_all_extensions_from_path /opt/stack/neutron/neutron/api/extensions.py:449}}
May 05 01:33:47.397167 np0000171613 devstack@neutron-api.service[103357]: DEBUG neutron.api.extensions [None req-fcc91ca4-ceb1-4d5a-ab04-caf3c8c8e3f6 None None] Ext name="QoS default policy" alias="qos-default" description="Expose the QoS default policy per project" updated="2017-041-06T10:00:00-00:00" {{(pid=103357) _check_extension /opt/stack/neutron/neutron/api/extensions.py:415}}
May 05 01:33:47.397288 np0000171613 devstack@neutron-api.service[103355]: DEBUG neutron.api.v2.resource_helper [None req-63e5603c-f702-44fa-b615-843523ffebcc None None] Service L3_ROUTER_NAT assigned prefix: {{(pid=103355) build_resource_info /opt/stack/neutron/neutron/api/v2/resource_helper.py:77}}
May 05 01:33:47.397316 np0000171613 devstack@neutron-api.service[103357]: INFO neutron.api.extensions [None req-fcc91ca4-ceb1-4d5a-ab04-caf3c8c8e3f6 None None] Extension qos-default not supported by any of loaded plugins
May 05 01:33:47.397420 np0000171613 devstack@neutron-api.service[103357]: DEBUG neutron.api.extensions [None req-fcc91ca4-ceb1-4d5a-ab04-caf3c8c8e3f6 None None] Loading extension file: qos_fip.py {{(pid=103357) _load_all_extensions_from_path /opt/stack/neutron/neutron/api/extensions.py:449}}
May 05 01:33:47.397676 np0000171613 devstack@neutron-api.service[103357]: DEBUG neutron.api.extensions [None req-fcc91ca4-ceb1-4d5a-ab04-caf3c8c8e3f6 None None] Ext name="Floating IP QoS" alias="qos-fip" description="The floating IP Quality of Service extension" updated="2017-07-20T00:00:00-00:00" {{(pid=103357) _check_extension /opt/stack/neutron/neutron/api/extensions.py:415}}
May 05 01:33:47.397715 np0000171613 devstack@neutron-api.service[103355]: DEBUG neutron.api.v2.resource_helper [None req-63e5603c-f702-44fa-b615-843523ffebcc None None] Service L3_ROUTER_NAT assigned prefix: {{(pid=103355) build_resource_info /opt/stack/neutron/neutron/api/v2/resource_helper.py:77}}
May 05 01:33:47.397818 np0000171613 devstack@neutron-api.service[103355]: INFO neutron.quota.resource_registry [None req-63e5603c-f702-44fa-b615-843523ffebcc None None] Creating instance of TrackedResource for resource:router
May 05 01:33:47.397851 np0000171613 devstack@neutron-api.service[103357]: INFO neutron.api.extensions [None req-fcc91ca4-ceb1-4d5a-ab04-caf3c8c8e3f6 None None] Extension qos-fip not supported by any of loaded plugins
May 05 01:33:47.397942 np0000171613 devstack@neutron-api.service[103357]: DEBUG neutron.api.extensions [None req-fcc91ca4-ceb1-4d5a-ab04-caf3c8c8e3f6 None None] Loading extension file: qos_fip_network_policy.py {{(pid=103357) _load_all_extensions_from_path /opt/stack/neutron/neutron/api/extensions.py:449}}
May 05 01:33:47.398252 np0000171613 devstack@neutron-api.service[103357]: DEBUG neutron.api.extensions [None req-fcc91ca4-ceb1-4d5a-ab04-caf3c8c8e3f6 None None] Ext name="QoS floating IP network policy ID" alias="qos-fip-network-policy" description="Adds a the QoS network ID to the floating IP definition" updated="2021-11-15T10:00:00-00:00" {{(pid=103357) _check_extension /opt/stack/neutron/neutron/api/extensions.py:415}}
May 05 01:33:47.398357 np0000171613 devstack@neutron-api.service[103355]: INFO neutron.quota.resource_registry [None req-63e5603c-f702-44fa-b615-843523ffebcc None None] Creating instance of TrackedResource for resource:floatingip
May 05 01:33:47.398434 np0000171613 devstack@neutron-api.service[103356]: DEBUG neutron.manager [None req-21bcd91d-6fe1-4745-bc3d-836afa669649 None None] Successfully loaded TAG plugin. Description: Tag support {{(pid=103356) _create_and_add_service_plugin /opt/stack/neutron/neutron/manager.py:239}}
May 05 01:33:47.398434 np0000171613 devstack@neutron-api.service[103356]: INFO neutron.manager [None req-21bcd91d-6fe1-4745-bc3d-836afa669649 None None] Loading Plugin: timestamp
May 05 01:33:47.398481 np0000171613 devstack@neutron-api.service[103357]: INFO neutron.api.extensions [None req-fcc91ca4-ceb1-4d5a-ab04-caf3c8c8e3f6 None None] Extension qos-fip-network-policy not supported by any of loaded plugins
May 05 01:33:47.398481 np0000171613 devstack@neutron-api.service[103357]: DEBUG neutron.api.extensions [None req-fcc91ca4-ceb1-4d5a-ab04-caf3c8c8e3f6 None None] Loading extension file: qos_gateway_ip.py {{(pid=103357) _load_all_extensions_from_path /opt/stack/neutron/neutron/api/extensions.py:449}}
May 05 01:33:47.398700 np0000171613 devstack@neutron-api.service[103357]: DEBUG neutron.api.extensions [None req-fcc91ca4-ceb1-4d5a-ab04-caf3c8c8e3f6 None None] Ext name="Router gateway IP QoS" alias="qos-gateway-ip" description="The Router gateway IP Quality of Service extension" updated="2018-02-24T00:00:00-00:00" {{(pid=103357) _check_extension /opt/stack/neutron/neutron/api/extensions.py:415}}
May 05 01:33:47.398841 np0000171613 devstack@neutron-api.service[103357]: INFO neutron.api.extensions [None req-fcc91ca4-ceb1-4d5a-ab04-caf3c8c8e3f6 None None] Extension qos-gateway-ip not supported by any of loaded plugins
May 05 01:33:47.398933 np0000171613 devstack@neutron-api.service[103357]: DEBUG neutron.api.extensions [None req-fcc91ca4-ceb1-4d5a-ab04-caf3c8c8e3f6 None None] Loading extension file: qos_port_network_policy.py {{(pid=103357) _load_all_extensions_from_path /opt/stack/neutron/neutron/api/extensions.py:449}}
May 05 01:33:47.399185 np0000171613 devstack@neutron-api.service[103357]: DEBUG neutron.api.extensions [None req-fcc91ca4-ceb1-4d5a-ab04-caf3c8c8e3f6 None None] Ext name="QoS port network policy ID" alias="qos-port-network-policy" description="Adds a the QoS network ID to the port definition" updated="2019-11-01T10:00:00-00:00" {{(pid=103357) _check_extension /opt/stack/neutron/neutron/api/extensions.py:415}}
May 05 01:33:47.399273 np0000171613 devstack@neutron-api.service[103355]: INFO neutron.quota.resource_registry [None req-63e5603c-f702-44fa-b615-843523ffebcc None None] Creating instance of CountableResource for resource:rbac_policy
May 05 01:33:47.399349 np0000171613 devstack@neutron-api.service[103357]: INFO neutron.api.extensions [None req-fcc91ca4-ceb1-4d5a-ab04-caf3c8c8e3f6 None None] Extension qos-port-network-policy not supported by any of loaded plugins
May 05 01:33:47.399444 np0000171613 devstack@neutron-api.service[103357]: DEBUG neutron.api.extensions [None req-fcc91ca4-ceb1-4d5a-ab04-caf3c8c8e3f6 None None] Loading extension file: qos_pps_minimum_rule.py {{(pid=103357) _load_all_extensions_from_path /opt/stack/neutron/neutron/api/extensions.py:449}}
May 05 01:33:47.399693 np0000171613 devstack@neutron-api.service[103357]: DEBUG neutron.api.extensions [None req-fcc91ca4-ceb1-4d5a-ab04-caf3c8c8e3f6 None None] Ext name="QoS minimum packet rate rule" alias="qos-pps-minimum" description="Allow to configure QoS minimum packet rate rule." updated="2021-07-14T10:00:00-00:00" {{(pid=103357) _check_extension /opt/stack/neutron/neutron/api/extensions.py:415}}
May 05 01:33:47.399794 np0000171613 devstack@neutron-api.service[103355]: INFO neutron.quota.resource_registry [None req-63e5603c-f702-44fa-b615-843523ffebcc None None] Creating instance of TrackedResource for resource:security_group
May 05 01:33:47.399826 np0000171613 devstack@neutron-api.service[103356]: DEBUG neutron.manager [None req-21bcd91d-6fe1-4745-bc3d-836afa669649 None None] Successfully loaded timestamp plugin. Description: Adds timestamps to Neutron resources with standard attributes {{(pid=103356) _create_and_add_service_plugin /opt/stack/neutron/neutron/manager.py:239}}
May 05 01:33:47.399896 np0000171613 devstack@neutron-api.service[103357]: INFO neutron.api.extensions [None req-fcc91ca4-ceb1-4d5a-ab04-caf3c8c8e3f6 None None] Extension qos-pps-minimum not supported by any of loaded plugins
May 05 01:33:47.399974 np0000171613 devstack@neutron-api.service[103356]: INFO neutron.manager [None req-21bcd91d-6fe1-4745-bc3d-836afa669649 None None] Loading Plugin: network_ip_availability
May 05 01:33:47.400009 np0000171613 devstack@neutron-api.service[103357]: DEBUG neutron.api.extensions [None req-fcc91ca4-ceb1-4d5a-ab04-caf3c8c8e3f6 None None] Loading extension file: qos_pps_minimum_rule_alias.py {{(pid=103357) _load_all_extensions_from_path /opt/stack/neutron/neutron/api/extensions.py:449}}
May 05 01:33:47.400174 np0000171613 devstack@neutron-api.service[103355]: INFO neutron.quota.resource_registry [None req-63e5603c-f702-44fa-b615-843523ffebcc None None] Creating instance of TrackedResource for resource:security_group_rule
May 05 01:33:47.400210 np0000171613 devstack@neutron-api.service[103357]: DEBUG neutron.api.extensions [None req-fcc91ca4-ceb1-4d5a-ab04-caf3c8c8e3f6 None None] Ext name="QoS minimum packet rate rule alias" alias="qos-pps-minimum-rule-alias" description="API to enable GET, PUT and DELETE operations on QoS minimum packet rate rule without specifying policy ID" updated="2021-10-22T10:00:00-00:00" {{(pid=103357) _check_extension /opt/stack/neutron/neutron/api/extensions.py:415}}
May 05 01:33:47.400337 np0000171613 devstack@neutron-api.service[103357]: INFO neutron.api.extensions [None req-fcc91ca4-ceb1-4d5a-ab04-caf3c8c8e3f6 None None] Extension qos-pps-minimum-rule-alias not supported by any of loaded plugins
May 05 01:33:47.400439 np0000171613 devstack@neutron-api.service[103357]: DEBUG neutron.api.extensions [None req-fcc91ca4-ceb1-4d5a-ab04-caf3c8c8e3f6 None None] Loading extension file: qos_pps_rule.py {{(pid=103357) _load_all_extensions_from_path /opt/stack/neutron/neutron/api/extensions.py:449}}
May 05 01:33:47.400574 np0000171613 devstack@neutron-api.service[103355]: WARNING neutron.api.api_common [None req-63e5603c-f702-44fa-b615-843523ffebcc None None] The plugin class neutron.db.servicetype_db.ServiceTypeManager should inherit from ``ServicePluginBase`` or ``NeutronDbPluginV2``. This class needs to be refactored. Please report a Launchpad bug in https://bugs.launchpad.net/neutron.
May 05 01:33:47.400705 np0000171613 devstack@neutron-api.service[103357]: DEBUG neutron.api.extensions [None req-fcc91ca4-ceb1-4d5a-ab04-caf3c8c8e3f6 None None] Ext name="QoS Rule Type Packet per Second Extension" alias="qos-pps" description="Add QoS Rule Type Packet per Second" updated="2021-05-12T10:00:00-00:00" {{(pid=103357) _check_extension /opt/stack/neutron/neutron/api/extensions.py:415}}
May 05 01:33:47.400879 np0000171613 devstack@neutron-api.service[103357]: INFO neutron.api.extensions [None req-fcc91ca4-ceb1-4d5a-ab04-caf3c8c8e3f6 None None] Extension qos-pps not supported by any of loaded plugins
May 05 01:33:47.400939 np0000171613 devstack@neutron-api.service[103355]: DEBUG neutron.api.v2.resource_helper [None req-63e5603c-f702-44fa-b615-843523ffebcc None None] Service CORE assigned prefix: {{(pid=103355) build_resource_info /opt/stack/neutron/neutron/api/v2/resource_helper.py:77}}
May 05 01:33:47.400999 np0000171613 devstack@neutron-api.service[103357]: DEBUG neutron.api.extensions [None req-fcc91ca4-ceb1-4d5a-ab04-caf3c8c8e3f6 None None] Loading extension file: qos_rule_type_details.py {{(pid=103357) _load_all_extensions_from_path /opt/stack/neutron/neutron/api/extensions.py:449}}
May 05 01:33:47.401070 np0000171613 devstack@neutron-api.service[103355]: INFO neutron.quota.resource_registry [None req-63e5603c-f702-44fa-b615-843523ffebcc None None] Creating instance of TrackedResource for resource:subnetpool
May 05 01:33:47.401195 np0000171613 devstack@neutron-api.service[103355]: WARNING neutron.quota.resource_registry [None req-63e5603c-f702-44fa-b615-843523ffebcc None None] subnetpool is already registered
May 05 01:33:47.401221 np0000171613 devstack@neutron-api.service[103357]: DEBUG neutron.api.extensions [None req-fcc91ca4-ceb1-4d5a-ab04-caf3c8c8e3f6 None None] Ext name="Details of QoS rule types" alias="qos-rule-type-details" description="Expose details about QoS rule types supported by loaded backend drivers" updated="2017-06-22T10:00:00-00:00" {{(pid=103357) _check_extension /opt/stack/neutron/neutron/api/extensions.py:415}}
May 05 01:33:47.401364 np0000171613 devstack@neutron-api.service[103357]: INFO neutron.api.extensions [None req-fcc91ca4-ceb1-4d5a-ab04-caf3c8c8e3f6 None None] Extension qos-rule-type-details not supported by any of loaded plugins
May 05 01:33:47.401444 np0000171613 devstack@neutron-api.service[103357]: DEBUG neutron.api.extensions [None req-fcc91ca4-ceb1-4d5a-ab04-caf3c8c8e3f6 None None] Loading extension file: qos_rule_type_filter.py {{(pid=103357) _load_all_extensions_from_path /opt/stack/neutron/neutron/api/extensions.py:449}}
May 05 01:33:47.401668 np0000171613 devstack@neutron-api.service[103356]: DEBUG neutron.manager [None req-21bcd91d-6fe1-4745-bc3d-836afa669649 None None] Successfully loaded network-ip-availability plugin. Description: Provides IP availability data for each network and subnet. {{(pid=103356) _create_and_add_service_plugin /opt/stack/neutron/neutron/manager.py:239}}
May 05 01:33:47.401719 np0000171613 devstack@neutron-api.service[103357]: DEBUG neutron.api.extensions [None req-fcc91ca4-ceb1-4d5a-ab04-caf3c8c8e3f6 None None] Ext name="Allow to filter the list of QoS rule types" alias="qos-rule-type-filter" description="Allows to filter the QoS rule type list adding two new flags. "all_rules" prints all implemented QoS rule types."all_supported" prints all supported QoS rule types by the loaded mechanism drivers" updated="2022-02-02T10:00:00-00:00" {{(pid=103357) _check_extension /opt/stack/neutron/neutron/api/extensions.py:415}}
May 05 01:33:47.401802 np0000171613 devstack@neutron-api.service[103355]: WARNING neutron.api.api_common [None req-63e5603c-f702-44fa-b615-843523ffebcc None None] The plugin class builtins.NoneType should inherit from ``ServicePluginBase`` or ``NeutronDbPluginV2``. This class needs to be refactored. Please report a Launchpad bug in https://bugs.launchpad.net/neutron.
May 05 01:33:47.401901 np0000171613 devstack@neutron-api.service[103356]: INFO neutron.manager [None req-21bcd91d-6fe1-4745-bc3d-836afa669649 None None] Loading Plugin: flavors
May 05 01:33:47.401930 np0000171613 devstack@neutron-api.service[103355]: WARNING neutron.api.api_common [None req-63e5603c-f702-44fa-b615-843523ffebcc None None] The plugin class builtins.NoneType should inherit from ``ServicePluginBase`` or ``NeutronDbPluginV2``. This class needs to be refactored. Please report a Launchpad bug in https://bugs.launchpad.net/neutron.
May 05 01:33:47.402011 np0000171613 devstack@neutron-api.service[103357]: INFO neutron.api.extensions [None req-fcc91ca4-ceb1-4d5a-ab04-caf3c8c8e3f6 None None] Extension qos-rule-type-filter not supported by any of loaded plugins
May 05 01:33:47.402011 np0000171613 devstack@neutron-api.service[103357]: DEBUG neutron.api.extensions [None req-fcc91ca4-ceb1-4d5a-ab04-caf3c8c8e3f6 None None] Loading extension file: qos_rules_alias.py {{(pid=103357) _load_all_extensions_from_path /opt/stack/neutron/neutron/api/extensions.py:449}}
May 05 01:33:47.402165 np0000171613 devstack@neutron-api.service[103355]: WARNING neutron.api.api_common [None req-63e5603c-f702-44fa-b615-843523ffebcc None None] The plugin class builtins.NoneType should inherit from ``ServicePluginBase`` or ``NeutronDbPluginV2``. This class needs to be refactored. Please report a Launchpad bug in https://bugs.launchpad.net/neutron.
May 05 01:33:47.402249 np0000171613 devstack@neutron-api.service[103357]: DEBUG neutron.api.extensions [None req-fcc91ca4-ceb1-4d5a-ab04-caf3c8c8e3f6 None None] Ext name="Quality of Service rules alias API" alias="qos-rules-alias" description="API to enable GET, PUT and DELETE operations on QoS policy rules without specifying policy ID" updated="2018-10-07T10:00:00-00:00" {{(pid=103357) _check_extension /opt/stack/neutron/neutron/api/extensions.py:415}}
May 05 01:33:47.402309 np0000171613 devstack@neutron-api.service[103355]: WARNING neutron.api.api_common [None req-63e5603c-f702-44fa-b615-843523ffebcc None None] The plugin class neutron.db.servicetype_db.ServiceTypeManager should inherit from ``ServicePluginBase`` or ``NeutronDbPluginV2``. This class needs to be refactored. Please report a Launchpad bug in https://bugs.launchpad.net/neutron.
May 05 01:33:47.402388 np0000171613 devstack@neutron-api.service[103357]: INFO neutron.api.extensions [None req-fcc91ca4-ceb1-4d5a-ab04-caf3c8c8e3f6 None None] Extension qos-rules-alias not supported by any of loaded plugins
May 05 01:33:47.402451 np0000171613 devstack@neutron-api.service[103355]: WARNING neutron.api.api_common [None req-63e5603c-f702-44fa-b615-843523ffebcc None None] The plugin class builtins.NoneType should inherit from ``ServicePluginBase`` or ``NeutronDbPluginV2``. This class needs to be refactored. Please report a Launchpad bug in https://bugs.launchpad.net/neutron.
May 05 01:33:47.402481 np0000171613 devstack@neutron-api.service[103357]: DEBUG neutron.api.extensions [None req-fcc91ca4-ceb1-4d5a-ab04-caf3c8c8e3f6 None None] Loading extension file: quota_check_limit.py {{(pid=103357) _load_all_extensions_from_path /opt/stack/neutron/neutron/api/extensions.py:449}}
May 05 01:33:47.402576 np0000171613 devstack@neutron-api.service[103355]: WARNING neutron.api.api_common [None req-63e5603c-f702-44fa-b615-843523ffebcc None None] The plugin class builtins.NoneType should inherit from ``ServicePluginBase`` or ``NeutronDbPluginV2``. This class needs to be refactored. Please report a Launchpad bug in https://bugs.launchpad.net/neutron.
May 05 01:33:47.402714 np0000171613 devstack@neutron-api.service[103355]: WARNING neutron.api.api_common [None req-63e5603c-f702-44fa-b615-843523ffebcc None None] The plugin class builtins.NoneType should inherit from ``ServicePluginBase`` or ``NeutronDbPluginV2``. This class needs to be refactored. Please report a Launchpad bug in https://bugs.launchpad.net/neutron.
May 05 01:33:47.402744 np0000171613 devstack@neutron-api.service[103357]: DEBUG neutron.api.extensions [None req-fcc91ca4-ceb1-4d5a-ab04-caf3c8c8e3f6 None None] Ext name="Quota engine limit check" alias="quota-check-limit" description="Support for checking the resource usage before applying a new quota limit" updated="2021-09-08T16:00:00-00:00" {{(pid=103357) _check_extension /opt/stack/neutron/neutron/api/extensions.py:415}}
May 05 01:33:47.402774 np0000171613 devstack@neutron-api.service[103356]: DEBUG neutron.manager [None req-21bcd91d-6fe1-4745-bc3d-836afa669649 None None] Successfully loaded FLAVORS plugin. Description: Neutron Flavors and Service Profiles manager plugin {{(pid=103356) _create_and_add_service_plugin /opt/stack/neutron/neutron/manager.py:239}}
May 05 01:33:47.402874 np0000171613 devstack@neutron-api.service[103356]: INFO neutron.manager [None req-21bcd91d-6fe1-4745-bc3d-836afa669649 None None] Loading Plugin: revisions
May 05 01:33:47.402902 np0000171613 devstack@neutron-api.service[103355]: WARNING neutron.api.api_common [None req-63e5603c-f702-44fa-b615-843523ffebcc None None] The plugin class builtins.NoneType should inherit from ``ServicePluginBase`` or ``NeutronDbPluginV2``. This class needs to be refactored. Please report a Launchpad bug in https://bugs.launchpad.net/neutron.
May 05 01:33:47.402959 np0000171613 devstack@neutron-api.service[103357]: INFO neutron.api.extensions [None req-fcc91ca4-ceb1-4d5a-ab04-caf3c8c8e3f6 None None] Loaded extension: quota-check-limit
May 05 01:33:47.402987 np0000171613 devstack@neutron-api.service[103355]: WARNING neutron.api.api_common [None req-63e5603c-f702-44fa-b615-843523ffebcc None None] The plugin class builtins.NoneType should inherit from ``ServicePluginBase`` or ``NeutronDbPluginV2``. This class needs to be refactored. Please report a Launchpad bug in https://bugs.launchpad.net/neutron.
May 05 01:33:47.403043 np0000171613 devstack@neutron-api.service[103357]: DEBUG neutron.api.extensions [None req-fcc91ca4-ceb1-4d5a-ab04-caf3c8c8e3f6 None None] Loading extension file: quota_check_limit_default.py {{(pid=103357) _load_all_extensions_from_path /opt/stack/neutron/neutron/api/extensions.py:449}}
May 05 01:33:47.403071 np0000171613 devstack@neutron-api.service[103355]: WARNING neutron.api.api_common [None req-63e5603c-f702-44fa-b615-843523ffebcc None None] The plugin class builtins.NoneType should inherit from ``ServicePluginBase`` or ``NeutronDbPluginV2``. This class needs to be refactored. Please report a Launchpad bug in https://bugs.launchpad.net/neutron.
May 05 01:33:47.403195 np0000171613 devstack@neutron-api.service[103355]: WARNING neutron.api.api_common [None req-63e5603c-f702-44fa-b615-843523ffebcc None None] The plugin class builtins.NoneType should inherit from ``ServicePluginBase`` or ``NeutronDbPluginV2``. This class needs to be refactored. Please report a Launchpad bug in https://bugs.launchpad.net/neutron.
May 05 01:33:47.403283 np0000171613 devstack@neutron-api.service[103357]: DEBUG neutron.api.extensions [None req-fcc91ca4-ceb1-4d5a-ab04-caf3c8c8e3f6 None None] Ext name="Quota engine limit check by default" alias="quota-check-limit-default" description="By default, the Neutron quota engine checks the resource usage before applying a new quota limit" updated="2024-08-21T16:00:00-00:00" {{(pid=103357) _check_extension /opt/stack/neutron/neutron/api/extensions.py:415}}
May 05 01:33:47.403345 np0000171613 devstack@neutron-api.service[103355]: WARNING neutron.api.api_common [None req-63e5603c-f702-44fa-b615-843523ffebcc None None] The plugin class builtins.NoneType should inherit from ``ServicePluginBase`` or ``NeutronDbPluginV2``. This class needs to be refactored. Please report a Launchpad bug in https://bugs.launchpad.net/neutron.
May 05 01:33:47.403467 np0000171613 devstack@neutron-api.service[103357]: INFO neutron.api.extensions [None req-fcc91ca4-ceb1-4d5a-ab04-caf3c8c8e3f6 None None] Loaded extension: quota-check-limit-default
