2026-04-27 13:11:02.034 7 INFO cinder.volume.api [None req-3cdaf92f-fa91-4571-8ce5-4c54c675f897 c279ef77492a478eb335d8d6854ec821 65273db69f6948c08495c49fe93bf9b1 - - default default] Get all volumes completed successfully.
2026-04-27 13:11:02.036 7 INFO cinder.api.openstack.wsgi [None req-3cdaf92f-fa91-4571-8ce5-4c54c675f897 c279ef77492a478eb335d8d6854ec821 65273db69f6948c08495c49fe93bf9b1 - - default default] http://cinder-api.openstack.svc.cluster.local:8776/v3/65273db69f6948c08495c49fe93bf9b1/volumes/detail?all_tenants=true returned with HTTP 200 [pid: 7|app: 0|req: 342/683] 10.0.0.175 () {28 vars in 683 bytes} [Mon Apr 27 13:11:02 2026] GET /v3/65273db69f6948c08495c49fe93bf9b1/volumes/detail?all_tenants=true => generated 15 bytes in 17 msecs (HTTP/1.1 200) 7 headers in 284 bytes (1 switches on core 0)
2026-04-27 13:11:02.047 8 INFO cinder.api.openstack.wsgi [None req-8a4e76e7-1589-4502-a0ed-8b9b0b1f4054 c279ef77492a478eb335d8d6854ec821 65273db69f6948c08495c49fe93bf9b1 - - default default] GET http://cinder-api.openstack.svc.cluster.local:8776/v3/65273db69f6948c08495c49fe93bf9b1/snapshots?all_tenants=true
2026-04-27 13:11:02.052 8 INFO cinder.volume.api [None req-8a4e76e7-1589-4502-a0ed-8b9b0b1f4054 c279ef77492a478eb335d8d6854ec821 65273db69f6948c08495c49fe93bf9b1 - - default default] Get all snapshots completed successfully.
2026-04-27 13:11:02.052 8 INFO cinder.api.openstack.wsgi [None req-8a4e76e7-1589-4502-a0ed-8b9b0b1f4054 c279ef77492a478eb335d8d6854ec821 65273db69f6948c08495c49fe93bf9b1 - - default default] http://cinder-api.openstack.svc.cluster.local:8776/v3/65273db69f6948c08495c49fe93bf9b1/snapshots?all_tenants=true returned with HTTP 200 [pid: 8|app: 0|req: 342/684] 10.0.0.175 () {28 vars in 673 bytes} [Mon Apr 27 13:11:02 2026] GET /v3/65273db69f6948c08495c49fe93bf9b1/snapshots?all_tenants=true => generated 17 bytes in 12 msecs (HTTP/1.1 200) 7 headers in 284 bytes (1 switches on core 0)
2026-04-27 13:11:02.062 7 INFO cinder.api.openstack.wsgi [None req-3fbe59a8-5217-432b-8410-1ba9461efeac c279ef77492a478eb335d8d6854ec821 65273db69f6948c08495c49fe93bf9b1 - - default default] GET http://cinder-api.openstack.svc.cluster.local:8776/v3/65273db69f6948c08495c49fe93bf9b1/volumes/detail?all_tenants=true
2026-04-27 13:11:02.071 7 INFO cinder.volume.api [None req-3fbe59a8-5217-432b-8410-1ba9461efeac c279ef77492a478eb335d8d6854ec821 65273db69f6948c08495c49fe93bf9b1 - - default default] Get all volumes completed successfully.
2026-04-27 13:11:02.072 7 INFO cinder.api.openstack.wsgi [None req-3fbe59a8-5217-432b-8410-1ba9461efeac c279ef77492a478eb335d8d6854ec821 65273db69f6948c08495c49fe93bf9b1 - - default default] http://cinder-api.openstack.svc.cluster.local:8776/v3/65273db69f6948c08495c49fe93bf9b1/volumes/detail?all_tenants=true returned with HTTP 200 [pid: 7|app: 0|req: 343/685] 10.0.0.175 () {28 vars in 683 bytes} [Mon Apr 27 13:11:02 2026] GET /v3/65273db69f6948c08495c49fe93bf9b1/volumes/detail?all_tenants=true => generated 15 bytes in 16 msecs (HTTP/1.1 200) 7 headers in 284 bytes (1 switches on core 0)
2026-04-27 13:11:02.084 8 INFO cinder.api.openstack.wsgi [None req-2e635855-a331-4450-b5ee-297158ac4f8f c279ef77492a478eb335d8d6854ec821 65273db69f6948c08495c49fe93bf9b1 - - default default] GET http://cinder-api.openstack.svc.cluster.local:8776/v3/65273db69f6948c08495c49fe93bf9b1/scheduler-stats/get_pools?detail=true
2026-04-27 13:11:02.587 8 INFO cinder.api.openstack.wsgi [None req-2e635855-a331-4450-b5ee-297158ac4f8f c279ef77492a478eb335d8d6854ec821 65273db69f6948c08495c49fe93bf9b1 - - default default] http://cinder-api.openstack.svc.cluster.local:8776/v3/65273db69f6948c08495c49fe93bf9b1/scheduler-stats/get_pools?detail=true returned with HTTP 200 [pid: 8|app: 0|req: 343/686] 10.0.0.175 () {28 vars in 695 bytes} [Mon Apr 27 13:11:02 2026] GET /v3/65273db69f6948c08495c49fe93bf9b1/scheduler-stats/get_pools?detail=true => generated 670 bytes in 512 msecs (HTTP/1.1 200) 7 headers in 285 bytes (1 switches on core 0)
2026-04-27 13:11:09.326 7 INFO cinder.api.openstack.wsgi [None req-3fbe59a8-5217-432b-8410-1ba9461efeac c279ef77492a478eb335d8d6854ec821 65273db69f6948c08495c49fe93bf9b1 - - default default] GET http://10.0.0.198:8776/
2026-04-27 13:11:09.327 7 INFO cinder.api.openstack.wsgi [None req-3fbe59a8-5217-432b-8410-1ba9461efeac c279ef77492a478eb335d8d6854ec821 65273db69f6948c08495c49fe93bf9b1 - - default default] http://10.0.0.198:8776/ returned with HTTP 300
2026-04-27 13:11:09.326 8 INFO cinder.api.openstack.wsgi [None req-2e635855-a331-4450-b5ee-297158ac4f8f c279ef77492a478eb335d8d6854ec821 65273db69f6948c08495c49fe93bf9b1 - - default default] GET http://10.0.0.198:8776/
2026-04-27 13:11:09.328 8 INFO cinder.api.openstack.wsgi [None req-2e635855-a331-4450-b5ee-297158ac4f8f c279ef77492a478eb335d8d6854ec821 65273db69f6948c08495c49fe93bf9b1 - - default default] http://10.0.0.198:8776/ returned with HTTP 300
2026-04-27 13:11:19.325 7 INFO cinder.api.openstack.wsgi [None req-3fbe59a8-5217-432b-8410-1ba9461efeac c279ef77492a478eb335d8d6854ec821 65273db69f6948c08495c49fe93bf9b1 - - default default] GET http://10.0.0.198:8776/
2026-04-27 13:11:19.326 7 INFO cinder.api.openstack.wsgi [None req-3fbe59a8-5217-432b-8410-1ba9461efeac c279ef77492a478eb335d8d6854ec821 65273db69f6948c08495c49fe93bf9b1 - - default default] http://10.0.0.198:8776/ returned with HTTP 300
2026-04-27 13:11:19.325 8 INFO cinder.api.openstack.wsgi [None req-2e635855-a331-4450-b5ee-297158ac4f8f c279ef77492a478eb335d8d6854ec821 65273db69f6948c08495c49fe93bf9b1 - - default default] GET http://10.0.0.198:8776/
2026-04-27 13:11:19.327 8 INFO cinder.api.openstack.wsgi [None req-2e635855-a331-4450-b5ee-297158ac4f8f c279ef77492a478eb335d8d6854ec821 65273db69f6948c08495c49fe93bf9b1 - - default default] http://10.0.0.198:8776/ returned with HTTP 300
2026-04-27 13:11:29.325 7 INFO cinder.api.openstack.wsgi [None req-3fbe59a8-5217-432b-8410-1ba9461efeac c279ef77492a478eb335d8d6854ec821 65273db69f6948c08495c49fe93bf9b1 - - default default] GET http://10.0.0.198:8776/
2026-04-27 13:11:29.325 8 INFO cinder.api.openstack.wsgi [None req-2e635855-a331-4450-b5ee-297158ac4f8f c279ef77492a478eb335d8d6854ec821 65273db69f6948c08495c49fe93bf9b1 - - default default] GET http://10.0.0.198:8776/
2026-04-27 13:11:29.326 7 INFO cinder.api.openstack.wsgi [None req-3fbe59a8-5217-432b-8410-1ba9461efeac c279ef77492a478eb335d8d6854ec821 65273db69f6948c08495c49fe93bf9b1 - - default default] http://10.0.0.198:8776/ returned with HTTP 300
2026-04-27 13:11:29.326 8 INFO cinder.api.openstack.wsgi [None req-2e635855-a331-4450-b5ee-297158ac4f8f c279ef77492a478eb335d8d6854ec821 65273db69f6948c08495c49fe93bf9b1 - - default default] http://10.0.0.198:8776/ returned with HTTP 300
2026-04-27 13:11:32.577 7 INFO cinder.api.openstack.wsgi [req-172e28ea-aead-4acc-a7a2-26c68c23e996 req-8a064372-ebd8-4578-a6e5-43c43334d87d a34b70d295074a42a90a42a89b27a397 3a97541e7fcf4ab3bf9394c8b133ce2f - - default default] GET http://cinder-api.openstack.svc.cluster.local:8776/v3/3a97541e7fcf4ab3bf9394c8b133ce2f/attachments?instance_id=d036c1ca-2def-4555-9b17-2ad7843b8824
2026-04-27 13:11:32.592 7 INFO cinder.api.openstack.wsgi [req-172e28ea-aead-4acc-a7a2-26c68c23e996 req-8a064372-ebd8-4578-a6e5-43c43334d87d a34b70d295074a42a90a42a89b27a397 3a97541e7fcf4ab3bf9394c8b133ce2f - - default default] http://cinder-api.openstack.svc.cluster.local:8776/v3/3a97541e7fcf4ab3bf9394c8b133ce2f/attachments?instance_id=d036c1ca-2def-4555-9b17-2ad7843b8824 returned with HTTP 200 [pid: 7|app: 0|req: 347/693] 199.204.45.33 () {36 vars in 1102 bytes} [Mon Apr 27 13:11:32 2026] GET /v3/3a97541e7fcf4ab3bf9394c8b133ce2f/attachments?instance_id=d036c1ca-2def-4555-9b17-2ad7843b8824 => generated 19 bytes in 26 msecs (HTTP/1.1 200) 7 headers in 285 bytes (1 switches on core 0)
2026-04-27 13:11:39.325 7 INFO cinder.api.openstack.wsgi [req-172e28ea-aead-4acc-a7a2-26c68c23e996 req-8a064372-ebd8-4578-a6e5-43c43334d87d a34b70d295074a42a90a42a89b27a397 3a97541e7fcf4ab3bf9394c8b133ce2f - - default default] GET http://10.0.0.198:8776/
2026-04-27 13:11:39.325 8 INFO cinder.api.openstack.wsgi [None req-2e635855-a331-4450-b5ee-297158ac4f8f c279ef77492a478eb335d8d6854ec821 65273db69f6948c08495c49fe93bf9b1 - - default default] GET http://10.0.0.198:8776/
2026-04-27 13:11:39.326 7 INFO cinder.api.openstack.wsgi [req-172e28ea-aead-4acc-a7a2-26c68c23e996 req-8a064372-ebd8-4578-a6e5-43c43334d87d a34b70d295074a42a90a42a89b27a397 3a97541e7fcf4ab3bf9394c8b133ce2f - - default default] http://10.0.0.198:8776/ returned with HTTP 300
2026-04-27 13:11:39.327 8 INFO cinder.api.openstack.wsgi [None req-2e635855-a331-4450-b5ee-297158ac4f8f c279ef77492a478eb335d8d6854ec821 65273db69f6948c08495c49fe93bf9b1 - - default default] http://10.0.0.198:8776/ returned with HTTP 300
2026-04-27 13:11:49.325 8 INFO cinder.api.openstack.wsgi [None req-2e635855-a331-4450-b5ee-297158ac4f8f c279ef77492a478eb335d8d6854ec821 65273db69f6948c08495c49fe93bf9b1 - - default default] GET http://10.0.0.198:8776/
2026-04-27 13:11:49.326 7 INFO cinder.api.openstack.wsgi [req-172e28ea-aead-4acc-a7a2-26c68c23e996 req-8a064372-ebd8-4578-a6e5-43c43334d87d a34b70d295074a42a90a42a89b27a397 3a97541e7fcf4ab3bf9394c8b133ce2f - - default default] GET http://10.0.0.198:8776/
2026-04-27 13:11:49.327 8 INFO cinder.api.openstack.wsgi [None req-2e635855-a331-4450-b5ee-297158ac4f8f c279ef77492a478eb335d8d6854ec821 65273db69f6948c08495c49fe93bf9b1 - - default default] http://10.0.0.198:8776/ returned with HTTP 300
2026-04-27 13:11:49.327 7 INFO cinder.api.openstack.wsgi [req-172e28ea-aead-4acc-a7a2-26c68c23e996 req-8a064372-ebd8-4578-a6e5-43c43334d87d a34b70d295074a42a90a42a89b27a397 3a97541e7fcf4ab3bf9394c8b133ce2f - - default default] http://10.0.0.198:8776/ returned with HTTP 300
2026-04-27 13:11:50.193 8 INFO cinder.api.openstack.wsgi [None req-7a715413-f69d-4532-aeab-ec2ad9a3c48e 0b2721b551da4040a9f3e536634998a8 1c99a4eec7e94bc1b68122ec0086cb13 - - default default] POST http://cinder-api.openstack.svc.cluster.local:8776/v3/1c99a4eec7e94bc1b68122ec0086cb13/volumes
2026-04-27 13:11:50.882 8 INFO cinder.api.v3.volumes [None req-7a715413-f69d-4532-aeab-ec2ad9a3c48e 0b2721b551da4040a9f3e536634998a8 1c99a4eec7e94bc1b68122ec0086cb13 - - default default] Create volume of 1 GB
2026-04-27 13:11:50.915 8 INFO cinder.volume.api [None req-7a715413-f69d-4532-aeab-ec2ad9a3c48e 0b2721b551da4040a9f3e536634998a8 1c99a4eec7e94bc1b68122ec0086cb13 - - default default] Availability Zones retrieved successfully.
2026-04-27 13:11:51.296 8 INFO cinder.volume.api [None req-7a715413-f69d-4532-aeab-ec2ad9a3c48e 0b2721b551da4040a9f3e536634998a8 1c99a4eec7e94bc1b68122ec0086cb13 - - default default] Create volume request issued successfully.
2026-04-27 13:11:51.297 8 INFO cinder.api.openstack.wsgi [None req-7a715413-f69d-4532-aeab-ec2ad9a3c48e 0b2721b551da4040a9f3e536634998a8 1c99a4eec7e94bc1b68122ec0086cb13 - - default default] http://cinder-api.openstack.svc.cluster.local:8776/v3/1c99a4eec7e94bc1b68122ec0086cb13/volumes returned with HTTP 202 [pid: 8|app: 0|req: 349/698] 10.0.0.253 () {34 vars in 722 bytes} [Mon Apr 27 13:11:50 2026] POST /v3/1c99a4eec7e94bc1b68122ec0086cb13/volumes => generated 864 bytes in 1115 msecs (HTTP/1.1 202) 7 headers in 291 bytes (1 switches on core 0)
2026-04-27 13:11:51.325 7 INFO cinder.api.openstack.wsgi [None req-040936bb-8725-4428-a2ba-c9e022746f5d 0b2721b551da4040a9f3e536634998a8 1c99a4eec7e94bc1b68122ec0086cb13 - - default default] GET http://cinder-api.openstack.svc.cluster.local:8776/v3/1c99a4eec7e94bc1b68122ec0086cb13/volumes/931c280a-6220-459c-aa02-bbf1be31b391 /var/lib/openstack/lib/python3.12/site-packages/oslo_context/context.py:101: DeprecationWarning: Policy enforcement is depending on the value of is_admin. This key is deprecated. Please update your policy file to use the standard policy values. warnings.warn(
2026-04-27 13:11:51.367 7 INFO cinder.volume.api [None req-040936bb-8725-4428-a2ba-c9e022746f5d 0b2721b551da4040a9f3e536634998a8 1c99a4eec7e94bc1b68122ec0086cb13 - - default default] Volume info retrieved successfully.
2026-04-27 13:11:51.382 7 INFO cinder.api.openstack.wsgi [None req-040936bb-8725-4428-a2ba-c9e022746f5d 0b2721b551da4040a9f3e536634998a8 1c99a4eec7e94bc1b68122ec0086cb13 - - default default] http://cinder-api.openstack.svc.cluster.local:8776/v3/1c99a4eec7e94bc1b68122ec0086cb13/volumes/931c280a-6220-459c-aa02-bbf1be31b391 returned with HTTP 200 [pid: 7|app: 0|req: 350/699] 10.0.0.253 () {32 vars in 774 bytes} [Mon Apr 27 13:11:51 2026] GET /v3/1c99a4eec7e94bc1b68122ec0086cb13/volumes/931c280a-6220-459c-aa02-bbf1be31b391 => generated 932 bytes in 63 msecs (HTTP/1.1 200) 7 headers in 285 bytes (1 switches on core 0) /var/lib/openstack/lib/python3.12/site-packages/pycadf/identifier.py:70: UserWarning: Invalid uuid: cinderv3. To ensure interoperability, identifiers should be a valid uuid. warnings.warn(('Invalid uuid: %s. To ensure interoperability, '
2026-04-27 13:11:52.409 8 INFO cinder.api.openstack.wsgi [None req-2eb6765a-e0fc-475d-9b9d-968308215137 0b2721b551da4040a9f3e536634998a8 1c99a4eec7e94bc1b68122ec0086cb13 - - default default] GET http://cinder-api.openstack.svc.cluster.local:8776/v3/1c99a4eec7e94bc1b68122ec0086cb13/volumes/931c280a-6220-459c-aa02-bbf1be31b391 /var/lib/openstack/lib/python3.12/site-packages/oslo_context/context.py:101: DeprecationWarning: Policy enforcement is depending on the value of is_admin. This key is deprecated. Please update your policy file to use the standard policy values. warnings.warn(
2026-04-27 13:11:52.434 8 INFO cinder.volume.api [None req-2eb6765a-e0fc-475d-9b9d-968308215137 0b2721b551da4040a9f3e536634998a8 1c99a4eec7e94bc1b68122ec0086cb13 - - default default] Volume info retrieved successfully.
2026-04-27 13:11:52.442 8 INFO cinder.api.openstack.wsgi [None req-2eb6765a-e0fc-475d-9b9d-968308215137 0b2721b551da4040a9f3e536634998a8 1c99a4eec7e94bc1b68122ec0086cb13 - - default default] http://cinder-api.openstack.svc.cluster.local:8776/v3/1c99a4eec7e94bc1b68122ec0086cb13/volumes/931c280a-6220-459c-aa02-bbf1be31b391 returned with HTTP 200 [pid: 8|app: 0|req: 350/700] 10.0.0.253 () {32 vars in 774 bytes} [Mon Apr 27 13:11:52 2026] GET /v3/1c99a4eec7e94bc1b68122ec0086cb13/volumes/931c280a-6220-459c-aa02-bbf1be31b391 => generated 956 bytes in 38 msecs (HTTP/1.1 200) 7 headers in 285 bytes (1 switches on core 0) /var/lib/openstack/lib/python3.12/site-packages/pycadf/identifier.py:70: UserWarning: Invalid uuid: cinderv3. To ensure interoperability, identifiers should be a valid uuid. warnings.warn(('Invalid uuid: %s. To ensure interoperability, '
2026-04-27 13:11:53.460 7 INFO cinder.api.openstack.wsgi [None req-17fa8f26-cf97-4406-a684-bb415ba5797e 0b2721b551da4040a9f3e536634998a8 1c99a4eec7e94bc1b68122ec0086cb13 - - default default] GET http://cinder-api.openstack.svc.cluster.local:8776/v3/1c99a4eec7e94bc1b68122ec0086cb13/volumes/931c280a-6220-459c-aa02-bbf1be31b391 /var/lib/openstack/lib/python3.12/site-packages/oslo_context/context.py:101: DeprecationWarning: Policy enforcement is depending on the value of is_admin. This key is deprecated. Please update your policy file to use the standard policy values. warnings.warn(
2026-04-27 13:11:53.484 7 INFO cinder.volume.api [None req-17fa8f26-cf97-4406-a684-bb415ba5797e 0b2721b551da4040a9f3e536634998a8 1c99a4eec7e94bc1b68122ec0086cb13 - - default default] Volume info retrieved successfully.
2026-04-27 13:11:53.490 7 INFO cinder.api.openstack.wsgi [None req-17fa8f26-cf97-4406-a684-bb415ba5797e 0b2721b551da4040a9f3e536634998a8 1c99a4eec7e94bc1b68122ec0086cb13 - - default default] http://cinder-api.openstack.svc.cluster.local:8776/v3/1c99a4eec7e94bc1b68122ec0086cb13/volumes/931c280a-6220-459c-aa02-bbf1be31b391 returned with HTTP 200 [pid: 7|app: 0|req: 351/701] 10.0.0.253 () {32 vars in 774 bytes} [Mon Apr 27 13:11:53 2026] GET /v3/1c99a4eec7e94bc1b68122ec0086cb13/volumes/931c280a-6220-459c-aa02-bbf1be31b391 => generated 956 bytes in 35 msecs (HTTP/1.1 200) 7 headers in 285 bytes (1 switches on core 0) /var/lib/openstack/lib/python3.12/site-packages/pycadf/identifier.py:70: UserWarning: Invalid uuid: cinderv3. To ensure interoperability, identifiers should be a valid uuid. warnings.warn(('Invalid uuid: %s. To ensure interoperability, '
2026-04-27 13:11:54.511 8 INFO cinder.api.openstack.wsgi [None req-2acad393-bc21-42bc-bd37-8183667cf19c 0b2721b551da4040a9f3e536634998a8 1c99a4eec7e94bc1b68122ec0086cb13 - - default default] GET http://cinder-api.openstack.svc.cluster.local:8776/v3/1c99a4eec7e94bc1b68122ec0086cb13/volumes/931c280a-6220-459c-aa02-bbf1be31b391 /var/lib/openstack/lib/python3.12/site-packages/oslo_context/context.py:101: DeprecationWarning: Policy enforcement is depending on the value of is_admin. This key is deprecated. Please update your policy file to use the standard policy values. warnings.warn(
2026-04-27 13:11:54.527 8 INFO cinder.volume.api [None req-2acad393-bc21-42bc-bd37-8183667cf19c 0b2721b551da4040a9f3e536634998a8 1c99a4eec7e94bc1b68122ec0086cb13 - - default default] Volume info retrieved successfully.
2026-04-27 13:11:54.532 8 INFO cinder.api.openstack.wsgi [None req-2acad393-bc21-42bc-bd37-8183667cf19c 0b2721b551da4040a9f3e536634998a8 1c99a4eec7e94bc1b68122ec0086cb13 - - default default] http://cinder-api.openstack.svc.cluster.local:8776/v3/1c99a4eec7e94bc1b68122ec0086cb13/volumes/931c280a-6220-459c-aa02-bbf1be31b391 returned with HTTP 200 [pid: 8|app: 0|req: 351/702] 10.0.0.253 () {32 vars in 774 bytes} [Mon Apr 27 13:11:54 2026] GET /v3/1c99a4eec7e94bc1b68122ec0086cb13/volumes/931c280a-6220-459c-aa02-bbf1be31b391 => generated 1341 bytes in 28 msecs (HTTP/1.1 200) 7 headers in 286 bytes (1 switches on core 0) /var/lib/openstack/lib/python3.12/site-packages/pycadf/identifier.py:70: UserWarning: Invalid uuid: cinderv3. To ensure interoperability, identifiers should be a valid uuid. warnings.warn(('Invalid uuid: %s. To ensure interoperability, '
2026-04-27 13:11:54.613 7 INFO cinder.api.openstack.wsgi [req-80b0a88f-e343-46cb-80b4-99f3e1325e74 req-c34f5d76-15d1-4b1f-8b4a-e2934424edd9 0b2721b551da4040a9f3e536634998a8 1c99a4eec7e94bc1b68122ec0086cb13 - - default default] GET http://cinder-api.openstack.svc.cluster.local:8776/v3/1c99a4eec7e94bc1b68122ec0086cb13/volumes/931c280a-6220-459c-aa02-bbf1be31b391 /var/lib/openstack/lib/python3.12/site-packages/oslo_context/context.py:101: DeprecationWarning: Policy enforcement is depending on the value of is_admin. This key is deprecated. Please update your policy file to use the standard policy values. warnings.warn(
2026-04-27 13:11:54.625 7 INFO cinder.volume.api [req-80b0a88f-e343-46cb-80b4-99f3e1325e74 req-c34f5d76-15d1-4b1f-8b4a-e2934424edd9 0b2721b551da4040a9f3e536634998a8 1c99a4eec7e94bc1b68122ec0086cb13 - - default default] Volume info retrieved successfully.
2026-04-27 13:11:54.630 7 INFO cinder.api.openstack.wsgi [req-80b0a88f-e343-46cb-80b4-99f3e1325e74 req-c34f5d76-15d1-4b1f-8b4a-e2934424edd9 0b2721b551da4040a9f3e536634998a8 1c99a4eec7e94bc1b68122ec0086cb13 - - default default] http://cinder-api.openstack.svc.cluster.local:8776/v3/1c99a4eec7e94bc1b68122ec0086cb13/volumes/931c280a-6220-459c-aa02-bbf1be31b391 returned with HTTP 200 [pid: 7|app: 0|req: 352/703] 10.0.0.235 () {34 vars in 1027 bytes} [Mon Apr 27 13:11:54 2026] GET /v3/1c99a4eec7e94bc1b68122ec0086cb13/volumes/931c280a-6220-459c-aa02-bbf1be31b391 => generated 1341 bytes in 25 msecs (HTTP/1.1 200) 7 headers in 286 bytes (1 switches on core 0) /var/lib/openstack/lib/python3.12/site-packages/pycadf/identifier.py:70: UserWarning: Invalid uuid: cinderv3. To ensure interoperability, identifiers should be a valid uuid. warnings.warn(('Invalid uuid: %s. To ensure interoperability, '
2026-04-27 13:11:55.056 8 INFO cinder.api.openstack.wsgi [req-80b0a88f-e343-46cb-80b4-99f3e1325e74 req-843be08d-8e52-4199-b9bb-d19df4598ffc 0b2721b551da4040a9f3e536634998a8 1c99a4eec7e94bc1b68122ec0086cb13 - - default default] GET http://cinder-api.openstack.svc.cluster.local:8776/v3/1c99a4eec7e94bc1b68122ec0086cb13/volumes/931c280a-6220-459c-aa02-bbf1be31b391 /var/lib/openstack/lib/python3.12/site-packages/oslo_context/context.py:101: DeprecationWarning: Policy enforcement is depending on the value of is_admin. This key is deprecated. Please update your policy file to use the standard policy values. warnings.warn(
2026-04-27 13:11:55.072 8 INFO cinder.volume.api [req-80b0a88f-e343-46cb-80b4-99f3e1325e74 req-843be08d-8e52-4199-b9bb-d19df4598ffc 0b2721b551da4040a9f3e536634998a8 1c99a4eec7e94bc1b68122ec0086cb13 - - default default] Volume info retrieved successfully.
2026-04-27 13:11:55.080 8 INFO cinder.api.openstack.wsgi [req-80b0a88f-e343-46cb-80b4-99f3e1325e74 req-843be08d-8e52-4199-b9bb-d19df4598ffc 0b2721b551da4040a9f3e536634998a8 1c99a4eec7e94bc1b68122ec0086cb13 - - default default] http://cinder-api.openstack.svc.cluster.local:8776/v3/1c99a4eec7e94bc1b68122ec0086cb13/volumes/931c280a-6220-459c-aa02-bbf1be31b391 returned with HTTP 200 [pid: 8|app: 0|req: 352/704] 10.0.0.235 () {34 vars in 1027 bytes} [Mon Apr 27 13:11:55 2026] GET /v3/1c99a4eec7e94bc1b68122ec0086cb13/volumes/931c280a-6220-459c-aa02-bbf1be31b391 => generated 1341 bytes in 35 msecs (HTTP/1.1 200) 7 headers in 286 bytes (1 switches on core 0)
2026-04-27 13:11:55.091 7 INFO cinder.api.openstack.wsgi [req-80b0a88f-e343-46cb-80b4-99f3e1325e74 req-c34f5d76-15d1-4b1f-8b4a-e2934424edd9 0b2721b551da4040a9f3e536634998a8 1c99a4eec7e94bc1b68122ec0086cb13 - - default default] GET http://cinder-api.openstack.svc.cluster.local:8776/
2026-04-27 13:11:55.092 7 INFO cinder.api.openstack.wsgi [req-80b0a88f-e343-46cb-80b4-99f3e1325e74 req-c34f5d76-15d1-4b1f-8b4a-e2934424edd9 0b2721b551da4040a9f3e536634998a8 1c99a4eec7e94bc1b68122ec0086cb13 - - default default] http://cinder-api.openstack.svc.cluster.local:8776/ returned with HTTP 300 [pid: 7|app: 0|req: 353/705] 10.0.0.235 () {32 vars in 828 bytes} [Mon Apr 27 13:11:55 2026] GET / => generated 411 bytes in 1 msecs (HTTP/1.1 300) 5 headers in 169 bytes (1 switches on core 0) /var/lib/openstack/lib/python3.12/site-packages/pycadf/identifier.py:70: UserWarning: Invalid uuid: cinderv3. To ensure interoperability, identifiers should be a valid uuid. warnings.warn(('Invalid uuid: %s. To ensure interoperability, '
2026-04-27 13:11:55.105 8 INFO cinder.api.openstack.wsgi [req-80b0a88f-e343-46cb-80b4-99f3e1325e74 req-5ecf8f15-c157-4dfd-a265-5832b05ae84b 0b2721b551da4040a9f3e536634998a8 1c99a4eec7e94bc1b68122ec0086cb13 - - default default] POST http://cinder-api.openstack.svc.cluster.local:8776/v3/1c99a4eec7e94bc1b68122ec0086cb13/attachments /var/lib/openstack/lib/python3.12/site-packages/oslo_context/context.py:101: DeprecationWarning: Policy enforcement is depending on the value of is_admin. This key is deprecated. Please update your policy file to use the standard policy values. warnings.warn( /var/lib/openstack/lib/python3.12/site-packages/cinder/db/sqlalchemy/api.py:2470: SAWarning: SELECT statement has a cartesian product between FROM element(s) "volumes" and FROM element "volume_attachment". Apply join condition(s) between each element to resolve. .first()
2026-04-27 13:11:55.170 8 INFO cinder.api.openstack.wsgi [req-80b0a88f-e343-46cb-80b4-99f3e1325e74 req-5ecf8f15-c157-4dfd-a265-5832b05ae84b 0b2721b551da4040a9f3e536634998a8 1c99a4eec7e94bc1b68122ec0086cb13 - - default default] http://cinder-api.openstack.svc.cluster.local:8776/v3/1c99a4eec7e94bc1b68122ec0086cb13/attachments returned with HTTP 200 [pid: 8|app: 0|req: 353/706] 10.0.0.235 () {40 vars in 1056 bytes} [Mon Apr 27 13:11:55 2026] POST /v3/1c99a4eec7e94bc1b68122ec0086cb13/attachments => generated 273 bytes in 74 msecs (HTTP/1.1 200) 7 headers in 286 bytes (1 switches on core 0)
2026-04-27 13:11:59.325 7 INFO cinder.api.openstack.wsgi [req-80b0a88f-e343-46cb-80b4-99f3e1325e74 req-c34f5d76-15d1-4b1f-8b4a-e2934424edd9 0b2721b551da4040a9f3e536634998a8 1c99a4eec7e94bc1b68122ec0086cb13 - - default default] GET http://10.0.0.198:8776/
2026-04-27 13:11:59.325 8 INFO cinder.api.openstack.wsgi [req-80b0a88f-e343-46cb-80b4-99f3e1325e74 req-5ecf8f15-c157-4dfd-a265-5832b05ae84b 0b2721b551da4040a9f3e536634998a8 1c99a4eec7e94bc1b68122ec0086cb13 - - default default] GET http://10.0.0.198:8776/
2026-04-27 13:11:59.326 8 INFO cinder.api.openstack.wsgi [req-80b0a88f-e343-46cb-80b4-99f3e1325e74 req-5ecf8f15-c157-4dfd-a265-5832b05ae84b 0b2721b551da4040a9f3e536634998a8 1c99a4eec7e94bc1b68122ec0086cb13 - - default default] http://10.0.0.198:8776/ returned with HTTP 300
2026-04-27 13:11:59.326 7 INFO cinder.api.openstack.wsgi [req-80b0a88f-e343-46cb-80b4-99f3e1325e74 req-c34f5d76-15d1-4b1f-8b4a-e2934424edd9 0b2721b551da4040a9f3e536634998a8 1c99a4eec7e94bc1b68122ec0086cb13 - - default default] http://10.0.0.198:8776/ returned with HTTP 300
2026-04-27 13:12:01.023 8 INFO cinder.api.openstack.wsgi [req-80b0a88f-e343-46cb-80b4-99f3e1325e74 req-5ecf8f15-c157-4dfd-a265-5832b05ae84b 0b2721b551da4040a9f3e536634998a8 1c99a4eec7e94bc1b68122ec0086cb13 - - default default] GET http://cinder-api.openstack.svc.cluster.local:8776/
2026-04-27 13:12:01.024 8 INFO cinder.api.openstack.wsgi [req-80b0a88f-e343-46cb-80b4-99f3e1325e74 req-5ecf8f15-c157-4dfd-a265-5832b05ae84b 0b2721b551da4040a9f3e536634998a8 1c99a4eec7e94bc1b68122ec0086cb13 - - default default] http://cinder-api.openstack.svc.cluster.local:8776/ returned with HTTP 300 [pid: 8|app: 0|req: 355/709] 199.204.45.33 () {32 vars in 838 bytes} [Mon Apr 27 13:12:01 2026] GET / => generated 411 bytes in 2 msecs (HTTP/1.1 300) 5 headers in 169 bytes (1 switches on core 0) /var/lib/openstack/lib/python3.12/site-packages/pycadf/identifier.py:70: UserWarning: Invalid uuid: cinderv3. To ensure interoperability, identifiers should be a valid uuid. warnings.warn(('Invalid uuid: %s. To ensure interoperability, '
2026-04-27 13:12:01.035 7 INFO cinder.api.openstack.wsgi [req-80b0a88f-e343-46cb-80b4-99f3e1325e74 req-13205faa-7d3a-4275-949e-f6fb970b21e6 0b2721b551da4040a9f3e536634998a8 1c99a4eec7e94bc1b68122ec0086cb13 - - default default] GET http://cinder-api.openstack.svc.cluster.local:8776/v3/1c99a4eec7e94bc1b68122ec0086cb13/volumes/931c280a-6220-459c-aa02-bbf1be31b391 /var/lib/openstack/lib/python3.12/site-packages/oslo_context/context.py:101: DeprecationWarning: Policy enforcement is depending on the value of is_admin. This key is deprecated. Please update your policy file to use the standard policy values. warnings.warn(
2026-04-27 13:12:01.054 7 INFO cinder.volume.api [req-80b0a88f-e343-46cb-80b4-99f3e1325e74 req-13205faa-7d3a-4275-949e-f6fb970b21e6 0b2721b551da4040a9f3e536634998a8 1c99a4eec7e94bc1b68122ec0086cb13 - - default default] Volume info retrieved successfully.
2026-04-27 13:12:01.061 7 INFO cinder.api.openstack.wsgi [req-80b0a88f-e343-46cb-80b4-99f3e1325e74 req-13205faa-7d3a-4275-949e-f6fb970b21e6 0b2721b551da4040a9f3e536634998a8 1c99a4eec7e94bc1b68122ec0086cb13 - - default default] http://cinder-api.openstack.svc.cluster.local:8776/v3/1c99a4eec7e94bc1b68122ec0086cb13/volumes/931c280a-6220-459c-aa02-bbf1be31b391 returned with HTTP 200 [pid: 7|app: 0|req: 355/710] 199.204.45.33 () {36 vars in 1071 bytes} [Mon Apr 27 13:12:01 2026] GET /v3/1c99a4eec7e94bc1b68122ec0086cb13/volumes/931c280a-6220-459c-aa02-bbf1be31b391 => generated 1521 bytes in 32 msecs (HTTP/1.1 200) 7 headers in 287 bytes (1 switches on core 0) /var/lib/openstack/lib/python3.12/site-packages/pycadf/identifier.py:70: UserWarning: Invalid uuid: cinderv3. To ensure interoperability, identifiers should be a valid uuid. warnings.warn(('Invalid uuid: %s. To ensure interoperability, '
2026-04-27 13:12:01.781 8 INFO cinder.api.openstack.wsgi [None req-7d3f6a0a-3c09-41b6-a855-4a378a4b6a5c c279ef77492a478eb335d8d6854ec821 65273db69f6948c08495c49fe93bf9b1 - - default default] GET http://cinder-api.openstack.svc.cluster.local:8776/v3/65273db69f6948c08495c49fe93bf9b1/volumes/detail?all_tenants=true /var/lib/openstack/lib/python3.12/site-packages/oslo_context/context.py:101: DeprecationWarning: Policy enforcement is depending on the value of is_admin. This key is deprecated. Please update your policy file to use the standard policy values. warnings.warn(
2026-04-27 13:12:01.796 8 INFO cinder.volume.api [None req-7d3f6a0a-3c09-41b6-a855-4a378a4b6a5c c279ef77492a478eb335d8d6854ec821 65273db69f6948c08495c49fe93bf9b1 - - default default] Get all volumes completed successfully. /var/lib/openstack/lib/python3.12/site-packages/oslo_context/context.py:101: DeprecationWarning: Policy enforcement is depending on the value of is_admin. This key is deprecated. Please update your policy file to use the standard policy values. warnings.warn(
2026-04-27 13:12:01.805 8 INFO cinder.api.openstack.wsgi [None req-7d3f6a0a-3c09-41b6-a855-4a378a4b6a5c c279ef77492a478eb335d8d6854ec821 65273db69f6948c08495c49fe93bf9b1 - - default default] http://cinder-api.openstack.svc.cluster.local:8776/v3/65273db69f6948c08495c49fe93bf9b1/volumes/detail?all_tenants=true returned with HTTP 200 [pid: 8|app: 0|req: 356/711] 10.0.0.175 () {28 vars in 683 bytes} [Mon Apr 27 13:12:01 2026] GET /v3/65273db69f6948c08495c49fe93bf9b1/volumes/detail?all_tenants=true => generated 1508 bytes in 166 msecs (HTTP/1.1 200) 7 headers in 286 bytes (1 switches on core 0) /var/lib/openstack/lib/python3.12/site-packages/pycadf/identifier.py:70: UserWarning: Invalid uuid: cinderv3. To ensure interoperability, identifiers should be a valid uuid. warnings.warn(('Invalid uuid: %s. To ensure interoperability, '
2026-04-27 13:12:01.839 7 INFO cinder.api.openstack.wsgi [None req-d21522c6-4044-4cb7-afb1-e7afb9c03898 c279ef77492a478eb335d8d6854ec821 65273db69f6948c08495c49fe93bf9b1 - - default default] GET http://cinder-api.openstack.svc.cluster.local:8776/v3/65273db69f6948c08495c49fe93bf9b1/os-quota-sets/1c99a4eec7e94bc1b68122ec0086cb13?usage=true
2026-04-27 13:12:01.860 7 INFO cinder.api.openstack.wsgi [None req-d21522c6-4044-4cb7-afb1-e7afb9c03898 c279ef77492a478eb335d8d6854ec821 65273db69f6948c08495c49fe93bf9b1 - - default default] http://cinder-api.openstack.svc.cluster.local:8776/v3/65273db69f6948c08495c49fe93bf9b1/os-quota-sets/1c99a4eec7e94bc1b68122ec0086cb13?usage=true returned with HTTP 200 [pid: 7|app: 0|req: 356/712] 10.0.0.175 () {28 vars in 735 bytes} [Mon Apr 27 13:12:01 2026] GET /v3/65273db69f6948c08495c49fe93bf9b1/os-quota-sets/1c99a4eec7e94bc1b68122ec0086cb13?usage=true => generated 847 bytes in 27 msecs (HTTP/1.1 200) 7 headers in 285 bytes (1 switches on core 0) /var/lib/openstack/lib/python3.12/site-packages/pycadf/identifier.py:70: UserWarning: Invalid uuid: cinderv3. To ensure interoperability, identifiers should be a valid uuid. warnings.warn(('Invalid uuid: %s. To ensure interoperability, '
2026-04-27 13:12:01.874 8 INFO cinder.api.openstack.wsgi [None req-2838b4da-5792-4e88-933d-9140b1dfc42f c279ef77492a478eb335d8d6854ec821 65273db69f6948c08495c49fe93bf9b1 - - default default] GET http://cinder-api.openstack.svc.cluster.local:8776/v3/65273db69f6948c08495c49fe93bf9b1/os-quota-sets/3a97541e7fcf4ab3bf9394c8b133ce2f?usage=true
2026-04-27 13:12:01.898 8 INFO cinder.api.openstack.wsgi [None req-2838b4da-5792-4e88-933d-9140b1dfc42f c279ef77492a478eb335d8d6854ec821 65273db69f6948c08495c49fe93bf9b1 - - default default] http://cinder-api.openstack.svc.cluster.local:8776/v3/65273db69f6948c08495c49fe93bf9b1/os-quota-sets/3a97541e7fcf4ab3bf9394c8b133ce2f?usage=true returned with HTTP 200 [pid: 8|app: 0|req: 357/713] 10.0.0.175 () {28 vars in 735 bytes} [Mon Apr 27 13:12:01 2026] GET /v3/65273db69f6948c08495c49fe93bf9b1/os-quota-sets/3a97541e7fcf4ab3bf9394c8b133ce2f?usage=true => generated 847 bytes in 35 msecs (HTTP/1.1 200) 7 headers in 285 bytes (1 switches on core 0)
2026-04-27 13:12:01.913 7 INFO cinder.api.openstack.wsgi [None req-f5e164d4-ac5a-4204-9b9b-5e5f91103743 c279ef77492a478eb335d8d6854ec821 65273db69f6948c08495c49fe93bf9b1 - - default default] GET http://cinder-api.openstack.svc.cluster.local:8776/v3/65273db69f6948c08495c49fe93bf9b1/os-quota-sets/5a64b418040f4a5593217d9e34adcc84?usage=true
2026-04-27 13:12:01.934 7 INFO cinder.api.openstack.wsgi [None req-f5e164d4-ac5a-4204-9b9b-5e5f91103743 c279ef77492a478eb335d8d6854ec821 65273db69f6948c08495c49fe93bf9b1 - - default default] http://cinder-api.openstack.svc.cluster.local:8776/v3/65273db69f6948c08495c49fe93bf9b1/os-quota-sets/5a64b418040f4a5593217d9e34adcc84?usage=true returned with HTTP 200 [pid: 7|app: 0|req: 357/714] 10.0.0.175 () {28 vars in 735 bytes} [Mon Apr 27 13:12:01 2026] GET /v3/65273db69f6948c08495c49fe93bf9b1/os-quota-sets/5a64b418040f4a5593217d9e34adcc84?usage=true => generated 845 bytes in 31 msecs (HTTP/1.1 200) 7 headers in 285 bytes (1 switches on core 0)
2026-04-27 13:12:01.943 8 INFO cinder.api.openstack.wsgi [None req-1c44fd7a-7f61-4cc1-9866-8dbe644ab3f4 c279ef77492a478eb335d8d6854ec821 65273db69f6948c08495c49fe93bf9b1 - - default default] GET http://cinder-api.openstack.svc.cluster.local:8776/v3/65273db69f6948c08495c49fe93bf9b1/os-quota-sets/65273db69f6948c08495c49fe93bf9b1?usage=true
2026-04-27 13:12:01.960 8 INFO cinder.api.openstack.wsgi [None req-1c44fd7a-7f61-4cc1-9866-8dbe644ab3f4 c279ef77492a478eb335d8d6854ec821 65273db69f6948c08495c49fe93bf9b1 - - default default] http://cinder-api.openstack.svc.cluster.local:8776/v3/65273db69f6948c08495c49fe93bf9b1/os-quota-sets/65273db69f6948c08495c49fe93bf9b1?usage=true returned with HTTP 200 [pid: 8|app: 0|req: 358/715] 10.0.0.175 () {28 vars in 735 bytes} [Mon Apr 27 13:12:01 2026] GET /v3/65273db69f6948c08495c49fe93bf9b1/os-quota-sets/65273db69f6948c08495c49fe93bf9b1?usage=true => generated 845 bytes in 23 msecs (HTTP/1.1 200) 7 headers in 285 bytes (1 switches on core 0)
2026-04-27 13:12:01.975 7 INFO cinder.api.openstack.wsgi [None req-e09ea0d9-9ea2-4cd5-990a-10a01cba26c7 c279ef77492a478eb335d8d6854ec821 65273db69f6948c08495c49fe93bf9b1 - - default default] GET http://cinder-api.openstack.svc.cluster.local:8776/v3/65273db69f6948c08495c49fe93bf9b1/os-quota-sets/86ab4429c322487daf0bf95a709032b8?usage=true
2026-04-27 13:12:01.999 7 INFO cinder.api.openstack.wsgi [None req-e09ea0d9-9ea2-4cd5-990a-10a01cba26c7 c279ef77492a478eb335d8d6854ec821 65273db69f6948c08495c49fe93bf9b1 - - default default] http://cinder-api.openstack.svc.cluster.local:8776/v3/65273db69f6948c08495c49fe93bf9b1/os-quota-sets/86ab4429c322487daf0bf95a709032b8?usage=true returned with HTTP 200 [pid: 7|app: 0|req: 358/716] 10.0.0.175 () {28 vars in 735 bytes} [Mon Apr 27 13:12:01 2026] GET /v3/65273db69f6948c08495c49fe93bf9b1/os-quota-sets/86ab4429c322487daf0bf95a709032b8?usage=true => generated 847 bytes in 35 msecs (HTTP/1.1 200) 7 headers in 285 bytes (1 switches on core 0)
2026-04-27 13:12:02.012 8 INFO cinder.api.openstack.wsgi [None req-7ef8a32d-6ee8-4517-adba-2ca4493d31d7 c279ef77492a478eb335d8d6854ec821 65273db69f6948c08495c49fe93bf9b1 - - default default] GET http://cinder-api.openstack.svc.cluster.local:8776/v3/65273db69f6948c08495c49fe93bf9b1/os-quota-sets/ef4e1a3dea564687a501f6f202fe0811?usage=true
2026-04-27 13:12:02.049 8 INFO cinder.api.openstack.wsgi [None req-7ef8a32d-6ee8-4517-adba-2ca4493d31d7 c279ef77492a478eb335d8d6854ec821 65273db69f6948c08495c49fe93bf9b1 - - default default] http://cinder-api.openstack.svc.cluster.local:8776/v3/65273db69f6948c08495c49fe93bf9b1/os-quota-sets/ef4e1a3dea564687a501f6f202fe0811?usage=true returned with HTTP 200 [pid: 8|app: 0|req: 359/717] 10.0.0.175 () {28 vars in 735 bytes} [Mon Apr 27 13:12:02 2026] GET /v3/65273db69f6948c08495c49fe93bf9b1/os-quota-sets/ef4e1a3dea564687a501f6f202fe0811?usage=true => generated 847 bytes in 45 msecs (HTTP/1.1 200) 7 headers in 285 bytes (1 switches on core 0)
2026-04-27 13:12:02.059 7 INFO cinder.api.openstack.wsgi [None req-034301c9-764b-4fc5-9ce4-efb28c3174e4 c279ef77492a478eb335d8d6854ec821 65273db69f6948c08495c49fe93bf9b1 - - default default] GET http://cinder-api.openstack.svc.cluster.local:8776/v3/65273db69f6948c08495c49fe93bf9b1/snapshots?all_tenants=true
2026-04-27 13:12:02.066 7 INFO cinder.volume.api [None req-034301c9-764b-4fc5-9ce4-efb28c3174e4 c279ef77492a478eb335d8d6854ec821 65273db69f6948c08495c49fe93bf9b1 - - default default] Get all snapshots completed successfully.
2026-04-27 13:12:02.066 7 INFO cinder.api.openstack.wsgi [None req-034301c9-764b-4fc5-9ce4-efb28c3174e4 c279ef77492a478eb335d8d6854ec821 65273db69f6948c08495c49fe93bf9b1 - - default default] http://cinder-api.openstack.svc.cluster.local:8776/v3/65273db69f6948c08495c49fe93bf9b1/snapshots?all_tenants=true returned with HTTP 200 [pid: 7|app: 0|req: 359/718] 10.0.0.175 () {28 vars in 673 bytes} [Mon Apr 27 13:12:02 2026] GET /v3/65273db69f6948c08495c49fe93bf9b1/snapshots?all_tenants=true => generated 17 bytes in 13 msecs (HTTP/1.1 200) 7 headers in 284 bytes (1 switches on core 0)
2026-04-27 13:12:02.083 8 INFO cinder.api.openstack.wsgi [None req-b15a8304-3e58-4094-b2a2-edd157401d18 c279ef77492a478eb335d8d6854ec821 65273db69f6948c08495c49fe93bf9b1 - - default default] GET http://cinder-api.openstack.svc.cluster.local:8776/v3/65273db69f6948c08495c49fe93bf9b1/os-services
2026-04-27 13:12:02.093 8 INFO cinder.api.openstack.wsgi [None req-b15a8304-3e58-4094-b2a2-edd157401d18 c279ef77492a478eb335d8d6854ec821 65273db69f6948c08495c49fe93bf9b1 - - default default] http://cinder-api.openstack.svc.cluster.local:8776/v3/65273db69f6948c08495c49fe93bf9b1/os-services returned with HTTP 200 [pid: 8|app: 0|req: 360/719] 10.0.0.175 () {28 vars in 644 bytes} [Mon Apr 27 13:12:02 2026] GET /v3/65273db69f6948c08495c49fe93bf9b1/os-services => generated 646 bytes in 20 msecs (HTTP/1.1 200) 7 headers in 285 bytes (1 switches on core 0)
2026-04-27 13:12:02.103 7 INFO cinder.api.openstack.wsgi [None req-3b32853c-421e-4353-8c36-c797c26a5ced c279ef77492a478eb335d8d6854ec821 65273db69f6948c08495c49fe93bf9b1 - - default default] GET http://cinder-api.openstack.svc.cluster.local:8776/v3/65273db69f6948c08495c49fe93bf9b1/volumes/detail?all_tenants=true
2026-04-27 13:12:02.125 7 INFO cinder.volume.api [None req-3b32853c-421e-4353-8c36-c797c26a5ced c279ef77492a478eb335d8d6854ec821 65273db69f6948c08495c49fe93bf9b1 - - default default] Get all volumes completed successfully. /var/lib/openstack/lib/python3.12/site-packages/oslo_context/context.py:101: DeprecationWarning: Policy enforcement is depending on the value of is_admin. This key is deprecated. Please update your policy file to use the standard policy values. warnings.warn(
2026-04-27 13:12:02.133 7 INFO cinder.api.openstack.wsgi [None req-3b32853c-421e-4353-8c36-c797c26a5ced c279ef77492a478eb335d8d6854ec821 65273db69f6948c08495c49fe93bf9b1 - - default default] http://cinder-api.openstack.svc.cluster.local:8776/v3/65273db69f6948c08495c49fe93bf9b1/volumes/detail?all_tenants=true returned with HTTP 200 [pid: 7|app: 0|req: 360/720] 10.0.0.175 () {28 vars in 683 bytes} [Mon Apr 27 13:12:02 2026] GET /v3/65273db69f6948c08495c49fe93bf9b1/volumes/detail?all_tenants=true => generated 1508 bytes in 37 msecs (HTTP/1.1 200) 7 headers in 286 bytes (1 switches on core 0)
2026-04-27 13:12:02.146 8 INFO cinder.api.openstack.wsgi [None req-402e94ad-636b-40dc-a644-f07606c518e0 c279ef77492a478eb335d8d6854ec821 65273db69f6948c08495c49fe93bf9b1 - - default default] GET http://cinder-api.openstack.svc.cluster.local:8776/v3/65273db69f6948c08495c49fe93bf9b1/scheduler-stats/get_pools?detail=true
2026-04-27 13:12:02.650 8 INFO cinder.api.openstack.wsgi [None req-402e94ad-636b-40dc-a644-f07606c518e0 c279ef77492a478eb335d8d6854ec821 65273db69f6948c08495c49fe93bf9b1 - - default default] http://cinder-api.openstack.svc.cluster.local:8776/v3/65273db69f6948c08495c49fe93bf9b1/scheduler-stats/get_pools?detail=true returned with HTTP 200 [pid: 8|app: 0|req: 361/721] 10.0.0.175 () {28 vars in 695 bytes} [Mon Apr 27 13:12:02 2026] GET /v3/65273db69f6948c08495c49fe93bf9b1/scheduler-stats/get_pools?detail=true => generated 670 bytes in 512 msecs (HTTP/1.1 200) 7 headers in 285 bytes (1 switches on core 0) /var/lib/openstack/lib/python3.12/site-packages/pycadf/identifier.py:70: UserWarning: Invalid uuid: cinderv3. To ensure interoperability, identifiers should be a valid uuid. warnings.warn(('Invalid uuid: %s. To ensure interoperability, '
2026-04-27 13:12:02.975 7 INFO cinder.api.openstack.wsgi [req-80b0a88f-e343-46cb-80b4-99f3e1325e74 req-57875aff-3130-4c99-9aa8-91acef7f0ebc 0b2721b551da4040a9f3e536634998a8 1c99a4eec7e94bc1b68122ec0086cb13 - - default default] PUT http://cinder-api.openstack.svc.cluster.local:8776/v3/1c99a4eec7e94bc1b68122ec0086cb13/attachments/8a889180-d37b-491a-b6ee-e7a332b18edb /var/lib/openstack/lib/python3.12/site-packages/cinder/db/sqlalchemy/api.py:2470: SAWarning: SELECT statement has a cartesian product between FROM element(s) "volumes" and FROM element "volumes_1". Apply join condition(s) between each element to resolve. .first() /var/lib/openstack/lib/python3.12/site-packages/oslo_context/context.py:101: DeprecationWarning: Policy enforcement is depending on the value of is_admin. This key is deprecated. Please update your policy file to use the standard policy values. warnings.warn(
2026-04-27 13:12:04.018 7 INFO cinder.api.openstack.wsgi [req-80b0a88f-e343-46cb-80b4-99f3e1325e74 req-57875aff-3130-4c99-9aa8-91acef7f0ebc 0b2721b551da4040a9f3e536634998a8 1c99a4eec7e94bc1b68122ec0086cb13 - - default default] http://cinder-api.openstack.svc.cluster.local:8776/v3/1c99a4eec7e94bc1b68122ec0086cb13/attachments/8a889180-d37b-491a-b6ee-e7a332b18edb returned with HTTP 200 [pid: 7|app: 0|req: 361/722] 199.204.45.33 () {40 vars in 1133 bytes} [Mon Apr 27 13:12:02 2026] PUT /v3/1c99a4eec7e94bc1b68122ec0086cb13/attachments/8a889180-d37b-491a-b6ee-e7a332b18edb => generated 802 bytes in 1053 msecs (HTTP/1.1 200) 7 headers in 286 bytes (1 switches on core 0)
2026-04-27 13:12:04.537 8 INFO cinder.api.openstack.wsgi [req-80b0a88f-e343-46cb-80b4-99f3e1325e74 req-1bdc7cfa-0692-4e04-b27d-4e2e43b9a431 0b2721b551da4040a9f3e536634998a8 1c99a4eec7e94bc1b68122ec0086cb13 - - default default] POST http://cinder-api.openstack.svc.cluster.local:8776/v3/1c99a4eec7e94bc1b68122ec0086cb13/attachments/8a889180-d37b-491a-b6ee-e7a332b18edb/action /var/lib/openstack/lib/python3.12/site-packages/oslo_context/context.py:101: DeprecationWarning: Policy enforcement is depending on the value of is_admin. This key is deprecated. Please update your policy file to use the standard policy values. warnings.warn(
2026-04-27 13:12:04.703 8 INFO cinder.api.openstack.wsgi [req-80b0a88f-e343-46cb-80b4-99f3e1325e74 req-1bdc7cfa-0692-4e04-b27d-4e2e43b9a431 0b2721b551da4040a9f3e536634998a8 1c99a4eec7e94bc1b68122ec0086cb13 - - default default] http://cinder-api.openstack.svc.cluster.local:8776/v3/1c99a4eec7e94bc1b68122ec0086cb13/attachments/8a889180-d37b-491a-b6ee-e7a332b18edb/action returned with HTTP 204 [pid: 8|app: 0|req: 362/723] 199.204.45.33 () {40 vars in 1146 bytes} [Mon Apr 27 13:12:04 2026] POST /v3/1c99a4eec7e94bc1b68122ec0086cb13/attachments/8a889180-d37b-491a-b6ee-e7a332b18edb/action => generated 0 bytes in 175 msecs (HTTP/1.1 204) 7 headers in 292 bytes (1 switches on core 0)
2026-04-27 13:12:09.325 8 INFO cinder.api.openstack.wsgi [req-80b0a88f-e343-46cb-80b4-99f3e1325e74 req-1bdc7cfa-0692-4e04-b27d-4e2e43b9a431 0b2721b551da4040a9f3e536634998a8 1c99a4eec7e94bc1b68122ec0086cb13 - - default default] GET http://10.0.0.198:8776/
2026-04-27 13:12:09.325 7 INFO cinder.api.openstack.wsgi [req-80b0a88f-e343-46cb-80b4-99f3e1325e74 req-57875aff-3130-4c99-9aa8-91acef7f0ebc 0b2721b551da4040a9f3e536634998a8 1c99a4eec7e94bc1b68122ec0086cb13 - - default default] GET http://10.0.0.198:8776/
2026-04-27 13:12:09.326 8 INFO cinder.api.openstack.wsgi [req-80b0a88f-e343-46cb-80b4-99f3e1325e74 req-1bdc7cfa-0692-4e04-b27d-4e2e43b9a431 0b2721b551da4040a9f3e536634998a8 1c99a4eec7e94bc1b68122ec0086cb13 - - default default] http://10.0.0.198:8776/ returned with HTTP 300
2026-04-27 13:12:09.326 7 INFO cinder.api.openstack.wsgi [req-80b0a88f-e343-46cb-80b4-99f3e1325e74 req-57875aff-3130-4c99-9aa8-91acef7f0ebc 0b2721b551da4040a9f3e536634998a8 1c99a4eec7e94bc1b68122ec0086cb13 - - default default] http://10.0.0.198:8776/ returned with HTTP 300 /var/lib/openstack/lib/python3.12/site-packages/pycadf/identifier.py:70: UserWarning: Invalid uuid: cinderv3. To ensure interoperability, identifiers should be a valid uuid. warnings.warn(('Invalid uuid: %s. To ensure interoperability, '
2026-04-27 13:12:16.313 8 INFO cinder.api.openstack.wsgi [req-2fa23e21-c113-46ef-a376-cf335bd1809d req-c1707031-a174-41b2-b857-0d15c3ac8cd8 0b2721b551da4040a9f3e536634998a8 1c99a4eec7e94bc1b68122ec0086cb13 - - default default] DELETE http://cinder-api.openstack.svc.cluster.local:8776/v3/1c99a4eec7e94bc1b68122ec0086cb13/attachments/8a889180-d37b-491a-b6ee-e7a332b18edb /var/lib/openstack/lib/python3.12/site-packages/oslo_context/context.py:101: DeprecationWarning: Policy enforcement is depending on the value of is_admin. This key is deprecated. Please update your policy file to use the standard policy values. warnings.warn(
2026-04-27 13:12:16.871 8 INFO cinder.api.openstack.wsgi [req-2fa23e21-c113-46ef-a376-cf335bd1809d req-c1707031-a174-41b2-b857-0d15c3ac8cd8 0b2721b551da4040a9f3e536634998a8 1c99a4eec7e94bc1b68122ec0086cb13 - - default default] http://cinder-api.openstack.svc.cluster.local:8776/v3/1c99a4eec7e94bc1b68122ec0086cb13/attachments/8a889180-d37b-491a-b6ee-e7a332b18edb returned with HTTP 200 [pid: 8|app: 0|req: 364/726] 199.204.45.33 () {38 vars in 1101 bytes} [Mon Apr 27 13:12:16 2026] DELETE /v3/1c99a4eec7e94bc1b68122ec0086cb13/attachments/8a889180-d37b-491a-b6ee-e7a332b18edb => generated 19 bytes in 564 msecs (HTTP/1.1 200) 7 headers in 285 bytes (1 switches on core 0) /var/lib/openstack/lib/python3.12/site-packages/pycadf/identifier.py:70: UserWarning: Invalid uuid: cinderv3. To ensure interoperability, identifiers should be a valid uuid. warnings.warn(('Invalid uuid: %s. To ensure interoperability, '
2026-04-27 13:12:16.887 7 INFO cinder.api.openstack.wsgi [req-2fa23e21-c113-46ef-a376-cf335bd1809d req-1c542643-903e-44db-a0a9-2d94bfd33297 0b2721b551da4040a9f3e536634998a8 1c99a4eec7e94bc1b68122ec0086cb13 - - default default] DELETE http://cinder-api.openstack.svc.cluster.local:8776/v3/1c99a4eec7e94bc1b68122ec0086cb13/volumes/931c280a-6220-459c-aa02-bbf1be31b391
2026-04-27 13:12:16.887 7 INFO cinder.api.v3.volumes [req-2fa23e21-c113-46ef-a376-cf335bd1809d req-1c542643-903e-44db-a0a9-2d94bfd33297 0b2721b551da4040a9f3e536634998a8 1c99a4eec7e94bc1b68122ec0086cb13 - - default default] Delete volume with id: 931c280a-6220-459c-aa02-bbf1be31b391 /var/lib/openstack/lib/python3.12/site-packages/oslo_context/context.py:101: DeprecationWarning: Policy enforcement is depending on the value of is_admin. This key is deprecated. Please update your policy file to use the standard policy values. warnings.warn(
2026-04-27 13:12:16.900 7 INFO cinder.volume.api [req-2fa23e21-c113-46ef-a376-cf335bd1809d req-1c542643-903e-44db-a0a9-2d94bfd33297 0b2721b551da4040a9f3e536634998a8 1c99a4eec7e94bc1b68122ec0086cb13 - - default default] Volume info retrieved successfully.
2026-04-27 13:12:16.925 7 INFO cinder.volume.api [req-2fa23e21-c113-46ef-a376-cf335bd1809d req-1c542643-903e-44db-a0a9-2d94bfd33297 0b2721b551da4040a9f3e536634998a8 1c99a4eec7e94bc1b68122ec0086cb13 - - default default] Delete volume request issued successfully.
2026-04-27 13:12:16.926 7 INFO cinder.api.openstack.wsgi [req-2fa23e21-c113-46ef-a376-cf335bd1809d req-1c542643-903e-44db-a0a9-2d94bfd33297 0b2721b551da4040a9f3e536634998a8 1c99a4eec7e94bc1b68122ec0086cb13 - - default default] http://cinder-api.openstack.svc.cluster.local:8776/v3/1c99a4eec7e94bc1b68122ec0086cb13/volumes/931c280a-6220-459c-aa02-bbf1be31b391 returned with HTTP 202 [pid: 7|app: 0|req: 363/727] 199.204.45.33 () {36 vars in 1052 bytes} [Mon Apr 27 13:12:16 2026] DELETE /v3/1c99a4eec7e94bc1b68122ec0086cb13/volumes/931c280a-6220-459c-aa02-bbf1be31b391 => generated 0 bytes in 47 msecs (HTTP/1.1 202) 6 headers in 233 bytes (1 switches on core 0)
2026-04-27 13:12:19.325 8 INFO cinder.api.openstack.wsgi [req-2fa23e21-c113-46ef-a376-cf335bd1809d req-c1707031-a174-41b2-b857-0d15c3ac8cd8 0b2721b551da4040a9f3e536634998a8 1c99a4eec7e94bc1b68122ec0086cb13 - - default default] GET http://10.0.0.198:8776/
2026-04-27 13:12:19.326 8 INFO cinder.api.openstack.wsgi [req-2fa23e21-c113-46ef-a376-cf335bd1809d req-c1707031-a174-41b2-b857-0d15c3ac8cd8 0b2721b551da4040a9f3e536634998a8 1c99a4eec7e94bc1b68122ec0086cb13 - - default default] http://10.0.0.198:8776/ returned with HTTP 300
2026-04-27 13:12:19.327 7 INFO cinder.api.openstack.wsgi [req-2fa23e21-c113-46ef-a376-cf335bd1809d req-1c542643-903e-44db-a0a9-2d94bfd33297 0b2721b551da4040a9f3e536634998a8 1c99a4eec7e94bc1b68122ec0086cb13 - - default default] GET http://10.0.0.198:8776/
2026-04-27 13:12:19.328 7 INFO cinder.api.openstack.wsgi [req-2fa23e21-c113-46ef-a376-cf335bd1809d req-1c542643-903e-44db-a0a9-2d94bfd33297 0b2721b551da4040a9f3e536634998a8 1c99a4eec7e94bc1b68122ec0086cb13 - - default default] http://10.0.0.198:8776/ returned with HTTP 300
2026-04-27 13:12:29.324 8 INFO cinder.api.openstack.wsgi [req-2fa23e21-c113-46ef-a376-cf335bd1809d req-c1707031-a174-41b2-b857-0d15c3ac8cd8 0b2721b551da4040a9f3e536634998a8 1c99a4eec7e94bc1b68122ec0086cb13 - - default default] GET http://10.0.0.198:8776/
2026-04-27 13:12:29.325 7 INFO cinder.api.openstack.wsgi [req-2fa23e21-c113-46ef-a376-cf335bd1809d req-1c542643-903e-44db-a0a9-2d94bfd33297 0b2721b551da4040a9f3e536634998a8 1c99a4eec7e94bc1b68122ec0086cb13 - - default default] GET http://10.0.0.198:8776/
2026-04-27 13:12:29.326 8 INFO cinder.api.openstack.wsgi [req-2fa23e21-c113-46ef-a376-cf335bd1809d req-c1707031-a174-41b2-b857-0d15c3ac8cd8 0b2721b551da4040a9f3e536634998a8 1c99a4eec7e94bc1b68122ec0086cb13 - - default default] http://10.0.0.198:8776/ returned with HTTP 300
