+ COMMAND=start + start + for KEYSTONE_WSGI_SCRIPT in keystone-wsgi-public ++ type -p keystone-wsgi-public + cp -a /var/lib/openstack/bin/keystone-wsgi-public /var/www/cgi-bin/keystone/ + '[' -f /etc/apache2/envvars ']' + source /etc/apache2/envvars ++ unset HOME ++ '[' '' '!=' '' ']' ++ SUFFIX= ++ export APACHE_RUN_USER=www-data ++ APACHE_RUN_USER=www-data ++ export APACHE_RUN_GROUP=www-data ++ APACHE_RUN_GROUP=www-data ++ export APACHE_PID_FILE=/var/run/apache2/apache2.pid ++ APACHE_PID_FILE=/var/run/apache2/apache2.pid ++ export APACHE_RUN_DIR=/var/run/apache2 ++ APACHE_RUN_DIR=/var/run/apache2 ++ export APACHE_LOCK_DIR=/var/lock/apache2 ++ APACHE_LOCK_DIR=/var/lock/apache2 ++ export APACHE_LOG_DIR=/var/log/apache2 ++ APACHE_LOG_DIR=/var/log/apache2 ++ export LANG=C ++ LANG=C ++ export LANG + '[' -f /var/run/apache2/apache2.pid ']' + exec apache2 -DFOREGROUND AH00558: apache2: Could not reliably determine the server's fully qualified domain name, using 10.0.0.180. Set the 'ServerName' directive globally to suppress this message AH00558: apache2: Could not reliably determine the server's fully qualified domain name, using 10.0.0.180. Set the 'ServerName' directive globally to suppress this message
[Mon Apr 27 12:13:08.856017 2026] [mpm_event:notice] [pid 1:tid 139840969516928] AH00489: Apache/2.4.58 (Ubuntu) mod_wsgi/5.0.0 Python/3.12 configured -- resuming normal operations
[Mon Apr 27 12:13:08.856396 2026] [core:notice] [pid 1:tid 139840969516928] AH00094: Command line: 'apache2 -D FOREGROUND'
[Mon Apr 27 12:14:10.385437 2026] [wsgi:error] [pid 12:tid 139840332744384] /var/lib/openstack/lib/python3.12/site-packages/oslo_utils/importutils.py:77: EventletDeprecationWarning:
[Mon Apr 27 12:14:10.385497 2026] [wsgi:error] [pid 12:tid 139840332744384] Eventlet is deprecated. It is currently being maintained in bugfix mode, and
[Mon Apr 27 12:14:10.385499 2026] [wsgi:error] [pid 12:tid 139840332744384] we strongly recommend against using it for new projects.
[Mon Apr 27 12:14:10.385500 2026] [wsgi:error] [pid 12:tid 139840332744384]
[Mon Apr 27 12:14:10.385501 2026] [wsgi:error] [pid 12:tid 139840332744384] If you are already using Eventlet, we recommend migrating to a different
[Mon Apr 27 12:14:10.385502 2026] [wsgi:error] [pid 12:tid 139840332744384] framework. For more detail see
[Mon Apr 27 12:14:10.385503 2026] [wsgi:error] [pid 12:tid 139840332744384] https://eventlet.readthedocs.io/en/latest/asyncio/migration.html
[Mon Apr 27 12:14:10.385505 2026] [wsgi:error] [pid 12:tid 139840332744384]
[Mon Apr 27 12:14:10.385506 2026] [wsgi:error] [pid 12:tid 139840332744384] __import__(import_str)
[Mon Apr 27 12:14:10.386913 2026] [wsgi:error] [pid 11:tid 139840332744384] /var/lib/openstack/lib/python3.12/site-packages/oslo_utils/importutils.py:77: EventletDeprecationWarning:
[Mon Apr 27 12:14:10.386951 2026] [wsgi:error] [pid 11:tid 139840332744384] Eventlet is deprecated. It is currently being maintained in bugfix mode, and
[Mon Apr 27 12:14:10.386953 2026] [wsgi:error] [pid 11:tid 139840332744384] we strongly recommend against using it for new projects.
[Mon Apr 27 12:14:10.386954 2026] [wsgi:error] [pid 11:tid 139840332744384]
[Mon Apr 27 12:14:10.386956 2026] [wsgi:error] [pid 11:tid 139840332744384] If you are already using Eventlet, we recommend migrating to a different
[Mon Apr 27 12:14:10.386957 2026] [wsgi:error] [pid 11:tid 139840332744384] framework. For more detail see
[Mon Apr 27 12:14:10.386958 2026] [wsgi:error] [pid 11:tid 139840332744384] https://eventlet.readthedocs.io/en/latest/asyncio/migration.html
[Mon Apr 27 12:14:10.386959 2026] [wsgi:error] [pid 11:tid 139840332744384]
[Mon Apr 27 12:14:10.386960 2026] [wsgi:error] [pid 11:tid 139840332744384] __import__(import_str) 10.0.0.194 - - [27/Apr/2026:12:14:09 +0000] "GET /v3/ HTTP/1.1" 200 250 10.0.0.194 - - [27/Apr/2026:12:14:09 +0000] "GET /v3/ HTTP/1.1" 200 250
[Mon Apr 27 12:14:15.694887 2026] [wsgi:error] [pid 9:tid 139840332744384] /var/lib/openstack/lib/python3.12/site-packages/oslo_utils/importutils.py:77: EventletDeprecationWarning:
[Mon Apr 27 12:14:15.694929 2026] [wsgi:error] [pid 9:tid 139840332744384] Eventlet is deprecated. It is currently being maintained in bugfix mode, and
[Mon Apr 27 12:14:15.694931 2026] [wsgi:error] [pid 9:tid 139840332744384] we strongly recommend against using it for new projects.
[Mon Apr 27 12:14:15.694932 2026] [wsgi:error] [pid 9:tid 139840332744384]
[Mon Apr 27 12:14:15.694933 2026] [wsgi:error] [pid 9:tid 139840332744384] If you are already using Eventlet, we recommend migrating to a different
[Mon Apr 27 12:14:15.694934 2026] [wsgi:error] [pid 9:tid 139840332744384] framework. For more detail see
[Mon Apr 27 12:14:15.694935 2026] [wsgi:error] [pid 9:tid 139840332744384] https://eventlet.readthedocs.io/en/latest/asyncio/migration.html
[Mon Apr 27 12:14:15.694937 2026] [wsgi:error] [pid 9:tid 139840332744384]
[Mon Apr 27 12:14:15.694938 2026] [wsgi:error] [pid 9:tid 139840332744384] __import__(import_str) 10.0.0.194 - - [27/Apr/2026:12:14:14 +0000] "GET /v3/ HTTP/1.1" 200 250
[Mon Apr 27 12:14:23.498743 2026] [wsgi:error] [pid 10:tid 139840332744384] /var/lib/openstack/lib/python3.12/site-packages/oslo_utils/importutils.py:77: EventletDeprecationWarning:
[Mon Apr 27 12:14:23.498792 2026] [wsgi:error] [pid 10:tid 139840332744384] Eventlet is deprecated. It is currently being maintained in bugfix mode, and
[Mon Apr 27 12:14:23.498794 2026] [wsgi:error] [pid 10:tid 139840332744384] we strongly recommend against using it for new projects.
[Mon Apr 27 12:14:23.498795 2026] [wsgi:error] [pid 10:tid 139840332744384]
[Mon Apr 27 12:14:23.498796 2026] [wsgi:error] [pid 10:tid 139840332744384] If you are already using Eventlet, we recommend migrating to a different
[Mon Apr 27 12:14:23.498797 2026] [wsgi:error] [pid 10:tid 139840332744384] framework. For more detail see
[Mon Apr 27 12:14:23.498799 2026] [wsgi:error] [pid 10:tid 139840332744384] https://eventlet.readthedocs.io/en/latest/asyncio/migration.html
[Mon Apr 27 12:14:23.498800 2026] [wsgi:error] [pid 10:tid 139840332744384]
[Mon Apr 27 12:14:23.498801 2026] [wsgi:error] [pid 10:tid 139840332744384] __import__(import_str) 10.0.0.51 - - [27/Apr/2026:12:14:22 +0000] "GET / HTTP/1.1" 300 295
[Mon Apr 27 12:14:28.153937 2026] [wsgi:error] [pid 11:tid 139840332744384] [remote 10.0.0.51:53486] 2026-04-27 12:14:28.150 11 WARNING keystone.identity.core [None req-9624078b-51b1-4912-b068-52784b3f8d9d - - - - - -] Invalid domain name (atmosphere) found in config file name: keystone.exception.DomainNotFound: Could not find domain: atmosphere.
[Mon Apr 27 12:14:28.209513 2026] [wsgi:error] [pid 11:tid 139840332744384] [remote 10.0.0.51:53486] 2026-04-27 12:14:28.209 11 WARNING keystone.common.password_hashing [None req-9624078b-51b1-4912-b068-52784b3f8d9d - - - - - -] Truncating password to algorithm specific maximum length 72 characters.
[Mon Apr 27 12:14:28.539915 2026] [wsgi:error] [pid 11:tid 139840332744384] [remote 10.0.0.51:53486] 2026-04-27 12:14:28.539 11 WARNING keystone.common.fernet_utils [None req-9624078b-51b1-4912-b068-52784b3f8d9d - - - - - -] key_repository is world readable: /etc/keystone/fernet-keys/ 10.0.0.51 - - [27/Apr/2026:12:14:27 +0000] "POST /v3/auth/tokens HTTP/1.1" 201 1359
[Mon Apr 27 12:14:28.865352 2026] [wsgi:error] [pid 12:tid 139840332744384] [remote 10.0.0.51:53486] 2026-04-27 12:14:28.862 12 WARNING keystone.identity.core [None req-66be61ee-4386-4f99-861d-0a461074e283 - - - - - -] Invalid domain name (atmosphere) found in config file name: keystone.exception.DomainNotFound: Could not find domain: atmosphere. 10.0.0.51 - - [27/Apr/2026:12:14:28 +0000] "POST /v3/domains HTTP/1.1" 201 261 10.0.0.177 - - [27/Apr/2026:12:14:39 +0000] "GET / HTTP/1.1" 300 295
[Mon Apr 27 12:14:40.131450 2026] [wsgi:error] [pid 10:tid 139840332744384] [remote 10.0.0.177:33528] 2026-04-27 12:14:40.130 10 WARNING keystone.common.password_hashing [None req-1dcbfef9-56c6-4878-9bb5-07a89600be3e - - - - - -] Truncating password to algorithm specific maximum length 72 characters.
[Mon Apr 27 12:14:40.417071 2026] [wsgi:error] [pid 10:tid 139840332744384] [remote 10.0.0.177:33528] 2026-04-27 12:14:40.416 10 WARNING keystone.common.fernet_utils [None req-1dcbfef9-56c6-4878-9bb5-07a89600be3e - - - - - -] key_repository is world readable: /etc/keystone/fernet-keys/ 10.0.0.177 - - [27/Apr/2026:12:14:39 +0000] "POST /v3/auth/tokens HTTP/1.1" 201 1359 10.0.0.177 - - [27/Apr/2026:12:14:40 +0000] "GET /v3/roles/admin HTTP/1.1" 404 83
[Mon Apr 27 12:14:40.627347 2026] [wsgi:error] [pid 12:tid 139840332744384] [remote 10.0.0.177:33528] 2026-04-27 12:14:40.627 12 WARNING keystone.common.rbac_enforcer.enforcer [None req-5a86c0b5-1be3-4480-b73c-b87470dffa15 c279ef77492a478eb335d8d6854ec821 65273db69f6948c08495c49fe93bf9b1 - - default default] Deprecated policy rules found. Use oslopolicy-policy-generator and oslopolicy-policy-upgrade to detect and resolve deprecated policies in your configuration. 10.0.0.177 - - [27/Apr/2026:12:14:40 +0000] "GET /v3/roles?name=admin HTTP/1.1" 200 389
[Mon Apr 27 12:14:40.976154 2026] [wsgi:error] [pid 9:tid 139840332744384] [remote 10.0.0.177:33528] 2026-04-27 12:14:40.975 9 WARNING keystone.common.rbac_enforcer.enforcer [None req-31220add-0888-4d99-bb38-ea42ead6a83f c279ef77492a478eb335d8d6854ec821 65273db69f6948c08495c49fe93bf9b1 - - default default] Deprecated policy rules found. Use oslopolicy-policy-generator and oslopolicy-policy-upgrade to detect and resolve deprecated policies in your configuration. 10.0.0.177 - - [27/Apr/2026:12:14:40 +0000] "GET /v3/users/admin-RegionOne HTTP/1.1" 404 93
[Mon Apr 27 12:14:41.113498 2026] [wsgi:error] [pid 10:tid 139840332744384] [remote 10.0.0.177:33528] 2026-04-27 12:14:41.113 10 WARNING keystone.common.rbac_enforcer.enforcer [None req-be1c6272-f5ef-4c49-bb4f-f87e4372c656 c279ef77492a478eb335d8d6854ec821 65273db69f6948c08495c49fe93bf9b1 - - default default] Deprecated policy rules found. Use oslopolicy-policy-generator and oslopolicy-policy-upgrade to detect and resolve deprecated policies in your configuration. 10.0.0.177 - - [27/Apr/2026:12:14:40 +0000] "GET /v3/users?name=admin-RegionOne HTTP/1.1" 200 422
[Mon Apr 27 12:14:41.307340 2026] [wsgi:error] [pid 11:tid 139840332744384] [remote 10.0.0.177:33528] 2026-04-27 12:14:41.307 11 WARNING keystone.common.rbac_enforcer.enforcer [None req-cc4c9a86-a1e1-4d38-881e-ef5db372f2c2 c279ef77492a478eb335d8d6854ec821 65273db69f6948c08495c49fe93bf9b1 - - default default] Deprecated policy rules found. Use oslopolicy-policy-generator and oslopolicy-policy-upgrade to detect and resolve deprecated policies in your configuration. 10.0.0.177 - - [27/Apr/2026:12:14:41 +0000] "GET /v3/domains/default HTTP/1.1" 200 224 10.0.0.177 - - [27/Apr/2026:12:14:41 +0000] "PUT /v3/domains/default/users/c279ef77492a478eb335d8d6854ec821/roles/93e84dd6e9844af99b7b656e8c5c4a0b HTTP/1.1" 204 - 10.0.0.194 - - [27/Apr/2026:12:14:51 +0000] "GET / HTTP/1.1" 300 280 10.0.0.194 - - [27/Apr/2026:12:14:52 +0000] "GET /v3 HTTP/1.1" 200 265
[Mon Apr 27 12:14:52.755829 2026] [wsgi:error] [pid 11:tid 139840332744384] [remote 10.0.0.194:60776] 2026-04-27 12:14:52.755 11 WARNING keystone.common.password_hashing [None req-1ae11b62-ffa9-4ead-bf6a-2d99bbc274a1 - - - - - -] Truncating password to algorithm specific maximum length 72 characters.
[Mon Apr 27 12:14:53.037520 2026] [wsgi:error] [pid 11:tid 139840332744384] [remote 10.0.0.194:60776] 2026-04-27 12:14:53.037 11 WARNING keystone.common.fernet_utils [None req-1ae11b62-ffa9-4ead-bf6a-2d99bbc274a1 - - - - - -] key_repository is world readable: /etc/keystone/fernet-keys/ 10.0.0.194 - - [27/Apr/2026:12:14:52 +0000] "POST /v3/auth/tokens HTTP/1.1" 201 1359 10.0.0.194 - - [27/Apr/2026:12:14:53 +0000] "GET / HTTP/1.1" 300 280 10.0.0.194 - - [27/Apr/2026:12:14:53 +0000] "GET /v3/domains/atmosphere HTTP/1.1" 404 90 10.0.0.194 - - [27/Apr/2026:12:14:53 +0000] "GET /v3/domains?name=atmosphere HTTP/1.1" 200 368 10.0.0.194 - - [27/Apr/2026:12:14:53 +0000] "GET /v3/domains/9815dff5b0d84544be3dd586152af2a9 HTTP/1.1" 200 246 10.0.0.194 - - [27/Apr/2026:12:14:54 +0000] "GET /v3 HTTP/1.1" 200 265
[Mon Apr 27 12:14:54.157203 2026] [wsgi:error] [pid 9:tid 139840332744384] [remote 10.0.0.194:60776] 2026-04-27 12:14:54.156 9 WARNING keystone.common.password_hashing [None req-555801b4-e65f-4bc6-a400-c58e10da930b - - - - - -] Truncating password to algorithm specific maximum length 72 characters.
[Mon Apr 27 12:14:54.432027 2026] [wsgi:error] [pid 9:tid 139840332744384] [remote 10.0.0.194:60776] 2026-04-27 12:14:54.431 9 WARNING keystone.common.fernet_utils [None req-555801b4-e65f-4bc6-a400-c58e10da930b - - - - - -] key_repository is world readable: /etc/keystone/fernet-keys/ 10.0.0.194 - - [27/Apr/2026:12:14:54 +0000] "POST /v3/auth/tokens HTTP/1.1" 201 1359 10.0.0.194 - - [27/Apr/2026:12:14:54 +0000] "GET / HTTP/1.1" 300 280 10.0.0.194 - - [27/Apr/2026:12:14:54 +0000] "GET /v3/OS-FEDERATION/identity_providers/atmosphere HTTP/1.1" 404 101 10.0.0.194 - - [27/Apr/2026:12:14:54 +0000] "GET /v3/OS-FEDERATION/identity_providers HTTP/1.1" 200 155 10.0.0.194 - - [27/Apr/2026:12:14:54 +0000] "PUT /v3/OS-FEDERATION/identity_providers/atmosphere HTTP/1.1" 201 340 10.0.0.194 - - [27/Apr/2026:12:14:55 +0000] "GET /v3 HTTP/1.1" 200 265
[Mon Apr 27 12:14:55.179343 2026] [wsgi:error] [pid 11:tid 139840332744384] [remote 10.0.0.194:60776] 2026-04-27 12:14:55.179 11 WARNING keystone.common.password_hashing [None req-aa51d0a6-95cc-4981-b608-a87de99ccf46 - - - - - -] Truncating password to algorithm specific maximum length 72 characters.
[Mon Apr 27 12:14:55.462657 2026] [wsgi:error] [pid 11:tid 139840332744384] [remote 10.0.0.194:60776] 2026-04-27 12:14:55.462 11 WARNING keystone.common.fernet_utils [None req-aa51d0a6-95cc-4981-b608-a87de99ccf46 - - - - - -] key_repository is world readable: /etc/keystone/fernet-keys/ 10.0.0.194 - - [27/Apr/2026:12:14:55 +0000] "POST /v3/auth/tokens HTTP/1.1" 201 1359 10.0.0.194 - - [27/Apr/2026:12:14:55 +0000] "GET / HTTP/1.1" 300 280 10.0.0.194 - - [27/Apr/2026:12:14:55 +0000] "GET /v3/OS-FEDERATION/mappings/atmosphere-openid HTTP/1.1" 404 98 10.0.0.194 - - [27/Apr/2026:12:14:55 +0000] "GET /v3/OS-FEDERATION/mappings HTTP/1.1" 200 135 10.0.0.194 - - [27/Apr/2026:12:14:55 +0000] "PUT /v3/OS-FEDERATION/mappings/atmosphere-openid HTTP/1.1" 201 356 10.0.0.194 - - [27/Apr/2026:12:14:56 +0000] "GET /v3 HTTP/1.1" 200 265
[Mon Apr 27 12:14:56.211424 2026] [wsgi:error] [pid 9:tid 139840332744384] [remote 10.0.0.194:60776] 2026-04-27 12:14:56.211 9 WARNING keystone.common.password_hashing [None req-d5e3025d-284b-4511-9ee6-ad6440bc635d - - - - - -] Truncating password to algorithm specific maximum length 72 characters.
[Mon Apr 27 12:14:56.479239 2026] [wsgi:error] [pid 9:tid 139840332744384] [remote 10.0.0.194:60776] 2026-04-27 12:14:56.479 9 WARNING keystone.common.fernet_utils [None req-d5e3025d-284b-4511-9ee6-ad6440bc635d - - - - - -] key_repository is world readable: /etc/keystone/fernet-keys/ 10.0.0.194 - - [27/Apr/2026:12:14:56 +0000] "POST /v3/auth/tokens HTTP/1.1" 201 1359 10.0.0.194 - - [27/Apr/2026:12:14:56 +0000] "GET / HTTP/1.1" 300 280 10.0.0.194 - - [27/Apr/2026:12:14:56 +0000] "GET /v3/OS-FEDERATION/identity_providers/atmosphere/protocols/openid?idp_id=atmosphere HTTP/1.1" 404 131 10.0.0.194 - - [27/Apr/2026:12:14:56 +0000] "GET /v3/OS-FEDERATION/identity_providers/atmosphere/protocols HTTP/1.1" 200 167 10.0.0.194 - - [27/Apr/2026:12:14:56 +0000] "PUT /v3/OS-FEDERATION/identity_providers/atmosphere/protocols/openid HTTP/1.1" 201 222 10.0.0.194 - - [27/Apr/2026:12:15:09 +0000] "GET /v3/ HTTP/1.1" 200 250 10.0.0.194 - - [27/Apr/2026:12:15:09 +0000] "GET /v3/ HTTP/1.1" 200 250 10.0.0.194 - - [27/Apr/2026:12:16:09 +0000] "GET /v3/ HTTP/1.1" 200 250 10.0.0.194 - - [27/Apr/2026:12:16:09 +0000] "GET /v3/ HTTP/1.1" 200 250 10.0.0.54 - - [27/Apr/2026:12:16:20 +0000] "GET / HTTP/1.1" 300 295
[Mon Apr 27 12:16:20.831645 2026] [wsgi:error] [pid 11:tid 139840332744384] [remote 10.0.0.54:60196] 2026-04-27 12:16:20.830 11 WARNING keystone.common.password_hashing [None req-2d36d9cd-c184-4924-a35f-b41cac0d3f0b - - - - - -] Truncating password to algorithm specific maximum length 72 characters.
[Mon Apr 27 12:16:21.104109 2026] [wsgi:error] [pid 11:tid 139840332744384] [remote 10.0.0.54:60196] 2026-04-27 12:16:21.103 11 WARNING keystone.common.fernet_utils [None req-2d36d9cd-c184-4924-a35f-b41cac0d3f0b - - - - - -] key_repository is world readable: /etc/keystone/fernet-keys/ 10.0.0.54 - - [27/Apr/2026:12:16:20 +0000] "POST /v3/auth/tokens HTTP/1.1" 201 1359 10.0.0.54 - - [27/Apr/2026:12:16:21 +0000] "GET /v3/services HTTP/1.1" 200 355 10.0.0.54 - - [27/Apr/2026:12:16:24 +0000] "GET / HTTP/1.1" 300 295
[Mon Apr 27 12:16:24.554420 2026] [wsgi:error] [pid 10:tid 139840332744384] [remote 10.0.0.54:48564] 2026-04-27 12:16:24.554 10 WARNING keystone.common.password_hashing [None req-54f60331-5cbb-492f-83fb-342b8932a593 - - - - - -] Truncating password to algorithm specific maximum length 72 characters.
[Mon Apr 27 12:16:24.841680 2026] [wsgi:error] [pid 10:tid 139840332744384] [remote 10.0.0.54:48564] 2026-04-27 12:16:24.841 10 WARNING keystone.common.fernet_utils [None req-54f60331-5cbb-492f-83fb-342b8932a593 - - - - - -] key_repository is world readable: /etc/keystone/fernet-keys/ 10.0.0.54 - - [27/Apr/2026:12:16:24 +0000] "POST /v3/auth/tokens HTTP/1.1" 201 1359 10.0.0.54 - - [27/Apr/2026:12:16:24 +0000] "GET /v3/services HTTP/1.1" 200 355 10.0.0.54 - - [27/Apr/2026:12:16:28 +0000] "GET / HTTP/1.1" 300 295
[Mon Apr 27 12:16:28.241962 2026] [wsgi:error] [pid 9:tid 139840332744384] [remote 10.0.0.54:48572] 2026-04-27 12:16:28.241 9 WARNING keystone.common.password_hashing [None req-0d931160-618f-4eb9-8dee-bd8f7f6b5ed3 - - - - - -] Truncating password to algorithm specific maximum length 72 characters.
[Mon Apr 27 12:16:28.517268 2026] [wsgi:error] [pid 9:tid 139840332744384] [remote 10.0.0.54:48572] 2026-04-27 12:16:28.517 9 WARNING keystone.common.fernet_utils [None req-0d931160-618f-4eb9-8dee-bd8f7f6b5ed3 - - - - - -] key_repository is world readable: /etc/keystone/fernet-keys/ 10.0.0.54 - - [27/Apr/2026:12:16:28 +0000] "POST /v3/auth/tokens HTTP/1.1" 201 1359 10.0.0.54 - - [27/Apr/2026:12:16:28 +0000] "GET /v3/services HTTP/1.1" 200 355 10.0.0.54 - - [27/Apr/2026:12:16:31 +0000] "GET / HTTP/1.1" 300 295
[Mon Apr 27 12:16:31.922079 2026] [wsgi:error] [pid 12:tid 139840332744384] [remote 10.0.0.54:48586] 2026-04-27 12:16:31.921 12 WARNING keystone.common.password_hashing [None req-f13c8aec-940a-4bca-b9f7-686d846f816d - - - - - -] Truncating password to algorithm specific maximum length 72 characters.
[Mon Apr 27 12:16:32.196079 2026] [wsgi:error] [pid 12:tid 139840332744384] [remote 10.0.0.54:48586] 2026-04-27 12:16:32.195 12 WARNING keystone.common.fernet_utils [None req-f13c8aec-940a-4bca-b9f7-686d846f816d - - - - - -] key_repository is world readable: /etc/keystone/fernet-keys/ 10.0.0.54 - - [27/Apr/2026:12:16:31 +0000] "POST /v3/auth/tokens HTTP/1.1" 201 1359 10.0.0.54 - - [27/Apr/2026:12:16:32 +0000] "POST /v3/services HTTP/1.1" 201 296 10.0.0.229 - - [27/Apr/2026:12:16:42 +0000] "GET / HTTP/1.1" 300 295
[Mon Apr 27 12:16:42.934229 2026] [wsgi:error] [pid 11:tid 139840332744384] [remote 10.0.0.229:42300] 2026-04-27 12:16:42.934 11 WARNING keystone.common.password_hashing [None req-eb3c37f3-4791-4701-876d-2754c97ababb - - - - - -] Truncating password to algorithm specific maximum length 72 characters. 10.0.0.229 - - [27/Apr/2026:12:16:43 +0000] "GET / HTTP/1.1" 300 295
[Mon Apr 27 12:16:43.146730 2026] [wsgi:error] [pid 9:tid 139840332744384] [remote 10.0.0.229:42302] 2026-04-27 12:16:43.146 9 WARNING keystone.common.password_hashing [None req-5f2a4a49-2107-47cc-95c8-4b3f63171ea0 - - - - - -] Truncating password to algorithm specific maximum length 72 characters.
[Mon Apr 27 12:16:43.219293 2026] [wsgi:error] [pid 11:tid 139840332744384] [remote 10.0.0.229:42300] 2026-04-27 12:16:43.219 11 WARNING keystone.common.fernet_utils [None req-eb3c37f3-4791-4701-876d-2754c97ababb - - - - - -] key_repository is world readable: /etc/keystone/fernet-keys/ 10.0.0.229 - - [27/Apr/2026:12:16:42 +0000] "POST /v3/auth/tokens HTTP/1.1" 201 1463 10.0.0.229 - - [27/Apr/2026:12:16:43 +0000] "GET / HTTP/1.1" 300 295
[Mon Apr 27 12:16:43.260964 2026] [wsgi:error] [pid 12:tid 139840332744384] [remote 10.0.0.229:42314] 2026-04-27 12:16:43.260 12 WARNING keystone.common.password_hashing [None req-76d551df-bc6d-41d0-bd2b-b4b05d660297 - - - - - -] Truncating password to algorithm specific maximum length 72 characters. 10.0.0.229 - - [27/Apr/2026:12:16:43 +0000] "GET /v3/services HTTP/1.1" 200 639
[Mon Apr 27 12:16:43.419318 2026] [wsgi:error] [pid 9:tid 139840332744384] [remote 10.0.0.229:42302] 2026-04-27 12:16:43.419 9 WARNING keystone.common.fernet_utils [None req-5f2a4a49-2107-47cc-95c8-4b3f63171ea0 - - - - - -] key_repository is world readable: /etc/keystone/fernet-keys/ 10.0.0.229 - - [27/Apr/2026:12:16:43 +0000] "POST /v3/auth/tokens HTTP/1.1" 201 1463
[Mon Apr 27 12:16:43.550886 2026] [wsgi:error] [pid 12:tid 139840332744384] [remote 10.0.0.229:42314] 2026-04-27 12:16:43.550 12 WARNING keystone.common.fernet_utils [None req-76d551df-bc6d-41d0-bd2b-b4b05d660297 - - - - - -] key_repository is world readable: /etc/keystone/fernet-keys/ 10.0.0.229 - - [27/Apr/2026:12:16:43 +0000] "POST /v3/auth/tokens HTTP/1.1" 201 1463 10.0.0.229 - - [27/Apr/2026:12:16:43 +0000] "GET /v3/services HTTP/1.1" 200 639 10.0.0.229 - - [27/Apr/2026:12:16:43 +0000] "GET /v3/services HTTP/1.1" 200 639 10.0.0.229 - - [27/Apr/2026:12:16:44 +0000] "GET / HTTP/1.1" 300 295
[Mon Apr 27 12:16:44.780023 2026] [wsgi:error] [pid 12:tid 139840332744384] [remote 10.0.0.229:42320] 2026-04-27 12:16:44.779 12 WARNING keystone.common.password_hashing [None req-3b1feed7-bd8a-40d5-a560-7b8c505f5bbb - - - - - -] Truncating password to algorithm specific maximum length 72 characters. 10.0.0.229 - - [27/Apr/2026:12:16:44 +0000] "GET / HTTP/1.1" 300 295
[Mon Apr 27 12:16:44.963611 2026] [wsgi:error] [pid 11:tid 139840332744384] [remote 10.0.0.229:42324] 2026-04-27 12:16:44.963 11 WARNING keystone.common.password_hashing [None req-1f290064-c1d7-4954-b054-4bd374fb6caa - - - - - -] Truncating password to algorithm specific maximum length 72 characters. 10.0.0.229 - - [27/Apr/2026:12:16:45 +0000] "GET / HTTP/1.1" 300 295
[Mon Apr 27 12:16:45.056383 2026] [wsgi:error] [pid 10:tid 139840332744384] [remote 10.0.0.229:42340] 2026-04-27 12:16:45.056 10 WARNING keystone.common.password_hashing [None req-9d9bc568-d074-4ae3-9468-424f1e9e458d - - - - - -] Truncating password to algorithm specific maximum length 72 characters.
[Mon Apr 27 12:16:45.062933 2026] [wsgi:error] [pid 12:tid 139840332744384] [remote 10.0.0.229:42320] 2026-04-27 12:16:45.062 12 WARNING keystone.common.fernet_utils [None req-3b1feed7-bd8a-40d5-a560-7b8c505f5bbb - - - - - -] key_repository is world readable: /etc/keystone/fernet-keys/ 10.0.0.229 - - [27/Apr/2026:12:16:44 +0000] "POST /v3/auth/tokens HTTP/1.1" 201 1463 10.0.0.229 - - [27/Apr/2026:12:16:45 +0000] "GET /v3/endpoints HTTP/1.1" 200 1226 10.0.0.229 - - [27/Apr/2026:12:16:45 +0000] "GET /v3/services/afb7f97434a44947ba3eb7204bd6dc6f HTTP/1.1" 200 233 10.0.0.229 - - [27/Apr/2026:12:16:45 +0000] "GET /v3/services/afb7f97434a44947ba3eb7204bd6dc6f HTTP/1.1" 200 233 10.0.0.229 - - [27/Apr/2026:12:16:45 +0000] "GET /v3/services/afb7f97434a44947ba3eb7204bd6dc6f HTTP/1.1" 200 233
[Mon Apr 27 12:16:45.268124 2026] [wsgi:error] [pid 11:tid 139840332744384] [remote 10.0.0.229:42324] 2026-04-27 12:16:45.267 11 WARNING keystone.common.fernet_utils [None req-1f290064-c1d7-4954-b054-4bd374fb6caa - - - - - -] key_repository is world readable: /etc/keystone/fernet-keys/ 10.0.0.229 - - [27/Apr/2026:12:16:44 +0000] "POST /v3/auth/tokens HTTP/1.1" 201 1463
[Mon Apr 27 12:16:45.334333 2026] [wsgi:error] [pid 10:tid 139840332744384] [remote 10.0.0.229:42340] 2026-04-27 12:16:45.334 10 WARNING keystone.common.fernet_utils [None req-9d9bc568-d074-4ae3-9468-424f1e9e458d - - - - - -] key_repository is world readable: /etc/keystone/fernet-keys/ 10.0.0.229 - - [27/Apr/2026:12:16:45 +0000] "POST /v3/auth/tokens HTTP/1.1" 201 1463 10.0.0.229 - - [27/Apr/2026:12:16:45 +0000] "GET /v3/endpoints HTTP/1.1" 200 1226 10.0.0.229 - - [27/Apr/2026:12:16:45 +0000] "GET /v3/services/afb7f97434a44947ba3eb7204bd6dc6f HTTP/1.1" 200 233 10.0.0.229 - - [27/Apr/2026:12:16:45 +0000] "GET /v3/services/afb7f97434a44947ba3eb7204bd6dc6f HTTP/1.1" 200 233 10.0.0.229 - - [27/Apr/2026:12:16:45 +0000] "GET /v3/endpoints HTTP/1.1" 200 1226 10.0.0.229 - - [27/Apr/2026:12:16:45 +0000] "GET /v3/services/afb7f97434a44947ba3eb7204bd6dc6f HTTP/1.1" 200 233 10.0.0.229 - - [27/Apr/2026:12:16:45 +0000] "GET /v3/services/afb7f97434a44947ba3eb7204bd6dc6f HTTP/1.1" 200 233 10.0.0.229 - - [27/Apr/2026:12:16:45 +0000] "GET /v3/services/afb7f97434a44947ba3eb7204bd6dc6f HTTP/1.1" 200 233 10.0.0.229 - - [27/Apr/2026:12:16:45 +0000] "GET /v3/services/afb7f97434a44947ba3eb7204bd6dc6f HTTP/1.1" 200 233 10.0.0.229 - - [27/Apr/2026:12:16:46 +0000] "GET / HTTP/1.1" 300 295
[Mon Apr 27 12:16:46.559955 2026] [wsgi:error] [pid 12:tid 139840332744384] [remote 10.0.0.229:42356] 2026-04-27 12:16:46.559 12 WARNING keystone.common.password_hashing [None req-389784eb-0ed5-48f9-a224-3ade17f2c27f - - - - - -] Truncating password to algorithm specific maximum length 72 characters. 10.0.0.229 - - [27/Apr/2026:12:16:46 +0000] "GET / HTTP/1.1" 300 295
[Mon Apr 27 12:16:46.755036 2026] [wsgi:error] [pid 10:tid 139840332744384] [remote 10.0.0.229:42368] 2026-04-27 12:16:46.754 10 WARNING keystone.common.password_hashing [None req-c3fefb44-071c-49ae-8705-2e357a3e0195 - - - - - -] Truncating password to algorithm specific maximum length 72 characters. 10.0.0.229 - - [27/Apr/2026:12:16:46 +0000] "GET / HTTP/1.1" 300 295
[Mon Apr 27 12:16:46.818847 2026] [wsgi:error] [pid 11:tid 139840332744384] [remote 10.0.0.229:42372] 2026-04-27 12:16:46.818 11 WARNING keystone.common.password_hashing [None req-dfdf490d-b517-45d0-9f00-b2b377b30838 - - - - - -] Truncating password to algorithm specific maximum length 72 characters.
[Mon Apr 27 12:16:46.838312 2026] [wsgi:error] [pid 12:tid 139840332744384] [remote 10.0.0.229:42356] 2026-04-27 12:16:46.838 12 WARNING keystone.common.fernet_utils [None req-389784eb-0ed5-48f9-a224-3ade17f2c27f - - - - - -] key_repository is world readable: /etc/keystone/fernet-keys/ 10.0.0.229 - - [27/Apr/2026:12:16:46 +0000] "POST /v3/auth/tokens HTTP/1.1" 201 1463 10.0.0.229 - - [27/Apr/2026:12:16:46 +0000] "GET /v3/services/e0287a4dd50048208e8720f3f8ae2dc2 HTTP/1.1" 200 296 10.0.0.229 - - [27/Apr/2026:12:16:46 +0000] "GET /v3/regions/RegionOne HTTP/1.1" 200 173
[Mon Apr 27 12:16:47.028238 2026] [wsgi:error] [pid 10:tid 139840332744384] [remote 10.0.0.229:42368] 2026-04-27 12:16:47.028 10 WARNING keystone.common.fernet_utils [None req-c3fefb44-071c-49ae-8705-2e357a3e0195 - - - - - -] key_repository is world readable: /etc/keystone/fernet-keys/ 10.0.0.229 - - [27/Apr/2026:12:16:46 +0000] "POST /v3/auth/tokens HTTP/1.1" 201 1463 10.0.0.229 - - [27/Apr/2026:12:16:47 +0000] "POST /v3/endpoints HTTP/1.1" 201 380
[Mon Apr 27 12:16:47.105055 2026] [wsgi:error] [pid 11:tid 139840332744384] [remote 10.0.0.229:42372] 2026-04-27 12:16:47.104 11 WARNING keystone.common.fernet_utils [None req-dfdf490d-b517-45d0-9f00-b2b377b30838 - - - - - -] key_repository is world readable: /etc/keystone/fernet-keys/ 10.0.0.229 - - [27/Apr/2026:12:16:46 +0000] "POST /v3/auth/tokens HTTP/1.1" 201 1640 10.0.0.229 - - [27/Apr/2026:12:16:47 +0000] "GET /v3/services/e0287a4dd50048208e8720f3f8ae2dc2 HTTP/1.1" 200 296 10.0.0.229 - - [27/Apr/2026:12:16:47 +0000] "GET /v3/regions/RegionOne HTTP/1.1" 200 173 10.0.0.229 - - [27/Apr/2026:12:16:47 +0000] "POST /v3/endpoints HTTP/1.1" 201 383 10.0.0.229 - - [27/Apr/2026:12:16:47 +0000] "GET /v3/services/e0287a4dd50048208e8720f3f8ae2dc2 HTTP/1.1" 200 296 10.0.0.229 - - [27/Apr/2026:12:16:47 +0000] "GET /v3/regions/RegionOne HTTP/1.1" 200 173 10.0.0.229 - - [27/Apr/2026:12:16:47 +0000] "POST /v3/endpoints HTTP/1.1" 201 369 10.0.0.229 - - [27/Apr/2026:12:16:48 +0000] "GET / HTTP/1.1" 300 295
[Mon Apr 27 12:16:48.396923 2026] [wsgi:error] [pid 11:tid 139840332744384] [remote 10.0.0.229:42374] 2026-04-27 12:16:48.396 11 WARNING keystone.common.password_hashing [None req-44ca620f-342c-441b-a04e-0209c2b651af - - - - - -] Truncating password to algorithm specific maximum length 72 characters. 10.0.0.229 - - [27/Apr/2026:12:16:48 +0000] "GET / HTTP/1.1" 300 295
[Mon Apr 27 12:16:48.613782 2026] [wsgi:error] [pid 10:tid 139840332744384] [remote 10.0.0.229:42390] 2026-04-27 12:16:48.613 10 WARNING keystone.common.password_hashing [None req-02f48664-a061-43bc-a51b-f053efe04b53 - - - - - -] Truncating password to algorithm specific maximum length 72 characters.
[Mon Apr 27 12:16:48.679817 2026] [wsgi:error] [pid 11:tid 139840332744384] [remote 10.0.0.229:42374] 2026-04-27 12:16:48.679 11 WARNING keystone.common.fernet_utils [None req-44ca620f-342c-441b-a04e-0209c2b651af - - - - - -] key_repository is world readable: /etc/keystone/fernet-keys/ 10.0.0.229 - - [27/Apr/2026:12:16:48 +0000] "GET / HTTP/1.1" 300 295 10.0.0.229 - - [27/Apr/2026:12:16:48 +0000] "POST /v3/auth/tokens HTTP/1.1" 201 1990
[Mon Apr 27 12:16:48.705024 2026] [wsgi:error] [pid 12:tid 139840332744384] [remote 10.0.0.229:42406] 2026-04-27 12:16:48.704 12 WARNING keystone.common.password_hashing [None req-8346231d-8d05-45a3-98da-267f02b27554 - - - - - -] Truncating password to algorithm specific maximum length 72 characters. 10.0.0.229 - - [27/Apr/2026:12:16:48 +0000] "GET /v3/endpoints/076fa92a70b645cfaf029d213a458703 HTTP/1.1" 200 380 10.0.0.229 - - [27/Apr/2026:12:16:48 +0000] "GET /v3/services/e0287a4dd50048208e8720f3f8ae2dc2 HTTP/1.1" 200 296
[Mon Apr 27 12:16:48.894786 2026] [wsgi:error] [pid 10:tid 139840332744384] [remote 10.0.0.229:42390] 2026-04-27 12:16:48.894 10 WARNING keystone.common.fernet_utils [None req-02f48664-a061-43bc-a51b-f053efe04b53 - - - - - -] key_repository is world readable: /etc/keystone/fernet-keys/ 10.0.0.229 - - [27/Apr/2026:12:16:48 +0000] "POST /v3/auth/tokens HTTP/1.1" 201 1990
[Mon Apr 27 12:16:48.979148 2026] [wsgi:error] [pid 12:tid 139840332744384] [remote 10.0.0.229:42406] 2026-04-27 12:16:48.978 12 WARNING keystone.common.fernet_utils [None req-8346231d-8d05-45a3-98da-267f02b27554 - - - - - -] key_repository is world readable: /etc/keystone/fernet-keys/ 10.0.0.229 - - [27/Apr/2026:12:16:48 +0000] "POST /v3/auth/tokens HTTP/1.1" 201 1990 10.0.0.229 - - [27/Apr/2026:12:16:48 +0000] "GET /v3/endpoints/6425dd7a9ece4ff9a5c5e748fd360981 HTTP/1.1" 200 383 10.0.0.229 - - [27/Apr/2026:12:16:49 +0000] "GET /v3/services/e0287a4dd50048208e8720f3f8ae2dc2 HTTP/1.1" 200 296 10.0.0.229 - - [27/Apr/2026:12:16:49 +0000] "GET /v3/endpoints/361653f9708547e18c6e46ed08a69414 HTTP/1.1" 200 369 10.0.0.229 - - [27/Apr/2026:12:16:49 +0000] "GET /v3/services/e0287a4dd50048208e8720f3f8ae2dc2 HTTP/1.1" 200 296 10.0.0.83 - - [27/Apr/2026:12:17:02 +0000] "GET / HTTP/1.1" 300 295
[Mon Apr 27 12:17:02.280030 2026] [wsgi:error] [pid 11:tid 139840332744384] [remote 10.0.0.83:44776] 2026-04-27 12:17:02.279 11 WARNING keystone.common.password_hashing [None req-f64bb999-e7a5-4970-9fcd-4a72a75de383 - - - - - -] Truncating password to algorithm specific maximum length 72 characters.
[Mon Apr 27 12:17:02.557911 2026] [wsgi:error] [pid 11:tid 139840332744384] [remote 10.0.0.83:44776] 2026-04-27 12:17:02.557 11 WARNING keystone.common.fernet_utils [None req-f64bb999-e7a5-4970-9fcd-4a72a75de383 - - - - - -] key_repository is world readable: /etc/keystone/fernet-keys/ 10.0.0.83 - - [27/Apr/2026:12:17:02 +0000] "POST /v3/auth/tokens HTTP/1.1" 201 1990 10.0.0.83 - - [27/Apr/2026:12:17:02 +0000] "POST /v3/domains HTTP/1.1" 201 284 10.0.0.83 - - [27/Apr/2026:12:17:04 +0000] "GET / HTTP/1.1" 300 295
[Mon Apr 27 12:17:04.039246 2026] [wsgi:error] [pid 9:tid 139840332744384] [remote 10.0.0.83:56356] 2026-04-27 12:17:04.039 9 WARNING keystone.common.password_hashing [None req-4f610234-7496-4373-a1d1-4d955b1839f2 - - - - - -] Truncating password to algorithm specific maximum length 72 characters.
[Mon Apr 27 12:17:04.315293 2026] [wsgi:error] [pid 9:tid 139840332744384] [remote 10.0.0.83:56356] 2026-04-27 12:17:04.315 9 WARNING keystone.common.fernet_utils [None req-4f610234-7496-4373-a1d1-4d955b1839f2 - - - - - -] key_repository is world readable: /etc/keystone/fernet-keys/ 10.0.0.83 - - [27/Apr/2026:12:17:04 +0000] "POST /v3/auth/tokens HTTP/1.1" 201 1990
[Mon Apr 27 12:17:04.498948 2026] [wsgi:error] [pid 11:tid 139840332744384] [remote 10.0.0.83:56356] 2026-04-27 12:17:04.486 11 ERROR keystone.server.flask.application [None req-28cc8fd1-cb58-464a-8940-bc4b698d8c74 c279ef77492a478eb335d8d6854ec821 65273db69f6948c08495c49fe93bf9b1 - - default default] Conflict occurred attempting to store project - it is not permitted to have two projects acting as domains with the same name: service.: keystone.exception.Conflict: Conflict occurred attempting to store project - it is not permitted to have two projects acting as domains with the same name: service.
[Mon Apr 27 12:17:04.498969 2026] [wsgi:error] [pid 11:tid 139840332744384] [remote 10.0.0.83:56356] 2026-04-27 12:17:04.486 11 ERROR keystone.server.flask.application
Traceback (most recent call last):
[Mon Apr 27 12:17:04.498971 2026] [wsgi:error] [pid 11:tid 139840332744384] [remote 10.0.0.83:56356] 2026-04-27 12:17:04.486 11 ERROR keystone.server.flask.application
File "/var/lib/openstack/lib/python3.12/site-packages/sqlalchemy/engine/base.py", line 1967, in _exec_single_context
[Mon Apr 27 12:17:04.498973 2026] [wsgi:error] [pid 11:tid 139840332744384] [remote 10.0.0.83:56356] 2026-04-27 12:17:04.486 11 ERROR keystone.server.flask.application self.dialect.do_execute(
[Mon Apr 27 12:17:04.498975 2026] [wsgi:error] [pid 11:tid 139840332744384] [remote 10.0.0.83:56356] 2026-04-27 12:17:04.486 11 ERROR keystone.server.flask.application
File "/var/lib/openstack/lib/python3.12/site-packages/sqlalchemy/engine/default.py", line 952, in do_execute
[Mon Apr 27 12:17:04.498976 2026] [wsgi:error] [pid 11:tid 139840332744384] [remote 10.0.0.83:56356] 2026-04-27 12:17:04.486 11 ERROR keystone.server.flask.application cursor.execute(statement, parameters)
[Mon Apr 27 12:17:04.498978 2026] [wsgi:error] [pid 11:tid 139840332744384] [remote 10.0.0.83:56356] 2026-04-27 12:17:04.486 11 ERROR keystone.server.flask.application
File "/var/lib/openstack/lib/python3.12/site-packages/pymysql/cursors.py", line 153, in execute
[Mon Apr 27 12:17:04.498979 2026] [wsgi:error] [pid 11:tid 139840332744384] [remote 10.0.0.83:56356] 2026-04-27 12:17:04.486 11 ERROR keystone.server.flask.application result = self._query(query)
[Mon Apr 27 12:17:04.498981 2026] [wsgi:error] [pid 11:tid 139840332744384] [remote 10.0.0.83:56356] 2026-04-27 12:17:04.486 11 ERROR keystone.server.flask.application ^^^^^^^^^^^^^^^^^^
[Mon Apr 27 12:17:04.498982 2026] [wsgi:error] [pid 11:tid 139840332744384] [remote 10.0.0.83:56356] 2026-04-27 12:17:04.486 11 ERROR keystone.server.flask.application
File "/var/lib/openstack/lib/python3.12/site-packages/pymysql/cursors.py", line 322, in _query
[Mon Apr 27 12:17:04.498984 2026] [wsgi:error] [pid 11:tid 139840332744384] [remote 10.0.0.83:56356] 2026-04-27 12:17:04.486 11 ERROR keystone.server.flask.application conn.query(q)
[Mon Apr 27 12:17:04.498985 2026] [wsgi:error] [pid 11:tid 139840332744384] [remote 10.0.0.83:56356] 2026-04-27 12:17:04.486 11 ERROR keystone.server.flask.application
File "/var/lib/openstack/lib/python3.12/site-packages/pymysql/connections.py", line 575, in query
[Mon Apr 27 12:17:04.498987 2026] [wsgi:error] [pid 11:tid 139840332744384] [remote 10.0.0.83:56356] 2026-04-27 12:17:04.486 11 ERROR keystone.server.flask.application self._affected_rows = self._read_query_result(unbuffered=unbuffered)
[Mon Apr 27 12:17:04.498988 2026] [wsgi:error] [pid 11:tid 139840332744384] [remote 10.0.0.83:56356] 2026-04-27 12:17:04.486 11 ERROR keystone.server.flask.application ^^^^^^^^^^^^^^^^^^^^^^^^^^^^^^^^^^^^^^^^^^^^^^
[Mon Apr 27 12:17:04.498990 2026] [wsgi:error] [pid 11:tid 139840332744384] [remote 10.0.0.83:56356] 2026-04-27 12:17:04.486 11 ERROR keystone.server.flask.application
File "/var/lib/openstack/lib/python3.12/site-packages/pymysql/connections.py", line 826, in _read_query_result
[Mon Apr 27 12:17:04.498991 2026] [wsgi:error] [pid 11:tid 139840332744384] [remote 10.0.0.83:56356] 2026-04-27 12:17:04.486 11 ERROR keystone.server.flask.application result.read()
[Mon Apr 27 12:17:04.498995 2026] [wsgi:error] [pid 11:tid 139840332744384] [remote 10.0.0.83:56356] 2026-04-27 12:17:04.486 11 ERROR keystone.server.flask.application
File "/var/lib/openstack/lib/python3.12/site-packages/pymysql/connections.py", line 1203, in read
[Mon Apr 27 12:17:04.498996 2026] [wsgi:error] [pid 11:tid 139840332744384] [remote 10.0.0.83:56356] 2026-04-27 12:17:04.486 11 ERROR keystone.server.flask.application first_packet = self.connection._read_packet()
[Mon Apr 27 12:17:04.498998 2026] [wsgi:error] [pid 11:tid 139840332744384] [remote 10.0.0.83:56356] 2026-04-27 12:17:04.486 11 ERROR keystone.server.flask.application ^^^^^^^^^^^^^^^^^^^^^^^^^^^^^^
[Mon Apr 27 12:17:04.498999 2026] [wsgi:error] [pid 11:tid 139840332744384] [remote 10.0.0.83:56356] 2026-04-27 12:17:04.486 11 ERROR keystone.server.flask.application
File "/var/lib/openstack/lib/python3.12/site-packages/pymysql/connections.py", line 782, in _read_packet
[Mon Apr 27 12:17:04.499001 2026] [wsgi:error] [pid 11:tid 139840332744384] [remote 10.0.0.83:56356] 2026-04-27 12:17:04.486 11 ERROR keystone.server.flask.application packet.raise_for_error()
[Mon Apr 27 12:17:04.499002 2026] [wsgi:error] [pid 11:tid 139840332744384] [remote 10.0.0.83:56356] 2026-04-27 12:17:04.486 11 ERROR keystone.server.flask.application
File "/var/lib/openstack/lib/python3.12/site-packages/pymysql/protocol.py", line 219, in raise_for_error
[Mon Apr 27 12:17:04.499003 2026] [wsgi:error] [pid 11:tid 139840332744384] [remote 10.0.0.83:56356] 2026-04-27 12:17:04.486 11 ERROR keystone.server.flask.application err.raise_mysql_exception(self._data)
[Mon Apr 27 12:17:04.499005 2026] [wsgi:error] [pid 11:tid 139840332744384] [remote 10.0.0.83:56356] 2026-04-27 12:17:04.486 11 ERROR keystone.server.flask.application
File "/var/lib/openstack/lib/python3.12/site-packages/pymysql/err.py", line 150, in raise_mysql_exception
[Mon Apr 27 12:17:04.499006 2026] [wsgi:error] [pid 11:tid 139840332744384] [remote 10.0.0.83:56356] 2026-04-27 12:17:04.486 11 ERROR keystone.server.flask.application raise errorclass(errno, errval)
[Mon Apr 27 12:17:04.499008 2026] [wsgi:error] [pid 11:tid 139840332744384] [remote 10.0.0.83:56356] 2026-04-27 12:17:04.486 11 ERROR keystone.server.flask.application pymysql.err.IntegrityError: (1062, "Duplicate entry '<>-service' for key 'project.ixu_project_name_domain_id'")
[Mon Apr 27 12:17:04.499009 2026] [wsgi:error] [pid 11:tid 139840332744384] [remote 10.0.0.83:56356] 2026-04-27 12:17:04.486 11 ERROR keystone.server.flask.application
[Mon Apr 27 12:17:04.499011 2026] [wsgi:error] [pid 11:tid 139840332744384] [remote 10.0.0.83:56356] 2026-04-27 12:17:04.486 11 ERROR keystone.server.flask.application The above exception was the direct cause of the following exception:
[Mon Apr 27 12:17:04.499012 2026] [wsgi:error] [pid 11:tid 139840332744384] [remote 10.0.0.83:56356] 2026-04-27 12:17:04.486 11 ERROR keystone.server.flask.application
[Mon Apr 27 12:17:04.499013 2026] [wsgi:error] [pid 11:tid 139840332744384] [remote 10.0.0.83:56356] 2026-04-27 12:17:04.486 11 ERROR keystone.server.flask.application
Traceback (most recent call last):
[Mon Apr 27 12:17:04.499015 2026] [wsgi:error] [pid 11:tid 139840332744384] [remote 10.0.0.83:56356] 2026-04-27 12:17:04.486 11 ERROR keystone.server.flask.application
File "/var/lib/openstack/lib/python3.12/site-packages/keystone/common/sql/core.py", line 575, in wrapper
[Mon Apr 27 12:17:04.499017 2026] [wsgi:error] [pid 11:tid 139840332744384] [remote 10.0.0.83:56356] 2026-04-27 12:17:04.486 11 ERROR keystone.server.flask.application return method(*args, **kwargs)
[Mon Apr 27 12:17:04.499019 2026] [wsgi:error] [pid 11:tid 139840332744384] [remote 10.0.0.83:56356] 2026-04-27 12:17:04.486 11 ERROR keystone.server.flask.application ^^^^^^^^^^^^^^^^^^^^^^^
[Mon Apr 27 12:17:04.499026 2026] [wsgi:error] [pid 11:tid 139840332744384] [remote 10.0.0.83:56356] 2026-04-27 12:17:04.486 11 ERROR keystone.server.flask.application
File "/var/lib/openstack/lib/python3.12/site-packages/keystone/resource/backends/sql.py", line 278, in create_project
[Mon Apr 27 12:17:04.499028 2026] [wsgi:error] [pid 11:tid 139840332744384] [remote 10.0.0.83:56356] 2026-04-27 12:17:04.486 11 ERROR keystone.server.flask.application with sql.session_for_write() as session:
[Mon Apr 27 12:17:04.499030 2026] [wsgi:error] [pid 11:tid 139840332744384] [remote 10.0.0.83:56356] 2026-04-27 12:17:04.486 11 ERROR keystone.server.flask.application
File "/usr/lib/python3.12/contextlib.py", line 144, in __exit__
[Mon Apr 27 12:17:04.499032 2026] [wsgi:error] [pid 11:tid 139840332744384] [remote 10.0.0.83:56356] 2026-04-27 12:17:04.486 11 ERROR keystone.server.flask.application next(self.gen)
[Mon Apr 27 12:17:04.499034 2026] [wsgi:error] [pid 11:tid 139840332744384] [remote 10.0.0.83:56356] 2026-04-27 12:17:04.486 11 ERROR keystone.server.flask.application
File "/var/lib/openstack/lib/python3.12/site-packages/oslo_db/sqlalchemy/enginefacade.py", line 1175, in _transaction_scope
[Mon Apr 27 12:17:04.499036 2026] [wsgi:error] [pid 11:tid 139840332744384] [remote 10.0.0.83:56356] 2026-04-27 12:17:04.486 11 ERROR keystone.server.flask.application with current._produce_block(
[Mon Apr 27 12:17:04.499038 2026] [wsgi:error] [pid 11:tid 139840332744384] [remote 10.0.0.83:56356] 2026-04-27 12:17:04.486 11 ERROR keystone.server.flask.application
File "/usr/lib/python3.12/contextlib.py", line 144, in __exit__
[Mon Apr 27 12:17:04.499040 2026] [wsgi:error] [pid 11:tid 139840332744384] [remote 10.0.0.83:56356] 2026-04-27 12:17:04.486 11 ERROR keystone.server.flask.application next(self.gen)
[Mon Apr 27 12:17:04.499042 2026] [wsgi:error] [pid 11:tid 139840332744384] [remote 10.0.0.83:56356] 2026-04-27 12:17:04.486 11 ERROR keystone.server.flask.application
File "/var/lib/openstack/lib/python3.12/site-packages/oslo_db/sqlalchemy/enginefacade.py", line 837, in _session
[Mon Apr 27 12:17:04.499044 2026] [wsgi:error] [pid 11:tid 139840332744384] [remote 10.0.0.83:56356] 2026-04-27 12:17:04.486 11 ERROR keystone.server.flask.application with excutils.save_and_reraise_exception():
[Mon Apr 27 12:17:04.499046 2026] [wsgi:error] [pid 11:tid 139840332744384] [remote 10.0.0.83:56356] 2026-04-27 12:17:04.486 11 ERROR keystone.server.flask.application
File "/var/lib/openstack/lib/python3.12/site-packages/oslo_utils/excutils.py", line 271, in __exit__
[Mon Apr 27 12:17:04.499048 2026] [wsgi:error] [pid 11:tid 139840332744384] [remote 10.0.0.83:56356] 2026-04-27 12:17:04.486 11 ERROR keystone.server.flask.application self.force_reraise()
[Mon Apr 27 12:17:04.499049 2026] [wsgi:error] [pid 11:tid 139840332744384] [remote 10.0.0.83:56356] 2026-04-27 12:17:04.486 11 ERROR keystone.server.flask.application
File "/var/lib/openstack/lib/python3.12/site-packages/oslo_utils/excutils.py", line 233, in force_reraise
[Mon Apr 27 12:17:04.499052 2026] [wsgi:error] [pid 11:tid 139840332744384] [remote 10.0.0.83:56356] 2026-04-27 12:17:04.486 11 ERROR keystone.server.flask.application raise self.value
[Mon Apr 27 12:17:04.499054 2026] [wsgi:error] [pid 11:tid 139840332744384] [remote 10.0.0.83:56356] 2026-04-27 12:17:04.486 11 ERROR keystone.server.flask.application
File "/var/lib/openstack/lib/python3.12/site-packages/oslo_db/sqlalchemy/enginefacade.py", line 835, in _session
[Mon Apr 27 12:17:04.499056 2026] [wsgi:error] [pid 11:tid 139840332744384] [remote 10.0.0.83:56356] 2026-04-27 12:17:04.486 11 ERROR keystone.server.flask.application self._end_session_transaction(self.session)
[Mon Apr 27 12:17:04.499058 2026] [wsgi:error] [pid 11:tid 139840332744384] [remote 10.0.0.83:56356] 2026-04-27 12:17:04.486 11 ERROR keystone.server.flask.application
File "/var/lib/openstack/lib/python3.12/site-packages/oslo_db/sqlalchemy/enginefacade.py", line 748, in _end_session_transaction
[Mon Apr 27 12:17:04.499060 2026] [wsgi:error] [pid 11:tid 139840332744384] [remote 10.0.0.83:56356] 2026-04-27 12:17:04.486 11 ERROR keystone.server.flask.application session.commit()
[Mon Apr 27 12:17:04.499062 2026] [wsgi:error] [pid 11:tid 139840332744384] [remote 10.0.0.83:56356] 2026-04-27 12:17:04.486 11 ERROR keystone.server.flask.application
File "/var/lib/openstack/lib/python3.12/site-packages/sqlalchemy/orm/session.py", line 2030, in commit
[Mon Apr 27 12:17:04.499065 2026] [wsgi:error] [pid 11:tid 139840332744384] [remote 10.0.0.83:56356] 2026-04-27 12:17:04.486 11 ERROR keystone.server.flask.application trans.commit(_to_root=True)
[Mon Apr 27 12:17:04.499067 2026] [wsgi:error] [pid 11:tid 139840332744384] [remote 10.0.0.83:56356] 2026-04-27 12:17:04.486 11 ERROR keystone.server.flask.application File "", line 2, in commit
[Mon Apr 27 12:17:04.499069 2026] [wsgi:error] [pid 11:tid 139840332744384] [remote 10.0.0.83:56356] 2026-04-27 12:17:04.486 11 ERROR keystone.server.flask.application
File "/var/lib/openstack/lib/python3.12/site-packages/sqlalchemy/orm/state_changes.py", line 137, in _go
[Mon Apr 27 12:17:04.499071 2026] [wsgi:error] [pid 11:tid 139840332744384] [remote 10.0.0.83:56356] 2026-04-27 12:17:04.486 11 ERROR keystone.server.flask.application ret_value = fn(self, *arg, **kw)
[Mon Apr 27 12:17:04.499073 2026] [wsgi:error] [pid 11:tid 139840332744384] [remote 10.0.0.83:56356] 2026-04-27 12:17:04.486 11 ERROR keystone.server.flask.application ^^^^^^^^^^^^^^^^^^^^
[Mon Apr 27 12:17:04.499075 2026] [wsgi:error] [pid 11:tid 139840332744384] [remote 10.0.0.83:56356] 2026-04-27 12:17:04.486 11 ERROR keystone.server.flask.application
File "/var/lib/openstack/lib/python3.12/site-packages/sqlalchemy/orm/session.py", line 1311, in commit
[Mon Apr 27 12:17:04.499077 2026] [wsgi:error] [pid 11:tid 139840332744384] [remote 10.0.0.83:56356] 2026-04-27 12:17:04.486 11 ERROR keystone.server.flask.application self._prepare_impl()
[Mon Apr 27 12:17:04.499079 2026] [wsgi:error] [pid 11:tid 139840332744384] [remote 10.0.0.83:56356] 2026-04-27 12:17:04.486 11 ERROR keystone.server.flask.application File "", line 2, in _prepare_impl
[Mon Apr 27 12:17:04.499080 2026] [wsgi:error] [pid 11:tid 139840332744384] [remote 10.0.0.83:56356] 2026-04-27 12:17:04.486 11 ERROR keystone.server.flask.application
File "/var/lib/openstack/lib/python3.12/site-packages/sqlalchemy/orm/state_changes.py", line 137, in _go
[Mon Apr 27 12:17:04.499083 2026] [wsgi:error] [pid 11:tid 139840332744384] [remote 10.0.0.83:56356] 2026-04-27 12:17:04.486 11 ERROR keystone.server.flask.application ret_value = fn(self, *arg, **kw)
[Mon Apr 27 12:17:04.499085 2026] [wsgi:error] [pid 11:tid 139840332744384] [remote 10.0.0.83:56356] 2026-04-27 12:17:04.486 11 ERROR keystone.server.flask.application ^^^^^^^^^^^^^^^^^^^^
[Mon Apr 27 12:17:04.499087 2026] [wsgi:error] [pid 11:tid 139840332744384] [remote 10.0.0.83:56356] 2026-04-27 12:17:04.486 11 ERROR keystone.server.flask.application
File "/var/lib/openstack/lib/python3.12/site-packages/sqlalchemy/orm/session.py", line 1286, in _prepare_impl
[Mon Apr 27 12:17:04.499089 2026] [wsgi:error] [pid 11:tid 139840332744384] [remote 10.0.0.83:56356] 2026-04-27 12:17:04.486 11 ERROR keystone.server.flask.application self.session.flush()
[Mon Apr 27 12:17:04.499090 2026] [wsgi:error] [pid 11:tid 139840332744384] [remote 10.0.0.83:56356] 2026-04-27 12:17:04.486 11 ERROR keystone.server.flask.application
File "/var/lib/openstack/lib/python3.12/site-packages/sqlalchemy/orm/session.py", line 4331, in flush
[Mon Apr 27 12:17:04.499093 2026] [wsgi:error] [pid 11:tid 139840332744384] [remote 10.0.0.83:56356] 2026-04-27 12:17:04.486 11 ERROR keystone.server.flask.application self._flush(objects)
[Mon Apr 27 12:17:04.499094 2026] [wsgi:error] [pid 11:tid 139840332744384] [remote 10.0.0.83:56356] 2026-04-27 12:17:04.486 11 ERROR keystone.server.flask.application
File "/var/lib/openstack/lib/python3.12/site-packages/sqlalchemy/orm/session.py", line 4466, in _flush
[Mon Apr 27 12:17:04.499096 2026] [wsgi:error] [pid 11:tid 139840332744384] [remote 10.0.0.83:56356] 2026-04-27 12:17:04.486 11 ERROR keystone.server.flask.application with util.safe_reraise():
[Mon Apr 27 12:17:04.499098 2026] [wsgi:error] [pid 11:tid 139840332744384] [remote 10.0.0.83:56356] 2026-04-27 12:17:04.486 11 ERROR keystone.server.flask.application
File "/var/lib/openstack/lib/python3.12/site-packages/sqlalchemy/util/langhelpers.py", line 121, in __exit__
[Mon Apr 27 12:17:04.499100 2026] [wsgi:error] [pid 11:tid 139840332744384] [remote 10.0.0.83:56356] 2026-04-27 12:17:04.486 11 ERROR keystone.server.flask.application raise exc_value.with_traceback(exc_tb)
[Mon Apr 27 12:17:04.499102 2026] [wsgi:error] [pid 11:tid 139840332744384] [remote 10.0.0.83:56356] 2026-04-27 12:17:04.486 11 ERROR keystone.server.flask.application
File "/var/lib/openstack/lib/python3.12/site-packages/sqlalchemy/orm/session.py", line 4427, in _flush
[Mon Apr 27 12:17:04.499104 2026] [wsgi:error] [pid 11:tid 139840332744384] [remote 10.0.0.83:56356] 2026-04-27 12:17:04.486 11 ERROR keystone.server.flask.application flush_context.execute()
[Mon Apr 27 12:17:04.499106 2026] [wsgi:error] [pid 11:tid 139840332744384] [remote 10.0.0.83:56356] 2026-04-27 12:17:04.486 11 ERROR keystone.server.flask.application
File "/var/lib/openstack/lib/python3.12/site-packages/sqlalchemy/orm/unitofwork.py", line 466, in execute
