May 20 01:28:58.271036 np0000175129 nova-conductor[111059]: DEBUG cotyledon.oslo_config_glue [-] vnc.server_proxyclient_address = 127.0.0.1 {{(pid=111059) log_opt_values /opt/stack/data/venv/lib/python3.12/site-packages/oslo_config/cfg.py:3256}}
May 20 01:28:58.271374 np0000175129 nova-conductor[111059]: DEBUG cotyledon.oslo_config_glue [-] vnc.vencrypt_ca_certs = None {{(pid=111059) log_opt_values /opt/stack/data/venv/lib/python3.12/site-packages/oslo_config/cfg.py:3256}}
May 20 01:28:58.271374 np0000175129 nova-conductor[111059]: DEBUG cotyledon.oslo_config_glue [-] vnc.vencrypt_client_cert = None {{(pid=111059) log_opt_values /opt/stack/data/venv/lib/python3.12/site-packages/oslo_config/cfg.py:3256}}
May 20 01:28:58.271374 np0000175129 nova-conductor[111059]: DEBUG cotyledon.oslo_config_glue [-] vnc.vencrypt_client_key = None {{(pid=111059) log_opt_values /opt/stack/data/venv/lib/python3.12/site-packages/oslo_config/cfg.py:3256}}
May 20 01:28:58.271374 np0000175129 nova-conductor[111059]: DEBUG cotyledon.oslo_config_glue [-] workarounds.disable_compute_service_check_for_ffu = False {{(pid=111059) log_opt_values /opt/stack/data/venv/lib/python3.12/site-packages/oslo_config/cfg.py:3256}}
May 20 01:28:58.271374 np0000175129 nova-conductor[111059]: DEBUG cotyledon.oslo_config_glue [-] workarounds.disable_deep_image_inspection = False {{(pid=111059) log_opt_values /opt/stack/data/venv/lib/python3.12/site-packages/oslo_config/cfg.py:3256}}
May 20 01:28:58.271374 np0000175129 nova-conductor[111059]: DEBUG cotyledon.oslo_config_glue [-] workarounds.disable_fallback_pcpu_query = False {{(pid=111059) log_opt_values /opt/stack/data/venv/lib/python3.12/site-packages/oslo_config/cfg.py:3256}}
May 20 01:28:58.271374 np0000175129 nova-conductor[111059]: DEBUG cotyledon.oslo_config_glue [-] workarounds.disable_group_policy_check_upcall = False {{(pid=111059) log_opt_values /opt/stack/data/venv/lib/python3.12/site-packages/oslo_config/cfg.py:3256}}
May 20 01:28:58.271374 np0000175129 nova-conductor[111059]: DEBUG cotyledon.oslo_config_glue [-] workarounds.disable_libvirt_livesnapshot = False {{(pid=111059) log_opt_values /opt/stack/data/venv/lib/python3.12/site-packages/oslo_config/cfg.py:3256}}
May 20 01:28:58.271374 np0000175129 nova-conductor[111059]: DEBUG cotyledon.oslo_config_glue [-] workarounds.disable_rootwrap = False {{(pid=111059) log_opt_values /opt/stack/data/venv/lib/python3.12/site-packages/oslo_config/cfg.py:3256}}
May 20 01:28:58.271714 np0000175129 nova-conductor[111059]: DEBUG cotyledon.oslo_config_glue [-] workarounds.enable_numa_live_migration = False {{(pid=111059) log_opt_values /opt/stack/data/venv/lib/python3.12/site-packages/oslo_config/cfg.py:3256}}
May 20 01:28:58.271714 np0000175129 nova-conductor[111059]: DEBUG cotyledon.oslo_config_glue [-] workarounds.enable_qemu_monitor_announce_self = False {{(pid=111059) log_opt_values /opt/stack/data/venv/lib/python3.12/site-packages/oslo_config/cfg.py:3256}}
May 20 01:28:58.271714 np0000175129 nova-conductor[111059]: DEBUG cotyledon.oslo_config_glue [-] workarounds.ensure_libvirt_rbd_instance_dir_cleanup = False {{(pid=111059) log_opt_values /opt/stack/data/venv/lib/python3.12/site-packages/oslo_config/cfg.py:3256}}
May 20 01:28:58.271714 np0000175129 nova-conductor[111059]: DEBUG cotyledon.oslo_config_glue [-] workarounds.handle_virt_lifecycle_events = True {{(pid=111059) log_opt_values /opt/stack/data/venv/lib/python3.12/site-packages/oslo_config/cfg.py:3256}}
May 20 01:28:58.271714 np0000175129 nova-conductor[111059]: DEBUG cotyledon.oslo_config_glue [-] workarounds.libvirt_disable_apic = False {{(pid=111059) log_opt_values /opt/stack/data/venv/lib/python3.12/site-packages/oslo_config/cfg.py:3256}}
May 20 01:28:58.271714 np0000175129 nova-conductor[111059]: DEBUG cotyledon.oslo_config_glue [-] workarounds.never_download_image_if_on_rbd = False {{(pid=111059) log_opt_values /opt/stack/data/venv/lib/python3.12/site-packages/oslo_config/cfg.py:3256}}
May 20 01:28:58.271714 np0000175129 nova-conductor[111059]: DEBUG cotyledon.oslo_config_glue [-] workarounds.qemu_monitor_announce_self_count = 3 {{(pid=111059) log_opt_values /opt/stack/data/venv/lib/python3.12/site-packages/oslo_config/cfg.py:3256}}
May 20 01:28:58.271714 np0000175129 nova-conductor[111059]: DEBUG cotyledon.oslo_config_glue [-] workarounds.qemu_monitor_announce_self_interval = 1 {{(pid=111059) log_opt_values /opt/stack/data/venv/lib/python3.12/site-packages/oslo_config/cfg.py:3256}}
May 20 01:28:58.271714 np0000175129 nova-conductor[111059]: DEBUG cotyledon.oslo_config_glue [-] workarounds.reserve_disk_resource_for_image_cache = False {{(pid=111059) log_opt_values /opt/stack/data/venv/lib/python3.12/site-packages/oslo_config/cfg.py:3256}}
May 20 01:28:58.272044 np0000175129 nova-conductor[111059]: DEBUG cotyledon.oslo_config_glue [-] workarounds.skip_cpu_compare_at_startup = False {{(pid=111059) log_opt_values /opt/stack/data/venv/lib/python3.12/site-packages/oslo_config/cfg.py:3256}}
May 20 01:28:58.272044 np0000175129 nova-conductor[111059]: DEBUG cotyledon.oslo_config_glue [-] workarounds.skip_cpu_compare_on_dest = False {{(pid=111059) log_opt_values /opt/stack/data/venv/lib/python3.12/site-packages/oslo_config/cfg.py:3256}}
May 20 01:28:58.272044 np0000175129 nova-conductor[111059]: DEBUG cotyledon.oslo_config_glue [-] workarounds.skip_hypervisor_version_check_on_lm = False {{(pid=111059) log_opt_values /opt/stack/data/venv/lib/python3.12/site-packages/oslo_config/cfg.py:3256}}
May 20 01:28:58.272044 np0000175129 nova-conductor[111059]: DEBUG cotyledon.oslo_config_glue [-] workarounds.skip_reserve_in_use_ironic_nodes = False {{(pid=111059) log_opt_values /opt/stack/data/venv/lib/python3.12/site-packages/oslo_config/cfg.py:3256}}
May 20 01:28:58.272044 np0000175129 nova-conductor[111059]: DEBUG cotyledon.oslo_config_glue [-] workarounds.unified_limits_count_pcpu_as_vcpu = False {{(pid=111059) log_opt_values /opt/stack/data/venv/lib/python3.12/site-packages/oslo_config/cfg.py:3256}}
May 20 01:28:58.272044 np0000175129 nova-conductor[111059]: DEBUG cotyledon.oslo_config_glue [-] workarounds.wait_for_vif_plugged_event_during_hard_reboot = [] {{(pid=111059) log_opt_values /opt/stack/data/venv/lib/python3.12/site-packages/oslo_config/cfg.py:3256}}
May 20 01:28:58.272044 np0000175129 nova-conductor[111059]: DEBUG cotyledon.oslo_config_glue [-] wsgi.api_paste_config = /etc/nova/api-paste.ini {{(pid=111059) log_opt_values /opt/stack/data/venv/lib/python3.12/site-packages/oslo_config/cfg.py:3256}}
May 20 01:28:58.272044 np0000175129 nova-conductor[111059]: DEBUG cotyledon.oslo_config_glue [-] wsgi.secure_proxy_ssl_header = None {{(pid=111059) log_opt_values /opt/stack/data/venv/lib/python3.12/site-packages/oslo_config/cfg.py:3256}}
May 20 01:28:58.272044 np0000175129 nova-conductor[111059]: DEBUG cotyledon.oslo_config_glue [-] zvm.ca_file = None {{(pid=111059) log_opt_values /opt/stack/data/venv/lib/python3.12/site-packages/oslo_config/cfg.py:3256}}
May 20 01:28:58.272370 np0000175129 nova-conductor[111059]: DEBUG cotyledon.oslo_config_glue [-] zvm.cloud_connector_url = None {{(pid=111059) log_opt_values /opt/stack/data/venv/lib/python3.12/site-packages/oslo_config/cfg.py:3256}}
May 20 01:28:58.272370 np0000175129 nova-conductor[111059]: DEBUG cotyledon.oslo_config_glue [-] zvm.image_tmp_path = /opt/stack/data/nova/images {{(pid=111059) log_opt_values /opt/stack/data/venv/lib/python3.12/site-packages/oslo_config/cfg.py:3256}}
May 20 01:28:58.272370 np0000175129 nova-conductor[111059]: DEBUG cotyledon.oslo_config_glue [-] zvm.reachable_timeout = 300 {{(pid=111059) log_opt_values /opt/stack/data/venv/lib/python3.12/site-packages/oslo_config/cfg.py:3256}}
May 20 01:28:58.272370 np0000175129 nova-conductor[111059]: DEBUG cotyledon.oslo_config_glue [-] oslo_versionedobjects.fatal_exception_format_errors = False {{(pid=111059) log_opt_values /opt/stack/data/venv/lib/python3.12/site-packages/oslo_config/cfg.py:3256}}
May 20 01:28:58.272370 np0000175129 nova-conductor[111059]: DEBUG cotyledon.oslo_config_glue [-] oslo_middleware.http_basic_auth_user_file = /etc/htpasswd {{(pid=111059) log_opt_values /opt/stack/data/venv/lib/python3.12/site-packages/oslo_config/cfg.py:3256}}
May 20 01:28:58.272370 np0000175129 nova-conductor[111059]: DEBUG cotyledon.oslo_config_glue [-] profiler.connection_string = messaging:// {{(pid=111059) log_opt_values /opt/stack/data/venv/lib/python3.12/site-packages/oslo_config/cfg.py:3256}}
May 20 01:28:58.272370 np0000175129 nova-conductor[111059]: DEBUG cotyledon.oslo_config_glue [-] profiler.enabled = False {{(pid=111059) log_opt_values /opt/stack/data/venv/lib/python3.12/site-packages/oslo_config/cfg.py:3256}}
May 20 01:28:58.272370 np0000175129 nova-conductor[111059]: DEBUG cotyledon.oslo_config_glue [-] profiler.es_doc_type = notification {{(pid=111059) log_opt_values /opt/stack/data/venv/lib/python3.12/site-packages/oslo_config/cfg.py:3256}}
May 20 01:28:58.272370 np0000175129 nova-conductor[111059]: DEBUG cotyledon.oslo_config_glue [-] profiler.es_scroll_size = 10000 {{(pid=111059) log_opt_values /opt/stack/data/venv/lib/python3.12/site-packages/oslo_config/cfg.py:3256}}
May 20 01:28:58.272745 np0000175129 nova-conductor[111059]: DEBUG cotyledon.oslo_config_glue [-] profiler.es_scroll_time = 2m {{(pid=111059) log_opt_values /opt/stack/data/venv/lib/python3.12/site-packages/oslo_config/cfg.py:3256}}
May 20 01:28:58.272745 np0000175129 nova-conductor[111059]: DEBUG cotyledon.oslo_config_glue [-] profiler.filter_error_trace = False {{(pid=111059) log_opt_values /opt/stack/data/venv/lib/python3.12/site-packages/oslo_config/cfg.py:3256}}
May 20 01:28:58.272745 np0000175129 nova-conductor[111059]: DEBUG cotyledon.oslo_config_glue [-] profiler.hmac_keys = **** {{(pid=111059) log_opt_values /opt/stack/data/venv/lib/python3.12/site-packages/oslo_config/cfg.py:3256}}
May 20 01:28:58.272745 np0000175129 nova-conductor[111059]: DEBUG cotyledon.oslo_config_glue [-] profiler.sentinel_service_name = mymaster {{(pid=111059) log_opt_values /opt/stack/data/venv/lib/python3.12/site-packages/oslo_config/cfg.py:3256}}
May 20 01:28:58.272745 np0000175129 nova-conductor[111059]: DEBUG cotyledon.oslo_config_glue [-] profiler.socket_timeout = 0.1 {{(pid=111059) log_opt_values /opt/stack/data/venv/lib/python3.12/site-packages/oslo_config/cfg.py:3256}}
May 20 01:28:58.272745 np0000175129 nova-conductor[111059]: DEBUG cotyledon.oslo_config_glue [-] profiler.trace_requests = False {{(pid=111059) log_opt_values /opt/stack/data/venv/lib/python3.12/site-packages/oslo_config/cfg.py:3256}}
May 20 01:28:58.272745 np0000175129 nova-conductor[111059]: DEBUG cotyledon.oslo_config_glue [-] profiler.trace_sqlalchemy = False {{(pid=111059) log_opt_values /opt/stack/data/venv/lib/python3.12/site-packages/oslo_config/cfg.py:3256}}
May 20 01:28:58.272745 np0000175129 nova-conductor[111059]: DEBUG cotyledon.oslo_config_glue [-] profiler_jaeger.process_tags = {} {{(pid=111059) log_opt_values /opt/stack/data/venv/lib/python3.12/site-packages/oslo_config/cfg.py:3256}}
May 20 01:28:58.272745 np0000175129 nova-conductor[111059]: DEBUG cotyledon.oslo_config_glue [-] profiler_jaeger.service_name_prefix = None {{(pid=111059) log_opt_values /opt/stack/data/venv/lib/python3.12/site-packages/oslo_config/cfg.py:3256}}
May 20 01:28:58.273103 np0000175129 nova-conductor[111059]: DEBUG cotyledon.oslo_config_glue [-] profiler_otlp.service_name_prefix = None {{(pid=111059) log_opt_values /opt/stack/data/venv/lib/python3.12/site-packages/oslo_config/cfg.py:3256}}
May 20 01:28:58.273103 np0000175129 nova-conductor[111059]: DEBUG cotyledon.oslo_config_glue [-] oslo_messaging_rabbit.amqp_auto_delete = False {{(pid=111059) log_opt_values /opt/stack/data/venv/lib/python3.12/site-packages/oslo_config/cfg.py:3256}}
May 20 01:28:58.273103 np0000175129 nova-conductor[111059]: DEBUG cotyledon.oslo_config_glue [-] oslo_messaging_rabbit.amqp_durable_queues = False {{(pid=111059) log_opt_values /opt/stack/data/venv/lib/python3.12/site-packages/oslo_config/cfg.py:3256}}
May 20 01:28:58.273103 np0000175129 nova-conductor[111059]: DEBUG cotyledon.oslo_config_glue [-] oslo_messaging_rabbit.conn_pool_min_size = 2 {{(pid=111059) log_opt_values /opt/stack/data/venv/lib/python3.12/site-packages/oslo_config/cfg.py:3256}}
May 20 01:28:58.273103 np0000175129 nova-conductor[111059]: DEBUG cotyledon.oslo_config_glue [-] oslo_messaging_rabbit.conn_pool_ttl = 1200 {{(pid=111059) log_opt_values /opt/stack/data/venv/lib/python3.12/site-packages/oslo_config/cfg.py:3256}}
May 20 01:28:58.273103 np0000175129 nova-conductor[111059]: DEBUG cotyledon.oslo_config_glue [-] oslo_messaging_rabbit.direct_mandatory_flag = True {{(pid=111059) log_opt_values /opt/stack/data/venv/lib/python3.12/site-packages/oslo_config/cfg.py:3256}}
May 20 01:28:58.273103 np0000175129 nova-conductor[111059]: DEBUG cotyledon.oslo_config_glue [-] oslo_messaging_rabbit.enable_cancel_on_failover = False {{(pid=111059) log_opt_values /opt/stack/data/venv/lib/python3.12/site-packages/oslo_config/cfg.py:3256}}
May 20 01:28:58.273103 np0000175129 nova-conductor[111059]: DEBUG cotyledon.oslo_config_glue [-] oslo_messaging_rabbit.heartbeat_rate = 3 {{(pid=111059) log_opt_values /opt/stack/data/venv/lib/python3.12/site-packages/oslo_config/cfg.py:3256}}
May 20 01:28:58.273103 np0000175129 nova-conductor[111059]: DEBUG cotyledon.oslo_config_glue [-] oslo_messaging_rabbit.heartbeat_timeout_threshold = 60 {{(pid=111059) log_opt_values /opt/stack/data/venv/lib/python3.12/site-packages/oslo_config/cfg.py:3256}}
May 20 01:28:58.273480 np0000175129 nova-conductor[111059]: DEBUG cotyledon.oslo_config_glue [-] oslo_messaging_rabbit.hostname = np0000175129 {{(pid=111059) log_opt_values /opt/stack/data/venv/lib/python3.12/site-packages/oslo_config/cfg.py:3256}}
May 20 01:28:58.273480 np0000175129 nova-conductor[111059]: DEBUG cotyledon.oslo_config_glue [-] oslo_messaging_rabbit.kombu_compression = None {{(pid=111059) log_opt_values /opt/stack/data/venv/lib/python3.12/site-packages/oslo_config/cfg.py:3256}}
May 20 01:28:58.273480 np0000175129 nova-conductor[111059]: DEBUG cotyledon.oslo_config_glue [-] oslo_messaging_rabbit.kombu_failover_strategy = round-robin {{(pid=111059) log_opt_values /opt/stack/data/venv/lib/python3.12/site-packages/oslo_config/cfg.py:3256}}
May 20 01:28:58.273480 np0000175129 nova-conductor[111059]: DEBUG cotyledon.oslo_config_glue [-] oslo_messaging_rabbit.kombu_missing_consumer_retry_timeout = 60 {{(pid=111059) log_opt_values /opt/stack/data/venv/lib/python3.12/site-packages/oslo_config/cfg.py:3256}}
May 20 01:28:58.273480 np0000175129 nova-conductor[111059]: DEBUG cotyledon.oslo_config_glue [-] oslo_messaging_rabbit.kombu_reconnect_delay = 1.0 {{(pid=111059) log_opt_values /opt/stack/data/venv/lib/python3.12/site-packages/oslo_config/cfg.py:3256}}
May 20 01:28:58.273480 np0000175129 nova-conductor[111059]: DEBUG cotyledon.oslo_config_glue [-] oslo_messaging_rabbit.kombu_reconnect_splay = 0.0 {{(pid=111059) log_opt_values /opt/stack/data/venv/lib/python3.12/site-packages/oslo_config/cfg.py:3256}}
May 20 01:28:58.273480 np0000175129 nova-conductor[111059]: DEBUG cotyledon.oslo_config_glue [-] oslo_messaging_rabbit.processname = nova-conductor {{(pid=111059) log_opt_values /opt/stack/data/venv/lib/python3.12/site-packages/oslo_config/cfg.py:3256}}
May 20 01:28:58.273480 np0000175129 nova-conductor[111059]: DEBUG cotyledon.oslo_config_glue [-] oslo_messaging_rabbit.rabbit_ha_queues = False {{(pid=111059) log_opt_values /opt/stack/data/venv/lib/python3.12/site-packages/oslo_config/cfg.py:3256}}
May 20 01:28:58.273480 np0000175129 nova-conductor[111059]: DEBUG cotyledon.oslo_config_glue [-] oslo_messaging_rabbit.rabbit_interval_max = 30 {{(pid=111059) log_opt_values /opt/stack/data/venv/lib/python3.12/site-packages/oslo_config/cfg.py:3256}}
May 20 01:28:58.273855 np0000175129 nova-conductor[111059]: DEBUG cotyledon.oslo_config_glue [-] oslo_messaging_rabbit.rabbit_login_method = AMQPLAIN {{(pid=111059) log_opt_values /opt/stack/data/venv/lib/python3.12/site-packages/oslo_config/cfg.py:3256}}
May 20 01:28:58.273855 np0000175129 nova-conductor[111059]: DEBUG cotyledon.oslo_config_glue [-] oslo_messaging_rabbit.rabbit_qos_prefetch_count = 0 {{(pid=111059) log_opt_values /opt/stack/data/venv/lib/python3.12/site-packages/oslo_config/cfg.py:3256}}
May 20 01:28:58.273855 np0000175129 nova-conductor[111059]: DEBUG cotyledon.oslo_config_glue [-] oslo_messaging_rabbit.rabbit_quorum_delivery_limit = 0 {{(pid=111059) log_opt_values /opt/stack/data/venv/lib/python3.12/site-packages/oslo_config/cfg.py:3256}}
May 20 01:28:58.273855 np0000175129 nova-conductor[111059]: DEBUG cotyledon.oslo_config_glue [-] oslo_messaging_rabbit.rabbit_quorum_max_memory_bytes = 0 {{(pid=111059) log_opt_values /opt/stack/data/venv/lib/python3.12/site-packages/oslo_config/cfg.py:3256}}
May 20 01:28:58.273855 np0000175129 nova-conductor[111059]: DEBUG cotyledon.oslo_config_glue [-] oslo_messaging_rabbit.rabbit_quorum_max_memory_length = 0 {{(pid=111059) log_opt_values /opt/stack/data/venv/lib/python3.12/site-packages/oslo_config/cfg.py:3256}}
May 20 01:28:58.274035 np0000175129 nova-conductor[111043]: DEBUG dbcounter [-] [111043] Writer thread running {{(pid=111043) stat_writer /opt/stack/data/venv/lib/python3.12/site-packages/dbcounter.py:102}}
May 20 01:28:58.274087 np0000175129 nova-conductor[111059]: DEBUG cotyledon.oslo_config_glue [-] oslo_messaging_rabbit.rabbit_quorum_queue = False {{(pid=111059) log_opt_values /opt/stack/data/venv/lib/python3.12/site-packages/oslo_config/cfg.py:3256}}
May 20 01:28:58.274087 np0000175129 nova-conductor[111059]: DEBUG cotyledon.oslo_config_glue [-] oslo_messaging_rabbit.rabbit_retry_backoff = 2 {{(pid=111059) log_opt_values /opt/stack/data/venv/lib/python3.12/site-packages/oslo_config/cfg.py:3256}}
May 20 01:28:58.274087 np0000175129 nova-conductor[111059]: DEBUG cotyledon.oslo_config_glue [-] oslo_messaging_rabbit.rabbit_retry_interval = 1 {{(pid=111059) log_opt_values /opt/stack/data/venv/lib/python3.12/site-packages/oslo_config/cfg.py:3256}}
May 20 01:28:58.274087 np0000175129 nova-conductor[111059]: DEBUG cotyledon.oslo_config_glue [-] oslo_messaging_rabbit.rabbit_stream_fanout = False {{(pid=111059) log_opt_values /opt/stack/data/venv/lib/python3.12/site-packages/oslo_config/cfg.py:3256}}
May 20 01:28:58.274087 np0000175129 nova-conductor[111059]: DEBUG cotyledon.oslo_config_glue [-] oslo_messaging_rabbit.rabbit_transient_queues_ttl = 1800 {{(pid=111059) log_opt_values /opt/stack/data/venv/lib/python3.12/site-packages/oslo_config/cfg.py:3256}}
May 20 01:28:58.274087 np0000175129 nova-conductor[111059]: DEBUG cotyledon.oslo_config_glue [-] oslo_messaging_rabbit.rabbit_transient_quorum_queue = False {{(pid=111059) log_opt_values /opt/stack/data/venv/lib/python3.12/site-packages/oslo_config/cfg.py:3256}}
May 20 01:28:58.274087 np0000175129 nova-conductor[111059]: DEBUG cotyledon.oslo_config_glue [-] oslo_messaging_rabbit.rpc_conn_pool_size = 30 {{(pid=111059) log_opt_values /opt/stack/data/venv/lib/python3.12/site-packages/oslo_config/cfg.py:3256}}
May 20 01:28:58.274087 np0000175129 nova-conductor[111059]: DEBUG cotyledon.oslo_config_glue [-] oslo_messaging_rabbit.ssl = False {{(pid=111059) log_opt_values /opt/stack/data/venv/lib/python3.12/site-packages/oslo_config/cfg.py:3256}}
May 20 01:28:58.274087 np0000175129 nova-conductor[111059]: DEBUG cotyledon.oslo_config_glue [-] oslo_messaging_rabbit.ssl_ca_file = {{(pid=111059) log_opt_values /opt/stack/data/venv/lib/python3.12/site-packages/oslo_config/cfg.py:3256}}
May 20 01:28:58.274398 np0000175129 nova-conductor[111059]: DEBUG cotyledon.oslo_config_glue [-] oslo_messaging_rabbit.ssl_cert_file = {{(pid=111059) log_opt_values /opt/stack/data/venv/lib/python3.12/site-packages/oslo_config/cfg.py:3256}}
May 20 01:28:58.274398 np0000175129 nova-conductor[111059]: DEBUG cotyledon.oslo_config_glue [-] oslo_messaging_rabbit.ssl_enforce_fips_mode = False {{(pid=111059) log_opt_values /opt/stack/data/venv/lib/python3.12/site-packages/oslo_config/cfg.py:3256}}
May 20 01:28:58.274398 np0000175129 nova-conductor[111059]: DEBUG cotyledon.oslo_config_glue [-] oslo_messaging_rabbit.ssl_key_file = {{(pid=111059) log_opt_values /opt/stack/data/venv/lib/python3.12/site-packages/oslo_config/cfg.py:3256}}
May 20 01:28:58.274398 np0000175129 nova-conductor[111059]: DEBUG cotyledon.oslo_config_glue [-] oslo_messaging_rabbit.ssl_version = {{(pid=111059) log_opt_values /opt/stack/data/venv/lib/python3.12/site-packages/oslo_config/cfg.py:3256}}
May 20 01:28:58.274398 np0000175129 nova-conductor[111059]: DEBUG cotyledon.oslo_config_glue [-] oslo_messaging_rabbit.use_queue_manager = False {{(pid=111059) log_opt_values /opt/stack/data/venv/lib/python3.12/site-packages/oslo_config/cfg.py:3256}}
May 20 01:28:58.274398 np0000175129 nova-conductor[111059]: DEBUG cotyledon.oslo_config_glue [-] oslo_messaging_notifications.driver = ['messagingv2'] {{(pid=111059) log_opt_values /opt/stack/data/venv/lib/python3.12/site-packages/oslo_config/cfg.py:3256}}
May 20 01:28:58.274398 np0000175129 nova-conductor[111059]: DEBUG cotyledon.oslo_config_glue [-] oslo_messaging_notifications.retry = -1 {{(pid=111059) log_opt_values /opt/stack/data/venv/lib/python3.12/site-packages/oslo_config/cfg.py:3256}}
May 20 01:28:58.274398 np0000175129 nova-conductor[111059]: DEBUG cotyledon.oslo_config_glue [-] oslo_messaging_notifications.topics = ['notifications'] {{(pid=111059) log_opt_values /opt/stack/data/venv/lib/python3.12/site-packages/oslo_config/cfg.py:3256}}
May 20 01:28:58.274398 np0000175129 nova-conductor[111059]: DEBUG cotyledon.oslo_config_glue [-] oslo_messaging_notifications.transport_url = **** {{(pid=111059) log_opt_values /opt/stack/data/venv/lib/python3.12/site-packages/oslo_config/cfg.py:3256}}
May 20 01:28:58.274782 np0000175129 nova-conductor[111059]: DEBUG cotyledon.oslo_config_glue [-] oslo_limit.auth_section = None {{(pid=111059) log_opt_values /opt/stack/data/venv/lib/python3.12/site-packages/oslo_config/cfg.py:3256}}
May 20 01:28:58.274782 np0000175129 nova-conductor[111059]: DEBUG cotyledon.oslo_config_glue [-] oslo_limit.auth_type = None {{(pid=111059) log_opt_values /opt/stack/data/venv/lib/python3.12/site-packages/oslo_config/cfg.py:3256}}
May 20 01:28:58.274782 np0000175129 nova-conductor[111059]: DEBUG cotyledon.oslo_config_glue [-] oslo_limit.cafile = None {{(pid=111059) log_opt_values /opt/stack/data/venv/lib/python3.12/site-packages/oslo_config/cfg.py:3256}}
May 20 01:28:58.274782 np0000175129 nova-conductor[111059]: DEBUG cotyledon.oslo_config_glue [-] oslo_limit.certfile = None {{(pid=111059) log_opt_values /opt/stack/data/venv/lib/python3.12/site-packages/oslo_config/cfg.py:3256}}
May 20 01:28:58.274782 np0000175129 nova-conductor[111059]: DEBUG cotyledon.oslo_config_glue [-] oslo_limit.collect_timing = False {{(pid=111059) log_opt_values /opt/stack/data/venv/lib/python3.12/site-packages/oslo_config/cfg.py:3256}}
May 20 01:28:58.274782 np0000175129 nova-conductor[111059]: DEBUG cotyledon.oslo_config_glue [-] oslo_limit.connect_retries = None {{(pid=111059) log_opt_values /opt/stack/data/venv/lib/python3.12/site-packages/oslo_config/cfg.py:3256}}
May 20 01:28:58.274782 np0000175129 nova-conductor[111059]: DEBUG cotyledon.oslo_config_glue [-] oslo_limit.connect_retry_delay = None {{(pid=111059) log_opt_values /opt/stack/data/venv/lib/python3.12/site-packages/oslo_config/cfg.py:3256}}
May 20 01:28:58.274782 np0000175129 nova-conductor[111059]: DEBUG cotyledon.oslo_config_glue [-] oslo_limit.endpoint_id = None {{(pid=111059) log_opt_values /opt/stack/data/venv/lib/python3.12/site-packages/oslo_config/cfg.py:3256}}
May 20 01:28:58.274782 np0000175129 nova-conductor[111059]: DEBUG cotyledon.oslo_config_glue [-] oslo_limit.endpoint_interface = public {{(pid=111059) log_opt_values /opt/stack/data/venv/lib/python3.12/site-packages/oslo_config/cfg.py:3256}}
May 20 01:28:58.275098 np0000175129 nova-conductor[111059]: DEBUG cotyledon.oslo_config_glue [-] oslo_limit.endpoint_override = None {{(pid=111059) log_opt_values /opt/stack/data/venv/lib/python3.12/site-packages/oslo_config/cfg.py:3256}}
May 20 01:28:58.275098 np0000175129 nova-conductor[111059]: DEBUG cotyledon.oslo_config_glue [-] oslo_limit.endpoint_region_name = None {{(pid=111059) log_opt_values /opt/stack/data/venv/lib/python3.12/site-packages/oslo_config/cfg.py:3256}}
May 20 01:28:58.275098 np0000175129 nova-conductor[111059]: DEBUG cotyledon.oslo_config_glue [-] oslo_limit.endpoint_service_name = None {{(pid=111059) log_opt_values /opt/stack/data/venv/lib/python3.12/site-packages/oslo_config/cfg.py:3256}}
May 20 01:28:58.275098 np0000175129 nova-conductor[111059]: DEBUG cotyledon.oslo_config_glue [-] oslo_limit.endpoint_service_type = None {{(pid=111059) log_opt_values /opt/stack/data/venv/lib/python3.12/site-packages/oslo_config/cfg.py:3256}}
May 20 01:28:58.275098 np0000175129 nova-conductor[111059]: DEBUG cotyledon.oslo_config_glue [-] oslo_limit.insecure = False {{(pid=111059) log_opt_values /opt/stack/data/venv/lib/python3.12/site-packages/oslo_config/cfg.py:3256}}
May 20 01:28:58.275098 np0000175129 nova-conductor[111059]: DEBUG cotyledon.oslo_config_glue [-] oslo_limit.keyfile = None {{(pid=111059) log_opt_values /opt/stack/data/venv/lib/python3.12/site-packages/oslo_config/cfg.py:3256}}
May 20 01:28:58.275098 np0000175129 nova-conductor[111059]: DEBUG cotyledon.oslo_config_glue [-] oslo_limit.max_version = None {{(pid=111059) log_opt_values /opt/stack/data/venv/lib/python3.12/site-packages/oslo_config/cfg.py:3256}}
May 20 01:28:58.275098 np0000175129 nova-conductor[111059]: DEBUG cotyledon.oslo_config_glue [-] oslo_limit.min_version = None {{(pid=111059) log_opt_values /opt/stack/data/venv/lib/python3.12/site-packages/oslo_config/cfg.py:3256}}
May 20 01:28:58.275098 np0000175129 nova-conductor[111059]: DEBUG cotyledon.oslo_config_glue [-] oslo_limit.region_name = None {{(pid=111059) log_opt_values /opt/stack/data/venv/lib/python3.12/site-packages/oslo_config/cfg.py:3256}}
May 20 01:28:58.275419 np0000175129 nova-conductor[111059]: DEBUG cotyledon.oslo_config_glue [-] oslo_limit.retriable_status_codes = None {{(pid=111059) log_opt_values /opt/stack/data/venv/lib/python3.12/site-packages/oslo_config/cfg.py:3256}}
May 20 01:28:58.275419 np0000175129 nova-conductor[111059]: DEBUG cotyledon.oslo_config_glue [-] oslo_limit.service_name = None {{(pid=111059) log_opt_values /opt/stack/data/venv/lib/python3.12/site-packages/oslo_config/cfg.py:3256}}
May 20 01:28:58.275419 np0000175129 nova-conductor[111059]: DEBUG cotyledon.oslo_config_glue [-] oslo_limit.service_type = None {{(pid=111059) log_opt_values /opt/stack/data/venv/lib/python3.12/site-packages/oslo_config/cfg.py:3256}}
May 20 01:28:58.275419 np0000175129 nova-conductor[111059]: DEBUG cotyledon.oslo_config_glue [-] oslo_limit.split_loggers = False {{(pid=111059) log_opt_values /opt/stack/data/venv/lib/python3.12/site-packages/oslo_config/cfg.py:3256}}
May 20 01:28:58.275419 np0000175129 nova-conductor[111059]: DEBUG cotyledon.oslo_config_glue [-] oslo_limit.status_code_retries = None {{(pid=111059) log_opt_values /opt/stack/data/venv/lib/python3.12/site-packages/oslo_config/cfg.py:3256}}
May 20 01:28:58.275419 np0000175129 nova-conductor[111059]: DEBUG cotyledon.oslo_config_glue [-] oslo_limit.status_code_retry_delay = None {{(pid=111059) log_opt_values /opt/stack/data/venv/lib/python3.12/site-packages/oslo_config/cfg.py:3256}}
May 20 01:28:58.275419 np0000175129 nova-conductor[111059]: DEBUG cotyledon.oslo_config_glue [-] oslo_limit.timeout = None {{(pid=111059) log_opt_values /opt/stack/data/venv/lib/python3.12/site-packages/oslo_config/cfg.py:3256}}
May 20 01:28:58.275419 np0000175129 nova-conductor[111059]: DEBUG cotyledon.oslo_config_glue [-] oslo_limit.valid_interfaces = None {{(pid=111059) log_opt_values /opt/stack/data/venv/lib/python3.12/site-packages/oslo_config/cfg.py:3256}}
May 20 01:28:58.275419 np0000175129 nova-conductor[111059]: DEBUG cotyledon.oslo_config_glue [-] oslo_limit.version = None {{(pid=111059) log_opt_values /opt/stack/data/venv/lib/python3.12/site-packages/oslo_config/cfg.py:3256}}
May 20 01:28:58.275779 np0000175129 nova-conductor[111059]: DEBUG cotyledon.oslo_config_glue [-] oslo_reports.file_event_handler = None {{(pid=111059) log_opt_values /opt/stack/data/venv/lib/python3.12/site-packages/oslo_config/cfg.py:3256}}
May 20 01:28:58.275779 np0000175129 nova-conductor[111059]: DEBUG cotyledon.oslo_config_glue [-] oslo_reports.file_event_handler_interval = 1 {{(pid=111059) log_opt_values /opt/stack/data/venv/lib/python3.12/site-packages/oslo_config/cfg.py:3256}}
May 20 01:28:58.275779 np0000175129 nova-conductor[111059]: DEBUG cotyledon.oslo_config_glue [-] oslo_reports.log_dir = None {{(pid=111059) log_opt_values /opt/stack/data/venv/lib/python3.12/site-packages/oslo_config/cfg.py:3256}}
May 20 01:28:58.275779 np0000175129 nova-conductor[111059]: DEBUG cotyledon.oslo_config_glue [-] ******************************************************************************** {{(pid=111059) log_opt_values /opt/stack/data/venv/lib/python3.12/site-packages/oslo_config/cfg.py:3263}}
May 20 01:28:58.275779 np0000175129 nova-conductor[111059]: DEBUG cotyledon._service_worker [-] Run service ServiceWrapper(3) [111059] {{(pid=111059) wait_forever /opt/stack/data/venv/lib/python3.12/site-packages/cotyledon/_service_worker.py:218}}
May 20 01:28:58.275779 np0000175129 nova-conductor[111059]: INFO nova.service [-] Starting conductor node (version 33.1.0)
May 20 01:28:58.276019 np0000175129 nova-conductor[111050]: DEBUG oslo_db.sqlalchemy.engines [None req-5b2e29f3-264c-4ead-accd-87eefb9e98ef None None] MySQL server mode set to STRICT_TRANS_TABLES,STRICT_ALL_TABLES,NO_ZERO_IN_DATE,NO_ZERO_DATE,ERROR_FOR_DIVISION_BY_ZERO,TRADITIONAL,NO_ENGINE_SUBSTITUTION {{(pid=111050) _check_effective_sql_mode /opt/stack/data/venv/lib/python3.12/site-packages/oslo_db/sqlalchemy/engines.py:325}}
May 20 01:28:58.276068 np0000175129 nova-conductor[111059]: INFO dbcounter [None req-68a70416-b22e-422a-afb4-b690e0005d85 None None] Registered counter for database nova_cell0
May 20 01:28:58.276113 np0000175129 nova-conductor[111036]: DEBUG nova.service [None req-36cd4465-1177-4d7b-ae5a-ddb5a3dcc291 None None] Creating RPC server for service: nova-conductor on topic: conductor {{(pid=111036) start /opt/stack/nova/nova/service.py:195}}
May 20 01:28:58.276155 np0000175129 nova-conductor[111050]: DEBUG dbcounter [-] [111050] Writer thread running {{(pid=111050) stat_writer /opt/stack/data/venv/lib/python3.12/site-packages/dbcounter.py:102}}
May 20 01:28:58.276199 np0000175129 nova-conductor[111059]: DEBUG oslo_db.sqlalchemy.engines [None req-68a70416-b22e-422a-afb4-b690e0005d85 None None] MySQL server mode set to STRICT_TRANS_TABLES,STRICT_ALL_TABLES,NO_ZERO_IN_DATE,NO_ZERO_DATE,ERROR_FOR_DIVISION_BY_ZERO,TRADITIONAL,NO_ENGINE_SUBSTITUTION {{(pid=111059) _check_effective_sql_mode /opt/stack/data/venv/lib/python3.12/site-packages/oslo_db/sqlalchemy/engines.py:325}}
May 20 01:28:58.276243 np0000175129 nova-conductor[111050]: DEBUG nova.service [None req-5b2e29f3-264c-4ead-accd-87eefb9e98ef None None] Creating RPC server for service: nova-conductor on topic: conductor {{(pid=111050) start /opt/stack/nova/nova/service.py:195}}
May 20 01:28:58.276284 np0000175129 nova-conductor[111043]: DEBUG nova.service [None req-5f53993f-fc76-451a-aac3-16cc85a6d1b0 None None] Creating RPC server for service: nova-conductor on topic: conductor {{(pid=111043) start /opt/stack/nova/nova/service.py:195}}
May 20 01:28:58.286963 np0000175129 nova-conductor[111059]: DEBUG dbcounter [-] [111059] Writer thread running {{(pid=111059) stat_writer /opt/stack/data/venv/lib/python3.12/site-packages/dbcounter.py:102}}
May 20 01:28:58.291047 np0000175129 nova-conductor[111059]: DEBUG nova.service [None req-68a70416-b22e-422a-afb4-b690e0005d85 None None] Creating RPC server for service: nova-conductor on topic: conductor {{(pid=111059) start /opt/stack/nova/nova/service.py:195}}
May 20 01:28:58.297274 np0000175129 nova-conductor[111050]: DEBUG nova.service [None req-5b2e29f3-264c-4ead-accd-87eefb9e98ef None None] Join ServiceGroup membership for this service conductor {{(pid=111050) start /opt/stack/nova/nova/service.py:221}}
May 20 01:28:58.297619 np0000175129 nova-conductor[111036]: DEBUG nova.service [None req-36cd4465-1177-4d7b-ae5a-ddb5a3dcc291 None None] Join ServiceGroup membership for this service conductor {{(pid=111036) start /opt/stack/nova/nova/service.py:221}}
May 20 01:28:58.297619 np0000175129 nova-conductor[111036]: DEBUG nova.servicegroup.drivers.db [None req-36cd4465-1177-4d7b-ae5a-ddb5a3dcc291 None None] DB_Driver: join new ServiceGroup member np0000175129 to the conductor group, service = {{(pid=111036) join /opt/stack/nova/nova/servicegroup/drivers/db.py:44}}
May 20 01:28:58.297823 np0000175129 nova-conductor[111050]: DEBUG nova.servicegroup.drivers.db [None req-5b2e29f3-264c-4ead-accd-87eefb9e98ef None None] DB_Driver: join new ServiceGroup member np0000175129 to the conductor group, service = {{(pid=111050) join /opt/stack/nova/nova/servicegroup/drivers/db.py:44}}
May 20 01:28:58.299134 np0000175129 nova-conductor[111043]: DEBUG nova.service [None req-5f53993f-fc76-451a-aac3-16cc85a6d1b0 None None] Join ServiceGroup membership for this service conductor {{(pid=111043) start /opt/stack/nova/nova/service.py:221}}
May 20 01:28:58.299382 np0000175129 nova-conductor[111043]: DEBUG nova.servicegroup.drivers.db [None req-5f53993f-fc76-451a-aac3-16cc85a6d1b0 None None] DB_Driver: join new ServiceGroup member np0000175129 to the conductor group, service = {{(pid=111043) join /opt/stack/nova/nova/servicegroup/drivers/db.py:44}}
May 20 01:28:58.315129 np0000175129 nova-conductor[111059]: DEBUG nova.service [None req-68a70416-b22e-422a-afb4-b690e0005d85 None None] Join ServiceGroup membership for this service conductor {{(pid=111059) start /opt/stack/nova/nova/service.py:221}}
May 20 01:28:58.315345 np0000175129 nova-conductor[111059]: DEBUG nova.servicegroup.drivers.db [None req-68a70416-b22e-422a-afb4-b690e0005d85 None None] DB_Driver: join new ServiceGroup member np0000175129 to the conductor group, service = {{(pid=111059) join /opt/stack/nova/nova/servicegroup/drivers/db.py:44}}
May 20 01:29:03.321737 np0000175129 nova-conductor[111050]: DEBUG oslo.service.backend._threading.loopingcall [-] Fixed interval looping call 'nova.servicegroup.drivers.db.DbDriver._report_state' sleeping for 119.98 seconds {{(pid=111050) _run_loop /opt/stack/data/venv/lib/python3.12/site-packages/oslo_service/backend/_threading/loopingcall.py:125}}
May 20 01:29:03.322562 np0000175129 nova-conductor[111036]: DEBUG oslo.service.backend._threading.loopingcall [-] Fixed interval looping call 'nova.servicegroup.drivers.db.DbDriver._report_state' sleeping for 119.98 seconds {{(pid=111036) _run_loop /opt/stack/data/venv/lib/python3.12/site-packages/oslo_service/backend/_threading/loopingcall.py:125}}
May 20 01:29:03.323920 np0000175129 nova-conductor[111043]: DEBUG oslo.service.backend._threading.loopingcall [-] Fixed interval looping call 'nova.servicegroup.drivers.db.DbDriver._report_state' sleeping for 119.98 seconds {{(pid=111043) _run_loop /opt/stack/data/venv/lib/python3.12/site-packages/oslo_service/backend/_threading/loopingcall.py:125}}
May 20 01:29:03.330179 np0000175129 nova-conductor[111059]: DEBUG oslo.service.backend._threading.loopingcall [-] Fixed interval looping call 'nova.servicegroup.drivers.db.DbDriver._report_state' sleeping for 119.99 seconds {{(pid=111059) _run_loop /opt/stack/data/venv/lib/python3.12/site-packages/oslo_service/backend/_threading/loopingcall.py:125}}
May 20 01:29:06.853123 np0000175129 nova-conductor[110308]: DEBUG dbcounter [-] [110308] Writing DB stats nova_api:SELECT=1 {{(pid=110308) stat_writer /opt/stack/data/venv/lib/python3.12/site-packages/dbcounter.py:115}}
May 20 01:29:06.971187 np0000175129 nova-conductor[110308]: DEBUG dbcounter [-] [110308] Writing DB stats nova_cell0:SELECT=1 {{(pid=110308) stat_writer /opt/stack/data/venv/lib/python3.12/site-packages/dbcounter.py:115}}
May 20 01:29:06.978087 np0000175129 nova-conductor[110308]: DEBUG dbcounter [-] [110308] Writing DB stats nova_cell1:SELECT=1 {{(pid=110308) stat_writer /opt/stack/data/venv/lib/python3.12/site-packages/dbcounter.py:115}}
May 20 01:29:13.313081 np0000175129 nova-conductor[111050]: DEBUG dbcounter [-] [111050] Writing DB stats nova_cell0:SELECT=3,nova_cell0:UPDATE=1 {{(pid=111050) stat_writer /opt/stack/data/venv/lib/python3.12/site-packages/dbcounter.py:115}}
May 20 01:29:13.313917 np0000175129 nova-conductor[111036]: DEBUG dbcounter [-] [111036] Writing DB stats nova_cell0:SELECT=4,nova_cell0:INSERT=1,nova_cell0:UPDATE=1 {{(pid=111036) stat_writer /opt/stack/data/venv/lib/python3.12/site-packages/dbcounter.py:115}}
May 20 01:29:13.314625 np0000175129 nova-conductor[111043]: DEBUG dbcounter [-] [111043] Writing DB stats nova_cell0:SELECT=5,nova_cell0:INSERT=1,nova_cell0:UPDATE=1 {{(pid=111043) stat_writer /opt/stack/data/venv/lib/python3.12/site-packages/dbcounter.py:115}}
May 20 01:29:13.327035 np0000175129 nova-conductor[111059]: DEBUG dbcounter [-] [111059] Writing DB stats nova_cell0:SELECT=3 {{(pid=111059) stat_writer /opt/stack/data/venv/lib/python3.12/site-packages/dbcounter.py:115}}
May 20 01:29:37.318775 np0000175129 nova-conductor[111059]: DEBUG oslo.service.backend._threading.loopingcall [None req-f2c8cd60-c771-4cef-9888-15a15192c481 None None] Dynamic interval looping call 'nova.service.Service.periodic_tasks' sleeping for 60.00 seconds {{(pid=111059) _run_loop /opt/stack/data/venv/lib/python3.12/site-packages/oslo_service/backend/_threading/loopingcall.py:125}}
May 20 01:29:50.303472 np0000175129 nova-conductor[111043]: DEBUG oslo.service.backend._threading.loopingcall [None req-154e9592-964a-4e64-a203-3ee2edc4e081 None None] Dynamic interval looping call 'nova.service.Service.periodic_tasks' sleeping for 60.00 seconds {{(pid=111043) _run_loop /opt/stack/data/venv/lib/python3.12/site-packages/oslo_service/backend/_threading/loopingcall.py:125}}
May 20 01:29:54.302941 np0000175129 nova-conductor[111050]: DEBUG oslo.service.backend._threading.loopingcall [None req-6f4d7deb-1c5e-4b11-a158-6d1ae1249d4f None None] Dynamic interval looping call 'nova.service.Service.periodic_tasks' sleeping for 60.00 seconds {{(pid=111050) _run_loop /opt/stack/data/venv/lib/python3.12/site-packages/oslo_service/backend/_threading/loopingcall.py:125}}
May 20 01:29:57.300888 np0000175129 nova-conductor[111036]: DEBUG oslo.service.backend._threading.loopingcall [None req-84fd2e90-82e6-474d-862c-ad5d82672166 None None] Dynamic interval looping call 'nova.service.Service.periodic_tasks' sleeping for 60.00 seconds {{(pid=111036) _run_loop /opt/stack/data/venv/lib/python3.12/site-packages/oslo_service/backend/_threading/loopingcall.py:125}}
May 20 01:30:37.319718 np0000175129 nova-conductor[111059]: DEBUG oslo.service.backend._threading.loopingcall [None req-f2c8cd60-c771-4cef-9888-15a15192c481 None None] Dynamic interval looping call 'nova.service.Service.periodic_tasks' sleeping for 60.00 seconds {{(pid=111059) _run_loop /opt/stack/data/venv/lib/python3.12/site-packages/oslo_service/backend/_threading/loopingcall.py:125}}
May 20 01:30:50.304385 np0000175129 nova-conductor[111043]: DEBUG oslo.service.backend._threading.loopingcall [None req-154e9592-964a-4e64-a203-3ee2edc4e081 None None] Dynamic interval looping call 'nova.service.Service.periodic_tasks' sleeping for 60.00 seconds {{(pid=111043) _run_loop /opt/stack/data/venv/lib/python3.12/site-packages/oslo_service/backend/_threading/loopingcall.py:125}}
May 20 01:30:54.304003 np0000175129 nova-conductor[111050]: DEBUG oslo.service.backend._threading.loopingcall [None req-6f4d7deb-1c5e-4b11-a158-6d1ae1249d4f None None] Dynamic interval looping call 'nova.service.Service.periodic_tasks' sleeping for 60.00 seconds {{(pid=111050) _run_loop /opt/stack/data/venv/lib/python3.12/site-packages/oslo_service/backend/_threading/loopingcall.py:125}}
May 20 01:30:57.301914 np0000175129 nova-conductor[111036]: DEBUG oslo.service.backend._threading.loopingcall [None req-84fd2e90-82e6-474d-862c-ad5d82672166 None None] Dynamic interval looping call 'nova.service.Service.periodic_tasks' sleeping for 60.00 seconds {{(pid=111036) _run_loop /opt/stack/data/venv/lib/python3.12/site-packages/oslo_service/backend/_threading/loopingcall.py:125}}
May 20 01:31:03.315640 np0000175129 nova-conductor[111050]: DEBUG oslo.service.backend._threading.loopingcall [-] Fixed interval looping call 'nova.servicegroup.drivers.db.DbDriver._report_state' sleeping for 119.99 seconds {{(pid=111050) _run_loop /opt/stack/data/venv/lib/python3.12/site-packages/oslo_service/backend/_threading/loopingcall.py:125}}
May 20 01:31:03.316796 np0000175129 nova-conductor[111036]: DEBUG oslo.service.backend._threading.loopingcall [-] Fixed interval looping call 'nova.servicegroup.drivers.db.DbDriver._report_state' sleeping for 119.99 seconds {{(pid=111036) _run_loop /opt/stack/data/venv/lib/python3.12/site-packages/oslo_service/backend/_threading/loopingcall.py:125}}
May 20 01:31:03.317278 np0000175129 nova-conductor[111043]: DEBUG oslo.service.backend._threading.loopingcall [-] Fixed interval looping call 'nova.servicegroup.drivers.db.DbDriver._report_state' sleeping for 119.99 seconds {{(pid=111043) _run_loop /opt/stack/data/venv/lib/python3.12/site-packages/oslo_service/backend/_threading/loopingcall.py:125}}
May 20 01:31:03.325386 np0000175129 nova-conductor[111059]: DEBUG oslo.service.backend._threading.loopingcall [-] Fixed interval looping call 'nova.servicegroup.drivers.db.DbDriver._report_state' sleeping for 120.00 seconds {{(pid=111059) _run_loop /opt/stack/data/venv/lib/python3.12/site-packages/oslo_service/backend/_threading/loopingcall.py:125}}
May 20 01:31:13.307229 np0000175129 nova-conductor[111050]: DEBUG dbcounter [-] [111050] Writing DB stats nova_cell0:SELECT=1,nova_cell0:UPDATE=1 {{(pid=111050) stat_writer /opt/stack/data/venv/lib/python3.12/site-packages/dbcounter.py:115}}
May 20 01:31:13.308578 np0000175129 nova-conductor[111036]: DEBUG dbcounter [-] [111036] Writing DB stats nova_cell0:SELECT=1,nova_cell0:UPDATE=1 {{(pid=111036) stat_writer /opt/stack/data/venv/lib/python3.12/site-packages/dbcounter.py:115}}
May 20 01:31:13.310313 np0000175129 nova-conductor[111043]: DEBUG dbcounter [-] [111043] Writing DB stats nova_cell0:SELECT=1,nova_cell0:UPDATE=1 {{(pid=111043) stat_writer /opt/stack/data/venv/lib/python3.12/site-packages/dbcounter.py:115}}
May 20 01:31:13.322978 np0000175129 nova-conductor[111059]: DEBUG dbcounter [-] [111059] Writing DB stats nova_cell0:SELECT=1 {{(pid=111059) stat_writer /opt/stack/data/venv/lib/python3.12/site-packages/dbcounter.py:115}}
May 20 01:31:37.320722 np0000175129 nova-conductor[111059]: DEBUG oslo.service.backend._threading.loopingcall [None req-f2c8cd60-c771-4cef-9888-15a15192c481 None None] Dynamic interval looping call 'nova.service.Service.periodic_tasks' sleeping for 60.00 seconds {{(pid=111059) _run_loop /opt/stack/data/venv/lib/python3.12/site-packages/oslo_service/backend/_threading/loopingcall.py:125}}
May 20 01:31:50.305527 np0000175129 nova-conductor[111043]: DEBUG oslo.service.backend._threading.loopingcall [None req-154e9592-964a-4e64-a203-3ee2edc4e081 None None] Dynamic interval looping call 'nova.service.Service.periodic_tasks' sleeping for 60.00 seconds {{(pid=111043) _run_loop /opt/stack/data/venv/lib/python3.12/site-packages/oslo_service/backend/_threading/loopingcall.py:125}}
May 20 01:31:54.304928 np0000175129 nova-conductor[111050]: DEBUG oslo.service.backend._threading.loopingcall [None req-6f4d7deb-1c5e-4b11-a158-6d1ae1249d4f None None] Dynamic interval looping call 'nova.service.Service.periodic_tasks' sleeping for 60.00 seconds {{(pid=111050) _run_loop /opt/stack/data/venv/lib/python3.12/site-packages/oslo_service/backend/_threading/loopingcall.py:125}}
May 20 01:31:57.302959 np0000175129 nova-conductor[111036]: DEBUG oslo.service.backend._threading.loopingcall [None req-84fd2e90-82e6-474d-862c-ad5d82672166 None None] Dynamic interval looping call 'nova.service.Service.periodic_tasks' sleeping for 60.00 seconds {{(pid=111036) _run_loop /opt/stack/data/venv/lib/python3.12/site-packages/oslo_service/backend/_threading/loopingcall.py:125}}
May 20 01:32:37.321798 np0000175129 nova-conductor[111059]: DEBUG oslo.service.backend._threading.loopingcall [None req-f2c8cd60-c771-4cef-9888-15a15192c481 None None] Dynamic interval looping call 'nova.service.Service.periodic_tasks' sleeping for 60.00 seconds {{(pid=111059) _run_loop /opt/stack/data/venv/lib/python3.12/site-packages/oslo_service/backend/_threading/loopingcall.py:125}}
May 20 01:32:50.306247 np0000175129 nova-conductor[111043]: DEBUG oslo.service.backend._threading.loopingcall [None req-154e9592-964a-4e64-a203-3ee2edc4e081 None None] Dynamic interval looping call 'nova.service.Service.periodic_tasks' sleeping for 60.00 seconds {{(pid=111043) _run_loop /opt/stack/data/venv/lib/python3.12/site-packages/oslo_service/backend/_threading/loopingcall.py:125}}
May 20 01:32:54.305784 np0000175129 nova-conductor[111050]: DEBUG oslo.service.backend._threading.loopingcall [None req-6f4d7deb-1c5e-4b11-a158-6d1ae1249d4f None None] Dynamic interval looping call 'nova.service.Service.periodic_tasks' sleeping for 60.00 seconds {{(pid=111050) _run_loop /opt/stack/data/venv/lib/python3.12/site-packages/oslo_service/backend/_threading/loopingcall.py:125}}
May 20 01:32:57.303940 np0000175129 nova-conductor[111036]: DEBUG oslo.service.backend._threading.loopingcall [None req-84fd2e90-82e6-474d-862c-ad5d82672166 None None] Dynamic interval looping call 'nova.service.Service.periodic_tasks' sleeping for 60.00 seconds {{(pid=111036) _run_loop /opt/stack/data/venv/lib/python3.12/site-packages/oslo_service/backend/_threading/loopingcall.py:125}}
May 20 01:33:03.338320 np0000175129 nova-conductor[111043]: DEBUG oslo.service.backend._threading.loopingcall [-] Fixed interval looping call 'nova.servicegroup.drivers.db.DbDriver._report_state' sleeping for 119.97 seconds {{(pid=111043) _run_loop /opt/stack/data/venv/lib/python3.12/site-packages/oslo_service/backend/_threading/loopingcall.py:125}}
May 20 01:33:03.338914 np0000175129 nova-conductor[111036]: DEBUG oslo.service.backend._threading.loopingcall [-] Fixed interval looping call 'nova.servicegroup.drivers.db.DbDriver._report_state' sleeping for 119.97 seconds {{(pid=111036) _run_loop /opt/stack/data/venv/lib/python3.12/site-packages/oslo_service/backend/_threading/loopingcall.py:125}}
May 20 01:33:03.340090 np0000175129 nova-conductor[111050]: DEBUG oslo.service.backend._threading.loopingcall [-] Fixed interval looping call 'nova.servicegroup.drivers.db.DbDriver._report_state' sleeping for 119.97 seconds {{(pid=111050) _run_loop /opt/stack/data/venv/lib/python3.12/site-packages/oslo_service/backend/_threading/loopingcall.py:125}}
May 20 01:33:03.340451 np0000175129 nova-conductor[111059]: DEBUG oslo.service.backend._threading.loopingcall [-] Fixed interval looping call 'nova.servicegroup.drivers.db.DbDriver._report_state' sleeping for 119.99 seconds {{(pid=111059) _run_loop /opt/stack/data/venv/lib/python3.12/site-packages/oslo_service/backend/_threading/loopingcall.py:125}}
May 20 01:33:13.321604 np0000175129 nova-conductor[111043]: DEBUG dbcounter [-] [111043] Writing DB stats nova_cell0:SELECT=1,nova_cell0:UPDATE=1 {{(pid=111043) stat_writer /opt/stack/data/venv/lib/python3.12/site-packages/dbcounter.py:115}}
May 20 01:33:13.322575 np0000175129 nova-conductor[111036]: DEBUG dbcounter [-] [111036] Writing DB stats nova_cell0:SELECT=1,nova_cell0:UPDATE=1 {{(pid=111036) stat_writer /opt/stack/data/venv/lib/python3.12/site-packages/dbcounter.py:115}}
May 20 01:33:13.323054 np0000175129 nova-conductor[111050]: DEBUG dbcounter [-] [111050] Writing DB stats nova_cell0:SELECT=1,nova_cell0:UPDATE=1 {{(pid=111050) stat_writer /opt/stack/data/venv/lib/python3.12/site-packages/dbcounter.py:115}}
May 20 01:33:13.333702 np0000175129 nova-conductor[111059]: DEBUG dbcounter [-] [111059] Writing DB stats nova_cell0:SELECT=1,nova_cell0:UPDATE=1 {{(pid=111059) stat_writer /opt/stack/data/venv/lib/python3.12/site-packages/dbcounter.py:115}}