Apr 24 19:14:50.637011 np0000170099 devstack@neutron-api.service[104257]: DEBUG neutron_lib.callbacks.manager [None req-04a15a32-3fe6-48eb-a2e6-d85d53679885 None None] Subscribe: > network after_delete 55550000, False {{(pid=104257) subscribe /opt/stack/data/venv/lib/python3.12/site-packages/neutron_lib/callbacks/manager.py:52}}
Apr 24 19:14:50.637154 np0000170099 devstack@neutron-api.service[104255]: DEBUG neutron_lib.callbacks.manager [None req-92a532cf-a833-4ac7-b222-cf6f1a171323 None None] Subscribe: > router before_create 55550100, False {{(pid=104255) subscribe /opt/stack/data/venv/lib/python3.12/site-packages/neutron_lib/callbacks/manager.py:52}}
Apr 24 19:14:50.637277 np0000170099 devstack@neutron-api.service[104257]: DEBUG neutron_lib.callbacks.manager [None req-04a15a32-3fe6-48eb-a2e6-d85d53679885 None None] Subscribe: > security_group after_create 55550000, False {{(pid=104257) subscribe /opt/stack/data/venv/lib/python3.12/site-packages/neutron_lib/callbacks/manager.py:52}}
Apr 24 19:14:50.637343 np0000170099 devstack@neutron-api.service[104255]: DEBUG neutron_lib.callbacks.manager [None req-92a532cf-a833-4ac7-b222-cf6f1a171323 None None] Subscribe: > router precommit_delete 55550100, False {{(pid=104255) subscribe /opt/stack/data/venv/lib/python3.12/site-packages/neutron_lib/callbacks/manager.py:52}}
Apr 24 19:14:50.637712 np0000170099 devstack@neutron-api.service[104257]: DEBUG neutron_lib.callbacks.manager [None req-04a15a32-3fe6-48eb-a2e6-d85d53679885 None None] Subscribe: > security_group after_update 55550000, False {{(pid=104257) subscribe /opt/stack/data/venv/lib/python3.12/site-packages/neutron_lib/callbacks/manager.py:52}}
Apr 24 19:14:50.638167 np0000170099 devstack@neutron-api.service[104255]: DEBUG neutron_lib.callbacks.manager [None req-92a532cf-a833-4ac7-b222-cf6f1a171323 None None] Subscribe: > router precommit_create 55550100, False {{(pid=104255) subscribe /opt/stack/data/venv/lib/python3.12/site-packages/neutron_lib/callbacks/manager.py:52}}
Apr 24 19:14:50.638358 np0000170099 devstack@neutron-api.service[104257]: DEBUG neutron_lib.callbacks.manager [None req-04a15a32-3fe6-48eb-a2e6-d85d53679885 None None] Subscribe: > security_group after_delete 55550000, False {{(pid=104257) subscribe /opt/stack/data/venv/lib/python3.12/site-packages/neutron_lib/callbacks/manager.py:52}}
Apr 24 19:14:50.638568 np0000170099 devstack@neutron-api.service[104255]: DEBUG neutron_lib.callbacks.manager [None req-92a532cf-a833-4ac7-b222-cf6f1a171323 None None] Subscribe: > router precommit_update 55550100, False {{(pid=104255) subscribe /opt/stack/data/venv/lib/python3.12/site-packages/neutron_lib/callbacks/manager.py:52}}
Apr 24 19:14:50.638665 np0000170099 devstack@neutron-api.service[104257]: DEBUG neutron_lib.callbacks.manager [None req-04a15a32-3fe6-48eb-a2e6-d85d53679885 None None] Subscribe: > security_group_rule after_create 55550000, False {{(pid=104257) subscribe /opt/stack/data/venv/lib/python3.12/site-packages/neutron_lib/callbacks/manager.py:52}}
Apr 24 19:14:50.638665 np0000170099 devstack@neutron-api.service[104257]: DEBUG neutron_lib.callbacks.manager [None req-04a15a32-3fe6-48eb-a2e6-d85d53679885 None None] Subscribe: > security_group_rule after_update 55550000, False {{(pid=104257) subscribe /opt/stack/data/venv/lib/python3.12/site-packages/neutron_lib/callbacks/manager.py:52}}
Apr 24 19:14:50.638665 np0000170099 devstack@neutron-api.service[104257]: DEBUG neutron_lib.callbacks.manager [None req-04a15a32-3fe6-48eb-a2e6-d85d53679885 None None] Subscribe: > security_group_rule after_delete 55550000, False {{(pid=104257) subscribe /opt/stack/data/venv/lib/python3.12/site-packages/neutron_lib/callbacks/manager.py:52}}
Apr 24 19:14:50.638665 np0000170099 devstack@neutron-api.service[104257]: DEBUG neutron_lib.callbacks.manager [None req-04a15a32-3fe6-48eb-a2e6-d85d53679885 None None] Subscribe: > address_group after_create 55550000, False {{(pid=104257) subscribe /opt/stack/data/venv/lib/python3.12/site-packages/neutron_lib/callbacks/manager.py:52}}
Apr 24 19:14:50.638947 np0000170099 devstack@neutron-api.service[104257]: DEBUG neutron_lib.callbacks.manager [None req-04a15a32-3fe6-48eb-a2e6-d85d53679885 None None] Subscribe: > address_group after_update 55550000, False {{(pid=104257) subscribe /opt/stack/data/venv/lib/python3.12/site-packages/neutron_lib/callbacks/manager.py:52}}
Apr 24 19:14:50.638947 np0000170099 devstack@neutron-api.service[104257]: DEBUG neutron_lib.callbacks.manager [None req-04a15a32-3fe6-48eb-a2e6-d85d53679885 None None] Subscribe: > address_group after_delete 55550000, False {{(pid=104257) subscribe /opt/stack/data/venv/lib/python3.12/site-packages/neutron_lib/callbacks/manager.py:52}}
Apr 24 19:14:50.638947 np0000170099 devstack@neutron-api.service[104257]: DEBUG neutron.plugins.ml2.ovo_rpc [None req-04a15a32-3fe6-48eb-a2e6-d85d53679885 None None] ML2 OVO RPC backend initialized. {{(pid=104257) __init__ /opt/stack/neutron/neutron/plugins/ml2/ovo_rpc.py:117}}
Apr 24 19:14:50.638947 np0000170099 devstack@neutron-api.service[104257]: INFO neutron.quota [None req-04a15a32-3fe6-48eb-a2e6-d85d53679885 None None] Loaded quota_driver: .
Apr 24 19:14:50.638947 np0000170099 devstack@neutron-api.service[104257]: INFO neutron.plugins.ml2.plugin [None req-04a15a32-3fe6-48eb-a2e6-d85d53679885 None None] Modular L2 Plugin initialization complete
Apr 24 19:14:50.639294 np0000170099 devstack@neutron-api.service[104257]: DEBUG neutron.manager [None req-04a15a32-3fe6-48eb-a2e6-d85d53679885 None None] Loading services supported by the core plugin {{(pid=104257) _load_services_from_core_plugin /opt/stack/neutron/neutron/manager.py:170}}
Apr 24 19:14:50.639294 np0000170099 devstack@neutron-api.service[104257]: INFO neutron.plugins.ml2.managers [None req-04a15a32-3fe6-48eb-a2e6-d85d53679885 None None] Got port-security extension from driver 'port_security'
Apr 24 19:14:50.639534 np0000170099 devstack@neutron-api.service[104257]: DEBUG neutron.manager [None req-04a15a32-3fe6-48eb-a2e6-d85d53679885 None None] Loading service plugins: ['ovn-router', 'auto_allocate', 'tag', 'timestamp', 'network_ip_availability', 'flavors', 'revisions'] {{(pid=104257) _load_service_plugins /opt/stack/neutron/neutron/manager.py:195}}
Apr 24 19:14:50.639654 np0000170099 devstack@neutron-api.service[104257]: INFO neutron.manager [None req-04a15a32-3fe6-48eb-a2e6-d85d53679885 None None] Loading Plugin: ovn-router
Apr 24 19:14:50.640727 np0000170099 devstack@neutron-api.service[104255]: DEBUG neutron.services.provider_configuration [None req-92a532cf-a833-4ac7-b222-cf6f1a171323 None None] Service providers = [] {{(pid=104255) parse_service_provider_opt /opt/stack/neutron/neutron/services/provider_configuration.py:170}}
Apr 24 19:14:50.640880 np0000170099 devstack@neutron-api.service[104255]: DEBUG neutron.db.servicetype_db [None req-92a532cf-a833-4ac7-b222-cf6f1a171323 None None] Adding provider configuration for service L3_ROUTER_NAT {{(pid=104255) add_provider_configuration /opt/stack/neutron/neutron/db/servicetype_db.py:42}}
Apr 24 19:14:50.642261 np0000170099 devstack@neutron-api.service[104255]: DEBUG neutron_lib.callbacks.manager [None req-92a532cf-a833-4ac7-b222-cf6f1a171323 None None] Subscribe: > router precommit_create 55549900, False {{(pid=104255) subscribe /opt/stack/data/venv/lib/python3.12/site-packages/neutron_lib/callbacks/manager.py:52}}
Apr 24 19:14:50.642497 np0000170099 devstack@neutron-api.service[104255]: DEBUG neutron_lib.callbacks.manager [None req-92a532cf-a833-4ac7-b222-cf6f1a171323 None None] Subscribe: > router_interface after_create 55550000, False {{(pid=104255) subscribe /opt/stack/data/venv/lib/python3.12/site-packages/neutron_lib/callbacks/manager.py:52}}
Apr 24 19:14:50.642497 np0000170099 devstack@neutron-api.service[104255]: DEBUG neutron_lib.callbacks.manager [None req-92a532cf-a833-4ac7-b222-cf6f1a171323 None None] Subscribe: > floatingip after_create 55550000, False {{(pid=104255) subscribe /opt/stack/data/venv/lib/python3.12/site-packages/neutron_lib/callbacks/manager.py:52}}
Apr 24 19:14:50.642651 np0000170099 devstack@neutron-api.service[104255]: DEBUG neutron_lib.callbacks.manager [None req-92a532cf-a833-4ac7-b222-cf6f1a171323 None None] Subscribe: > floatingip precommit_create 55550000, False {{(pid=104255) subscribe /opt/stack/data/venv/lib/python3.12/site-packages/neutron_lib/callbacks/manager.py:52}}
Apr 24 19:14:50.642793 np0000170099 devstack@neutron-api.service[104255]: DEBUG neutron_lib.callbacks.manager [None req-92a532cf-a833-4ac7-b222-cf6f1a171323 None None] Subscribe: > floatingip precommit_update 55550000, False {{(pid=104255) subscribe /opt/stack/data/venv/lib/python3.12/site-packages/neutron_lib/callbacks/manager.py:52}}
Apr 24 19:14:50.642943 np0000170099 devstack@neutron-api.service[104255]: DEBUG neutron_lib.callbacks.manager [None req-92a532cf-a833-4ac7-b222-cf6f1a171323 None None] Subscribe: > floatingip after_delete 55550000, False {{(pid=104255) subscribe /opt/stack/data/venv/lib/python3.12/site-packages/neutron_lib/callbacks/manager.py:52}}
Apr 24 19:14:50.643052 np0000170099 devstack@neutron-api.service[104255]: DEBUG neutron_lib.callbacks.manager [None req-92a532cf-a833-4ac7-b222-cf6f1a171323 None None] Subscribe: > floatingip after_status_update 55550000, False {{(pid=104255) subscribe /opt/stack/data/venv/lib/python3.12/site-packages/neutron_lib/callbacks/manager.py:52}}
Apr 24 19:14:50.643114 np0000170099 devstack@neutron-api.service[104255]: DEBUG neutron_lib.callbacks.manager [None req-92a532cf-a833-4ac7-b222-cf6f1a171323 None None] Subscribe: > floatingip after_update 55550000, False {{(pid=104255) subscribe /opt/stack/data/venv/lib/python3.12/site-packages/neutron_lib/callbacks/manager.py:52}}
Apr 24 19:14:50.643242 np0000170099 devstack@neutron-api.service[104255]: DEBUG neutron_lib.callbacks.manager [None req-92a532cf-a833-4ac7-b222-cf6f1a171323 None None] Subscribe: > port_forwarding after_create 55550000, False {{(pid=104255) subscribe /opt/stack/data/venv/lib/python3.12/site-packages/neutron_lib/callbacks/manager.py:52}}
Apr 24 19:14:50.643353 np0000170099 devstack@neutron-api.service[104255]: DEBUG neutron_lib.callbacks.manager [None req-92a532cf-a833-4ac7-b222-cf6f1a171323 None None] Subscribe: > router_interface after_delete 55550000, False {{(pid=104255) subscribe /opt/stack/data/venv/lib/python3.12/site-packages/neutron_lib/callbacks/manager.py:52}}
Apr 24 19:14:50.643444 np0000170099 devstack@neutron-api.service[104255]: DEBUG neutron_lib.callbacks.manager [None req-92a532cf-a833-4ac7-b222-cf6f1a171323 None None] Subscribe: > router after_create 55550000, False {{(pid=104255) subscribe /opt/stack/data/venv/lib/python3.12/site-packages/neutron_lib/callbacks/manager.py:52}}
Apr 24 19:14:50.643560 np0000170099 devstack@neutron-api.service[104255]: DEBUG neutron_lib.callbacks.manager [None req-92a532cf-a833-4ac7-b222-cf6f1a171323 None None] Subscribe: > router precommit_create 55550000, False {{(pid=104255) subscribe /opt/stack/data/venv/lib/python3.12/site-packages/neutron_lib/callbacks/manager.py:52}}
Apr 24 19:14:50.643715 np0000170099 devstack@neutron-api.service[104255]: DEBUG neutron_lib.callbacks.manager [None req-92a532cf-a833-4ac7-b222-cf6f1a171323 None None] Subscribe: > router after_delete 55550000, False {{(pid=104255) subscribe /opt/stack/data/venv/lib/python3.12/site-packages/neutron_lib/callbacks/manager.py:52}}
Apr 24 19:14:50.643884 np0000170099 devstack@neutron-api.service[104255]: DEBUG neutron_lib.callbacks.manager [None req-92a532cf-a833-4ac7-b222-cf6f1a171323 None None] Subscribe: > router after_update 55550000, False {{(pid=104255) subscribe /opt/stack/data/venv/lib/python3.12/site-packages/neutron_lib/callbacks/manager.py:52}}
Apr 24 19:14:50.643884 np0000170099 devstack@neutron-api.service[104255]: DEBUG neutron.services.service_base [None req-92a532cf-a833-4ac7-b222-cf6f1a171323 None None] Loaded 'neutron.services.ovn_l3.service_providers.ovn.OvnDriver' provider for service L3_ROUTER_NAT {{(pid=104255) load_drivers /opt/stack/neutron/neutron/services/service_base.py:49}}
Apr 24 19:14:50.644126 np0000170099 devstack@neutron-api.service[104255]: DEBUG neutron_lib.callbacks.manager [None req-92a532cf-a833-4ac7-b222-cf6f1a171323 None None] Subscribe: > process after_init 55550001, True {{(pid=104255) subscribe /opt/stack/data/venv/lib/python3.12/site-packages/neutron_lib/callbacks/manager.py:52}}
Apr 24 19:14:50.644126 np0000170099 devstack@neutron-api.service[104255]: DEBUG neutron.manager [None req-92a532cf-a833-4ac7-b222-cf6f1a171323 None None] Successfully loaded L3_ROUTER_NAT plugin. Description: L3 Router Service Plugin for basic L3 forwarding using OVN {{(pid=104255) _create_and_add_service_plugin /opt/stack/neutron/neutron/manager.py:239}}
Apr 24 19:14:50.644295 np0000170099 devstack@neutron-api.service[104255]: INFO neutron.manager [None req-92a532cf-a833-4ac7-b222-cf6f1a171323 None None] Loading Plugin: auto_allocate
Apr 24 19:14:50.645285 np0000170099 devstack@neutron-api.service[104255]: DEBUG neutron_lib.callbacks.manager [None req-92a532cf-a833-4ac7-b222-cf6f1a171323 None None] Subscribe: network precommit_update 55550000, False {{(pid=104255) subscribe /opt/stack/data/venv/lib/python3.12/site-packages/neutron_lib/callbacks/manager.py:52}}
Apr 24 19:14:50.645404 np0000170099 devstack@neutron-api.service[104255]: DEBUG neutron_lib.callbacks.manager [None req-92a532cf-a833-4ac7-b222-cf6f1a171323 None None] Subscribe: network precommit_create 55550000, False {{(pid=104255) subscribe /opt/stack/data/venv/lib/python3.12/site-packages/neutron_lib/callbacks/manager.py:52}}
Apr 24 19:14:50.645600 np0000170099 devstack@neutron-api.service[104255]: DEBUG neutron.manager [None req-92a532cf-a833-4ac7-b222-cf6f1a171323 None None] Successfully loaded auto-allocated-topology plugin. Description: Auto Allocated Topology - aka get me a network. {{(pid=104255) _create_and_add_service_plugin /opt/stack/neutron/neutron/manager.py:239}}
Apr 24 19:14:50.645726 np0000170099 devstack@neutron-api.service[104255]: INFO neutron.manager [None req-92a532cf-a833-4ac7-b222-cf6f1a171323 None None] Loading Plugin: tag
Apr 24 19:14:50.648540 np0000170099 devstack@neutron-api.service[104257]: DEBUG neutron_lib.callbacks.manager [None req-04a15a32-3fe6-48eb-a2e6-d85d53679885 None None] Subscribe: > router before_delete 55550000, False {{(pid=104257) subscribe /opt/stack/data/venv/lib/python3.12/site-packages/neutron_lib/callbacks/manager.py:52}}
Apr 24 19:14:50.648601 np0000170099 devstack@neutron-api.service[104255]: DEBUG neutron.manager [None req-92a532cf-a833-4ac7-b222-cf6f1a171323 None None] Successfully loaded TAG plugin. Description: Tag support {{(pid=104255) _create_and_add_service_plugin /opt/stack/neutron/neutron/manager.py:239}}
Apr 24 19:14:50.648724 np0000170099 devstack@neutron-api.service[104255]: INFO neutron.manager [None req-92a532cf-a833-4ac7-b222-cf6f1a171323 None None] Loading Plugin: timestamp
Apr 24 19:14:50.648803 np0000170099 devstack@neutron-api.service[104257]: DEBUG neutron_lib.callbacks.manager [None req-04a15a32-3fe6-48eb-a2e6-d85d53679885 None None] Subscribe: port after_update 55550000, False {{(pid=104257) subscribe /opt/stack/data/venv/lib/python3.12/site-packages/neutron_lib/callbacks/manager.py:52}}
Apr 24 19:14:50.648895 np0000170099 devstack@neutron-api.service[104257]: DEBUG neutron_lib.callbacks.manager [None req-04a15a32-3fe6-48eb-a2e6-d85d53679885 None None] Subscribe: port after_delete 55550000, False {{(pid=104257) subscribe /opt/stack/data/venv/lib/python3.12/site-packages/neutron_lib/callbacks/manager.py:52}}
Apr 24 19:14:50.649016 np0000170099 devstack@neutron-api.service[104257]: DEBUG neutron_lib.callbacks.manager [None req-04a15a32-3fe6-48eb-a2e6-d85d53679885 None None] Subscribe: subnet after_update 55550000, False {{(pid=104257) subscribe /opt/stack/data/venv/lib/python3.12/site-packages/neutron_lib/callbacks/manager.py:52}}
Apr 24 19:14:50.649185 np0000170099 devstack@neutron-api.service[104257]: DEBUG neutron_lib.callbacks.manager [None req-04a15a32-3fe6-48eb-a2e6-d85d53679885 None None] Subscribe: subnetpool_address_scope after_update 55550000, False {{(pid=104257) subscribe /opt/stack/data/venv/lib/python3.12/site-packages/neutron_lib/callbacks/manager.py:52}}
Apr 24 19:14:50.649215 np0000170099 devstack@neutron-api.service[104257]: DEBUG neutron_lib.callbacks.manager [None req-04a15a32-3fe6-48eb-a2e6-d85d53679885 None None] Subscribe: port before_update 55550000, False {{(pid=104257) subscribe /opt/stack/data/venv/lib/python3.12/site-packages/neutron_lib/callbacks/manager.py:52}}
Apr 24 19:14:50.649343 np0000170099 devstack@neutron-api.service[104257]: DEBUG neutron_lib.callbacks.manager [None req-04a15a32-3fe6-48eb-a2e6-d85d53679885 None None] Subscribe: port after_update 55550000, False {{(pid=104257) subscribe /opt/stack/data/venv/lib/python3.12/site-packages/neutron_lib/callbacks/manager.py:52}}
Apr 24 19:14:50.649427 np0000170099 devstack@neutron-api.service[104257]: DEBUG neutron_lib.callbacks.manager [None req-04a15a32-3fe6-48eb-a2e6-d85d53679885 None None] Subscribe: > port precommit_delete 55550000, False {{(pid=104257) subscribe /opt/stack/data/venv/lib/python3.12/site-packages/neutron_lib/callbacks/manager.py:52}}
Apr 24 19:14:50.649518 np0000170099 devstack@neutron-api.service[104257]: DEBUG neutron_lib.callbacks.manager [None req-04a15a32-3fe6-48eb-a2e6-d85d53679885 None None] Subscribe: port before_update 55550000, False {{(pid=104257) subscribe /opt/stack/data/venv/lib/python3.12/site-packages/neutron_lib/callbacks/manager.py:52}}
Apr 24 19:14:50.649610 np0000170099 devstack@neutron-api.service[104257]: DEBUG neutron_lib.callbacks.manager [None req-04a15a32-3fe6-48eb-a2e6-d85d53679885 None None] Subscribe: port before_delete 55550000, False {{(pid=104257) subscribe /opt/stack/data/venv/lib/python3.12/site-packages/neutron_lib/callbacks/manager.py:52}}
Apr 24 19:14:50.649740 np0000170099 devstack@neutron-api.service[104257]: DEBUG neutron_lib.callbacks.manager [None req-04a15a32-3fe6-48eb-a2e6-d85d53679885 None None] Subscribe: > router precommit_create 55550000, False {{(pid=104257) subscribe /opt/stack/data/venv/lib/python3.12/site-packages/neutron_lib/callbacks/manager.py:52}}
Apr 24 19:14:50.649887 np0000170099 devstack@neutron-api.service[104257]: DEBUG neutron_lib.callbacks.manager [None req-04a15a32-3fe6-48eb-a2e6-d85d53679885 None None] Subscribe: > router precommit_create 55550000, False {{(pid=104257) subscribe /opt/stack/data/venv/lib/python3.12/site-packages/neutron_lib/callbacks/manager.py:52}}
Apr 24 19:14:50.649987 np0000170099 devstack@neutron-api.service[104257]: DEBUG neutron_lib.callbacks.manager [None req-04a15a32-3fe6-48eb-a2e6-d85d53679885 None None] Subscribe: > router precommit_update 55550000, False {{(pid=104257) subscribe /opt/stack/data/venv/lib/python3.12/site-packages/neutron_lib/callbacks/manager.py:52}}
Apr 24 19:14:50.650025 np0000170099 devstack@neutron-api.service[104255]: DEBUG neutron.manager [None req-92a532cf-a833-4ac7-b222-cf6f1a171323 None None] Successfully loaded timestamp plugin. Description: Adds timestamps to Neutron resources with standard attributes {{(pid=104255) _create_and_add_service_plugin /opt/stack/neutron/neutron/manager.py:239}}
Apr 24 19:14:50.650144 np0000170099 devstack@neutron-api.service[104257]: DEBUG neutron_lib.callbacks.manager [None req-04a15a32-3fe6-48eb-a2e6-d85d53679885 None None] Subscribe: subnet after_update 55550000, False {{(pid=104257) subscribe /opt/stack/data/venv/lib/python3.12/site-packages/neutron_lib/callbacks/manager.py:52}}
Apr 24 19:14:50.650289 np0000170099 devstack@neutron-api.service[104255]: INFO neutron.manager [None req-92a532cf-a833-4ac7-b222-cf6f1a171323 None None] Loading Plugin: network_ip_availability
Apr 24 19:14:50.650926 np0000170099 devstack@neutron-api.service[104257]: DEBUG neutron.quota.resource_registry [None req-04a15a32-3fe6-48eb-a2e6-d85d53679885 None None] Tracking information for resource: router configured {{(pid=104257) set_tracked_resource /opt/stack/neutron/neutron/quota/resource_registry.py:203}}
Apr 24 19:14:50.651056 np0000170099 devstack@neutron-api.service[104257]: DEBUG neutron.quota.resource_registry [None req-04a15a32-3fe6-48eb-a2e6-d85d53679885 None None] Tracking information for resource: floatingip configured {{(pid=104257) set_tracked_resource /opt/stack/neutron/neutron/quota/resource_registry.py:203}}
Apr 24 19:14:50.651115 np0000170099 devstack@neutron-api.service[104257]: INFO neutron.services.ovn_l3.plugin [None req-04a15a32-3fe6-48eb-a2e6-d85d53679885 None None] Starting OVNL3RouterPlugin
Apr 24 19:14:50.651339 np0000170099 devstack@neutron-api.service[104257]: DEBUG neutron_lib.callbacks.manager [None req-04a15a32-3fe6-48eb-a2e6-d85d53679885 None None] Subscribe: > port_forwarding_plugin after_init 55550000, False {{(pid=104257) subscribe /opt/stack/data/venv/lib/python3.12/site-packages/neutron_lib/callbacks/manager.py:52}}
Apr 24 19:14:50.651554 np0000170099 devstack@neutron-api.service[104257]: DEBUG neutron_lib.callbacks.manager [None req-04a15a32-3fe6-48eb-a2e6-d85d53679885 None None] Subscribe: > router before_create 55550100, False {{(pid=104257) subscribe /opt/stack/data/venv/lib/python3.12/site-packages/neutron_lib/callbacks/manager.py:52}}
Apr 24 19:14:50.651646 np0000170099 devstack@neutron-api.service[104257]: DEBUG neutron_lib.callbacks.manager [None req-04a15a32-3fe6-48eb-a2e6-d85d53679885 None None] Subscribe: > router precommit_delete 55550100, False {{(pid=104257) subscribe /opt/stack/data/venv/lib/python3.12/site-packages/neutron_lib/callbacks/manager.py:52}}
Apr 24 19:14:50.651760 np0000170099 devstack@neutron-api.service[104257]: DEBUG neutron_lib.callbacks.manager [None req-04a15a32-3fe6-48eb-a2e6-d85d53679885 None None] Subscribe: > router precommit_create 55550100, False {{(pid=104257) subscribe /opt/stack/data/venv/lib/python3.12/site-packages/neutron_lib/callbacks/manager.py:52}}
Apr 24 19:14:50.651853 np0000170099 devstack@neutron-api.service[104255]: DEBUG neutron.manager [None req-92a532cf-a833-4ac7-b222-cf6f1a171323 None None] Successfully loaded network-ip-availability plugin. Description: Provides IP availability data for each network and subnet. {{(pid=104255) _create_and_add_service_plugin /opt/stack/neutron/neutron/manager.py:239}}
Apr 24 19:14:50.651891 np0000170099 devstack@neutron-api.service[104257]: DEBUG neutron_lib.callbacks.manager [None req-04a15a32-3fe6-48eb-a2e6-d85d53679885 None None] Subscribe: > router precommit_update 55550100, False {{(pid=104257) subscribe /opt/stack/data/venv/lib/python3.12/site-packages/neutron_lib/callbacks/manager.py:52}}
Apr 24 19:14:50.651964 np0000170099 devstack@neutron-api.service[104255]: INFO neutron.manager [None req-92a532cf-a833-4ac7-b222-cf6f1a171323 None None] Loading Plugin: flavors
Apr 24 19:14:50.652972 np0000170099 devstack@neutron-api.service[104255]: DEBUG neutron.manager [None req-92a532cf-a833-4ac7-b222-cf6f1a171323 None None] Successfully loaded FLAVORS plugin. Description: Neutron Flavors and Service Profiles manager plugin {{(pid=104255) _create_and_add_service_plugin /opt/stack/neutron/neutron/manager.py:239}}
Apr 24 19:14:50.653110 np0000170099 devstack@neutron-api.service[104255]: INFO neutron.manager [None req-92a532cf-a833-4ac7-b222-cf6f1a171323 None None] Loading Plugin: revisions
Apr 24 19:14:50.654131 np0000170099 devstack@neutron-api.service[104255]: DEBUG neutron.manager [None req-92a532cf-a833-4ac7-b222-cf6f1a171323 None None] Successfully loaded revision_plugin plugin. Description: Adds revision numbers to resources. {{(pid=104255) _create_and_add_service_plugin /opt/stack/neutron/neutron/manager.py:239}}
Apr 24 19:14:50.654253 np0000170099 devstack@neutron-api.service[104255]: DEBUG oslo_concurrency.lockutils [None req-92a532cf-a833-4ac7-b222-cf6f1a171323 None None] Lock "manager" "released" by "neutron.manager.NeutronManager._create_instance" :: held 4.859s {{(pid=104255) inner /opt/stack/data/venv/lib/python3.12/site-packages/oslo_concurrency/lockutils.py:538}}
Apr 24 19:14:50.654547 np0000170099 devstack@neutron-api.service[104255]: DEBUG neutron.api.extensions [None req-92a532cf-a833-4ac7-b222-cf6f1a171323 None None] get_extension_paths = OrderedDict({'/opt/stack/neutron/neutron/extensions': 1}) {{(pid=104255) get_extensions_path /opt/stack/neutron/neutron/api/extensions.py:640}}
Apr 24 19:14:50.654670 np0000170099 devstack@neutron-api.service[104255]: INFO neutron.api.extensions [None req-92a532cf-a833-4ac7-b222-cf6f1a171323 None None] Initializing extension manager.
Apr 24 19:14:50.654996 np0000170099 devstack@neutron-api.service[104255]: DEBUG neutron.api.extensions [None req-92a532cf-a833-4ac7-b222-cf6f1a171323 None None] Loading extension file: __init__.py {{(pid=104255) _load_all_extensions_from_path /opt/stack/neutron/neutron/api/extensions.py:449}}
Apr 24 19:14:50.655083 np0000170099 devstack@neutron-api.service[104255]: DEBUG neutron.api.extensions [None req-92a532cf-a833-4ac7-b222-cf6f1a171323 None None] Loading extension file: __pycache__ {{(pid=104255) _load_all_extensions_from_path /opt/stack/neutron/neutron/api/extensions.py:449}}
Apr 24 19:14:50.655176 np0000170099 devstack@neutron-api.service[104257]: DEBUG neutron.services.provider_configuration [None req-04a15a32-3fe6-48eb-a2e6-d85d53679885 None None] Service providers = [] {{(pid=104257) parse_service_provider_opt /opt/stack/neutron/neutron/services/provider_configuration.py:170}}
Apr 24 19:14:50.655210 np0000170099 devstack@neutron-api.service[104255]: DEBUG neutron.api.extensions [None req-92a532cf-a833-4ac7-b222-cf6f1a171323 None None] Loading extension file: address_group.py {{(pid=104255) _load_all_extensions_from_path /opt/stack/neutron/neutron/api/extensions.py:449}}
Apr 24 19:14:50.655330 np0000170099 devstack@neutron-api.service[104257]: DEBUG neutron.db.servicetype_db [None req-04a15a32-3fe6-48eb-a2e6-d85d53679885 None None] Adding provider configuration for service L3_ROUTER_NAT {{(pid=104257) add_provider_configuration /opt/stack/neutron/neutron/db/servicetype_db.py:42}}
Apr 24 19:14:50.655522 np0000170099 devstack@neutron-api.service[104255]: DEBUG neutron.api.extensions [None req-92a532cf-a833-4ac7-b222-cf6f1a171323 None None] Ext name="Address group" alias="address-group" description="Support address group" updated="2020-07-15T10:00:00-00:00" {{(pid=104255) _check_extension /opt/stack/neutron/neutron/api/extensions.py:415}}
Apr 24 19:14:50.655823 np0000170099 devstack@neutron-api.service[104255]: INFO neutron.api.extensions [None req-92a532cf-a833-4ac7-b222-cf6f1a171323 None None] Loaded extension: address-group
Apr 24 19:14:50.655940 np0000170099 devstack@neutron-api.service[104255]: DEBUG neutron.api.extensions [None req-92a532cf-a833-4ac7-b222-cf6f1a171323 None None] Loading extension file: address_scope.py {{(pid=104255) _load_all_extensions_from_path /opt/stack/neutron/neutron/api/extensions.py:449}}
Apr 24 19:14:50.656206 np0000170099 devstack@neutron-api.service[104255]: DEBUG neutron.api.extensions [None req-92a532cf-a833-4ac7-b222-cf6f1a171323 None None] Ext name="Address scope" alias="address-scope" description="Address scopes extension." updated="2015-07-26T10:00:00-00:00" {{(pid=104255) _check_extension /opt/stack/neutron/neutron/api/extensions.py:415}}
Apr 24 19:14:50.656454 np0000170099 devstack@neutron-api.service[104255]: INFO neutron.api.extensions [None req-92a532cf-a833-4ac7-b222-cf6f1a171323 None None] Loaded extension: address-scope
Apr 24 19:14:50.656698 np0000170099 devstack@neutron-api.service[104255]: DEBUG neutron.api.extensions [None req-92a532cf-a833-4ac7-b222-cf6f1a171323 None None] Loading extension file: admin_state_down_before_update.py {{(pid=104255) _load_all_extensions_from_path /opt/stack/neutron/neutron/api/extensions.py:449}}
Apr 24 19:14:50.656922 np0000170099 devstack@neutron-api.service[104257]: DEBUG neutron_lib.callbacks.manager [None req-04a15a32-3fe6-48eb-a2e6-d85d53679885 None None] Subscribe: > router precommit_create 55549900, False {{(pid=104257) subscribe /opt/stack/data/venv/lib/python3.12/site-packages/neutron_lib/callbacks/manager.py:52}}
Apr 24 19:14:50.656922 np0000170099 devstack@neutron-api.service[104257]: DEBUG neutron_lib.callbacks.manager [None req-04a15a32-3fe6-48eb-a2e6-d85d53679885 None None] Subscribe: > router_interface after_create 55550000, False {{(pid=104257) subscribe /opt/stack/data/venv/lib/python3.12/site-packages/neutron_lib/callbacks/manager.py:52}}
Apr 24 19:14:50.656922 np0000170099 devstack@neutron-api.service[104257]: DEBUG neutron_lib.callbacks.manager [None req-04a15a32-3fe6-48eb-a2e6-d85d53679885 None None] Subscribe: > floatingip after_create 55550000, False {{(pid=104257) subscribe /opt/stack/data/venv/lib/python3.12/site-packages/neutron_lib/callbacks/manager.py:52}}
Apr 24 19:14:50.657187 np0000170099 devstack@neutron-api.service[104255]: DEBUG neutron.api.extensions [None req-92a532cf-a833-4ac7-b222-cf6f1a171323 None None] Ext name="Enforce Router's Admin State Down Before Update Extension" alias="router-admin-state-down-before-update" description="Ensure that the admin state of a router is DOWN (admin_state_up=False) before updating the distributed attribute" updated="2019-07-02T15:56:00" {{(pid=104255) _check_extension /opt/stack/neutron/neutron/api/extensions.py:415}}
Apr 24 19:14:50.657405 np0000170099 devstack@neutron-api.service[104257]: DEBUG neutron_lib.callbacks.manager [None req-04a15a32-3fe6-48eb-a2e6-d85d53679885 None None] Subscribe: > floatingip precommit_create 55550000, False {{(pid=104257) subscribe /opt/stack/data/venv/lib/python3.12/site-packages/neutron_lib/callbacks/manager.py:52}}
Apr 24 19:14:50.657405 np0000170099 devstack@neutron-api.service[104257]: DEBUG neutron_lib.callbacks.manager [None req-04a15a32-3fe6-48eb-a2e6-d85d53679885 None None] Subscribe: > floatingip precommit_update 55550000, False {{(pid=104257) subscribe /opt/stack/data/venv/lib/python3.12/site-packages/neutron_lib/callbacks/manager.py:52}}
Apr 24 19:14:50.657920 np0000170099 devstack@neutron-api.service[104255]: INFO neutron.api.extensions [None req-92a532cf-a833-4ac7-b222-cf6f1a171323 None None] Extension router-admin-state-down-before-update not supported by any of loaded plugins
Apr 24 19:14:50.658440 np0000170099 devstack@neutron-api.service[104257]: DEBUG neutron_lib.callbacks.manager [None req-04a15a32-3fe6-48eb-a2e6-d85d53679885 None None] Subscribe: > floatingip after_delete 55550000, False {{(pid=104257) subscribe /opt/stack/data/venv/lib/python3.12/site-packages/neutron_lib/callbacks/manager.py:52}}
Apr 24 19:14:50.659846 np0000170099 devstack@neutron-api.service[104255]: DEBUG neutron.api.extensions [None req-92a532cf-a833-4ac7-b222-cf6f1a171323 None None] Loading extension file: agent.py {{(pid=104255) _load_all_extensions_from_path /opt/stack/neutron/neutron/api/extensions.py:449}}
Apr 24 19:14:50.660214 np0000170099 devstack@neutron-api.service[104257]: DEBUG neutron_lib.callbacks.manager [None req-04a15a32-3fe6-48eb-a2e6-d85d53679885 None None] Subscribe: > floatingip after_status_update 55550000, False {{(pid=104257) subscribe /opt/stack/data/venv/lib/python3.12/site-packages/neutron_lib/callbacks/manager.py:52}}
Apr 24 19:14:50.660214 np0000170099 devstack@neutron-api.service[104257]: DEBUG neutron_lib.callbacks.manager [None req-04a15a32-3fe6-48eb-a2e6-d85d53679885 None None] Subscribe: > floatingip after_update 55550000, False {{(pid=104257) subscribe /opt/stack/data/venv/lib/python3.12/site-packages/neutron_lib/callbacks/manager.py:52}}
Apr 24 19:14:50.660214 np0000170099 devstack@neutron-api.service[104257]: DEBUG neutron_lib.callbacks.manager [None req-04a15a32-3fe6-48eb-a2e6-d85d53679885 None None] Subscribe: > port_forwarding after_create 55550000, False {{(pid=104257) subscribe /opt/stack/data/venv/lib/python3.12/site-packages/neutron_lib/callbacks/manager.py:52}}
Apr 24 19:14:50.660541 np0000170099 devstack@neutron-api.service[104255]: DEBUG neutron.api.extensions [None req-92a532cf-a833-4ac7-b222-cf6f1a171323 None None] Ext name="agent" alias="agent" description="The agent management extension." updated="2013-02-03T10:00:00-00:00" {{(pid=104255) _check_extension /opt/stack/neutron/neutron/api/extensions.py:415}}
Apr 24 19:14:50.660650 np0000170099 devstack@neutron-api.service[104257]: DEBUG neutron_lib.callbacks.manager [None req-04a15a32-3fe6-48eb-a2e6-d85d53679885 None None] Subscribe: > router_interface after_delete 55550000, False {{(pid=104257) subscribe /opt/stack/data/venv/lib/python3.12/site-packages/neutron_lib/callbacks/manager.py:52}}
Apr 24 19:14:50.660650 np0000170099 devstack@neutron-api.service[104257]: DEBUG neutron_lib.callbacks.manager [None req-04a15a32-3fe6-48eb-a2e6-d85d53679885 None None] Subscribe: > router after_create 55550000, False {{(pid=104257) subscribe /opt/stack/data/venv/lib/python3.12/site-packages/neutron_lib/callbacks/manager.py:52}}
Apr 24 19:14:50.660704 np0000170099 devstack@neutron-api.service[104255]: INFO neutron.api.extensions [None req-92a532cf-a833-4ac7-b222-cf6f1a171323 None None] Loaded extension: agent
Apr 24 19:14:50.660781 np0000170099 devstack@neutron-api.service[104257]: DEBUG neutron_lib.callbacks.manager [None req-04a15a32-3fe6-48eb-a2e6-d85d53679885 None None] Subscribe: > router precommit_create 55550000, False {{(pid=104257) subscribe /opt/stack/data/venv/lib/python3.12/site-packages/neutron_lib/callbacks/manager.py:52}}
Apr 24 19:14:50.660812 np0000170099 devstack@neutron-api.service[104255]: DEBUG neutron.api.extensions [None req-92a532cf-a833-4ac7-b222-cf6f1a171323 None None] Loading extension file: agent_resources_synced.py {{(pid=104255) _load_all_extensions_from_path /opt/stack/neutron/neutron/api/extensions.py:449}}
Apr 24 19:14:50.660881 np0000170099 devstack@neutron-api.service[104257]: DEBUG neutron_lib.callbacks.manager [None req-04a15a32-3fe6-48eb-a2e6-d85d53679885 None None] Subscribe: > router after_delete 55550000, False {{(pid=104257) subscribe /opt/stack/data/venv/lib/python3.12/site-packages/neutron_lib/callbacks/manager.py:52}}
Apr 24 19:14:50.660881 np0000170099 devstack@neutron-api.service[104257]: DEBUG neutron_lib.callbacks.manager [None req-04a15a32-3fe6-48eb-a2e6-d85d53679885 None None] Subscribe: > router after_update 55550000, False {{(pid=104257) subscribe /opt/stack/data/venv/lib/python3.12/site-packages/neutron_lib/callbacks/manager.py:52}}
Apr 24 19:14:50.660961 np0000170099 devstack@neutron-api.service[104255]: DEBUG neutron.api.extensions [None req-92a532cf-a833-4ac7-b222-cf6f1a171323 None None] Ext name="Agent's Resource View Synced to Placement" alias="agent-resources-synced" description="Stores success/failure of last sync to Placement" updated="2018-12-19T00:00:00-00:00" {{(pid=104255) _check_extension /opt/stack/neutron/neutron/api/extensions.py:415}}
Apr 24 19:14:50.661029 np0000170099 devstack@neutron-api.service[104257]: DEBUG neutron.services.service_base [None req-04a15a32-3fe6-48eb-a2e6-d85d53679885 None None] Loaded 'neutron.services.ovn_l3.service_providers.ovn.OvnDriver' provider for service L3_ROUTER_NAT {{(pid=104257) load_drivers /opt/stack/neutron/neutron/services/service_base.py:49}}
Apr 24 19:14:50.661029 np0000170099 devstack@neutron-api.service[104257]: DEBUG neutron_lib.callbacks.manager [None req-04a15a32-3fe6-48eb-a2e6-d85d53679885 None None] Subscribe: > process after_init 55550001, True {{(pid=104257) subscribe /opt/stack/data/venv/lib/python3.12/site-packages/neutron_lib/callbacks/manager.py:52}}
Apr 24 19:14:50.661097 np0000170099 devstack@neutron-api.service[104255]: INFO neutron.api.extensions [None req-92a532cf-a833-4ac7-b222-cf6f1a171323 None None] Extension agent-resources-synced not supported by any of loaded plugins
Apr 24 19:14:50.661097 np0000170099 devstack@neutron-api.service[104255]: DEBUG neutron.api.extensions [None req-92a532cf-a833-4ac7-b222-cf6f1a171323 None None] Loading extension file: allowedaddresspairs.py {{(pid=104255) _load_all_extensions_from_path /opt/stack/neutron/neutron/api/extensions.py:449}}
Apr 24 19:14:50.661207 np0000170099 devstack@neutron-api.service[104257]: DEBUG neutron.manager [None req-04a15a32-3fe6-48eb-a2e6-d85d53679885 None None] Successfully loaded L3_ROUTER_NAT plugin. Description: L3 Router Service Plugin for basic L3 forwarding using OVN {{(pid=104257) _create_and_add_service_plugin /opt/stack/neutron/neutron/manager.py:239}}
Apr 24 19:14:50.661207 np0000170099 devstack@neutron-api.service[104257]: INFO neutron.manager [None req-04a15a32-3fe6-48eb-a2e6-d85d53679885 None None] Loading Plugin: auto_allocate
Apr 24 19:14:50.661322 np0000170099 devstack@neutron-api.service[104258]: INFO neutron.plugins.ml2.drivers.type_vlan [None req-e545fce2-eaf4-4d2a-99d9-2576be91da32 None None] VlanTypeDriver initialization complete
Apr 24 19:14:50.661322 np0000170099 devstack@neutron-api.service[104258]: INFO neutron.plugins.ml2.managers [None req-e545fce2-eaf4-4d2a-99d9-2576be91da32 None None] Initializing extension driver 'port_security'
Apr 24 19:14:50.661322 np0000170099 devstack@neutron-api.service[104258]: INFO neutron.plugins.ml2.extensions.port_security [None req-e545fce2-eaf4-4d2a-99d9-2576be91da32 None None] PortSecurityExtensionDriver initialization complete
Apr 24 19:14:50.661322 np0000170099 devstack@neutron-api.service[104258]: INFO neutron.plugins.ml2.managers [None req-e545fce2-eaf4-4d2a-99d9-2576be91da32 None None] Initializing extension driver 'qos'
Apr 24 19:14:50.661322 np0000170099 devstack@neutron-api.service[104258]: DEBUG neutron.plugins.ml2.extensions.qos [None req-e545fce2-eaf4-4d2a-99d9-2576be91da32 None None] QosExtensionDriver initialization complete {{(pid=104258) initialize /opt/stack/neutron/neutron/plugins/ml2/extensions/qos.py:31}}
Apr 24 19:14:50.662245 np0000170099 devstack@neutron-api.service[104255]: DEBUG neutron.api.extensions [None req-92a532cf-a833-4ac7-b222-cf6f1a171323 None None] Ext name="Allowed Address Pairs" alias="allowed-address-pairs" description="Provides allowed address pairs" updated="2013-07-23T10:00:00-00:00" {{(pid=104255) _check_extension /opt/stack/neutron/neutron/api/extensions.py:415}}
Apr 24 19:14:50.662622 np0000170099 devstack@neutron-api.service[104258]: INFO neutron.plugins.ml2.managers [None req-e545fce2-eaf4-4d2a-99d9-2576be91da32 None None] Initializing mechanism driver 'ovn'
Apr 24 19:14:50.662622 np0000170099 devstack@neutron-api.service[104258]: INFO neutron.plugins.ml2.drivers.ovn.mech_driver.mech_driver [None req-e545fce2-eaf4-4d2a-99d9-2576be91da32 None None] Starting OVNMechanismDriver
Apr 24 19:14:50.662790 np0000170099 devstack@neutron-api.service[104255]: INFO neutron.api.extensions [None req-92a532cf-a833-4ac7-b222-cf6f1a171323 None None] Loaded extension: allowed-address-pairs
Apr 24 19:14:50.662790 np0000170099 devstack@neutron-api.service[104255]: DEBUG neutron.api.extensions [None req-92a532cf-a833-4ac7-b222-cf6f1a171323 None None] Loading extension file: auto_allocated_topology.py {{(pid=104255) _load_all_extensions_from_path /opt/stack/neutron/neutron/api/extensions.py:449}}
Apr 24 19:14:50.662930 np0000170099 devstack@neutron-api.service[104257]: DEBUG neutron_lib.callbacks.manager [None req-04a15a32-3fe6-48eb-a2e6-d85d53679885 None None] Subscribe: network precommit_update 55550000, False {{(pid=104257) subscribe /opt/stack/data/venv/lib/python3.12/site-packages/neutron_lib/callbacks/manager.py:52}}
Apr 24 19:14:50.662930 np0000170099 devstack@neutron-api.service[104257]: DEBUG neutron_lib.callbacks.manager [None req-04a15a32-3fe6-48eb-a2e6-d85d53679885 None None] Subscribe: network precommit_create 55550000, False {{(pid=104257) subscribe /opt/stack/data/venv/lib/python3.12/site-packages/neutron_lib/callbacks/manager.py:52}}
Apr 24 19:14:50.663107 np0000170099 devstack@neutron-api.service[104255]: DEBUG neutron.api.extensions [None req-92a532cf-a833-4ac7-b222-cf6f1a171323 None None] Ext name="Auto Allocated Topology Services" alias="auto-allocated-topology" description="Auto Allocated Topology Services." updated="2016-01-01T00:00:00-00:00" {{(pid=104255) _check_extension /opt/stack/neutron/neutron/api/extensions.py:415}}
Apr 24 19:14:50.663249 np0000170099 devstack@neutron-api.service[104257]: DEBUG neutron.manager [None req-04a15a32-3fe6-48eb-a2e6-d85d53679885 None None] Successfully loaded auto-allocated-topology plugin. Description: Auto Allocated Topology - aka get me a network. {{(pid=104257) _create_and_add_service_plugin /opt/stack/neutron/neutron/manager.py:239}}
Apr 24 19:14:50.663249 np0000170099 devstack@neutron-api.service[104257]: INFO neutron.manager [None req-04a15a32-3fe6-48eb-a2e6-d85d53679885 None None] Loading Plugin: tag
Apr 24 19:14:50.663397 np0000170099 devstack@neutron-api.service[104255]: INFO neutron.api.extensions [None req-92a532cf-a833-4ac7-b222-cf6f1a171323 None None] Loaded extension: auto-allocated-topology
Apr 24 19:14:50.663397 np0000170099 devstack@neutron-api.service[104255]: DEBUG neutron.api.extensions [None req-92a532cf-a833-4ac7-b222-cf6f1a171323 None None] Loading extension file: availability_zone.py {{(pid=104255) _load_all_extensions_from_path /opt/stack/neutron/neutron/api/extensions.py:449}}
Apr 24 19:14:50.663397 np0000170099 devstack@neutron-api.service[104255]: DEBUG neutron.api.extensions [None req-92a532cf-a833-4ac7-b222-cf6f1a171323 None None] Ext name="Availability Zone" alias="availability_zone" description="The availability zone extension." updated="2015-01-01T10:00:00-00:00" {{(pid=104255) _check_extension /opt/stack/neutron/neutron/api/extensions.py:415}}
Apr 24 19:14:50.663397 np0000170099 devstack@neutron-api.service[104255]: INFO neutron.api.extensions [None req-92a532cf-a833-4ac7-b222-cf6f1a171323 None None] Loaded extension: availability_zone
Apr 24 19:14:50.663397 np0000170099 devstack@neutron-api.service[104255]: DEBUG neutron.api.extensions [None req-92a532cf-a833-4ac7-b222-cf6f1a171323 None None] Loading extension file: availability_zone_filter.py {{(pid=104255) _load_all_extensions_from_path /opt/stack/neutron/neutron/api/extensions.py:449}}
Apr 24 19:14:50.663618 np0000170099 devstack@neutron-api.service[104258]: DEBUG neutron_lib.callbacks.manager [None req-e545fce2-eaf4-4d2a-99d9-2576be91da32 None None] Subscribe: > process before_spawn 55550000, False {{(pid=104258) subscribe /opt/stack/data/venv/lib/python3.12/site-packages/neutron_lib/callbacks/manager.py:52}}
Apr 24 19:14:50.663618 np0000170099 devstack@neutron-api.service[104258]: DEBUG neutron_lib.callbacks.manager [None req-e545fce2-eaf4-4d2a-99d9-2576be91da32 None None] Subscribe: > process after_init 55550000, True {{(pid=104258) subscribe /opt/stack/data/venv/lib/python3.12/site-packages/neutron_lib/callbacks/manager.py:52}}
Apr 24 19:14:50.663738 np0000170099 devstack@neutron-api.service[104255]: DEBUG neutron.api.extensions [None req-92a532cf-a833-4ac7-b222-cf6f1a171323 None None] Ext name="Availability Zone Filter Extension" alias="availability_zone_filter" description="Add filter parameters to AvailabilityZone resource" updated="2018-06-22T10:00:00-00:00" {{(pid=104255) _check_extension /opt/stack/neutron/neutron/api/extensions.py:415}}
Apr 24 19:14:50.663864 np0000170099 devstack@neutron-api.service[104258]: DEBUG neutron_lib.callbacks.manager [None req-e545fce2-eaf4-4d2a-99d9-2576be91da32 None None] Subscribe: > segment after_create 55550000, False {{(pid=104258) subscribe /opt/stack/data/venv/lib/python3.12/site-packages/neutron_lib/callbacks/manager.py:52}}
Apr 24 19:14:50.663864 np0000170099 devstack@neutron-api.service[104258]: DEBUG neutron_lib.callbacks.manager [None req-e545fce2-eaf4-4d2a-99d9-2576be91da32 None None] Subscribe: > segment after_create 55550000, False {{(pid=104258) subscribe /opt/stack/data/venv/lib/python3.12/site-packages/neutron_lib/callbacks/manager.py:52}}
Apr 24 19:14:50.664036 np0000170099 devstack@neutron-api.service[104255]: INFO neutron.api.extensions [None req-92a532cf-a833-4ac7-b222-cf6f1a171323 None None] Extension availability_zone_filter not supported by any of loaded plugins
Apr 24 19:14:50.664094 np0000170099 devstack@neutron-api.service[104258]: DEBUG neutron_lib.callbacks.manager [None req-e545fce2-eaf4-4d2a-99d9-2576be91da32 None None] Subscribe: > segment after_delete 55550000, False {{(pid=104258) subscribe /opt/stack/data/venv/lib/python3.12/site-packages/neutron_lib/callbacks/manager.py:52}}
Apr 24 19:14:50.664192 np0000170099 devstack@neutron-api.service[104255]: DEBUG neutron.api.extensions [None req-92a532cf-a833-4ac7-b222-cf6f1a171323 None None] Loading extension file: data_plane_status.py {{(pid=104255) _load_all_extensions_from_path /opt/stack/neutron/neutron/api/extensions.py:449}}
Apr 24 19:14:50.664221 np0000170099 devstack@neutron-api.service[104258]: DEBUG neutron_lib.callbacks.manager [None req-e545fce2-eaf4-4d2a-99d9-2576be91da32 None None] Subscribe: > allowed_address_pair before_create 55550000, False {{(pid=104258) subscribe /opt/stack/data/venv/lib/python3.12/site-packages/neutron_lib/callbacks/manager.py:52}}
Apr 24 19:14:50.664221 np0000170099 devstack@neutron-api.service[104258]: DEBUG neutron_lib.callbacks.manager [None req-e545fce2-eaf4-4d2a-99d9-2576be91da32 None None] Subscribe: > security_group precommit_create 55550000, False {{(pid=104258) subscribe /opt/stack/data/venv/lib/python3.12/site-packages/neutron_lib/callbacks/manager.py:52}}
Apr 24 19:14:50.664449 np0000170099 devstack@neutron-api.service[104255]: DEBUG neutron.api.extensions [None req-92a532cf-a833-4ac7-b222-cf6f1a171323 None None] Ext name="Port data plane status extension" alias="data-plane-status" description="Expose status of underlying data plane" updated="2017-01-24T10:00:00-00:00" {{(pid=104255) _check_extension /opt/stack/neutron/neutron/api/extensions.py:415}}
Apr 24 19:14:50.664563 np0000170099 devstack@neutron-api.service[104258]: DEBUG neutron_lib.callbacks.manager [None req-e545fce2-eaf4-4d2a-99d9-2576be91da32 None None] Subscribe: > security_group after_update 55550000, False {{(pid=104258) subscribe /opt/stack/data/venv/lib/python3.12/site-packages/neutron_lib/callbacks/manager.py:52}}
Apr 24 19:14:50.664728 np0000170099 devstack@neutron-api.service[104255]: INFO neutron.api.extensions [None req-92a532cf-a833-4ac7-b222-cf6f1a171323 None None] Extension data-plane-status not supported by any of loaded plugins
Apr 24 19:14:50.664871 np0000170099 devstack@neutron-api.service[104258]: DEBUG neutron_lib.callbacks.manager [None req-e545fce2-eaf4-4d2a-99d9-2576be91da32 None None] Subscribe: > security_group after_create 55550000, False {{(pid=104258) subscribe /opt/stack/data/venv/lib/python3.12/site-packages/neutron_lib/callbacks/manager.py:52}}
Apr 24 19:14:50.664871 np0000170099 devstack@neutron-api.service[104258]: DEBUG neutron_lib.callbacks.manager [None req-e545fce2-eaf4-4d2a-99d9-2576be91da32 None None] Subscribe: > security_group precommit_delete 55550000, False {{(pid=104258) subscribe /opt/stack/data/venv/lib/python3.12/site-packages/neutron_lib/callbacks/manager.py:52}}
Apr 24 19:14:50.665032 np0000170099 devstack@neutron-api.service[104255]: DEBUG neutron.api.extensions [None req-92a532cf-a833-4ac7-b222-cf6f1a171323 None None] Loading extension file: default_subnetpools.py {{(pid=104255) _load_all_extensions_from_path /opt/stack/neutron/neutron/api/extensions.py:449}}
Apr 24 19:14:50.665094 np0000170099 devstack@neutron-api.service[104258]: DEBUG neutron_lib.callbacks.manager [None req-e545fce2-eaf4-4d2a-99d9-2576be91da32 None None] Subscribe: > security_group after_delete 55550000, False {{(pid=104258) subscribe /opt/stack/data/venv/lib/python3.12/site-packages/neutron_lib/callbacks/manager.py:52}}
Apr 24 19:14:50.665094 np0000170099 devstack@neutron-api.service[104258]: DEBUG neutron_lib.callbacks.manager [None req-e545fce2-eaf4-4d2a-99d9-2576be91da32 None None] Subscribe: > security_group_rule precommit_create 55550000, False {{(pid=104258) subscribe /opt/stack/data/venv/lib/python3.12/site-packages/neutron_lib/callbacks/manager.py:52}}
Apr 24 19:14:50.665233 np0000170099 devstack@neutron-api.service[104255]: DEBUG neutron.api.extensions [None req-92a532cf-a833-4ac7-b222-cf6f1a171323 None None] Ext name="Default Subnetpools" alias="default-subnetpools" description="Provides ability to mark and use a subnetpool as the default." updated="2016-02-18T18:00:00-00:00" {{(pid=104255) _check_extension /opt/stack/neutron/neutron/api/extensions.py:415}}
Apr 24 19:14:50.665347 np0000170099 devstack@neutron-api.service[104257]: DEBUG neutron.manager [None req-04a15a32-3fe6-48eb-a2e6-d85d53679885 None None] Successfully loaded TAG plugin. Description: Tag support {{(pid=104257) _create_and_add_service_plugin /opt/stack/neutron/neutron/manager.py:239}}
Apr 24 19:14:50.665405 np0000170099 devstack@neutron-api.service[104258]: DEBUG neutron_lib.callbacks.manager [None req-e545fce2-eaf4-4d2a-99d9-2576be91da32 None None] Subscribe: > security_group_rule after_create 55550000, False {{(pid=104258) subscribe /opt/stack/data/venv/lib/python3.12/site-packages/neutron_lib/callbacks/manager.py:52}}
Apr 24 19:14:50.665435 np0000170099 devstack@neutron-api.service[104257]: INFO neutron.manager [None req-04a15a32-3fe6-48eb-a2e6-d85d53679885 None None] Loading Plugin: timestamp
Apr 24 19:14:50.665527 np0000170099 devstack@neutron-api.service[104258]: DEBUG neutron_lib.callbacks.manager [None req-e545fce2-eaf4-4d2a-99d9-2576be91da32 None None] Subscribe: > security_group_rule before_delete 55550000, False {{(pid=104258) subscribe /opt/stack/data/venv/lib/python3.12/site-packages/neutron_lib/callbacks/manager.py:52}}
Apr 24 19:14:50.665591 np0000170099 devstack@neutron-api.service[104255]: INFO neutron.api.extensions [None req-92a532cf-a833-4ac7-b222-cf6f1a171323 None None] Loaded extension: default-subnetpools
