2026-03-31 06:06:43.598 7 INFO cinder.volume.api [req-8c425d7a-4bfb-44b4-983e-c1ee1712eb78 req-2ead4d3f-bdab-43d9-ba67-af1008cc82a7 d8245270faea4e2289373e7e48957520 d5c2375929fc44ffabded2d9073f1766 - - default default] Volume info retrieved successfully.
2026-03-31 06:06:43.645 7 INFO cinder.volume.api [req-8c425d7a-4bfb-44b4-983e-c1ee1712eb78 req-2ead4d3f-bdab-43d9-ba67-af1008cc82a7 d8245270faea4e2289373e7e48957520 d5c2375929fc44ffabded2d9073f1766 - - default default] Delete volume request issued successfully.
2026-03-31 06:06:43.645 7 INFO cinder.api.openstack.wsgi [req-8c425d7a-4bfb-44b4-983e-c1ee1712eb78 req-2ead4d3f-bdab-43d9-ba67-af1008cc82a7 d8245270faea4e2289373e7e48957520 d5c2375929fc44ffabded2d9073f1766 - - default default] http://cinder-api.openstack.svc.cluster.local:8776/v3/d5c2375929fc44ffabded2d9073f1766/volumes/abb3e792-23de-4f22-bcfc-87eda6a0cd9c returned with HTTP 202 [pid: 7|app: 0|req: 380/757] 199.204.45.141 () {36 vars in 1054 bytes} [Tue Mar 31 06:06:43 2026] DELETE /v3/d5c2375929fc44ffabded2d9073f1766/volumes/abb3e792-23de-4f22-bcfc-87eda6a0cd9c => generated 0 bytes in 67 msecs (HTTP/1.1 202) 6 headers in 233 bytes (1 switches on core 0)
2026-03-31 06:06:53.567 8 INFO cinder.api.openstack.wsgi [req-65ab2dba-901e-4dce-96c9-77e6b519b17d req-8f89fd61-74e9-4e3f-8d2e-c17c7feb643c d8245270faea4e2289373e7e48957520 d5c2375929fc44ffabded2d9073f1766 - - default default] GET http://10.0.0.122:8776/
2026-03-31 06:06:53.567 8 INFO cinder.api.openstack.wsgi [req-65ab2dba-901e-4dce-96c9-77e6b519b17d req-8f89fd61-74e9-4e3f-8d2e-c17c7feb643c d8245270faea4e2289373e7e48957520 d5c2375929fc44ffabded2d9073f1766 - - default default] http://10.0.0.122:8776/ returned with HTTP 300
2026-03-31 06:06:53.567 7 INFO cinder.api.openstack.wsgi [req-8c425d7a-4bfb-44b4-983e-c1ee1712eb78 req-2ead4d3f-bdab-43d9-ba67-af1008cc82a7 d8245270faea4e2289373e7e48957520 d5c2375929fc44ffabded2d9073f1766 - - default default] GET http://10.0.0.122:8776/
2026-03-31 06:06:53.568 7 INFO cinder.api.openstack.wsgi [req-8c425d7a-4bfb-44b4-983e-c1ee1712eb78 req-2ead4d3f-bdab-43d9-ba67-af1008cc82a7 d8245270faea4e2289373e7e48957520 d5c2375929fc44ffabded2d9073f1766 - - default default] http://10.0.0.122:8776/ returned with HTTP 300 /var/lib/openstack/lib/python3.10/site-packages/pycadf/identifier.py:71: UserWarning: Invalid uuid: cinderv3. To ensure interoperability, identifiers should be a valid uuid. warnings.warn(('Invalid uuid: %s. To ensure interoperability, '
2026-03-31 06:07:02.310 8 INFO cinder.api.openstack.wsgi [None req-d602213f-2f87-4aef-99bf-f5a6609a4a65 cc621de00d21409eada44fd6085930ac 78f7c67c2752405786e8cbf2660fe6cb - - default default] GET http://cinder-api.openstack.svc.cluster.local:8776/v3/78f7c67c2752405786e8cbf2660fe6cb/volumes/detail?all_tenants=true
2026-03-31 06:07:02.338 8 INFO cinder.volume.api [None req-d602213f-2f87-4aef-99bf-f5a6609a4a65 cc621de00d21409eada44fd6085930ac 78f7c67c2752405786e8cbf2660fe6cb - - default default] Get all volumes completed successfully.
2026-03-31 06:07:02.342 8 INFO cinder.api.openstack.wsgi [None req-d602213f-2f87-4aef-99bf-f5a6609a4a65 cc621de00d21409eada44fd6085930ac 78f7c67c2752405786e8cbf2660fe6cb - - default default] http://cinder-api.openstack.svc.cluster.local:8776/v3/78f7c67c2752405786e8cbf2660fe6cb/volumes/detail?all_tenants=true returned with HTTP 200 [pid: 8|app: 0|req: 379/760] 10.0.0.232 () {28 vars in 684 bytes} [Tue Mar 31 06:07:02 2026] GET /v3/78f7c67c2752405786e8cbf2660fe6cb/volumes/detail?all_tenants=true => generated 15 bytes in 163 msecs (HTTP/1.1 200) 7 headers in 284 bytes (1 switches on core 0) /var/lib/openstack/lib/python3.10/site-packages/pycadf/identifier.py:71: UserWarning: Invalid uuid: cinderv3. To ensure interoperability, identifiers should be a valid uuid. warnings.warn(('Invalid uuid: %s. To ensure interoperability, '
2026-03-31 06:07:02.359 7 INFO cinder.api.openstack.wsgi [None req-6517d88e-f4d3-4ca1-b7e7-be0039f1d8d2 cc621de00d21409eada44fd6085930ac 78f7c67c2752405786e8cbf2660fe6cb - - default default] GET http://cinder-api.openstack.svc.cluster.local:8776/v3/78f7c67c2752405786e8cbf2660fe6cb/os-services
2026-03-31 06:07:02.366 7 INFO cinder.api.openstack.wsgi [None req-6517d88e-f4d3-4ca1-b7e7-be0039f1d8d2 cc621de00d21409eada44fd6085930ac 78f7c67c2752405786e8cbf2660fe6cb - - default default] http://cinder-api.openstack.svc.cluster.local:8776/v3/78f7c67c2752405786e8cbf2660fe6cb/os-services returned with HTTP 200 [pid: 7|app: 0|req: 382/761] 10.0.0.232 () {28 vars in 645 bytes} [Tue Mar 31 06:07:02 2026] GET /v3/78f7c67c2752405786e8cbf2660fe6cb/os-services => generated 646 bytes in 18 msecs (HTTP/1.1 200) 7 headers in 285 bytes (1 switches on core 0)
2026-03-31 06:07:02.377 8 INFO cinder.api.openstack.wsgi [None req-9b1cb637-88a5-4c18-8a45-6b9f16027d2b cc621de00d21409eada44fd6085930ac 78f7c67c2752405786e8cbf2660fe6cb - - default default] GET http://cinder-api.openstack.svc.cluster.local:8776/v3/78f7c67c2752405786e8cbf2660fe6cb/snapshots?all_tenants=true
2026-03-31 06:07:02.385 8 INFO cinder.volume.api [None req-9b1cb637-88a5-4c18-8a45-6b9f16027d2b cc621de00d21409eada44fd6085930ac 78f7c67c2752405786e8cbf2660fe6cb - - default default] Get all snapshots completed successfully.
2026-03-31 06:07:02.385 8 INFO cinder.api.openstack.wsgi [None req-9b1cb637-88a5-4c18-8a45-6b9f16027d2b cc621de00d21409eada44fd6085930ac 78f7c67c2752405786e8cbf2660fe6cb - - default default] http://cinder-api.openstack.svc.cluster.local:8776/v3/78f7c67c2752405786e8cbf2660fe6cb/snapshots?all_tenants=true returned with HTTP 200 [pid: 8|app: 0|req: 380/762] 10.0.0.232 () {28 vars in 674 bytes} [Tue Mar 31 06:07:02 2026] GET /v3/78f7c67c2752405786e8cbf2660fe6cb/snapshots?all_tenants=true => generated 17 bytes in 15 msecs (HTTP/1.1 200) 7 headers in 284 bytes (1 switches on core 0)
2026-03-31 06:07:02.400 7 INFO cinder.api.openstack.wsgi [None req-2d731713-eed7-48ec-b94e-5a97858f286b cc621de00d21409eada44fd6085930ac 78f7c67c2752405786e8cbf2660fe6cb - - default default] GET http://cinder-api.openstack.svc.cluster.local:8776/v3/78f7c67c2752405786e8cbf2660fe6cb/volumes/detail?all_tenants=true
2026-03-31 06:07:02.416 7 INFO cinder.volume.api [None req-2d731713-eed7-48ec-b94e-5a97858f286b cc621de00d21409eada44fd6085930ac 78f7c67c2752405786e8cbf2660fe6cb - - default default] Get all volumes completed successfully.
2026-03-31 06:07:02.420 7 INFO cinder.api.openstack.wsgi [None req-2d731713-eed7-48ec-b94e-5a97858f286b cc621de00d21409eada44fd6085930ac 78f7c67c2752405786e8cbf2660fe6cb - - default default] http://cinder-api.openstack.svc.cluster.local:8776/v3/78f7c67c2752405786e8cbf2660fe6cb/volumes/detail?all_tenants=true returned with HTTP 200 [pid: 7|app: 0|req: 383/763] 10.0.0.232 () {28 vars in 684 bytes} [Tue Mar 31 06:07:02 2026] GET /v3/78f7c67c2752405786e8cbf2660fe6cb/volumes/detail?all_tenants=true => generated 15 bytes in 27 msecs (HTTP/1.1 200) 7 headers in 284 bytes (1 switches on core 0)
2026-03-31 06:07:02.437 8 INFO cinder.api.openstack.wsgi [None req-390b0077-eaa8-444c-8766-b6d3f48e6d54 cc621de00d21409eada44fd6085930ac 78f7c67c2752405786e8cbf2660fe6cb - - default default] GET http://cinder-api.openstack.svc.cluster.local:8776/v3/78f7c67c2752405786e8cbf2660fe6cb/scheduler-stats/get_pools?detail=true
2026-03-31 06:07:02.455 8 INFO cinder.api.openstack.wsgi [None req-390b0077-eaa8-444c-8766-b6d3f48e6d54 cc621de00d21409eada44fd6085930ac 78f7c67c2752405786e8cbf2660fe6cb - - default default] http://cinder-api.openstack.svc.cluster.local:8776/v3/78f7c67c2752405786e8cbf2660fe6cb/scheduler-stats/get_pools?detail=true returned with HTTP 200 [pid: 8|app: 0|req: 381/764] 10.0.0.232 () {28 vars in 696 bytes} [Tue Mar 31 06:07:02 2026] GET /v3/78f7c67c2752405786e8cbf2660fe6cb/scheduler-stats/get_pools?detail=true => generated 670 bytes in 31 msecs (HTTP/1.1 200) 7 headers in 285 bytes (1 switches on core 0)
2026-03-31 06:07:02.527 7 INFO cinder.api.openstack.wsgi [None req-b7e02f76-e88b-4beb-836f-6c0ef689d441 cc621de00d21409eada44fd6085930ac 78f7c67c2752405786e8cbf2660fe6cb - - default default] GET http://cinder-api.openstack.svc.cluster.local:8776/v3/78f7c67c2752405786e8cbf2660fe6cb/os-quota-sets/2ea39be1832d4686b26fb22a757a4f10?usage=true
2026-03-31 06:07:02.563 7 INFO cinder.api.openstack.wsgi [None req-b7e02f76-e88b-4beb-836f-6c0ef689d441 cc621de00d21409eada44fd6085930ac 78f7c67c2752405786e8cbf2660fe6cb - - default default] http://cinder-api.openstack.svc.cluster.local:8776/v3/78f7c67c2752405786e8cbf2660fe6cb/os-quota-sets/2ea39be1832d4686b26fb22a757a4f10?usage=true returned with HTTP 200 [pid: 7|app: 0|req: 384/765] 10.0.0.232 () {28 vars in 736 bytes} [Tue Mar 31 06:07:02 2026] GET /v3/78f7c67c2752405786e8cbf2660fe6cb/os-quota-sets/2ea39be1832d4686b26fb22a757a4f10?usage=true => generated 847 bytes in 57 msecs (HTTP/1.1 200) 7 headers in 285 bytes (1 switches on core 0)
2026-03-31 06:07:02.580 8 INFO cinder.api.openstack.wsgi [None req-93fa9793-05dd-42f8-af19-bc4879045a2f cc621de00d21409eada44fd6085930ac 78f7c67c2752405786e8cbf2660fe6cb - - default default] GET http://cinder-api.openstack.svc.cluster.local:8776/v3/78f7c67c2752405786e8cbf2660fe6cb/os-quota-sets/3a010c2e184d42a0a3de0810ce2d149e?usage=true
2026-03-31 06:07:02.633 8 INFO cinder.api.openstack.wsgi [None req-93fa9793-05dd-42f8-af19-bc4879045a2f cc621de00d21409eada44fd6085930ac 78f7c67c2752405786e8cbf2660fe6cb - - default default] http://cinder-api.openstack.svc.cluster.local:8776/v3/78f7c67c2752405786e8cbf2660fe6cb/os-quota-sets/3a010c2e184d42a0a3de0810ce2d149e?usage=true returned with HTTP 200 [pid: 8|app: 0|req: 382/766] 10.0.0.232 () {28 vars in 736 bytes} [Tue Mar 31 06:07:02 2026] GET /v3/78f7c67c2752405786e8cbf2660fe6cb/os-quota-sets/3a010c2e184d42a0a3de0810ce2d149e?usage=true => generated 847 bytes in 65 msecs (HTTP/1.1 200) 7 headers in 285 bytes (1 switches on core 0)
2026-03-31 06:07:02.649 7 INFO cinder.api.openstack.wsgi [None req-7dd158a2-dccc-46dc-81f5-289bd476007e cc621de00d21409eada44fd6085930ac 78f7c67c2752405786e8cbf2660fe6cb - - default default] GET http://cinder-api.openstack.svc.cluster.local:8776/v3/78f7c67c2752405786e8cbf2660fe6cb/os-quota-sets/3d98a71b7a424de280b0aa60b942e473?usage=true
2026-03-31 06:07:02.686 7 INFO cinder.api.openstack.wsgi [None req-7dd158a2-dccc-46dc-81f5-289bd476007e cc621de00d21409eada44fd6085930ac 78f7c67c2752405786e8cbf2660fe6cb - - default default] http://cinder-api.openstack.svc.cluster.local:8776/v3/78f7c67c2752405786e8cbf2660fe6cb/os-quota-sets/3d98a71b7a424de280b0aa60b942e473?usage=true returned with HTTP 200 [pid: 7|app: 0|req: 385/767] 10.0.0.232 () {28 vars in 736 bytes} [Tue Mar 31 06:07:02 2026] GET /v3/78f7c67c2752405786e8cbf2660fe6cb/os-quota-sets/3d98a71b7a424de280b0aa60b942e473?usage=true => generated 845 bytes in 49 msecs (HTTP/1.1 200) 7 headers in 285 bytes (1 switches on core 0)
2026-03-31 06:07:02.705 8 INFO cinder.api.openstack.wsgi [None req-cce2007e-0e25-4038-b652-d1a9ff3b491d cc621de00d21409eada44fd6085930ac 78f7c67c2752405786e8cbf2660fe6cb - - default default] GET http://cinder-api.openstack.svc.cluster.local:8776/v3/78f7c67c2752405786e8cbf2660fe6cb/os-quota-sets/4d595eecee644d44a3ad8c77d119ee62?usage=true
2026-03-31 06:07:02.756 8 INFO cinder.api.openstack.wsgi [None req-cce2007e-0e25-4038-b652-d1a9ff3b491d cc621de00d21409eada44fd6085930ac 78f7c67c2752405786e8cbf2660fe6cb - - default default] http://cinder-api.openstack.svc.cluster.local:8776/v3/78f7c67c2752405786e8cbf2660fe6cb/os-quota-sets/4d595eecee644d44a3ad8c77d119ee62?usage=true returned with HTTP 200 [pid: 8|app: 0|req: 383/768] 10.0.0.232 () {28 vars in 736 bytes} [Tue Mar 31 06:07:02 2026] GET /v3/78f7c67c2752405786e8cbf2660fe6cb/os-quota-sets/4d595eecee644d44a3ad8c77d119ee62?usage=true => generated 847 bytes in 62 msecs (HTTP/1.1 200) 7 headers in 285 bytes (1 switches on core 0)
2026-03-31 06:07:02.783 7 INFO cinder.api.openstack.wsgi [None req-dfbec934-3654-4f03-9a4f-be0491d73d7b cc621de00d21409eada44fd6085930ac 78f7c67c2752405786e8cbf2660fe6cb - - default default] GET http://cinder-api.openstack.svc.cluster.local:8776/v3/78f7c67c2752405786e8cbf2660fe6cb/os-quota-sets/51f46d698f1a4304965f77a4c14b4ce1?usage=true
2026-03-31 06:07:02.826 7 INFO cinder.api.openstack.wsgi [None req-dfbec934-3654-4f03-9a4f-be0491d73d7b cc621de00d21409eada44fd6085930ac 78f7c67c2752405786e8cbf2660fe6cb - - default default] http://cinder-api.openstack.svc.cluster.local:8776/v3/78f7c67c2752405786e8cbf2660fe6cb/os-quota-sets/51f46d698f1a4304965f77a4c14b4ce1?usage=true returned with HTTP 200 [pid: 7|app: 0|req: 386/769] 10.0.0.232 () {28 vars in 736 bytes} [Tue Mar 31 06:07:02 2026] GET /v3/78f7c67c2752405786e8cbf2660fe6cb/os-quota-sets/51f46d698f1a4304965f77a4c14b4ce1?usage=true => generated 847 bytes in 67 msecs (HTTP/1.1 200) 7 headers in 285 bytes (1 switches on core 0)
2026-03-31 06:07:02.842 8 INFO cinder.api.openstack.wsgi [None req-8c39016d-19fd-43c9-8a94-6a3dde0f47b3 cc621de00d21409eada44fd6085930ac 78f7c67c2752405786e8cbf2660fe6cb - - default default] GET http://cinder-api.openstack.svc.cluster.local:8776/v3/78f7c67c2752405786e8cbf2660fe6cb/os-quota-sets/78f7c67c2752405786e8cbf2660fe6cb?usage=true
2026-03-31 06:07:02.872 8 INFO cinder.api.openstack.wsgi [None req-8c39016d-19fd-43c9-8a94-6a3dde0f47b3 cc621de00d21409eada44fd6085930ac 78f7c67c2752405786e8cbf2660fe6cb - - default default] http://cinder-api.openstack.svc.cluster.local:8776/v3/78f7c67c2752405786e8cbf2660fe6cb/os-quota-sets/78f7c67c2752405786e8cbf2660fe6cb?usage=true returned with HTTP 200 [pid: 8|app: 0|req: 384/770] 10.0.0.232 () {28 vars in 736 bytes} [Tue Mar 31 06:07:02 2026] GET /v3/78f7c67c2752405786e8cbf2660fe6cb/os-quota-sets/78f7c67c2752405786e8cbf2660fe6cb?usage=true => generated 845 bytes in 41 msecs (HTTP/1.1 200) 7 headers in 285 bytes (1 switches on core 0)
2026-03-31 06:07:02.886 7 INFO cinder.api.openstack.wsgi [None req-a5f048a4-172e-437c-9b91-508aa44d1be3 cc621de00d21409eada44fd6085930ac 78f7c67c2752405786e8cbf2660fe6cb - - default default] GET http://cinder-api.openstack.svc.cluster.local:8776/v3/78f7c67c2752405786e8cbf2660fe6cb/os-quota-sets/a9b76e8c631349e0946ef375c5b6e9c4?usage=true
2026-03-31 06:07:02.925 7 INFO cinder.api.openstack.wsgi [None req-a5f048a4-172e-437c-9b91-508aa44d1be3 cc621de00d21409eada44fd6085930ac 78f7c67c2752405786e8cbf2660fe6cb - - default default] http://cinder-api.openstack.svc.cluster.local:8776/v3/78f7c67c2752405786e8cbf2660fe6cb/os-quota-sets/a9b76e8c631349e0946ef375c5b6e9c4?usage=true returned with HTTP 200 [pid: 7|app: 0|req: 387/771] 10.0.0.232 () {28 vars in 736 bytes} [Tue Mar 31 06:07:02 2026] GET /v3/78f7c67c2752405786e8cbf2660fe6cb/os-quota-sets/a9b76e8c631349e0946ef375c5b6e9c4?usage=true => generated 847 bytes in 50 msecs (HTTP/1.1 200) 7 headers in 285 bytes (1 switches on core 0)
2026-03-31 06:07:03.567 8 INFO cinder.api.openstack.wsgi [None req-8c39016d-19fd-43c9-8a94-6a3dde0f47b3 cc621de00d21409eada44fd6085930ac 78f7c67c2752405786e8cbf2660fe6cb - - default default] GET http://10.0.0.122:8776/
2026-03-31 06:07:03.567 7 INFO cinder.api.openstack.wsgi [None req-a5f048a4-172e-437c-9b91-508aa44d1be3 cc621de00d21409eada44fd6085930ac 78f7c67c2752405786e8cbf2660fe6cb - - default default] GET http://10.0.0.122:8776/
2026-03-31 06:07:03.568 8 INFO cinder.api.openstack.wsgi [None req-8c39016d-19fd-43c9-8a94-6a3dde0f47b3 cc621de00d21409eada44fd6085930ac 78f7c67c2752405786e8cbf2660fe6cb - - default default] http://10.0.0.122:8776/ returned with HTTP 300
2026-03-31 06:07:03.568 7 INFO cinder.api.openstack.wsgi [None req-a5f048a4-172e-437c-9b91-508aa44d1be3 cc621de00d21409eada44fd6085930ac 78f7c67c2752405786e8cbf2660fe6cb - - default default] http://10.0.0.122:8776/ returned with HTTP 300
2026-03-31 06:07:13.566 7 INFO cinder.api.openstack.wsgi [None req-a5f048a4-172e-437c-9b91-508aa44d1be3 cc621de00d21409eada44fd6085930ac 78f7c67c2752405786e8cbf2660fe6cb - - default default] GET http://10.0.0.122:8776/
2026-03-31 06:07:13.566 8 INFO cinder.api.openstack.wsgi [None req-8c39016d-19fd-43c9-8a94-6a3dde0f47b3 cc621de00d21409eada44fd6085930ac 78f7c67c2752405786e8cbf2660fe6cb - - default default] GET http://10.0.0.122:8776/
2026-03-31 06:07:13.567 7 INFO cinder.api.openstack.wsgi [None req-a5f048a4-172e-437c-9b91-508aa44d1be3 cc621de00d21409eada44fd6085930ac 78f7c67c2752405786e8cbf2660fe6cb - - default default] http://10.0.0.122:8776/ returned with HTTP 300
2026-03-31 06:07:13.567 8 INFO cinder.api.openstack.wsgi [None req-8c39016d-19fd-43c9-8a94-6a3dde0f47b3 cc621de00d21409eada44fd6085930ac 78f7c67c2752405786e8cbf2660fe6cb - - default default] http://10.0.0.122:8776/ returned with HTTP 300
2026-03-31 06:07:23.566 7 INFO cinder.api.openstack.wsgi [None req-a5f048a4-172e-437c-9b91-508aa44d1be3 cc621de00d21409eada44fd6085930ac 78f7c67c2752405786e8cbf2660fe6cb - - default default] GET http://10.0.0.122:8776/
2026-03-31 06:07:23.566 8 INFO cinder.api.openstack.wsgi [None req-8c39016d-19fd-43c9-8a94-6a3dde0f47b3 cc621de00d21409eada44fd6085930ac 78f7c67c2752405786e8cbf2660fe6cb - - default default] GET http://10.0.0.122:8776/
2026-03-31 06:07:23.567 7 INFO cinder.api.openstack.wsgi [None req-a5f048a4-172e-437c-9b91-508aa44d1be3 cc621de00d21409eada44fd6085930ac 78f7c67c2752405786e8cbf2660fe6cb - - default default] http://10.0.0.122:8776/ returned with HTTP 300
2026-03-31 06:07:23.568 8 INFO cinder.api.openstack.wsgi [None req-8c39016d-19fd-43c9-8a94-6a3dde0f47b3 cc621de00d21409eada44fd6085930ac 78f7c67c2752405786e8cbf2660fe6cb - - default default] http://10.0.0.122:8776/ returned with HTTP 300
2026-03-31 06:07:32.813 7 INFO cinder.api.openstack.wsgi [None req-a5f048a4-172e-437c-9b91-508aa44d1be3 cc621de00d21409eada44fd6085930ac 78f7c67c2752405786e8cbf2660fe6cb - - default default] GET http://cinder-api.openstack.svc.cluster.local:8776/
2026-03-31 06:07:32.815 7 INFO cinder.api.openstack.wsgi [None req-a5f048a4-172e-437c-9b91-508aa44d1be3 cc621de00d21409eada44fd6085930ac 78f7c67c2752405786e8cbf2660fe6cb - - default default] http://cinder-api.openstack.svc.cluster.local:8776/ returned with HTTP 300 [pid: 7|app: 0|req: 391/778] 10.0.0.228 () {28 vars in 376 bytes} [Tue Mar 31 06:07:32 2026] GET / => generated 411 bytes in 3 msecs (HTTP/1.1 300) 5 headers in 169 bytes (1 switches on core 0)
2026-03-31 06:07:32.830 8 INFO cinder.api.openstack.wsgi [None req-83801feb-829f-45e4-bc66-28e02b22ade6 494af76c3300473f84668b2910b6c481 92507589dbcf42239dadd7ee2e013df0 - - default default] GET http://cinder-api.openstack.svc.cluster.local:8776/v3/92507589dbcf42239dadd7ee2e013df0/limits?tenant_id=92507589dbcf42239dadd7ee2e013df0
2026-03-31 06:07:32.862 8 INFO cinder.api.openstack.wsgi [None req-83801feb-829f-45e4-bc66-28e02b22ade6 494af76c3300473f84668b2910b6c481 92507589dbcf42239dadd7ee2e013df0 - - default default] http://cinder-api.openstack.svc.cluster.local:8776/v3/92507589dbcf42239dadd7ee2e013df0/limits?tenant_id=92507589dbcf42239dadd7ee2e013df0 returned with HTTP 200 [pid: 8|app: 0|req: 388/779] 10.0.0.228 () {34 vars in 879 bytes} [Tue Mar 31 06:07:32 2026] GET /v3/92507589dbcf42239dadd7ee2e013df0/limits?tenant_id=92507589dbcf42239dadd7ee2e013df0 => generated 302 bytes in 39 msecs (HTTP/1.1 200) 7 headers in 286 bytes (1 switches on core 0)
2026-03-31 06:07:33.567 7 INFO cinder.api.openstack.wsgi [None req-a5f048a4-172e-437c-9b91-508aa44d1be3 cc621de00d21409eada44fd6085930ac 78f7c67c2752405786e8cbf2660fe6cb - - default default] GET http://10.0.0.122:8776/
2026-03-31 06:07:33.567 8 INFO cinder.api.openstack.wsgi [None req-83801feb-829f-45e4-bc66-28e02b22ade6 494af76c3300473f84668b2910b6c481 92507589dbcf42239dadd7ee2e013df0 - - default default] GET http://10.0.0.122:8776/
2026-03-31 06:07:33.568 7 INFO cinder.api.openstack.wsgi [None req-a5f048a4-172e-437c-9b91-508aa44d1be3 cc621de00d21409eada44fd6085930ac 78f7c67c2752405786e8cbf2660fe6cb - - default default] http://10.0.0.122:8776/ returned with HTTP 300
2026-03-31 06:07:33.568 8 INFO cinder.api.openstack.wsgi [None req-83801feb-829f-45e4-bc66-28e02b22ade6 494af76c3300473f84668b2910b6c481 92507589dbcf42239dadd7ee2e013df0 - - default default] http://10.0.0.122:8776/ returned with HTTP 300
2026-03-31 06:07:34.871 8 INFO cinder.api.openstack.wsgi [None req-83801feb-829f-45e4-bc66-28e02b22ade6 494af76c3300473f84668b2910b6c481 92507589dbcf42239dadd7ee2e013df0 - - default default] GET http://cinder-api.openstack.svc.cluster.local:8776/
2026-03-31 06:07:34.873 8 INFO cinder.api.openstack.wsgi [None req-83801feb-829f-45e4-bc66-28e02b22ade6 494af76c3300473f84668b2910b6c481 92507589dbcf42239dadd7ee2e013df0 - - default default] http://cinder-api.openstack.svc.cluster.local:8776/ returned with HTTP 300 [pid: 8|app: 0|req: 390/782] 10.0.0.228 () {28 vars in 376 bytes} [Tue Mar 31 06:07:34 2026] GET / => generated 411 bytes in 2 msecs (HTTP/1.1 300) 5 headers in 169 bytes (1 switches on core 0)
2026-03-31 06:07:34.886 7 INFO cinder.api.openstack.wsgi [None req-a5f048a4-172e-437c-9b91-508aa44d1be3 cc621de00d21409eada44fd6085930ac 78f7c67c2752405786e8cbf2660fe6cb - - default default] GET http://cinder-api.openstack.svc.cluster.local:8776/
2026-03-31 06:07:34.887 7 INFO cinder.api.openstack.wsgi [None req-a5f048a4-172e-437c-9b91-508aa44d1be3 cc621de00d21409eada44fd6085930ac 78f7c67c2752405786e8cbf2660fe6cb - - default default] http://cinder-api.openstack.svc.cluster.local:8776/ returned with HTTP 300 [pid: 7|app: 0|req: 393/783] 10.0.0.228 () {28 vars in 376 bytes} [Tue Mar 31 06:07:34 2026] GET / => generated 411 bytes in 2 msecs (HTTP/1.1 300) 5 headers in 169 bytes (1 switches on core 0)
2026-03-31 06:07:36.056 8 INFO cinder.api.openstack.wsgi [None req-83801feb-829f-45e4-bc66-28e02b22ade6 494af76c3300473f84668b2910b6c481 92507589dbcf42239dadd7ee2e013df0 - - default default] GET http://cinder-api.openstack.svc.cluster.local:8776/
2026-03-31 06:07:36.058 8 INFO cinder.api.openstack.wsgi [None req-83801feb-829f-45e4-bc66-28e02b22ade6 494af76c3300473f84668b2910b6c481 92507589dbcf42239dadd7ee2e013df0 - - default default] http://cinder-api.openstack.svc.cluster.local:8776/ returned with HTTP 300 [pid: 8|app: 0|req: 391/784] 10.0.0.228 () {28 vars in 376 bytes} [Tue Mar 31 06:07:36 2026] GET / => generated 411 bytes in 4 msecs (HTTP/1.1 300) 5 headers in 169 bytes (1 switches on core 0)
2026-03-31 06:07:36.074 7 INFO cinder.api.openstack.wsgi [None req-5812ae72-2e43-4aec-afdf-33991505f139 494af76c3300473f84668b2910b6c481 92507589dbcf42239dadd7ee2e013df0 - - default default] GET http://cinder-api.openstack.svc.cluster.local:8776/v3/92507589dbcf42239dadd7ee2e013df0/limits?tenant_id=92507589dbcf42239dadd7ee2e013df0
2026-03-31 06:07:36.101 7 INFO cinder.api.openstack.wsgi [None req-5812ae72-2e43-4aec-afdf-33991505f139 494af76c3300473f84668b2910b6c481 92507589dbcf42239dadd7ee2e013df0 - - default default] http://cinder-api.openstack.svc.cluster.local:8776/v3/92507589dbcf42239dadd7ee2e013df0/limits?tenant_id=92507589dbcf42239dadd7ee2e013df0 returned with HTTP 200 [pid: 7|app: 0|req: 394/785] 10.0.0.228 () {34 vars in 879 bytes} [Tue Mar 31 06:07:36 2026] GET /v3/92507589dbcf42239dadd7ee2e013df0/limits?tenant_id=92507589dbcf42239dadd7ee2e013df0 => generated 302 bytes in 36 msecs (HTTP/1.1 200) 7 headers in 286 bytes (1 switches on core 0)
2026-03-31 06:07:38.067 8 INFO cinder.api.openstack.wsgi [None req-83801feb-829f-45e4-bc66-28e02b22ade6 494af76c3300473f84668b2910b6c481 92507589dbcf42239dadd7ee2e013df0 - - default default] GET http://cinder-api.openstack.svc.cluster.local:8776/
2026-03-31 06:07:38.068 8 INFO cinder.api.openstack.wsgi [None req-83801feb-829f-45e4-bc66-28e02b22ade6 494af76c3300473f84668b2910b6c481 92507589dbcf42239dadd7ee2e013df0 - - default default] http://cinder-api.openstack.svc.cluster.local:8776/ returned with HTTP 300 [pid: 8|app: 0|req: 392/786] 10.0.0.228 () {28 vars in 376 bytes} [Tue Mar 31 06:07:38 2026] GET / => generated 411 bytes in 2 msecs (HTTP/1.1 300) 5 headers in 169 bytes (1 switches on core 0)
2026-03-31 06:07:38.075 7 INFO cinder.api.openstack.wsgi [None req-5812ae72-2e43-4aec-afdf-33991505f139 494af76c3300473f84668b2910b6c481 92507589dbcf42239dadd7ee2e013df0 - - default default] GET http://cinder-api.openstack.svc.cluster.local:8776/
2026-03-31 06:07:38.076 7 INFO cinder.api.openstack.wsgi [None req-5812ae72-2e43-4aec-afdf-33991505f139 494af76c3300473f84668b2910b6c481 92507589dbcf42239dadd7ee2e013df0 - - default default] http://cinder-api.openstack.svc.cluster.local:8776/ returned with HTTP 300 [pid: 7|app: 0|req: 395/787] 10.0.0.228 () {28 vars in 376 bytes} [Tue Mar 31 06:07:38 2026] GET / => generated 411 bytes in 2 msecs (HTTP/1.1 300) 5 headers in 169 bytes (1 switches on core 0)
2026-03-31 06:07:43.566 8 INFO cinder.api.openstack.wsgi [None req-83801feb-829f-45e4-bc66-28e02b22ade6 494af76c3300473f84668b2910b6c481 92507589dbcf42239dadd7ee2e013df0 - - default default] GET http://10.0.0.122:8776/
2026-03-31 06:07:43.566 7 INFO cinder.api.openstack.wsgi [None req-5812ae72-2e43-4aec-afdf-33991505f139 494af76c3300473f84668b2910b6c481 92507589dbcf42239dadd7ee2e013df0 - - default default] GET http://10.0.0.122:8776/
2026-03-31 06:07:43.567 8 INFO cinder.api.openstack.wsgi [None req-83801feb-829f-45e4-bc66-28e02b22ade6 494af76c3300473f84668b2910b6c481 92507589dbcf42239dadd7ee2e013df0 - - default default] http://10.0.0.122:8776/ returned with HTTP 300
2026-03-31 06:07:43.568 7 INFO cinder.api.openstack.wsgi [None req-5812ae72-2e43-4aec-afdf-33991505f139 494af76c3300473f84668b2910b6c481 92507589dbcf42239dadd7ee2e013df0 - - default default] http://10.0.0.122:8776/ returned with HTTP 300
2026-03-31 06:07:53.566 8 INFO cinder.api.openstack.wsgi [None req-83801feb-829f-45e4-bc66-28e02b22ade6 494af76c3300473f84668b2910b6c481 92507589dbcf42239dadd7ee2e013df0 - - default default] GET http://10.0.0.122:8776/
2026-03-31 06:07:53.566 7 INFO cinder.api.openstack.wsgi [None req-5812ae72-2e43-4aec-afdf-33991505f139 494af76c3300473f84668b2910b6c481 92507589dbcf42239dadd7ee2e013df0 - - default default] GET http://10.0.0.122:8776/
2026-03-31 06:07:53.568 8 INFO cinder.api.openstack.wsgi [None req-83801feb-829f-45e4-bc66-28e02b22ade6 494af76c3300473f84668b2910b6c481 92507589dbcf42239dadd7ee2e013df0 - - default default] http://10.0.0.122:8776/ returned with HTTP 300
2026-03-31 06:07:53.568 7 INFO cinder.api.openstack.wsgi [None req-5812ae72-2e43-4aec-afdf-33991505f139 494af76c3300473f84668b2910b6c481 92507589dbcf42239dadd7ee2e013df0 - - default default] http://10.0.0.122:8776/ returned with HTTP 300
2026-03-31 06:08:02.333 8 INFO cinder.api.openstack.wsgi [None req-9660fc1b-dbfc-4410-8c5d-63dc5c3d179d cc621de00d21409eada44fd6085930ac 78f7c67c2752405786e8cbf2660fe6cb - - default default] GET http://cinder-api.openstack.svc.cluster.local:8776/v3/78f7c67c2752405786e8cbf2660fe6cb/snapshots?all_tenants=true
2026-03-31 06:08:02.342 8 INFO cinder.volume.api [None req-9660fc1b-dbfc-4410-8c5d-63dc5c3d179d cc621de00d21409eada44fd6085930ac 78f7c67c2752405786e8cbf2660fe6cb - - default default] Get all snapshots completed successfully.
2026-03-31 06:08:02.342 8 INFO cinder.api.openstack.wsgi [None req-9660fc1b-dbfc-4410-8c5d-63dc5c3d179d cc621de00d21409eada44fd6085930ac 78f7c67c2752405786e8cbf2660fe6cb - - default default] http://cinder-api.openstack.svc.cluster.local:8776/v3/78f7c67c2752405786e8cbf2660fe6cb/snapshots?all_tenants=true returned with HTTP 200 [pid: 8|app: 0|req: 395/792] 10.0.0.232 () {28 vars in 674 bytes} [Tue Mar 31 06:08:02 2026] GET /v3/78f7c67c2752405786e8cbf2660fe6cb/snapshots?all_tenants=true => generated 17 bytes in 216 msecs (HTTP/1.1 200) 7 headers in 284 bytes (1 switches on core 0)
2026-03-31 06:08:02.355 7 INFO cinder.api.openstack.wsgi [None req-5ac1f875-534a-4b43-a9a9-39cd9f024d1a cc621de00d21409eada44fd6085930ac 78f7c67c2752405786e8cbf2660fe6cb - - default default] GET http://cinder-api.openstack.svc.cluster.local:8776/v3/78f7c67c2752405786e8cbf2660fe6cb/volumes/detail?all_tenants=true
2026-03-31 06:08:02.369 7 INFO cinder.volume.api [None req-5ac1f875-534a-4b43-a9a9-39cd9f024d1a cc621de00d21409eada44fd6085930ac 78f7c67c2752405786e8cbf2660fe6cb - - default default] Get all volumes completed successfully.
2026-03-31 06:08:02.372 7 INFO cinder.api.openstack.wsgi [None req-5ac1f875-534a-4b43-a9a9-39cd9f024d1a cc621de00d21409eada44fd6085930ac 78f7c67c2752405786e8cbf2660fe6cb - - default default] http://cinder-api.openstack.svc.cluster.local:8776/v3/78f7c67c2752405786e8cbf2660fe6cb/volumes/detail?all_tenants=true returned with HTTP 200 [pid: 7|app: 0|req: 398/793] 10.0.0.232 () {28 vars in 684 bytes} [Tue Mar 31 06:08:02 2026] GET /v3/78f7c67c2752405786e8cbf2660fe6cb/volumes/detail?all_tenants=true => generated 15 bytes in 27 msecs (HTTP/1.1 200) 7 headers in 284 bytes (1 switches on core 0)
2026-03-31 06:08:02.421 8 INFO cinder.api.openstack.wsgi [None req-c5451955-0e3f-4700-916a-31144f951b6f cc621de00d21409eada44fd6085930ac 78f7c67c2752405786e8cbf2660fe6cb - - default default] GET http://cinder-api.openstack.svc.cluster.local:8776/v3/78f7c67c2752405786e8cbf2660fe6cb/os-quota-sets/3d98a71b7a424de280b0aa60b942e473?usage=true
2026-03-31 06:08:02.447 8 INFO cinder.api.openstack.wsgi [None req-c5451955-0e3f-4700-916a-31144f951b6f cc621de00d21409eada44fd6085930ac 78f7c67c2752405786e8cbf2660fe6cb - - default default] http://cinder-api.openstack.svc.cluster.local:8776/v3/78f7c67c2752405786e8cbf2660fe6cb/os-quota-sets/3d98a71b7a424de280b0aa60b942e473?usage=true returned with HTTP 200 [pid: 8|app: 0|req: 396/794] 10.0.0.232 () {28 vars in 736 bytes} [Tue Mar 31 06:08:02 2026] GET /v3/78f7c67c2752405786e8cbf2660fe6cb/os-quota-sets/3d98a71b7a424de280b0aa60b942e473?usage=true => generated 845 bytes in 36 msecs (HTTP/1.1 200) 7 headers in 285 bytes (1 switches on core 0)
2026-03-31 06:08:02.460 7 INFO cinder.api.openstack.wsgi [None req-a16361c2-7986-45d5-80f6-d1499b765cab cc621de00d21409eada44fd6085930ac 78f7c67c2752405786e8cbf2660fe6cb - - default default] GET http://cinder-api.openstack.svc.cluster.local:8776/v3/78f7c67c2752405786e8cbf2660fe6cb/os-quota-sets/64eb6322cdaf41fdbfcf07fd62487f0d?usage=true
2026-03-31 06:08:02.498 7 INFO cinder.api.openstack.wsgi [None req-a16361c2-7986-45d5-80f6-d1499b765cab cc621de00d21409eada44fd6085930ac 78f7c67c2752405786e8cbf2660fe6cb - - default default] http://cinder-api.openstack.svc.cluster.local:8776/v3/78f7c67c2752405786e8cbf2660fe6cb/os-quota-sets/64eb6322cdaf41fdbfcf07fd62487f0d?usage=true returned with HTTP 200 [pid: 7|app: 0|req: 399/795] 10.0.0.232 () {28 vars in 736 bytes} [Tue Mar 31 06:08:02 2026] GET /v3/78f7c67c2752405786e8cbf2660fe6cb/os-quota-sets/64eb6322cdaf41fdbfcf07fd62487f0d?usage=true => generated 847 bytes in 48 msecs (HTTP/1.1 200) 7 headers in 285 bytes (1 switches on core 0)
2026-03-31 06:08:02.515 8 INFO cinder.api.openstack.wsgi [None req-c8947559-a25e-40e9-8204-4a642f135069 cc621de00d21409eada44fd6085930ac 78f7c67c2752405786e8cbf2660fe6cb - - default default] GET http://cinder-api.openstack.svc.cluster.local:8776/v3/78f7c67c2752405786e8cbf2660fe6cb/os-quota-sets/78f7c67c2752405786e8cbf2660fe6cb?usage=true
2026-03-31 06:08:02.550 8 INFO cinder.api.openstack.wsgi [None req-c8947559-a25e-40e9-8204-4a642f135069 cc621de00d21409eada44fd6085930ac 78f7c67c2752405786e8cbf2660fe6cb - - default default] http://cinder-api.openstack.svc.cluster.local:8776/v3/78f7c67c2752405786e8cbf2660fe6cb/os-quota-sets/78f7c67c2752405786e8cbf2660fe6cb?usage=true returned with HTTP 200 [pid: 8|app: 0|req: 397/796] 10.0.0.232 () {28 vars in 736 bytes} [Tue Mar 31 06:08:02 2026] GET /v3/78f7c67c2752405786e8cbf2660fe6cb/os-quota-sets/78f7c67c2752405786e8cbf2660fe6cb?usage=true => generated 845 bytes in 47 msecs (HTTP/1.1 200) 7 headers in 285 bytes (1 switches on core 0)
2026-03-31 06:08:02.561 7 INFO cinder.api.openstack.wsgi [None req-3e3109ea-2110-4f53-888a-34ec60b37aee cc621de00d21409eada44fd6085930ac 78f7c67c2752405786e8cbf2660fe6cb - - default default] GET http://cinder-api.openstack.svc.cluster.local:8776/v3/78f7c67c2752405786e8cbf2660fe6cb/os-quota-sets/7c0099881bb34737b85b356cbac6109c?usage=true
2026-03-31 06:08:02.602 7 INFO cinder.api.openstack.wsgi [None req-3e3109ea-2110-4f53-888a-34ec60b37aee cc621de00d21409eada44fd6085930ac 78f7c67c2752405786e8cbf2660fe6cb - - default default] http://cinder-api.openstack.svc.cluster.local:8776/v3/78f7c67c2752405786e8cbf2660fe6cb/os-quota-sets/7c0099881bb34737b85b356cbac6109c?usage=true returned with HTTP 200 [pid: 7|app: 0|req: 400/797] 10.0.0.232 () {28 vars in 736 bytes} [Tue Mar 31 06:08:02 2026] GET /v3/78f7c67c2752405786e8cbf2660fe6cb/os-quota-sets/7c0099881bb34737b85b356cbac6109c?usage=true => generated 847 bytes in 49 msecs (HTTP/1.1 200) 7 headers in 285 bytes (1 switches on core 0)
2026-03-31 06:08:02.625 8 INFO cinder.api.openstack.wsgi [None req-b960f4fb-16c6-40b0-aa4a-92a8af6b8437 cc621de00d21409eada44fd6085930ac 78f7c67c2752405786e8cbf2660fe6cb - - default default] GET http://cinder-api.openstack.svc.cluster.local:8776/v3/78f7c67c2752405786e8cbf2660fe6cb/os-quota-sets/a9b76e8c631349e0946ef375c5b6e9c4?usage=true
2026-03-31 06:08:02.656 8 INFO cinder.api.openstack.wsgi [None req-b960f4fb-16c6-40b0-aa4a-92a8af6b8437 cc621de00d21409eada44fd6085930ac 78f7c67c2752405786e8cbf2660fe6cb - - default default] http://cinder-api.openstack.svc.cluster.local:8776/v3/78f7c67c2752405786e8cbf2660fe6cb/os-quota-sets/a9b76e8c631349e0946ef375c5b6e9c4?usage=true returned with HTTP 200 [pid: 8|app: 0|req: 398/798] 10.0.0.232 () {28 vars in 736 bytes} [Tue Mar 31 06:08:02 2026] GET /v3/78f7c67c2752405786e8cbf2660fe6cb/os-quota-sets/a9b76e8c631349e0946ef375c5b6e9c4?usage=true => generated 847 bytes in 43 msecs (HTTP/1.1 200) 7 headers in 285 bytes (1 switches on core 0)
2026-03-31 06:08:02.669 7 INFO cinder.api.openstack.wsgi [None req-c65e95d7-fee6-40b7-80b1-1ab79fe80a74 cc621de00d21409eada44fd6085930ac 78f7c67c2752405786e8cbf2660fe6cb - - default default] GET http://cinder-api.openstack.svc.cluster.local:8776/v3/78f7c67c2752405786e8cbf2660fe6cb/os-quota-sets/c397a2a50aea4f8a8584fe4d5d233223?usage=true
2026-03-31 06:08:02.707 7 INFO cinder.api.openstack.wsgi [None req-c65e95d7-fee6-40b7-80b1-1ab79fe80a74 cc621de00d21409eada44fd6085930ac 78f7c67c2752405786e8cbf2660fe6cb - - default default] http://cinder-api.openstack.svc.cluster.local:8776/v3/78f7c67c2752405786e8cbf2660fe6cb/os-quota-sets/c397a2a50aea4f8a8584fe4d5d233223?usage=true returned with HTTP 200 [pid: 7|app: 0|req: 401/799] 10.0.0.232 () {28 vars in 736 bytes} [Tue Mar 31 06:08:02 2026] GET /v3/78f7c67c2752405786e8cbf2660fe6cb/os-quota-sets/c397a2a50aea4f8a8584fe4d5d233223?usage=true => generated 847 bytes in 46 msecs (HTTP/1.1 200) 7 headers in 285 bytes (1 switches on core 0)
2026-03-31 06:08:02.720 8 INFO cinder.api.openstack.wsgi [None req-1a913393-b960-41af-95b5-75d60d2881a1 cc621de00d21409eada44fd6085930ac 78f7c67c2752405786e8cbf2660fe6cb - - default default] GET http://cinder-api.openstack.svc.cluster.local:8776/v3/78f7c67c2752405786e8cbf2660fe6cb/os-quota-sets/cd594d799355463eb266b4f75bfef403?usage=true
2026-03-31 06:08:02.747 8 INFO cinder.api.openstack.wsgi [None req-1a913393-b960-41af-95b5-75d60d2881a1 cc621de00d21409eada44fd6085930ac 78f7c67c2752405786e8cbf2660fe6cb - - default default] http://cinder-api.openstack.svc.cluster.local:8776/v3/78f7c67c2752405786e8cbf2660fe6cb/os-quota-sets/cd594d799355463eb266b4f75bfef403?usage=true returned with HTTP 200 [pid: 8|app: 0|req: 399/800] 10.0.0.232 () {28 vars in 736 bytes} [Tue Mar 31 06:08:02 2026] GET /v3/78f7c67c2752405786e8cbf2660fe6cb/os-quota-sets/cd594d799355463eb266b4f75bfef403?usage=true => generated 847 bytes in 36 msecs (HTTP/1.1 200) 7 headers in 285 bytes (1 switches on core 0)
2026-03-31 06:08:02.759 7 INFO cinder.api.openstack.wsgi [None req-b18eaa12-e7e2-41b8-ba74-643b35867b3a cc621de00d21409eada44fd6085930ac 78f7c67c2752405786e8cbf2660fe6cb - - default default] GET http://cinder-api.openstack.svc.cluster.local:8776/v3/78f7c67c2752405786e8cbf2660fe6cb/os-quota-sets/e1ae1c8a913541f0a8e40332ba661f67?usage=true
2026-03-31 06:08:02.791 7 INFO cinder.api.openstack.wsgi [None req-b18eaa12-e7e2-41b8-ba74-643b35867b3a cc621de00d21409eada44fd6085930ac 78f7c67c2752405786e8cbf2660fe6cb - - default default] http://cinder-api.openstack.svc.cluster.local:8776/v3/78f7c67c2752405786e8cbf2660fe6cb/os-quota-sets/e1ae1c8a913541f0a8e40332ba661f67?usage=true returned with HTTP 200 [pid: 7|app: 0|req: 402/801] 10.0.0.232 () {28 vars in 736 bytes} [Tue Mar 31 06:08:02 2026] GET /v3/78f7c67c2752405786e8cbf2660fe6cb/os-quota-sets/e1ae1c8a913541f0a8e40332ba661f67?usage=true => generated 847 bytes in 40 msecs (HTTP/1.1 200) 7 headers in 285 bytes (1 switches on core 0)
2026-03-31 06:08:02.801 8 INFO cinder.api.openstack.wsgi [None req-9f436c39-9327-4abd-9317-cbb5a9d8e20e cc621de00d21409eada44fd6085930ac 78f7c67c2752405786e8cbf2660fe6cb - - default default] GET http://cinder-api.openstack.svc.cluster.local:8776/v3/78f7c67c2752405786e8cbf2660fe6cb/volumes/detail?all_tenants=true
2026-03-31 06:08:02.813 8 INFO cinder.volume.api [None req-9f436c39-9327-4abd-9317-cbb5a9d8e20e cc621de00d21409eada44fd6085930ac 78f7c67c2752405786e8cbf2660fe6cb - - default default] Get all volumes completed successfully.
2026-03-31 06:08:02.816 8 INFO cinder.api.openstack.wsgi [None req-9f436c39-9327-4abd-9317-cbb5a9d8e20e cc621de00d21409eada44fd6085930ac 78f7c67c2752405786e8cbf2660fe6cb - - default default] http://cinder-api.openstack.svc.cluster.local:8776/v3/78f7c67c2752405786e8cbf2660fe6cb/volumes/detail?all_tenants=true returned with HTTP 200 [pid: 8|app: 0|req: 400/802] 10.0.0.232 () {28 vars in 684 bytes} [Tue Mar 31 06:08:02 2026] GET /v3/78f7c67c2752405786e8cbf2660fe6cb/volumes/detail?all_tenants=true => generated 15 bytes in 21 msecs (HTTP/1.1 200) 7 headers in 284 bytes (1 switches on core 0)
2026-03-31 06:08:02.828 7 INFO cinder.api.openstack.wsgi [None req-8b0896b8-eb86-461c-8f4c-83e8bc14d58d cc621de00d21409eada44fd6085930ac 78f7c67c2752405786e8cbf2660fe6cb - - default default] GET http://cinder-api.openstack.svc.cluster.local:8776/v3/78f7c67c2752405786e8cbf2660fe6cb/os-services
2026-03-31 06:08:02.834 7 INFO cinder.api.openstack.wsgi [None req-8b0896b8-eb86-461c-8f4c-83e8bc14d58d cc621de00d21409eada44fd6085930ac 78f7c67c2752405786e8cbf2660fe6cb - - default default] http://cinder-api.openstack.svc.cluster.local:8776/v3/78f7c67c2752405786e8cbf2660fe6cb/os-services returned with HTTP 200 [pid: 7|app: 0|req: 403/803] 10.0.0.232 () {28 vars in 645 bytes} [Tue Mar 31 06:08:02 2026] GET /v3/78f7c67c2752405786e8cbf2660fe6cb/os-services => generated 646 bytes in 14 msecs (HTTP/1.1 200) 7 headers in 285 bytes (1 switches on core 0)
2026-03-31 06:08:02.845 8 INFO cinder.api.openstack.wsgi [None req-75d700e4-c6e7-4e77-a453-caf5dd4f58dc cc621de00d21409eada44fd6085930ac 78f7c67c2752405786e8cbf2660fe6cb - - default default] GET http://cinder-api.openstack.svc.cluster.local:8776/v3/78f7c67c2752405786e8cbf2660fe6cb/scheduler-stats/get_pools?detail=true
2026-03-31 06:08:02.860 8 INFO cinder.api.openstack.wsgi [None req-75d700e4-c6e7-4e77-a453-caf5dd4f58dc cc621de00d21409eada44fd6085930ac 78f7c67c2752405786e8cbf2660fe6cb - - default default] http://cinder-api.openstack.svc.cluster.local:8776/v3/78f7c67c2752405786e8cbf2660fe6cb/scheduler-stats/get_pools?detail=true returned with HTTP 200 [pid: 8|app: 0|req: 401/804] 10.0.0.232 () {28 vars in 696 bytes} [Tue Mar 31 06:08:02 2026] GET /v3/78f7c67c2752405786e8cbf2660fe6cb/scheduler-stats/get_pools?detail=true => generated 670 bytes in 22 msecs (HTTP/1.1 200) 7 headers in 285 bytes (1 switches on core 0)
2026-03-31 06:08:03.566 7 INFO cinder.api.openstack.wsgi [None req-8b0896b8-eb86-461c-8f4c-83e8bc14d58d cc621de00d21409eada44fd6085930ac 78f7c67c2752405786e8cbf2660fe6cb - - default default] GET http://10.0.0.122:8776/
2026-03-31 06:08:03.567 8 INFO cinder.api.openstack.wsgi [None req-75d700e4-c6e7-4e77-a453-caf5dd4f58dc cc621de00d21409eada44fd6085930ac 78f7c67c2752405786e8cbf2660fe6cb - - default default] GET http://10.0.0.122:8776/
2026-03-31 06:08:03.568 7 INFO cinder.api.openstack.wsgi [None req-8b0896b8-eb86-461c-8f4c-83e8bc14d58d cc621de00d21409eada44fd6085930ac 78f7c67c2752405786e8cbf2660fe6cb - - default default] http://10.0.0.122:8776/ returned with HTTP 300
2026-03-31 06:08:03.569 8 INFO cinder.api.openstack.wsgi [None req-75d700e4-c6e7-4e77-a453-caf5dd4f58dc cc621de00d21409eada44fd6085930ac 78f7c67c2752405786e8cbf2660fe6cb - - default default] http://10.0.0.122:8776/ returned with HTTP 300
2026-03-31 06:08:13.567 7 INFO cinder.api.openstack.wsgi [None req-8b0896b8-eb86-461c-8f4c-83e8bc14d58d cc621de00d21409eada44fd6085930ac 78f7c67c2752405786e8cbf2660fe6cb - - default default] GET http://10.0.0.122:8776/
2026-03-31 06:08:13.567 8 INFO cinder.api.openstack.wsgi [None req-75d700e4-c6e7-4e77-a453-caf5dd4f58dc cc621de00d21409eada44fd6085930ac 78f7c67c2752405786e8cbf2660fe6cb - - default default] GET http://10.0.0.122:8776/
2026-03-31 06:08:13.568 8 INFO cinder.api.openstack.wsgi [None req-75d700e4-c6e7-4e77-a453-caf5dd4f58dc cc621de00d21409eada44fd6085930ac 78f7c67c2752405786e8cbf2660fe6cb - - default default] http://10.0.0.122:8776/ returned with HTTP 300
2026-03-31 06:08:13.571 7 INFO cinder.api.openstack.wsgi [None req-8b0896b8-eb86-461c-8f4c-83e8bc14d58d cc621de00d21409eada44fd6085930ac 78f7c67c2752405786e8cbf2660fe6cb - - default default] http://10.0.0.122:8776/ returned with HTTP 300
2026-03-31 06:08:23.566 8 INFO cinder.api.openstack.wsgi [None req-75d700e4-c6e7-4e77-a453-caf5dd4f58dc cc621de00d21409eada44fd6085930ac 78f7c67c2752405786e8cbf2660fe6cb - - default default] GET http://10.0.0.122:8776/
2026-03-31 06:08:23.567 7 INFO cinder.api.openstack.wsgi [None req-8b0896b8-eb86-461c-8f4c-83e8bc14d58d cc621de00d21409eada44fd6085930ac 78f7c67c2752405786e8cbf2660fe6cb - - default default] GET http://10.0.0.122:8776/
2026-03-31 06:08:23.567 8 INFO cinder.api.openstack.wsgi [None req-75d700e4-c6e7-4e77-a453-caf5dd4f58dc cc621de00d21409eada44fd6085930ac 78f7c67c2752405786e8cbf2660fe6cb - - default default] http://10.0.0.122:8776/ returned with HTTP 300
2026-03-31 06:08:23.568 7 INFO cinder.api.openstack.wsgi [None req-8b0896b8-eb86-461c-8f4c-83e8bc14d58d cc621de00d21409eada44fd6085930ac 78f7c67c2752405786e8cbf2660fe6cb - - default default] http://10.0.0.122:8776/ returned with HTTP 300
2026-03-31 06:08:31.077 8 INFO cinder.api.openstack.wsgi [None req-4f49b929-ef4b-4bc6-b3f5-8c925c45b01c 5f0b1b70c2fb489e878ba639349cda25 12b491e72de440099ce8a22779f298e7 - - default default] POST http://cinder-api.openstack.svc.cluster.local:8776/v3/12b491e72de440099ce8a22779f298e7/volumes
2026-03-31 06:08:31.080 8 INFO cinder.api.v3.volumes [None req-4f49b929-ef4b-4bc6-b3f5-8c925c45b01c 5f0b1b70c2fb489e878ba639349cda25 12b491e72de440099ce8a22779f298e7 - - default default] Create volume of 1 GB
2026-03-31 06:08:31.094 8 INFO cinder.volume.api [None req-4f49b929-ef4b-4bc6-b3f5-8c925c45b01c 5f0b1b70c2fb489e878ba639349cda25 12b491e72de440099ce8a22779f298e7 - - default default] Availability Zones retrieved successfully. /var/lib/openstack/lib/python3.10/site-packages/taskflow/engines/action_engine/process_executor.py:17: DeprecationWarning: The asyncore module is deprecated and will be removed in Python 3.12. The recommended replacement is asyncio import asyncore
2026-03-31 06:08:31.417 8 INFO cinder.volume.api [None req-4f49b929-ef4b-4bc6-b3f5-8c925c45b01c 5f0b1b70c2fb489e878ba639349cda25 12b491e72de440099ce8a22779f298e7 - - default default] Create volume request issued successfully.
2026-03-31 06:08:31.418 8 INFO cinder.api.openstack.wsgi [None req-4f49b929-ef4b-4bc6-b3f5-8c925c45b01c 5f0b1b70c2fb489e878ba639349cda25 12b491e72de440099ce8a22779f298e7 - - default default] http://cinder-api.openstack.svc.cluster.local:8776/v3/12b491e72de440099ce8a22779f298e7/volumes returned with HTTP 202 [pid: 8|app: 0|req: 405/811] 10.0.0.91 () {34 vars in 722 bytes} [Tue Mar 31 06:08:30 2026] POST /v3/12b491e72de440099ce8a22779f298e7/volumes => generated 871 bytes in 564 msecs (HTTP/1.1 202) 7 headers in 291 bytes (1 switches on core 0)
2026-03-31 06:08:31.445 7 INFO cinder.api.openstack.wsgi [None req-764b9679-c33e-4209-b696-17b46afbe708 5f0b1b70c2fb489e878ba639349cda25 12b491e72de440099ce8a22779f298e7 - - default default] GET http://cinder-api.openstack.svc.cluster.local:8776/v3/12b491e72de440099ce8a22779f298e7/volumes/3a751a5c-dd82-4380-8561-ba689cebe953 /var/lib/openstack/lib/python3.10/site-packages/oslo_context/context.py:100: DeprecationWarning: Policy enforcement is depending on the value of is_admin. This key is deprecated. Please update your policy file to use the standard policy values. warnings.warn('Policy enforcement is depending on the value of '
2026-03-31 06:08:31.462 7 INFO cinder.volume.api [None req-764b9679-c33e-4209-b696-17b46afbe708 5f0b1b70c2fb489e878ba639349cda25 12b491e72de440099ce8a22779f298e7 - - default default] Volume info retrieved successfully.
2026-03-31 06:08:31.469 7 INFO cinder.api.openstack.wsgi [None req-764b9679-c33e-4209-b696-17b46afbe708 5f0b1b70c2fb489e878ba639349cda25 12b491e72de440099ce8a22779f298e7 - - default default] http://cinder-api.openstack.svc.cluster.local:8776/v3/12b491e72de440099ce8a22779f298e7/volumes/3a751a5c-dd82-4380-8561-ba689cebe953 returned with HTTP 200 [pid: 7|app: 0|req: 407/812] 10.0.0.91 () {32 vars in 774 bytes} [Tue Mar 31 06:08:31 2026] GET /v3/12b491e72de440099ce8a22779f298e7/volumes/3a751a5c-dd82-4380-8561-ba689cebe953 => generated 939 bytes in 31 msecs (HTTP/1.1 200) 7 headers in 285 bytes (1 switches on core 0) /var/lib/openstack/lib/python3.10/site-packages/pycadf/identifier.py:71: UserWarning: Invalid uuid: cinderv3. To ensure interoperability, identifiers should be a valid uuid. warnings.warn(('Invalid uuid: %s. To ensure interoperability, '
2026-03-31 06:08:32.493 8 INFO cinder.api.openstack.wsgi [None req-2a11215a-871c-48ab-9c20-13501c9e1bdb 5f0b1b70c2fb489e878ba639349cda25 12b491e72de440099ce8a22779f298e7 - - default default] GET http://cinder-api.openstack.svc.cluster.local:8776/v3/12b491e72de440099ce8a22779f298e7/volumes/3a751a5c-dd82-4380-8561-ba689cebe953 /var/lib/openstack/lib/python3.10/site-packages/oslo_context/context.py:100: DeprecationWarning: Policy enforcement is depending on the value of is_admin. This key is deprecated. Please update your policy file to use the standard policy values. warnings.warn('Policy enforcement is depending on the value of '
2026-03-31 06:08:32.511 8 INFO cinder.volume.api [None req-2a11215a-871c-48ab-9c20-13501c9e1bdb 5f0b1b70c2fb489e878ba639349cda25 12b491e72de440099ce8a22779f298e7 - - default default] Volume info retrieved successfully.
2026-03-31 06:08:32.520 8 INFO cinder.api.openstack.wsgi [None req-2a11215a-871c-48ab-9c20-13501c9e1bdb 5f0b1b70c2fb489e878ba639349cda25 12b491e72de440099ce8a22779f298e7 - - default default] http://cinder-api.openstack.svc.cluster.local:8776/v3/12b491e72de440099ce8a22779f298e7/volumes/3a751a5c-dd82-4380-8561-ba689cebe953 returned with HTTP 200 [pid: 8|app: 0|req: 406/813] 10.0.0.91 () {32 vars in 774 bytes} [Tue Mar 31 06:08:32 2026] GET /v3/12b491e72de440099ce8a22779f298e7/volumes/3a751a5c-dd82-4380-8561-ba689cebe953 => generated 964 bytes in 36 msecs (HTTP/1.1 200) 7 headers in 285 bytes (1 switches on core 0) /var/lib/openstack/lib/python3.10/site-packages/pycadf/identifier.py:71: UserWarning: Invalid uuid: cinderv3. To ensure interoperability, identifiers should be a valid uuid. warnings.warn(('Invalid uuid: %s. To ensure interoperability, '
2026-03-31 06:08:32.546 7 INFO cinder.api.openstack.wsgi [None req-3aa6e62c-96d1-477f-824d-0cd5bf1a0a1e 5f0b1b70c2fb489e878ba639349cda25 12b491e72de440099ce8a22779f298e7 - - default default] GET http://cinder-api.openstack.svc.cluster.local:8776/v3/12b491e72de440099ce8a22779f298e7/volumes/3a751a5c-dd82-4380-8561-ba689cebe953 /var/lib/openstack/lib/python3.10/site-packages/oslo_context/context.py:100: DeprecationWarning: Policy enforcement is depending on the value of is_admin. This key is deprecated. Please update your policy file to use the standard policy values. warnings.warn('Policy enforcement is depending on the value of '
2026-03-31 06:08:32.564 7 INFO cinder.volume.api [None req-3aa6e62c-96d1-477f-824d-0cd5bf1a0a1e 5f0b1b70c2fb489e878ba639349cda25 12b491e72de440099ce8a22779f298e7 - - default default] Volume info retrieved successfully.
2026-03-31 06:08:32.569 7 INFO cinder.api.openstack.wsgi [None req-3aa6e62c-96d1-477f-824d-0cd5bf1a0a1e 5f0b1b70c2fb489e878ba639349cda25 12b491e72de440099ce8a22779f298e7 - - default default] http://cinder-api.openstack.svc.cluster.local:8776/v3/12b491e72de440099ce8a22779f298e7/volumes/3a751a5c-dd82-4380-8561-ba689cebe953 returned with HTTP 200 [pid: 7|app: 0|req: 408/814] 10.0.0.91 () {32 vars in 774 bytes} [Tue Mar 31 06:08:32 2026] GET /v3/12b491e72de440099ce8a22779f298e7/volumes/3a751a5c-dd82-4380-8561-ba689cebe953 => generated 964 bytes in 33 msecs (HTTP/1.1 200) 7 headers in 285 bytes (1 switches on core 0) /var/lib/openstack/lib/python3.10/site-packages/pycadf/identifier.py:71: UserWarning: Invalid uuid: cinderv3. To ensure interoperability, identifiers should be a valid uuid. warnings.warn(('Invalid uuid: %s. To ensure interoperability, '
2026-03-31 06:08:32.595 8 INFO cinder.api.openstack.wsgi [None req-71b876b0-8e32-4f80-a317-81dbcc0fe5a0 5f0b1b70c2fb489e878ba639349cda25 12b491e72de440099ce8a22779f298e7 - - default default] PUT http://cinder-api.openstack.svc.cluster.local:8776/v3/12b491e72de440099ce8a22779f298e7/volumes/3a751a5c-dd82-4380-8561-ba689cebe953 /var/lib/openstack/lib/python3.10/site-packages/oslo_context/context.py:100: DeprecationWarning: Policy enforcement is depending on the value of is_admin. This key is deprecated. Please update your policy file to use the standard policy values. warnings.warn('Policy enforcement is depending on the value of '
2026-03-31 06:08:32.619 8 INFO cinder.volume.api [None req-71b876b0-8e32-4f80-a317-81dbcc0fe5a0 5f0b1b70c2fb489e878ba639349cda25 12b491e72de440099ce8a22779f298e7 - - default default] Volume info retrieved successfully.
