2026-03-31 06:08:37.241 9 INFO neutron.wsgi [None req-4941e719-bd7f-429d-a4bf-5fd17b237883 cc621de00d21409eada44fd6085930ac 78f7c67c2752405786e8cbf2660fe6cb - - default default] 10.0.0.91 "PUT /v2.0/routers/6d9395b2-9e0d-4558-9f2d-8066b6459320/add_router_interface HTTP/1.1" status: 200 len: 503 time: 2.9706891
2026-03-31 06:08:37.276 10 INFO neutron.wsgi [None req-a9f220be-aad7-411f-acc3-d5303df9d2b4 bbbc41b7497f49898dd7a8a8c6382016 62aa9c9d02c64131861d9cf2d61fb5cd - - default default] 10.0.0.91 "DELETE /v2.0/networks/31facea9-450b-4517-bd98-64491b9e6c42 HTTP/1.1" status: 204 len: 168 time: 0.9531484
2026-03-31 06:08:37.727 9 INFO neutron.services.segments.plugin [-] Segment 6208ac53-10d3-487c-b223-6bb20780a47a resource provider aggregate not found
2026-03-31 06:08:37.734 9 INFO neutron.services.segments.plugin [-] Segment 6208ac53-10d3-487c-b223-6bb20780a47a resource provider aggregate not found
2026-03-31 06:08:37.752 9 INFO neutron.services.segments.plugin [-] Segment 6208ac53-10d3-487c-b223-6bb20780a47a resource provider not found; error: Placement Client Error (4xx): {"errors": [{"status": 404, "title": "Not Found", "detail": "The resource could not be found.\n\n No resource provider with uuid 6208ac53-10d3-487c-b223-6bb20780a47a found for delete ", "request_id": "req-9a9ddc12-d6cf-4abf-adaf-7e3da956cb52"}]}
2026-03-31 06:08:37.755 9 INFO neutron.services.segments.plugin [-] Segment 6208ac53-10d3-487c-b223-6bb20780a47a resource provider not found; error: Placement Client Error (4xx): {"errors": [{"status": 404, "title": "Not Found", "detail": "The resource could not be found.\n\n No resource provider with uuid 6208ac53-10d3-487c-b223-6bb20780a47a found for delete ", "request_id": "req-a2613c6c-d325-4490-bfdb-8f4f20291642"}]}
2026-03-31 06:08:37.779 9 INFO neutron.wsgi [None req-78734504-d1c8-4589-880a-0232345e588c bbbc41b7497f49898dd7a8a8c6382016 62aa9c9d02c64131861d9cf2d61fb5cd - - default default] 10.0.0.91 "DELETE /v2.0/networks/e305af8e-3e62-4992-a545-a4fc5aa1ef8a HTTP/1.1" status: 204 len: 168 time: 0.4945412
2026-03-31 06:08:38.271 10 INFO neutron.services.segments.plugin [-] Segment 7ab27127-99ad-4976-b731-9beeaccedc07 resource provider aggregate not found
2026-03-31 06:08:38.290 10 INFO neutron.wsgi [req-e9dcf192-5d55-45bd-9107-8ce05233f4c9 req-89f45df6-56d9-41ba-a64d-31e67b56abd4 031fae53e25841c782d6ed79a35c8832 d362bcfdddfe48358c9e8def095aa5e1 - - default default] 10.0.0.217 "GET /v2.0/networks?id=c1958b1f-3061-418c-aa47-89e8be2c6691 HTTP/1.1" status: 200 len: 877 time: 0.1281495
2026-03-31 06:08:38.294 10 INFO neutron.services.segments.plugin [-] Segment 7ab27127-99ad-4976-b731-9beeaccedc07 resource provider aggregate not found
2026-03-31 06:08:38.305 10 INFO neutron.wsgi [None req-8c63d904-29a7-4277-9d96-77b4f7d78955 bbbc41b7497f49898dd7a8a8c6382016 62aa9c9d02c64131861d9cf2d61fb5cd - - default default] 10.0.0.91 "DELETE /v2.0/networks/f6b57177-16a8-4fc8-8247-45df7dcab7cc HTTP/1.1" status: 204 len: 168 time: 0.5182266
2026-03-31 06:08:38.307 10 INFO neutron.services.segments.plugin [-] Segment 7ab27127-99ad-4976-b731-9beeaccedc07 resource provider not found; error: Placement Client Error (4xx): {"errors": [{"status": 404, "title": "Not Found", "detail": "The resource could not be found.\n\n No resource provider with uuid 7ab27127-99ad-4976-b731-9beeaccedc07 found for delete ", "request_id": "req-c6067c87-52db-422f-a545-f9e799a85479"}]}
2026-03-31 06:08:38.316 10 INFO neutron.services.segments.plugin [-] Segment 7ab27127-99ad-4976-b731-9beeaccedc07 resource provider not found; error: Placement Client Error (4xx): {"errors": [{"status": 404, "title": "Not Found", "detail": "The resource could not be found.\n\n No resource provider with uuid 7ab27127-99ad-4976-b731-9beeaccedc07 found for delete ", "request_id": "req-5b24582f-f3aa-46cb-a71b-dead89ecd342"}]}
2026-03-31 06:08:38.336 10 INFO neutron.services.segments.plugin [-] Segment 3b46dd34-fbdb-480b-9d27-fa7042404d44 resource provider aggregate not found
2026-03-31 06:08:38.345 10 INFO neutron.wsgi [req-e9dcf192-5d55-45bd-9107-8ce05233f4c9 req-4eb00146-0fbb-4c66-95ba-5e2cd7975b04 031fae53e25841c782d6ed79a35c8832 d362bcfdddfe48358c9e8def095aa5e1 - - default default] 10.0.0.217 "GET /v2.0/quotas/d362bcfdddfe48358c9e8def095aa5e1 HTTP/1.1" status: 200 len: 386 time: 0.0457268
2026-03-31 06:08:38.347 10 INFO neutron.services.segments.plugin [-] Segment 3b46dd34-fbdb-480b-9d27-fa7042404d44 resource provider aggregate not found
2026-03-31 06:08:38.369 10 INFO neutron.services.segments.plugin [-] Segment 3b46dd34-fbdb-480b-9d27-fa7042404d44 resource provider not found; error: Placement Client Error (4xx): {"errors": [{"status": 404, "title": "Not Found", "detail": "The resource could not be found.\n\n No resource provider with uuid 3b46dd34-fbdb-480b-9d27-fa7042404d44 found for delete ", "request_id": "req-0ba2d040-c3b2-49d4-a8a6-012d56c392e0"}]}
2026-03-31 06:08:38.372 10 INFO neutron.services.segments.plugin [-] Segment 3b46dd34-fbdb-480b-9d27-fa7042404d44 resource provider not found; error: Placement Client Error (4xx): {"errors": [{"status": 404, "title": "Not Found", "detail": "The resource could not be found.\n\n No resource provider with uuid 3b46dd34-fbdb-480b-9d27-fa7042404d44 found for delete ", "request_id": "req-a8df2d28-fd42-41da-a392-533591e2c22a"}]}
2026-03-31 06:08:38.452 10 INFO neutron.wsgi [req-e9dcf192-5d55-45bd-9107-8ce05233f4c9 req-7a3fef2a-9055-440d-bed0-82fa6454dfb5 031fae53e25841c782d6ed79a35c8832 d362bcfdddfe48358c9e8def095aa5e1 - - default default] 10.0.0.217 "GET /v2.0/ports?tenant_id=d362bcfdddfe48358c9e8def095aa5e1&fields=id HTTP/1.1" status: 200 len: 302 time: 0.0961261
2026-03-31 06:08:38.523 10 INFO neutron.wsgi [req-e9dcf192-5d55-45bd-9107-8ce05233f4c9 req-c7b81d6b-2252-42fc-95f8-9aaeecfebc25 bf55a6de073745a6bcbdb2f1ff534e13 3d98a71b7a424de280b0aa60b942e473 - - edb1acb7a6e04cbeaf7e0ec679801393 edb1acb7a6e04cbeaf7e0ec679801393] 10.0.0.217 "GET /v2.0/networks/c1958b1f-3061-418c-aa47-89e8be2c6691?fields=segments HTTP/1.1" status: 200 len: 212 time: 0.0622675
2026-03-31 06:08:38.606 10 INFO neutron.wsgi [req-e9dcf192-5d55-45bd-9107-8ce05233f4c9 req-2150971c-7995-44c5-a198-2f4765eb1bb6 bf55a6de073745a6bcbdb2f1ff534e13 3d98a71b7a424de280b0aa60b942e473 - - edb1acb7a6e04cbeaf7e0ec679801393 edb1acb7a6e04cbeaf7e0ec679801393] 10.0.0.217 "GET /v2.0/networks/c1958b1f-3061-418c-aa47-89e8be2c6691?fields=provider%3Aphysical_network&fields=provider%3Anetwork_type HTTP/1.1" status: 200 len: 277 time: 0.0749214
2026-03-31 06:08:38.760 9 INFO neutron.wsgi [req-2c51ac3f-c0a7-4837-8e9f-f96e31ca19c5 req-c6ffa262-a74a-4d01-9ed5-91346c5008ea 031fae53e25841c782d6ed79a35c8832 d362bcfdddfe48358c9e8def095aa5e1 - - default default] 10.0.0.217 "GET /v2.0/ports?device_id=8cf6f45b-de6f-4bf9-bcee-7ef00933eee9 HTTP/1.1" status: 200 len: 210 time: 0.0235851
2026-03-31 06:08:39.203 10 INFO neutron.wsgi [None req-80c12a1b-7190-4008-af87-e7b89e71afd2 cc621de00d21409eada44fd6085930ac 78f7c67c2752405786e8cbf2660fe6cb - - default default] 10.0.0.91 "GET /v2.0/security-groups?tenant_id=62aa9c9d02c64131861d9cf2d61fb5cd&name=default HTTP/1.1" status: 200 len: 2996 time: 0.2419925
2026-03-31 06:08:39.558 10 INFO neutron.wsgi [None req-86fd7112-35a4-4ac4-9aaa-fbf9881fb836 cc621de00d21409eada44fd6085930ac 78f7c67c2752405786e8cbf2660fe6cb - - default default] 10.0.0.91 "DELETE /v2.0/security-groups/0db2aab0-9572-4523-b87f-7056feae01c1 HTTP/1.1" status: 204 len: 168 time: 0.3503659
2026-03-31 06:08:39.684 9 INFO neutron.wsgi [req-e9dcf192-5d55-45bd-9107-8ce05233f4c9 req-6bb4c5a1-1c47-4136-bfb1-4c77e189a6f3 031fae53e25841c782d6ed79a35c8832 d362bcfdddfe48358c9e8def095aa5e1 - - default default] 199.204.45.141 "GET /v2.0/networks?id=c1958b1f-3061-418c-aa47-89e8be2c6691 HTTP/1.1" status: 200 len: 877 time: 0.0935516
2026-03-31 06:08:39.876 10 INFO neutron.wsgi [req-3f72c9ce-b8b8-4401-aa65-488031b5930e req-1c6b131e-b7be-4e4e-9ce4-5da0b951f793 031fae53e25841c782d6ed79a35c8832 d362bcfdddfe48358c9e8def095aa5e1 - - default default] 10.0.0.217 "GET /v2.0/ports?device_id=8cf6f45b-de6f-4bf9-bcee-7ef00933eee9 HTTP/1.1" status: 200 len: 210 time: 0.0441720
2026-03-31 06:08:40.184 9 WARNING neutron.scheduler.dhcp_agent_scheduler [req-e9dcf192-5d55-45bd-9107-8ce05233f4c9 req-54037042-fee6-4bdf-83dc-00faf8c709dc 031fae53e25841c782d6ed79a35c8832 d362bcfdddfe48358c9e8def095aa5e1 - - default default] No more DHCP agents
2026-03-31 06:08:40.189 9 WARNING neutron.api.rpc.agentnotifiers.dhcp_rpc_agent_api [req-e9dcf192-5d55-45bd-9107-8ce05233f4c9 req-54037042-fee6-4bdf-83dc-00faf8c709dc 031fae53e25841c782d6ed79a35c8832 d362bcfdddfe48358c9e8def095aa5e1 - - default default] Unable to schedule network c1958b1f-3061-418c-aa47-89e8be2c6691: no agents available; will retry on subsequent port and subnet creation events.
2026-03-31 06:08:40.453 9 INFO neutron.db.ovn_revision_numbers_db [req-e9dcf192-5d55-45bd-9107-8ce05233f4c9 req-54037042-fee6-4bdf-83dc-00faf8c709dc 031fae53e25841c782d6ed79a35c8832 d362bcfdddfe48358c9e8def095aa5e1 - - default default] Successfully bumped revision number for resource 77050105-6f11-41cf-991e-43e64a5d8c52 (type: ports) to 1
2026-03-31 06:08:40.481 9 INFO neutron.wsgi [req-e9dcf192-5d55-45bd-9107-8ce05233f4c9 req-54037042-fee6-4bdf-83dc-00faf8c709dc 031fae53e25841c782d6ed79a35c8832 d362bcfdddfe48358c9e8def095aa5e1 - - default default] 199.204.45.141 "POST /v2.0/ports HTTP/1.1" status: 201 len: 1158 time: 0.7904890 /var/lib/openstack/lib/python3.10/site-packages/pycadf/identifier.py:71: UserWarning: Invalid uuid: neutron. To ensure interoperability, identifiers should be a valid uuid. warnings.warn(('Invalid uuid: %s. To ensure interoperability, '
2026-03-31 06:08:40.743 9 INFO neutron.wsgi [req-be30318b-ca02-42f2-9f68-07e25f154b42 req-9ccd4250-6dbd-424b-b4f7-4c43f28647bf bf55a6de073745a6bcbdb2f1ff534e13 3d98a71b7a424de280b0aa60b942e473 - - edb1acb7a6e04cbeaf7e0ec679801393 edb1acb7a6e04cbeaf7e0ec679801393] 10.0.0.216 "GET /v2.0/ports?device_id=ad640314-b39b-4102-a7b2-70dfb3de64e5 HTTP/1.1" status: 200 len: 1409 time: 0.0386162
2026-03-31 06:08:40.808 9 INFO neutron.wsgi [req-be30318b-ca02-42f2-9f68-07e25f154b42 req-a6ce4711-5e28-4d25-8bbb-883b86025fa3 bf55a6de073745a6bcbdb2f1ff534e13 3d98a71b7a424de280b0aa60b942e473 - - edb1acb7a6e04cbeaf7e0ec679801393 edb1acb7a6e04cbeaf7e0ec679801393] 10.0.0.216 "GET /v2.0/security-groups?id=ba7a4784-9a17-4eff-bdda-d9f33c3388ef&fields=id&fields=name HTTP/1.1" status: 200 len: 312 time: 0.0561376
2026-03-31 06:08:40.975 9 INFO neutron.db.ovn_revision_numbers_db [req-e9dcf192-5d55-45bd-9107-8ce05233f4c9 req-b6681daf-36e3-483f-98ca-129efc1150b7 bf55a6de073745a6bcbdb2f1ff534e13 3d98a71b7a424de280b0aa60b942e473 - - edb1acb7a6e04cbeaf7e0ec679801393 edb1acb7a6e04cbeaf7e0ec679801393] Successfully bumped revision number for resource 77050105-6f11-41cf-991e-43e64a5d8c52 (type: ports) to 2
2026-03-31 06:08:40.994 10 INFO neutron.wsgi [req-a83ccdbf-ae66-4091-8c7b-c1a4e441368f req-24dec404-f166-4b44-9926-c3d67d92b676 031fae53e25841c782d6ed79a35c8832 d362bcfdddfe48358c9e8def095aa5e1 - - default default] 10.0.0.217 "GET /v2.0/ports?device_id=8cf6f45b-de6f-4bf9-bcee-7ef00933eee9 HTTP/1.1" status: 200 len: 1168 time: 0.0490031
2026-03-31 06:08:41.045 10 INFO neutron.wsgi [req-a83ccdbf-ae66-4091-8c7b-c1a4e441368f req-225561b8-1276-46bf-963f-23b322fae6ae 031fae53e25841c782d6ed79a35c8832 d362bcfdddfe48358c9e8def095aa5e1 - - default default] 10.0.0.217 "GET /v2.0/security-groups?id=91cd6101-5b5f-4107-bc24-2849cc673d37&fields=id&fields=name HTTP/1.1" status: 200 len: 286 time: 0.0437729
2026-03-31 06:08:41.223 9 INFO neutron.db.ovn_revision_numbers_db [req-e9dcf192-5d55-45bd-9107-8ce05233f4c9 req-b6681daf-36e3-483f-98ca-129efc1150b7 bf55a6de073745a6bcbdb2f1ff534e13 3d98a71b7a424de280b0aa60b942e473 - - edb1acb7a6e04cbeaf7e0ec679801393 edb1acb7a6e04cbeaf7e0ec679801393] Successfully bumped revision number for resource 77050105-6f11-41cf-991e-43e64a5d8c52 (type: ports) to 2
2026-03-31 06:08:41.241 9 INFO neutron.wsgi [req-e9dcf192-5d55-45bd-9107-8ce05233f4c9 req-b6681daf-36e3-483f-98ca-129efc1150b7 bf55a6de073745a6bcbdb2f1ff534e13 3d98a71b7a424de280b0aa60b942e473 - - edb1acb7a6e04cbeaf7e0ec679801393 edb1acb7a6e04cbeaf7e0ec679801393] 199.204.45.141 "PUT /v2.0/ports/77050105-6f11-41cf-991e-43e64a5d8c52 HTTP/1.1" status: 200 len: 1376 time: 0.7541211 /var/lib/openstack/lib/python3.10/site-packages/pycadf/identifier.py:71: UserWarning: Invalid uuid: neutron. To ensure interoperability, identifiers should be a valid uuid. warnings.warn(('Invalid uuid: %s. To ensure interoperability, '
2026-03-31 06:08:41.301 9 INFO neutron.notifiers.nova [-] Nova event matching ['req-dcf8c97f-ae02-4981-a9b9-a0d43d0c2fe8'] response: {'name': 'network-changed', 'server_uuid': '8cf6f45b-de6f-4bf9-bcee-7ef00933eee9', 'tag': '77050105-6f11-41cf-991e-43e64a5d8c52', 'status': 'completed', 'code': 200}
2026-03-31 06:08:41.318 9 INFO neutron.wsgi [req-e9dcf192-5d55-45bd-9107-8ce05233f4c9 req-21629aed-e05e-4ba6-b967-ff580b32bccc bf55a6de073745a6bcbdb2f1ff534e13 3d98a71b7a424de280b0aa60b942e473 - - edb1acb7a6e04cbeaf7e0ec679801393 edb1acb7a6e04cbeaf7e0ec679801393] 199.204.45.141 "GET /v2.0/ports?tenant_id=d362bcfdddfe48358c9e8def095aa5e1&device_id=8cf6f45b-de6f-4bf9-bcee-7ef00933eee9 HTTP/1.1" status: 200 len: 1407 time: 0.0414340
2026-03-31 06:08:41.351 9 INFO neutron.wsgi [req-e9dcf192-5d55-45bd-9107-8ce05233f4c9 req-2963e133-576f-4bae-aedf-acbade4af088 bf55a6de073745a6bcbdb2f1ff534e13 3d98a71b7a424de280b0aa60b942e473 - - edb1acb7a6e04cbeaf7e0ec679801393 edb1acb7a6e04cbeaf7e0ec679801393] 199.204.45.141 "GET /v2.0/floatingips?fixed_ip_address=10.100.0.6&port_id=77050105-6f11-41cf-991e-43e64a5d8c52 HTTP/1.1" status: 200 len: 217 time: 0.0249052
2026-03-31 06:08:41.391 9 INFO neutron.wsgi [req-e9dcf192-5d55-45bd-9107-8ce05233f4c9 req-356b8ede-a19d-4e3f-b6a4-d585d991640e bf55a6de073745a6bcbdb2f1ff534e13 3d98a71b7a424de280b0aa60b942e473 - - edb1acb7a6e04cbeaf7e0ec679801393 edb1acb7a6e04cbeaf7e0ec679801393] 199.204.45.141 "GET /v2.0/subnets?id=3be8361f-2949-4f90-90a3-a0f3c25a5379 HTTP/1.1" status: 200 len: 871 time: 0.0347621
2026-03-31 06:08:41.415 9 INFO neutron.wsgi [req-e9dcf192-5d55-45bd-9107-8ce05233f4c9 req-61ef4e6a-d517-4622-b21b-e51e4696f1b3 bf55a6de073745a6bcbdb2f1ff534e13 3d98a71b7a424de280b0aa60b942e473 - - edb1acb7a6e04cbeaf7e0ec679801393 edb1acb7a6e04cbeaf7e0ec679801393] 199.204.45.141 "GET /v2.0/ports?network_id=c1958b1f-3061-418c-aa47-89e8be2c6691&device_owner=network%3Adhcp HTTP/1.1" status: 200 len: 210 time: 0.0188410
2026-03-31 06:08:41.494 9 INFO neutron.wsgi [req-e9dcf192-5d55-45bd-9107-8ce05233f4c9 req-560568b4-a51b-4c36-88b7-bd3645423209 bf55a6de073745a6bcbdb2f1ff534e13 3d98a71b7a424de280b0aa60b942e473 - - edb1acb7a6e04cbeaf7e0ec679801393 edb1acb7a6e04cbeaf7e0ec679801393] 199.204.45.141 "GET /v2.0/networks/c1958b1f-3061-418c-aa47-89e8be2c6691?fields=segments HTTP/1.1" status: 200 len: 212 time: 0.0702567
2026-03-31 06:08:41.573 9 INFO neutron.wsgi [req-e9dcf192-5d55-45bd-9107-8ce05233f4c9 req-674e472d-21de-452c-a707-9700854fb6b4 bf55a6de073745a6bcbdb2f1ff534e13 3d98a71b7a424de280b0aa60b942e473 - - edb1acb7a6e04cbeaf7e0ec679801393 edb1acb7a6e04cbeaf7e0ec679801393] 199.204.45.141 "GET /v2.0/networks/c1958b1f-3061-418c-aa47-89e8be2c6691?fields=provider%3Aphysical_network&fields=provider%3Anetwork_type HTTP/1.1" status: 200 len: 277 time: 0.0724926
2026-03-31 06:08:41.664 9 INFO neutron.wsgi [req-88f7e88b-09cc-44a3-950a-7cd8c2c95509 req-06835b9d-69f1-4b9d-a5b2-96b5d2c08a02 bf55a6de073745a6bcbdb2f1ff534e13 3d98a71b7a424de280b0aa60b942e473 - - edb1acb7a6e04cbeaf7e0ec679801393 edb1acb7a6e04cbeaf7e0ec679801393] 199.204.45.141 "GET /v2.0/ports?tenant_id=d362bcfdddfe48358c9e8def095aa5e1&device_id=8cf6f45b-de6f-4bf9-bcee-7ef00933eee9 HTTP/1.1" status: 200 len: 1407 time: 0.0412099
2026-03-31 06:08:41.757 9 INFO neutron.wsgi [req-88f7e88b-09cc-44a3-950a-7cd8c2c95509 req-fafec81d-7f49-4136-bb80-51bc7c7e2c3c bf55a6de073745a6bcbdb2f1ff534e13 3d98a71b7a424de280b0aa60b942e473 - - edb1acb7a6e04cbeaf7e0ec679801393 edb1acb7a6e04cbeaf7e0ec679801393] 199.204.45.141 "GET /v2.0/networks?id=c1958b1f-3061-418c-aa47-89e8be2c6691 HTTP/1.1" status: 200 len: 976 time: 0.0848210
2026-03-31 06:08:41.786 9 INFO neutron.plugins.ml2.drivers.ovn.mech_driver.mech_driver [None req-4469b727-5a36-4c68-bd0b-e9e23aa67776 - - - - - -] OVN reports status up for port: 77050105-6f11-41cf-991e-43e64a5d8c52
2026-03-31 06:08:41.788 10 WARNING neutron.plugins.ml2.drivers.ovn.mech_driver.ovsdb.ovn_client [None req-0a8392ec-56c7-48f2-b6ea-75c30f804bda - - - - - -] No hosting information found for port d712a569-57b3-4d03-9fe7-e18decc249aa: RuntimeError: No hosting information found for port d712a569-57b3-4d03-9fe7-e18decc249aa
2026-03-31 06:08:41.816 9 INFO neutron.wsgi [req-88f7e88b-09cc-44a3-950a-7cd8c2c95509 req-cc9f2078-fa6d-463c-a898-e3f12b9035e8 bf55a6de073745a6bcbdb2f1ff534e13 3d98a71b7a424de280b0aa60b942e473 - - edb1acb7a6e04cbeaf7e0ec679801393 edb1acb7a6e04cbeaf7e0ec679801393] 199.204.45.141 "GET /v2.0/floatingips?fixed_ip_address=10.100.0.6&port_id=77050105-6f11-41cf-991e-43e64a5d8c52 HTTP/1.1" status: 200 len: 217 time: 0.0467184
2026-03-31 06:08:41.818 10 INFO neutron.db.ovn_revision_numbers_db [None req-77b23ed9-57f2-4459-a55a-e73386845f4d 1213a955e5e24f088ef89ac4b0b4e714 fb06fd34be5e4e76a9fa04f2e76d0909 - - default default] Successfully bumped revision number for resource 8da585d1-b10e-4d88-8a1f-516383533be8 (type: security_groups) to 1
2026-03-31 06:08:41.821 9 INFO neutron.plugins.ml2.plugin [None req-4469b727-5a36-4c68-bd0b-e9e23aa67776 - - - - - -] Attempt 1 to provision port 77050105-6f11-41cf-991e-43e64a5d8c52
2026-03-31 06:08:41.854 10 INFO neutron.db.ovn_revision_numbers_db [None req-77b23ed9-57f2-4459-a55a-e73386845f4d 1213a955e5e24f088ef89ac4b0b4e714 fb06fd34be5e4e76a9fa04f2e76d0909 - - default default] Successfully bumped revision number for resource 0ec95d06-bc08-46a3-815a-0594b63d7787 (type: security_group_rules) to 0
2026-03-31 06:08:41.888 10 INFO neutron.db.ovn_revision_numbers_db [None req-77b23ed9-57f2-4459-a55a-e73386845f4d 1213a955e5e24f088ef89ac4b0b4e714 fb06fd34be5e4e76a9fa04f2e76d0909 - - default default] Successfully bumped revision number for resource 380c5150-c6b3-47c6-8f75-0c2f5e47041d (type: security_group_rules) to 0
2026-03-31 06:08:41.897 9 INFO neutron.wsgi [req-88f7e88b-09cc-44a3-950a-7cd8c2c95509 req-51a33ee0-599f-40ed-b06e-8d224aa7a454 bf55a6de073745a6bcbdb2f1ff534e13 3d98a71b7a424de280b0aa60b942e473 - - edb1acb7a6e04cbeaf7e0ec679801393 edb1acb7a6e04cbeaf7e0ec679801393] 199.204.45.141 "GET /v2.0/subnets?id=3be8361f-2949-4f90-90a3-a0f3c25a5379 HTTP/1.1" status: 200 len: 871 time: 0.0731690
2026-03-31 06:08:41.910 10 INFO neutron.db.ovn_revision_numbers_db [None req-77b23ed9-57f2-4459-a55a-e73386845f4d 1213a955e5e24f088ef89ac4b0b4e714 fb06fd34be5e4e76a9fa04f2e76d0909 - - default default] Successfully bumped revision number for resource 509619a8-1332-4ca6-a3a6-115d302459d1 (type: security_group_rules) to 0
2026-03-31 06:08:41.936 10 INFO neutron.db.ovn_revision_numbers_db [None req-77b23ed9-57f2-4459-a55a-e73386845f4d 1213a955e5e24f088ef89ac4b0b4e714 fb06fd34be5e4e76a9fa04f2e76d0909 - - default default] Successfully bumped revision number for resource be1ca1a3-b2d4-4517-b010-ae0a84b5e528 (type: security_group_rules) to 0
2026-03-31 06:08:41.952 9 INFO neutron.wsgi [req-88f7e88b-09cc-44a3-950a-7cd8c2c95509 req-b5f86dc1-f613-4412-a014-685d5a8ab841 bf55a6de073745a6bcbdb2f1ff534e13 3d98a71b7a424de280b0aa60b942e473 - - edb1acb7a6e04cbeaf7e0ec679801393 edb1acb7a6e04cbeaf7e0ec679801393] 199.204.45.141 "GET /v2.0/ports?network_id=c1958b1f-3061-418c-aa47-89e8be2c6691&device_owner=network%3Adhcp HTTP/1.1" status: 200 len: 210 time: 0.0464923
2026-03-31 06:08:42.002 10 INFO neutron.db.segments_db [None req-77b23ed9-57f2-4459-a55a-e73386845f4d 1213a955e5e24f088ef89ac4b0b4e714 fb06fd34be5e4e76a9fa04f2e76d0909 - - default default] Added segment 77b1d8b2-3abd-4240-b701-3790059681d3 of type geneve for network b5c69cf6-900a-42ce-bb69-f6ea740768de
2026-03-31 06:08:42.067 9 INFO neutron.wsgi [req-88f7e88b-09cc-44a3-950a-7cd8c2c95509 req-cf144f7e-c4e9-4599-9ef3-63e1a084864a bf55a6de073745a6bcbdb2f1ff534e13 3d98a71b7a424de280b0aa60b942e473 - - edb1acb7a6e04cbeaf7e0ec679801393 edb1acb7a6e04cbeaf7e0ec679801393] 199.204.45.141 "GET /v2.0/networks/c1958b1f-3061-418c-aa47-89e8be2c6691?fields=segments HTTP/1.1" status: 200 len: 212 time: 0.1055946
2026-03-31 06:08:42.173 9 INFO neutron.wsgi [req-88f7e88b-09cc-44a3-950a-7cd8c2c95509 req-d8028ce8-56d1-4a8b-adfd-ea7ef62230ca bf55a6de073745a6bcbdb2f1ff534e13 3d98a71b7a424de280b0aa60b942e473 - - edb1acb7a6e04cbeaf7e0ec679801393 edb1acb7a6e04cbeaf7e0ec679801393] 199.204.45.141 "GET /v2.0/networks/c1958b1f-3061-418c-aa47-89e8be2c6691?fields=provider%3Aphysical_network&fields=provider%3Anetwork_type HTTP/1.1" status: 200 len: 277 time: 0.0961576
2026-03-31 06:08:42.188 10 INFO neutron.wsgi [req-fbd10271-4a32-4f37-993f-6837d8b8979f req-37efbfc2-9b36-43d7-b8ff-aa1677d8ae48 031fae53e25841c782d6ed79a35c8832 d362bcfdddfe48358c9e8def095aa5e1 - - default default] 10.0.0.217 "GET /v2.0/ports?device_id=8cf6f45b-de6f-4bf9-bcee-7ef00933eee9 HTTP/1.1" status: 200 len: 1170 time: 0.0648139
2026-03-31 06:08:42.197 10 INFO neutron.db.ovn_revision_numbers_db [None req-77b23ed9-57f2-4459-a55a-e73386845f4d 1213a955e5e24f088ef89ac4b0b4e714 fb06fd34be5e4e76a9fa04f2e76d0909 - - default default] Successfully bumped revision number for resource b5c69cf6-900a-42ce-bb69-f6ea740768de (type: networks) to 1
2026-03-31 06:08:42.259 10 INFO neutron.wsgi [req-fbd10271-4a32-4f37-993f-6837d8b8979f req-4917fd09-1210-4c7d-8435-cb285af9c712 031fae53e25841c782d6ed79a35c8832 d362bcfdddfe48358c9e8def095aa5e1 - - default default] 10.0.0.217 "GET /v2.0/security-groups?id=91cd6101-5b5f-4107-bc24-2849cc673d37&fields=id&fields=name HTTP/1.1" status: 200 len: 286 time: 0.0596156
2026-03-31 06:08:42.357 9 INFO neutron.db.ovn_revision_numbers_db [None req-4469b727-5a36-4c68-bd0b-e9e23aa67776 - - - - - -] Successfully bumped revision number for resource 77050105-6f11-41cf-991e-43e64a5d8c52 (type: ports) to 4
2026-03-31 06:08:42.446 10 WARNING neutron.scheduler.dhcp_agent_scheduler [None req-77b23ed9-57f2-4459-a55a-e73386845f4d 1213a955e5e24f088ef89ac4b0b4e714 fb06fd34be5e4e76a9fa04f2e76d0909 - - default default] No more DHCP agents
2026-03-31 06:08:42.450 10 WARNING neutron.api.rpc.agentnotifiers.dhcp_rpc_agent_api [None req-77b23ed9-57f2-4459-a55a-e73386845f4d 1213a955e5e24f088ef89ac4b0b4e714 fb06fd34be5e4e76a9fa04f2e76d0909 - - default default] Unable to schedule network b5c69cf6-900a-42ce-bb69-f6ea740768de: no agents available; will retry on subsequent port and subnet creation events.
2026-03-31 06:08:42.541 10 INFO neutron.db.ovn_revision_numbers_db [None req-77b23ed9-57f2-4459-a55a-e73386845f4d 1213a955e5e24f088ef89ac4b0b4e714 fb06fd34be5e4e76a9fa04f2e76d0909 - - default default] Successfully bumped revision number for resource c0568990-437b-4e42-ba0b-15ae4176a13c (type: ports) to 1
2026-03-31 06:08:42.577 10 INFO neutron.wsgi [None req-77b23ed9-57f2-4459-a55a-e73386845f4d 1213a955e5e24f088ef89ac4b0b4e714 fb06fd34be5e4e76a9fa04f2e76d0909 - - default default] 10.0.0.91 "POST /v2.0/networks HTTP/1.1" status: 201 len: 829 time: 1.1495137
2026-03-31 06:08:42.698 10 INFO neutron.db.segments_db [None req-023842e5-8f48-4678-b9fc-6e1ff5836b6e 1213a955e5e24f088ef89ac4b0b4e714 fb06fd34be5e4e76a9fa04f2e76d0909 - - default default] Added segment 238865c2-443d-4b4b-b856-e2896cef0b08 of type geneve for network 77c1a041-28a9-428e-bc93-f41aaf879a8e /var/lib/openstack/lib/python3.10/site-packages/pycadf/identifier.py:71: UserWarning: Invalid uuid: neutron. To ensure interoperability, identifiers should be a valid uuid. warnings.warn(('Invalid uuid: %s. To ensure interoperability, '
2026-03-31 06:08:42.909 10 INFO neutron.db.ovn_revision_numbers_db [None req-023842e5-8f48-4678-b9fc-6e1ff5836b6e 1213a955e5e24f088ef89ac4b0b4e714 fb06fd34be5e4e76a9fa04f2e76d0909 - - default default] Successfully bumped revision number for resource 77c1a041-28a9-428e-bc93-f41aaf879a8e (type: networks) to 1
2026-03-31 06:08:42.980 10 INFO neutron.plugins.ml2.drivers.ovn.mech_driver.mech_driver [None req-0a8392ec-56c7-48f2-b6ea-75c30f804bda - - - - - -] OVN reports status down for port: 28775e5b-2d9f-446f-8033-879ed0427105
2026-03-31 06:08:43.015 9 INFO neutron.db.ovn_revision_numbers_db [None req-4e78f560-982c-48d3-ad37-4ceb3bd6cda4 cc621de00d21409eada44fd6085930ac 78f7c67c2752405786e8cbf2660fe6cb - - default default] Successfully bumped revision number for resource 98b23a54-f1b2-4b1f-8201-9778bb0ebc56 (type: security_groups) to 1
2026-03-31 06:08:43.034 9 INFO neutron.db.ovn_revision_numbers_db [None req-4e78f560-982c-48d3-ad37-4ceb3bd6cda4 cc621de00d21409eada44fd6085930ac 78f7c67c2752405786e8cbf2660fe6cb - - default default] Successfully bumped revision number for resource 298472df-6fc6-4367-894a-bca411699faa (type: security_group_rules) to 0
2026-03-31 06:08:43.051 9 INFO neutron.db.ovn_revision_numbers_db [None req-4e78f560-982c-48d3-ad37-4ceb3bd6cda4 cc621de00d21409eada44fd6085930ac 78f7c67c2752405786e8cbf2660fe6cb - - default default] Successfully bumped revision number for resource 723d9929-11f8-4a79-b075-6a56bd4aca8e (type: security_group_rules) to 0
2026-03-31 06:08:43.064 10 INFO neutron.wsgi [req-31095b7d-2444-417a-8bbf-1a59e623f2ec req-4c6ff94f-8ec6-47bf-91be-f8d6566cec2e c202fea129e546f385b414a1b31cddf9 c397a2a50aea4f8a8584fe4d5d233223 - - default default] 10.0.0.217 "GET /v2.0/ports?device_id=ad640314-b39b-4102-a7b2-70dfb3de64e5 HTTP/1.1" status: 200 len: 1170 time: 0.1529162
2026-03-31 06:08:43.076 9 INFO neutron.db.ovn_revision_numbers_db [None req-4e78f560-982c-48d3-ad37-4ceb3bd6cda4 cc621de00d21409eada44fd6085930ac 78f7c67c2752405786e8cbf2660fe6cb - - default default] Successfully bumped revision number for resource 834dc45b-3b76-4ec7-a1e6-710f0760f8e7 (type: security_group_rules) to 0
2026-03-31 06:08:43.098 9 INFO neutron.db.ovn_revision_numbers_db [None req-4e78f560-982c-48d3-ad37-4ceb3bd6cda4 cc621de00d21409eada44fd6085930ac 78f7c67c2752405786e8cbf2660fe6cb - - default default] Successfully bumped revision number for resource 9b1c87c9-4c1d-48e4-9046-8bd45a7ff1ed (type: security_group_rules) to 0
2026-03-31 06:08:43.133 9 INFO neutron.wsgi [None req-4e78f560-982c-48d3-ad37-4ceb3bd6cda4 cc621de00d21409eada44fd6085930ac 78f7c67c2752405786e8cbf2660fe6cb - - default default] 10.0.0.91 "GET /v2.0/security-groups?tenant_id=12b491e72de440099ce8a22779f298e7&name=default HTTP/1.1" status: 200 len: 2996 time: 0.4300191
2026-03-31 06:08:43.181 10 INFO neutron.wsgi [req-31095b7d-2444-417a-8bbf-1a59e623f2ec req-4e0d685d-26e8-4f52-9f0a-a29b3a63c324 c202fea129e546f385b414a1b31cddf9 c397a2a50aea4f8a8584fe4d5d233223 - - default default] 10.0.0.217 "GET /v2.0/security-groups?id=ba7a4784-9a17-4eff-bdda-d9f33c3388ef&fields=id&fields=name HTTP/1.1" status: 200 len: 312 time: 0.0951943
2026-03-31 06:08:43.243 10 INFO neutron.notifiers.nova [-] Nova event matching ['req-576f0689-aba6-4e6b-9ecf-e93f050dfc87'] response: {'server_uuid': 'ad640314-b39b-4102-a7b2-70dfb3de64e5', 'name': 'network-vif-unplugged', 'status': 'completed', 'tag': '28775e5b-2d9f-446f-8033-879ed0427105', 'code': 200}
2026-03-31 06:08:43.259 10 WARNING neutron.scheduler.dhcp_agent_scheduler [None req-023842e5-8f48-4678-b9fc-6e1ff5836b6e 1213a955e5e24f088ef89ac4b0b4e714 fb06fd34be5e4e76a9fa04f2e76d0909 - - default default] No more DHCP agents
2026-03-31 06:08:43.270 10 WARNING neutron.api.rpc.agentnotifiers.dhcp_rpc_agent_api [None req-023842e5-8f48-4678-b9fc-6e1ff5836b6e 1213a955e5e24f088ef89ac4b0b4e714 fb06fd34be5e4e76a9fa04f2e76d0909 - - default default] Unable to schedule network 77c1a041-28a9-428e-bc93-f41aaf879a8e: no agents available; will retry on subsequent port and subnet creation events.
2026-03-31 06:08:43.363 9 INFO neutron.notifiers.nova [-] Nova event matching ['req-4442ad7c-e2e0-4bc9-9094-894e4337abc6'] response: {'server_uuid': '8cf6f45b-de6f-4bf9-bcee-7ef00933eee9', 'name': 'network-vif-plugged', 'status': 'completed', 'tag': '77050105-6f11-41cf-991e-43e64a5d8c52', 'code': 200}
2026-03-31 06:08:43.363 9 INFO neutron.notifiers.nova [-] Nova event matching ['req-4442ad7c-e2e0-4bc9-9094-894e4337abc6'] response: {'server_uuid': '8cf6f45b-de6f-4bf9-bcee-7ef00933eee9', 'name': 'network-vif-plugged', 'status': 'completed', 'tag': '77050105-6f11-41cf-991e-43e64a5d8c52', 'code': 200}
2026-03-31 06:08:43.374 9 INFO neutron.wsgi [req-4fb6f789-813b-4702-b04f-6ed68d788b4e req-e603a26a-7dd7-450f-89b2-52de9e735492 c202fea129e546f385b414a1b31cddf9 c397a2a50aea4f8a8584fe4d5d233223 - - default default] 199.204.45.141 "GET /v2.0/ports?device_id=ad640314-b39b-4102-a7b2-70dfb3de64e5 HTTP/1.1" status: 200 len: 1168 time: 0.1394699
2026-03-31 06:08:43.424 10 INFO neutron.wsgi [req-eef318e6-01cb-4885-bc0e-56545b26edd0 req-36dbc308-4461-4452-8f98-76c0029e3bc5 031fae53e25841c782d6ed79a35c8832 d362bcfdddfe48358c9e8def095aa5e1 - - default default] 10.0.0.217 "GET /v2.0/ports?device_id=8cf6f45b-de6f-4bf9-bcee-7ef00933eee9 HTTP/1.1" status: 200 len: 1170 time: 0.0888247
2026-03-31 06:08:43.433 10 INFO neutron.db.ovn_revision_numbers_db [None req-023842e5-8f48-4678-b9fc-6e1ff5836b6e 1213a955e5e24f088ef89ac4b0b4e714 fb06fd34be5e4e76a9fa04f2e76d0909 - - default default] Successfully bumped revision number for resource b4e084a2-56f8-4d31-92a0-5474a6b95893 (type: ports) to 1
2026-03-31 06:08:43.489 9 INFO neutron.wsgi [None req-2d2cbb2b-7ed0-494a-9a19-2bb77eca0d56 cc621de00d21409eada44fd6085930ac 78f7c67c2752405786e8cbf2660fe6cb - - default default] 10.0.0.91 "DELETE /v2.0/security-groups/98b23a54-f1b2-4b1f-8201-9778bb0ebc56 HTTP/1.1" status: 204 len: 168 time: 0.3495476
2026-03-31 06:08:43.511 10 INFO neutron.wsgi [None req-023842e5-8f48-4678-b9fc-6e1ff5836b6e 1213a955e5e24f088ef89ac4b0b4e714 fb06fd34be5e4e76a9fa04f2e76d0909 - - default default] 10.0.0.91 "POST /v2.0/networks HTTP/1.1" status: 201 len: 829 time: 0.9278440
2026-03-31 06:08:43.544 10 INFO neutron.wsgi [req-eef318e6-01cb-4885-bc0e-56545b26edd0 req-b8b59589-a415-44b3-b5e3-6c1f2e951b65 031fae53e25841c782d6ed79a35c8832 d362bcfdddfe48358c9e8def095aa5e1 - - default default] 10.0.0.217 "GET /v2.0/security-groups?id=91cd6101-5b5f-4107-bc24-2849cc673d37&fields=id&fields=name HTTP/1.1" status: 200 len: 286 time: 0.1082768
2026-03-31 06:08:43.611 10 INFO neutron.db.ovn_revision_numbers_db [None req-0a8392ec-56c7-48f2-b6ea-75c30f804bda - - - - - -] Successfully bumped revision number for resource 28775e5b-2d9f-446f-8033-879ed0427105 (type: ports) to 5
2026-03-31 06:08:43.825 9 INFO neutron.db.l3_db [req-4fb6f789-813b-4702-b04f-6ed68d788b4e req-6d6e502a-37f5-47ea-8a5f-c2060f02a73b c202fea129e546f385b414a1b31cddf9 c397a2a50aea4f8a8584fe4d5d233223 - - default default] Floating IP 15341e04-5e3b-480a-ba66-96bacee0797c disassociated. External IP: 10.96.250.212, port: 28775e5b-2d9f-446f-8033-879ed0427105.
2026-03-31 06:08:43.863 10 WARNING neutron.scheduler.dhcp_agent_scheduler [None req-b48bb8ea-4148-4a3d-8cec-f7aadcbf068a 1213a955e5e24f088ef89ac4b0b4e714 fb06fd34be5e4e76a9fa04f2e76d0909 - - default default] No more DHCP agents
2026-03-31 06:08:43.867 10 WARNING neutron.api.rpc.agentnotifiers.dhcp_rpc_agent_api [None req-b48bb8ea-4148-4a3d-8cec-f7aadcbf068a 1213a955e5e24f088ef89ac4b0b4e714 fb06fd34be5e4e76a9fa04f2e76d0909 - - default default] Unable to schedule network b5c69cf6-900a-42ce-bb69-f6ea740768de: no agents available; will retry on subsequent port and subnet creation events. /var/lib/openstack/lib/python3.10/site-packages/pycadf/identifier.py:71: UserWarning: Invalid uuid: neutron. To ensure interoperability, identifiers should be a valid uuid. warnings.warn(('Invalid uuid: %s. To ensure interoperability, '
2026-03-31 06:08:44.320 9 INFO neutron.wsgi [req-47a75106-3726-47a6-9a8e-2b3ee83b93c5 req-54734cd3-752c-43fa-89ea-ee12cc34176d c202fea129e546f385b414a1b31cddf9 c397a2a50aea4f8a8584fe4d5d233223 - - default default] 10.0.0.217 "GET /v2.0/ports?device_id=ad640314-b39b-4102-a7b2-70dfb3de64e5 HTTP/1.1" status: 200 len: 1168 time: 0.0569539
2026-03-31 06:08:44.353 9 INFO neutron.wsgi [req-4fb6f789-813b-4702-b04f-6ed68d788b4e req-6d6e502a-37f5-47ea-8a5f-c2060f02a73b c202fea129e546f385b414a1b31cddf9 c397a2a50aea4f8a8584fe4d5d233223 - - default default] 199.204.45.141 "DELETE /v2.0/ports/28775e5b-2d9f-446f-8033-879ed0427105 HTTP/1.1" status: 204 len: 173 time: 0.9706743
2026-03-31 06:08:44.388 9 INFO neutron.wsgi [req-47a75106-3726-47a6-9a8e-2b3ee83b93c5 req-b81c8502-a65c-4281-9a5b-9a4568866969 c202fea129e546f385b414a1b31cddf9 c397a2a50aea4f8a8584fe4d5d233223 - - default default] 10.0.0.217 "GET /v2.0/security-groups?id=ba7a4784-9a17-4eff-bdda-d9f33c3388ef&fields=id&fields=name HTTP/1.1" status: 200 len: 312 time: 0.0509155
2026-03-31 06:08:44.530 10 INFO neutron.db.ovn_revision_numbers_db [None req-b48bb8ea-4148-4a3d-8cec-f7aadcbf068a 1213a955e5e24f088ef89ac4b0b4e714 fb06fd34be5e4e76a9fa04f2e76d0909 - - default default] Successfully bumped revision number for resource c0568990-437b-4e42-ba0b-15ae4176a13c (type: ports) to 2
2026-03-31 06:08:44.570 10 INFO neutron.db.ovn_revision_numbers_db [None req-b48bb8ea-4148-4a3d-8cec-f7aadcbf068a 1213a955e5e24f088ef89ac4b0b4e714 fb06fd34be5e4e76a9fa04f2e76d0909 - - default default] Successfully bumped revision number for resource 0345272c-7c5f-4b55-9672-03129adb9aa4 (type: subnets) to 0
2026-03-31 06:08:44.595 10 INFO neutron.wsgi [None req-b48bb8ea-4148-4a3d-8cec-f7aadcbf068a 1213a955e5e24f088ef89ac4b0b4e714 fb06fd34be5e4e76a9fa04f2e76d0909 - - default default] 10.0.0.91 "POST /v2.0/subnets HTTP/1.1" status: 201 len: 801 time: 1.0754342 /var/lib/openstack/lib/python3.10/site-packages/pycadf/identifier.py:71: UserWarning: Invalid uuid: neutron. To ensure interoperability, identifiers should be a valid uuid. warnings.warn(('Invalid uuid: %s. To ensure interoperability, '
2026-03-31 06:08:44.744 10 INFO neutron.wsgi [req-acf44a21-0712-41ab-a3b2-48220e963d72 req-4cec0dfa-9d62-4ceb-b84c-d71f2983352c 031fae53e25841c782d6ed79a35c8832 d362bcfdddfe48358c9e8def095aa5e1 - - default default] 10.0.0.217 "GET /v2.0/ports?device_id=8cf6f45b-de6f-4bf9-bcee-7ef00933eee9 HTTP/1.1" status: 200 len: 1170 time: 0.1129782
2026-03-31 06:08:44.807 10 INFO neutron.wsgi [req-acf44a21-0712-41ab-a3b2-48220e963d72 req-08b67147-23c4-4f77-acde-e1603cdc7f16 031fae53e25841c782d6ed79a35c8832 d362bcfdddfe48358c9e8def095aa5e1 - - default default] 10.0.0.217 "GET /v2.0/security-groups?id=91cd6101-5b5f-4107-bc24-2849cc673d37&fields=id&fields=name HTTP/1.1" status: 200 len: 286 time: 0.0566959
2026-03-31 06:08:44.888 9 WARNING neutron.scheduler.dhcp_agent_scheduler [None req-a772cc92-1660-4e34-a9fe-72e639c76104 1213a955e5e24f088ef89ac4b0b4e714 fb06fd34be5e4e76a9fa04f2e76d0909 - - default default] No more DHCP agents
2026-03-31 06:08:44.890 9 WARNING neutron.api.rpc.agentnotifiers.dhcp_rpc_agent_api [None req-a772cc92-1660-4e34-a9fe-72e639c76104 1213a955e5e24f088ef89ac4b0b4e714 fb06fd34be5e4e76a9fa04f2e76d0909 - - default default] Unable to schedule network 77c1a041-28a9-428e-bc93-f41aaf879a8e: no agents available; will retry on subsequent port and subnet creation events.
2026-03-31 06:08:45.176 9 INFO neutron.plugins.ml2.drivers.ovn.mech_driver.mech_driver [None req-4469b727-5a36-4c68-bd0b-e9e23aa67776 - - - - - -] OVN reports status down for port: 77050105-6f11-41cf-991e-43e64a5d8c52
2026-03-31 06:08:45.280 9 INFO neutron.wsgi [req-469538d1-3680-4d41-b81f-4e57c6b946d0 req-e161c92a-92a8-4f96-aa7c-79cc3d5f9c87 031fae53e25841c782d6ed79a35c8832 d362bcfdddfe48358c9e8def095aa5e1 - - default default] 10.0.0.217 "GET /v2.0/ports?device_id=8cf6f45b-de6f-4bf9-bcee-7ef00933eee9 HTTP/1.1" status: 200 len: 1170 time: 0.1543589
2026-03-31 06:08:45.313 10 INFO neutron.notifiers.nova [-] Nova event matching ['req-8397c52e-7ca0-41e5-8c44-3c9a59585539'] response: {'server_uuid': 'ad640314-b39b-4102-a7b2-70dfb3de64e5', 'name': 'network-vif-plugged', 'status': 'completed', 'tag': '28775e5b-2d9f-446f-8033-879ed0427105', 'code': 200}
2026-03-31 06:08:45.391 9 INFO neutron.wsgi [req-469538d1-3680-4d41-b81f-4e57c6b946d0 req-af4c0559-75d1-4ae5-91b5-26c1f589198a 031fae53e25841c782d6ed79a35c8832 d362bcfdddfe48358c9e8def095aa5e1 - - default default] 10.0.0.217 "GET /v2.0/security-groups?id=91cd6101-5b5f-4107-bc24-2849cc673d37&fields=id&fields=name HTTP/1.1" status: 200 len: 286 time: 0.1017103
2026-03-31 06:08:45.422 9 INFO neutron.notifiers.nova [-] Nova event matching ['req-391fcd3b-2cfb-4578-bf93-7dd53416691e'] response: {'server_uuid': 'ad640314-b39b-4102-a7b2-70dfb3de64e5', 'name': 'network-vif-deleted', 'tag': '28775e5b-2d9f-446f-8033-879ed0427105', 'status': 'completed', 'code': 200}
2026-03-31 06:08:45.546 9 INFO neutron.wsgi [req-9dad7bb7-776a-4de9-98a4-f0e987eb4b41 req-946e631c-e888-466a-8d38-dd81aa1eb390 031fae53e25841c782d6ed79a35c8832 d362bcfdddfe48358c9e8def095aa5e1 - - default default] 199.204.45.141 "GET /v2.0/ports?device_id=8cf6f45b-de6f-4bf9-bcee-7ef00933eee9 HTTP/1.1" status: 200 len: 1168 time: 0.0614250
2026-03-31 06:08:45.668 10 INFO neutron.wsgi [None req-3c4a5d8e-47a5-423c-96e6-9f2b20d0d8ca c202fea129e546f385b414a1b31cddf9 c397a2a50aea4f8a8584fe4d5d233223 - - default default] 10.0.0.91 "DELETE /v2.0/security-groups/ba7a4784-9a17-4eff-bdda-d9f33c3388ef HTTP/1.1" status: 204 len: 168 time: 0.2001667
2026-03-31 06:08:45.762 9 INFO neutron.db.ovn_revision_numbers_db [None req-a772cc92-1660-4e34-a9fe-72e639c76104 1213a955e5e24f088ef89ac4b0b4e714 fb06fd34be5e4e76a9fa04f2e76d0909 - - default default] Successfully bumped revision number for resource b4e084a2-56f8-4d31-92a0-5474a6b95893 (type: ports) to 2
2026-03-31 06:08:45.838 9 INFO neutron.db.ovn_revision_numbers_db [None req-4469b727-5a36-4c68-bd0b-e9e23aa67776 - - - - - -] Successfully bumped revision number for resource 77050105-6f11-41cf-991e-43e64a5d8c52 (type: ports) to 5
2026-03-31 06:08:45.844 9 INFO neutron.db.ovn_revision_numbers_db [None req-a772cc92-1660-4e34-a9fe-72e639c76104 1213a955e5e24f088ef89ac4b0b4e714 fb06fd34be5e4e76a9fa04f2e76d0909 - - default default] Successfully bumped revision number for resource 1f68d736-330e-4357-a933-f1f7ed978b2c (type: subnets) to 0
2026-03-31 06:08:45.882 9 INFO neutron.wsgi [None req-a772cc92-1660-4e34-a9fe-72e639c76104 1213a955e5e24f088ef89ac4b0b4e714 fb06fd34be5e4e76a9fa04f2e76d0909 - - default default] 10.0.0.91 "POST /v2.0/subnets HTTP/1.1" status: 201 len: 801 time: 1.2787635
2026-03-31 06:08:46.118 9 INFO neutron.wsgi [req-9dad7bb7-776a-4de9-98a4-f0e987eb4b41 req-a4aa5006-3b4d-4384-a7ec-cd3d7de1b557 031fae53e25841c782d6ed79a35c8832 d362bcfdddfe48358c9e8def095aa5e1 - - default default] 199.204.45.141 "DELETE /v2.0/ports/77050105-6f11-41cf-991e-43e64a5d8c52 HTTP/1.1" status: 204 len: 173 time: 0.5576956
2026-03-31 06:08:46.130 9 INFO neutron.db.ovn_revision_numbers_db [None req-79c7e122-471c-4d57-8108-d929ce8937d5 1213a955e5e24f088ef89ac4b0b4e714 fb06fd34be5e4e76a9fa04f2e76d0909 - - default default] Successfully bumped revision number for resource 4fc2c575-c76f-4de4-a80b-9c8b48f167c3 (type: routers) to 1
2026-03-31 06:08:46.148 9 INFO neutron.wsgi [None req-79c7e122-471c-4d57-8108-d929ce8937d5 1213a955e5e24f088ef89ac4b0b4e714 fb06fd34be5e4e76a9fa04f2e76d0909 - - default default] 10.0.0.91 "POST /v2.0/routers HTTP/1.1" status: 201 len: 686 time: 0.2619128 /var/lib/openstack/lib/python3.10/site-packages/pycadf/identifier.py:71: UserWarning: Invalid uuid: neutron. To ensure interoperability, identifiers should be a valid uuid. warnings.warn(('Invalid uuid: %s. To ensure interoperability, '
2026-03-31 06:08:46.158 10 INFO neutron.wsgi [None req-d58ad188-4da2-4be0-b177-673c5276f113 c202fea129e546f385b414a1b31cddf9 c397a2a50aea4f8a8584fe4d5d233223 - - default default] 10.0.0.91 "DELETE /v2.0/floatingips/15341e04-5e3b-480a-ba66-96bacee0797c HTTP/1.1" status: 204 len: 168 time: 0.4530537
2026-03-31 06:08:46.373 10 INFO neutron.wsgi [req-0b617074-8924-45e2-8091-2ef6d5a53c2e req-e25a8207-bc59-4ca2-94dd-ef9578aa9c32 c202fea129e546f385b414a1b31cddf9 c397a2a50aea4f8a8584fe4d5d233223 - - default default] 10.0.0.217 "GET /v2.0/ports?device_id=019a3ad9-d5a8-4151-b02e-391191145110 HTTP/1.1" status: 200 len: 1174 time: 0.0423551
2026-03-31 06:08:46.391 10 INFO neutron.plugins.ml2.drivers.ovn.mech_driver.mech_driver [None req-0a8392ec-56c7-48f2-b6ea-75c30f804bda - - - - - -] OVN reports status down for port: f527b7e3-7cd3-43b3-9385-0bbe53ab13a6
2026-03-31 06:08:46.486 10 INFO neutron.wsgi [req-0b617074-8924-45e2-8091-2ef6d5a53c2e req-4916cc9f-353c-4213-92c6-e8986ff6a482 c202fea129e546f385b414a1b31cddf9 c397a2a50aea4f8a8584fe4d5d233223 - - default default] 10.0.0.217 "GET /v2.0/security-groups?id=9609beed-0dfa-47fc-9d27-9bf6ba83fe67&fields=id&fields=name HTTP/1.1" status: 200 len: 313 time: 0.0909200
2026-03-31 06:08:46.533 9 INFO neutron.wsgi [req-3639a3aa-0e55-4b8d-9539-1c6721c93bf3 req-6279369b-0b22-4ed6-b4f7-ff5b97bf445e 031fae53e25841c782d6ed79a35c8832 d362bcfdddfe48358c9e8def095aa5e1 - - default default] 10.0.0.217 "GET /v2.0/ports?device_id=8cf6f45b-de6f-4bf9-bcee-7ef00933eee9 HTTP/1.1" status: 200 len: 210 time: 0.0362561
2026-03-31 06:08:46.713 9 WARNING neutron.scheduler.dhcp_agent_scheduler [None req-ba8d7bc6-e735-4914-ab20-70d6b97b0f24 1213a955e5e24f088ef89ac4b0b4e714 fb06fd34be5e4e76a9fa04f2e76d0909 - - default default] No more DHCP agents
2026-03-31 06:08:46.721 9 INFO neutron.wsgi [req-ee79b510-d996-4f28-bfa2-5715210263a9 req-70d327ae-e552-4272-8752-0604fc2e52b8 c202fea129e546f385b414a1b31cddf9 c397a2a50aea4f8a8584fe4d5d233223 - - default default] 199.204.45.141 "GET /v2.0/ports?device_id=019a3ad9-d5a8-4151-b02e-391191145110 HTTP/1.1" status: 200 len: 1172 time: 0.0535038
2026-03-31 06:08:46.725 9 WARNING neutron.api.rpc.agentnotifiers.dhcp_rpc_agent_api [None req-ba8d7bc6-e735-4914-ab20-70d6b97b0f24 1213a955e5e24f088ef89ac4b0b4e714 fb06fd34be5e4e76a9fa04f2e76d0909 - - default default] Unable to schedule network b5c69cf6-900a-42ce-bb69-f6ea740768de: no agents available; will retry on subsequent port and subnet creation events.
2026-03-31 06:08:46.866 10 INFO neutron.db.ovn_revision_numbers_db [None req-0a8392ec-56c7-48f2-b6ea-75c30f804bda - - - - - -] Successfully bumped revision number for resource f527b7e3-7cd3-43b3-9385-0bbe53ab13a6 (type: ports) to 5
2026-03-31 06:08:47.078 9 INFO neutron.db.ovn_revision_numbers_db [None req-ba8d7bc6-e735-4914-ab20-70d6b97b0f24 1213a955e5e24f088ef89ac4b0b4e714 fb06fd34be5e4e76a9fa04f2e76d0909 - - default default] Successfully bumped revision number for resource 47531a3d-422f-46c4-95e7-ca00c550f029 (type: ports) to 1
2026-03-31 06:08:47.165 10 INFO neutron.wsgi [-] 10.0.0.11 "GET / HTTP/1.1" status: 200 len: 247 time: 0.0027037
2026-03-31 06:08:47.167 10 INFO neutron.wsgi [-] 10.0.0.11 "GET / HTTP/1.1" status: 200 len: 247 time: 0.0021713
2026-03-31 06:08:47.237 9 INFO neutron.wsgi [req-ee79b510-d996-4f28-bfa2-5715210263a9 req-9fbea3cc-41b0-4c5f-a5d4-978a03d22bba c202fea129e546f385b414a1b31cddf9 c397a2a50aea4f8a8584fe4d5d233223 - - default default] 199.204.45.141 "DELETE /v2.0/ports/f527b7e3-7cd3-43b3-9385-0bbe53ab13a6 HTTP/1.1" status: 204 len: 173 time: 0.5095108
2026-03-31 06:08:47.362 10 INFO neutron.notifiers.nova [-] Nova event matching ['req-eeb2616f-eca9-4417-be41-1e67cd6dd4dc'] response: {'server_uuid': '019a3ad9-d5a8-4151-b02e-391191145110', 'name': 'network-vif-unplugged', 'status': 'completed', 'tag': 'f527b7e3-7cd3-43b3-9385-0bbe53ab13a6', 'code': 200}
2026-03-31 06:08:47.363 10 INFO neutron.notifiers.nova [-] Nova event matching ['req-eeb2616f-eca9-4417-be41-1e67cd6dd4dc'] response: {'server_uuid': '019a3ad9-d5a8-4151-b02e-391191145110', 'name': 'network-vif-plugged', 'status': 'completed', 'tag': 'f527b7e3-7cd3-43b3-9385-0bbe53ab13a6', 'code': 200}
2026-03-31 06:08:47.473 9 INFO neutron.notifiers.nova [-] Nova event matching ['req-e9a3747d-54f6-42b3-b87b-1bbae98a6ade'] response: {'server_uuid': '8cf6f45b-de6f-4bf9-bcee-7ef00933eee9', 'name': 'network-vif-unplugged', 'status': 'completed', 'tag': '77050105-6f11-41cf-991e-43e64a5d8c52', 'code': 200}
2026-03-31 06:08:47.473 9 INFO neutron.notifiers.nova [-] Nova event matching ['req-e9a3747d-54f6-42b3-b87b-1bbae98a6ade'] response: {'server_uuid': '8cf6f45b-de6f-4bf9-bcee-7ef00933eee9', 'name': 'network-vif-plugged', 'status': 'completed', 'tag': '77050105-6f11-41cf-991e-43e64a5d8c52', 'code': 200}
2026-03-31 06:08:47.473 9 INFO neutron.notifiers.nova [-] Nova event matching ['req-e9a3747d-54f6-42b3-b87b-1bbae98a6ade'] response: {'server_uuid': '8cf6f45b-de6f-4bf9-bcee-7ef00933eee9', 'name': 'network-vif-deleted', 'tag': '77050105-6f11-41cf-991e-43e64a5d8c52', 'status': 'completed', 'code': 200}
2026-03-31 06:08:47.473 9 INFO neutron.notifiers.nova [-] Nova event matching ['req-e9a3747d-54f6-42b3-b87b-1bbae98a6ade'] response: {'server_uuid': '019a3ad9-d5a8-4151-b02e-391191145110', 'name': 'network-vif-deleted', 'tag': 'f527b7e3-7cd3-43b3-9385-0bbe53ab13a6', 'status': 'completed', 'code': 200} /var/lib/openstack/lib/python3.10/site-packages/pycadf/identifier.py:71: UserWarning: Invalid uuid: neutron. To ensure interoperability, identifiers should be a valid uuid. warnings.warn(('Invalid uuid: %s. To ensure interoperability, '
2026-03-31 06:08:47.577 9 INFO neutron.plugins.ml2.drivers.ovn.mech_driver.mech_driver [None req-4469b727-5a36-4c68-bd0b-e9e23aa67776 - - - - - -] OVN reports status up for port: 47531a3d-422f-46c4-95e7-ca00c550f029
2026-03-31 06:08:47.586 9 INFO neutron.plugins.ml2.plugin [None req-4469b727-5a36-4c68-bd0b-e9e23aa67776 - - - - - -] Attempt 1 to provision port 47531a3d-422f-46c4-95e7-ca00c550f029
2026-03-31 06:08:47.601 10 INFO neutron.wsgi [req-cbde7951-b660-430a-9995-88745dd14846 req-06b0263c-08e0-48b3-930b-1550b955eb72 c202fea129e546f385b414a1b31cddf9 c397a2a50aea4f8a8584fe4d5d233223 - - default default] 10.0.0.217 "GET /v2.0/ports?device_id=019a3ad9-d5a8-4151-b02e-391191145110 HTTP/1.1" status: 200 len: 210 time: 0.0296993
2026-03-31 06:08:47.605 9 INFO neutron.db.ovn_revision_numbers_db [None req-ba8d7bc6-e735-4914-ab20-70d6b97b0f24 1213a955e5e24f088ef89ac4b0b4e714 fb06fd34be5e4e76a9fa04f2e76d0909 - - default default] Successfully bumped revision number for resource 47531a3d-422f-46c4-95e7-ca00c550f029 (type: router_ports) to 1
2026-03-31 06:08:47.812 9 INFO neutron.db.ovn_revision_numbers_db [None req-ba8d7bc6-e735-4914-ab20-70d6b97b0f24 1213a955e5e24f088ef89ac4b0b4e714 fb06fd34be5e4e76a9fa04f2e76d0909 - - default default] Successfully bumped revision number for resource 47531a3d-422f-46c4-95e7-ca00c550f029 (type: ports) to 1
2026-03-31 06:08:47.928 9 WARNING neutron.scheduler.dhcp_agent_scheduler [None req-ba8d7bc6-e735-4914-ab20-70d6b97b0f24 1213a955e5e24f088ef89ac4b0b4e714 fb06fd34be5e4e76a9fa04f2e76d0909 - - default default] No more DHCP agents
2026-03-31 06:08:47.931 9 WARNING neutron.api.rpc.agentnotifiers.dhcp_rpc_agent_api [None req-ba8d7bc6-e735-4914-ab20-70d6b97b0f24 1213a955e5e24f088ef89ac4b0b4e714 fb06fd34be5e4e76a9fa04f2e76d0909 - - default default] Unable to schedule network b5c69cf6-900a-42ce-bb69-f6ea740768de: no agents available; will retry on subsequent port and subnet creation events.
2026-03-31 06:08:47.945 9 INFO neutron.db.ovn_revision_numbers_db [None req-4469b727-5a36-4c68-bd0b-e9e23aa67776 - - - - - -] Successfully bumped revision number for resource 47531a3d-422f-46c4-95e7-ca00c550f029 (type: ports) to 2
2026-03-31 06:08:48.129 9 INFO neutron.db.ovn_revision_numbers_db [None req-4469b727-5a36-4c68-bd0b-e9e23aa67776 - - - - - -] Successfully bumped revision number for resource 47531a3d-422f-46c4-95e7-ca00c550f029 (type: router_ports) to 2
2026-03-31 06:08:48.182 9 INFO neutron.db.ovn_revision_numbers_db [None req-ba8d7bc6-e735-4914-ab20-70d6b97b0f24 1213a955e5e24f088ef89ac4b0b4e714 fb06fd34be5e4e76a9fa04f2e76d0909 - - default default] Successfully bumped revision number for resource 47531a3d-422f-46c4-95e7-ca00c550f029 (type: router_ports) to 2
2026-03-31 06:08:48.184 9 INFO neutron.wsgi [None req-ba8d7bc6-e735-4914-ab20-70d6b97b0f24 1213a955e5e24f088ef89ac4b0b4e714 fb06fd34be5e4e76a9fa04f2e76d0909 - - default default] 10.0.0.91 "PUT /v2.0/routers/4fc2c575-c76f-4de4-a80b-9c8b48f167c3/add_router_interface HTTP/1.1" status: 200 len: 503 time: 2.0300148
2026-03-31 06:08:48.570 9 INFO neutron.wsgi [None req-da5f68d0-b586-49b6-97ae-035fe255b3d6 1213a955e5e24f088ef89ac4b0b4e714 fb06fd34be5e4e76a9fa04f2e76d0909 - - default default] 10.0.0.91 "GET /v2.0/ports/47531a3d-422f-46c4-95e7-ca00c550f029 HTTP/1.1" status: 200 len: 1137 time: 0.3764541
2026-03-31 06:08:49.079 9 WARNING neutron.scheduler.dhcp_agent_scheduler [None req-a7b92621-946d-4ac1-bc27-5b1f45c840a3 1213a955e5e24f088ef89ac4b0b4e714 fb06fd34be5e4e76a9fa04f2e76d0909 - - default default] No more DHCP agents
2026-03-31 06:08:49.081 9 WARNING neutron.api.rpc.agentnotifiers.dhcp_rpc_agent_api [None req-a7b92621-946d-4ac1-bc27-5b1f45c840a3 1213a955e5e24f088ef89ac4b0b4e714 fb06fd34be5e4e76a9fa04f2e76d0909 - - default default] Unable to schedule network 77c1a041-28a9-428e-bc93-f41aaf879a8e: no agents available; will retry on subsequent port and subnet creation events.
2026-03-31 06:08:49.201 10 WARNING neutron.scheduler.dhcp_agent_scheduler [None req-cf552259-8c32-4819-8fac-b78fe14cf1cd 1a07b8e88b03493ea04180cdd61e17a4 01bf305aba66406caf1d129ef3d7f052 - - default default] No more DHCP agents
2026-03-31 06:08:49.209 10 WARNING neutron.api.rpc.agentnotifiers.dhcp_rpc_agent_api [None req-cf552259-8c32-4819-8fac-b78fe14cf1cd 1a07b8e88b03493ea04180cdd61e17a4 01bf305aba66406caf1d129ef3d7f052 - - default default] Unable to schedule network 5e72b3ef-3e9d-45c9-aed5-e110c91fe4e0: no agents available; will retry on subsequent port and subnet creation events.
