2026-03-31 06:14:08.507 9 INFO neutron.wsgi [None req-a22e2d19-efc8-4172-ad12-06b7e7e93832 cc621de00d21409eada44fd6085930ac 78f7c67c2752405786e8cbf2660fe6cb - - default default] 199.204.45.141 "GET /v2.0/extensions/security-group HTTP/1.1" status: 200 len: 369 time: 0.0081379
2026-03-31 06:14:08.517 9 INFO neutron.wsgi [None req-72c07705-9812-4948-b0cd-69e66501d6e5 cc621de00d21409eada44fd6085930ac 78f7c67c2752405786e8cbf2660fe6cb - - default default] 199.204.45.141 "GET /v2.0/extensions/dns-integration HTTP/1.1" status: 200 len: 371 time: 0.0057487
2026-03-31 06:14:08.528 9 INFO neutron.wsgi [None req-c6396ffa-74c2-4b78-a8cb-c6b734fd96ff cc621de00d21409eada44fd6085930ac 78f7c67c2752405786e8cbf2660fe6cb - - default default] 199.204.45.141 "GET /v2.0/extensions/qos HTTP/1.1" status: 200 len: 365 time: 0.0054765
2026-03-31 06:14:08.539 9 INFO neutron.wsgi [None req-d86e9f9e-b496-412d-9edd-f72dedd1f481 cc621de00d21409eada44fd6085930ac 78f7c67c2752405786e8cbf2660fe6cb - - default default] 199.204.45.141 "GET /v2.0/extensions/allowed-address-pairs HTTP/1.1" status: 200 len: 383 time: 0.0060656
2026-03-31 06:14:08.564 9 INFO neutron.pecan_wsgi.hooks.translation [None req-82615ae1-ee6a-489d-bb39-5e7e11eae161 cc621de00d21409eada44fd6085930ac 78f7c67c2752405786e8cbf2660fe6cb - - default default] DELETE failed (client error): The resource could not be found.
2026-03-31 06:14:08.567 9 INFO neutron.wsgi [None req-82615ae1-ee6a-489d-bb39-5e7e11eae161 cc621de00d21409eada44fd6085930ac 78f7c67c2752405786e8cbf2660fe6cb - - default default] 199.204.45.141 "DELETE /v2.0/ports/d8132c5a-06b9-4e49-b2d6-2af5d095be56 HTTP/1.1" status: 404 len: 338 time: 0.0223899
2026-03-31 06:14:08.606 9 INFO neutron.wsgi [None req-e49be76f-5541-45ea-9695-a6602a46581e cc621de00d21409eada44fd6085930ac 78f7c67c2752405786e8cbf2660fe6cb - - default default] 199.204.45.141 "GET /v2.0/ports/a9e88522-1918-4ac2-bc72-524b9b5c9082 HTTP/1.1" status: 200 len: 1332 time: 0.0327744
2026-03-31 06:14:08.652 9 INFO neutron.wsgi [None req-1a4dedcc-278b-44bd-b7ca-a2c6003c6740 cc621de00d21409eada44fd6085930ac 78f7c67c2752405786e8cbf2660fe6cb - - default default] 199.204.45.141 "GET /v2.0/security-groups?name=lb-078e11eb-eda7-408c-a634-01e047d090b9 HTTP/1.1" status: 200 len: 1777 time: 0.0381618
2026-03-31 06:14:08.690 9 INFO neutron.wsgi [None req-c04afaae-151c-4f8c-8f1e-67436f23ca28 cc621de00d21409eada44fd6085930ac 78f7c67c2752405786e8cbf2660fe6cb - - default default] 199.204.45.141 "GET /v2.0/ports/a9e88522-1918-4ac2-bc72-524b9b5c9082 HTTP/1.1" status: 200 len: 1332 time: 0.0309219
2026-03-31 06:14:08.863 10 INFO neutron.notifiers.nova [-] Nova event matching ['req-2321de5d-87a7-4f6a-80a7-2b3be6e83106'] response: {'server_uuid': 'be6c7ddd-9926-4399-aef4-34c525fd22b8', 'name': 'network-vif-plugged', 'status': 'completed', 'tag': 'd8132c5a-06b9-4e49-b2d6-2af5d095be56', 'code': 200}
2026-03-31 06:14:09.084 9 INFO neutron.db.ovn_revision_numbers_db [None req-ccb6ea9c-6622-4d21-bbe7-ce264f25a855 cc621de00d21409eada44fd6085930ac 78f7c67c2752405786e8cbf2660fe6cb - - default default] Successfully bumped revision number for resource a9e88522-1918-4ac2-bc72-524b9b5c9082 (type: ports) to 9
2026-03-31 06:14:09.097 9 INFO neutron.wsgi [None req-ccb6ea9c-6622-4d21-bbe7-ce264f25a855 cc621de00d21409eada44fd6085930ac 78f7c67c2752405786e8cbf2660fe6cb - - default default] 199.204.45.141 "PUT /v2.0/ports/a9e88522-1918-4ac2-bc72-524b9b5c9082 HTTP/1.1" status: 200 len: 1294 time: 0.4028463
2026-03-31 06:14:09.229 9 INFO neutron.wsgi [None req-d14d8b37-23b9-4e11-9e7a-42c23be2832b cc621de00d21409eada44fd6085930ac 78f7c67c2752405786e8cbf2660fe6cb - - default default] 199.204.45.141 "DELETE /v2.0/security-groups/12b25f0b-ea3a-483a-a9e6-65c05db9bf85 HTTP/1.1" status: 204 len: 173 time: 0.1216080
2026-03-31 06:14:09.553 9 INFO neutron.wsgi [None req-cb0e73f7-c52a-4c4e-acb7-99a3fd47dc5a cc621de00d21409eada44fd6085930ac 78f7c67c2752405786e8cbf2660fe6cb - - default default] 199.204.45.141 "DELETE /v2.0/ports/a9e88522-1918-4ac2-bc72-524b9b5c9082 HTTP/1.1" status: 204 len: 173 time: 0.3170712
2026-03-31 06:14:09.870 10 INFO neutron.plugins.ml2.drivers.ovn.mech_driver.mech_driver [None req-0a8392ec-56c7-48f2-b6ea-75c30f804bda - - - - - -] OVN reports status down for port: 304a3c79-f67d-478f-8ac4-5668e653b586
2026-03-31 06:14:10.174 9 INFO neutron.wsgi [req-f5d68b2c-c578-4e50-9aea-d84d84f5647d req-e4067122-9204-4442-ab5a-2c2792e5f2dc cc621de00d21409eada44fd6085930ac 78f7c67c2752405786e8cbf2660fe6cb - - default default] 199.204.45.141 "GET /v2.0/ports?device_id=be6c7ddd-9926-4399-aef4-34c525fd22b8 HTTP/1.1" status: 200 len: 1415 time: 0.0377967
2026-03-31 06:14:10.223 10 INFO neutron.db.ovn_revision_numbers_db [None req-0a8392ec-56c7-48f2-b6ea-75c30f804bda - - - - - -] Successfully bumped revision number for resource 304a3c79-f67d-478f-8ac4-5668e653b586 (type: ports) to 5
2026-03-31 06:14:10.457 9 INFO neutron.wsgi [req-f5d68b2c-c578-4e50-9aea-d84d84f5647d req-811d0cb8-c81d-49a3-926d-8b9dc8c2c6cc cc621de00d21409eada44fd6085930ac 78f7c67c2752405786e8cbf2660fe6cb - - default default] 199.204.45.141 "DELETE /v2.0/ports/304a3c79-f67d-478f-8ac4-5668e653b586 HTTP/1.1" status: 204 len: 173 time: 0.2775817
2026-03-31 06:14:10.496 9 INFO neutron.notifiers.nova [-] Nova event matching ['req-5d06d676-c30d-46d0-9c74-a422e5a44e0a'] response: {'server_uuid': 'be6c7ddd-9926-4399-aef4-34c525fd22b8', 'name': 'network-vif-deleted', 'tag': '304a3c79-f67d-478f-8ac4-5668e653b586', 'status': 'completed', 'code': 200}
2026-03-31 06:14:10.906 10 INFO neutron.notifiers.nova [-] Nova event matching ['req-b17c1061-0e84-4518-9b85-8790cccffebc'] response: {'server_uuid': 'be6c7ddd-9926-4399-aef4-34c525fd22b8', 'name': 'network-vif-unplugged', 'status': 'completed', 'tag': '304a3c79-f67d-478f-8ac4-5668e653b586', 'code': 200}
2026-03-31 06:14:10.906 10 INFO neutron.notifiers.nova [-] Nova event matching ['req-b17c1061-0e84-4518-9b85-8790cccffebc'] response: {'server_uuid': 'be6c7ddd-9926-4399-aef4-34c525fd22b8', 'name': 'network-vif-plugged', 'status': 'completed', 'tag': '304a3c79-f67d-478f-8ac4-5668e653b586', 'code': 200}
2026-03-31 06:14:11.474 9 INFO neutron.db.l3_db [None req-46bd8c3d-b78b-4300-bd4b-466a6f6c4870 8919618fd7d44924928094529ed74a42 e27110cd5fa543ecba4bb6b0810a5363 - - default default] Floating IP 85b48f5d-a9de-4c72-af33-7ddda4a26eea disassociated (deleted). External IP: 10.96.250.213, port: a18f0dcd-7f41-4d07-9a0d-7630775151c5.
2026-03-31 06:14:11.527 9 INFO neutron.wsgi [None req-46bd8c3d-b78b-4300-bd4b-466a6f6c4870 8919618fd7d44924928094529ed74a42 e27110cd5fa543ecba4bb6b0810a5363 - - default default] 10.0.0.91 "DELETE /v2.0/floatingips/85b48f5d-a9de-4c72-af33-7ddda4a26eea HTTP/1.1" status: 204 len: 168 time: 0.4796960
2026-03-31 06:14:11.558 9 INFO neutron.api.v2.resource [None req-f4073fc8-9805-4030-923c-31efec904fb6 8919618fd7d44924928094529ed74a42 e27110cd5fa543ecba4bb6b0810a5363 - - default default] show failed (client error): The resource could not be found.
2026-03-31 06:14:11.560 9 INFO neutron.wsgi [None req-f4073fc8-9805-4030-923c-31efec904fb6 8919618fd7d44924928094529ed74a42 e27110cd5fa543ecba4bb6b0810a5363 - - default default] 10.0.0.91 "GET /v2.0/floatingips/85b48f5d-a9de-4c72-af33-7ddda4a26eea HTTP/1.1" status: 404 len: 345 time: 0.0265923 /var/lib/openstack/lib/python3.10/site-packages/pycadf/identifier.py:71: UserWarning: Invalid uuid: neutron. To ensure interoperability, identifiers should be a valid uuid. warnings.warn(('Invalid uuid: %s. To ensure interoperability, '
2026-03-31 06:14:11.769 9 INFO neutron.plugins.ml2.drivers.ovn.mech_driver.mech_driver [None req-4469b727-5a36-4c68-bd0b-e9e23aa67776 - - - - - -] OVN reports status down for port: a18f0dcd-7f41-4d07-9a0d-7630775151c5
2026-03-31 06:14:11.859 10 INFO neutron.wsgi [req-60c1adbd-6ca0-4391-89c0-28094e934768 req-89f63fbf-62e9-4acb-957e-1d025865eb7b 8919618fd7d44924928094529ed74a42 e27110cd5fa543ecba4bb6b0810a5363 - - default default] 10.0.0.217 "GET /v2.0/ports?device_id=e38414a3-232e-40da-be3a-f3b56ce0dd3f HTTP/1.1" status: 200 len: 1404 time: 0.1140101
2026-03-31 06:14:11.925 10 INFO neutron.wsgi [req-60c1adbd-6ca0-4391-89c0-28094e934768 req-fe5c9b5a-9b54-4060-9d72-91d3d09a4404 8919618fd7d44924928094529ed74a42 e27110cd5fa543ecba4bb6b0810a5363 - - default default] 10.0.0.217 "GET /v2.0/security-groups?id=51306500-ca6d-4281-be80-f80d663dd247&fields=id&fields=name HTTP/1.1" status: 200 len: 310 time: 0.0577714
2026-03-31 06:14:12.128 9 INFO neutron.db.ovn_revision_numbers_db [None req-4469b727-5a36-4c68-bd0b-e9e23aa67776 - - - - - -] Successfully bumped revision number for resource a18f0dcd-7f41-4d07-9a0d-7630775151c5 (type: ports) to 5
2026-03-31 06:14:12.183 9 INFO neutron.wsgi [req-b86aa93a-e4ce-4b10-9fa8-2c46a4f4279f req-b59bee9f-ccbb-4642-bbb2-71a378035094 8919618fd7d44924928094529ed74a42 e27110cd5fa543ecba4bb6b0810a5363 - - default default] 199.204.45.141 "GET /v2.0/ports?device_id=e38414a3-232e-40da-be3a-f3b56ce0dd3f HTTP/1.1" status: 200 len: 1402 time: 0.1322522
2026-03-31 06:14:12.547 9 INFO neutron.notifiers.nova [-] Nova event matching ['req-0190ddba-7894-4a99-8104-efbebf3df92a'] response: {'name': 'network-changed', 'server_uuid': 'e38414a3-232e-40da-be3a-f3b56ce0dd3f', 'tag': 'a18f0dcd-7f41-4d07-9a0d-7630775151c5', 'status': 'completed', 'code': 200}
2026-03-31 06:14:12.547 9 INFO neutron.notifiers.nova [-] Nova event matching ['req-0190ddba-7894-4a99-8104-efbebf3df92a'] response: {'server_uuid': 'e38414a3-232e-40da-be3a-f3b56ce0dd3f', 'name': 'network-vif-unplugged', 'status': 'completed', 'tag': 'a18f0dcd-7f41-4d07-9a0d-7630775151c5', 'code': 200}
2026-03-31 06:14:12.548 9 INFO neutron.notifiers.nova [-] Nova event matching ['req-0190ddba-7894-4a99-8104-efbebf3df92a'] response: {'server_uuid': 'e38414a3-232e-40da-be3a-f3b56ce0dd3f', 'name': 'network-vif-plugged', 'status': 'completed', 'tag': 'a18f0dcd-7f41-4d07-9a0d-7630775151c5', 'code': 200}
2026-03-31 06:14:12.621 10 INFO neutron.wsgi [req-54c292e6-e171-4c95-9989-144f837dc779 req-780469a9-bc91-4b01-8de8-021eb77efd46 bf55a6de073745a6bcbdb2f1ff534e13 3d98a71b7a424de280b0aa60b942e473 - - edb1acb7a6e04cbeaf7e0ec679801393 edb1acb7a6e04cbeaf7e0ec679801393] 199.204.45.141 "GET /v2.0/ports?tenant_id=e27110cd5fa543ecba4bb6b0810a5363&device_id=e38414a3-232e-40da-be3a-f3b56ce0dd3f HTTP/1.1" status: 200 len: 1640 time: 0.0495172
2026-03-31 06:14:12.705 10 INFO neutron.wsgi [req-54c292e6-e171-4c95-9989-144f837dc779 req-bf5e00e5-6691-4376-8699-20513e0e847b bf55a6de073745a6bcbdb2f1ff534e13 3d98a71b7a424de280b0aa60b942e473 - - edb1acb7a6e04cbeaf7e0ec679801393 edb1acb7a6e04cbeaf7e0ec679801393] 199.204.45.141 "GET /v2.0/networks?id=26b6bf86-0585-4470-b044-e73f50d907d6 HTTP/1.1" status: 200 len: 1002 time: 0.0765953
2026-03-31 06:14:12.742 10 INFO neutron.wsgi [req-54c292e6-e171-4c95-9989-144f837dc779 req-f692a92b-9e41-437f-80bd-1e229f89dcff bf55a6de073745a6bcbdb2f1ff534e13 3d98a71b7a424de280b0aa60b942e473 - - edb1acb7a6e04cbeaf7e0ec679801393 edb1acb7a6e04cbeaf7e0ec679801393] 199.204.45.141 "GET /v2.0/floatingips?fixed_ip_address=10.2.2.146&port_id=a18f0dcd-7f41-4d07-9a0d-7630775151c5 HTTP/1.1" status: 200 len: 217 time: 0.0306587
2026-03-31 06:14:12.778 9 INFO neutron.wsgi [req-b86aa93a-e4ce-4b10-9fa8-2c46a4f4279f req-2e943ad9-9d9c-40fa-8572-6b574a960405 8919618fd7d44924928094529ed74a42 e27110cd5fa543ecba4bb6b0810a5363 - - default default] 199.204.45.141 "DELETE /v2.0/ports/a18f0dcd-7f41-4d07-9a0d-7630775151c5 HTTP/1.1" status: 204 len: 173 time: 0.5914397
2026-03-31 06:14:12.783 10 INFO neutron.wsgi [req-54c292e6-e171-4c95-9989-144f837dc779 req-cfb1c2a8-7b43-417e-bb3e-fe68c67f53c3 bf55a6de073745a6bcbdb2f1ff534e13 3d98a71b7a424de280b0aa60b942e473 - - edb1acb7a6e04cbeaf7e0ec679801393 edb1acb7a6e04cbeaf7e0ec679801393] 199.204.45.141 "GET /v2.0/floatingips?fixed_ip_address=fd77%3A1457%3A4cf0%3A26a8%3A%3A1a2&port_id=a18f0dcd-7f41-4d07-9a0d-7630775151c5 HTTP/1.1" status: 200 len: 217 time: 0.0318513
2026-03-31 06:14:12.839 10 INFO neutron.wsgi [req-54c292e6-e171-4c95-9989-144f837dc779 req-794f877d-027f-43cc-b038-45b9f0feeedb bf55a6de073745a6bcbdb2f1ff534e13 3d98a71b7a424de280b0aa60b942e473 - - edb1acb7a6e04cbeaf7e0ec679801393 edb1acb7a6e04cbeaf7e0ec679801393] 199.204.45.141 "GET /v2.0/subnets?id=82e258dd-6ce8-455b-bff5-117253876398&id=4aec68a1-d85a-46cd-8793-d455152ea482 HTTP/1.1" status: 200 len: 1565 time: 0.0510569
2026-03-31 06:14:12.880 10 INFO neutron.wsgi [req-54c292e6-e171-4c95-9989-144f837dc779 req-8805812a-968e-4a6d-b33e-d0dfdf2eb4bf bf55a6de073745a6bcbdb2f1ff534e13 3d98a71b7a424de280b0aa60b942e473 - - edb1acb7a6e04cbeaf7e0ec679801393 edb1acb7a6e04cbeaf7e0ec679801393] 199.204.45.141 "GET /v2.0/ports?network_id=26b6bf86-0585-4470-b044-e73f50d907d6&device_owner=network%3Adhcp HTTP/1.1" status: 200 len: 210 time: 0.0308824
2026-03-31 06:14:12.910 10 INFO neutron.wsgi [req-54c292e6-e171-4c95-9989-144f837dc779 req-ed8d921c-6f3a-4eed-83ce-3e1636f50be7 bf55a6de073745a6bcbdb2f1ff534e13 3d98a71b7a424de280b0aa60b942e473 - - edb1acb7a6e04cbeaf7e0ec679801393 edb1acb7a6e04cbeaf7e0ec679801393] 199.204.45.141 "GET /v2.0/ports?network_id=26b6bf86-0585-4470-b044-e73f50d907d6&device_owner=network%3Adhcp HTTP/1.1" status: 200 len: 210 time: 0.0228252
2026-03-31 06:14:12.989 10 INFO neutron.wsgi [req-54c292e6-e171-4c95-9989-144f837dc779 req-8956c1c2-1f85-4934-bd9d-e3c59154a1fd bf55a6de073745a6bcbdb2f1ff534e13 3d98a71b7a424de280b0aa60b942e473 - - edb1acb7a6e04cbeaf7e0ec679801393 edb1acb7a6e04cbeaf7e0ec679801393] 199.204.45.141 "GET /v2.0/networks/26b6bf86-0585-4470-b044-e73f50d907d6?fields=segments HTTP/1.1" status: 200 len: 212 time: 0.0732548
2026-03-31 06:14:13.065 10 INFO neutron.wsgi [req-54c292e6-e171-4c95-9989-144f837dc779 req-39c508a7-44ef-421c-9f7b-6a8ba558e986 bf55a6de073745a6bcbdb2f1ff534e13 3d98a71b7a424de280b0aa60b942e473 - - edb1acb7a6e04cbeaf7e0ec679801393 edb1acb7a6e04cbeaf7e0ec679801393] 199.204.45.141 "GET /v2.0/networks/26b6bf86-0585-4470-b044-e73f50d907d6?fields=provider%3Aphysical_network&fields=provider%3Anetwork_type HTTP/1.1" status: 200 len: 277 time: 0.0707228
2026-03-31 06:14:14.596 9 INFO neutron.notifiers.nova [-] Nova event matching ['req-ca0dafba-5d24-4d19-9a0f-c1459ee7af90'] response: {'server_uuid': 'e38414a3-232e-40da-be3a-f3b56ce0dd3f', 'name': 'network-vif-deleted', 'tag': 'a18f0dcd-7f41-4d07-9a0d-7630775151c5', 'status': 'completed', 'code': 200} /var/lib/openstack/lib/python3.10/site-packages/pycadf/identifier.py:71: UserWarning: Invalid uuid: neutron. To ensure interoperability, identifiers should be a valid uuid. warnings.warn(('Invalid uuid: %s. To ensure interoperability, '
2026-03-31 06:14:17.165 10 INFO neutron.wsgi [-] 10.0.0.11 "GET / HTTP/1.1" status: 200 len: 247 time: 0.0019958
2026-03-31 06:14:17.167 10 INFO neutron.wsgi [-] 10.0.0.11 "GET / HTTP/1.1" status: 200 len: 247 time: 0.0013621
2026-03-31 06:14:17.432 9 INFO neutron.db.l3_db [None req-f3a9b174-9476-4c47-8b87-adf5be94b6ab 8919618fd7d44924928094529ed74a42 e27110cd5fa543ecba4bb6b0810a5363 - - default default] Floating IP 51eef045-fbd0-45ee-b758-8795f55f45f4 disassociated (deleted). External IP: 10.96.250.202, port: 7bea5fcf-4625-4e09-b75f-153ad8e4a45c.
2026-03-31 06:14:17.512 9 INFO neutron.wsgi [None req-f3a9b174-9476-4c47-8b87-adf5be94b6ab 8919618fd7d44924928094529ed74a42 e27110cd5fa543ecba4bb6b0810a5363 - - default default] 10.0.0.91 "DELETE /v2.0/floatingips/51eef045-fbd0-45ee-b758-8795f55f45f4 HTTP/1.1" status: 204 len: 168 time: 0.5165908
2026-03-31 06:14:17.557 10 INFO neutron.api.v2.resource [None req-2c2dc64f-8591-4fb4-96c4-627800c15ec5 8919618fd7d44924928094529ed74a42 e27110cd5fa543ecba4bb6b0810a5363 - - default default] show failed (client error): The resource could not be found.
2026-03-31 06:14:17.557 9 INFO neutron.notifiers.nova [-] Nova event matching ['req-a769d123-51d2-4caf-adb4-d0b530c5b94b'] response: {'name': 'network-changed', 'server_uuid': '76261ac1-bb9d-4743-a79e-55d413282ac3', 'tag': '7bea5fcf-4625-4e09-b75f-153ad8e4a45c', 'status': 'completed', 'code': 200}
2026-03-31 06:14:17.558 10 INFO neutron.wsgi [None req-2c2dc64f-8591-4fb4-96c4-627800c15ec5 8919618fd7d44924928094529ed74a42 e27110cd5fa543ecba4bb6b0810a5363 - - default default] 10.0.0.91 "GET /v2.0/floatingips/51eef045-fbd0-45ee-b758-8795f55f45f4 HTTP/1.1" status: 404 len: 345 time: 0.0400045
2026-03-31 06:14:17.619 10 INFO neutron.wsgi [req-025a9448-0b21-49ed-b7b1-0c20a5969f3a req-3ef1cb83-2573-429a-b3ba-666412a7e6b9 bf55a6de073745a6bcbdb2f1ff534e13 3d98a71b7a424de280b0aa60b942e473 - - edb1acb7a6e04cbeaf7e0ec679801393 edb1acb7a6e04cbeaf7e0ec679801393] 199.204.45.141 "GET /v2.0/ports?tenant_id=e27110cd5fa543ecba4bb6b0810a5363&device_id=76261ac1-bb9d-4743-a79e-55d413282ac3 HTTP/1.1" status: 200 len: 1638 time: 0.0410926
2026-03-31 06:14:17.702 10 INFO neutron.wsgi [req-025a9448-0b21-49ed-b7b1-0c20a5969f3a req-e882fe2b-6465-43f7-8805-a4059e1e8e09 bf55a6de073745a6bcbdb2f1ff534e13 3d98a71b7a424de280b0aa60b942e473 - - edb1acb7a6e04cbeaf7e0ec679801393 edb1acb7a6e04cbeaf7e0ec679801393] 199.204.45.141 "GET /v2.0/networks?id=ae798200-42a2-4bbb-a828-4c87435b32b6 HTTP/1.1" status: 200 len: 1002 time: 0.0772736
2026-03-31 06:14:17.748 10 INFO neutron.wsgi [req-025a9448-0b21-49ed-b7b1-0c20a5969f3a req-4efa9dc6-2419-4871-8b5c-6062d6c741ba bf55a6de073745a6bcbdb2f1ff534e13 3d98a71b7a424de280b0aa60b942e473 - - edb1acb7a6e04cbeaf7e0ec679801393 edb1acb7a6e04cbeaf7e0ec679801393] 199.204.45.141 "GET /v2.0/floatingips?fixed_ip_address=10.2.1.182&port_id=7bea5fcf-4625-4e09-b75f-153ad8e4a45c HTTP/1.1" status: 200 len: 217 time: 0.0376780
2026-03-31 06:14:17.794 10 INFO neutron.wsgi [req-025a9448-0b21-49ed-b7b1-0c20a5969f3a req-a2a1ad7f-debb-457c-8794-f80e9d7ca556 bf55a6de073745a6bcbdb2f1ff534e13 3d98a71b7a424de280b0aa60b942e473 - - edb1acb7a6e04cbeaf7e0ec679801393 edb1acb7a6e04cbeaf7e0ec679801393] 199.204.45.141 "GET /v2.0/floatingips?fixed_ip_address=fd7b%3Af9f7%3Afff%3A4eca%3A%3A382&port_id=7bea5fcf-4625-4e09-b75f-153ad8e4a45c HTTP/1.1" status: 200 len: 217 time: 0.0326817
2026-03-31 06:14:17.845 10 INFO neutron.plugins.ml2.drivers.ovn.mech_driver.mech_driver [None req-0a8392ec-56c7-48f2-b6ea-75c30f804bda - - - - - -] OVN reports status down for port: 7bea5fcf-4625-4e09-b75f-153ad8e4a45c
2026-03-31 06:14:17.901 10 INFO neutron.wsgi [req-025a9448-0b21-49ed-b7b1-0c20a5969f3a req-3897a798-c683-44b2-a33d-7206634658a6 bf55a6de073745a6bcbdb2f1ff534e13 3d98a71b7a424de280b0aa60b942e473 - - edb1acb7a6e04cbeaf7e0ec679801393 edb1acb7a6e04cbeaf7e0ec679801393] 199.204.45.141 "GET /v2.0/subnets?id=452929fc-97a2-4427-a1bb-032cdf9408f0&id=566f170c-fa23-40fd-a66e-0ce3b07e2e38 HTTP/1.1" status: 200 len: 1562 time: 0.0996482
2026-03-31 06:14:17.935 10 INFO neutron.wsgi [req-025a9448-0b21-49ed-b7b1-0c20a5969f3a req-5fb3188b-7634-4c9f-97bc-23a143e87a13 bf55a6de073745a6bcbdb2f1ff534e13 3d98a71b7a424de280b0aa60b942e473 - - edb1acb7a6e04cbeaf7e0ec679801393 edb1acb7a6e04cbeaf7e0ec679801393] 199.204.45.141 "GET /v2.0/ports?network_id=ae798200-42a2-4bbb-a828-4c87435b32b6&device_owner=network%3Adhcp HTTP/1.1" status: 200 len: 210 time: 0.0251305
2026-03-31 06:14:17.943 10 INFO neutron.wsgi [req-d701edc3-58bc-4a63-a98f-4b2ddaf7df36 req-c4ae50f3-f5bd-4163-9863-3166d3da023e 8919618fd7d44924928094529ed74a42 e27110cd5fa543ecba4bb6b0810a5363 - - default default] 10.0.0.217 "GET /v2.0/ports?device_id=76261ac1-bb9d-4743-a79e-55d413282ac3 HTTP/1.1" status: 200 len: 1400 time: 0.2248631
2026-03-31 06:14:17.988 10 INFO neutron.wsgi [req-025a9448-0b21-49ed-b7b1-0c20a5969f3a req-6e1f01af-7df1-484b-8114-3c7668382a6a bf55a6de073745a6bcbdb2f1ff534e13 3d98a71b7a424de280b0aa60b942e473 - - edb1acb7a6e04cbeaf7e0ec679801393 edb1acb7a6e04cbeaf7e0ec679801393] 199.204.45.141 "GET /v2.0/ports?network_id=ae798200-42a2-4bbb-a828-4c87435b32b6&device_owner=network%3Adhcp HTTP/1.1" status: 200 len: 210 time: 0.0362742
2026-03-31 06:14:18.047 10 INFO neutron.wsgi [req-d701edc3-58bc-4a63-a98f-4b2ddaf7df36 req-55ffae63-0678-454d-a778-3140bd98c548 8919618fd7d44924928094529ed74a42 e27110cd5fa543ecba4bb6b0810a5363 - - default default] 10.0.0.217 "GET /v2.0/security-groups?id=51306500-ca6d-4281-be80-f80d663dd247&fields=id&fields=name HTTP/1.1" status: 200 len: 310 time: 0.0939786 /var/lib/openstack/lib/python3.10/site-packages/pycadf/identifier.py:71: UserWarning: Invalid uuid: neutron. To ensure interoperability, identifiers should be a valid uuid. warnings.warn(('Invalid uuid: %s. To ensure interoperability, '
2026-03-31 06:14:18.104 10 INFO neutron.wsgi [req-025a9448-0b21-49ed-b7b1-0c20a5969f3a req-3b3f80a2-9f34-4813-b5f2-c1f70c6632b6 bf55a6de073745a6bcbdb2f1ff534e13 3d98a71b7a424de280b0aa60b942e473 - - edb1acb7a6e04cbeaf7e0ec679801393 edb1acb7a6e04cbeaf7e0ec679801393] 199.204.45.141 "GET /v2.0/networks/ae798200-42a2-4bbb-a828-4c87435b32b6?fields=segments HTTP/1.1" status: 200 len: 212 time: 0.1077082
2026-03-31 06:14:18.117 10 INFO neutron.notifiers.nova [-] Nova event matching ['req-386aee00-946b-4f05-ab6f-8b020d61ccb2'] response: {'server_uuid': '76261ac1-bb9d-4743-a79e-55d413282ac3', 'name': 'network-vif-unplugged', 'status': 'completed', 'tag': '7bea5fcf-4625-4e09-b75f-153ad8e4a45c', 'code': 200}
2026-03-31 06:14:18.177 9 INFO neutron.wsgi [req-d01e785c-7c89-46a5-9713-dd35a35bb313 req-bf69e340-881a-4111-8a88-ded4aa7bf41f 8919618fd7d44924928094529ed74a42 e27110cd5fa543ecba4bb6b0810a5363 - - default default] 199.204.45.141 "GET /v2.0/ports?device_id=76261ac1-bb9d-4743-a79e-55d413282ac3 HTTP/1.1" status: 200 len: 1400 time: 0.0963106
2026-03-31 06:14:18.228 10 INFO neutron.wsgi [req-025a9448-0b21-49ed-b7b1-0c20a5969f3a req-4c844698-3463-4d3c-b386-68ef87a8639f bf55a6de073745a6bcbdb2f1ff534e13 3d98a71b7a424de280b0aa60b942e473 - - edb1acb7a6e04cbeaf7e0ec679801393 edb1acb7a6e04cbeaf7e0ec679801393] 199.204.45.141 "GET /v2.0/networks/ae798200-42a2-4bbb-a828-4c87435b32b6?fields=provider%3Aphysical_network&fields=provider%3Anetwork_type HTTP/1.1" status: 200 len: 277 time: 0.1129527
2026-03-31 06:14:18.396 10 INFO neutron.db.ovn_revision_numbers_db [None req-0a8392ec-56c7-48f2-b6ea-75c30f804bda - - - - - -] Successfully bumped revision number for resource 7bea5fcf-4625-4e09-b75f-153ad8e4a45c (type: ports) to 5
2026-03-31 06:14:18.609 9 INFO neutron.wsgi [req-d01e785c-7c89-46a5-9713-dd35a35bb313 req-e8cecf11-a76b-4616-8584-a84f4ec6b19b 8919618fd7d44924928094529ed74a42 e27110cd5fa543ecba4bb6b0810a5363 - - default default] 199.204.45.141 "DELETE /v2.0/ports/7bea5fcf-4625-4e09-b75f-153ad8e4a45c HTTP/1.1" status: 204 len: 173 time: 0.4288588
2026-03-31 06:14:19.601 9 INFO neutron.notifiers.nova [-] Nova event matching ['req-2bd6b057-876e-4ffe-8c19-69bc90eebae0'] response: {'server_uuid': '76261ac1-bb9d-4743-a79e-55d413282ac3', 'name': 'network-vif-deleted', 'tag': '7bea5fcf-4625-4e09-b75f-153ad8e4a45c', 'status': 'completed', 'code': 200}
2026-03-31 06:14:20.164 10 INFO neutron.notifiers.nova [-] Nova event matching ['req-4ef10aff-35cc-4008-a93d-398aa985f3c1'] response: {'server_uuid': '76261ac1-bb9d-4743-a79e-55d413282ac3', 'name': 'network-vif-plugged', 'status': 'completed', 'tag': '7bea5fcf-4625-4e09-b75f-153ad8e4a45c', 'code': 200} /var/lib/openstack/lib/python3.10/site-packages/pycadf/identifier.py:71: UserWarning: Invalid uuid: neutron. To ensure interoperability, identifiers should be a valid uuid. warnings.warn(('Invalid uuid: %s. To ensure interoperability, '
2026-03-31 06:14:23.281 10 INFO neutron.wsgi [None req-3d9953b6-fc5f-4e1e-a1c5-336bc83e71e2 8919618fd7d44924928094529ed74a42 e27110cd5fa543ecba4bb6b0810a5363 - - default default] 10.0.0.91 "DELETE /v2.0/security-group-rules/d5cf98b4-76ae-4760-92f9-d09f27eef435 HTTP/1.1" status: 204 len: 168 time: 0.1714990
2026-03-31 06:14:23.295 10 INFO neutron.api.v2.resource [None req-7f08c9a0-74b0-497a-854d-b51a0c0b8467 8919618fd7d44924928094529ed74a42 e27110cd5fa543ecba4bb6b0810a5363 - - default default] show failed (client error): The resource could not be found.
2026-03-31 06:14:23.297 10 INFO neutron.wsgi [None req-7f08c9a0-74b0-497a-854d-b51a0c0b8467 8919618fd7d44924928094529ed74a42 e27110cd5fa543ecba4bb6b0810a5363 - - default default] 10.0.0.91 "GET /v2.0/security-group-rules/d5cf98b4-76ae-4760-92f9-d09f27eef435 HTTP/1.1" status: 404 len: 356 time: 0.0112154
2026-03-31 06:14:23.471 10 INFO neutron.wsgi [None req-6022ca01-a81f-45ef-bfa2-996386a62ee4 8919618fd7d44924928094529ed74a42 e27110cd5fa543ecba4bb6b0810a5363 - - default default] 10.0.0.91 "DELETE /v2.0/security-group-rules/d6af5b8c-b467-4a4f-bf47-6d78783b81f3 HTTP/1.1" status: 204 len: 168 time: 0.1693103
2026-03-31 06:14:23.484 10 INFO neutron.api.v2.resource [None req-12642032-cea8-4314-b54e-b9121bfc30ee 8919618fd7d44924928094529ed74a42 e27110cd5fa543ecba4bb6b0810a5363 - - default default] show failed (client error): The resource could not be found.
2026-03-31 06:14:23.486 10 INFO neutron.wsgi [None req-12642032-cea8-4314-b54e-b9121bfc30ee 8919618fd7d44924928094529ed74a42 e27110cd5fa543ecba4bb6b0810a5363 - - default default] 10.0.0.91 "GET /v2.0/security-group-rules/d6af5b8c-b467-4a4f-bf47-6d78783b81f3 HTTP/1.1" status: 404 len: 356 time: 0.0107200
2026-03-31 06:14:23.620 10 INFO neutron.wsgi [None req-42d18a24-18a1-4b48-960c-1f44945b0e5a 8919618fd7d44924928094529ed74a42 e27110cd5fa543ecba4bb6b0810a5363 - - default default] 10.0.0.91 "DELETE /v2.0/security-group-rules/42215607-74c6-4d30-9101-ade063eaa6e3 HTTP/1.1" status: 204 len: 168 time: 0.1288400
2026-03-31 06:14:23.638 9 INFO neutron.api.v2.resource [None req-a423fae2-b365-4300-b0ca-5d51d1d5b383 8919618fd7d44924928094529ed74a42 e27110cd5fa543ecba4bb6b0810a5363 - - default default] show failed (client error): The resource could not be found.
2026-03-31 06:14:23.640 9 INFO neutron.wsgi [None req-a423fae2-b365-4300-b0ca-5d51d1d5b383 8919618fd7d44924928094529ed74a42 e27110cd5fa543ecba4bb6b0810a5363 - - default default] 10.0.0.91 "GET /v2.0/security-group-rules/42215607-74c6-4d30-9101-ade063eaa6e3 HTTP/1.1" status: 404 len: 356 time: 0.0116148
2026-03-31 06:14:23.816 9 INFO neutron.wsgi [None req-76863d6a-4172-4c35-bc05-7e6ffa867772 8919618fd7d44924928094529ed74a42 e27110cd5fa543ecba4bb6b0810a5363 - - default default] 10.0.0.91 "DELETE /v2.0/security-group-rules/9bb4dc7a-c873-4ea3-803e-fab1b2598cc6 HTTP/1.1" status: 204 len: 168 time: 0.1707563
2026-03-31 06:14:23.830 9 INFO neutron.api.v2.resource [None req-192ddd06-7377-4cbe-83a6-4d6a259cee0f 8919618fd7d44924928094529ed74a42 e27110cd5fa543ecba4bb6b0810a5363 - - default default] show failed (client error): The resource could not be found.
2026-03-31 06:14:23.832 9 INFO neutron.wsgi [None req-192ddd06-7377-4cbe-83a6-4d6a259cee0f 8919618fd7d44924928094529ed74a42 e27110cd5fa543ecba4bb6b0810a5363 - - default default] 10.0.0.91 "GET /v2.0/security-group-rules/9bb4dc7a-c873-4ea3-803e-fab1b2598cc6 HTTP/1.1" status: 404 len: 356 time: 0.0114148
2026-03-31 06:14:23.984 9 INFO neutron.wsgi [None req-68595f25-0ac8-4ca6-a123-98b0b5fdb96c 8919618fd7d44924928094529ed74a42 e27110cd5fa543ecba4bb6b0810a5363 - - default default] 10.0.0.91 "DELETE /v2.0/security-group-rules/253f7e16-b485-4c47-900c-f9c6f8652033 HTTP/1.1" status: 204 len: 168 time: 0.1464889
2026-03-31 06:14:24.019 9 INFO neutron.api.v2.resource [None req-7ee80326-779e-43b2-b912-f8b230ecb64f 8919618fd7d44924928094529ed74a42 e27110cd5fa543ecba4bb6b0810a5363 - - default default] show failed (client error): The resource could not be found.
2026-03-31 06:14:24.021 9 INFO neutron.wsgi [None req-7ee80326-779e-43b2-b912-f8b230ecb64f 8919618fd7d44924928094529ed74a42 e27110cd5fa543ecba4bb6b0810a5363 - - default default] 10.0.0.91 "GET /v2.0/security-group-rules/253f7e16-b485-4c47-900c-f9c6f8652033 HTTP/1.1" status: 404 len: 356 time: 0.0266180
2026-03-31 06:14:24.157 9 INFO neutron.wsgi [None req-f3135009-8403-449c-99f3-5fc36220fa7c 8919618fd7d44924928094529ed74a42 e27110cd5fa543ecba4bb6b0810a5363 - - default default] 10.0.0.91 "DELETE /v2.0/security-group-rules/45298d3c-07d5-485a-ba13-6e8a579be652 HTTP/1.1" status: 204 len: 168 time: 0.1268644
2026-03-31 06:14:24.177 10 INFO neutron.api.v2.resource [None req-1b5c5b88-ee7c-43a6-be80-098bf8c28651 8919618fd7d44924928094529ed74a42 e27110cd5fa543ecba4bb6b0810a5363 - - default default] show failed (client error): The resource could not be found.
2026-03-31 06:14:24.179 10 INFO neutron.wsgi [None req-1b5c5b88-ee7c-43a6-be80-098bf8c28651 8919618fd7d44924928094529ed74a42 e27110cd5fa543ecba4bb6b0810a5363 - - default default] 10.0.0.91 "GET /v2.0/security-group-rules/45298d3c-07d5-485a-ba13-6e8a579be652 HTTP/1.1" status: 404 len: 356 time: 0.0142846
2026-03-31 06:14:24.364 10 INFO neutron.wsgi [None req-a9824bbb-b7b2-4ace-b388-4f4b82394bbe 8919618fd7d44924928094529ed74a42 e27110cd5fa543ecba4bb6b0810a5363 - - default default] 10.0.0.91 "DELETE /v2.0/security-group-rules/6cee5c37-7f32-42b0-8f10-68c28a9147ca HTTP/1.1" status: 204 len: 168 time: 0.1800728
2026-03-31 06:14:24.380 10 INFO neutron.api.v2.resource [None req-b6a01161-680e-443d-9378-6daabd980ca6 8919618fd7d44924928094529ed74a42 e27110cd5fa543ecba4bb6b0810a5363 - - default default] show failed (client error): The resource could not be found.
2026-03-31 06:14:24.381 10 INFO neutron.wsgi [None req-b6a01161-680e-443d-9378-6daabd980ca6 8919618fd7d44924928094529ed74a42 e27110cd5fa543ecba4bb6b0810a5363 - - default default] 10.0.0.91 "GET /v2.0/security-group-rules/6cee5c37-7f32-42b0-8f10-68c28a9147ca HTTP/1.1" status: 404 len: 356 time: 0.0124202
2026-03-31 06:14:24.531 9 INFO neutron.wsgi [None req-b55a87b4-fffa-42d5-afce-a2ff58eb1abe 8919618fd7d44924928094529ed74a42 e27110cd5fa543ecba4bb6b0810a5363 - - default default] 10.0.0.91 "DELETE /v2.0/security-group-rules/873b588b-c71e-4c71-b570-d3c06959e8c4 HTTP/1.1" status: 204 len: 168 time: 0.1428545
2026-03-31 06:14:24.543 9 INFO neutron.api.v2.resource [None req-a919f48a-1500-4593-aab8-6ffb93ee5fbb 8919618fd7d44924928094529ed74a42 e27110cd5fa543ecba4bb6b0810a5363 - - default default] show failed (client error): The resource could not be found.
2026-03-31 06:14:24.545 9 INFO neutron.wsgi [None req-a919f48a-1500-4593-aab8-6ffb93ee5fbb 8919618fd7d44924928094529ed74a42 e27110cd5fa543ecba4bb6b0810a5363 - - default default] 10.0.0.91 "GET /v2.0/security-group-rules/873b588b-c71e-4c71-b570-d3c06959e8c4 HTTP/1.1" status: 404 len: 356 time: 0.0087059
2026-03-31 06:14:24.668 9 INFO neutron.wsgi [None req-f60dcb68-45fd-4736-9724-2c037f9398b7 8919618fd7d44924928094529ed74a42 e27110cd5fa543ecba4bb6b0810a5363 - - default default] 10.0.0.91 "DELETE /v2.0/security-group-rules/6c10acb8-c5ad-4c99-a752-824bfb7dce5f HTTP/1.1" status: 204 len: 168 time: 0.1193316
2026-03-31 06:14:24.684 9 INFO neutron.api.v2.resource [None req-834fdff2-c0db-4921-8a1f-980f63eebaca 8919618fd7d44924928094529ed74a42 e27110cd5fa543ecba4bb6b0810a5363 - - default default] show failed (client error): The resource could not be found.
2026-03-31 06:14:24.686 9 INFO neutron.wsgi [None req-834fdff2-c0db-4921-8a1f-980f63eebaca 8919618fd7d44924928094529ed74a42 e27110cd5fa543ecba4bb6b0810a5363 - - default default] 10.0.0.91 "GET /v2.0/security-group-rules/6c10acb8-c5ad-4c99-a752-824bfb7dce5f HTTP/1.1" status: 404 len: 356 time: 0.0117257
2026-03-31 06:14:24.816 9 INFO neutron.wsgi [None req-a70f2a43-4331-4a2e-8870-48c469e37995 8919618fd7d44924928094529ed74a42 e27110cd5fa543ecba4bb6b0810a5363 - - default default] 10.0.0.91 "DELETE /v2.0/security-group-rules/2e2e967e-c02e-40e8-9603-c82621d4eea7 HTTP/1.1" status: 204 len: 168 time: 0.1261971
2026-03-31 06:14:24.829 9 INFO neutron.api.v2.resource [None req-b8948245-e9a0-43fb-9588-25db278def09 8919618fd7d44924928094529ed74a42 e27110cd5fa543ecba4bb6b0810a5363 - - default default] show failed (client error): The resource could not be found.
2026-03-31 06:14:24.831 9 INFO neutron.wsgi [None req-b8948245-e9a0-43fb-9588-25db278def09 8919618fd7d44924928094529ed74a42 e27110cd5fa543ecba4bb6b0810a5363 - - default default] 10.0.0.91 "GET /v2.0/security-group-rules/2e2e967e-c02e-40e8-9603-c82621d4eea7 HTTP/1.1" status: 404 len: 356 time: 0.0098059
2026-03-31 06:14:24.986 9 INFO neutron.wsgi [None req-dd4520ec-5727-4838-bc80-f36bbf463ea9 8919618fd7d44924928094529ed74a42 e27110cd5fa543ecba4bb6b0810a5363 - - default default] 10.0.0.91 "DELETE /v2.0/security-group-rules/f4ebc6b2-5cd9-4b22-ae39-5cf0833a39db HTTP/1.1" status: 204 len: 168 time: 0.1496344
2026-03-31 06:14:24.997 9 INFO neutron.api.v2.resource [None req-55f32dbe-5199-4fff-b6f3-70ceb6e6f19a 8919618fd7d44924928094529ed74a42 e27110cd5fa543ecba4bb6b0810a5363 - - default default] show failed (client error): The resource could not be found.
2026-03-31 06:14:24.999 9 INFO neutron.wsgi [None req-55f32dbe-5199-4fff-b6f3-70ceb6e6f19a 8919618fd7d44924928094529ed74a42 e27110cd5fa543ecba4bb6b0810a5363 - - default default] 10.0.0.91 "GET /v2.0/security-group-rules/f4ebc6b2-5cd9-4b22-ae39-5cf0833a39db HTTP/1.1" status: 404 len: 356 time: 0.0087829
2026-03-31 06:14:25.127 9 INFO neutron.wsgi [None req-7fc3b2d0-25f1-4435-89b5-315626e9fc85 8919618fd7d44924928094529ed74a42 e27110cd5fa543ecba4bb6b0810a5363 - - default default] 10.0.0.91 "DELETE /v2.0/security-groups/51306500-ca6d-4281-be80-f80d663dd247 HTTP/1.1" status: 204 len: 168 time: 0.1245749
2026-03-31 06:14:25.141 9 INFO neutron.api.v2.resource [None req-1d39fc33-3fb3-4360-8474-ff90c55d5a35 8919618fd7d44924928094529ed74a42 e27110cd5fa543ecba4bb6b0810a5363 - - default default] show failed (client error): The resource could not be found.
2026-03-31 06:14:25.142 9 INFO neutron.wsgi [None req-1d39fc33-3fb3-4360-8474-ff90c55d5a35 8919618fd7d44924928094529ed74a42 e27110cd5fa543ecba4bb6b0810a5363 - - default default] 10.0.0.91 "GET /v2.0/security-groups/51306500-ca6d-4281-be80-f80d663dd247 HTTP/1.1" status: 404 len: 347 time: 0.0104682
2026-03-31 06:14:26.231 9 INFO neutron.wsgi [None req-0888ae77-cc33-478d-8791-1b59610b8923 8919618fd7d44924928094529ed74a42 e27110cd5fa543ecba4bb6b0810a5363 - - default default] 10.0.0.91 "PUT /v2.0/routers/950040aa-007a-4c31-8a46-c66b95920660/remove_router_interface HTTP/1.1" status: 200 len: 503 time: 1.0297372 /var/lib/openstack/lib/python3.10/site-packages/pycadf/identifier.py:71: UserWarning: Invalid uuid: neutron. To ensure interoperability, identifiers should be a valid uuid. warnings.warn(('Invalid uuid: %s. To ensure interoperability, '
2026-03-31 06:14:26.383 9 INFO neutron.api.v2.resource [None req-f4f6f12d-76e5-4a60-adf9-9b8299ccac74 8919618fd7d44924928094529ed74a42 e27110cd5fa543ecba4bb6b0810a5363 - - default default] remove_router_interface failed (client error): The resource could not be found.
2026-03-31 06:14:26.385 9 INFO neutron.wsgi [None req-f4f6f12d-76e5-4a60-adf9-9b8299ccac74 8919618fd7d44924928094529ed74a42 e27110cd5fa543ecba4bb6b0810a5363 - - default default] 10.0.0.91 "PUT /v2.0/routers/950040aa-007a-4c31-8a46-c66b95920660/remove_router_interface HTTP/1.1" status: 404 len: 399 time: 0.1481483
2026-03-31 06:14:27.425 10 INFO neutron.wsgi [None req-c9d9e5c6-7ba5-44b3-9b87-3f781d829a55 8919618fd7d44924928094529ed74a42 e27110cd5fa543ecba4bb6b0810a5363 - - default default] 10.0.0.91 "PUT /v2.0/routers/950040aa-007a-4c31-8a46-c66b95920660/remove_router_interface HTTP/1.1" status: 200 len: 503 time: 1.0337172 /var/lib/openstack/lib/python3.10/site-packages/pycadf/identifier.py:71: UserWarning: Invalid uuid: neutron. To ensure interoperability, identifiers should be a valid uuid. warnings.warn(('Invalid uuid: %s. To ensure interoperability, '
2026-03-31 06:14:27.567 10 INFO neutron.api.v2.resource [None req-1735634f-de9c-434b-8f55-cec6e5585335 8919618fd7d44924928094529ed74a42 e27110cd5fa543ecba4bb6b0810a5363 - - default default] remove_router_interface failed (client error): The resource could not be found.
2026-03-31 06:14:27.568 10 INFO neutron.wsgi [None req-1735634f-de9c-434b-8f55-cec6e5585335 8919618fd7d44924928094529ed74a42 e27110cd5fa543ecba4bb6b0810a5363 - - default default] 10.0.0.91 "PUT /v2.0/routers/950040aa-007a-4c31-8a46-c66b95920660/remove_router_interface HTTP/1.1" status: 404 len: 399 time: 0.1383553
2026-03-31 06:14:28.881 10 INFO neutron.wsgi [None req-39a6032b-6317-49be-98d9-e930b7e7d90a 8919618fd7d44924928094529ed74a42 e27110cd5fa543ecba4bb6b0810a5363 - - default default] 10.0.0.91 "PUT /v2.0/routers/950040aa-007a-4c31-8a46-c66b95920660/remove_router_interface HTTP/1.1" status: 200 len: 503 time: 1.3070574
2026-03-31 06:14:29.055 9 INFO neutron.api.v2.resource [None req-6eaf0e8f-0f73-4003-8b33-d7c1136e7b00 8919618fd7d44924928094529ed74a42 e27110cd5fa543ecba4bb6b0810a5363 - - default default] remove_router_interface failed (client error): The resource could not be found.
2026-03-31 06:14:29.057 9 INFO neutron.wsgi [None req-6eaf0e8f-0f73-4003-8b33-d7c1136e7b00 8919618fd7d44924928094529ed74a42 e27110cd5fa543ecba4bb6b0810a5363 - - default default] 10.0.0.91 "PUT /v2.0/routers/950040aa-007a-4c31-8a46-c66b95920660/remove_router_interface HTTP/1.1" status: 404 len: 399 time: 0.1714642 /var/lib/openstack/lib/python3.10/site-packages/pycadf/identifier.py:71: UserWarning: Invalid uuid: neutron. To ensure interoperability, identifiers should be a valid uuid. warnings.warn(('Invalid uuid: %s. To ensure interoperability, '
2026-03-31 06:14:29.738 10 INFO neutron.wsgi [None req-da18f7a5-f7df-4297-9967-3933a4085c1b 8919618fd7d44924928094529ed74a42 e27110cd5fa543ecba4bb6b0810a5363 - - default default] 10.0.0.91 "DELETE /v2.0/routers/950040aa-007a-4c31-8a46-c66b95920660 HTTP/1.1" status: 204 len: 168 time: 0.6737208
2026-03-31 06:14:29.779 10 INFO neutron.api.v2.resource [None req-8571dd5f-ce48-4251-a9a4-32e61393e1df 8919618fd7d44924928094529ed74a42 e27110cd5fa543ecba4bb6b0810a5363 - - default default] show failed (client error): The resource could not be found.
2026-03-31 06:14:29.781 10 INFO neutron.wsgi [None req-8571dd5f-ce48-4251-a9a4-32e61393e1df 8919618fd7d44924928094529ed74a42 e27110cd5fa543ecba4bb6b0810a5363 - - default default] 10.0.0.91 "GET /v2.0/routers/950040aa-007a-4c31-8a46-c66b95920660 HTTP/1.1" status: 404 len: 336 time: 0.0372205
2026-03-31 06:14:30.015 10 INFO neutron.wsgi [None req-ec5fe04c-5efb-493f-adf2-418a210f266e 8919618fd7d44924928094529ed74a42 e27110cd5fa543ecba4bb6b0810a5363 - - default default] 10.0.0.91 "DELETE /v2.0/subnets/4aec68a1-d85a-46cd-8793-d455152ea482 HTTP/1.1" status: 204 len: 168 time: 0.2296858
2026-03-31 06:14:30.041 10 INFO neutron.pecan_wsgi.hooks.translation [None req-aec819f7-703c-4aeb-93bc-21d7738cba4a 8919618fd7d44924928094529ed74a42 e27110cd5fa543ecba4bb6b0810a5363 - - default default] GET failed (client error): The resource could not be found.
2026-03-31 06:14:30.042 10 INFO neutron.wsgi [None req-aec819f7-703c-4aeb-93bc-21d7738cba4a 8919618fd7d44924928094529ed74a42 e27110cd5fa543ecba4bb6b0810a5363 - - default default] 10.0.0.91 "GET /v2.0/subnets/4aec68a1-d85a-46cd-8793-d455152ea482 HTTP/1.1" status: 404 len: 337 time: 0.0207503
2026-03-31 06:14:30.287 9 INFO neutron.wsgi [None req-1cb3030d-39af-4ccc-a4ca-9170484c41b9 8919618fd7d44924928094529ed74a42 e27110cd5fa543ecba4bb6b0810a5363 - - default default] 10.0.0.91 "DELETE /v2.0/subnets/82e258dd-6ce8-455b-bff5-117253876398 HTTP/1.1" status: 204 len: 168 time: 0.2393289
2026-03-31 06:14:30.312 9 INFO neutron.pecan_wsgi.hooks.translation [None req-d151aa6f-6c25-4f69-ac11-e7f3b0b2705f 8919618fd7d44924928094529ed74a42 e27110cd5fa543ecba4bb6b0810a5363 - - default default] GET failed (client error): The resource could not be found.
2026-03-31 06:14:30.314 9 INFO neutron.wsgi [None req-d151aa6f-6c25-4f69-ac11-e7f3b0b2705f 8919618fd7d44924928094529ed74a42 e27110cd5fa543ecba4bb6b0810a5363 - - default default] 10.0.0.91 "GET /v2.0/subnets/82e258dd-6ce8-455b-bff5-117253876398 HTTP/1.1" status: 404 len: 337 time: 0.0228362
2026-03-31 06:14:30.484 15 INFO neutron.db.ovn_revision_numbers_db [None req-50afbac2-378e-4151-8a5d-9215e55aa28b - - - - - -] Successfully bumped revision number for resource 9b4ac54f-fcf5-4d06-9038-13d5f5bd4af3 (type: networks) to 3
2026-03-31 06:14:30.627 15 INFO neutron.db.ovn_revision_numbers_db [None req-50afbac2-378e-4151-8a5d-9215e55aa28b - - - - - -] Successfully bumped revision number for resource ae798200-42a2-4bbb-a828-4c87435b32b6 (type: networks) to 3
2026-03-31 06:14:30.766 15 INFO neutron.db.ovn_revision_numbers_db [None req-50afbac2-378e-4151-8a5d-9215e55aa28b - - - - - -] Successfully bumped revision number for resource 26b6bf86-0585-4470-b044-e73f50d907d6 (type: networks) to 5
2026-03-31 06:14:30.896 15 ERROR neutron.plugins.ml2.drivers.ovn.mech_driver.ovsdb.maintenance [None req-50afbac2-378e-4151-8a5d-9215e55aa28b - - - - - -] Maintenance task: Failed to fix resource ad16217d-ee22-4498-abff-81cd63d3cd31 (type: ports): ovsdbapp.backend.ovs_idl.idlutils.RowNotFound: Cannot find Logical_Switch_Port with name=ad16217d-ee22-4498-abff-81cd63d3cd31
2026-03-31 06:14:30.896 15 ERROR neutron.plugins.ml2.drivers.ovn.mech_driver.ovsdb.maintenance
Traceback (most recent call last):
2026-03-31 06:14:30.896 15 ERROR neutron.plugins.ml2.drivers.ovn.mech_driver.ovsdb.maintenance
File "/var/lib/openstack/lib/python3.10/site-packages/neutron/plugins/ml2/drivers/ovn/mech_driver/ovsdb/maintenance.py", line 415, in check_for_inconsistencies
2026-03-31 06:14:30.896 15 ERROR neutron.plugins.ml2.drivers.ovn.mech_driver.ovsdb.maintenance self._fix_create_update(admin_context, row)
2026-03-31 06:14:30.896 15 ERROR neutron.plugins.ml2.drivers.ovn.mech_driver.ovsdb.maintenance
File "/var/lib/openstack/lib/python3.10/site-packages/neutron/plugins/ml2/drivers/ovn/mech_driver/ovsdb/maintenance.py", line 285, in _fix_create_update
2026-03-31 06:14:30.896 15 ERROR neutron.plugins.ml2.drivers.ovn.mech_driver.ovsdb.maintenance res_map['ovn_update'](context, n_obj)
2026-03-31 06:14:30.896 15 ERROR neutron.plugins.ml2.drivers.ovn.mech_driver.ovsdb.maintenance
File "/var/lib/openstack/lib/python3.10/site-packages/neutron/plugins/ml2/drivers/ovn/mech_driver/ovsdb/ovn_client.py", line 720, in update_port
2026-03-31 06:14:30.896 15 ERROR neutron.plugins.ml2.drivers.ovn.mech_driver.ovsdb.maintenance ovn_port = self._nb_idl.lookup('Logical_Switch_Port', port['id'])
2026-03-31 06:14:30.896 15 ERROR neutron.plugins.ml2.drivers.ovn.mech_driver.ovsdb.maintenance
File "/var/lib/openstack/lib/python3.10/site-packages/ovsdbapp/backend/ovs_idl/__init__.py", line 183, in lookup
2026-03-31 06:14:30.896 15 ERROR neutron.plugins.ml2.drivers.ovn.mech_driver.ovsdb.maintenance return self._lookup(table, record)
2026-03-31 06:14:30.896 15 ERROR neutron.plugins.ml2.drivers.ovn.mech_driver.ovsdb.maintenance
File "/var/lib/openstack/lib/python3.10/site-packages/ovsdbapp/backend/ovs_idl/__init__.py", line 234, in _lookup
2026-03-31 06:14:30.896 15 ERROR neutron.plugins.ml2.drivers.ovn.mech_driver.ovsdb.maintenance row = idlutils.row_by_value(self, rl.table, rl.column, record)
2026-03-31 06:14:30.896 15 ERROR neutron.plugins.ml2.drivers.ovn.mech_driver.ovsdb.maintenance
File "/var/lib/openstack/lib/python3.10/site-packages/ovsdbapp/backend/ovs_idl/idlutils.py", line 114, in row_by_value
2026-03-31 06:14:30.896 15 ERROR neutron.plugins.ml2.drivers.ovn.mech_driver.ovsdb.maintenance raise RowNotFound(table=table, col=column, match=match)
2026-03-31 06:14:30.896 15 ERROR neutron.plugins.ml2.drivers.ovn.mech_driver.ovsdb.maintenance ovsdbapp.backend.ovs_idl.idlutils.RowNotFound: Cannot find Logical_Switch_Port with name=ad16217d-ee22-4498-abff-81cd63d3cd31
2026-03-31 06:14:30.896 15 ERROR neutron.plugins.ml2.drivers.ovn.mech_driver.ovsdb.maintenance 
2026-03-31 06:14:31.052 9 INFO neutron.wsgi [None req-72dd5425-dcf0-4c02-9d5c-5e32225e359b 8919618fd7d44924928094529ed74a42 e27110cd5fa543ecba4bb6b0810a5363 - - default default] 10.0.0.91 "DELETE /v2.0/networks/26b6bf86-0585-4470-b044-e73f50d907d6 HTTP/1.1" status: 204 len: 168 time: 0.7327578
2026-03-31 06:14:31.054 9 INFO neutron.services.segments.plugin [-] Segment 3b90243e-9f3d-43ff-b2a9-e6846b2037c2 resource provider aggregate not found
2026-03-31 06:14:31.066 9 INFO neutron.services.segments.plugin [-] Segment 3b90243e-9f3d-43ff-b2a9-e6846b2037c2 resource provider aggregate not found
2026-03-31 06:14:31.076 10 INFO neutron.pecan_wsgi.hooks.translation [None req-b148dbc5-c3d8-4e95-bce3-c557884d0757 8919618fd7d44924928094529ed74a42 e27110cd5fa543ecba4bb6b0810a5363 - - default default] GET failed (client error): The resource could not be found.
2026-03-31 06:14:31.079 10 INFO neutron.wsgi [None req-b148dbc5-c3d8-4e95-bce3-c557884d0757 8919618fd7d44924928094529ed74a42 e27110cd5fa543ecba4bb6b0810a5363 - - default default] 10.0.0.91 "GET /v2.0/networks/26b6bf86-0585-4470-b044-e73f50d907d6 HTTP/1.1" status: 404 len: 339 time: 0.0203748
2026-03-31 06:14:31.089 9 INFO neutron.services.segments.plugin [-] Segment 3b90243e-9f3d-43ff-b2a9-e6846b2037c2 resource provider not found; error: Placement Client Error (4xx): {"errors": [{"status": 404, "title": "Not Found", "detail": "The resource could not be found.\n\n No resource provider with uuid 3b90243e-9f3d-43ff-b2a9-e6846b2037c2 found for delete ", "request_id": "req-3e2804bf-bafa-4e23-8142-f7a4268107be"}]}
2026-03-31 06:14:31.090 9 INFO neutron.services.segments.plugin [-] Segment 3b90243e-9f3d-43ff-b2a9-e6846b2037c2 resource provider not found; error: Placement Client Error (4xx): {"errors": [{"status": 404, "title": "Not Found", "detail": "The resource could not be found.\n\n No resource provider with uuid 3b90243e-9f3d-43ff-b2a9-e6846b2037c2 found for delete ", "request_id": "req-362359e2-268d-41f5-8784-faf81db8be44"}]}
2026-03-31 06:14:31.273 10 INFO neutron.wsgi [None req-5ecb3fef-a2e9-4990-b130-f4848c0b8268 8919618fd7d44924928094529ed74a42 e27110cd5fa543ecba4bb6b0810a5363 - - default default] 10.0.0.91 "DELETE /v2.0/subnets/452929fc-97a2-4427-a1bb-032cdf9408f0 HTTP/1.1" status: 204 len: 168 time: 0.1879663
2026-03-31 06:14:31.301 10 INFO neutron.pecan_wsgi.hooks.translation [None req-01db4550-e61b-48f2-ae33-43eec1a1cf17 8919618fd7d44924928094529ed74a42 e27110cd5fa543ecba4bb6b0810a5363 - - default default] GET failed (client error): The resource could not be found.
2026-03-31 06:14:31.303 10 INFO neutron.wsgi [None req-01db4550-e61b-48f2-ae33-43eec1a1cf17 8919618fd7d44924928094529ed74a42 e27110cd5fa543ecba4bb6b0810a5363 - - default default] 10.0.0.91 "GET /v2.0/subnets/452929fc-97a2-4427-a1bb-032cdf9408f0 HTTP/1.1" status: 404 len: 337 time: 0.0242388
2026-03-31 06:14:31.584 10 INFO neutron.wsgi [None req-93bb0e2b-bad3-4427-bfce-cff8cc0bb755 8919618fd7d44924928094529ed74a42 e27110cd5fa543ecba4bb6b0810a5363 - - default default] 10.0.0.91 "DELETE /v2.0/subnets/566f170c-fa23-40fd-a66e-0ce3b07e2e38 HTTP/1.1" status: 204 len: 168 time: 0.2750726
2026-03-31 06:14:31.608 10 INFO neutron.pecan_wsgi.hooks.translation [None req-e24acefc-5154-4a46-b300-2ff5285fe263 8919618fd7d44924928094529ed74a42 e27110cd5fa543ecba4bb6b0810a5363 - - default default] GET failed (client error): The resource could not be found.
2026-03-31 06:14:31.610 10 INFO neutron.wsgi [None req-e24acefc-5154-4a46-b300-2ff5285fe263 8919618fd7d44924928094529ed74a42 e27110cd5fa543ecba4bb6b0810a5363 - - default default] 10.0.0.91 "GET /v2.0/subnets/566f170c-fa23-40fd-a66e-0ce3b07e2e38 HTTP/1.1" status: 404 len: 337 time: 0.0208089
2026-03-31 06:14:31.979 15 INFO neutron.plugins.ml2.drivers.ovn.mech_driver.ovsdb.maintenance [None req-50afbac2-378e-4151-8a5d-9215e55aa28b - - - - - -] Maintenance task: Synchronization finished (took 1.62 seconds)
2026-03-31 06:14:32.060 10 INFO neutron.services.segments.plugin [-] Segment a116d687-5621-47eb-9026-9ab370ef9cb6 resource provider aggregate not found
2026-03-31 06:14:32.069 10 INFO neutron.services.segments.plugin [-] Segment a116d687-5621-47eb-9026-9ab370ef9cb6 resource provider aggregate not found
2026-03-31 06:14:32.086 10 INFO neutron.services.segments.plugin [-] Segment a116d687-5621-47eb-9026-9ab370ef9cb6 resource provider not found; error: Placement Client Error (4xx): {"errors": [{"status": 404, "title": "Not Found", "detail": "The resource could not be found.\n\n No resource provider with uuid a116d687-5621-47eb-9026-9ab370ef9cb6 found for delete ", "request_id": "req-dd541a92-4ac0-412f-87f5-f48ddf3418c3"}]}
2026-03-31 06:14:32.090 10 INFO neutron.wsgi [None req-16308ec5-b849-4ecd-943a-83364e2736b7 8919618fd7d44924928094529ed74a42 e27110cd5fa543ecba4bb6b0810a5363 - - default default] 10.0.0.91 "DELETE /v2.0/networks/ae798200-42a2-4bbb-a828-4c87435b32b6 HTTP/1.1" status: 204 len: 168 time: 0.4746006
2026-03-31 06:14:32.093 10 INFO neutron.services.segments.plugin [-] Segment a116d687-5621-47eb-9026-9ab370ef9cb6 resource provider not found; error: Placement Client Error (4xx): {"errors": [{"status": 404, "title": "Not Found", "detail": "The resource could not be found.\n\n No resource provider with uuid a116d687-5621-47eb-9026-9ab370ef9cb6 found for delete ", "request_id": "req-5eed61ed-8c08-404e-b550-38bc7a5de512"}]}
2026-03-31 06:14:32.113 9 INFO neutron.pecan_wsgi.hooks.translation [None req-38f3865c-c73d-4af0-9482-d63ffef389de 8919618fd7d44924928094529ed74a42 e27110cd5fa543ecba4bb6b0810a5363 - - default default] GET failed (client error): The resource could not be found.
2026-03-31 06:14:32.114 9 INFO neutron.wsgi [None req-38f3865c-c73d-4af0-9482-d63ffef389de 8919618fd7d44924928094529ed74a42 e27110cd5fa543ecba4bb6b0810a5363 - - default default] 10.0.0.91 "GET /v2.0/networks/ae798200-42a2-4bbb-a828-4c87435b32b6 HTTP/1.1" status: 404 len: 339 time: 0.0180728
2026-03-31 06:14:32.167 10 INFO neutron.wsgi [-] 10.0.0.11 "GET / HTTP/1.1" status: 200 len: 247 time: 0.0035574
2026-03-31 06:14:32.171 10 INFO neutron.wsgi [-] 10.0.0.11 "GET / HTTP/1.1" status: 200 len: 247 time: 0.0022604
2026-03-31 06:14:32.320 9 INFO neutron.wsgi [None req-72ada27e-017f-417e-8ea9-18c3909d8666 8919618fd7d44924928094529ed74a42 e27110cd5fa543ecba4bb6b0810a5363 - - default default] 10.0.0.91 "DELETE /v2.0/subnets/940d56d6-9b4d-41bd-98d8-63334f70b785 HTTP/1.1" status: 204 len: 168 time: 0.2005246
