2026-03-31 06:07:28.597 9 INFO neutron.wsgi [None req-2f0490c3-b661-40d3-a049-e037d6f1ee72 cc621de00d21409eada44fd6085930ac 78f7c67c2752405786e8cbf2660fe6cb - - default default] 10.0.0.91 "DELETE /v2.0/security-groups/0671020f-af69-4a9b-9625-5ca85f37c7f8 HTTP/1.1" status: 204 len: 168 time: 0.3132255
2026-03-31 06:07:28.601 10 INFO neutron.wsgi [None req-53c5ea03-e32b-4374-9cc6-274d03775fac 8cf9541c39404139bdc591661c9b5914 3a010c2e184d42a0a3de0810ce2d149e - - default default] 10.0.0.91 "DELETE /v2.0/floatingips/a93a1853-42d4-45fb-8b05-808bcb4a2a20 HTTP/1.1" status: 204 len: 168 time: 0.4376326
2026-03-31 06:07:28.602 10 INFO neutron.db.ovn_revision_numbers_db [None req-63d9cdb5-2190-4e17-b2db-f07024086b51 cc621de00d21409eada44fd6085930ac 78f7c67c2752405786e8cbf2660fe6cb - - default default] Successfully bumped revision number for resource ef259622-77a4-4f69-a7cd-207f8838eb08 (type: security_group_rules) to 0
2026-03-31 06:07:28.631 10 INFO neutron.wsgi [None req-63d9cdb5-2190-4e17-b2db-f07024086b51 cc621de00d21409eada44fd6085930ac 78f7c67c2752405786e8cbf2660fe6cb - - default default] 10.0.0.91 "GET /v2.0/security-groups?tenant_id=af2afd7dd88f45ae89259891a1a5ef4d&name=default HTTP/1.1" status: 200 len: 2996 time: 0.4150038
2026-03-31 06:07:28.874 9 INFO neutron.services.segments.plugin [-] Segment ef8b3a54-df27-484e-9e00-33cfb5c458e7 resource provider aggregate not found
2026-03-31 06:07:28.882 9 INFO neutron.services.segments.plugin [-] Segment ef8b3a54-df27-484e-9e00-33cfb5c458e7 resource provider aggregate not found
2026-03-31 06:07:28.891 10 INFO neutron.wsgi [None req-385c9998-14c3-4dc5-8303-c3fa98a0c897 cc621de00d21409eada44fd6085930ac 78f7c67c2752405786e8cbf2660fe6cb - - default default] 10.0.0.91 "DELETE /v2.0/security-groups/942bf13e-a087-4670-b2fe-51905a2935fc HTTP/1.1" status: 204 len: 168 time: 0.2548122
2026-03-31 06:07:28.904 9 INFO neutron.services.segments.plugin [-] Segment ef8b3a54-df27-484e-9e00-33cfb5c458e7 resource provider not found; error: Placement Client Error (4xx): {"errors": [{"status": 404, "title": "Not Found", "detail": "The resource could not be found.\n\n No resource provider with uuid ef8b3a54-df27-484e-9e00-33cfb5c458e7 found for delete ", "request_id": "req-d229fd8d-57fd-4a69-94b4-07a2849ec9a2"}]}
2026-03-31 06:07:28.908 9 INFO neutron.services.segments.plugin [-] Segment ef8b3a54-df27-484e-9e00-33cfb5c458e7 resource provider not found; error: Placement Client Error (4xx): {"errors": [{"status": 404, "title": "Not Found", "detail": "The resource could not be found.\n\n No resource provider with uuid ef8b3a54-df27-484e-9e00-33cfb5c458e7 found for delete ", "request_id": "req-1f47bb8e-ab56-4187-bf0e-0f746c1d651a"}]}
2026-03-31 06:07:28.953 9 INFO neutron.wsgi [None req-8827d370-ecca-4141-aa18-a8430321d9f2 f9ffefb6eee0483eb88f03b924944281 426b38c4b1f34561826a0a15c6c64ccc - - default default] 10.0.0.91 "DELETE /v2.0/networks/ad269fc9-bb9f-4eef-a152-18deac12d99f HTTP/1.1" status: 204 len: 168 time: 0.5668116
2026-03-31 06:07:29.013 9 INFO neutron.db.ovn_revision_numbers_db [None req-00899569-8577-425f-81cd-f45689e4edd6 cc621de00d21409eada44fd6085930ac 78f7c67c2752405786e8cbf2660fe6cb - - default default] Successfully bumped revision number for resource 74129cca-be48-4bca-82d1-6c69c5d1ca8a (type: security_groups) to 1
2026-03-31 06:07:29.030 9 INFO neutron.db.ovn_revision_numbers_db [None req-00899569-8577-425f-81cd-f45689e4edd6 cc621de00d21409eada44fd6085930ac 78f7c67c2752405786e8cbf2660fe6cb - - default default] Successfully bumped revision number for resource 413c138e-bf74-46f4-98ce-afcfa247bb04 (type: security_group_rules) to 0
2026-03-31 06:07:29.045 9 INFO neutron.db.ovn_revision_numbers_db [None req-00899569-8577-425f-81cd-f45689e4edd6 cc621de00d21409eada44fd6085930ac 78f7c67c2752405786e8cbf2660fe6cb - - default default] Successfully bumped revision number for resource 41a152a3-ab1c-4884-8813-9ab99f8f3943 (type: security_group_rules) to 0
2026-03-31 06:07:29.072 9 INFO neutron.db.ovn_revision_numbers_db [None req-00899569-8577-425f-81cd-f45689e4edd6 cc621de00d21409eada44fd6085930ac 78f7c67c2752405786e8cbf2660fe6cb - - default default] Successfully bumped revision number for resource 91bd75c6-e4b8-4298-bbc1-0404ef91b5cd (type: security_group_rules) to 0
2026-03-31 06:07:29.103 9 INFO neutron.db.ovn_revision_numbers_db [None req-00899569-8577-425f-81cd-f45689e4edd6 cc621de00d21409eada44fd6085930ac 78f7c67c2752405786e8cbf2660fe6cb - - default default] Successfully bumped revision number for resource d9ab675c-2c18-40ab-a3da-6bcaf99ceb58 (type: security_group_rules) to 0
2026-03-31 06:07:29.150 9 INFO neutron.wsgi [None req-00899569-8577-425f-81cd-f45689e4edd6 cc621de00d21409eada44fd6085930ac 78f7c67c2752405786e8cbf2660fe6cb - - default default] 10.0.0.91 "GET /v2.0/security-groups?tenant_id=510534b6b4b64bef9330f5189ecb5a5d&name=default HTTP/1.1" status: 200 len: 2996 time: 0.4382298
2026-03-31 06:07:29.478 9 INFO neutron.wsgi [None req-9ceb0c29-1a8b-4121-9bc0-46130b904540 cc621de00d21409eada44fd6085930ac 78f7c67c2752405786e8cbf2660fe6cb - - default default] 10.0.0.91 "DELETE /v2.0/security-groups/74129cca-be48-4bca-82d1-6c69c5d1ca8a HTTP/1.1" status: 204 len: 168 time: 0.3221192
2026-03-31 06:07:29.802 10 INFO neutron.wsgi [None req-67fd566a-8e45-4841-bdbe-50b418ebf70a cc621de00d21409eada44fd6085930ac 78f7c67c2752405786e8cbf2660fe6cb - - default default] 10.0.0.91 "GET /v2.0/security-groups?tenant_id=426b38c4b1f34561826a0a15c6c64ccc&name=default HTTP/1.1" status: 200 len: 2996 time: 0.2815819
2026-03-31 06:07:30.091 10 INFO neutron.wsgi [None req-d418b072-5696-4416-a451-745b9d217e51 cc621de00d21409eada44fd6085930ac 78f7c67c2752405786e8cbf2660fe6cb - - default default] 10.0.0.91 "DELETE /v2.0/security-groups/6902ce7b-bc43-4175-a42c-94e476b8a064 HTTP/1.1" status: 204 len: 168 time: 0.2847629
2026-03-31 06:07:30.138 9 INFO neutron.wsgi [None req-c8da3062-9d70-4c4f-b1a5-4fc04a1e1312 cc621de00d21409eada44fd6085930ac 78f7c67c2752405786e8cbf2660fe6cb - - default default] 10.0.0.91 "PUT /v2.0/routers/adcc1bea-63b7-4d66-8498-4a81a47ede17/remove_router_interface HTTP/1.1" status: 200 len: 503 time: 1.4598250 /var/lib/openstack/lib/python3.10/site-packages/pycadf/identifier.py:71: UserWarning: Invalid uuid: neutron. To ensure interoperability, identifiers should be a valid uuid. warnings.warn(('Invalid uuid: %s. To ensure interoperability, '
2026-03-31 06:07:30.910 9 INFO neutron.wsgi [None req-eabe06d0-8737-4ec6-b207-9380274f6d3f cc621de00d21409eada44fd6085930ac 78f7c67c2752405786e8cbf2660fe6cb - - default default] 10.0.0.91 "DELETE /v2.0/routers/adcc1bea-63b7-4d66-8498-4a81a47ede17 HTTP/1.1" status: 204 len: 168 time: 0.7673712
2026-03-31 06:07:31.183 9 INFO neutron.wsgi [None req-70154dd6-fcd3-4959-99f1-b6ad0d68f881 cc621de00d21409eada44fd6085930ac 78f7c67c2752405786e8cbf2660fe6cb - - default default] 10.0.0.91 "DELETE /v2.0/subnets/858b355a-7ae9-4d09-bac7-662502a416f1 HTTP/1.1" status: 204 len: 168 time: 0.2679796
2026-03-31 06:07:31.578 9 INFO neutron.services.segments.plugin [-] Segment 55d1579f-9edf-4750-a0aa-097ccb8d7690 resource provider aggregate not found
2026-03-31 06:07:31.604 9 INFO neutron.services.segments.plugin [-] Segment 55d1579f-9edf-4750-a0aa-097ccb8d7690 resource provider aggregate not found
2026-03-31 06:07:31.616 9 INFO neutron.services.segments.plugin [-] Segment 55d1579f-9edf-4750-a0aa-097ccb8d7690 resource provider not found; error: Placement Client Error (4xx): {"errors": [{"status": 404, "title": "Not Found", "detail": "The resource could not be found.\n\n No resource provider with uuid 55d1579f-9edf-4750-a0aa-097ccb8d7690 found for delete ", "request_id": "req-a7e30052-55e7-435b-bf1c-c518b625590c"}]}
2026-03-31 06:07:31.637 9 INFO neutron.services.segments.plugin [-] Segment 55d1579f-9edf-4750-a0aa-097ccb8d7690 resource provider not found; error: Placement Client Error (4xx): {"errors": [{"status": 404, "title": "Not Found", "detail": "The resource could not be found.\n\n No resource provider with uuid 55d1579f-9edf-4750-a0aa-097ccb8d7690 found for delete ", "request_id": "req-347a846d-7e5c-4029-98de-bb924f1fd7ac"}]}
2026-03-31 06:07:31.678 9 INFO neutron.wsgi [None req-c978a8c0-1435-4c6b-805a-ff1cc227b06f cc621de00d21409eada44fd6085930ac 78f7c67c2752405786e8cbf2660fe6cb - - default default] 10.0.0.91 "DELETE /v2.0/networks/a5b80e69-4ced-45bf-ba2b-9c8c379ba84d HTTP/1.1" status: 204 len: 168 time: 0.4891741
2026-03-31 06:07:31.930 10 INFO neutron.wsgi [None req-e4dec1fa-dd2a-49d8-95e5-1632f484034d cc621de00d21409eada44fd6085930ac 78f7c67c2752405786e8cbf2660fe6cb - - default default] 10.0.0.91 "GET /v2.0/security-groups?tenant_id=3a010c2e184d42a0a3de0810ce2d149e&name=default HTTP/1.1" status: 200 len: 2996 time: 0.0489149
2026-03-31 06:07:32.165 9 INFO neutron.wsgi [-] 10.0.0.11 "GET / HTTP/1.1" status: 200 len: 247 time: 0.0025165
2026-03-31 06:07:32.166 10 INFO neutron.wsgi [-] 10.0.0.11 "GET / HTTP/1.1" status: 200 len: 247 time: 0.0034420
2026-03-31 06:07:32.203 10 INFO neutron.wsgi [None req-dd71eda9-d46b-4662-bea4-e0db38ef5d31 cc621de00d21409eada44fd6085930ac 78f7c67c2752405786e8cbf2660fe6cb - - default default] 10.0.0.91 "DELETE /v2.0/security-groups/e99c2565-6fb6-4017-bb8b-ec224ca3cad2 HTTP/1.1" status: 204 len: 168 time: 0.2671149
2026-03-31 06:07:32.347 10 INFO neutron.db.ovn_revision_numbers_db [None req-aad06169-13ba-4bd5-b53c-b31e111281ad d74ea1460556444ca4c1f047981c6225 7c0099881bb34737b85b356cbac6109c - - default default] Successfully bumped revision number for resource 75cf4dd9-f874-452e-946b-d04cdf1b8ce5 (type: security_groups) to 1
2026-03-31 06:07:32.363 10 INFO neutron.db.ovn_revision_numbers_db [None req-aad06169-13ba-4bd5-b53c-b31e111281ad d74ea1460556444ca4c1f047981c6225 7c0099881bb34737b85b356cbac6109c - - default default] Successfully bumped revision number for resource 301d23f9-9254-4e3c-b333-745a8f352439 (type: security_group_rules) to 0
2026-03-31 06:07:32.378 10 INFO neutron.db.ovn_revision_numbers_db [None req-aad06169-13ba-4bd5-b53c-b31e111281ad d74ea1460556444ca4c1f047981c6225 7c0099881bb34737b85b356cbac6109c - - default default] Successfully bumped revision number for resource b542d967-1f49-4624-89c4-8dd727ab6bff (type: security_group_rules) to 0
2026-03-31 06:07:32.400 10 INFO neutron.db.ovn_revision_numbers_db [None req-aad06169-13ba-4bd5-b53c-b31e111281ad d74ea1460556444ca4c1f047981c6225 7c0099881bb34737b85b356cbac6109c - - default default] Successfully bumped revision number for resource c1c1214c-ea4f-48d1-b882-8f45381eb8ff (type: security_group_rules) to 0
2026-03-31 06:07:32.419 10 INFO neutron.db.ovn_revision_numbers_db [None req-aad06169-13ba-4bd5-b53c-b31e111281ad d74ea1460556444ca4c1f047981c6225 7c0099881bb34737b85b356cbac6109c - - default default] Successfully bumped revision number for resource f18505dc-bfef-423d-83c1-71c2f2bb6f7b (type: security_group_rules) to 0
2026-03-31 06:07:32.468 10 INFO neutron.db.segments_db [None req-aad06169-13ba-4bd5-b53c-b31e111281ad d74ea1460556444ca4c1f047981c6225 7c0099881bb34737b85b356cbac6109c - - default default] Added segment c68323c8-b02b-4d7f-8378-d20601e77b1d of type geneve for network 9a976dfb-4f0b-4ffd-955f-21423502818c
2026-03-31 06:07:32.654 10 INFO neutron.db.ovn_revision_numbers_db [None req-aad06169-13ba-4bd5-b53c-b31e111281ad d74ea1460556444ca4c1f047981c6225 7c0099881bb34737b85b356cbac6109c - - default default] Successfully bumped revision number for resource 9a976dfb-4f0b-4ffd-955f-21423502818c (type: networks) to 1
2026-03-31 06:07:32.793 9 INFO neutron.wsgi [None req-55c07b3c-90d3-472b-a594-b38499728b73 494af76c3300473f84668b2910b6c481 92507589dbcf42239dadd7ee2e013df0 - - default default] 10.0.0.228 "GET /v2.0/extensions HTTP/1.1" status: 200 len: 16525 time: 0.1166837
2026-03-31 06:07:32.874 10 WARNING neutron.scheduler.dhcp_agent_scheduler [None req-aad06169-13ba-4bd5-b53c-b31e111281ad d74ea1460556444ca4c1f047981c6225 7c0099881bb34737b85b356cbac6109c - - default default] No more DHCP agents
2026-03-31 06:07:32.876 10 WARNING neutron.api.rpc.agentnotifiers.dhcp_rpc_agent_api [None req-aad06169-13ba-4bd5-b53c-b31e111281ad d74ea1460556444ca4c1f047981c6225 7c0099881bb34737b85b356cbac6109c - - default default] Unable to schedule network 9a976dfb-4f0b-4ffd-955f-21423502818c: no agents available; will retry on subsequent port and subnet creation events.
2026-03-31 06:07:32.920 9 INFO neutron.wsgi [None req-2f4d3ba9-ace1-4e10-9fc6-956d3e6ddf0e 494af76c3300473f84668b2910b6c481 92507589dbcf42239dadd7ee2e013df0 - - default default] 10.0.0.228 "GET /v2.0/quotas/92507589dbcf42239dadd7ee2e013df0/details HTTP/1.1" status: 200 len: 756 time: 0.1110790
2026-03-31 06:07:32.967 10 INFO neutron.db.ovn_revision_numbers_db [None req-aad06169-13ba-4bd5-b53c-b31e111281ad d74ea1460556444ca4c1f047981c6225 7c0099881bb34737b85b356cbac6109c - - default default] Successfully bumped revision number for resource 81ce0373-85e2-4cb3-a8dd-346f5733bcf7 (type: ports) to 1
2026-03-31 06:07:32.995 10 INFO neutron.wsgi [None req-aad06169-13ba-4bd5-b53c-b31e111281ad d74ea1460556444ca4c1f047981c6225 7c0099881bb34737b85b356cbac6109c - - default default] 10.0.0.91 "POST /v2.0/networks HTTP/1.1" status: 201 len: 833 time: 1.0270138
2026-03-31 06:07:33.108 10 INFO neutron.db.segments_db [None req-659b02cb-4880-4f70-8218-2ccb9b8b2f48 d74ea1460556444ca4c1f047981c6225 7c0099881bb34737b85b356cbac6109c - - default default] Added segment 03d21c90-23c0-4349-ba1b-9087d6e58171 of type geneve for network b848f449-a812-4115-afbb-7b528fbaf7ef
2026-03-31 06:07:33.310 10 INFO neutron.db.ovn_revision_numbers_db [None req-659b02cb-4880-4f70-8218-2ccb9b8b2f48 d74ea1460556444ca4c1f047981c6225 7c0099881bb34737b85b356cbac6109c - - default default] Successfully bumped revision number for resource b848f449-a812-4115-afbb-7b528fbaf7ef (type: networks) to 1
2026-03-31 06:07:33.511 10 WARNING neutron.scheduler.dhcp_agent_scheduler [None req-659b02cb-4880-4f70-8218-2ccb9b8b2f48 d74ea1460556444ca4c1f047981c6225 7c0099881bb34737b85b356cbac6109c - - default default] No more DHCP agents
2026-03-31 06:07:33.515 10 WARNING neutron.api.rpc.agentnotifiers.dhcp_rpc_agent_api [None req-659b02cb-4880-4f70-8218-2ccb9b8b2f48 d74ea1460556444ca4c1f047981c6225 7c0099881bb34737b85b356cbac6109c - - default default] Unable to schedule network b848f449-a812-4115-afbb-7b528fbaf7ef: no agents available; will retry on subsequent port and subnet creation events.
2026-03-31 06:07:33.614 10 INFO neutron.db.ovn_revision_numbers_db [None req-659b02cb-4880-4f70-8218-2ccb9b8b2f48 d74ea1460556444ca4c1f047981c6225 7c0099881bb34737b85b356cbac6109c - - default default] Successfully bumped revision number for resource 04c8bc1f-40fc-44be-b05e-f8a3bf1b0143 (type: ports) to 1
2026-03-31 06:07:33.640 10 INFO neutron.wsgi [None req-659b02cb-4880-4f70-8218-2ccb9b8b2f48 d74ea1460556444ca4c1f047981c6225 7c0099881bb34737b85b356cbac6109c - - default default] 10.0.0.91 "POST /v2.0/networks HTTP/1.1" status: 201 len: 833 time: 0.6398897
2026-03-31 06:07:33.863 9 INFO neutron.db.ovn_revision_numbers_db [None req-343e7e8e-1210-4edb-9b48-1fba0ac7efac cc621de00d21409eada44fd6085930ac 78f7c67c2752405786e8cbf2660fe6cb - - default default] Successfully bumped revision number for resource 07eb590a-082d-4697-8b3b-fffa693e29cf (type: security_groups) to 1
2026-03-31 06:07:33.905 9 INFO neutron.db.ovn_revision_numbers_db [None req-343e7e8e-1210-4edb-9b48-1fba0ac7efac cc621de00d21409eada44fd6085930ac 78f7c67c2752405786e8cbf2660fe6cb - - default default] Successfully bumped revision number for resource 05fc90ab-c99e-4c62-88dc-a15613ac5163 (type: security_group_rules) to 0
2026-03-31 06:07:33.922 9 INFO neutron.db.ovn_revision_numbers_db [None req-343e7e8e-1210-4edb-9b48-1fba0ac7efac cc621de00d21409eada44fd6085930ac 78f7c67c2752405786e8cbf2660fe6cb - - default default] Successfully bumped revision number for resource 22d290d8-9a5a-47e9-8b92-0321e7ac2f17 (type: security_group_rules) to 0
2026-03-31 06:07:33.952 9 INFO neutron.db.ovn_revision_numbers_db [None req-343e7e8e-1210-4edb-9b48-1fba0ac7efac cc621de00d21409eada44fd6085930ac 78f7c67c2752405786e8cbf2660fe6cb - - default default] Successfully bumped revision number for resource 248d71cd-0a1c-4c1c-87a4-128b971eee98 (type: security_group_rules) to 0
2026-03-31 06:07:33.961 9 WARNING neutron.scheduler.dhcp_agent_scheduler [None req-d8c0da05-7639-48ec-86b0-822598aa0ff1 d74ea1460556444ca4c1f047981c6225 7c0099881bb34737b85b356cbac6109c - - default default] No more DHCP agents
2026-03-31 06:07:33.964 9 WARNING neutron.api.rpc.agentnotifiers.dhcp_rpc_agent_api [None req-d8c0da05-7639-48ec-86b0-822598aa0ff1 d74ea1460556444ca4c1f047981c6225 7c0099881bb34737b85b356cbac6109c - - default default] Unable to schedule network 9a976dfb-4f0b-4ffd-955f-21423502818c: no agents available; will retry on subsequent port and subnet creation events.
2026-03-31 06:07:33.979 9 INFO neutron.db.ovn_revision_numbers_db [None req-343e7e8e-1210-4edb-9b48-1fba0ac7efac cc621de00d21409eada44fd6085930ac 78f7c67c2752405786e8cbf2660fe6cb - - default default] Successfully bumped revision number for resource 66b5aaea-99aa-414e-afc4-72c97792d78f (type: security_group_rules) to 0
2026-03-31 06:07:34.017 9 INFO neutron.wsgi [None req-343e7e8e-1210-4edb-9b48-1fba0ac7efac cc621de00d21409eada44fd6085930ac 78f7c67c2752405786e8cbf2660fe6cb - - default default] 10.0.0.91 "GET /v2.0/security-groups?tenant_id=ce172c639c2e4d938d0c15b8d1757574&name=default HTTP/1.1" status: 200 len: 2996 time: 0.5153174
2026-03-31 06:07:34.030 9 INFO neutron.db.ovn_revision_numbers_db [None req-d8c0da05-7639-48ec-86b0-822598aa0ff1 d74ea1460556444ca4c1f047981c6225 7c0099881bb34737b85b356cbac6109c - - default default] Successfully bumped revision number for resource 935e0f55-a9dc-45b3-809e-ea73e32b433c (type: subnets) to 0
2026-03-31 06:07:34.052 9 INFO neutron.wsgi [None req-d8c0da05-7639-48ec-86b0-822598aa0ff1 d74ea1460556444ca4c1f047981c6225 7c0099881bb34737b85b356cbac6109c - - default default] 10.0.0.91 "POST /v2.0/subnets HTTP/1.1" status: 201 len: 821 time: 0.4053462
2026-03-31 06:07:34.291 9 INFO neutron.wsgi [None req-59e02b38-78c2-4f75-9cd1-7567b480e017 cc621de00d21409eada44fd6085930ac 78f7c67c2752405786e8cbf2660fe6cb - - default default] 10.0.0.91 "DELETE /v2.0/security-groups/07eb590a-082d-4697-8b3b-fffa693e29cf HTTP/1.1" status: 204 len: 168 time: 0.2674263
2026-03-31 06:07:34.433 10 WARNING neutron.scheduler.dhcp_agent_scheduler [None req-7d007555-00a8-43ab-9120-663cefa4e690 d74ea1460556444ca4c1f047981c6225 7c0099881bb34737b85b356cbac6109c - - default default] No more DHCP agents
2026-03-31 06:07:34.437 10 WARNING neutron.api.rpc.agentnotifiers.dhcp_rpc_agent_api [None req-7d007555-00a8-43ab-9120-663cefa4e690 d74ea1460556444ca4c1f047981c6225 7c0099881bb34737b85b356cbac6109c - - default default] Unable to schedule network b848f449-a812-4115-afbb-7b528fbaf7ef: no agents available; will retry on subsequent port and subnet creation events.
2026-03-31 06:07:34.486 10 INFO neutron.db.ovn_revision_numbers_db [None req-7d007555-00a8-43ab-9120-663cefa4e690 d74ea1460556444ca4c1f047981c6225 7c0099881bb34737b85b356cbac6109c - - default default] Successfully bumped revision number for resource 92b8cf26-ced7-4275-9042-f969d57683a8 (type: subnets) to 0
2026-03-31 06:07:34.516 10 INFO neutron.wsgi [None req-7d007555-00a8-43ab-9120-663cefa4e690 d74ea1460556444ca4c1f047981c6225 7c0099881bb34737b85b356cbac6109c - - default default] 10.0.0.91 "POST /v2.0/subnets HTTP/1.1" status: 201 len: 830 time: 0.4588342
2026-03-31 06:07:34.539 10 INFO neutron.db.ovn_revision_numbers_db [None req-c6355574-2eed-4f18-890e-bbd3912860a7 cc621de00d21409eada44fd6085930ac 78f7c67c2752405786e8cbf2660fe6cb - - default default] Successfully bumped revision number for resource b746f01d-c565-4276-aede-3eec475f3c3a (type: security_groups) to 1
2026-03-31 06:07:34.567 10 INFO neutron.db.ovn_revision_numbers_db [None req-c6355574-2eed-4f18-890e-bbd3912860a7 cc621de00d21409eada44fd6085930ac 78f7c67c2752405786e8cbf2660fe6cb - - default default] Successfully bumped revision number for resource 05ce0d5d-778b-43d8-9086-39239b362f85 (type: security_group_rules) to 0
2026-03-31 06:07:34.590 10 INFO neutron.db.ovn_revision_numbers_db [None req-c6355574-2eed-4f18-890e-bbd3912860a7 cc621de00d21409eada44fd6085930ac 78f7c67c2752405786e8cbf2660fe6cb - - default default] Successfully bumped revision number for resource 50a415c3-8091-4898-8cb4-01c430025df9 (type: security_group_rules) to 0
2026-03-31 06:07:34.598 9 INFO neutron.db.ovn_revision_numbers_db [None req-a0f5ac5b-5194-486d-83ee-3d08009cf78c cc621de00d21409eada44fd6085930ac 78f7c67c2752405786e8cbf2660fe6cb - - default default] Successfully bumped revision number for resource 8dafe793-a897-4a40-8135-9805dc2c2b87 (type: security_groups) to 1
2026-03-31 06:07:34.610 10 INFO neutron.db.ovn_revision_numbers_db [None req-c6355574-2eed-4f18-890e-bbd3912860a7 cc621de00d21409eada44fd6085930ac 78f7c67c2752405786e8cbf2660fe6cb - - default default] Successfully bumped revision number for resource 5c3a96e6-a6c2-4a68-84f3-bfb0507ed13b (type: security_group_rules) to 0
2026-03-31 06:07:34.636 9 INFO neutron.db.ovn_revision_numbers_db [None req-a0f5ac5b-5194-486d-83ee-3d08009cf78c cc621de00d21409eada44fd6085930ac 78f7c67c2752405786e8cbf2660fe6cb - - default default] Successfully bumped revision number for resource 67a854ff-a67f-4ee3-9aa0-93e4b5fed014 (type: security_group_rules) to 0
2026-03-31 06:07:34.640 10 INFO neutron.db.ovn_revision_numbers_db [None req-c6355574-2eed-4f18-890e-bbd3912860a7 cc621de00d21409eada44fd6085930ac 78f7c67c2752405786e8cbf2660fe6cb - - default default] Successfully bumped revision number for resource f8eee03b-4f1e-4deb-a05a-6d646661013a (type: security_group_rules) to 0
2026-03-31 06:07:34.695 9 INFO neutron.db.ovn_revision_numbers_db [None req-a0f5ac5b-5194-486d-83ee-3d08009cf78c cc621de00d21409eada44fd6085930ac 78f7c67c2752405786e8cbf2660fe6cb - - default default] Successfully bumped revision number for resource 6b77fcbb-49fc-4a21-ba1e-146846025886 (type: security_group_rules) to 0
2026-03-31 06:07:34.709 10 INFO neutron.db.segments_db [None req-c6355574-2eed-4f18-890e-bbd3912860a7 cc621de00d21409eada44fd6085930ac 78f7c67c2752405786e8cbf2660fe6cb - - default default] Added segment 99657df8-ce0d-4142-9d4d-7b53d15e32e9 of type geneve for network c3f2a298-c328-4ee4-a764-76f4fcccc119
2026-03-31 06:07:34.737 9 INFO neutron.db.ovn_revision_numbers_db [None req-a0f5ac5b-5194-486d-83ee-3d08009cf78c cc621de00d21409eada44fd6085930ac 78f7c67c2752405786e8cbf2660fe6cb - - default default] Successfully bumped revision number for resource 75655bab-5c43-4ba6-ae49-9a4303d2aead (type: security_group_rules) to 0
2026-03-31 06:07:34.782 9 INFO neutron.db.ovn_revision_numbers_db [None req-a0f5ac5b-5194-486d-83ee-3d08009cf78c cc621de00d21409eada44fd6085930ac 78f7c67c2752405786e8cbf2660fe6cb - - default default] Successfully bumped revision number for resource c157bdfe-9270-476c-b73a-ac4dde332d3d (type: security_group_rules) to 0
2026-03-31 06:07:34.807 9 INFO neutron.db.ovn_revision_numbers_db [None req-7a9b748a-9b70-49f9-b4e6-11df602f9c83 d74ea1460556444ca4c1f047981c6225 7c0099881bb34737b85b356cbac6109c - - default default] Successfully bumped revision number for resource 2c220a80-637a-4d99-ac77-b1311cc5395e (type: routers) to 1
2026-03-31 06:07:34.812 9 INFO neutron.wsgi [None req-a0f5ac5b-5194-486d-83ee-3d08009cf78c cc621de00d21409eada44fd6085930ac 78f7c67c2752405786e8cbf2660fe6cb - - default default] 10.0.0.91 "GET /v2.0/security-groups?tenant_id=d7af8ea876c640cbadd1b011241c0971&name=default HTTP/1.1" status: 200 len: 2996 time: 0.3851032
2026-03-31 06:07:34.828 9 INFO neutron.wsgi [None req-7a9b748a-9b70-49f9-b4e6-11df602f9c83 d74ea1460556444ca4c1f047981c6225 7c0099881bb34737b85b356cbac6109c - - default default] 10.0.0.91 "POST /v2.0/routers HTTP/1.1" status: 201 len: 691 time: 0.3061373
2026-03-31 06:07:35.097 10 INFO neutron.db.ovn_revision_numbers_db [None req-c6355574-2eed-4f18-890e-bbd3912860a7 cc621de00d21409eada44fd6085930ac 78f7c67c2752405786e8cbf2660fe6cb - - default default] Successfully bumped revision number for resource c3f2a298-c328-4ee4-a764-76f4fcccc119 (type: networks) to 1
2026-03-31 06:07:35.376 10 WARNING neutron.scheduler.dhcp_agent_scheduler [None req-c6355574-2eed-4f18-890e-bbd3912860a7 cc621de00d21409eada44fd6085930ac 78f7c67c2752405786e8cbf2660fe6cb - - default default] No more DHCP agents
2026-03-31 06:07:35.379 10 WARNING neutron.api.rpc.agentnotifiers.dhcp_rpc_agent_api [None req-c6355574-2eed-4f18-890e-bbd3912860a7 cc621de00d21409eada44fd6085930ac 78f7c67c2752405786e8cbf2660fe6cb - - default default] Unable to schedule network c3f2a298-c328-4ee4-a764-76f4fcccc119: no agents available; will retry on subsequent port and subnet creation events.
2026-03-31 06:07:35.441 10 INFO neutron.wsgi [None req-f7c91f55-5dbe-4f9e-9011-be2ddd06d82b cc621de00d21409eada44fd6085930ac 78f7c67c2752405786e8cbf2660fe6cb - - default default] 10.0.0.91 "DELETE /v2.0/security-groups/8dafe793-a897-4a40-8135-9805dc2c2b87 HTTP/1.1" status: 204 len: 168 time: 0.6217706
2026-03-31 06:07:35.492 10 INFO neutron.db.ovn_revision_numbers_db [None req-c6355574-2eed-4f18-890e-bbd3912860a7 cc621de00d21409eada44fd6085930ac 78f7c67c2752405786e8cbf2660fe6cb - - default default] Successfully bumped revision number for resource 9df9f8b3-058b-405f-acc8-f5bc897813aa (type: ports) to 1
2026-03-31 06:07:35.514 10 INFO neutron.wsgi [None req-c6355574-2eed-4f18-890e-bbd3912860a7 cc621de00d21409eada44fd6085930ac 78f7c67c2752405786e8cbf2660fe6cb - - default default] 10.0.0.91 "POST /v2.0/networks HTTP/1.1" status: 201 len: 940 time: 1.3119354
2026-03-31 06:07:35.632 9 WARNING neutron.scheduler.dhcp_agent_scheduler [None req-e21b6fa5-dd71-4de5-b777-d111a6e814de d74ea1460556444ca4c1f047981c6225 7c0099881bb34737b85b356cbac6109c - - default default] No more DHCP agents
2026-03-31 06:07:35.647 9 WARNING neutron.api.rpc.agentnotifiers.dhcp_rpc_agent_api [None req-e21b6fa5-dd71-4de5-b777-d111a6e814de d74ea1460556444ca4c1f047981c6225 7c0099881bb34737b85b356cbac6109c - - default default] Unable to schedule network 9a976dfb-4f0b-4ffd-955f-21423502818c: no agents available; will retry on subsequent port and subnet creation events.
2026-03-31 06:07:35.718 10 WARNING neutron.scheduler.dhcp_agent_scheduler [None req-3b48ff4b-620f-4dc4-a992-c983772d230c cc621de00d21409eada44fd6085930ac 78f7c67c2752405786e8cbf2660fe6cb - - default default] No more DHCP agents
2026-03-31 06:07:35.723 10 WARNING neutron.api.rpc.agentnotifiers.dhcp_rpc_agent_api [None req-3b48ff4b-620f-4dc4-a992-c983772d230c cc621de00d21409eada44fd6085930ac 78f7c67c2752405786e8cbf2660fe6cb - - default default] Unable to schedule network c3f2a298-c328-4ee4-a764-76f4fcccc119: no agents available; will retry on subsequent port and subnet creation events.
2026-03-31 06:07:35.819 9 INFO neutron.db.ovn_revision_numbers_db [None req-e21b6fa5-dd71-4de5-b777-d111a6e814de d74ea1460556444ca4c1f047981c6225 7c0099881bb34737b85b356cbac6109c - - default default] Successfully bumped revision number for resource 6158691e-2d28-4297-b838-eb24b47396de (type: ports) to 1
2026-03-31 06:07:36.036 10 INFO neutron.wsgi [None req-ede28eb7-d22d-49bd-ad4d-78d45fe4d6d2 494af76c3300473f84668b2910b6c481 92507589dbcf42239dadd7ee2e013df0 - - default default] 10.0.0.228 "GET /v2.0/extensions HTTP/1.1" status: 200 len: 16525 time: 0.0088627
2026-03-31 06:07:36.208 9 INFO neutron.wsgi [None req-1aa08659-5f9d-4036-9068-41fcbee76a6f 494af76c3300473f84668b2910b6c481 92507589dbcf42239dadd7ee2e013df0 - - default default] 10.0.0.228 "GET /v2.0/quotas/92507589dbcf42239dadd7ee2e013df0/details HTTP/1.1" status: 200 len: 756 time: 0.1532514
2026-03-31 06:07:36.259 9 INFO neutron.plugins.ml2.drivers.ovn.mech_driver.mech_driver [None req-4469b727-5a36-4c68-bd0b-e9e23aa67776 - - - - - -] OVN reports status up for port: 6158691e-2d28-4297-b838-eb24b47396de
2026-03-31 06:07:36.276 9 INFO neutron.plugins.ml2.plugin [None req-4469b727-5a36-4c68-bd0b-e9e23aa67776 - - - - - -] Attempt 1 to provision port 6158691e-2d28-4297-b838-eb24b47396de
2026-03-31 06:07:36.297 9 INFO neutron.db.ovn_revision_numbers_db [None req-e21b6fa5-dd71-4de5-b777-d111a6e814de d74ea1460556444ca4c1f047981c6225 7c0099881bb34737b85b356cbac6109c - - default default] Successfully bumped revision number for resource 6158691e-2d28-4297-b838-eb24b47396de (type: router_ports) to 1
2026-03-31 06:07:36.417 10 INFO neutron.db.ovn_revision_numbers_db [None req-3b48ff4b-620f-4dc4-a992-c983772d230c cc621de00d21409eada44fd6085930ac 78f7c67c2752405786e8cbf2660fe6cb - - default default] Successfully bumped revision number for resource 9df9f8b3-058b-405f-acc8-f5bc897813aa (type: ports) to 2
2026-03-31 06:07:36.446 9 INFO neutron.db.ovn_revision_numbers_db [None req-e21b6fa5-dd71-4de5-b777-d111a6e814de d74ea1460556444ca4c1f047981c6225 7c0099881bb34737b85b356cbac6109c - - default default] Successfully bumped revision number for resource 6158691e-2d28-4297-b838-eb24b47396de (type: ports) to 1
2026-03-31 06:07:36.452 10 INFO neutron.db.ovn_revision_numbers_db [None req-3b48ff4b-620f-4dc4-a992-c983772d230c cc621de00d21409eada44fd6085930ac 78f7c67c2752405786e8cbf2660fe6cb - - default default] Successfully bumped revision number for resource a79a144a-b41a-47d3-8bdf-f9809be3aaf7 (type: subnets) to 0
2026-03-31 06:07:36.468 10 INFO neutron.wsgi [None req-3b48ff4b-620f-4dc4-a992-c983772d230c cc621de00d21409eada44fd6085930ac 78f7c67c2752405786e8cbf2660fe6cb - - default default] 10.0.0.91 "POST /v2.0/subnets HTTP/1.1" status: 201 len: 860 time: 0.9458818
2026-03-31 06:07:36.553 9 WARNING neutron.scheduler.dhcp_agent_scheduler [None req-e21b6fa5-dd71-4de5-b777-d111a6e814de d74ea1460556444ca4c1f047981c6225 7c0099881bb34737b85b356cbac6109c - - default default] No more DHCP agents
2026-03-31 06:07:36.556 9 WARNING neutron.api.rpc.agentnotifiers.dhcp_rpc_agent_api [None req-e21b6fa5-dd71-4de5-b777-d111a6e814de d74ea1460556444ca4c1f047981c6225 7c0099881bb34737b85b356cbac6109c - - default default] Unable to schedule network 9a976dfb-4f0b-4ffd-955f-21423502818c: no agents available; will retry on subsequent port and subnet creation events.
2026-03-31 06:07:36.922 9 INFO neutron.db.ovn_revision_numbers_db [None req-4469b727-5a36-4c68-bd0b-e9e23aa67776 - - - - - -] Successfully bumped revision number for resource 6158691e-2d28-4297-b838-eb24b47396de (type: ports) to 2
2026-03-31 06:07:37.076 9 INFO neutron.db.ovn_revision_numbers_db [None req-e21b6fa5-dd71-4de5-b777-d111a6e814de d74ea1460556444ca4c1f047981c6225 7c0099881bb34737b85b356cbac6109c - - default default] Successfully bumped revision number for resource 6158691e-2d28-4297-b838-eb24b47396de (type: router_ports) to 2
2026-03-31 06:07:37.078 9 INFO neutron.wsgi [None req-e21b6fa5-dd71-4de5-b777-d111a6e814de d74ea1460556444ca4c1f047981c6225 7c0099881bb34737b85b356cbac6109c - - default default] 10.0.0.91 "PUT /v2.0/routers/2c220a80-637a-4d99-ac77-b1311cc5395e/add_router_interface HTTP/1.1" status: 200 len: 503 time: 2.2394609
2026-03-31 06:07:37.158 10 WARNING neutron.scheduler.dhcp_agent_scheduler [None req-2cc2b919-0a6f-4e23-a7b5-b9d68e1031d7 cc621de00d21409eada44fd6085930ac 78f7c67c2752405786e8cbf2660fe6cb - - default default] No more DHCP agents
2026-03-31 06:07:37.428 10 WARNING neutron.api.rpc.agentnotifiers.dhcp_rpc_agent_api [None req-2cc2b919-0a6f-4e23-a7b5-b9d68e1031d7 cc621de00d21409eada44fd6085930ac 78f7c67c2752405786e8cbf2660fe6cb - - default default] Unable to schedule network 5e72b3ef-3e9d-45c9-aed5-e110c91fe4e0: no agents available; will retry on subsequent port and subnet creation events.
2026-03-31 06:07:37.482 10 INFO neutron.wsgi [None req-fe601c99-b59a-43fe-942f-6440d1d0a988 d74ea1460556444ca4c1f047981c6225 7c0099881bb34737b85b356cbac6109c - - default default] 10.0.0.91 "GET /v2.0/ports/6158691e-2d28-4297-b838-eb24b47396de HTTP/1.1" status: 200 len: 1141 time: 0.3978398
2026-03-31 06:07:37.632 10 INFO neutron.db.ovn_revision_numbers_db [None req-2cc2b919-0a6f-4e23-a7b5-b9d68e1031d7 cc621de00d21409eada44fd6085930ac 78f7c67c2752405786e8cbf2660fe6cb - - default default] Successfully bumped revision number for resource de90755c-ff3f-4b11-8ad1-55dc4d13d2ae (type: ports) to 1
2026-03-31 06:07:38.074 9 WARNING neutron.scheduler.dhcp_agent_scheduler [None req-f5568123-fb91-4b33-9a90-192c7575dba6 d74ea1460556444ca4c1f047981c6225 7c0099881bb34737b85b356cbac6109c - - default default] No more DHCP agents
2026-03-31 06:07:38.077 9 WARNING neutron.api.rpc.agentnotifiers.dhcp_rpc_agent_api [None req-f5568123-fb91-4b33-9a90-192c7575dba6 d74ea1460556444ca4c1f047981c6225 7c0099881bb34737b85b356cbac6109c - - default default] Unable to schedule network b848f449-a812-4115-afbb-7b528fbaf7ef: no agents available; will retry on subsequent port and subnet creation events.
2026-03-31 06:07:38.223 9 INFO neutron.db.ovn_revision_numbers_db [None req-f5568123-fb91-4b33-9a90-192c7575dba6 d74ea1460556444ca4c1f047981c6225 7c0099881bb34737b85b356cbac6109c - - default default] Successfully bumped revision number for resource e15384eb-4bd5-45f6-908e-b5460f8caeb2 (type: ports) to 1
2026-03-31 06:07:38.356 9 INFO neutron.plugins.ml2.drivers.ovn.mech_driver.ovsdb.ovsdb_monitor [None req-c7312c83-f306-4f8f-9529-7f0a88bbb1b8 - - - - - -] Router 8cd414a3-c8bb-4e0f-a0ff-a84b9bfa0139 is bound to host instance
2026-03-31 06:07:38.379 10 INFO neutron.db.ovn_revision_numbers_db [None req-2cc2b919-0a6f-4e23-a7b5-b9d68e1031d7 cc621de00d21409eada44fd6085930ac 78f7c67c2752405786e8cbf2660fe6cb - - default default] Successfully bumped revision number for resource de90755c-ff3f-4b11-8ad1-55dc4d13d2ae (type: router_ports) to 1
2026-03-31 06:07:38.456 10 INFO neutron.db.ovn_revision_numbers_db [None req-2cc2b919-0a6f-4e23-a7b5-b9d68e1031d7 cc621de00d21409eada44fd6085930ac 78f7c67c2752405786e8cbf2660fe6cb - - default default] Successfully bumped revision number for resource 8cd414a3-c8bb-4e0f-a0ff-a84b9bfa0139 (type: routers) to 2
2026-03-31 06:07:38.472 10 INFO neutron.wsgi [None req-2cc2b919-0a6f-4e23-a7b5-b9d68e1031d7 cc621de00d21409eada44fd6085930ac 78f7c67c2752405786e8cbf2660fe6cb - - default default] 10.0.0.91 "POST /v2.0/routers HTTP/1.1" status: 201 len: 871 time: 1.9980180
2026-03-31 06:07:38.910 9 INFO neutron.db.ovn_revision_numbers_db [None req-f5568123-fb91-4b33-9a90-192c7575dba6 d74ea1460556444ca4c1f047981c6225 7c0099881bb34737b85b356cbac6109c - - default default] Successfully bumped revision number for resource e15384eb-4bd5-45f6-908e-b5460f8caeb2 (type: router_ports) to 1
2026-03-31 06:07:39.063 10 WARNING neutron.scheduler.dhcp_agent_scheduler [None req-91de2929-d748-4e3a-acd2-a2e0c2372bc5 cc621de00d21409eada44fd6085930ac 78f7c67c2752405786e8cbf2660fe6cb - - default default] No more DHCP agents
2026-03-31 06:07:39.069 10 WARNING neutron.api.rpc.agentnotifiers.dhcp_rpc_agent_api [None req-91de2929-d748-4e3a-acd2-a2e0c2372bc5 cc621de00d21409eada44fd6085930ac 78f7c67c2752405786e8cbf2660fe6cb - - default default] Unable to schedule network c3f2a298-c328-4ee4-a764-76f4fcccc119: no agents available; will retry on subsequent port and subnet creation events.
2026-03-31 06:07:39.112 9 INFO neutron.db.ovn_revision_numbers_db [None req-f5568123-fb91-4b33-9a90-192c7575dba6 d74ea1460556444ca4c1f047981c6225 7c0099881bb34737b85b356cbac6109c - - default default] Successfully bumped revision number for resource e15384eb-4bd5-45f6-908e-b5460f8caeb2 (type: ports) to 1
2026-03-31 06:07:39.174 9 INFO neutron.db.ovn_revision_numbers_db [None req-c7312c83-f306-4f8f-9529-7f0a88bbb1b8 - - - - - -] Successfully bumped revision number for resource de90755c-ff3f-4b11-8ad1-55dc4d13d2ae (type: ports) to 1
2026-03-31 06:07:39.225 9 WARNING neutron.scheduler.dhcp_agent_scheduler [None req-f5568123-fb91-4b33-9a90-192c7575dba6 d74ea1460556444ca4c1f047981c6225 7c0099881bb34737b85b356cbac6109c - - default default] No more DHCP agents
2026-03-31 06:07:39.226 9 WARNING neutron.api.rpc.agentnotifiers.dhcp_rpc_agent_api [None req-f5568123-fb91-4b33-9a90-192c7575dba6 d74ea1460556444ca4c1f047981c6225 7c0099881bb34737b85b356cbac6109c - - default default] Unable to schedule network b848f449-a812-4115-afbb-7b528fbaf7ef: no agents available; will retry on subsequent port and subnet creation events.
2026-03-31 06:07:39.349 10 INFO neutron.db.ovn_revision_numbers_db [None req-91de2929-d748-4e3a-acd2-a2e0c2372bc5 cc621de00d21409eada44fd6085930ac 78f7c67c2752405786e8cbf2660fe6cb - - default default] Successfully bumped revision number for resource 87c358fa-d10e-4098-80f6-314c60406372 (type: ports) to 1
2026-03-31 06:07:39.391 10 INFO neutron.db.ovn_revision_numbers_db [None req-e4dafbcd-c672-411b-aec5-570d6792a09e cc621de00d21409eada44fd6085930ac 78f7c67c2752405786e8cbf2660fe6cb - - default default] Successfully bumped revision number for resource 18c3aaa5-caed-48d7-b6e1-c0233c10c3b9 (type: security_groups) to 1
2026-03-31 06:07:39.417 10 INFO neutron.db.ovn_revision_numbers_db [None req-e4dafbcd-c672-411b-aec5-570d6792a09e cc621de00d21409eada44fd6085930ac 78f7c67c2752405786e8cbf2660fe6cb - - default default] Successfully bumped revision number for resource 2547f2ca-5a11-455d-829f-04bfffcbaed5 (type: security_group_rules) to 0
2026-03-31 06:07:39.453 10 INFO neutron.db.ovn_revision_numbers_db [None req-e4dafbcd-c672-411b-aec5-570d6792a09e cc621de00d21409eada44fd6085930ac 78f7c67c2752405786e8cbf2660fe6cb - - default default] Successfully bumped revision number for resource 280d2162-a1bc-4254-91d4-482f907db95b (type: security_group_rules) to 0
2026-03-31 06:07:39.489 10 INFO neutron.db.ovn_revision_numbers_db [None req-e4dafbcd-c672-411b-aec5-570d6792a09e cc621de00d21409eada44fd6085930ac 78f7c67c2752405786e8cbf2660fe6cb - - default default] Successfully bumped revision number for resource 5277dbb2-c051-4a52-a887-194049b8e6ca (type: security_group_rules) to 0
2026-03-31 06:07:39.527 10 INFO neutron.db.ovn_revision_numbers_db [None req-e4dafbcd-c672-411b-aec5-570d6792a09e cc621de00d21409eada44fd6085930ac 78f7c67c2752405786e8cbf2660fe6cb - - default default] Successfully bumped revision number for resource aa03aad4-23ae-4f3e-bf74-35736b477842 (type: security_group_rules) to 0
2026-03-31 06:07:39.547 9 INFO neutron.db.ovn_revision_numbers_db [None req-f5568123-fb91-4b33-9a90-192c7575dba6 d74ea1460556444ca4c1f047981c6225 7c0099881bb34737b85b356cbac6109c - - default default] Successfully bumped revision number for resource e15384eb-4bd5-45f6-908e-b5460f8caeb2 (type: router_ports) to 1
2026-03-31 06:07:39.549 9 INFO neutron.wsgi [None req-f5568123-fb91-4b33-9a90-192c7575dba6 d74ea1460556444ca4c1f047981c6225 7c0099881bb34737b85b356cbac6109c - - default default] 10.0.0.91 "PUT /v2.0/routers/2c220a80-637a-4d99-ac77-b1311cc5395e/add_router_interface HTTP/1.1" status: 200 len: 503 time: 2.0619686
2026-03-31 06:07:39.571 10 INFO neutron.wsgi [None req-e4dafbcd-c672-411b-aec5-570d6792a09e cc621de00d21409eada44fd6085930ac 78f7c67c2752405786e8cbf2660fe6cb - - default default] 10.0.0.91 "GET /v2.0/security-groups?tenant_id=92507589dbcf42239dadd7ee2e013df0&name=default HTTP/1.1" status: 200 len: 2996 time: 0.6434414
2026-03-31 06:07:39.714 9 INFO neutron.wsgi [None req-0940e380-1c38-4640-bc34-e6d94a54fbaa d74ea1460556444ca4c1f047981c6225 7c0099881bb34737b85b356cbac6109c - - default default] 10.0.0.91 "GET /v2.0/ports/e15384eb-4bd5-45f6-908e-b5460f8caeb2 HTTP/1.1" status: 200 len: 1147 time: 0.1519771
2026-03-31 06:07:39.747 9 INFO neutron.db.ovn_revision_numbers_db [None req-c7312c83-f306-4f8f-9529-7f0a88bbb1b8 - - - - - -] Successfully bumped revision number for resource de90755c-ff3f-4b11-8ad1-55dc4d13d2ae (type: router_ports) to 3
2026-03-31 06:07:39.770 9 INFO neutron.wsgi [None req-005849b7-ca3a-47de-9343-20cf3dee7211 d74ea1460556444ca4c1f047981c6225 7c0099881bb34737b85b356cbac6109c - - default default] 10.0.0.91 "GET /v2.0/ports/e15384eb-4bd5-45f6-908e-b5460f8caeb2 HTTP/1.1" status: 200 len: 1147 time: 0.0477564
2026-03-31 06:07:39.952 9 INFO neutron.db.ovn_revision_numbers_db [None req-c7312c83-f306-4f8f-9529-7f0a88bbb1b8 - - - - - -] Successfully bumped revision number for resource de90755c-ff3f-4b11-8ad1-55dc4d13d2ae (type: ports) to 2
2026-03-31 06:07:40.062 10 INFO neutron.wsgi [None req-d35193c6-98cf-4f8f-adcd-ddda86d6d10d cc621de00d21409eada44fd6085930ac 78f7c67c2752405786e8cbf2660fe6cb - - default default] 10.0.0.91 "DELETE /v2.0/security-groups/18c3aaa5-caed-48d7-b6e1-c0233c10c3b9 HTTP/1.1" status: 204 len: 168 time: 0.4818938
2026-03-31 06:07:40.147 10 INFO neutron.db.ovn_revision_numbers_db [None req-91de2929-d748-4e3a-acd2-a2e0c2372bc5 cc621de00d21409eada44fd6085930ac 78f7c67c2752405786e8cbf2660fe6cb - - default default] Successfully bumped revision number for resource 87c358fa-d10e-4098-80f6-314c60406372 (type: router_ports) to 1
2026-03-31 06:07:40.382 10 INFO neutron.db.ovn_revision_numbers_db [None req-91de2929-d748-4e3a-acd2-a2e0c2372bc5 cc621de00d21409eada44fd6085930ac 78f7c67c2752405786e8cbf2660fe6cb - - default default] Successfully bumped revision number for resource 87c358fa-d10e-4098-80f6-314c60406372 (type: ports) to 1
2026-03-31 06:07:40.462 10 WARNING neutron.scheduler.dhcp_agent_scheduler [None req-91de2929-d748-4e3a-acd2-a2e0c2372bc5 cc621de00d21409eada44fd6085930ac 78f7c67c2752405786e8cbf2660fe6cb - - default default] No more DHCP agents
2026-03-31 06:07:40.464 10 WARNING neutron.api.rpc.agentnotifiers.dhcp_rpc_agent_api [None req-91de2929-d748-4e3a-acd2-a2e0c2372bc5 cc621de00d21409eada44fd6085930ac 78f7c67c2752405786e8cbf2660fe6cb - - default default] Unable to schedule network c3f2a298-c328-4ee4-a764-76f4fcccc119: no agents available; will retry on subsequent port and subnet creation events.
2026-03-31 06:07:40.468 9 INFO neutron.db.ovn_revision_numbers_db [None req-c586d2fd-f1b8-4a7c-8c50-2855f31092e9 cc621de00d21409eada44fd6085930ac 78f7c67c2752405786e8cbf2660fe6cb - - default default] Successfully bumped revision number for resource dad4e914-c3c6-4696-9df2-f90c4c3602c8 (type: security_groups) to 1
2026-03-31 06:07:40.493 9 INFO neutron.db.ovn_revision_numbers_db [None req-c586d2fd-f1b8-4a7c-8c50-2855f31092e9 cc621de00d21409eada44fd6085930ac 78f7c67c2752405786e8cbf2660fe6cb - - default default] Successfully bumped revision number for resource 0b72262e-2b76-4851-9793-d878dde390a1 (type: security_group_rules) to 0
2026-03-31 06:07:40.522 9 INFO neutron.db.ovn_revision_numbers_db [None req-c586d2fd-f1b8-4a7c-8c50-2855f31092e9 cc621de00d21409eada44fd6085930ac 78f7c67c2752405786e8cbf2660fe6cb - - default default] Successfully bumped revision number for resource 1ddb4554-c95a-44aa-86fb-91c879387a49 (type: security_group_rules) to 0
2026-03-31 06:07:40.540 9 INFO neutron.db.ovn_revision_numbers_db [None req-c7312c83-f306-4f8f-9529-7f0a88bbb1b8 - - - - - -] Successfully bumped revision number for resource de90755c-ff3f-4b11-8ad1-55dc4d13d2ae (type: ports) to 4
2026-03-31 06:07:40.542 9 INFO neutron.db.ovn_revision_numbers_db [None req-c586d2fd-f1b8-4a7c-8c50-2855f31092e9 cc621de00d21409eada44fd6085930ac 78f7c67c2752405786e8cbf2660fe6cb - - default default] Successfully bumped revision number for resource 7b89f0f9-5cf1-4a0d-993d-36b0778d5b43 (type: security_group_rules) to 0
2026-03-31 06:07:40.560 9 INFO neutron.db.ovn_revision_numbers_db [None req-c586d2fd-f1b8-4a7c-8c50-2855f31092e9 cc621de00d21409eada44fd6085930ac 78f7c67c2752405786e8cbf2660fe6cb - - default default] Successfully bumped revision number for resource bbd92b62-cf0d-4221-afdb-b379fb8901ac (type: security_group_rules) to 0
2026-03-31 06:07:40.610 9 INFO neutron.wsgi [None req-c586d2fd-f1b8-4a7c-8c50-2855f31092e9 cc621de00d21409eada44fd6085930ac 78f7c67c2752405786e8cbf2660fe6cb - - default default] 10.0.0.91 "GET /v2.0/security-groups?tenant_id=7b332733673141f49955ed3d9e6182ed&name=default HTTP/1.1" status: 200 len: 2996 time: 0.7164457
2026-03-31 06:07:40.821 9 INFO neutron.wsgi [None req-342550a9-e90d-4f99-bad1-13aa99df4ffb d74ea1460556444ca4c1f047981c6225 7c0099881bb34737b85b356cbac6109c - - default default] 10.0.0.91 "GET /v2.0/ports/e15384eb-4bd5-45f6-908e-b5460f8caeb2 HTTP/1.1" status: 200 len: 1147 time: 0.0450804
2026-03-31 06:07:40.835 9 INFO neutron.db.ovn_revision_numbers_db [None req-c7312c83-f306-4f8f-9529-7f0a88bbb1b8 - - - - - -] Successfully bumped revision number for resource de90755c-ff3f-4b11-8ad1-55dc4d13d2ae (type: router_ports) to 4
2026-03-31 06:07:40.953 10 INFO neutron.wsgi [None req-09c89f60-4d48-4773-9550-5ff18b27cd31 cc621de00d21409eada44fd6085930ac 78f7c67c2752405786e8cbf2660fe6cb - - default default] 10.0.0.91 "DELETE /v2.0/security-groups/dad4e914-c3c6-4696-9df2-f90c4c3602c8 HTTP/1.1" status: 204 len: 168 time: 0.3365974
2026-03-31 06:07:41.004 10 INFO neutron.db.ovn_revision_numbers_db [None req-91de2929-d748-4e3a-acd2-a2e0c2372bc5 cc621de00d21409eada44fd6085930ac 78f7c67c2752405786e8cbf2660fe6cb - - default default] Successfully bumped revision number for resource 87c358fa-d10e-4098-80f6-314c60406372 (type: router_ports) to 1
2026-03-31 06:07:41.007 10 INFO neutron.wsgi [None req-91de2929-d748-4e3a-acd2-a2e0c2372bc5 cc621de00d21409eada44fd6085930ac 78f7c67c2752405786e8cbf2660fe6cb - - default default] 10.0.0.91 "PUT /v2.0/routers/8cd414a3-c8bb-4e0f-a0ff-a84b9bfa0139/add_router_interface HTTP/1.1" status: 200 len: 503 time: 2.5282912
2026-03-31 06:07:41.179 10 INFO neutron.db.ovn_revision_numbers_db [None req-7ebb1fcf-dff7-4a69-a9cf-f7ca22a1e97e cc621de00d21409eada44fd6085930ac 78f7c67c2752405786e8cbf2660fe6cb - - default default] Successfully bumped revision number for resource 909aaf1f-61cf-4023-996b-761f88f8afd7 (type: security_groups) to 1
2026-03-31 06:07:41.194 10 INFO neutron.db.ovn_revision_numbers_db [None req-7ebb1fcf-dff7-4a69-a9cf-f7ca22a1e97e cc621de00d21409eada44fd6085930ac 78f7c67c2752405786e8cbf2660fe6cb - - default default] Successfully bumped revision number for resource 148c15f3-c5a2-482a-b6b9-3869338da6b1 (type: security_group_rules) to 0
2026-03-31 06:07:41.211 10 INFO neutron.db.ovn_revision_numbers_db [None req-7ebb1fcf-dff7-4a69-a9cf-f7ca22a1e97e cc621de00d21409eada44fd6085930ac 78f7c67c2752405786e8cbf2660fe6cb - - default default] Successfully bumped revision number for resource 4659720c-ce2c-4640-9468-da99a2f95a48 (type: security_group_rules) to 0
2026-03-31 06:07:41.238 10 INFO neutron.db.ovn_revision_numbers_db [None req-7ebb1fcf-dff7-4a69-a9cf-f7ca22a1e97e cc621de00d21409eada44fd6085930ac 78f7c67c2752405786e8cbf2660fe6cb - - default default] Successfully bumped revision number for resource 4e6d125c-9c0c-40db-ba9d-67eccbec64ca (type: security_group_rules) to 0
2026-03-31 06:07:41.254 10 INFO neutron.db.ovn_revision_numbers_db [None req-7ebb1fcf-dff7-4a69-a9cf-f7ca22a1e97e cc621de00d21409eada44fd6085930ac 78f7c67c2752405786e8cbf2660fe6cb - - default default] Successfully bumped revision number for resource 8c35e881-e100-4e43-a65b-8b3f1ad1ba53 (type: security_group_rules) to 0
2026-03-31 06:07:41.288 10 INFO neutron.wsgi [None req-7ebb1fcf-dff7-4a69-a9cf-f7ca22a1e97e cc621de00d21409eada44fd6085930ac 78f7c67c2752405786e8cbf2660fe6cb - - default default] 10.0.0.91 "GET /v2.0/security-groups?tenant_id=926e2e57e4214ea3910c509d64ae0fc1&name=default HTTP/1.1" status: 200 len: 2996 time: 0.2190778
2026-03-31 06:07:41.511 10 INFO neutron.wsgi [None req-7d40d2a3-1ab6-45ba-80c6-7ffbe86ff2ea cc621de00d21409eada44fd6085930ac 78f7c67c2752405786e8cbf2660fe6cb - - default default] 10.0.0.91 "DELETE /v2.0/security-groups/909aaf1f-61cf-4023-996b-761f88f8afd7 HTTP/1.1" status: 204 len: 168 time: 0.2171044
2026-03-31 06:07:41.718 9 WARNING neutron.plugins.ml2.drivers.ovn.mech_driver.ovsdb.ovn_client [None req-4469b727-5a36-4c68-bd0b-e9e23aa67776 - - - - - -] No hosting information found for port 6158691e-2d28-4297-b838-eb24b47396de: RuntimeError: No hosting information found for port 6158691e-2d28-4297-b838-eb24b47396de
2026-03-31 06:07:41.718 9 INFO neutron.plugins.ml2.drivers.ovn.mech_driver.mech_driver [None req-4469b727-5a36-4c68-bd0b-e9e23aa67776 - - - - - -] OVN reports status up for port: de90755c-ff3f-4b11-8ad1-55dc4d13d2ae
2026-03-31 06:07:41.733 9 INFO neutron.plugins.ml2.plugin [None req-4469b727-5a36-4c68-bd0b-e9e23aa67776 - - - - - -] Attempt 1 to provision port de90755c-ff3f-4b11-8ad1-55dc4d13d2ae
2026-03-31 06:07:41.802 10 INFO neutron.db.ovn_revision_numbers_db [None req-3e001cff-5d60-472d-902c-4ed75bd53193 6f0cb21d8cc640f49bf2a783e7927223 fd87289e07ee4165a7890106cfee8d21 - - default default] Successfully bumped revision number for resource d6f0bd89-940f-418e-b5bf-7a12222ff5c6 (type: security_groups) to 1
2026-03-31 06:07:41.851 9 INFO neutron.plugins.ml2.drivers.ovn.mech_driver.mech_driver [None req-4469b727-5a36-4c68-bd0b-e9e23aa67776 - - - - - -] OVN reports status up for port: e15384eb-4bd5-45f6-908e-b5460f8caeb2
2026-03-31 06:07:41.852 10 INFO neutron.db.ovn_revision_numbers_db [None req-3e001cff-5d60-472d-902c-4ed75bd53193 6f0cb21d8cc640f49bf2a783e7927223 fd87289e07ee4165a7890106cfee8d21 - - default default] Successfully bumped revision number for resource c5cd6eba-053e-4a79-8d75-2d20dd68b280 (type: security_group_rules) to 0
2026-03-31 06:07:41.861 9 INFO neutron.plugins.ml2.plugin [None req-4469b727-5a36-4c68-bd0b-e9e23aa67776 - - - - - -] Attempt 1 to provision port e15384eb-4bd5-45f6-908e-b5460f8caeb2
2026-03-31 06:07:41.877 10 INFO neutron.db.ovn_revision_numbers_db [None req-3e001cff-5d60-472d-902c-4ed75bd53193 6f0cb21d8cc640f49bf2a783e7927223 fd87289e07ee4165a7890106cfee8d21 - - default default] Successfully bumped revision number for resource dfc61470-421a-441a-b629-543bf3c807c9 (type: security_group_rules) to 0
2026-03-31 06:07:41.917 10 INFO neutron.wsgi [None req-3e001cff-5d60-472d-902c-4ed75bd53193 6f0cb21d8cc640f49bf2a783e7927223 fd87289e07ee4165a7890106cfee8d21 - - default default] 10.0.0.91 "POST /v2.0/security-groups HTTP/1.1" status: 201 len: 1797 time: 0.2500381
