2026-03-31 06:07:19.435 10 WARNING neutron.api.rpc.agentnotifiers.dhcp_rpc_agent_api [None req-fb00ad7e-afab-4c11-9e59-d715887203b6 f9ffefb6eee0483eb88f03b924944281 426b38c4b1f34561826a0a15c6c64ccc - - default default] Unable to schedule network d28b3f8d-0d36-42c6-9c16-d171636b8594: no agents available; will retry on subsequent port and subnet creation events.
2026-03-31 06:07:19.620 10 INFO neutron.wsgi [None req-f5faf6eb-62f2-4d2d-9b95-fdfcacf8528c cc621de00d21409eada44fd6085930ac 78f7c67c2752405786e8cbf2660fe6cb - - default default] 10.0.0.91 "DELETE /v2.0/routers/58cfa039-604c-4026-aca0-86a54b222bdd HTTP/1.1" status: 204 len: 168 time: 1.0202868
2026-03-31 06:07:19.731 10 INFO neutron.db.ovn_revision_numbers_db [None req-fb00ad7e-afab-4c11-9e59-d715887203b6 f9ffefb6eee0483eb88f03b924944281 426b38c4b1f34561826a0a15c6c64ccc - - default default] Successfully bumped revision number for resource d8d57115-c123-4dcf-924a-e236dd1ff6c8 (type: ports) to 1
2026-03-31 06:07:19.762 10 INFO neutron.wsgi [None req-fb00ad7e-afab-4c11-9e59-d715887203b6 f9ffefb6eee0483eb88f03b924944281 426b38c4b1f34561826a0a15c6c64ccc - - default default] 10.0.0.91 "POST /v2.0/ports HTTP/1.1" status: 201 len: 1149 time: 0.9101222 /var/lib/openstack/lib/python3.10/site-packages/pycadf/identifier.py:71: UserWarning: Invalid uuid: neutron. To ensure interoperability, identifiers should be a valid uuid. warnings.warn(('Invalid uuid: %s. To ensure interoperability, '
2026-03-31 06:07:19.891 9 INFO neutron.wsgi [None req-6e641953-757d-4cb7-b163-b9bc7c426a7e cc621de00d21409eada44fd6085930ac 78f7c67c2752405786e8cbf2660fe6cb - - default default] 10.0.0.91 "DELETE /v2.0/subnets/26bbc852-07eb-4cf8-8318-7098d0583b7a HTTP/1.1" status: 204 len: 168 time: 0.2634618
2026-03-31 06:07:20.347 10 INFO neutron.wsgi [None req-1cce2b71-482c-4c9b-b532-d8613a9ca5f3 f9ffefb6eee0483eb88f03b924944281 426b38c4b1f34561826a0a15c6c64ccc - - default default] 10.0.0.91 "DELETE /v2.0/ports/d8d57115-c123-4dcf-924a-e236dd1ff6c8 HTTP/1.1" status: 204 len: 168 time: 0.5792422
2026-03-31 06:07:20.387 9 INFO neutron.pecan_wsgi.hooks.translation [None req-93bc2fea-e6a6-4561-8a3d-e430a2d5c8a1 f9ffefb6eee0483eb88f03b924944281 426b38c4b1f34561826a0a15c6c64ccc - - default default] DELETE failed (client error): The resource could not be found.
2026-03-31 06:07:20.390 9 INFO neutron.wsgi [None req-93bc2fea-e6a6-4561-8a3d-e430a2d5c8a1 f9ffefb6eee0483eb88f03b924944281 426b38c4b1f34561826a0a15c6c64ccc - - default default] 10.0.0.91 "DELETE /v2.0/ports/d8d57115-c123-4dcf-924a-e236dd1ff6c8 HTTP/1.1" status: 404 len: 333 time: 0.0348964
2026-03-31 06:07:20.424 10 INFO neutron.pecan_wsgi.hooks.translation [None req-11108e57-4e37-4bab-9d1e-b3b3464d76c7 f9ffefb6eee0483eb88f03b924944281 426b38c4b1f34561826a0a15c6c64ccc - - default default] GET failed (client error): The resource could not be found.
2026-03-31 06:07:20.426 10 INFO neutron.wsgi [None req-11108e57-4e37-4bab-9d1e-b3b3464d76c7 f9ffefb6eee0483eb88f03b924944281 426b38c4b1f34561826a0a15c6c64ccc - - default default] 10.0.0.91 "GET /v2.0/ports/d8d57115-c123-4dcf-924a-e236dd1ff6c8 HTTP/1.1" status: 404 len: 333 time: 0.0272677
2026-03-31 06:07:20.492 10 INFO neutron.services.segments.plugin [-] Segment d222ecba-23ee-4fa7-8d7f-b884a6a0a434 resource provider aggregate not found
2026-03-31 06:07:20.499 10 INFO neutron.services.segments.plugin [-] Segment d222ecba-23ee-4fa7-8d7f-b884a6a0a434 resource provider aggregate not found
2026-03-31 06:07:20.503 9 INFO neutron.wsgi [req-37c3b417-d6d0-4398-a4a1-2fbec725622a req-8d9ac6e7-472b-4882-b68b-55bf57cd68ef 8cf9541c39404139bdc591661c9b5914 3a010c2e184d42a0a3de0810ce2d149e - - default default] 10.0.0.217 "GET /v2.0/ports?device_id=1aa171f8-d372-4732-bccc-f8cca23c3759 HTTP/1.1" status: 200 len: 1170 time: 0.1359305
2026-03-31 06:07:20.524 10 INFO neutron.services.segments.plugin [-] Segment d222ecba-23ee-4fa7-8d7f-b884a6a0a434 resource provider not found; error: Placement Client Error (4xx): {"errors": [{"status": 404, "title": "Not Found", "detail": "The resource could not be found.\n\n No resource provider with uuid d222ecba-23ee-4fa7-8d7f-b884a6a0a434 found for delete ", "request_id": "req-d2d7f5bc-2936-486b-99b8-44539be0d77d"}]}
2026-03-31 06:07:20.531 10 INFO neutron.services.segments.plugin [-] Segment d222ecba-23ee-4fa7-8d7f-b884a6a0a434 resource provider not found; error: Placement Client Error (4xx): {"errors": [{"status": 404, "title": "Not Found", "detail": "The resource could not be found.\n\n No resource provider with uuid d222ecba-23ee-4fa7-8d7f-b884a6a0a434 found for delete ", "request_id": "req-09886db2-fd2a-454a-945d-accd66f3a1b6"}]}
2026-03-31 06:07:20.558 10 INFO neutron.wsgi [None req-e4155c61-3bdb-46b1-b7df-24de183f6b1b cc621de00d21409eada44fd6085930ac 78f7c67c2752405786e8cbf2660fe6cb - - default default] 10.0.0.91 "DELETE /v2.0/networks/c439cee4-2452-4646-b357-ff76cb5fe120 HTTP/1.1" status: 204 len: 168 time: 0.6627965
2026-03-31 06:07:20.696 10 INFO neutron.wsgi [req-6089eadc-3f6e-45fa-bb9f-3c7245aead5a req-f18244d0-8f27-457f-b8aa-cb77c3a8273c 8cf9541c39404139bdc591661c9b5914 3a010c2e184d42a0a3de0810ce2d149e - - default default] 10.0.0.217 "GET /v2.0/ports/67d39c24-f429-400c-bc39-4ae8f71a1dea HTTP/1.1" status: 200 len: 1167 time: 0.1182353
2026-03-31 06:07:20.716 9 INFO neutron.wsgi [None req-9ffc2ce0-bf7f-40df-8bdb-7219d9a9bd8b f9ffefb6eee0483eb88f03b924944281 426b38c4b1f34561826a0a15c6c64ccc - - default default] 10.0.0.91 "DELETE /v2.0/subnets/ac697589-2850-4a5e-8e26-3ac558bb740a HTTP/1.1" status: 204 len: 168 time: 0.2843783
2026-03-31 06:07:20.869 10 INFO neutron.wsgi [None req-6166d84c-b2be-48e9-8753-0e410ff1cbee cc621de00d21409eada44fd6085930ac 78f7c67c2752405786e8cbf2660fe6cb - - default default] 10.0.0.91 "GET /v2.0/security-groups?tenant_id=2ea39be1832d4686b26fb22a757a4f10&name=default HTTP/1.1" status: 200 len: 2992 time: 0.0648699
2026-03-31 06:07:20.904 10 INFO neutron.wsgi [req-8405c1c0-964a-40c1-946d-3035f02d8c14 req-406bcd9e-6028-4866-a294-a2ca066fd4cd 8cf9541c39404139bdc591661c9b5914 3a010c2e184d42a0a3de0810ce2d149e - - default default] 199.204.45.141 "GET /v2.0/subnets?network_id=a5b80e69-4ced-45bf-ba2b-9c8c379ba84d HTTP/1.1" status: 200 len: 858 time: 0.0478718
2026-03-31 06:07:20.998 10 INFO neutron.wsgi [req-8405c1c0-964a-40c1-946d-3035f02d8c14 req-0b3483d8-edad-41c8-9455-75d1db61bbf9 8cf9541c39404139bdc591661c9b5914 3a010c2e184d42a0a3de0810ce2d149e - - default default] 199.204.45.141 "GET /v2.0/ports?device_id=1aa171f8-d372-4732-bccc-f8cca23c3759&device_owner=compute%3Anova&network_id=a5b80e69-4ced-45bf-ba2b-9c8c379ba84d HTTP/1.1" status: 200 len: 1170 time: 0.0836177
2026-03-31 06:07:21.149 9 INFO neutron.services.segments.plugin [-] Segment f735a030-b71a-4555-8291-0520447e87f9 resource provider aggregate not found
2026-03-31 06:07:21.158 9 INFO neutron.services.segments.plugin [-] Segment f735a030-b71a-4555-8291-0520447e87f9 resource provider aggregate not found
2026-03-31 06:07:21.174 9 INFO neutron.services.segments.plugin [-] Segment f735a030-b71a-4555-8291-0520447e87f9 resource provider not found; error: Placement Client Error (4xx): {"errors": [{"status": 404, "title": "Not Found", "detail": "The resource could not be found.\n\n No resource provider with uuid f735a030-b71a-4555-8291-0520447e87f9 found for delete ", "request_id": "req-0c39e91e-b202-4a59-9bd9-1c7b5e554138"}]}
2026-03-31 06:07:21.179 9 INFO neutron.services.segments.plugin [-] Segment f735a030-b71a-4555-8291-0520447e87f9 resource provider not found; error: Placement Client Error (4xx): {"errors": [{"status": 404, "title": "Not Found", "detail": "The resource could not be found.\n\n No resource provider with uuid f735a030-b71a-4555-8291-0520447e87f9 found for delete ", "request_id": "req-033bd17a-16f4-4cfa-9afa-ef2232d3c57c"}]}
2026-03-31 06:07:21.206 9 INFO neutron.wsgi [None req-25c67d64-99dd-4a7a-a4db-9225e438cd39 f9ffefb6eee0483eb88f03b924944281 426b38c4b1f34561826a0a15c6c64ccc - - default default] 10.0.0.91 "DELETE /v2.0/networks/d28b3f8d-0d36-42c6-9c16-d171636b8594 HTTP/1.1" status: 204 len: 168 time: 0.4840000
2026-03-31 06:07:21.256 9 INFO neutron.wsgi [None req-1f053cff-9939-496b-9e6f-ef4c58c112f6 cc621de00d21409eada44fd6085930ac 78f7c67c2752405786e8cbf2660fe6cb - - default default] 10.0.0.91 "DELETE /v2.0/security-groups/943953ef-3776-4c80-8ba3-9d4c958201b5 HTTP/1.1" status: 204 len: 168 time: 0.3788424
2026-03-31 06:07:21.320 9 INFO neutron.db.segments_db [None req-8254399e-9578-4069-96e5-0c16309df14a f9ffefb6eee0483eb88f03b924944281 426b38c4b1f34561826a0a15c6c64ccc - - default default] Added segment ca320a14-2471-4724-ad08-1738cc410077 of type geneve for network c76e3307-09f0-428f-871f-068bde7ad51d
2026-03-31 06:07:21.530 9 INFO neutron.db.ovn_revision_numbers_db [None req-8254399e-9578-4069-96e5-0c16309df14a f9ffefb6eee0483eb88f03b924944281 426b38c4b1f34561826a0a15c6c64ccc - - default default] Successfully bumped revision number for resource c76e3307-09f0-428f-871f-068bde7ad51d (type: networks) to 1
2026-03-31 06:07:21.932 10 INFO neutron.db.ovn_revision_numbers_db [req-8405c1c0-964a-40c1-946d-3035f02d8c14 req-ce745d78-222a-45b1-bb22-61f5bf575c4a 8cf9541c39404139bdc591661c9b5914 3a010c2e184d42a0a3de0810ce2d149e - - default default] Successfully bumped revision number for resource 67d39c24-f429-400c-bc39-4ae8f71a1dea (type: ports) to 5
2026-03-31 06:07:21.950 10 INFO neutron.wsgi [req-8405c1c0-964a-40c1-946d-3035f02d8c14 req-ce745d78-222a-45b1-bb22-61f5bf575c4a 8cf9541c39404139bdc591661c9b5914 3a010c2e184d42a0a3de0810ce2d149e - - default default] 199.204.45.141 "PUT /v2.0/ports/67d39c24-f429-400c-bc39-4ae8f71a1dea HTTP/1.1" status: 200 len: 1345 time: 0.9468420 /var/lib/openstack/lib/python3.10/site-packages/pycadf/identifier.py:71: UserWarning: Invalid uuid: neutron. To ensure interoperability, identifiers should be a valid uuid. warnings.warn(('Invalid uuid: %s. To ensure interoperability, '
2026-03-31 06:07:21.990 10 INFO neutron.notifiers.nova [-] Nova event matching ['req-2e65a457-54b6-4a28-8fab-078c0610baea'] response: {'name': 'network-changed', 'server_uuid': '1aa171f8-d372-4732-bccc-f8cca23c3759', 'tag': '67d39c24-f429-400c-bc39-4ae8f71a1dea', 'status': 'completed', 'code': 200}
2026-03-31 06:07:22.025 10 INFO neutron.wsgi [req-8405c1c0-964a-40c1-946d-3035f02d8c14 req-54da785e-9fa8-4e8c-a334-d71b5b93adbe bf55a6de073745a6bcbdb2f1ff534e13 3d98a71b7a424de280b0aa60b942e473 - - edb1acb7a6e04cbeaf7e0ec679801393 edb1acb7a6e04cbeaf7e0ec679801393] 199.204.45.141 "GET /v2.0/ports?tenant_id=3a010c2e184d42a0a3de0810ce2d149e&device_id=1aa171f8-d372-4732-bccc-f8cca23c3759 HTTP/1.1" status: 200 len: 1586 time: 0.0490727
2026-03-31 06:07:22.106 10 INFO neutron.wsgi [req-8405c1c0-964a-40c1-946d-3035f02d8c14 req-60f8c089-e178-432a-a6cb-8d38e805f06d bf55a6de073745a6bcbdb2f1ff534e13 3d98a71b7a424de280b0aa60b942e473 - - edb1acb7a6e04cbeaf7e0ec679801393 edb1acb7a6e04cbeaf7e0ec679801393] 199.204.45.141 "GET /v2.0/networks?id=a5b80e69-4ced-45bf-ba2b-9c8c379ba84d HTTP/1.1" status: 200 len: 981 time: 0.0717571
2026-03-31 06:07:22.142 10 INFO neutron.wsgi [req-8405c1c0-964a-40c1-946d-3035f02d8c14 req-8c2731d4-b06a-46cd-b359-db1383484411 bf55a6de073745a6bcbdb2f1ff534e13 3d98a71b7a424de280b0aa60b942e473 - - edb1acb7a6e04cbeaf7e0ec679801393 edb1acb7a6e04cbeaf7e0ec679801393] 199.204.45.141 "GET /v2.0/floatingips?fixed_ip_address=10.100.0.4&port_id=67d39c24-f429-400c-bc39-4ae8f71a1dea HTTP/1.1" status: 200 len: 217 time: 0.0273464
2026-03-31 06:07:22.169 9 WARNING neutron.scheduler.dhcp_agent_scheduler [None req-8254399e-9578-4069-96e5-0c16309df14a f9ffefb6eee0483eb88f03b924944281 426b38c4b1f34561826a0a15c6c64ccc - - default default] No more DHCP agents
2026-03-31 06:07:22.172 9 WARNING neutron.api.rpc.agentnotifiers.dhcp_rpc_agent_api [None req-8254399e-9578-4069-96e5-0c16309df14a f9ffefb6eee0483eb88f03b924944281 426b38c4b1f34561826a0a15c6c64ccc - - default default] Unable to schedule network c76e3307-09f0-428f-871f-068bde7ad51d: no agents available; will retry on subsequent port and subnet creation events.
2026-03-31 06:07:22.194 10 INFO neutron.wsgi [req-8405c1c0-964a-40c1-946d-3035f02d8c14 req-06ea92d9-1bc8-48fe-a812-027a90adb05a bf55a6de073745a6bcbdb2f1ff534e13 3d98a71b7a424de280b0aa60b942e473 - - edb1acb7a6e04cbeaf7e0ec679801393 edb1acb7a6e04cbeaf7e0ec679801393] 199.204.45.141 "GET /v2.0/floatingips?fixed_ip_address=10.100.0.7&port_id=67d39c24-f429-400c-bc39-4ae8f71a1dea HTTP/1.1" status: 200 len: 1059 time: 0.0459933
2026-03-31 06:07:22.256 10 INFO neutron.wsgi [req-8405c1c0-964a-40c1-946d-3035f02d8c14 req-2ae0c1ba-1184-4c09-aa27-217fd50f7a8f bf55a6de073745a6bcbdb2f1ff534e13 3d98a71b7a424de280b0aa60b942e473 - - edb1acb7a6e04cbeaf7e0ec679801393 edb1acb7a6e04cbeaf7e0ec679801393] 199.204.45.141 "GET /v2.0/subnets?id=858b355a-7ae9-4d09-bac7-662502a416f1 HTTP/1.1" status: 200 len: 876 time: 0.0550888
2026-03-31 06:07:22.288 10 INFO neutron.wsgi [req-8405c1c0-964a-40c1-946d-3035f02d8c14 req-be5858b6-9003-485e-984e-f0988d55281f bf55a6de073745a6bcbdb2f1ff534e13 3d98a71b7a424de280b0aa60b942e473 - - edb1acb7a6e04cbeaf7e0ec679801393 edb1acb7a6e04cbeaf7e0ec679801393] 199.204.45.141 "GET /v2.0/ports?network_id=a5b80e69-4ced-45bf-ba2b-9c8c379ba84d&device_owner=network%3Adhcp HTTP/1.1" status: 200 len: 210 time: 0.0240886
2026-03-31 06:07:22.290 9 INFO neutron.db.ovn_revision_numbers_db [None req-8254399e-9578-4069-96e5-0c16309df14a f9ffefb6eee0483eb88f03b924944281 426b38c4b1f34561826a0a15c6c64ccc - - default default] Successfully bumped revision number for resource 2e00f83e-d772-481f-a698-2f59cb98f132 (type: ports) to 1
2026-03-31 06:07:22.321 9 INFO neutron.wsgi [None req-8254399e-9578-4069-96e5-0c16309df14a f9ffefb6eee0483eb88f03b924944281 426b38c4b1f34561826a0a15c6c64ccc - - default default] 10.0.0.91 "POST /v2.0/networks HTTP/1.1" status: 201 len: 831 time: 1.1070220
2026-03-31 06:07:22.392 10 INFO neutron.wsgi [req-8405c1c0-964a-40c1-946d-3035f02d8c14 req-5bee5711-c396-4a8b-878a-fbd209b49372 bf55a6de073745a6bcbdb2f1ff534e13 3d98a71b7a424de280b0aa60b942e473 - - edb1acb7a6e04cbeaf7e0ec679801393 edb1acb7a6e04cbeaf7e0ec679801393] 199.204.45.141 "GET /v2.0/networks/a5b80e69-4ced-45bf-ba2b-9c8c379ba84d?fields=segments HTTP/1.1" status: 200 len: 212 time: 0.0976040
2026-03-31 06:07:22.453 9 INFO neutron.db.ovn_revision_numbers_db [None req-3dc04437-f161-47fb-af3f-e6acfb5f27eb cc621de00d21409eada44fd6085930ac 78f7c67c2752405786e8cbf2660fe6cb - - default default] Successfully bumped revision number for resource ad07cde0-690a-41c4-89c7-d2706c251128 (type: security_groups) to 1
2026-03-31 06:07:22.470 9 INFO neutron.db.ovn_revision_numbers_db [None req-3dc04437-f161-47fb-af3f-e6acfb5f27eb cc621de00d21409eada44fd6085930ac 78f7c67c2752405786e8cbf2660fe6cb - - default default] Successfully bumped revision number for resource 2b6fcb67-dabf-458d-a115-5e3b1505780e (type: security_group_rules) to 0
2026-03-31 06:07:22.493 9 INFO neutron.db.ovn_revision_numbers_db [None req-3dc04437-f161-47fb-af3f-e6acfb5f27eb cc621de00d21409eada44fd6085930ac 78f7c67c2752405786e8cbf2660fe6cb - - default default] Successfully bumped revision number for resource 60416cb6-5137-4a1d-9a6f-bfeb04490167 (type: security_group_rules) to 0
2026-03-31 06:07:22.493 10 INFO neutron.wsgi [req-8405c1c0-964a-40c1-946d-3035f02d8c14 req-1faa80ca-7607-40c2-8199-7e1af82b9fd2 bf55a6de073745a6bcbdb2f1ff534e13 3d98a71b7a424de280b0aa60b942e473 - - edb1acb7a6e04cbeaf7e0ec679801393 edb1acb7a6e04cbeaf7e0ec679801393] 199.204.45.141 "GET /v2.0/networks/a5b80e69-4ced-45bf-ba2b-9c8c379ba84d?fields=provider%3Aphysical_network&fields=provider%3Anetwork_type HTTP/1.1" status: 200 len: 277 time: 0.0938129
2026-03-31 06:07:22.511 9 INFO neutron.db.ovn_revision_numbers_db [None req-3dc04437-f161-47fb-af3f-e6acfb5f27eb cc621de00d21409eada44fd6085930ac 78f7c67c2752405786e8cbf2660fe6cb - - default default] Successfully bumped revision number for resource 98c08866-4b05-43b9-b2c9-2b3a48fb4213 (type: security_group_rules) to 0
2026-03-31 06:07:22.527 9 INFO neutron.db.ovn_revision_numbers_db [None req-3dc04437-f161-47fb-af3f-e6acfb5f27eb cc621de00d21409eada44fd6085930ac 78f7c67c2752405786e8cbf2660fe6cb - - default default] Successfully bumped revision number for resource b2479f1e-e37c-406f-9253-dbd4401dea02 (type: security_group_rules) to 0
2026-03-31 06:07:22.577 9 INFO neutron.wsgi [None req-3dc04437-f161-47fb-af3f-e6acfb5f27eb cc621de00d21409eada44fd6085930ac 78f7c67c2752405786e8cbf2660fe6cb - - default default] 10.0.0.91 "GET /v2.0/security-groups?tenant_id=cfed1c8cbc884071ade317fcb3a43a64&name=default HTTP/1.1" status: 200 len: 2996 time: 0.3812988
2026-03-31 06:07:22.582 10 INFO neutron.wsgi [req-c47cc3b9-f995-49c7-a37d-cf24f60ded60 req-0c9a839d-2480-4233-91eb-2c0fbe5c13c6 bf55a6de073745a6bcbdb2f1ff534e13 3d98a71b7a424de280b0aa60b942e473 - - edb1acb7a6e04cbeaf7e0ec679801393 edb1acb7a6e04cbeaf7e0ec679801393] 199.204.45.141 "GET /v2.0/ports?tenant_id=3a010c2e184d42a0a3de0810ce2d149e&device_id=1aa171f8-d372-4732-bccc-f8cca23c3759 HTTP/1.1" status: 200 len: 1586 time: 0.0360386
2026-03-31 06:07:22.678 10 INFO neutron.wsgi [req-c47cc3b9-f995-49c7-a37d-cf24f60ded60 req-56badf48-0151-4f41-905e-b147e22eb392 bf55a6de073745a6bcbdb2f1ff534e13 3d98a71b7a424de280b0aa60b942e473 - - edb1acb7a6e04cbeaf7e0ec679801393 edb1acb7a6e04cbeaf7e0ec679801393] 199.204.45.141 "GET /v2.0/networks?id=a5b80e69-4ced-45bf-ba2b-9c8c379ba84d HTTP/1.1" status: 200 len: 981 time: 0.0876603
2026-03-31 06:07:22.741 10 WARNING neutron.scheduler.dhcp_agent_scheduler [None req-c3a32543-47f0-40b0-bba4-269f1fb98dd7 f9ffefb6eee0483eb88f03b924944281 426b38c4b1f34561826a0a15c6c64ccc - - default default] No more DHCP agents
2026-03-31 06:07:22.746 10 INFO neutron.wsgi [req-c47cc3b9-f995-49c7-a37d-cf24f60ded60 req-0c49aea8-e094-44a5-a971-14b5226a601b bf55a6de073745a6bcbdb2f1ff534e13 3d98a71b7a424de280b0aa60b942e473 - - edb1acb7a6e04cbeaf7e0ec679801393 edb1acb7a6e04cbeaf7e0ec679801393] 199.204.45.141 "GET /v2.0/floatingips?fixed_ip_address=10.100.0.4&port_id=67d39c24-f429-400c-bc39-4ae8f71a1dea HTTP/1.1" status: 200 len: 217 time: 0.0529859
2026-03-31 06:07:22.749 10 WARNING neutron.api.rpc.agentnotifiers.dhcp_rpc_agent_api [None req-c3a32543-47f0-40b0-bba4-269f1fb98dd7 f9ffefb6eee0483eb88f03b924944281 426b38c4b1f34561826a0a15c6c64ccc - - default default] Unable to schedule network c76e3307-09f0-428f-871f-068bde7ad51d: no agents available; will retry on subsequent port and subnet creation events.
2026-03-31 06:07:22.818 9 INFO neutron.wsgi [None req-71453d6c-d28d-4c07-a992-e234baf3bb11 cc621de00d21409eada44fd6085930ac 78f7c67c2752405786e8cbf2660fe6cb - - default default] 10.0.0.91 "DELETE /v2.0/security-groups/ad07cde0-690a-41c4-89c7-d2706c251128 HTTP/1.1" status: 204 len: 168 time: 0.2338557
2026-03-31 06:07:22.820 10 INFO neutron.wsgi [req-c47cc3b9-f995-49c7-a37d-cf24f60ded60 req-7e91ff18-6bae-4901-a474-afb5f1bcd2a2 bf55a6de073745a6bcbdb2f1ff534e13 3d98a71b7a424de280b0aa60b942e473 - - edb1acb7a6e04cbeaf7e0ec679801393 edb1acb7a6e04cbeaf7e0ec679801393] 199.204.45.141 "GET /v2.0/floatingips?fixed_ip_address=10.100.0.7&port_id=67d39c24-f429-400c-bc39-4ae8f71a1dea HTTP/1.1" status: 200 len: 1059 time: 0.0573201
2026-03-31 06:07:22.879 10 INFO neutron.wsgi [req-c47cc3b9-f995-49c7-a37d-cf24f60ded60 req-7cc367a0-ed26-49cc-932a-d57f0709d095 bf55a6de073745a6bcbdb2f1ff534e13 3d98a71b7a424de280b0aa60b942e473 - - edb1acb7a6e04cbeaf7e0ec679801393 edb1acb7a6e04cbeaf7e0ec679801393] 199.204.45.141 "GET /v2.0/subnets?id=858b355a-7ae9-4d09-bac7-662502a416f1 HTTP/1.1" status: 200 len: 876 time: 0.0514064
2026-03-31 06:07:22.911 10 INFO neutron.wsgi [req-c47cc3b9-f995-49c7-a37d-cf24f60ded60 req-1abdfe4b-274e-4410-9ef5-dbc812049b7c bf55a6de073745a6bcbdb2f1ff534e13 3d98a71b7a424de280b0aa60b942e473 - - edb1acb7a6e04cbeaf7e0ec679801393 edb1acb7a6e04cbeaf7e0ec679801393] 199.204.45.141 "GET /v2.0/ports?network_id=a5b80e69-4ced-45bf-ba2b-9c8c379ba84d&device_owner=network%3Adhcp HTTP/1.1" status: 200 len: 210 time: 0.0239913
2026-03-31 06:07:23.017 10 INFO neutron.wsgi [req-c47cc3b9-f995-49c7-a37d-cf24f60ded60 req-1a6c2d9e-8de6-4997-9104-1b27941c15e2 bf55a6de073745a6bcbdb2f1ff534e13 3d98a71b7a424de280b0aa60b942e473 - - edb1acb7a6e04cbeaf7e0ec679801393 edb1acb7a6e04cbeaf7e0ec679801393] 199.204.45.141 "GET /v2.0/networks/a5b80e69-4ced-45bf-ba2b-9c8c379ba84d?fields=segments HTTP/1.1" status: 200 len: 212 time: 0.0929079
2026-03-31 06:07:23.055 9 INFO neutron.wsgi [req-8a3d6b50-9271-478b-bc8d-62f3841a7ca5 req-50dc16f8-152a-49d1-9dcf-63d765270fe8 8cf9541c39404139bdc591661c9b5914 3a010c2e184d42a0a3de0810ce2d149e - - default default] 10.0.0.217 "GET /v2.0/ports?device_id=1aa171f8-d372-4732-bccc-f8cca23c3759 HTTP/1.1" status: 200 len: 1348 time: 0.0544555
2026-03-31 06:07:23.110 9 INFO neutron.wsgi [req-8a3d6b50-9271-478b-bc8d-62f3841a7ca5 req-ccf3b50f-d4b2-4aa5-b74e-547179a981c0 8cf9541c39404139bdc591661c9b5914 3a010c2e184d42a0a3de0810ce2d149e - - default default] 10.0.0.217 "GET /v2.0/security-groups?id=1b38347b-0f97-4269-83c4-d7b21fa0fc4e&fields=id&fields=name HTTP/1.1" status: 200 len: 312 time: 0.0476310
2026-03-31 06:07:23.135 10 INFO neutron.wsgi [req-c47cc3b9-f995-49c7-a37d-cf24f60ded60 req-616c3b14-aae1-49e3-8747-2f1c33e8411a bf55a6de073745a6bcbdb2f1ff534e13 3d98a71b7a424de280b0aa60b942e473 - - edb1acb7a6e04cbeaf7e0ec679801393 edb1acb7a6e04cbeaf7e0ec679801393] 199.204.45.141 "GET /v2.0/networks/a5b80e69-4ced-45bf-ba2b-9c8c379ba84d?fields=provider%3Aphysical_network&fields=provider%3Anetwork_type HTTP/1.1" status: 200 len: 277 time: 0.1023941
2026-03-31 06:07:23.230 10 INFO neutron.db.ovn_revision_numbers_db [None req-db1a410c-c050-4714-87df-9febda1cd963 cc621de00d21409eada44fd6085930ac 78f7c67c2752405786e8cbf2660fe6cb - - default default] Successfully bumped revision number for resource 0c5be1a6-c437-48cb-8abb-7b648d7fd9d9 (type: security_groups) to 1
2026-03-31 06:07:23.297 10 INFO neutron.db.ovn_revision_numbers_db [None req-db1a410c-c050-4714-87df-9febda1cd963 cc621de00d21409eada44fd6085930ac 78f7c67c2752405786e8cbf2660fe6cb - - default default] Successfully bumped revision number for resource 75387e06-aac3-45d1-a0ba-e8406101c57d (type: security_group_rules) to 0
2026-03-31 06:07:23.304 10 INFO neutron.wsgi [req-6cabe4b7-5c3c-4fd2-af0c-a3d8b89e9cc4 req-180149fc-f0b3-452f-b86f-6e923d195a33 8cf9541c39404139bdc591661c9b5914 3a010c2e184d42a0a3de0810ce2d149e - - default default] 199.204.45.141 "GET /v2.0/ports?device_id=1aa171f8-d372-4732-bccc-f8cca23c3759&device_owner=compute%3Anova&fixed_ips=ip_address%3D10.100.0.4 HTTP/1.1" status: 200 len: 1348 time: 0.0778563
2026-03-31 06:07:23.346 10 INFO neutron.db.ovn_revision_numbers_db [None req-db1a410c-c050-4714-87df-9febda1cd963 cc621de00d21409eada44fd6085930ac 78f7c67c2752405786e8cbf2660fe6cb - - default default] Successfully bumped revision number for resource 765fa03b-674a-430d-9ba7-bf296758fd59 (type: security_group_rules) to 0
2026-03-31 06:07:23.379 10 INFO neutron.db.ovn_revision_numbers_db [None req-db1a410c-c050-4714-87df-9febda1cd963 cc621de00d21409eada44fd6085930ac 78f7c67c2752405786e8cbf2660fe6cb - - default default] Successfully bumped revision number for resource 939611f8-7a51-449a-9238-794bc14b9d76 (type: security_group_rules) to 0
2026-03-31 06:07:23.416 10 INFO neutron.db.ovn_revision_numbers_db [None req-db1a410c-c050-4714-87df-9febda1cd963 cc621de00d21409eada44fd6085930ac 78f7c67c2752405786e8cbf2660fe6cb - - default default] Successfully bumped revision number for resource b6c22950-3c72-4236-83e4-5e54a79aa377 (type: security_group_rules) to 0
2026-03-31 06:07:23.471 10 INFO neutron.wsgi [None req-db1a410c-c050-4714-87df-9febda1cd963 cc621de00d21409eada44fd6085930ac 78f7c67c2752405786e8cbf2660fe6cb - - default default] 10.0.0.91 "GET /v2.0/security-groups?tenant_id=c0e64e4ec38c4b5a9840cbadddc06b5f&name=default HTTP/1.1" status: 200 len: 2996 time: 0.4574876
2026-03-31 06:07:23.690 10 INFO neutron.db.ovn_revision_numbers_db [None req-c3a32543-47f0-40b0-bba4-269f1fb98dd7 f9ffefb6eee0483eb88f03b924944281 426b38c4b1f34561826a0a15c6c64ccc - - default default] Successfully bumped revision number for resource 2e00f83e-d772-481f-a698-2f59cb98f132 (type: ports) to 2
2026-03-31 06:07:23.786 10 INFO neutron.db.ovn_revision_numbers_db [None req-c3a32543-47f0-40b0-bba4-269f1fb98dd7 f9ffefb6eee0483eb88f03b924944281 426b38c4b1f34561826a0a15c6c64ccc - - default default] Successfully bumped revision number for resource ad692137-2b92-4ff6-9b04-1dcbf45df54d (type: subnets) to 0
2026-03-31 06:07:23.827 10 INFO neutron.wsgi [None req-c3a32543-47f0-40b0-bba4-269f1fb98dd7 f9ffefb6eee0483eb88f03b924944281 426b38c4b1f34561826a0a15c6c64ccc - - default default] 10.0.0.91 "POST /v2.0/subnets HTTP/1.1" status: 201 len: 801 time: 1.4930065
2026-03-31 06:07:24.089 10 INFO neutron.wsgi [None req-dad86f94-5ae8-4d16-8f98-f3b442649342 cc621de00d21409eada44fd6085930ac 78f7c67c2752405786e8cbf2660fe6cb - - default default] 10.0.0.91 "DELETE /v2.0/security-groups/0c5be1a6-c437-48cb-8abb-7b648d7fd9d9 HTTP/1.1" status: 204 len: 168 time: 0.6132393
2026-03-31 06:07:24.169 10 INFO neutron.db.ovn_revision_numbers_db [req-6cabe4b7-5c3c-4fd2-af0c-a3d8b89e9cc4 req-1de98767-cdb6-4f82-807c-1a99ded9577c 8cf9541c39404139bdc591661c9b5914 3a010c2e184d42a0a3de0810ce2d149e - - default default] Successfully bumped revision number for resource 67d39c24-f429-400c-bc39-4ae8f71a1dea (type: ports) to 6
2026-03-31 06:07:24.188 10 INFO neutron.wsgi [req-6cabe4b7-5c3c-4fd2-af0c-a3d8b89e9cc4 req-1de98767-cdb6-4f82-807c-1a99ded9577c 8cf9541c39404139bdc591661c9b5914 3a010c2e184d42a0a3de0810ce2d149e - - default default] 199.204.45.141 "PUT /v2.0/ports/67d39c24-f429-400c-bc39-4ae8f71a1dea HTTP/1.1" status: 200 len: 1167 time: 0.8775587 /var/lib/openstack/lib/python3.10/site-packages/pycadf/identifier.py:71: UserWarning: Invalid uuid: neutron. To ensure interoperability, identifiers should be a valid uuid. warnings.warn(('Invalid uuid: %s. To ensure interoperability, '
2026-03-31 06:07:24.234 10 INFO neutron.notifiers.nova [-] Nova event matching ['req-092ce3b6-49eb-44ed-b9df-d86bed468a09'] response: {'name': 'network-changed', 'server_uuid': '1aa171f8-d372-4732-bccc-f8cca23c3759', 'tag': '67d39c24-f429-400c-bc39-4ae8f71a1dea', 'status': 'completed', 'code': 200}
2026-03-31 06:07:24.263 10 INFO neutron.wsgi [req-6cabe4b7-5c3c-4fd2-af0c-a3d8b89e9cc4 req-b9596b04-ae54-4efb-bdb6-dffc455d8da6 bf55a6de073745a6bcbdb2f1ff534e13 3d98a71b7a424de280b0aa60b942e473 - - edb1acb7a6e04cbeaf7e0ec679801393 edb1acb7a6e04cbeaf7e0ec679801393] 199.204.45.141 "GET /v2.0/ports?tenant_id=3a010c2e184d42a0a3de0810ce2d149e&device_id=1aa171f8-d372-4732-bccc-f8cca23c3759 HTTP/1.1" status: 200 len: 1409 time: 0.0409269
2026-03-31 06:07:24.372 10 INFO neutron.wsgi [req-6cabe4b7-5c3c-4fd2-af0c-a3d8b89e9cc4 req-265c6ba1-53eb-4dd0-82ad-dbcd934b42fb bf55a6de073745a6bcbdb2f1ff534e13 3d98a71b7a424de280b0aa60b942e473 - - edb1acb7a6e04cbeaf7e0ec679801393 edb1acb7a6e04cbeaf7e0ec679801393] 199.204.45.141 "GET /v2.0/networks?id=a5b80e69-4ced-45bf-ba2b-9c8c379ba84d HTTP/1.1" status: 200 len: 981 time: 0.1010475
2026-03-31 06:07:24.434 10 INFO neutron.wsgi [req-6cabe4b7-5c3c-4fd2-af0c-a3d8b89e9cc4 req-8f42e55b-b731-4c0e-9c03-29fde13060fb bf55a6de073745a6bcbdb2f1ff534e13 3d98a71b7a424de280b0aa60b942e473 - - edb1acb7a6e04cbeaf7e0ec679801393 edb1acb7a6e04cbeaf7e0ec679801393] 199.204.45.141 "GET /v2.0/floatingips?fixed_ip_address=10.100.0.7&port_id=67d39c24-f429-400c-bc39-4ae8f71a1dea HTTP/1.1" status: 200 len: 1059 time: 0.0543044
2026-03-31 06:07:24.441 9 WARNING neutron.scheduler.dhcp_agent_scheduler [None req-aecd1833-f818-4762-a2ff-861880557c96 f9ffefb6eee0483eb88f03b924944281 426b38c4b1f34561826a0a15c6c64ccc - - default default] No more DHCP agents
2026-03-31 06:07:24.444 9 WARNING neutron.api.rpc.agentnotifiers.dhcp_rpc_agent_api [None req-aecd1833-f818-4762-a2ff-861880557c96 f9ffefb6eee0483eb88f03b924944281 426b38c4b1f34561826a0a15c6c64ccc - - default default] Unable to schedule network c76e3307-09f0-428f-871f-068bde7ad51d: no agents available; will retry on subsequent port and subnet creation events.
2026-03-31 06:07:24.479 10 INFO neutron.wsgi [req-6cabe4b7-5c3c-4fd2-af0c-a3d8b89e9cc4 req-d0d84a04-0e68-4007-a24f-8f7da6929c2c bf55a6de073745a6bcbdb2f1ff534e13 3d98a71b7a424de280b0aa60b942e473 - - edb1acb7a6e04cbeaf7e0ec679801393 edb1acb7a6e04cbeaf7e0ec679801393] 199.204.45.141 "GET /v2.0/subnets?id=858b355a-7ae9-4d09-bac7-662502a416f1 HTTP/1.1" status: 200 len: 876 time: 0.0386555
2026-03-31 06:07:24.530 10 INFO neutron.wsgi [req-6cabe4b7-5c3c-4fd2-af0c-a3d8b89e9cc4 req-31f894b8-fe51-4470-8654-230edb2ea32a bf55a6de073745a6bcbdb2f1ff534e13 3d98a71b7a424de280b0aa60b942e473 - - edb1acb7a6e04cbeaf7e0ec679801393 edb1acb7a6e04cbeaf7e0ec679801393] 199.204.45.141 "GET /v2.0/ports?network_id=a5b80e69-4ced-45bf-ba2b-9c8c379ba84d&device_owner=network%3Adhcp HTTP/1.1" status: 200 len: 210 time: 0.0291736
2026-03-31 06:07:24.637 10 INFO neutron.wsgi [req-6cabe4b7-5c3c-4fd2-af0c-a3d8b89e9cc4 req-76b1dcfe-5679-48bb-901a-f1fd5b552d7a bf55a6de073745a6bcbdb2f1ff534e13 3d98a71b7a424de280b0aa60b942e473 - - edb1acb7a6e04cbeaf7e0ec679801393 edb1acb7a6e04cbeaf7e0ec679801393] 199.204.45.141 "GET /v2.0/networks/a5b80e69-4ced-45bf-ba2b-9c8c379ba84d?fields=segments HTTP/1.1" status: 200 len: 212 time: 0.0998733
2026-03-31 06:07:24.677 9 INFO neutron.db.ovn_revision_numbers_db [None req-aecd1833-f818-4762-a2ff-861880557c96 f9ffefb6eee0483eb88f03b924944281 426b38c4b1f34561826a0a15c6c64ccc - - default default] Successfully bumped revision number for resource 29bbd35b-b0bf-4646-8d7f-497ba89d0c42 (type: ports) to 1
2026-03-31 06:07:24.702 9 INFO neutron.wsgi [None req-aecd1833-f818-4762-a2ff-861880557c96 f9ffefb6eee0483eb88f03b924944281 426b38c4b1f34561826a0a15c6c64ccc - - default default] 10.0.0.91 "POST /v2.0/ports HTTP/1.1" status: 201 len: 1110 time: 0.8652811
2026-03-31 06:07:24.725 10 INFO neutron.wsgi [req-6cabe4b7-5c3c-4fd2-af0c-a3d8b89e9cc4 req-dee37121-e0b7-4a2d-a0e4-8e4f0422cbe9 bf55a6de073745a6bcbdb2f1ff534e13 3d98a71b7a424de280b0aa60b942e473 - - edb1acb7a6e04cbeaf7e0ec679801393 edb1acb7a6e04cbeaf7e0ec679801393] 199.204.45.141 "GET /v2.0/networks/a5b80e69-4ced-45bf-ba2b-9c8c379ba84d?fields=provider%3Aphysical_network&fields=provider%3Anetwork_type HTTP/1.1" status: 200 len: 277 time: 0.0766168
2026-03-31 06:07:24.820 10 INFO neutron.wsgi [req-7471db49-23af-4b82-9241-4b425a0fac89 req-02605d71-3a3d-4803-912f-c5af632d3abd bf55a6de073745a6bcbdb2f1ff534e13 3d98a71b7a424de280b0aa60b942e473 - - edb1acb7a6e04cbeaf7e0ec679801393 edb1acb7a6e04cbeaf7e0ec679801393] 199.204.45.141 "GET /v2.0/ports?tenant_id=3a010c2e184d42a0a3de0810ce2d149e&device_id=1aa171f8-d372-4732-bccc-f8cca23c3759 HTTP/1.1" status: 200 len: 1409 time: 0.0484881
2026-03-31 06:07:24.891 10 INFO neutron.wsgi [req-7471db49-23af-4b82-9241-4b425a0fac89 req-39b0521a-a26c-40ca-8d27-6bb53c036984 bf55a6de073745a6bcbdb2f1ff534e13 3d98a71b7a424de280b0aa60b942e473 - - edb1acb7a6e04cbeaf7e0ec679801393 edb1acb7a6e04cbeaf7e0ec679801393] 199.204.45.141 "GET /v2.0/networks?id=a5b80e69-4ced-45bf-ba2b-9c8c379ba84d HTTP/1.1" status: 200 len: 981 time: 0.0644622
2026-03-31 06:07:24.939 10 INFO neutron.wsgi [req-7471db49-23af-4b82-9241-4b425a0fac89 req-f664372c-4b06-491d-addd-d5493f059b8c bf55a6de073745a6bcbdb2f1ff534e13 3d98a71b7a424de280b0aa60b942e473 - - edb1acb7a6e04cbeaf7e0ec679801393 edb1acb7a6e04cbeaf7e0ec679801393] 199.204.45.141 "GET /v2.0/floatingips?fixed_ip_address=10.100.0.7&port_id=67d39c24-f429-400c-bc39-4ae8f71a1dea HTTP/1.1" status: 200 len: 1059 time: 0.0394082
2026-03-31 06:07:24.979 10 INFO neutron.wsgi [req-7471db49-23af-4b82-9241-4b425a0fac89 req-c33a4370-ca12-4b6f-a656-e93d8c996893 bf55a6de073745a6bcbdb2f1ff534e13 3d98a71b7a424de280b0aa60b942e473 - - edb1acb7a6e04cbeaf7e0ec679801393 edb1acb7a6e04cbeaf7e0ec679801393] 199.204.45.141 "GET /v2.0/subnets?id=858b355a-7ae9-4d09-bac7-662502a416f1 HTTP/1.1" status: 200 len: 876 time: 0.0353439
2026-03-31 06:07:25.006 10 INFO neutron.wsgi [req-7471db49-23af-4b82-9241-4b425a0fac89 req-0e19e158-ed5d-457b-a5f0-e375d1327210 bf55a6de073745a6bcbdb2f1ff534e13 3d98a71b7a424de280b0aa60b942e473 - - edb1acb7a6e04cbeaf7e0ec679801393 edb1acb7a6e04cbeaf7e0ec679801393] 199.204.45.141 "GET /v2.0/ports?network_id=a5b80e69-4ced-45bf-ba2b-9c8c379ba84d&device_owner=network%3Adhcp HTTP/1.1" status: 200 len: 210 time: 0.0225801
2026-03-31 06:07:25.085 9 INFO neutron.wsgi [None req-2a6c0969-a41b-4e9b-b7bc-c02e91e23581 f9ffefb6eee0483eb88f03b924944281 426b38c4b1f34561826a0a15c6c64ccc - - default default] 10.0.0.91 "DELETE /v2.0/ports/29bbd35b-b0bf-4646-8d7f-497ba89d0c42 HTTP/1.1" status: 204 len: 168 time: 0.3746011
2026-03-31 06:07:25.139 10 INFO neutron.pecan_wsgi.hooks.translation [None req-4e7287aa-d76b-436c-b248-b8a4c1359c6b f9ffefb6eee0483eb88f03b924944281 426b38c4b1f34561826a0a15c6c64ccc - - default default] GET failed (client error): The resource could not be found.
2026-03-31 06:07:25.141 10 INFO neutron.wsgi [None req-4e7287aa-d76b-436c-b248-b8a4c1359c6b f9ffefb6eee0483eb88f03b924944281 426b38c4b1f34561826a0a15c6c64ccc - - default default] 10.0.0.91 "GET /v2.0/ports/29bbd35b-b0bf-4646-8d7f-497ba89d0c42 HTTP/1.1" status: 404 len: 333 time: 0.0407536
2026-03-31 06:07:25.144 10 INFO neutron.wsgi [req-7471db49-23af-4b82-9241-4b425a0fac89 req-c639cc59-2cae-49f6-a23d-b99466217204 bf55a6de073745a6bcbdb2f1ff534e13 3d98a71b7a424de280b0aa60b942e473 - - edb1acb7a6e04cbeaf7e0ec679801393 edb1acb7a6e04cbeaf7e0ec679801393] 199.204.45.141 "GET /v2.0/networks/a5b80e69-4ced-45bf-ba2b-9c8c379ba84d?fields=segments HTTP/1.1" status: 200 len: 212 time: 0.1300204
2026-03-31 06:07:25.217 10 INFO neutron.wsgi [req-7471db49-23af-4b82-9241-4b425a0fac89 req-52df600d-11fc-440b-8c23-b91602196cf0 bf55a6de073745a6bcbdb2f1ff534e13 3d98a71b7a424de280b0aa60b942e473 - - edb1acb7a6e04cbeaf7e0ec679801393 edb1acb7a6e04cbeaf7e0ec679801393] 199.204.45.141 "GET /v2.0/networks/a5b80e69-4ced-45bf-ba2b-9c8c379ba84d?fields=provider%3Aphysical_network&fields=provider%3Anetwork_type HTTP/1.1" status: 200 len: 277 time: 0.0658913
2026-03-31 06:07:25.398 9 INFO neutron.wsgi [None req-543171e8-0507-4f7d-ba1b-a1cbab6561e5 f9ffefb6eee0483eb88f03b924944281 426b38c4b1f34561826a0a15c6c64ccc - - default default] 10.0.0.91 "DELETE /v2.0/subnets/ad692137-2b92-4ff6-9b04-1dcbf45df54d HTTP/1.1" status: 204 len: 168 time: 0.2408726
2026-03-31 06:07:25.561 10 INFO neutron.wsgi [req-0bb308fb-d543-475c-9e5c-fff2a4b07c60 req-d7bc7fd1-4fc0-4cbe-95e2-41fbadf5c63b 8cf9541c39404139bdc591661c9b5914 3a010c2e184d42a0a3de0810ce2d149e - - default default] 10.0.0.217 "GET /v2.0/ports?device_id=1aa171f8-d372-4732-bccc-f8cca23c3759 HTTP/1.1" status: 200 len: 1170 time: 0.0462172
2026-03-31 06:07:25.580 9 INFO neutron.plugins.ml2.drivers.ovn.mech_driver.mech_driver [None req-4469b727-5a36-4c68-bd0b-e9e23aa67776 - - - - - -] OVN reports status down for port: 67d39c24-f429-400c-bc39-4ae8f71a1dea
2026-03-31 06:07:25.644 10 INFO neutron.wsgi [req-0bb308fb-d543-475c-9e5c-fff2a4b07c60 req-d0f0cfa3-ecb0-4ecd-9603-0075875682dc 8cf9541c39404139bdc591661c9b5914 3a010c2e184d42a0a3de0810ce2d149e - - default default] 10.0.0.217 "GET /v2.0/security-groups?id=1b38347b-0f97-4269-83c4-d7b21fa0fc4e&fields=id&fields=name HTTP/1.1" status: 200 len: 312 time: 0.0721352
2026-03-31 06:07:25.777 9 INFO neutron.notifiers.nova [-] Nova event matching ['req-711f8418-4e4e-4116-b407-807cc6c83126'] response: {'server_uuid': '1aa171f8-d372-4732-bccc-f8cca23c3759', 'name': 'network-vif-unplugged', 'status': 'completed', 'tag': '67d39c24-f429-400c-bc39-4ae8f71a1dea', 'code': 200}
2026-03-31 06:07:25.976 9 INFO neutron.db.ovn_revision_numbers_db [None req-4469b727-5a36-4c68-bd0b-e9e23aa67776 - - - - - -] Successfully bumped revision number for resource 67d39c24-f429-400c-bc39-4ae8f71a1dea (type: ports) to 7
2026-03-31 06:07:26.315 10 INFO neutron.services.segments.plugin [-] Segment ca320a14-2471-4724-ad08-1738cc410077 resource provider aggregate not found
2026-03-31 06:07:26.339 10 INFO neutron.services.segments.plugin [-] Segment ca320a14-2471-4724-ad08-1738cc410077 resource provider aggregate not found
2026-03-31 06:07:26.351 10 INFO neutron.services.segments.plugin [-] Segment ca320a14-2471-4724-ad08-1738cc410077 resource provider not found; error: Placement Client Error (4xx): {"errors": [{"status": 404, "title": "Not Found", "detail": "The resource could not be found.\n\n No resource provider with uuid ca320a14-2471-4724-ad08-1738cc410077 found for delete ", "request_id": "req-f65cdbcd-3e0c-4052-8f2a-585f16240f7b"}]}
2026-03-31 06:07:26.361 10 INFO neutron.services.segments.plugin [-] Segment ca320a14-2471-4724-ad08-1738cc410077 resource provider not found; error: Placement Client Error (4xx): {"errors": [{"status": 404, "title": "Not Found", "detail": "The resource could not be found.\n\n No resource provider with uuid ca320a14-2471-4724-ad08-1738cc410077 found for delete ", "request_id": "req-0fd94d6e-9def-464f-a014-e25af5f3e560"}]}
2026-03-31 06:07:26.376 10 INFO neutron.wsgi [req-801b35d1-919a-4296-a4a5-d4fe54a11057 req-3f7fc0a0-10f6-4a99-b63e-9b52b0a2b36c 8cf9541c39404139bdc591661c9b5914 3a010c2e184d42a0a3de0810ce2d149e - - default default] 199.204.45.141 "GET /v2.0/ports?device_id=1aa171f8-d372-4732-bccc-f8cca23c3759 HTTP/1.1" status: 200 len: 1168 time: 0.5248559
2026-03-31 06:07:26.415 10 INFO neutron.wsgi [None req-07e73df4-d2a2-48fd-b87d-ecbdd2ce132f f9ffefb6eee0483eb88f03b924944281 426b38c4b1f34561826a0a15c6c64ccc - - default default] 10.0.0.91 "DELETE /v2.0/networks/c76e3307-09f0-428f-871f-068bde7ad51d HTTP/1.1" status: 204 len: 168 time: 1.0123360 /var/lib/openstack/lib/python3.10/site-packages/pycadf/identifier.py:71: UserWarning: Invalid uuid: neutron. To ensure interoperability, identifiers should be a valid uuid. warnings.warn(('Invalid uuid: %s. To ensure interoperability, '
2026-03-31 06:07:26.759 9 WARNING neutron.scheduler.dhcp_agent_scheduler [None req-d2d9146b-982b-432b-a657-014284792b83 f9ffefb6eee0483eb88f03b924944281 426b38c4b1f34561826a0a15c6c64ccc - - default default] No more DHCP agents
2026-03-31 06:07:26.762 9 WARNING neutron.api.rpc.agentnotifiers.dhcp_rpc_agent_api [None req-d2d9146b-982b-432b-a657-014284792b83 f9ffefb6eee0483eb88f03b924944281 426b38c4b1f34561826a0a15c6c64ccc - - default default] Unable to schedule network ad269fc9-bb9f-4eef-a152-18deac12d99f: no agents available; will retry on subsequent port and subnet creation events.
2026-03-31 06:07:26.806 10 INFO neutron.wsgi [req-b01aaaff-afee-4c97-aa77-bcd6538ea694 req-22b88670-8697-44b1-977d-ecf6d02a708e 8cf9541c39404139bdc591661c9b5914 3a010c2e184d42a0a3de0810ce2d149e - - default default] 10.0.0.217 "GET /v2.0/ports?device_id=1aa171f8-d372-4732-bccc-f8cca23c3759 HTTP/1.1" status: 200 len: 1168 time: 0.0690460
2026-03-31 06:07:26.834 10 INFO neutron.db.l3_db [req-801b35d1-919a-4296-a4a5-d4fe54a11057 req-0a1e7afa-bcd4-495d-8b9e-46a6ae4f73e7 8cf9541c39404139bdc591661c9b5914 3a010c2e184d42a0a3de0810ce2d149e - - default default] Floating IP a93a1853-42d4-45fb-8b05-808bcb4a2a20 disassociated. External IP: 10.96.250.214, port: 67d39c24-f429-400c-bc39-4ae8f71a1dea.
2026-03-31 06:07:26.874 10 INFO neutron.wsgi [req-b01aaaff-afee-4c97-aa77-bcd6538ea694 req-3d88b6dc-6d09-41b8-8452-4425dd25ab50 8cf9541c39404139bdc591661c9b5914 3a010c2e184d42a0a3de0810ce2d149e - - default default] 10.0.0.217 "GET /v2.0/security-groups?id=1b38347b-0f97-4269-83c4-d7b21fa0fc4e&fields=id&fields=name HTTP/1.1" status: 200 len: 312 time: 0.0614593
2026-03-31 06:07:26.904 9 INFO neutron.db.ovn_revision_numbers_db [None req-d2d9146b-982b-432b-a657-014284792b83 f9ffefb6eee0483eb88f03b924944281 426b38c4b1f34561826a0a15c6c64ccc - - default default] Successfully bumped revision number for resource ff15c240-aac1-4b6c-be82-1651a98a53e3 (type: ports) to 1
2026-03-31 06:07:26.930 9 INFO neutron.wsgi [None req-d2d9146b-982b-432b-a657-014284792b83 f9ffefb6eee0483eb88f03b924944281 426b38c4b1f34561826a0a15c6c64ccc - - default default] 10.0.0.91 "POST /v2.0/ports HTTP/1.1" status: 201 len: 974 time: 0.5023732 /var/lib/openstack/lib/python3.10/site-packages/pycadf/identifier.py:71: UserWarning: Invalid uuid: neutron. To ensure interoperability, identifiers should be a valid uuid. warnings.warn(('Invalid uuid: %s. To ensure interoperability, '
2026-03-31 06:07:27.048 10 INFO neutron.wsgi [req-801b35d1-919a-4296-a4a5-d4fe54a11057 req-0a1e7afa-bcd4-495d-8b9e-46a6ae4f73e7 8cf9541c39404139bdc591661c9b5914 3a010c2e184d42a0a3de0810ce2d149e - - default default] 199.204.45.141 "DELETE /v2.0/ports/67d39c24-f429-400c-bc39-4ae8f71a1dea HTTP/1.1" status: 204 len: 173 time: 0.6677415
2026-03-31 06:07:27.089 10 INFO neutron.notifiers.nova [-] Nova event matching ['req-a86d9fc6-2252-4453-9030-279de1a0ea05'] response: {'server_uuid': '1aa171f8-d372-4732-bccc-f8cca23c3759', 'name': 'network-vif-deleted', 'tag': '67d39c24-f429-400c-bc39-4ae8f71a1dea', 'status': 'completed', 'code': 200}
2026-03-31 06:07:27.236 9 INFO neutron.plugins.ml2.drivers.ovn.mech_driver.mech_driver [None req-4469b727-5a36-4c68-bd0b-e9e23aa67776 - - - - - -] OVN reports status down for port: ff15c240-aac1-4b6c-be82-1651a98a53e3
2026-03-31 06:07:27.283 9 INFO neutron.db.ovn_revision_numbers_db [None req-1f1a2a6d-0639-475f-8691-748e885c8476 f9ffefb6eee0483eb88f03b924944281 426b38c4b1f34561826a0a15c6c64ccc - - default default] Successfully bumped revision number for resource ff15c240-aac1-4b6c-be82-1651a98a53e3 (type: ports) to 2
2026-03-31 06:07:27.311 9 INFO neutron.wsgi [None req-1f1a2a6d-0639-475f-8691-748e885c8476 f9ffefb6eee0483eb88f03b924944281 426b38c4b1f34561826a0a15c6c64ccc - - default default] 10.0.0.91 "PUT /v2.0/ports/ff15c240-aac1-4b6c-be82-1651a98a53e3 HTTP/1.1" status: 200 len: 946 time: 0.3746738
2026-03-31 06:07:27.696 10 INFO neutron.wsgi [None req-6beac0f3-b413-47c8-8724-3846bb2d3146 f9ffefb6eee0483eb88f03b924944281 426b38c4b1f34561826a0a15c6c64ccc - - default default] 10.0.0.91 "DELETE /v2.0/ports/ff15c240-aac1-4b6c-be82-1651a98a53e3 HTTP/1.1" status: 204 len: 168 time: 0.3794215
2026-03-31 06:07:27.801 10 INFO neutron.wsgi [None req-a6463bfc-7320-4fa5-9fc7-26ef82a32859 f9ffefb6eee0483eb88f03b924944281 426b38c4b1f34561826a0a15c6c64ccc - - default default] 10.0.0.91 "GET /v2.0/ports HTTP/1.1" status: 200 len: 1729 time: 0.0975423
2026-03-31 06:07:27.813 9 INFO neutron.notifiers.nova [-] Nova event matching ['req-212abdc0-6c3d-438b-a650-88f0b24d323c'] response: {'server_uuid': '1aa171f8-d372-4732-bccc-f8cca23c3759', 'name': 'network-vif-plugged', 'status': 'completed', 'tag': '67d39c24-f429-400c-bc39-4ae8f71a1dea', 'code': 200}
2026-03-31 06:07:27.826 10 INFO neutron.pecan_wsgi.hooks.translation [None req-6aa0227f-663a-4bfd-9e97-8a5b308e80b5 f9ffefb6eee0483eb88f03b924944281 426b38c4b1f34561826a0a15c6c64ccc - - default default] GET failed (client error): The resource could not be found.
2026-03-31 06:07:27.829 10 INFO neutron.wsgi [None req-6aa0227f-663a-4bfd-9e97-8a5b308e80b5 f9ffefb6eee0483eb88f03b924944281 426b38c4b1f34561826a0a15c6c64ccc - - default default] 10.0.0.91 "GET /v2.0/ports/ff15c240-aac1-4b6c-be82-1651a98a53e3 HTTP/1.1" status: 404 len: 333 time: 0.0228767 /var/lib/openstack/lib/python3.10/site-packages/pycadf/identifier.py:71: UserWarning: Invalid uuid: neutron. To ensure interoperability, identifiers should be a valid uuid. warnings.warn(('Invalid uuid: %s. To ensure interoperability, '
2026-03-31 06:07:27.880 10 INFO neutron.wsgi [None req-e3c836c5-428f-461b-9c0f-f6d92e42df61 f9ffefb6eee0483eb88f03b924944281 426b38c4b1f34561826a0a15c6c64ccc - - default default] 10.0.0.91 "GET /v2.0/ports HTTP/1.1" status: 200 len: 1729 time: 0.0459950
2026-03-31 06:07:27.990 9 INFO neutron.wsgi [None req-0810b4a6-3006-4a6e-8d0e-366edbbac0c5 f9ffefb6eee0483eb88f03b924944281 426b38c4b1f34561826a0a15c6c64ccc - - default default] 10.0.0.91 "GET /v2.0/ports/ccc827ac-7ec7-4d3f-89fc-0fda0a2ad7c5 HTTP/1.1" status: 200 len: 969 time: 0.1016736
2026-03-31 06:07:28.017 9 INFO neutron.pecan_wsgi.hooks.translation [None req-71f22093-6f36-4a10-8ef5-3ac134c785c5 f9ffefb6eee0483eb88f03b924944281 426b38c4b1f34561826a0a15c6c64ccc - - default default] DELETE failed (client error): The resource could not be found.
2026-03-31 06:07:28.019 9 INFO neutron.wsgi [None req-71f22093-6f36-4a10-8ef5-3ac134c785c5 f9ffefb6eee0483eb88f03b924944281 426b38c4b1f34561826a0a15c6c64ccc - - default default] 10.0.0.91 "DELETE /v2.0/ports/29bbd35b-b0bf-4646-8d7f-497ba89d0c42 HTTP/1.1" status: 404 len: 333 time: 0.0213537
2026-03-31 06:07:28.044 9 INFO neutron.pecan_wsgi.hooks.translation [None req-16ef1706-6fd7-457d-96eb-34c155786e95 f9ffefb6eee0483eb88f03b924944281 426b38c4b1f34561826a0a15c6c64ccc - - default default] DELETE failed (client error): The resource could not be found.
2026-03-31 06:07:28.047 9 INFO neutron.wsgi [None req-16ef1706-6fd7-457d-96eb-34c155786e95 f9ffefb6eee0483eb88f03b924944281 426b38c4b1f34561826a0a15c6c64ccc - - default default] 10.0.0.91 "DELETE /v2.0/subnets/ad692137-2b92-4ff6-9b04-1dcbf45df54d HTTP/1.1" status: 404 len: 337 time: 0.0237567
2026-03-31 06:07:28.074 9 INFO neutron.pecan_wsgi.hooks.translation [None req-b1cb8be0-c3ca-47a2-bded-60307c99f383 f9ffefb6eee0483eb88f03b924944281 426b38c4b1f34561826a0a15c6c64ccc - - default default] DELETE failed (client error): The resource could not be found.
2026-03-31 06:07:28.077 9 INFO neutron.wsgi [None req-b1cb8be0-c3ca-47a2-bded-60307c99f383 f9ffefb6eee0483eb88f03b924944281 426b38c4b1f34561826a0a15c6c64ccc - - default default] 10.0.0.91 "DELETE /v2.0/subnets/ac697589-2850-4a5e-8e26-3ac558bb740a HTTP/1.1" status: 404 len: 337 time: 0.0232289
2026-03-31 06:07:28.113 9 INFO neutron.db.ovn_revision_numbers_db [None req-46a0be31-ed7a-44e0-a417-3f3128c1fe44 cc621de00d21409eada44fd6085930ac 78f7c67c2752405786e8cbf2660fe6cb - - default default] Successfully bumped revision number for resource 0671020f-af69-4a9b-9625-5ca85f37c7f8 (type: security_groups) to 1
2026-03-31 06:07:28.136 10 INFO neutron.wsgi [None req-d8dd569d-22c2-4966-acde-8866600cfec0 8cf9541c39404139bdc591661c9b5914 3a010c2e184d42a0a3de0810ce2d149e - - default default] 10.0.0.91 "DELETE /v2.0/security-groups/1b38347b-0f97-4269-83c4-d7b21fa0fc4e HTTP/1.1" status: 204 len: 168 time: 0.1693106
2026-03-31 06:07:28.156 9 INFO neutron.db.ovn_revision_numbers_db [None req-46a0be31-ed7a-44e0-a417-3f3128c1fe44 cc621de00d21409eada44fd6085930ac 78f7c67c2752405786e8cbf2660fe6cb - - default default] Successfully bumped revision number for resource 52102421-e885-453f-849a-ecffd65c7cf7 (type: security_group_rules) to 0
2026-03-31 06:07:28.156 10 INFO neutron.api.v2.resource [None req-8c2bd8d8-d82e-4e8e-b218-65d246212847 8cf9541c39404139bdc591661c9b5914 3a010c2e184d42a0a3de0810ce2d149e - - default default] show failed (client error): The resource could not be found.
2026-03-31 06:07:28.157 10 INFO neutron.wsgi [None req-8c2bd8d8-d82e-4e8e-b218-65d246212847 8cf9541c39404139bdc591661c9b5914 3a010c2e184d42a0a3de0810ce2d149e - - default default] 10.0.0.91 "GET /v2.0/security-groups/1b38347b-0f97-4269-83c4-d7b21fa0fc4e HTTP/1.1" status: 404 len: 347 time: 0.0142524
2026-03-31 06:07:28.178 9 INFO neutron.db.ovn_revision_numbers_db [None req-46a0be31-ed7a-44e0-a417-3f3128c1fe44 cc621de00d21409eada44fd6085930ac 78f7c67c2752405786e8cbf2660fe6cb - - default default] Successfully bumped revision number for resource 79ffe134-960c-41b1-be2a-c2ae0e91116b (type: security_group_rules) to 0
2026-03-31 06:07:28.198 9 INFO neutron.db.ovn_revision_numbers_db [None req-46a0be31-ed7a-44e0-a417-3f3128c1fe44 cc621de00d21409eada44fd6085930ac 78f7c67c2752405786e8cbf2660fe6cb - - default default] Successfully bumped revision number for resource b8380cfa-5680-4ef9-bf6a-ba9a3c0d47cf (type: security_group_rules) to 0
2026-03-31 06:07:28.230 9 INFO neutron.db.ovn_revision_numbers_db [None req-46a0be31-ed7a-44e0-a417-3f3128c1fe44 cc621de00d21409eada44fd6085930ac 78f7c67c2752405786e8cbf2660fe6cb - - default default] Successfully bumped revision number for resource ca5ac156-a1a2-4e0a-824b-e189f2c16cd0 (type: security_group_rules) to 0
2026-03-31 06:07:28.280 9 INFO neutron.wsgi [None req-46a0be31-ed7a-44e0-a417-3f3128c1fe44 cc621de00d21409eada44fd6085930ac 78f7c67c2752405786e8cbf2660fe6cb - - default default] 10.0.0.91 "GET /v2.0/security-groups?tenant_id=771722896db747c88cf82476cd899d1f&name=default HTTP/1.1" status: 200 len: 2996 time: 0.6140573
2026-03-31 06:07:28.382 9 INFO neutron.wsgi [None req-059572be-2c16-48aa-ae7b-11394967ef11 f9ffefb6eee0483eb88f03b924944281 426b38c4b1f34561826a0a15c6c64ccc - - default default] 10.0.0.91 "DELETE /v2.0/ports/ccc827ac-7ec7-4d3f-89fc-0fda0a2ad7c5 HTTP/1.1" status: 204 len: 168 time: 0.2971854
2026-03-31 06:07:28.495 10 INFO neutron.db.ovn_revision_numbers_db [None req-63d9cdb5-2190-4e17-b2db-f07024086b51 cc621de00d21409eada44fd6085930ac 78f7c67c2752405786e8cbf2660fe6cb - - default default] Successfully bumped revision number for resource 942bf13e-a087-4670-b2fe-51905a2935fc (type: security_groups) to 1
2026-03-31 06:07:28.527 10 INFO neutron.db.ovn_revision_numbers_db [None req-63d9cdb5-2190-4e17-b2db-f07024086b51 cc621de00d21409eada44fd6085930ac 78f7c67c2752405786e8cbf2660fe6cb - - default default] Successfully bumped revision number for resource 307ab7fd-c92d-49ba-8b4f-dbdb7d12fb53 (type: security_group_rules) to 0
2026-03-31 06:07:28.556 10 INFO neutron.db.ovn_revision_numbers_db [None req-63d9cdb5-2190-4e17-b2db-f07024086b51 cc621de00d21409eada44fd6085930ac 78f7c67c2752405786e8cbf2660fe6cb - - default default] Successfully bumped revision number for resource 40a4d77f-8127-43f6-bcb0-326a13c8cfdf (type: security_group_rules) to 0
2026-03-31 06:07:28.577 10 INFO neutron.db.ovn_revision_numbers_db [None req-63d9cdb5-2190-4e17-b2db-f07024086b51 cc621de00d21409eada44fd6085930ac 78f7c67c2752405786e8cbf2660fe6cb - - default default] Successfully bumped revision number for resource c5cb0016-52c4-40cb-8318-153ddb212720 (type: security_group_rules) to 0
