2026-03-31 06:08:19.006 10 INFO neutron.wsgi [req-fba767ef-a871-40d9-86b3-1d194a964bd1 req-083e281e-c075-490e-b3f9-485f5bc14099 cc3f28f4fc4e4a269d41fca6bec48d13 64eb6322cdaf41fdbfcf07fd62487f0d - - default default] 10.0.0.217 "GET /v2.0/ports?device_id=9cec32eb-6801-4154-9718-340721fd4cca HTTP/1.1" status: 200 len: 1174 time: 0.1638336
2026-03-31 06:08:19.349 9 INFO neutron.db.l3_db [None req-db22ea94-340e-48bd-a1aa-918e0135f217 cc3f28f4fc4e4a269d41fca6bec48d13 64eb6322cdaf41fdbfcf07fd62487f0d - - default default] Floating IP 6db047f6-9430-48de-9ee8-8846f227bfaa associated. External IP: 10.96.250.210, port: 8827c46f-4158-4b0a-b01a-e6e936a75e78.
2026-03-31 06:08:19.408 10 INFO neutron.wsgi [None req-0f19f2a7-6e02-4d32-b17f-f31ad2a941e1 0614c77cba18473aaf5ee6885508b32e e1ae1c8a913541f0a8e40332ba661f67 - - default default] 10.0.0.91 "DELETE /v2.0/routers/1a4646f6-0035-4ad2-b2b1-65cbad448731 HTTP/1.1" status: 204 len: 168 time: 0.9940796
2026-03-31 06:08:19.665 10 INFO neutron.wsgi [None req-b6e70aec-ffed-4cbf-9991-c80bf2736adf 0614c77cba18473aaf5ee6885508b32e e1ae1c8a913541f0a8e40332ba661f67 - - default default] 10.0.0.91 "DELETE /v2.0/subnets/a4bf63ea-4369-4a2b-b8c3-bc6aac0796b4 HTTP/1.1" status: 204 len: 168 time: 0.2517960
2026-03-31 06:08:19.672 9 INFO neutron.db.ovn_revision_numbers_db [None req-7d12018a-ee3c-4df1-b4a4-fd7dc980a396 8a435e6f92ef45fab22edef113ea4e8f 975164cbb4b84478914d95da9a9f17d9 - - default default] Successfully bumped revision number for resource 8a81940b-ce8c-4492-bbd0-54a42c565950 (type: security_groups) to 1
2026-03-31 06:08:19.676 9 INFO neutron.db.ovn_revision_numbers_db [None req-db22ea94-340e-48bd-a1aa-918e0135f217 cc3f28f4fc4e4a269d41fca6bec48d13 64eb6322cdaf41fdbfcf07fd62487f0d - - default default] Successfully bumped revision number for resource 6db047f6-9430-48de-9ee8-8846f227bfaa (type: floatingips) to 1
2026-03-31 06:08:19.703 9 INFO neutron.db.ovn_revision_numbers_db [None req-7d12018a-ee3c-4df1-b4a4-fd7dc980a396 8a435e6f92ef45fab22edef113ea4e8f 975164cbb4b84478914d95da9a9f17d9 - - default default] Successfully bumped revision number for resource 9143a33f-5b60-4f6f-8b82-05f1e748bdae (type: security_group_rules) to 0
2026-03-31 06:08:19.733 9 INFO neutron.db.ovn_revision_numbers_db [None req-7d12018a-ee3c-4df1-b4a4-fd7dc980a396 8a435e6f92ef45fab22edef113ea4e8f 975164cbb4b84478914d95da9a9f17d9 - - default default] Successfully bumped revision number for resource 961a259b-a22e-4d45-8987-8435b15d0435 (type: security_group_rules) to 0
2026-03-31 06:08:19.750 9 INFO neutron.db.ovn_revision_numbers_db [None req-7d12018a-ee3c-4df1-b4a4-fd7dc980a396 8a435e6f92ef45fab22edef113ea4e8f 975164cbb4b84478914d95da9a9f17d9 - - default default] Successfully bumped revision number for resource dc4f3d9f-cd56-45e1-8c52-da2ab5305d1e (type: security_group_rules) to 0
2026-03-31 06:08:19.768 9 INFO neutron.db.ovn_revision_numbers_db [None req-7d12018a-ee3c-4df1-b4a4-fd7dc980a396 8a435e6f92ef45fab22edef113ea4e8f 975164cbb4b84478914d95da9a9f17d9 - - default default] Successfully bumped revision number for resource deb1fa9d-4053-4c6f-814e-0b3ce4a1009d (type: security_group_rules) to 0
2026-03-31 06:08:19.821 10 INFO neutron.notifiers.nova [-] Nova event matching ['req-de0b799c-c39c-4b07-bda5-677b3fa3c88f'] response: {'name': 'network-changed', 'server_uuid': '019a3ad9-d5a8-4151-b02e-391191145110', 'tag': 'f527b7e3-7cd3-43b3-9385-0bbe53ab13a6', 'status': 'completed', 'code': 200}
2026-03-31 06:08:19.821 10 INFO neutron.notifiers.nova [-] Nova event matching ['req-de0b799c-c39c-4b07-bda5-677b3fa3c88f'] response: {'server_uuid': '9cec32eb-6801-4154-9718-340721fd4cca', 'name': 'network-vif-plugged', 'status': 'completed', 'tag': '8827c46f-4158-4b0a-b01a-e6e936a75e78', 'code': 200}
2026-03-31 06:08:19.832 9 INFO neutron.db.ovn_revision_numbers_db [None req-db22ea94-340e-48bd-a1aa-918e0135f217 cc3f28f4fc4e4a269d41fca6bec48d13 64eb6322cdaf41fdbfcf07fd62487f0d - - default default] Successfully bumped revision number for resource 6db047f6-9430-48de-9ee8-8846f227bfaa (type: floatingips) to 2 /var/lib/openstack/lib/python3.10/site-packages/pycadf/identifier.py:71: UserWarning: Invalid uuid: neutron. To ensure interoperability, identifiers should be a valid uuid. warnings.warn(('Invalid uuid: %s. To ensure interoperability, '
2026-03-31 06:08:19.889 9 INFO neutron.wsgi [None req-db22ea94-340e-48bd-a1aa-918e0135f217 cc3f28f4fc4e4a269d41fca6bec48d13 64eb6322cdaf41fdbfcf07fd62487f0d - - default default] 10.0.0.91 "PUT /v2.0/floatingips/6db047f6-9430-48de-9ee8-8846f227bfaa HTTP/1.1" status: 200 len: 1050 time: 0.8707781
2026-03-31 06:08:19.925 9 INFO neutron.wsgi [req-67d031a3-c0ea-4fa7-8e4e-8d8324c23123 req-5bbf3d9c-1b77-4d19-b005-8e4c288ab442 bf55a6de073745a6bcbdb2f1ff534e13 3d98a71b7a424de280b0aa60b942e473 - - edb1acb7a6e04cbeaf7e0ec679801393 edb1acb7a6e04cbeaf7e0ec679801393] 199.204.45.141 "GET /v2.0/ports?tenant_id=c397a2a50aea4f8a8584fe4d5d233223&device_id=019a3ad9-d5a8-4151-b02e-391191145110 HTTP/1.1" status: 200 len: 1413 time: 0.0762594
2026-03-31 06:08:19.939 10 INFO neutron.db.ovn_revision_numbers_db [None req-14054767-2156-4d2e-953f-75f610cff17c c202fea129e546f385b414a1b31cddf9 c397a2a50aea4f8a8584fe4d5d233223 - - default default] Successfully bumped revision number for resource ba7a4784-9a17-4eff-bdda-d9f33c3388ef (type: security_groups) to 1
2026-03-31 06:08:19.952 9 INFO neutron.notifiers.nova [-] Nova event matching ['req-58855ad0-e076-424f-9644-7cf4b7422585'] response: {'name': 'network-changed', 'server_uuid': '9cec32eb-6801-4154-9718-340721fd4cca', 'tag': '8827c46f-4158-4b0a-b01a-e6e936a75e78', 'status': 'completed', 'code': 200}
2026-03-31 06:08:19.964 9 INFO neutron.db.ovn_revision_numbers_db [None req-7d12018a-ee3c-4df1-b4a4-fd7dc980a396 8a435e6f92ef45fab22edef113ea4e8f 975164cbb4b84478914d95da9a9f17d9 - - default default] Successfully bumped revision number for resource dbef5a1c-83cb-466e-8671-dd29e1e3495e (type: security_groups) to 1
2026-03-31 06:08:19.966 10 INFO neutron.db.ovn_revision_numbers_db [None req-14054767-2156-4d2e-953f-75f610cff17c c202fea129e546f385b414a1b31cddf9 c397a2a50aea4f8a8584fe4d5d233223 - - default default] Successfully bumped revision number for resource 32ae63e1-6e24-4a75-aa67-26697e6a6b8b (type: security_group_rules) to 0
2026-03-31 06:08:20.009 9 INFO neutron.db.ovn_revision_numbers_db [None req-7d12018a-ee3c-4df1-b4a4-fd7dc980a396 8a435e6f92ef45fab22edef113ea4e8f 975164cbb4b84478914d95da9a9f17d9 - - default default] Successfully bumped revision number for resource 82db8a80-3c9a-415e-8d62-d554c19f2210 (type: security_group_rules) to 0
2026-03-31 06:08:20.017 9 INFO neutron.wsgi [req-703663a3-0b65-4f2c-bcd2-7f05fe40648b req-d75bb432-6e03-44c6-8331-26df9ae7d23d cc3f28f4fc4e4a269d41fca6bec48d13 64eb6322cdaf41fdbfcf07fd62487f0d - - default default] 10.0.0.217 "GET /v2.0/ports?device_id=9cec32eb-6801-4154-9718-340721fd4cca HTTP/1.1" status: 200 len: 1174 time: 0.0646040
2026-03-31 06:08:20.023 10 INFO neutron.db.ovn_revision_numbers_db [None req-14054767-2156-4d2e-953f-75f610cff17c c202fea129e546f385b414a1b31cddf9 c397a2a50aea4f8a8584fe4d5d233223 - - default default] Successfully bumped revision number for resource 8f3cd572-eb7a-4bd7-8718-8b08ed2b677c (type: security_group_rules) to 0
2026-03-31 06:08:20.035 10 INFO neutron.wsgi [req-ea7915c6-eb1c-4b2a-9468-cdd7b4bef5ca req-726f43c3-a3ce-4c9b-a010-9e40d1c8823f bf55a6de073745a6bcbdb2f1ff534e13 3d98a71b7a424de280b0aa60b942e473 - - edb1acb7a6e04cbeaf7e0ec679801393 edb1acb7a6e04cbeaf7e0ec679801393] 199.204.45.141 "GET /v2.0/ports?tenant_id=64eb6322cdaf41fdbfcf07fd62487f0d&device_id=9cec32eb-6801-4154-9718-340721fd4cca HTTP/1.1" status: 200 len: 1413 time: 0.0628293
2026-03-31 06:08:20.049 9 INFO neutron.db.ovn_revision_numbers_db [None req-7d12018a-ee3c-4df1-b4a4-fd7dc980a396 8a435e6f92ef45fab22edef113ea4e8f 975164cbb4b84478914d95da9a9f17d9 - - default default] Successfully bumped revision number for resource a8794185-5e99-491b-837c-103d4d01ad85 (type: security_group_rules) to 0
2026-03-31 06:08:20.065 9 INFO neutron.wsgi [req-67d031a3-c0ea-4fa7-8e4e-8d8324c23123 req-d86f54ea-3025-4845-87c2-3890b9348a9f bf55a6de073745a6bcbdb2f1ff534e13 3d98a71b7a424de280b0aa60b942e473 - - edb1acb7a6e04cbeaf7e0ec679801393 edb1acb7a6e04cbeaf7e0ec679801393] 199.204.45.141 "GET /v2.0/networks?id=7bf3714e-5e8c-4204-808e-b516027b8036 HTTP/1.1" status: 200 len: 958 time: 0.1347127
2026-03-31 06:08:20.065 10 INFO neutron.wsgi [None req-14054767-2156-4d2e-953f-75f610cff17c c202fea129e546f385b414a1b31cddf9 c397a2a50aea4f8a8584fe4d5d233223 - - default default] 10.0.0.91 "POST /v2.0/security-groups HTTP/1.1" status: 201 len: 1809 time: 0.3721266
2026-03-31 06:08:20.102 9 INFO neutron.wsgi [None req-7d12018a-ee3c-4df1-b4a4-fd7dc980a396 8a435e6f92ef45fab22edef113ea4e8f 975164cbb4b84478914d95da9a9f17d9 - - default default] 10.0.0.91 "POST /v2.0/security-groups HTTP/1.1" status: 201 len: 1760 time: 1.0566630
2026-03-31 06:08:20.123 9 INFO neutron.wsgi [req-67d031a3-c0ea-4fa7-8e4e-8d8324c23123 req-a40bd337-9d75-4e79-baa1-89eb722274a0 bf55a6de073745a6bcbdb2f1ff534e13 3d98a71b7a424de280b0aa60b942e473 - - edb1acb7a6e04cbeaf7e0ec679801393 edb1acb7a6e04cbeaf7e0ec679801393] 199.204.45.141 "GET /v2.0/floatingips?fixed_ip_address=10.100.0.11&port_id=f527b7e3-7cd3-43b3-9385-0bbe53ab13a6 HTTP/1.1" status: 200 len: 217 time: 0.0402067
2026-03-31 06:08:20.128 9 INFO neutron.wsgi [req-703663a3-0b65-4f2c-bcd2-7f05fe40648b req-6b97c849-1b85-4009-8da5-526c47777886 cc3f28f4fc4e4a269d41fca6bec48d13 64eb6322cdaf41fdbfcf07fd62487f0d - - default default] 10.0.0.217 "GET /v2.0/security-groups?id=d9a4b4f4-4655-4593-9474-43532d8fa9be&fields=id&fields=name HTTP/1.1" status: 200 len: 313 time: 0.1042559
2026-03-31 06:08:20.167 9 INFO neutron.wsgi [req-67d031a3-c0ea-4fa7-8e4e-8d8324c23123 req-ba16c6fd-616a-4d56-b57e-b2985ae88254 bf55a6de073745a6bcbdb2f1ff534e13 3d98a71b7a424de280b0aa60b942e473 - - edb1acb7a6e04cbeaf7e0ec679801393 edb1acb7a6e04cbeaf7e0ec679801393] 199.204.45.141 "GET /v2.0/subnets?id=2081e1f6-f9e2-4501-abbe-3c29e8422efe HTTP/1.1" status: 200 len: 853 time: 0.0364845
2026-03-31 06:08:20.195 9 INFO neutron.wsgi [req-67d031a3-c0ea-4fa7-8e4e-8d8324c23123 req-1fb56ef7-b6fc-4c29-a0ce-356c8eff62b2 bf55a6de073745a6bcbdb2f1ff534e13 3d98a71b7a424de280b0aa60b942e473 - - edb1acb7a6e04cbeaf7e0ec679801393 edb1acb7a6e04cbeaf7e0ec679801393] 199.204.45.141 "GET /v2.0/ports?network_id=7bf3714e-5e8c-4204-808e-b516027b8036&device_owner=network%3Adhcp HTTP/1.1" status: 200 len: 210 time: 0.0210969
2026-03-31 06:08:20.208 10 INFO neutron.wsgi [req-ea7915c6-eb1c-4b2a-9468-cdd7b4bef5ca req-3aec6f93-d0b5-4071-9ba1-e544193b9181 bf55a6de073745a6bcbdb2f1ff534e13 3d98a71b7a424de280b0aa60b942e473 - - edb1acb7a6e04cbeaf7e0ec679801393 edb1acb7a6e04cbeaf7e0ec679801393] 199.204.45.141 "GET /v2.0/networks?id=9a3dc1bb-b1fa-47b1-aac3-eb7e0ac3a9a9 HTTP/1.1" status: 200 len: 973 time: 0.1623275
2026-03-31 06:08:20.216 10 INFO neutron.wsgi [None req-51f000ec-3a5b-4e60-99bc-a5d45f21a313 8a435e6f92ef45fab22edef113ea4e8f 975164cbb4b84478914d95da9a9f17d9 - - default default] 10.0.0.91 "GET /v2.0/security-groups HTTP/1.1" status: 200 len: 4538 time: 0.1055131
2026-03-31 06:08:20.304 10 INFO neutron.wsgi [req-ea7915c6-eb1c-4b2a-9468-cdd7b4bef5ca req-644c443e-099e-40e0-b539-e7893b150813 bf55a6de073745a6bcbdb2f1ff534e13 3d98a71b7a424de280b0aa60b942e473 - - edb1acb7a6e04cbeaf7e0ec679801393 edb1acb7a6e04cbeaf7e0ec679801393] 199.204.45.141 "GET /v2.0/floatingips?fixed_ip_address=10.100.0.12&port_id=8827c46f-4158-4b0a-b01a-e6e936a75e78 HTTP/1.1" status: 200 len: 1060 time: 0.0874820
2026-03-31 06:08:20.315 9 INFO neutron.wsgi [req-67d031a3-c0ea-4fa7-8e4e-8d8324c23123 req-a27eccb3-cd98-455f-8f56-f8e323f1ad7c bf55a6de073745a6bcbdb2f1ff534e13 3d98a71b7a424de280b0aa60b942e473 - - edb1acb7a6e04cbeaf7e0ec679801393 edb1acb7a6e04cbeaf7e0ec679801393] 199.204.45.141 "GET /v2.0/networks/7bf3714e-5e8c-4204-808e-b516027b8036?fields=segments HTTP/1.1" status: 200 len: 212 time: 0.1140966
2026-03-31 06:08:20.351 10 INFO neutron.services.segments.plugin [-] Segment 360c8bdb-a261-410e-aa53-6c945de5dbd2 resource provider aggregate not found
2026-03-31 06:08:20.358 10 INFO neutron.services.segments.plugin [-] Segment 360c8bdb-a261-410e-aa53-6c945de5dbd2 resource provider aggregate not found
2026-03-31 06:08:20.381 9 INFO neutron.db.ovn_revision_numbers_db [None req-1640cca2-b8b9-45d4-9b6a-30afe2b835fb 8a435e6f92ef45fab22edef113ea4e8f 975164cbb4b84478914d95da9a9f17d9 - - default default] Successfully bumped revision number for resource dbef5a1c-83cb-466e-8671-dd29e1e3495e (type: security_groups) to 2
2026-03-31 06:08:20.384 10 INFO neutron.services.segments.plugin [-] Segment 360c8bdb-a261-410e-aa53-6c945de5dbd2 resource provider not found; error: Placement Client Error (4xx): {"errors": [{"status": 404, "title": "Not Found", "detail": "The resource could not be found.\n\n No resource provider with uuid 360c8bdb-a261-410e-aa53-6c945de5dbd2 found for delete ", "request_id": "req-5dab7dd8-9e2d-4977-a660-934da264c78a"}]}
2026-03-31 06:08:20.384 9 INFO neutron.wsgi [None req-1640cca2-b8b9-45d4-9b6a-30afe2b835fb 8a435e6f92ef45fab22edef113ea4e8f 975164cbb4b84478914d95da9a9f17d9 - - default default] 10.0.0.91 "PUT /v2.0/security-groups/dbef5a1c-83cb-466e-8671-dd29e1e3495e HTTP/1.1" status: 200 len: 1794 time: 0.1640515
2026-03-31 06:08:20.395 10 INFO neutron.services.segments.plugin [-] Segment 360c8bdb-a261-410e-aa53-6c945de5dbd2 resource provider not found; error: Placement Client Error (4xx): {"errors": [{"status": 404, "title": "Not Found", "detail": "The resource could not be found.\n\n No resource provider with uuid 360c8bdb-a261-410e-aa53-6c945de5dbd2 found for delete ", "request_id": "req-babd1b17-ffca-4f1f-9e93-addab5b9903e"}]}
2026-03-31 06:08:20.405 9 INFO neutron.wsgi [req-67d031a3-c0ea-4fa7-8e4e-8d8324c23123 req-120ee63e-2415-49a8-a369-d2ac1320a259 bf55a6de073745a6bcbdb2f1ff534e13 3d98a71b7a424de280b0aa60b942e473 - - edb1acb7a6e04cbeaf7e0ec679801393 edb1acb7a6e04cbeaf7e0ec679801393] 199.204.45.141 "GET /v2.0/networks/7bf3714e-5e8c-4204-808e-b516027b8036?fields=provider%3Aphysical_network&fields=provider%3Anetwork_type HTTP/1.1" status: 200 len: 277 time: 0.0845237
2026-03-31 06:08:20.428 10 INFO neutron.wsgi [req-ea7915c6-eb1c-4b2a-9468-cdd7b4bef5ca req-1273ba60-19d0-4871-88eb-c9e305ab3f21 bf55a6de073745a6bcbdb2f1ff534e13 3d98a71b7a424de280b0aa60b942e473 - - edb1acb7a6e04cbeaf7e0ec679801393 edb1acb7a6e04cbeaf7e0ec679801393] 199.204.45.141 "GET /v2.0/subnets?id=a57f19a2-b165-45ff-90d3-1b0234e42863 HTTP/1.1" status: 200 len: 868 time: 0.1032581
2026-03-31 06:08:20.482 10 INFO neutron.wsgi [None req-a981c067-469f-4eb6-86d6-3071d89b037e 8a435e6f92ef45fab22edef113ea4e8f 975164cbb4b84478914d95da9a9f17d9 - - default default] 10.0.0.91 "GET /v2.0/security-groups/dbef5a1c-83cb-466e-8671-dd29e1e3495e HTTP/1.1" status: 200 len: 1794 time: 0.0902493
2026-03-31 06:08:20.494 10 INFO neutron.wsgi [None req-9427b00f-5fb6-4003-8ed9-bf7d0573266e 0614c77cba18473aaf5ee6885508b32e e1ae1c8a913541f0a8e40332ba661f67 - - default default] 10.0.0.91 "DELETE /v2.0/networks/dcfcbd56-1870-469e-9340-a3c05e751edb HTTP/1.1" status: 204 len: 168 time: 0.8194444
2026-03-31 06:08:20.545 10 INFO neutron.plugins.ml2.drivers.ovn.mech_driver.mech_driver [None req-0a8392ec-56c7-48f2-b6ea-75c30f804bda - - - - - -] OVN reports status down for port: 8827c46f-4158-4b0a-b01a-e6e936a75e78
2026-03-31 06:08:20.559 10 INFO neutron.wsgi [req-ea7915c6-eb1c-4b2a-9468-cdd7b4bef5ca req-304c50c8-b2a6-4ee9-ab7c-b7b4b7bb9901 bf55a6de073745a6bcbdb2f1ff534e13 3d98a71b7a424de280b0aa60b942e473 - - edb1acb7a6e04cbeaf7e0ec679801393 edb1acb7a6e04cbeaf7e0ec679801393] 199.204.45.141 "GET /v2.0/ports?network_id=9a3dc1bb-b1fa-47b1-aac3-eb7e0ac3a9a9&device_owner=network%3Adhcp HTTP/1.1" status: 200 len: 210 time: 0.1224611
2026-03-31 06:08:20.606 10 INFO neutron.wsgi [req-2c2e794e-3332-4563-b042-9c9c882be465 req-8d3856b2-124c-4cd4-a29c-43d2a34169d7 cc3f28f4fc4e4a269d41fca6bec48d13 64eb6322cdaf41fdbfcf07fd62487f0d - - default default] 10.0.0.217 "GET /v2.0/ports?device_id=9cec32eb-6801-4154-9718-340721fd4cca HTTP/1.1" status: 200 len: 1174 time: 0.1422386
2026-03-31 06:08:20.648 10 INFO neutron.db.ovn_revision_numbers_db [None req-2d20abef-c074-4238-b728-2138e376d5a2 c202fea129e546f385b414a1b31cddf9 c397a2a50aea4f8a8584fe4d5d233223 - - default default] Successfully bumped revision number for resource 65fc05cc-b8f7-4614-be1c-400296515a58 (type: security_group_rules) to 0
2026-03-31 06:08:20.664 9 INFO neutron.wsgi [None req-c675b6d0-b6cc-4aa5-9aa1-8292b6bcda8c 8a435e6f92ef45fab22edef113ea4e8f 975164cbb4b84478914d95da9a9f17d9 - - default default] 10.0.0.91 "DELETE /v2.0/security-groups/dbef5a1c-83cb-466e-8671-dd29e1e3495e HTTP/1.1" status: 204 len: 168 time: 0.1725774
2026-03-31 06:08:20.728 10 INFO neutron.wsgi [None req-2d20abef-c074-4238-b728-2138e376d5a2 c202fea129e546f385b414a1b31cddf9 c397a2a50aea4f8a8584fe4d5d233223 - - default default] 10.0.0.91 "POST /v2.0/security-group-rules HTTP/1.1" status: 201 len: 764 time: 0.6497102
2026-03-31 06:08:20.737 10 INFO neutron.wsgi [req-ea7915c6-eb1c-4b2a-9468-cdd7b4bef5ca req-5fc8dd23-7948-4dc8-8698-7aa3b7865ae5 bf55a6de073745a6bcbdb2f1ff534e13 3d98a71b7a424de280b0aa60b942e473 - - edb1acb7a6e04cbeaf7e0ec679801393 edb1acb7a6e04cbeaf7e0ec679801393] 199.204.45.141 "GET /v2.0/networks/9a3dc1bb-b1fa-47b1-aac3-eb7e0ac3a9a9?fields=segments HTTP/1.1" status: 200 len: 212 time: 0.1679330
2026-03-31 06:08:20.743 10 INFO neutron.wsgi [req-2c2e794e-3332-4563-b042-9c9c882be465 req-ed479dd6-f3de-44fc-ba06-ee19ade4770a cc3f28f4fc4e4a269d41fca6bec48d13 64eb6322cdaf41fdbfcf07fd62487f0d - - default default] 10.0.0.217 "GET /v2.0/security-groups?id=d9a4b4f4-4655-4593-9474-43532d8fa9be&fields=id&fields=name HTTP/1.1" status: 200 len: 313 time: 0.1270456
2026-03-31 06:08:20.748 9 INFO neutron.wsgi [None req-cd006063-942c-4399-91a9-95f5f5fe41f5 8a435e6f92ef45fab22edef113ea4e8f 975164cbb4b84478914d95da9a9f17d9 - - default default] 10.0.0.91 "GET /v2.0/security-groups HTTP/1.1" status: 200 len: 2996 time: 0.0768380
2026-03-31 06:08:20.773 9 INFO neutron.api.v2.resource [None req-5966114d-9ba1-4b12-9411-bb0de333d847 8a435e6f92ef45fab22edef113ea4e8f 975164cbb4b84478914d95da9a9f17d9 - - default default] delete failed (client error): The resource could not be found.
2026-03-31 06:08:20.774 9 INFO neutron.wsgi [None req-5966114d-9ba1-4b12-9411-bb0de333d847 8a435e6f92ef45fab22edef113ea4e8f 975164cbb4b84478914d95da9a9f17d9 - - default default] 10.0.0.91 "DELETE /v2.0/security-groups/dbef5a1c-83cb-466e-8671-dd29e1e3495e HTTP/1.1" status: 404 len: 347 time: 0.0167508
2026-03-31 06:08:20.875 10 INFO neutron.wsgi [req-ea7915c6-eb1c-4b2a-9468-cdd7b4bef5ca req-aac19046-9dde-4bc3-bd85-dcdb3910a913 bf55a6de073745a6bcbdb2f1ff534e13 3d98a71b7a424de280b0aa60b942e473 - - edb1acb7a6e04cbeaf7e0ec679801393 edb1acb7a6e04cbeaf7e0ec679801393] 199.204.45.141 "GET /v2.0/networks/9a3dc1bb-b1fa-47b1-aac3-eb7e0ac3a9a9?fields=provider%3Aphysical_network&fields=provider%3Anetwork_type HTTP/1.1" status: 200 len: 277 time: 0.1306505
2026-03-31 06:08:20.878 9 INFO neutron.wsgi [req-db23a8a6-a902-42a1-a0ff-6f125d4ca595 req-063f4ed4-2186-4820-a491-40ac86d5add4 cc3f28f4fc4e4a269d41fca6bec48d13 64eb6322cdaf41fdbfcf07fd62487f0d - - default default] 199.204.45.141 "GET /v2.0/ports?device_id=9cec32eb-6801-4154-9718-340721fd4cca HTTP/1.1" status: 200 len: 1172 time: 0.0616345
2026-03-31 06:08:20.986 9 INFO neutron.db.ovn_revision_numbers_db [None req-167626d1-658d-4bc2-9dc6-109fc93ef63a c202fea129e546f385b414a1b31cddf9 c397a2a50aea4f8a8584fe4d5d233223 - - default default] Successfully bumped revision number for resource 15bae3a4-8c10-4231-842a-63d44d2b1e36 (type: security_group_rules) to 0
2026-03-31 06:08:21.017 9 INFO neutron.db.ovn_revision_numbers_db [None req-38d739ba-78aa-41dd-8c67-7ef3c5899410 8a435e6f92ef45fab22edef113ea4e8f 975164cbb4b84478914d95da9a9f17d9 - - default default] Successfully bumped revision number for resource 9acb9d53-a23d-451d-be78-6b79dbb6c458 (type: security_groups) to 1
2026-03-31 06:08:21.027 9 INFO neutron.wsgi [None req-167626d1-658d-4bc2-9dc6-109fc93ef63a c202fea129e546f385b414a1b31cddf9 c397a2a50aea4f8a8584fe4d5d233223 - - default default] 10.0.0.91 "POST /v2.0/security-group-rules HTTP/1.1" status: 201 len: 763 time: 0.2940688
2026-03-31 06:08:21.053 9 INFO neutron.db.ovn_revision_numbers_db [None req-38d739ba-78aa-41dd-8c67-7ef3c5899410 8a435e6f92ef45fab22edef113ea4e8f 975164cbb4b84478914d95da9a9f17d9 - - default default] Successfully bumped revision number for resource 7a362369-977f-4026-b343-62ffffacbec2 (type: security_group_rules) to 0
2026-03-31 06:08:21.058 10 INFO neutron.db.ovn_revision_numbers_db [None req-0a8392ec-56c7-48f2-b6ea-75c30f804bda - - - - - -] Successfully bumped revision number for resource 8827c46f-4158-4b0a-b01a-e6e936a75e78 (type: ports) to 5
2026-03-31 06:08:21.077 9 INFO neutron.db.ovn_revision_numbers_db [None req-38d739ba-78aa-41dd-8c67-7ef3c5899410 8a435e6f92ef45fab22edef113ea4e8f 975164cbb4b84478914d95da9a9f17d9 - - default default] Successfully bumped revision number for resource c8a58a71-0244-4ef5-968c-2245cec6d9ab (type: security_group_rules) to 0
2026-03-31 06:08:21.107 9 INFO neutron.wsgi [None req-38d739ba-78aa-41dd-8c67-7ef3c5899410 8a435e6f92ef45fab22edef113ea4e8f 975164cbb4b84478914d95da9a9f17d9 - - default default] 10.0.0.91 "POST /v2.0/security-groups HTTP/1.1" status: 201 len: 1761 time: 0.3248696
2026-03-31 06:08:21.203 10 INFO neutron.db.ovn_revision_numbers_db [None req-fd9e4947-9dab-49f8-a1f6-67741d657d77 c202fea129e546f385b414a1b31cddf9 c397a2a50aea4f8a8584fe4d5d233223 - - default default] Successfully bumped revision number for resource ad3cb68a-a315-4194-8a5b-0fb781c67745 (type: security_group_rules) to 0
2026-03-31 06:08:21.239 10 INFO neutron.wsgi [None req-fd9e4947-9dab-49f8-a1f6-67741d657d77 c202fea129e546f385b414a1b31cddf9 c397a2a50aea4f8a8584fe4d5d233223 - - default default] 10.0.0.91 "POST /v2.0/security-group-rules HTTP/1.1" status: 201 len: 769 time: 0.2050605 /var/lib/openstack/lib/python3.10/site-packages/pycadf/identifier.py:71: UserWarning: Invalid uuid: neutron. To ensure interoperability, identifiers should be a valid uuid. warnings.warn(('Invalid uuid: %s. To ensure interoperability, '
2026-03-31 06:08:21.376 10 INFO neutron.wsgi [None req-301986b3-bacc-49fd-add8-001fff90ade5 cc621de00d21409eada44fd6085930ac 78f7c67c2752405786e8cbf2660fe6cb - - default default] 10.0.0.91 "GET /v2.0/security-groups?tenant_id=e1ae1c8a913541f0a8e40332ba661f67&name=default HTTP/1.1" status: 200 len: 2996 time: 0.1687586
2026-03-31 06:08:21.404 10 INFO neutron.db.ovn_revision_numbers_db [None req-1ad81f79-811c-4b9c-9b1e-f36d65df3de5 c202fea129e546f385b414a1b31cddf9 c397a2a50aea4f8a8584fe4d5d233223 - - default default] Successfully bumped revision number for resource ebc66cdf-141b-4da7-8eb1-f23064de8b1a (type: security_group_rules) to 0
2026-03-31 06:08:21.443 10 INFO neutron.wsgi [None req-1ad81f79-811c-4b9c-9b1e-f36d65df3de5 c202fea129e546f385b414a1b31cddf9 c397a2a50aea4f8a8584fe4d5d233223 - - default default] 10.0.0.91 "POST /v2.0/security-group-rules HTTP/1.1" status: 201 len: 768 time: 0.1979735
2026-03-31 06:08:21.486 10 INFO neutron.db.securitygroups_db [None req-0e68aa19-5c9d-48aa-ac6c-bf365d690204 c202fea129e546f385b414a1b31cddf9 c397a2a50aea4f8a8584fe4d5d233223 - - default default] Project c397a2a50aea4f8a8584fe4d5d233223 added a security group rule with legacy IPv6 ICMP protocol name icmp, ipv6-icmp should be used instead. It was automatically converted.
2026-03-31 06:08:21.604 9 INFO neutron.db.ovn_revision_numbers_db [None req-0489e772-0acc-4c5a-9f5c-d44b39b8ff5a 8a435e6f92ef45fab22edef113ea4e8f 975164cbb4b84478914d95da9a9f17d9 - - default default] Successfully bumped revision number for resource f3e1f795-ecaa-408e-be0c-864f5f03f711 (type: security_group_rules) to 0
2026-03-31 06:08:21.611 9 INFO neutron.db.l3_db [req-db23a8a6-a902-42a1-a0ff-6f125d4ca595 req-7f99a2fc-4523-4ba5-be11-0b70c9f58ca2 cc3f28f4fc4e4a269d41fca6bec48d13 64eb6322cdaf41fdbfcf07fd62487f0d - - default default] Floating IP 6db047f6-9430-48de-9ee8-8846f227bfaa disassociated. External IP: 10.96.250.210, port: 8827c46f-4158-4b0a-b01a-e6e936a75e78.
2026-03-31 06:08:21.631 10 INFO neutron.db.ovn_revision_numbers_db [None req-0e68aa19-5c9d-48aa-ac6c-bf365d690204 c202fea129e546f385b414a1b31cddf9 c397a2a50aea4f8a8584fe4d5d233223 - - default default] Successfully bumped revision number for resource 644b8ec0-ef31-403b-b4e4-4ee4157ffec4 (type: security_group_rules) to 0
2026-03-31 06:08:21.660 10 INFO neutron.wsgi [None req-0e68aa19-5c9d-48aa-ac6c-bf365d690204 c202fea129e546f385b414a1b31cddf9 c397a2a50aea4f8a8584fe4d5d233223 - - default default] 10.0.0.91 "POST /v2.0/security-group-rules HTTP/1.1" status: 201 len: 774 time: 0.2104132
2026-03-31 06:08:21.664 10 INFO neutron.wsgi [None req-7b2938ce-15ae-403e-b612-ebc749e49441 cc621de00d21409eada44fd6085930ac 78f7c67c2752405786e8cbf2660fe6cb - - default default] 10.0.0.91 "DELETE /v2.0/security-groups/0f12fadc-adb1-4a93-8570-1c173a8e426e HTTP/1.1" status: 204 len: 168 time: 0.2809303
2026-03-31 06:08:21.686 9 INFO neutron.wsgi [None req-0489e772-0acc-4c5a-9f5c-d44b39b8ff5a 8a435e6f92ef45fab22edef113ea4e8f 975164cbb4b84478914d95da9a9f17d9 - - default default] 10.0.0.91 "POST /v2.0/security-group-rules HTTP/1.1" status: 201 len: 768 time: 0.5710096
2026-03-31 06:08:21.697 10 INFO neutron.db.securitygroups_db [None req-e0b11bf1-91be-4c66-b452-0159aba703ac c202fea129e546f385b414a1b31cddf9 c397a2a50aea4f8a8584fe4d5d233223 - - default default] Project c397a2a50aea4f8a8584fe4d5d233223 added a security group rule with legacy IPv6 ICMP protocol name icmp, ipv6-icmp should be used instead. It was automatically converted.
2026-03-31 06:08:21.707 10 INFO neutron.wsgi [None req-d2ee0b06-34a2-4355-a06f-eb499ecbc801 8a435e6f92ef45fab22edef113ea4e8f 975164cbb4b84478914d95da9a9f17d9 - - default default] 10.0.0.91 "GET /v2.0/security-group-rules/f3e1f795-ecaa-408e-be0c-864f5f03f711 HTTP/1.1" status: 200 len: 763 time: 0.0158000
2026-03-31 06:08:21.762 10 INFO neutron.wsgi [None req-1b01258d-b880-41bc-acad-32f7aa0dfeed 8a435e6f92ef45fab22edef113ea4e8f 975164cbb4b84478914d95da9a9f17d9 - - default default] 10.0.0.91 "GET /v2.0/security-group-rules HTTP/1.1" status: 200 len: 4113 time: 0.0483446 /var/lib/openstack/lib/python3.10/site-packages/pycadf/identifier.py:71: UserWarning: Invalid uuid: neutron. To ensure interoperability, identifiers should be a valid uuid. warnings.warn(('Invalid uuid: %s. To ensure interoperability, '
2026-03-31 06:08:21.842 9 INFO neutron.wsgi [req-fe04518c-1e86-4d31-a2b2-9181d52b382e req-9e88ebc7-aed8-4978-b8b6-54734940e573 cc3f28f4fc4e4a269d41fca6bec48d13 64eb6322cdaf41fdbfcf07fd62487f0d - - default default] 10.0.0.217 "GET /v2.0/ports?device_id=9cec32eb-6801-4154-9718-340721fd4cca HTTP/1.1" status: 200 len: 210 time: 0.0309358
2026-03-31 06:08:21.869 10 INFO neutron.db.ovn_revision_numbers_db [None req-e0b11bf1-91be-4c66-b452-0159aba703ac c202fea129e546f385b414a1b31cddf9 c397a2a50aea4f8a8584fe4d5d233223 - - default default] Successfully bumped revision number for resource 78cddb48-69fb-4f28-aabb-cbe0960ef915 (type: security_group_rules) to 0
2026-03-31 06:08:21.875 10 INFO neutron.notifiers.nova [-] Nova event matching ['req-9c6dcd61-a00d-4850-8f82-201afd0530d2'] response: {'server_uuid': '9cec32eb-6801-4154-9718-340721fd4cca', 'name': 'network-vif-unplugged', 'status': 'completed', 'tag': '8827c46f-4158-4b0a-b01a-e6e936a75e78', 'code': 200}
2026-03-31 06:08:21.875 10 INFO neutron.notifiers.nova [-] Nova event matching ['req-9c6dcd61-a00d-4850-8f82-201afd0530d2'] response: {'server_uuid': '9cec32eb-6801-4154-9718-340721fd4cca', 'name': 'network-vif-plugged', 'status': 'completed', 'tag': '8827c46f-4158-4b0a-b01a-e6e936a75e78', 'code': 200}
2026-03-31 06:08:21.890 9 INFO neutron.wsgi [req-db23a8a6-a902-42a1-a0ff-6f125d4ca595 req-7f99a2fc-4523-4ba5-be11-0b70c9f58ca2 cc3f28f4fc4e4a269d41fca6bec48d13 64eb6322cdaf41fdbfcf07fd62487f0d - - default default] 199.204.45.141 "DELETE /v2.0/ports/8827c46f-4158-4b0a-b01a-e6e936a75e78 HTTP/1.1" status: 204 len: 173 time: 1.0084176
2026-03-31 06:08:21.918 10 INFO neutron.wsgi [None req-e0b11bf1-91be-4c66-b452-0159aba703ac c202fea129e546f385b414a1b31cddf9 c397a2a50aea4f8a8584fe4d5d233223 - - default default] 10.0.0.91 "POST /v2.0/security-group-rules HTTP/1.1" status: 201 len: 773 time: 0.2504489
2026-03-31 06:08:21.972 10 INFO neutron.wsgi [None req-a5148796-8d78-4414-8d3f-6778f9d25cfd 8a435e6f92ef45fab22edef113ea4e8f 975164cbb4b84478914d95da9a9f17d9 - - default default] 10.0.0.91 "DELETE /v2.0/security-group-rules/f3e1f795-ecaa-408e-be0c-864f5f03f711 HTTP/1.1" status: 204 len: 168 time: 0.2039852
2026-03-31 06:08:21.997 9 INFO neutron.notifiers.nova [-] Nova event matching ['req-d003da6b-c71b-478c-a76e-d0a18dac3ef3'] response: {'server_uuid': '9cec32eb-6801-4154-9718-340721fd4cca', 'name': 'network-vif-deleted', 'tag': '8827c46f-4158-4b0a-b01a-e6e936a75e78', 'status': 'completed', 'code': 200}
2026-03-31 06:08:22.037 10 INFO neutron.wsgi [None req-6a2ff4ae-6a62-44d7-8a6b-a750a44a6a88 8a435e6f92ef45fab22edef113ea4e8f 975164cbb4b84478914d95da9a9f17d9 - - default default] 10.0.0.91 "GET /v2.0/security-group-rules HTTP/1.1" status: 200 len: 3567 time: 0.0574954
2026-03-31 06:08:22.226 10 INFO neutron.db.ovn_revision_numbers_db [None req-35db57fb-b06e-41f0-8cd7-4931a644251c 8a435e6f92ef45fab22edef113ea4e8f 975164cbb4b84478914d95da9a9f17d9 - - default default] Successfully bumped revision number for resource 1de3c11e-7127-4946-a2e6-21f17a72acba (type: security_group_rules) to 0
2026-03-31 06:08:22.267 10 INFO neutron.wsgi [None req-35db57fb-b06e-41f0-8cd7-4931a644251c 8a435e6f92ef45fab22edef113ea4e8f 975164cbb4b84478914d95da9a9f17d9 - - default default] 10.0.0.91 "POST /v2.0/security-group-rules HTTP/1.1" status: 201 len: 768 time: 0.2256114
2026-03-31 06:08:22.294 10 INFO neutron.wsgi [None req-361e624f-aee9-4bb8-81c6-a87e732e48e1 8a435e6f92ef45fab22edef113ea4e8f 975164cbb4b84478914d95da9a9f17d9 - - default default] 10.0.0.91 "GET /v2.0/security-group-rules/1de3c11e-7127-4946-a2e6-21f17a72acba HTTP/1.1" status: 200 len: 763 time: 0.0220051
2026-03-31 06:08:22.351 10 INFO neutron.wsgi [None req-0667e23f-d368-4622-a9e2-f699d8f23e3a 8a435e6f92ef45fab22edef113ea4e8f 975164cbb4b84478914d95da9a9f17d9 - - default default] 10.0.0.91 "GET /v2.0/security-group-rules HTTP/1.1" status: 200 len: 4113 time: 0.0521913
2026-03-31 06:08:22.503 9 INFO neutron.wsgi [None req-eb22bae4-58d4-4a37-b857-5b34dc0a3f32 8a435e6f92ef45fab22edef113ea4e8f 975164cbb4b84478914d95da9a9f17d9 - - default default] 10.0.0.91 "DELETE /v2.0/security-group-rules/1de3c11e-7127-4946-a2e6-21f17a72acba HTTP/1.1" status: 204 len: 168 time: 0.1438179
2026-03-31 06:08:22.549 10 INFO neutron.wsgi [None req-6adc615f-c922-4ca0-bd30-188177feeb32 8a435e6f92ef45fab22edef113ea4e8f 975164cbb4b84478914d95da9a9f17d9 - - default default] 10.0.0.91 "GET /v2.0/security-group-rules HTTP/1.1" status: 200 len: 3567 time: 0.0396152
2026-03-31 06:08:22.597 9 INFO neutron.wsgi [None req-75fe1c48-abf1-4391-b5b2-c6784c592af1 c202fea129e546f385b414a1b31cddf9 c397a2a50aea4f8a8584fe4d5d233223 - - default default] 10.0.0.91 "GET /v2.0/networks HTTP/1.1" status: 200 len: 1492 time: 0.2599044
2026-03-31 06:08:22.717 9 INFO neutron.db.ovn_revision_numbers_db [None req-ea890afd-903a-44de-b647-19f187df8230 8a435e6f92ef45fab22edef113ea4e8f 975164cbb4b84478914d95da9a9f17d9 - - default default] Successfully bumped revision number for resource 44c7576b-c678-4dd5-87eb-b17f9110060b (type: security_group_rules) to 0
2026-03-31 06:08:22.737 10 INFO neutron.wsgi [req-fbf1113a-e4ba-4182-b7db-2bbf07fb4124 req-dd9859c6-fee4-4ebe-8140-22b20be77e97 c202fea129e546f385b414a1b31cddf9 c397a2a50aea4f8a8584fe4d5d233223 - - default default] 10.0.0.217 "GET /v2.0/security-groups?name=tempest-secgroup-smoke-492563017&fields=id&tenant_id=c397a2a50aea4f8a8584fe4d5d233223 HTTP/1.1" status: 200 len: 267 time: 0.0561578
2026-03-31 06:08:22.743 9 INFO neutron.wsgi [None req-ea890afd-903a-44de-b647-19f187df8230 8a435e6f92ef45fab22edef113ea4e8f 975164cbb4b84478914d95da9a9f17d9 - - default default] 10.0.0.91 "POST /v2.0/security-group-rules HTTP/1.1" status: 201 len: 769 time: 0.1892688
2026-03-31 06:08:22.769 9 INFO neutron.wsgi [None req-1de91b3b-e8e1-4d42-a961-1af3793bbc29 8a435e6f92ef45fab22edef113ea4e8f 975164cbb4b84478914d95da9a9f17d9 - - default default] 10.0.0.91 "GET /v2.0/security-group-rules/44c7576b-c678-4dd5-87eb-b17f9110060b HTTP/1.1" status: 200 len: 764 time: 0.0194964
2026-03-31 06:08:22.817 9 INFO neutron.wsgi [None req-7700ef25-bb5c-4a3b-b76b-26f501845fd7 8a435e6f92ef45fab22edef113ea4e8f 975164cbb4b84478914d95da9a9f17d9 - - default default] 10.0.0.91 "GET /v2.0/security-group-rules HTTP/1.1" status: 200 len: 4114 time: 0.0424271
2026-03-31 06:08:22.871 10 INFO neutron.wsgi [req-fbf1113a-e4ba-4182-b7db-2bbf07fb4124 req-80dd81ab-daea-4440-9871-03e46cc1f715 c202fea129e546f385b414a1b31cddf9 c397a2a50aea4f8a8584fe4d5d233223 - - default default] 10.0.0.217 "GET /v2.0/networks?id=7bf3714e-5e8c-4204-808e-b516027b8036 HTTP/1.1" status: 200 len: 859 time: 0.1208935
2026-03-31 06:08:22.897 10 INFO neutron.wsgi [req-fbf1113a-e4ba-4182-b7db-2bbf07fb4124 req-cefe6420-a92d-4b39-9fa1-95cf142e03b5 c202fea129e546f385b414a1b31cddf9 c397a2a50aea4f8a8584fe4d5d233223 - - default default] 10.0.0.217 "GET /v2.0/quotas/c397a2a50aea4f8a8584fe4d5d233223 HTTP/1.1" status: 200 len: 386 time: 0.0149381
2026-03-31 06:08:23.012 10 INFO neutron.wsgi [req-fbf1113a-e4ba-4182-b7db-2bbf07fb4124 req-b35b1d95-eabf-46e0-b25c-4c7328ec2480 c202fea129e546f385b414a1b31cddf9 c397a2a50aea4f8a8584fe4d5d233223 - - default default] 10.0.0.217 "GET /v2.0/ports?tenant_id=c397a2a50aea4f8a8584fe4d5d233223&fields=id HTTP/1.1" status: 200 len: 348 time: 0.1065636
2026-03-31 06:08:23.026 9 INFO neutron.wsgi [None req-9e2f683b-70fa-463b-bfe4-d0a634a54cf3 8a435e6f92ef45fab22edef113ea4e8f 975164cbb4b84478914d95da9a9f17d9 - - default default] 10.0.0.91 "DELETE /v2.0/security-group-rules/44c7576b-c678-4dd5-87eb-b17f9110060b HTTP/1.1" status: 204 len: 168 time: 0.2017269
2026-03-31 06:08:23.110 10 INFO neutron.wsgi [req-fbf1113a-e4ba-4182-b7db-2bbf07fb4124 req-b3d7f9ff-3984-420d-a25c-b93ad84baab9 bf55a6de073745a6bcbdb2f1ff534e13 3d98a71b7a424de280b0aa60b942e473 - - edb1acb7a6e04cbeaf7e0ec679801393 edb1acb7a6e04cbeaf7e0ec679801393] 10.0.0.217 "GET /v2.0/networks/7bf3714e-5e8c-4204-808e-b516027b8036?fields=segments HTTP/1.1" status: 200 len: 212 time: 0.0834730
2026-03-31 06:08:23.115 9 INFO neutron.wsgi [None req-9e9a5e37-652c-45a9-a0b4-486bf85c5a65 8a435e6f92ef45fab22edef113ea4e8f 975164cbb4b84478914d95da9a9f17d9 - - default default] 10.0.0.91 "GET /v2.0/security-group-rules HTTP/1.1" status: 200 len: 3567 time: 0.0817821
2026-03-31 06:08:23.198 9 INFO neutron.wsgi [None req-8e943bcb-704f-4952-b526-d863b0f07b37 cc3f28f4fc4e4a269d41fca6bec48d13 64eb6322cdaf41fdbfcf07fd62487f0d - - default default] 10.0.0.91 "DELETE /v2.0/security-groups/d9a4b4f4-4655-4593-9474-43532d8fa9be HTTP/1.1" status: 204 len: 168 time: 0.2406428
2026-03-31 06:08:23.205 10 INFO neutron.wsgi [req-fbf1113a-e4ba-4182-b7db-2bbf07fb4124 req-23fa4b78-19d6-4444-9f34-337f1eaaf58f bf55a6de073745a6bcbdb2f1ff534e13 3d98a71b7a424de280b0aa60b942e473 - - edb1acb7a6e04cbeaf7e0ec679801393 edb1acb7a6e04cbeaf7e0ec679801393] 10.0.0.217 "GET /v2.0/networks/7bf3714e-5e8c-4204-808e-b516027b8036?fields=provider%3Aphysical_network&fields=provider%3Anetwork_type HTTP/1.1" status: 200 len: 277 time: 0.0854733
2026-03-31 06:08:23.225 9 INFO neutron.api.v2.resource [None req-de26cf94-962c-4a34-8d21-182f69cb4d4c cc3f28f4fc4e4a269d41fca6bec48d13 64eb6322cdaf41fdbfcf07fd62487f0d - - default default] show failed (client error): The resource could not be found.
2026-03-31 06:08:23.227 9 INFO neutron.wsgi [None req-de26cf94-962c-4a34-8d21-182f69cb4d4c cc3f28f4fc4e4a269d41fca6bec48d13 64eb6322cdaf41fdbfcf07fd62487f0d - - default default] 10.0.0.91 "GET /v2.0/security-groups/d9a4b4f4-4655-4593-9474-43532d8fa9be HTTP/1.1" status: 404 len: 347 time: 0.0212164
2026-03-31 06:08:23.295 9 INFO neutron.wsgi [None req-b2c82032-4d0f-453d-a843-ed91fd41d30b 8a435e6f92ef45fab22edef113ea4e8f 975164cbb4b84478914d95da9a9f17d9 - - default default] 10.0.0.91 "DELETE /v2.0/security-groups/9acb9d53-a23d-451d-be78-6b79dbb6c458 HTTP/1.1" status: 204 len: 168 time: 0.1731567
2026-03-31 06:08:23.377 9 INFO neutron.wsgi [None req-d1cd921b-547f-4a49-b68f-f4b083375441 8a435e6f92ef45fab22edef113ea4e8f 975164cbb4b84478914d95da9a9f17d9 - - default default] 10.0.0.91 "GET /v2.0/security-groups HTTP/1.1" status: 200 len: 2996 time: 0.0780838
2026-03-31 06:08:23.397 9 INFO neutron.wsgi [req-4b75c6b1-ac8e-4644-bed4-16e5ecb1ac9b req-1e08723b-8fef-4990-9d38-a0ccf49a43f4 c202fea129e546f385b414a1b31cddf9 c397a2a50aea4f8a8584fe4d5d233223 - - default default] 10.0.0.217 "GET /v2.0/ports?device_id=ad640314-b39b-4102-a7b2-70dfb3de64e5 HTTP/1.1" status: 200 len: 210 time: 0.0377789
2026-03-31 06:08:23.458 10 INFO neutron.wsgi [None req-1c53112e-772b-48e7-b695-2e2afe8de1ba 8a435e6f92ef45fab22edef113ea4e8f 975164cbb4b84478914d95da9a9f17d9 - - default default] 10.0.0.91 "GET /v2.0/security-groups HTTP/1.1" status: 200 len: 2996 time: 0.0652761
2026-03-31 06:08:23.701 10 INFO neutron.wsgi [None req-859a9ecb-4197-4ad2-9b40-78ab636bbc42 cc3f28f4fc4e4a269d41fca6bec48d13 64eb6322cdaf41fdbfcf07fd62487f0d - - default default] 10.0.0.91 "DELETE /v2.0/floatingips/6db047f6-9430-48de-9ee8-8846f227bfaa HTTP/1.1" status: 204 len: 168 time: 0.4679217
2026-03-31 06:08:23.957 9 INFO neutron.db.ovn_revision_numbers_db [None req-49bb7b94-02ac-4e99-a5b1-077ec04f29d0 bbbc41b7497f49898dd7a8a8c6382016 62aa9c9d02c64131861d9cf2d61fb5cd - - default default] Successfully bumped revision number for resource 0db2aab0-9572-4523-b87f-7056feae01c1 (type: security_groups) to 1
2026-03-31 06:08:23.978 9 INFO neutron.db.ovn_revision_numbers_db [None req-49bb7b94-02ac-4e99-a5b1-077ec04f29d0 bbbc41b7497f49898dd7a8a8c6382016 62aa9c9d02c64131861d9cf2d61fb5cd - - default default] Successfully bumped revision number for resource 838143b8-b58d-4e70-a3be-45ee29671917 (type: security_group_rules) to 0
2026-03-31 06:08:23.996 9 INFO neutron.db.ovn_revision_numbers_db [None req-49bb7b94-02ac-4e99-a5b1-077ec04f29d0 bbbc41b7497f49898dd7a8a8c6382016 62aa9c9d02c64131861d9cf2d61fb5cd - - default default] Successfully bumped revision number for resource c54cd2aa-1821-4af6-b22f-6126647ed3a0 (type: security_group_rules) to 0
2026-03-31 06:08:24.013 9 INFO neutron.db.ovn_revision_numbers_db [None req-49bb7b94-02ac-4e99-a5b1-077ec04f29d0 bbbc41b7497f49898dd7a8a8c6382016 62aa9c9d02c64131861d9cf2d61fb5cd - - default default] Successfully bumped revision number for resource d9ac4edc-330b-44da-b51f-1234fd7fbb67 (type: security_group_rules) to 0
2026-03-31 06:08:24.040 9 INFO neutron.db.ovn_revision_numbers_db [None req-49bb7b94-02ac-4e99-a5b1-077ec04f29d0 bbbc41b7497f49898dd7a8a8c6382016 62aa9c9d02c64131861d9cf2d61fb5cd - - default default] Successfully bumped revision number for resource e2f3c34e-fb09-478d-8f4d-df938daff3a9 (type: security_group_rules) to 0
2026-03-31 06:08:24.125 9 INFO neutron.db.segments_db [None req-49bb7b94-02ac-4e99-a5b1-077ec04f29d0 bbbc41b7497f49898dd7a8a8c6382016 62aa9c9d02c64131861d9cf2d61fb5cd - - default default] Added segment b2524370-56c5-4c9d-88ef-b0cb5c5e4c33 of type geneve for network 4b6d62d5-3147-4bcd-b441-2beab29feb08
2026-03-31 06:08:24.251 9 INFO neutron.wsgi [req-fbf1113a-e4ba-4182-b7db-2bbf07fb4124 req-30fb0673-8134-44a8-bd5f-0147edef7be8 c202fea129e546f385b414a1b31cddf9 c397a2a50aea4f8a8584fe4d5d233223 - - default default] 199.204.45.141 "GET /v2.0/networks?id=7bf3714e-5e8c-4204-808e-b516027b8036 HTTP/1.1" status: 200 len: 859 time: 0.1192229
2026-03-31 06:08:24.338 9 INFO neutron.db.segments_db [None req-49bb7b94-02ac-4e99-a5b1-077ec04f29d0 bbbc41b7497f49898dd7a8a8c6382016 62aa9c9d02c64131861d9cf2d61fb5cd - - default default] Added segment ff723d84-4835-4e65-8700-454205ad7842 of type geneve for network c7e5c4cd-193f-42db-9a30-b9c12ec7c4f3
2026-03-31 06:08:24.350 9 INFO neutron.wsgi [req-fbf1113a-e4ba-4182-b7db-2bbf07fb4124 req-15cac57b-1776-4aa3-9204-b208d97c3cd1 c202fea129e546f385b414a1b31cddf9 c397a2a50aea4f8a8584fe4d5d233223 - - default default] 199.204.45.141 "GET /v2.0/security-groups?fields=id&fields=name&tenant_id=c397a2a50aea4f8a8584fe4d5d233223 HTTP/1.1" status: 200 len: 472 time: 0.0909793
2026-03-31 06:08:24.610 9 INFO neutron.db.ovn_revision_numbers_db [None req-49bb7b94-02ac-4e99-a5b1-077ec04f29d0 bbbc41b7497f49898dd7a8a8c6382016 62aa9c9d02c64131861d9cf2d61fb5cd - - default default] Successfully bumped revision number for resource 4b6d62d5-3147-4bcd-b441-2beab29feb08 (type: networks) to 1
2026-03-31 06:08:24.724 10 INFO neutron.wsgi [req-ef94620b-af03-4a49-aa54-033ccc7d90d4 req-e93c2589-08e1-4fc1-ac37-6f2df0cb9618 c202fea129e546f385b414a1b31cddf9 c397a2a50aea4f8a8584fe4d5d233223 - - default default] 10.0.0.217 "GET /v2.0/ports?device_id=ad640314-b39b-4102-a7b2-70dfb3de64e5 HTTP/1.1" status: 200 len: 210 time: 0.0295045
2026-03-31 06:08:24.744 10 INFO neutron.wsgi [None req-84525038-4532-4c7b-beed-0c52fc8f7d3d cc621de00d21409eada44fd6085930ac 78f7c67c2752405786e8cbf2660fe6cb - - default default] 10.0.0.91 "GET /v2.0/security-groups?tenant_id=975164cbb4b84478914d95da9a9f17d9&name=default HTTP/1.1" status: 200 len: 2996 time: 0.6758828
2026-03-31 06:08:24.938 9 WARNING neutron.scheduler.dhcp_agent_scheduler [None req-49bb7b94-02ac-4e99-a5b1-077ec04f29d0 bbbc41b7497f49898dd7a8a8c6382016 62aa9c9d02c64131861d9cf2d61fb5cd - - default default] No more DHCP agents
2026-03-31 06:08:24.948 9 WARNING neutron.api.rpc.agentnotifiers.dhcp_rpc_agent_api [None req-49bb7b94-02ac-4e99-a5b1-077ec04f29d0 bbbc41b7497f49898dd7a8a8c6382016 62aa9c9d02c64131861d9cf2d61fb5cd - - default default] Unable to schedule network 4b6d62d5-3147-4bcd-b441-2beab29feb08: no agents available; will retry on subsequent port and subnet creation events.
2026-03-31 06:08:25.039 9 WARNING neutron.scheduler.dhcp_agent_scheduler [req-fbf1113a-e4ba-4182-b7db-2bbf07fb4124 req-ffd6c33c-bc4f-4451-a301-cb5c60716944 c202fea129e546f385b414a1b31cddf9 c397a2a50aea4f8a8584fe4d5d233223 - - default default] No more DHCP agents
2026-03-31 06:08:25.049 9 WARNING neutron.api.rpc.agentnotifiers.dhcp_rpc_agent_api [req-fbf1113a-e4ba-4182-b7db-2bbf07fb4124 req-ffd6c33c-bc4f-4451-a301-cb5c60716944 c202fea129e546f385b414a1b31cddf9 c397a2a50aea4f8a8584fe4d5d233223 - - default default] Unable to schedule network 7bf3714e-5e8c-4204-808e-b516027b8036: no agents available; will retry on subsequent port and subnet creation events.
2026-03-31 06:08:25.173 9 INFO neutron.db.ovn_revision_numbers_db [None req-49bb7b94-02ac-4e99-a5b1-077ec04f29d0 bbbc41b7497f49898dd7a8a8c6382016 62aa9c9d02c64131861d9cf2d61fb5cd - - default default] Successfully bumped revision number for resource 44dfe0f4-a267-4c4a-9324-dfcb7a83a4f3 (type: ports) to 1
2026-03-31 06:08:25.321 9 INFO neutron.wsgi [None req-106d3ea4-ad77-4d01-a810-e71b6f58d1bf cc621de00d21409eada44fd6085930ac 78f7c67c2752405786e8cbf2660fe6cb - - default default] 10.0.0.91 "DELETE /v2.0/security-groups/8a81940b-ce8c-4492-bbd0-54a42c565950 HTTP/1.1" status: 204 len: 168 time: 0.5692122
2026-03-31 06:08:25.326 9 INFO neutron.db.ovn_revision_numbers_db [None req-49bb7b94-02ac-4e99-a5b1-077ec04f29d0 bbbc41b7497f49898dd7a8a8c6382016 62aa9c9d02c64131861d9cf2d61fb5cd - - default default] Successfully bumped revision number for resource c7e5c4cd-193f-42db-9a30-b9c12ec7c4f3 (type: networks) to 1
2026-03-31 06:08:25.443 9 INFO neutron.db.ovn_revision_numbers_db [req-fbf1113a-e4ba-4182-b7db-2bbf07fb4124 req-ffd6c33c-bc4f-4451-a301-cb5c60716944 c202fea129e546f385b414a1b31cddf9 c397a2a50aea4f8a8584fe4d5d233223 - - default default] Successfully bumped revision number for resource 28775e5b-2d9f-446f-8033-879ed0427105 (type: ports) to 1
2026-03-31 06:08:25.452 10 INFO neutron.wsgi [None req-3f827f79-f336-4d6e-afb3-83a024b34352 cc621de00d21409eada44fd6085930ac 78f7c67c2752405786e8cbf2660fe6cb - - default default] 10.0.0.91 "PUT /v2.0/routers/56a7aa31-dc46-406c-88b3-5aaa1f6f8ac8/remove_router_interface HTTP/1.1" status: 200 len: 503 time: 1.7461348 /var/lib/openstack/lib/python3.10/site-packages/pycadf/identifier.py:71: UserWarning: Invalid uuid: neutron. To ensure interoperability, identifiers should be a valid uuid. warnings.warn(('Invalid uuid: %s. To ensure interoperability, '
2026-03-31 06:08:25.493 9 INFO neutron.wsgi [req-fbf1113a-e4ba-4182-b7db-2bbf07fb4124 req-ffd6c33c-bc4f-4451-a301-cb5c60716944 c202fea129e546f385b414a1b31cddf9 c397a2a50aea4f8a8584fe4d5d233223 - - default default] 199.204.45.141 "POST /v2.0/ports HTTP/1.1" status: 201 len: 1158 time: 1.1285763 /var/lib/openstack/lib/python3.10/site-packages/pycadf/identifier.py:71: UserWarning: Invalid uuid: neutron. To ensure interoperability, identifiers should be a valid uuid. warnings.warn(('Invalid uuid: %s. To ensure interoperability, '
2026-03-31 06:08:25.621 9 WARNING neutron.scheduler.dhcp_agent_scheduler [None req-49bb7b94-02ac-4e99-a5b1-077ec04f29d0 bbbc41b7497f49898dd7a8a8c6382016 62aa9c9d02c64131861d9cf2d61fb5cd - - default default] No more DHCP agents
2026-03-31 06:08:25.628 9 WARNING neutron.api.rpc.agentnotifiers.dhcp_rpc_agent_api [None req-49bb7b94-02ac-4e99-a5b1-077ec04f29d0 bbbc41b7497f49898dd7a8a8c6382016 62aa9c9d02c64131861d9cf2d61fb5cd - - default default] Unable to schedule network c7e5c4cd-193f-42db-9a30-b9c12ec7c4f3: no agents available; will retry on subsequent port and subnet creation events.
2026-03-31 06:08:25.769 9 INFO neutron.db.ovn_revision_numbers_db [None req-49bb7b94-02ac-4e99-a5b1-077ec04f29d0 bbbc41b7497f49898dd7a8a8c6382016 62aa9c9d02c64131861d9cf2d61fb5cd - - default default] Successfully bumped revision number for resource 307178b4-8b83-461e-a366-94c2aac5b424 (type: ports) to 1
2026-03-31 06:08:25.801 9 INFO neutron.wsgi [None req-49bb7b94-02ac-4e99-a5b1-077ec04f29d0 bbbc41b7497f49898dd7a8a8c6382016 62aa9c9d02c64131861d9cf2d61fb5cd - - default default] 10.0.0.91 "POST /v2.0/networks HTTP/1.1" status: 201 len: 1445 time: 2.2851717
2026-03-31 06:08:25.952 9 INFO neutron.wsgi [None req-9a234109-8291-45c6-9e46-f4396d2bca29 bbbc41b7497f49898dd7a8a8c6382016 62aa9c9d02c64131861d9cf2d61fb5cd - - default default] 10.0.0.91 "GET /v2.0/networks HTTP/1.1" status: 200 len: 2051 time: 0.1439948
2026-03-31 06:08:26.038 9 INFO neutron.wsgi [req-b490f7ae-26fd-4cf0-a9db-cc5f04f2b337 req-7b9d872f-ba92-42ec-903e-9b2c2f64f654 c202fea129e546f385b414a1b31cddf9 c397a2a50aea4f8a8584fe4d5d233223 - - default default] 10.0.0.217 "GET /v2.0/ports?device_id=ad640314-b39b-4102-a7b2-70dfb3de64e5 HTTP/1.1" status: 200 len: 1156 time: 0.2178583 /var/lib/openstack/lib/python3.10/site-packages/pycadf/identifier.py:71: UserWarning: Invalid uuid: neutron. To ensure interoperability, identifiers should be a valid uuid. warnings.warn(('Invalid uuid: %s. To ensure interoperability, '
2026-03-31 06:08:26.125 9 INFO neutron.wsgi [req-b490f7ae-26fd-4cf0-a9db-cc5f04f2b337 req-9afe9d96-60e2-4585-969f-5a432bfe681d c202fea129e546f385b414a1b31cddf9 c397a2a50aea4f8a8584fe4d5d233223 - - default default] 10.0.0.217 "GET /v2.0/security-groups?id=ba7a4784-9a17-4eff-bdda-d9f33c3388ef&fields=id&fields=name HTTP/1.1" status: 200 len: 312 time: 0.0804090
2026-03-31 06:08:26.183 10 INFO neutron.wsgi [None req-4a582d44-61f2-466d-966e-5ff16921939a cc621de00d21409eada44fd6085930ac 78f7c67c2752405786e8cbf2660fe6cb - - default default] 10.0.0.91 "DELETE /v2.0/routers/56a7aa31-dc46-406c-88b3-5aaa1f6f8ac8 HTTP/1.1" status: 204 len: 168 time: 0.7248771
2026-03-31 06:08:26.213 9 INFO neutron.db.ovn_revision_numbers_db [req-fbf1113a-e4ba-4182-b7db-2bbf07fb4124 req-dbc9855a-b013-4fa7-a45e-cded437eef3c bf55a6de073745a6bcbdb2f1ff534e13 3d98a71b7a424de280b0aa60b942e473 - - edb1acb7a6e04cbeaf7e0ec679801393 edb1acb7a6e04cbeaf7e0ec679801393] Successfully bumped revision number for resource 28775e5b-2d9f-446f-8033-879ed0427105 (type: ports) to 2
2026-03-31 06:08:26.407 10 INFO neutron.wsgi [None req-3d5d483a-1dbb-4871-9583-a4b6308e2b77 cc621de00d21409eada44fd6085930ac 78f7c67c2752405786e8cbf2660fe6cb - - default default] 10.0.0.91 "DELETE /v2.0/subnets/a57f19a2-b165-45ff-90d3-1b0234e42863 HTTP/1.1" status: 204 len: 168 time: 0.2158747
2026-03-31 06:08:26.514 9 INFO neutron.services.segments.plugin [-] Segment b2524370-56c5-4c9d-88ef-b0cb5c5e4c33 resource provider aggregate not found
2026-03-31 06:08:26.523 9 INFO neutron.services.segments.plugin [-] Segment b2524370-56c5-4c9d-88ef-b0cb5c5e4c33 resource provider aggregate not found
2026-03-31 06:08:26.545 9 INFO neutron.services.segments.plugin [-] Segment b2524370-56c5-4c9d-88ef-b0cb5c5e4c33 resource provider not found; error: Placement Client Error (4xx): {"errors": [{"status": 404, "title": "Not Found", "detail": "The resource could not be found.\n\n No resource provider with uuid b2524370-56c5-4c9d-88ef-b0cb5c5e4c33 found for delete ", "request_id": "req-f525fb35-4345-481e-904e-f458dd13790f"}]}
2026-03-31 06:08:26.546 9 INFO neutron.services.segments.plugin [-] Segment b2524370-56c5-4c9d-88ef-b0cb5c5e4c33 resource provider not found; error: Placement Client Error (4xx): {"errors": [{"status": 404, "title": "Not Found", "detail": "The resource could not be found.\n\n No resource provider with uuid b2524370-56c5-4c9d-88ef-b0cb5c5e4c33 found for delete ", "request_id": "req-e204bab5-7c76-486a-88ad-efd0e83f3668"}]}
2026-03-31 06:08:26.599 9 INFO neutron.wsgi [None req-e795fa6b-a13b-4224-a970-556b0ffcc7a9 bbbc41b7497f49898dd7a8a8c6382016 62aa9c9d02c64131861d9cf2d61fb5cd - - default default] 10.0.0.91 "DELETE /v2.0/networks/4b6d62d5-3147-4bcd-b441-2beab29feb08 HTTP/1.1" status: 204 len: 168 time: 0.6395578
