2026-03-31 06:09:43.886 10 INFO neutron.db.ovn_revision_numbers_db [None req-f71d0a4e-3e4c-47fb-af26-a0d2b72d7598 cc621de00d21409eada44fd6085930ac 78f7c67c2752405786e8cbf2660fe6cb - - default default] Successfully bumped revision number for resource 30b55247-e6b6-45b7-b946-00dd2d93f553 (type: security_groups) to 1
2026-03-31 06:09:43.909 10 INFO neutron.db.ovn_revision_numbers_db [None req-f71d0a4e-3e4c-47fb-af26-a0d2b72d7598 cc621de00d21409eada44fd6085930ac 78f7c67c2752405786e8cbf2660fe6cb - - default default] Successfully bumped revision number for resource 0dfce75f-ae0e-4f00-a34a-3a396e6da35d (type: security_group_rules) to 0
2026-03-31 06:09:43.957 10 INFO neutron.db.ovn_revision_numbers_db [None req-f71d0a4e-3e4c-47fb-af26-a0d2b72d7598 cc621de00d21409eada44fd6085930ac 78f7c67c2752405786e8cbf2660fe6cb - - default default] Successfully bumped revision number for resource 2499b7a2-abe0-4e2c-b5eb-d9731e27d51c (type: security_group_rules) to 0
2026-03-31 06:09:43.963 9 INFO neutron.wsgi [None req-f85477a2-4288-4aba-9d49-0a94d35e466e 3cc78c5cd4584ab4b616a94c71b6347d a07d105a198c4b8a8060fe314db22975 - - default default] 10.0.0.91 "GET /v2.0/ports?device_id=ee3a3951-2fe3-45fc-9419-f1105bd1996c HTTP/1.1" status: 200 len: 1443 time: 0.1996424
2026-03-31 06:09:43.967 10 INFO neutron.wsgi [None req-febc7b66-eab1-42d2-bf69-92df45c5efad cc621de00d21409eada44fd6085930ac 78f7c67c2752405786e8cbf2660fe6cb - - default default] 10.0.0.91 "GET /v2.0/security-groups?tenant_id=147306168084491390e1c70f8cdca439&name=default HTTP/1.1" status: 200 len: 2996 time: 0.0653107
2026-03-31 06:09:44.004 10 INFO neutron.db.ovn_revision_numbers_db [None req-f71d0a4e-3e4c-47fb-af26-a0d2b72d7598 cc621de00d21409eada44fd6085930ac 78f7c67c2752405786e8cbf2660fe6cb - - default default] Successfully bumped revision number for resource 438d85d3-bb62-47b1-b755-5735f9b3e488 (type: security_group_rules) to 0
2026-03-31 06:09:44.028 10 INFO neutron.db.ovn_revision_numbers_db [None req-f71d0a4e-3e4c-47fb-af26-a0d2b72d7598 cc621de00d21409eada44fd6085930ac 78f7c67c2752405786e8cbf2660fe6cb - - default default] Successfully bumped revision number for resource c8278de3-16ca-448b-89be-efa3843c5d9b (type: security_group_rules) to 0
2026-03-31 06:09:44.066 10 INFO neutron.db.ovn_revision_numbers_db [None req-4e3d57d3-fe39-415d-87a9-df7060a232c0 aeef3ad31fc54e3fb8b7af02f1eb60b8 6f55722ff42d491aa7a1cb084ad580e2 - - default default] Successfully bumped revision number for resource 9bb035c2-99ea-41b2-9be0-47b8fb5cc6d5 (type: routers) to 1
2026-03-31 06:09:44.069 9 INFO neutron.wsgi [None req-436fbb97-bb93-4f25-b5fe-89649296954f 7ff40d2e12b147da8e462d01aa54e259 c54587726b724199a0a3e4f919087e68 - - default default] 10.0.0.91 "GET /v2.0/floatingips?floating_network_id=5e72b3ef-3e9d-45c9-aed5-e110c91fe4e0&port_id=dc16df10-decf-4b9d-ab9c-99a376e48ff9 HTTP/1.1" status: 200 len: 1054 time: 0.0986917
2026-03-31 06:09:44.080 10 INFO neutron.db.segments_db [None req-f71d0a4e-3e4c-47fb-af26-a0d2b72d7598 cc621de00d21409eada44fd6085930ac 78f7c67c2752405786e8cbf2660fe6cb - - default default] Added segment 9babd6aa-12e8-4e1a-a6ee-069a35a016ac of type geneve for network 57850f91-3ed8-4d16-bfd7-f3ed83d2fd3b
2026-03-31 06:09:44.088 10 INFO neutron.wsgi [None req-4e3d57d3-fe39-415d-87a9-df7060a232c0 aeef3ad31fc54e3fb8b7af02f1eb60b8 6f55722ff42d491aa7a1cb084ad580e2 - - default default] 10.0.0.91 "POST /v2.0/routers HTTP/1.1" status: 201 len: 654 time: 0.2254026
2026-03-31 06:09:44.279 10 INFO neutron.db.ovn_revision_numbers_db [None req-f71d0a4e-3e4c-47fb-af26-a0d2b72d7598 cc621de00d21409eada44fd6085930ac 78f7c67c2752405786e8cbf2660fe6cb - - default default] Successfully bumped revision number for resource 57850f91-3ed8-4d16-bfd7-f3ed83d2fd3b (type: networks) to 1
2026-03-31 06:09:44.287 9 INFO neutron.db.ovn_revision_numbers_db [None req-f42a4c63-ff80-407f-bc5f-640122a67cb2 aeef3ad31fc54e3fb8b7af02f1eb60b8 6f55722ff42d491aa7a1cb084ad580e2 - - default default] Successfully bumped revision number for resource bbd42a34-1b58-4914-8a43-1b3108f1ddc0 (type: routers) to 1
2026-03-31 06:09:44.316 9 INFO neutron.wsgi [None req-f42a4c63-ff80-407f-bc5f-640122a67cb2 aeef3ad31fc54e3fb8b7af02f1eb60b8 6f55722ff42d491aa7a1cb084ad580e2 - - default default] 10.0.0.91 "POST /v2.0/routers HTTP/1.1" status: 201 len: 654 time: 0.2199752
2026-03-31 06:09:44.328 9 INFO neutron.wsgi [req-adb108c4-75bb-45e7-bffb-3d0072bbed6b req-752a2933-17be-415a-a52a-3b9c2f29ec35 bf55a6de073745a6bcbdb2f1ff534e13 3d98a71b7a424de280b0aa60b942e473 - - edb1acb7a6e04cbeaf7e0ec679801393 edb1acb7a6e04cbeaf7e0ec679801393] 10.0.0.216 "GET /v2.0/ports?device_id=ee3a3951-2fe3-45fc-9419-f1105bd1996c HTTP/1.1" status: 200 len: 1448 time: 0.0373881
2026-03-31 06:09:44.371 9 INFO neutron.wsgi [None req-a3f3311b-8e31-4167-a559-bb829e861694 cc621de00d21409eada44fd6085930ac 78f7c67c2752405786e8cbf2660fe6cb - - default default] 10.0.0.91 "DELETE /v2.0/security-groups/19734599-5f1c-402c-b1be-1277150e1333 HTTP/1.1" status: 204 len: 168 time: 0.3914495
2026-03-31 06:09:44.387 9 INFO neutron.wsgi [req-adb108c4-75bb-45e7-bffb-3d0072bbed6b req-27a12333-7ac0-4a28-88b6-4d124bd39f45 bf55a6de073745a6bcbdb2f1ff534e13 3d98a71b7a424de280b0aa60b942e473 - - edb1acb7a6e04cbeaf7e0ec679801393 edb1acb7a6e04cbeaf7e0ec679801393] 10.0.0.216 "GET /v2.0/security-groups?id=c012725e-3fa9-49f1-af88-c4a79800859e&id=4ca9daed-3c15-44a1-a547-f4f19c98e0cf&fields=id&fields=name HTTP/1.1" status: 200 len: 405 time: 0.0548236
2026-03-31 06:09:44.582 10 INFO neutron.db.ovn_revision_numbers_db [None req-a71af047-5716-43c3-85d6-dc83949b6b8e aeef3ad31fc54e3fb8b7af02f1eb60b8 6f55722ff42d491aa7a1cb084ad580e2 - - default default] Successfully bumped revision number for resource d8e196fc-4acb-4f4c-bd4f-a3b801f8cfea (type: routers) to 1
2026-03-31 06:09:44.595 10 WARNING neutron.scheduler.dhcp_agent_scheduler [None req-f71d0a4e-3e4c-47fb-af26-a0d2b72d7598 cc621de00d21409eada44fd6085930ac 78f7c67c2752405786e8cbf2660fe6cb - - default default] No more DHCP agents
2026-03-31 06:09:44.601 10 WARNING neutron.api.rpc.agentnotifiers.dhcp_rpc_agent_api [None req-f71d0a4e-3e4c-47fb-af26-a0d2b72d7598 cc621de00d21409eada44fd6085930ac 78f7c67c2752405786e8cbf2660fe6cb - - default default] Unable to schedule network 57850f91-3ed8-4d16-bfd7-f3ed83d2fd3b: no agents available; will retry on subsequent port and subnet creation events.
2026-03-31 06:09:44.611 10 INFO neutron.wsgi [None req-a71af047-5716-43c3-85d6-dc83949b6b8e aeef3ad31fc54e3fb8b7af02f1eb60b8 6f55722ff42d491aa7a1cb084ad580e2 - - default default] 10.0.0.91 "POST /v2.0/routers HTTP/1.1" status: 201 len: 654 time: 0.2887149
2026-03-31 06:09:44.710 10 INFO neutron.db.ovn_revision_numbers_db [None req-f71d0a4e-3e4c-47fb-af26-a0d2b72d7598 cc621de00d21409eada44fd6085930ac 78f7c67c2752405786e8cbf2660fe6cb - - default default] Successfully bumped revision number for resource b4351313-b32a-419e-b266-5bd65d549258 (type: ports) to 1
2026-03-31 06:09:44.721 9 INFO neutron.wsgi [None req-3237ee8c-7bb7-49f7-9df4-2391a95aaa0e aeef3ad31fc54e3fb8b7af02f1eb60b8 6f55722ff42d491aa7a1cb084ad580e2 - - default default] 10.0.0.91 "PUT /v2.0/routers/575553e5-edb3-4306-ad02-27a3fc276745/tags HTTP/1.1" status: 200 len: 210 time: 0.1020472
2026-03-31 06:09:44.733 10 INFO neutron.wsgi [None req-f71d0a4e-3e4c-47fb-af26-a0d2b72d7598 cc621de00d21409eada44fd6085930ac 78f7c67c2752405786e8cbf2660fe6cb - - default default] 10.0.0.91 "POST /v2.0/networks HTTP/1.1" status: 201 len: 942 time: 1.1431215
2026-03-31 06:09:44.803 9 INFO neutron.wsgi [None req-6f28dd29-d093-44e5-a93d-b27531ce2852 aeef3ad31fc54e3fb8b7af02f1eb60b8 6f55722ff42d491aa7a1cb084ad580e2 - - default default] 10.0.0.91 "PUT /v2.0/routers/eafce211-8eef-4968-88d1-e9b17c1103d0/tags HTTP/1.1" status: 200 len: 218 time: 0.0741527
2026-03-31 06:09:44.884 10 INFO neutron.wsgi [None req-476a87f0-0111-43df-8315-775c0619e454 aeef3ad31fc54e3fb8b7af02f1eb60b8 6f55722ff42d491aa7a1cb084ad580e2 - - default default] 10.0.0.91 "PUT /v2.0/routers/9bb035c2-99ea-41b2-9be0-47b8fb5cc6d5/tags HTTP/1.1" status: 200 len: 227 time: 0.0740438
2026-03-31 06:09:44.957 10 INFO neutron.wsgi [None req-a5486c93-c664-40f9-9810-9c34006c1924 aeef3ad31fc54e3fb8b7af02f1eb60b8 6f55722ff42d491aa7a1cb084ad580e2 - - default default] 10.0.0.91 "PUT /v2.0/routers/bbd42a34-1b58-4914-8a43-1b3108f1ddc0/tags HTTP/1.1" status: 200 len: 212 time: 0.0636334
2026-03-31 06:09:45.039 9 INFO neutron.wsgi [None req-5ce2a24c-dbdb-4c7f-9dc8-89e93e1490c6 aeef3ad31fc54e3fb8b7af02f1eb60b8 6f55722ff42d491aa7a1cb084ad580e2 - - default default] 10.0.0.91 "GET /v2.0/routers?tags=red HTTP/1.1" status: 200 len: 1601 time: 0.0743196
2026-03-31 06:09:45.042 9 WARNING neutron.scheduler.dhcp_agent_scheduler [None req-8185d1da-b8a0-4b4c-b32a-f1f86bce13f6 cc621de00d21409eada44fd6085930ac 78f7c67c2752405786e8cbf2660fe6cb - - default default] No more DHCP agents
2026-03-31 06:09:45.051 9 WARNING neutron.api.rpc.agentnotifiers.dhcp_rpc_agent_api [None req-8185d1da-b8a0-4b4c-b32a-f1f86bce13f6 cc621de00d21409eada44fd6085930ac 78f7c67c2752405786e8cbf2660fe6cb - - default default] Unable to schedule network 57850f91-3ed8-4d16-bfd7-f3ed83d2fd3b: no agents available; will retry on subsequent port and subnet creation events.
2026-03-31 06:09:45.136 9 INFO neutron.wsgi [None req-57a58c95-6d46-4340-8cb2-5f643ce321cc aeef3ad31fc54e3fb8b7af02f1eb60b8 6f55722ff42d491aa7a1cb084ad580e2 - - default default] 10.0.0.91 "GET /v2.0/routers?tags=red%2Cblue HTTP/1.1" status: 200 len: 1144 time: 0.0917389
2026-03-31 06:09:45.235 10 INFO neutron.wsgi [None req-29ab83f3-09ea-4bd3-9f08-8c7d3d7453da aeef3ad31fc54e3fb8b7af02f1eb60b8 6f55722ff42d491aa7a1cb084ad580e2 - - default default] 10.0.0.91 "GET /v2.0/routers?tags-any=blue HTTP/1.1" status: 200 len: 1144 time: 0.0917463
2026-03-31 06:09:45.338 9 INFO neutron.wsgi [None req-06a25426-ad41-4f59-bfff-5ac18c04dc39 aeef3ad31fc54e3fb8b7af02f1eb60b8 6f55722ff42d491aa7a1cb084ad580e2 - - default default] 10.0.0.91 "GET /v2.0/routers?tags-any=red%2Cblue HTTP/1.1" status: 200 len: 1601 time: 0.0873370
2026-03-31 06:09:45.732 9 INFO neutron.wsgi [None req-3c823a77-f3f7-43a5-8f8a-5499766523d0 aeef3ad31fc54e3fb8b7af02f1eb60b8 6f55722ff42d491aa7a1cb084ad580e2 - - default default] 10.0.0.91 "GET /v2.0/routers?not-tags=red HTTP/1.1" status: 200 len: 1116 time: 0.3876030
2026-03-31 06:09:45.841 10 INFO neutron.wsgi [None req-bf761b75-8831-4ac0-bdf5-884893d655ae aeef3ad31fc54e3fb8b7af02f1eb60b8 6f55722ff42d491aa7a1cb084ad580e2 - - default default] 10.0.0.91 "GET /v2.0/routers?not-tags=red%2Cblue HTTP/1.1" status: 200 len: 1573 time: 0.0924582
2026-03-31 06:09:45.926 10 INFO neutron.wsgi [None req-00489b9c-ce2a-4d91-892a-1f5a6be9916b aeef3ad31fc54e3fb8b7af02f1eb60b8 6f55722ff42d491aa7a1cb084ad580e2 - - default default] 10.0.0.91 "GET /v2.0/routers?not-tags-any=blue HTTP/1.1" status: 200 len: 1573 time: 0.0803454
2026-03-31 06:09:46.003 10 INFO neutron.wsgi [None req-283c379f-9293-41cf-958e-2bbb4df67cd9 aeef3ad31fc54e3fb8b7af02f1eb60b8 6f55722ff42d491aa7a1cb084ad580e2 - - default default] 10.0.0.91 "GET /v2.0/routers?not-tags-any=red%2Cblue HTTP/1.1" status: 200 len: 1116 time: 0.0707011
2026-03-31 06:09:46.079 10 INFO neutron.wsgi [None req-9f75daf6-201a-4354-bc47-4ce3827bb611 aeef3ad31fc54e3fb8b7af02f1eb60b8 6f55722ff42d491aa7a1cb084ad580e2 - - default default] 10.0.0.91 "GET /v2.0/routers/575553e5-edb3-4306-ad02-27a3fc276745 HTTP/1.1" status: 200 len: 660 time: 0.0695682
2026-03-31 06:09:46.144 9 INFO neutron.db.ovn_revision_numbers_db [None req-8185d1da-b8a0-4b4c-b32a-f1f86bce13f6 cc621de00d21409eada44fd6085930ac 78f7c67c2752405786e8cbf2660fe6cb - - default default] Successfully bumped revision number for resource b4351313-b32a-419e-b266-5bd65d549258 (type: ports) to 2
2026-03-31 06:09:46.204 9 INFO neutron.db.ovn_revision_numbers_db [None req-8185d1da-b8a0-4b4c-b32a-f1f86bce13f6 cc621de00d21409eada44fd6085930ac 78f7c67c2752405786e8cbf2660fe6cb - - default default] Successfully bumped revision number for resource fdd29321-31af-4e42-a29b-698e0ebdf9a1 (type: subnets) to 0
2026-03-31 06:09:46.233 9 INFO neutron.wsgi [None req-8185d1da-b8a0-4b4c-b32a-f1f86bce13f6 cc621de00d21409eada44fd6085930ac 78f7c67c2752405786e8cbf2660fe6cb - - default default] 10.0.0.91 "POST /v2.0/subnets HTTP/1.1" status: 201 len: 862 time: 1.4927235
2026-03-31 06:09:46.682 10 INFO neutron.plugins.ml2.drivers.ovn.mech_driver.mech_driver [None req-0a8392ec-56c7-48f2-b6ea-75c30f804bda - - - - - -] OVN reports status down for port: dc16df10-decf-4b9d-ab9c-99a376e48ff9
2026-03-31 06:09:46.784 10 INFO neutron.wsgi [req-5199d4a7-2e92-4f0e-ae08-f950be7fda65 req-4759117b-0421-4c18-9cff-b11a5356bf9b 7ff40d2e12b147da8e462d01aa54e259 c54587726b724199a0a3e4f919087e68 - - default default] 10.0.0.217 "GET /v2.0/ports?device_id=ee3a3951-2fe3-45fc-9419-f1105bd1996c HTTP/1.1" status: 200 len: 1210 time: 0.1906559
2026-03-31 06:09:46.826 9 WARNING neutron.scheduler.dhcp_agent_scheduler [None req-2a21eb9f-635e-4ca5-a180-7d9491195ffb cc621de00d21409eada44fd6085930ac 78f7c67c2752405786e8cbf2660fe6cb - - default default] No more DHCP agents
2026-03-31 06:09:46.830 9 WARNING neutron.api.rpc.agentnotifiers.dhcp_rpc_agent_api [None req-2a21eb9f-635e-4ca5-a180-7d9491195ffb cc621de00d21409eada44fd6085930ac 78f7c67c2752405786e8cbf2660fe6cb - - default default] Unable to schedule network 5e72b3ef-3e9d-45c9-aed5-e110c91fe4e0: no agents available; will retry on subsequent port and subnet creation events.
2026-03-31 06:09:46.888 10 INFO neutron.wsgi [req-5199d4a7-2e92-4f0e-ae08-f950be7fda65 req-a6cccf46-38d4-4a33-aff6-efdcb16ee152 7ff40d2e12b147da8e462d01aa54e259 c54587726b724199a0a3e4f919087e68 - - default default] 10.0.0.217 "GET /v2.0/security-groups?id=c012725e-3fa9-49f1-af88-c4a79800859e&id=4ca9daed-3c15-44a1-a547-f4f19c98e0cf&fields=id&fields=name HTTP/1.1" status: 200 len: 405 time: 0.0806816
2026-03-31 06:09:46.945 10 INFO neutron.notifiers.nova [-] Nova event matching ['req-0f6d7bd3-ee3f-4dec-b555-4125910cdf99'] response: {'server_uuid': 'ee3a3951-2fe3-45fc-9419-f1105bd1996c', 'name': 'network-vif-unplugged', 'status': 'completed', 'tag': 'dc16df10-decf-4b9d-ab9c-99a376e48ff9', 'code': 200}
2026-03-31 06:09:46.984 9 INFO neutron.wsgi [req-86bcd2af-0953-4cd7-b7d7-cc4220d73a43 req-9402edcd-ad5d-47ef-a315-b4ae87ec26e1 7ff40d2e12b147da8e462d01aa54e259 c54587726b724199a0a3e4f919087e68 - - default default] 199.204.45.141 "GET /v2.0/ports?device_id=ee3a3951-2fe3-45fc-9419-f1105bd1996c HTTP/1.1" status: 200 len: 1208 time: 0.0485690
2026-03-31 06:09:47.003 10 INFO neutron.db.ovn_revision_numbers_db [None req-56d74dfb-60b3-46c3-b0ad-e1a5cdc194ad aeef3ad31fc54e3fb8b7af02f1eb60b8 6f55722ff42d491aa7a1cb084ad580e2 - - default default] Successfully bumped revision number for resource 575553e5-edb3-4306-ad02-27a3fc276745 (type: routers) to 2
2026-03-31 06:09:47.006 10 INFO neutron.wsgi [None req-56d74dfb-60b3-46c3-b0ad-e1a5cdc194ad aeef3ad31fc54e3fb8b7af02f1eb60b8 6f55722ff42d491aa7a1cb084ad580e2 - - default default] 10.0.0.91 "PUT /v2.0/routers/575553e5-edb3-4306-ad02-27a3fc276745 HTTP/1.1" status: 200 len: 660 time: 0.9097772
2026-03-31 06:09:47.040 9 INFO neutron.wsgi [None req-2e8a939a-66d5-4bc8-b320-53ee9afe680a aeef3ad31fc54e3fb8b7af02f1eb60b8 6f55722ff42d491aa7a1cb084ad580e2 - - default default] 10.0.0.91 "GET /v2.0/ports?device_id=575553e5-edb3-4306-ad02-27a3fc276745 HTTP/1.1" status: 200 len: 205 time: 0.0282426
2026-03-31 06:09:47.084 9 INFO neutron.db.ovn_revision_numbers_db [None req-2a21eb9f-635e-4ca5-a180-7d9491195ffb cc621de00d21409eada44fd6085930ac 78f7c67c2752405786e8cbf2660fe6cb - - default default] Successfully bumped revision number for resource 1ea4b435-65f7-49c6-89b8-65cba32d87d5 (type: ports) to 1
2026-03-31 06:09:47.168 9 INFO neutron.wsgi [-] 10.0.0.11 "GET / HTTP/1.1" status: 200 len: 247 time: 0.0021012
2026-03-31 06:09:47.171 9 INFO neutron.wsgi [-] 10.0.0.11 "GET / HTTP/1.1" status: 200 len: 247 time: 0.0021322
2026-03-31 06:09:47.317 10 INFO neutron.db.ovn_revision_numbers_db [None req-0a8392ec-56c7-48f2-b6ea-75c30f804bda - - - - - -] Successfully bumped revision number for resource dc16df10-decf-4b9d-ab9c-99a376e48ff9 (type: ports) to 5
2026-03-31 06:09:47.343 10 INFO neutron.wsgi [None req-0c1d63e9-3647-4834-b7e5-7fc8f97de0eb aeef3ad31fc54e3fb8b7af02f1eb60b8 6f55722ff42d491aa7a1cb084ad580e2 - - default default] 10.0.0.91 "DELETE /v2.0/routers/575553e5-edb3-4306-ad02-27a3fc276745 HTTP/1.1" status: 204 len: 168 time: 0.2964725
2026-03-31 06:09:47.415 10 INFO neutron.wsgi [None req-64126f4b-fee5-4e27-8f0c-294591bf9db6 aeef3ad31fc54e3fb8b7af02f1eb60b8 6f55722ff42d491aa7a1cb084ad580e2 - - default default] 10.0.0.91 "GET /v2.0/routers/eafce211-8eef-4968-88d1-e9b17c1103d0 HTTP/1.1" status: 200 len: 668 time: 0.0668843 /var/lib/openstack/lib/python3.10/site-packages/pycadf/identifier.py:71: UserWarning: Invalid uuid: neutron. To ensure interoperability, identifiers should be a valid uuid. warnings.warn(('Invalid uuid: %s. To ensure interoperability, '
2026-03-31 06:09:47.647 9 INFO neutron.db.l3_db [req-86bcd2af-0953-4cd7-b7d7-cc4220d73a43 req-75e6c185-3e75-4e30-8c2c-82e10b016484 7ff40d2e12b147da8e462d01aa54e259 c54587726b724199a0a3e4f919087e68 - - default default] Floating IP f53ea3fa-eeba-407e-abaa-e05ef3fb46ce disassociated. External IP: 10.96.250.214, port: dc16df10-decf-4b9d-ab9c-99a376e48ff9.
2026-03-31 06:09:47.938 10 INFO neutron.db.ovn_revision_numbers_db [None req-f6a39bf0-1cda-406e-9fdd-9bb1fe4649c7 aeef3ad31fc54e3fb8b7af02f1eb60b8 6f55722ff42d491aa7a1cb084ad580e2 - - default default] Successfully bumped revision number for resource eafce211-8eef-4968-88d1-e9b17c1103d0 (type: routers) to 2
2026-03-31 06:09:47.943 10 INFO neutron.wsgi [None req-f6a39bf0-1cda-406e-9fdd-9bb1fe4649c7 aeef3ad31fc54e3fb8b7af02f1eb60b8 6f55722ff42d491aa7a1cb084ad580e2 - - default default] 10.0.0.91 "PUT /v2.0/routers/eafce211-8eef-4968-88d1-e9b17c1103d0 HTTP/1.1" status: 200 len: 668 time: 0.5213199
2026-03-31 06:09:47.956 9 INFO neutron.wsgi [req-86bcd2af-0953-4cd7-b7d7-cc4220d73a43 req-75e6c185-3e75-4e30-8c2c-82e10b016484 7ff40d2e12b147da8e462d01aa54e259 c54587726b724199a0a3e4f919087e68 - - default default] 199.204.45.141 "DELETE /v2.0/ports/dc16df10-decf-4b9d-ab9c-99a376e48ff9 HTTP/1.1" status: 204 len: 173 time: 0.9679534
2026-03-31 06:09:47.984 10 INFO neutron.wsgi [None req-c18f4ae1-fef9-42f2-927f-fa71ca8461e3 aeef3ad31fc54e3fb8b7af02f1eb60b8 6f55722ff42d491aa7a1cb084ad580e2 - - default default] 10.0.0.91 "GET /v2.0/ports?device_id=eafce211-8eef-4968-88d1-e9b17c1103d0 HTTP/1.1" status: 200 len: 205 time: 0.0324612 /var/lib/openstack/lib/python3.10/site-packages/pycadf/identifier.py:71: UserWarning: Invalid uuid: neutron. To ensure interoperability, identifiers should be a valid uuid. warnings.warn(('Invalid uuid: %s. To ensure interoperability, '
2026-03-31 06:09:48.001 9 INFO neutron.notifiers.nova [-] Nova event matching ['req-76a663a6-ba78-4355-9037-583f48985492'] response: {'server_uuid': 'ee3a3951-2fe3-45fc-9419-f1105bd1996c', 'name': 'network-vif-deleted', 'tag': 'dc16df10-decf-4b9d-ab9c-99a376e48ff9', 'status': 'completed', 'code': 200}
2026-03-31 06:09:48.005 10 INFO neutron.wsgi [req-b7933823-f84a-484b-b20a-3fcbe6636c9e req-e9b80f3c-2690-4d13-9fe6-94c4ef3c80fd 7ff40d2e12b147da8e462d01aa54e259 c54587726b724199a0a3e4f919087e68 - - default default] 10.0.0.217 "GET /v2.0/ports?device_id=ee3a3951-2fe3-45fc-9419-f1105bd1996c HTTP/1.1" status: 200 len: 210 time: 0.0243340
2026-03-31 06:09:48.541 10 INFO neutron.db.ovn_revision_numbers_db [None req-71b16221-37d6-405c-8215-5adafb8f3370 a264748ced664df9a99823428953595e 270ebb85fbb846adb4136556de0b8d70 - - default default] Successfully bumped revision number for resource 076232b7-6031-411b-a6b7-8faabf9e6c17 (type: security_groups) to 1
2026-03-31 06:09:48.558 10 INFO neutron.db.ovn_revision_numbers_db [None req-71b16221-37d6-405c-8215-5adafb8f3370 a264748ced664df9a99823428953595e 270ebb85fbb846adb4136556de0b8d70 - - default default] Successfully bumped revision number for resource 043533be-a38d-42d3-9ec4-eb29b6554662 (type: security_group_rules) to 0
2026-03-31 06:09:48.574 10 INFO neutron.db.ovn_revision_numbers_db [None req-71b16221-37d6-405c-8215-5adafb8f3370 a264748ced664df9a99823428953595e 270ebb85fbb846adb4136556de0b8d70 - - default default] Successfully bumped revision number for resource bdee5ff6-2b5f-4f78-83fe-51e03b30acbf (type: security_group_rules) to 0
2026-03-31 06:09:48.593 10 INFO neutron.db.ovn_revision_numbers_db [None req-71b16221-37d6-405c-8215-5adafb8f3370 a264748ced664df9a99823428953595e 270ebb85fbb846adb4136556de0b8d70 - - default default] Successfully bumped revision number for resource c165e9cf-cb8e-474b-b301-0254499ab38e (type: security_group_rules) to 0
2026-03-31 06:09:48.609 10 INFO neutron.db.ovn_revision_numbers_db [None req-71b16221-37d6-405c-8215-5adafb8f3370 a264748ced664df9a99823428953595e 270ebb85fbb846adb4136556de0b8d70 - - default default] Successfully bumped revision number for resource e4787e49-cabe-4268-b700-e1bb0891eb47 (type: security_group_rules) to 0
2026-03-31 06:09:48.672 10 INFO neutron.db.segments_db [None req-71b16221-37d6-405c-8215-5adafb8f3370 a264748ced664df9a99823428953595e 270ebb85fbb846adb4136556de0b8d70 - - default default] Added segment e544a42d-4be2-439d-b86b-d7964e93c443 of type geneve for network 32929b7e-6fe1-4d4e-9d38-b39c09cca8d3
2026-03-31 06:09:48.818 10 INFO neutron.plugins.ml2.drivers.ovn.mech_driver.mech_driver [None req-0a8392ec-56c7-48f2-b6ea-75c30f804bda - - - - - -] OVN reports status up for port: 1ea4b435-65f7-49c6-89b8-65cba32d87d5
2026-03-31 06:09:48.829 9 INFO neutron.plugins.ml2.drivers.ovn.mech_driver.ovsdb.ovsdb_monitor [None req-c7312c83-f306-4f8f-9529-7f0a88bbb1b8 - - - - - -] Router 1827e219-1a18-440b-a877-d67200912a6c is bound to host instance
2026-03-31 06:09:48.837 9 INFO neutron.wsgi [None req-19571441-e5e2-4b4a-b12d-1c5f8c52215c aeef3ad31fc54e3fb8b7af02f1eb60b8 6f55722ff42d491aa7a1cb084ad580e2 - - default default] 10.0.0.91 "DELETE /v2.0/routers/eafce211-8eef-4968-88d1-e9b17c1103d0 HTTP/1.1" status: 204 len: 168 time: 0.8467860
2026-03-31 06:09:48.851 10 INFO neutron.plugins.ml2.plugin [None req-0a8392ec-56c7-48f2-b6ea-75c30f804bda - - - - - -] Attempt 1 to provision port 1ea4b435-65f7-49c6-89b8-65cba32d87d5
2026-03-31 06:09:48.857 9 INFO neutron.db.ovn_revision_numbers_db [None req-2a21eb9f-635e-4ca5-a180-7d9491195ffb cc621de00d21409eada44fd6085930ac 78f7c67c2752405786e8cbf2660fe6cb - - default default] Successfully bumped revision number for resource 1ea4b435-65f7-49c6-89b8-65cba32d87d5 (type: router_ports) to 1
2026-03-31 06:09:48.914 10 INFO neutron.db.ovn_revision_numbers_db [None req-71b16221-37d6-405c-8215-5adafb8f3370 a264748ced664df9a99823428953595e 270ebb85fbb846adb4136556de0b8d70 - - default default] Successfully bumped revision number for resource 32929b7e-6fe1-4d4e-9d38-b39c09cca8d3 (type: networks) to 1
2026-03-31 06:09:48.921 10 INFO neutron.wsgi [None req-d0c92aaf-fbab-4dab-9e2a-73bc89bd6e54 aeef3ad31fc54e3fb8b7af02f1eb60b8 6f55722ff42d491aa7a1cb084ad580e2 - - default default] 10.0.0.91 "GET /v2.0/routers/9bb035c2-99ea-41b2-9be0-47b8fb5cc6d5 HTTP/1.1" status: 200 len: 677 time: 0.0784442
2026-03-31 06:09:48.983 9 INFO neutron.db.ovn_revision_numbers_db [None req-2a21eb9f-635e-4ca5-a180-7d9491195ffb cc621de00d21409eada44fd6085930ac 78f7c67c2752405786e8cbf2660fe6cb - - default default] Successfully bumped revision number for resource 1827e219-1a18-440b-a877-d67200912a6c (type: routers) to 2
2026-03-31 06:09:48.987 10 INFO neutron.notifiers.nova [-] Nova event matching ['req-d8b312e1-0d30-4c8b-a0b1-6124c4febc45'] response: {'server_uuid': 'ee3a3951-2fe3-45fc-9419-f1105bd1996c', 'name': 'network-vif-plugged', 'status': 'completed', 'tag': 'dc16df10-decf-4b9d-ab9c-99a376e48ff9', 'code': 200}
2026-03-31 06:09:49.012 9 INFO neutron.wsgi [None req-2a21eb9f-635e-4ca5-a180-7d9491195ffb cc621de00d21409eada44fd6085930ac 78f7c67c2752405786e8cbf2660fe6cb - - default default] 10.0.0.91 "POST /v2.0/routers HTTP/1.1" status: 201 len: 873 time: 2.7740772
2026-03-31 06:09:49.442 9 INFO neutron.wsgi [None req-515a7d75-2c17-4923-829b-2c13236b1b3e 7ff40d2e12b147da8e462d01aa54e259 c54587726b724199a0a3e4f919087e68 - - default default] 10.0.0.91 "DELETE /v2.0/security-groups/c012725e-3fa9-49f1-af88-c4a79800859e HTTP/1.1" status: 204 len: 168 time: 0.2464213
2026-03-31 06:09:49.492 10 INFO neutron.api.v2.resource [None req-ccc8e945-fd2f-48ae-ac22-b710987b81f5 7ff40d2e12b147da8e462d01aa54e259 c54587726b724199a0a3e4f919087e68 - - default default] show failed (client error): The resource could not be found.
2026-03-31 06:09:49.493 10 INFO neutron.wsgi [None req-ccc8e945-fd2f-48ae-ac22-b710987b81f5 7ff40d2e12b147da8e462d01aa54e259 c54587726b724199a0a3e4f919087e68 - - default default] 10.0.0.91 "GET /v2.0/security-groups/c012725e-3fa9-49f1-af88-c4a79800859e HTTP/1.1" status: 404 len: 347 time: 0.0421798
2026-03-31 06:09:49.672 9 WARNING neutron.scheduler.dhcp_agent_scheduler [None req-fe4607ec-fd67-486a-8554-50f9f1081a58 cc621de00d21409eada44fd6085930ac 78f7c67c2752405786e8cbf2660fe6cb - - default default] No more DHCP agents
2026-03-31 06:09:49.676 9 WARNING neutron.api.rpc.agentnotifiers.dhcp_rpc_agent_api [None req-fe4607ec-fd67-486a-8554-50f9f1081a58 cc621de00d21409eada44fd6085930ac 78f7c67c2752405786e8cbf2660fe6cb - - default default] Unable to schedule network 57850f91-3ed8-4d16-bfd7-f3ed83d2fd3b: no agents available; will retry on subsequent port and subnet creation events.
2026-03-31 06:09:49.687 9 INFO neutron.db.ovn_revision_numbers_db [None req-c7312c83-f306-4f8f-9529-7f0a88bbb1b8 - - - - - -] Successfully bumped revision number for resource 1ea4b435-65f7-49c6-89b8-65cba32d87d5 (type: ports) to 1
2026-03-31 06:09:49.687 10 WARNING neutron.scheduler.dhcp_agent_scheduler [None req-71b16221-37d6-405c-8215-5adafb8f3370 a264748ced664df9a99823428953595e 270ebb85fbb846adb4136556de0b8d70 - - default default] No more DHCP agents
2026-03-31 06:09:49.691 10 WARNING neutron.api.rpc.agentnotifiers.dhcp_rpc_agent_api [None req-71b16221-37d6-405c-8215-5adafb8f3370 a264748ced664df9a99823428953595e 270ebb85fbb846adb4136556de0b8d70 - - default default] Unable to schedule network 32929b7e-6fe1-4d4e-9d38-b39c09cca8d3: no agents available; will retry on subsequent port and subnet creation events.
2026-03-31 06:09:49.910 9 INFO neutron.db.ovn_revision_numbers_db [None req-fe4607ec-fd67-486a-8554-50f9f1081a58 cc621de00d21409eada44fd6085930ac 78f7c67c2752405786e8cbf2660fe6cb - - default default] Successfully bumped revision number for resource ebd529cc-f73b-4151-aa6a-876be673bddc (type: ports) to 1
2026-03-31 06:09:49.922 10 INFO neutron.db.ovn_revision_numbers_db [None req-71b16221-37d6-405c-8215-5adafb8f3370 a264748ced664df9a99823428953595e 270ebb85fbb846adb4136556de0b8d70 - - default default] Successfully bumped revision number for resource a028d4c3-f988-4af0-8f99-fe0235afe12b (type: ports) to 1
2026-03-31 06:09:49.999 10 INFO neutron.wsgi [None req-71b16221-37d6-405c-8215-5adafb8f3370 a264748ced664df9a99823428953595e 270ebb85fbb846adb4136556de0b8d70 - - default default] 10.0.0.91 "POST /v2.0/networks HTTP/1.1" status: 201 len: 831 time: 1.8239563
2026-03-31 06:09:50.001 10 INFO neutron.db.ovn_revision_numbers_db [None req-b4a626f6-9cad-4522-9d02-6a5d79bb3b97 aeef3ad31fc54e3fb8b7af02f1eb60b8 6f55722ff42d491aa7a1cb084ad580e2 - - default default] Successfully bumped revision number for resource 9bb035c2-99ea-41b2-9be0-47b8fb5cc6d5 (type: routers) to 2
2026-03-31 06:09:50.004 10 INFO neutron.wsgi [None req-b4a626f6-9cad-4522-9d02-6a5d79bb3b97 aeef3ad31fc54e3fb8b7af02f1eb60b8 6f55722ff42d491aa7a1cb084ad580e2 - - default default] 10.0.0.91 "PUT /v2.0/routers/9bb035c2-99ea-41b2-9be0-47b8fb5cc6d5 HTTP/1.1" status: 200 len: 677 time: 1.0748336
2026-03-31 06:09:50.052 10 INFO neutron.wsgi [None req-11798c7c-8e85-45e2-b61e-2ec735cb1809 aeef3ad31fc54e3fb8b7af02f1eb60b8 6f55722ff42d491aa7a1cb084ad580e2 - - default default] 10.0.0.91 "GET /v2.0/ports?device_id=9bb035c2-99ea-41b2-9be0-47b8fb5cc6d5 HTTP/1.1" status: 200 len: 205 time: 0.0370650
2026-03-31 06:09:50.081 9 INFO neutron.db.ovn_revision_numbers_db [None req-c7312c83-f306-4f8f-9529-7f0a88bbb1b8 - - - - - -] Successfully bumped revision number for resource 1ea4b435-65f7-49c6-89b8-65cba32d87d5 (type: router_ports) to 3
2026-03-31 06:09:50.353 9 INFO neutron.db.ovn_revision_numbers_db [None req-c7312c83-f306-4f8f-9529-7f0a88bbb1b8 - - - - - -] Successfully bumped revision number for resource 1ea4b435-65f7-49c6-89b8-65cba32d87d5 (type: ports) to 2
2026-03-31 06:09:50.409 10 INFO neutron.wsgi [None req-6c0341f7-d00e-4c65-8ca8-c9d7c50ea916 7ff40d2e12b147da8e462d01aa54e259 c54587726b724199a0a3e4f919087e68 - - default default] 10.0.0.91 "DELETE /v2.0/floatingips/f53ea3fa-eeba-407e-abaa-e05ef3fb46ce HTTP/1.1" status: 204 len: 168 time: 0.9097104
2026-03-31 06:09:50.439 10 INFO neutron.wsgi [None req-5148a0b7-093b-4806-9151-1b98b2c7c978 aeef3ad31fc54e3fb8b7af02f1eb60b8 6f55722ff42d491aa7a1cb084ad580e2 - - default default] 10.0.0.91 "DELETE /v2.0/routers/9bb035c2-99ea-41b2-9be0-47b8fb5cc6d5 HTTP/1.1" status: 204 len: 168 time: 0.3812742
2026-03-31 06:09:50.527 10 INFO neutron.wsgi [None req-babc782c-1dda-4666-b749-d2bfaec31781 aeef3ad31fc54e3fb8b7af02f1eb60b8 6f55722ff42d491aa7a1cb084ad580e2 - - default default] 10.0.0.91 "GET /v2.0/routers/bbd42a34-1b58-4914-8a43-1b3108f1ddc0 HTTP/1.1" status: 200 len: 662 time: 0.0767672
2026-03-31 06:09:50.640 10 INFO neutron.plugins.ml2.drivers.ovn.mech_driver.mech_driver [None req-0a8392ec-56c7-48f2-b6ea-75c30f804bda - - - - - -] OVN reports status up for port: ebd529cc-f73b-4151-aa6a-876be673bddc
2026-03-31 06:09:50.658 10 WARNING neutron.scheduler.dhcp_agent_scheduler [None req-cfd34140-fbb4-4069-8fb6-4ba2f4f9240f a264748ced664df9a99823428953595e 270ebb85fbb846adb4136556de0b8d70 - - default default] No more DHCP agents
2026-03-31 06:09:50.660 9 INFO neutron.db.ovn_revision_numbers_db [None req-fe4607ec-fd67-486a-8554-50f9f1081a58 cc621de00d21409eada44fd6085930ac 78f7c67c2752405786e8cbf2660fe6cb - - default default] Successfully bumped revision number for resource ebd529cc-f73b-4151-aa6a-876be673bddc (type: router_ports) to 1
2026-03-31 06:09:50.665 10 WARNING neutron.api.rpc.agentnotifiers.dhcp_rpc_agent_api [None req-cfd34140-fbb4-4069-8fb6-4ba2f4f9240f a264748ced664df9a99823428953595e 270ebb85fbb846adb4136556de0b8d70 - - default default] Unable to schedule network 32929b7e-6fe1-4d4e-9d38-b39c09cca8d3: no agents available; will retry on subsequent port and subnet creation events.
2026-03-31 06:09:50.692 10 INFO neutron.plugins.ml2.plugin [None req-0a8392ec-56c7-48f2-b6ea-75c30f804bda - - - - - -] Attempt 1 to provision port ebd529cc-f73b-4151-aa6a-876be673bddc
2026-03-31 06:09:50.739 9 INFO neutron.db.ovn_revision_numbers_db [None req-c7312c83-f306-4f8f-9529-7f0a88bbb1b8 - - - - - -] Successfully bumped revision number for resource 1ea4b435-65f7-49c6-89b8-65cba32d87d5 (type: ports) to 4
2026-03-31 06:09:50.916 9 INFO neutron.db.ovn_revision_numbers_db [None req-fe4607ec-fd67-486a-8554-50f9f1081a58 cc621de00d21409eada44fd6085930ac 78f7c67c2752405786e8cbf2660fe6cb - - default default] Successfully bumped revision number for resource ebd529cc-f73b-4151-aa6a-876be673bddc (type: ports) to 1
2026-03-31 06:09:51.034 9 WARNING neutron.scheduler.dhcp_agent_scheduler [None req-fe4607ec-fd67-486a-8554-50f9f1081a58 cc621de00d21409eada44fd6085930ac 78f7c67c2752405786e8cbf2660fe6cb - - default default] No more DHCP agents
2026-03-31 06:09:51.041 9 WARNING neutron.api.rpc.agentnotifiers.dhcp_rpc_agent_api [None req-fe4607ec-fd67-486a-8554-50f9f1081a58 cc621de00d21409eada44fd6085930ac 78f7c67c2752405786e8cbf2660fe6cb - - default default] Unable to schedule network 57850f91-3ed8-4d16-bfd7-f3ed83d2fd3b: no agents available; will retry on subsequent port and subnet creation events.
2026-03-31 06:09:51.402 10 INFO neutron.wsgi [None req-eabcc207-7a37-4e94-94bb-64fb95c1335a 7ff40d2e12b147da8e462d01aa54e259 c54587726b724199a0a3e4f919087e68 - - default default] 10.0.0.91 "DELETE /v2.0/security-groups/4ca9daed-3c15-44a1-a547-f4f19c98e0cf HTTP/1.1" status: 204 len: 168 time: 0.9721456
2026-03-31 06:09:51.430 9 INFO neutron.db.ovn_revision_numbers_db [None req-c7312c83-f306-4f8f-9529-7f0a88bbb1b8 - - - - - -] Successfully bumped revision number for resource 1ea4b435-65f7-49c6-89b8-65cba32d87d5 (type: router_ports) to 4
2026-03-31 06:09:51.741 10 INFO neutron.db.ovn_revision_numbers_db [None req-cfe73efe-dcff-448c-803f-0a710bb5da3b aeef3ad31fc54e3fb8b7af02f1eb60b8 6f55722ff42d491aa7a1cb084ad580e2 - - default default] Successfully bumped revision number for resource bbd42a34-1b58-4914-8a43-1b3108f1ddc0 (type: routers) to 2
2026-03-31 06:09:51.744 10 INFO neutron.wsgi [None req-cfe73efe-dcff-448c-803f-0a710bb5da3b aeef3ad31fc54e3fb8b7af02f1eb60b8 6f55722ff42d491aa7a1cb084ad580e2 - - default default] 10.0.0.91 "PUT /v2.0/routers/bbd42a34-1b58-4914-8a43-1b3108f1ddc0 HTTP/1.1" status: 200 len: 662 time: 1.2084706
2026-03-31 06:09:51.775 10 INFO neutron.wsgi [None req-7a85f7e1-7619-4453-a6d4-b85f85096b1d aeef3ad31fc54e3fb8b7af02f1eb60b8 6f55722ff42d491aa7a1cb084ad580e2 - - default default] 10.0.0.91 "GET /v2.0/ports?device_id=bbd42a34-1b58-4914-8a43-1b3108f1ddc0 HTTP/1.1" status: 200 len: 205 time: 0.0231156
2026-03-31 06:09:51.831 10 INFO neutron.db.ovn_revision_numbers_db [None req-0a8392ec-56c7-48f2-b6ea-75c30f804bda - - - - - -] Successfully bumped revision number for resource ebd529cc-f73b-4151-aa6a-876be673bddc (type: ports) to 2
2026-03-31 06:09:52.067 10 INFO neutron.db.ovn_revision_numbers_db [None req-0a8392ec-56c7-48f2-b6ea-75c30f804bda - - - - - -] Successfully bumped revision number for resource ebd529cc-f73b-4151-aa6a-876be673bddc (type: router_ports) to 2
2026-03-31 06:09:52.112 9 INFO neutron.wsgi [None req-89010363-16b1-47ac-839c-d90a78fa3383 aeef3ad31fc54e3fb8b7af02f1eb60b8 6f55722ff42d491aa7a1cb084ad580e2 - - default default] 10.0.0.91 "DELETE /v2.0/routers/bbd42a34-1b58-4914-8a43-1b3108f1ddc0 HTTP/1.1" status: 204 len: 168 time: 0.3271539
2026-03-31 06:09:52.188 10 INFO neutron.wsgi [None req-7e2227cb-da39-44e1-82ac-ae9964cd1d4a aeef3ad31fc54e3fb8b7af02f1eb60b8 6f55722ff42d491aa7a1cb084ad580e2 - - default default] 10.0.0.91 "GET /v2.0/routers/d8e196fc-4acb-4f4c-bd4f-a3b801f8cfea HTTP/1.1" status: 200 len: 655 time: 0.0697784
2026-03-31 06:09:52.202 10 INFO neutron.db.ovn_revision_numbers_db [None req-cfd34140-fbb4-4069-8fb6-4ba2f4f9240f a264748ced664df9a99823428953595e 270ebb85fbb846adb4136556de0b8d70 - - default default] Successfully bumped revision number for resource a028d4c3-f988-4af0-8f99-fe0235afe12b (type: ports) to 2
2026-03-31 06:09:52.241 10 INFO neutron.db.ovn_revision_numbers_db [None req-cfd34140-fbb4-4069-8fb6-4ba2f4f9240f a264748ced664df9a99823428953595e 270ebb85fbb846adb4136556de0b8d70 - - default default] Successfully bumped revision number for resource 4cca4315-2740-466c-b4ac-8a910d1e0bab (type: subnets) to 0
2026-03-31 06:09:52.261 10 INFO neutron.wsgi [None req-cfd34140-fbb4-4069-8fb6-4ba2f4f9240f a264748ced664df9a99823428953595e 270ebb85fbb846adb4136556de0b8d70 - - default default] 10.0.0.91 "POST /v2.0/subnets HTTP/1.1" status: 201 len: 801 time: 2.2539601
2026-03-31 06:09:52.339 10 INFO neutron.wsgi [None req-25ff8036-d032-4d41-a139-96a349a84cfa a264748ced664df9a99823428953595e 270ebb85fbb846adb4136556de0b8d70 - - default default] 10.0.0.91 "PUT /v2.0/subnets/4cca4315-2740-466c-b4ac-8a910d1e0bab/tags HTTP/1.1" status: 200 len: 218 time: 0.0716298
2026-03-31 06:09:52.377 10 INFO neutron.wsgi [None req-a88f5a3b-e5b5-4205-8338-866a6da33215 a264748ced664df9a99823428953595e 270ebb85fbb846adb4136556de0b8d70 - - default default] 10.0.0.91 "GET /v2.0/subnets/4cca4315-2740-466c-b4ac-8a910d1e0bab/tags HTTP/1.1" status: 200 len: 218 time: 0.0329649
2026-03-31 06:09:52.436 10 INFO neutron.wsgi [None req-97076472-d5bd-4749-8c64-aa10eaaeca3b a264748ced664df9a99823428953595e 270ebb85fbb846adb4136556de0b8d70 - - default default] 10.0.0.91 "PUT /v2.0/subnets/4cca4315-2740-466c-b4ac-8a910d1e0bab/tags/green HTTP/1.1" status: 201 len: 201 time: 0.0532596
2026-03-31 06:09:52.488 10 INFO neutron.wsgi [None req-084fd280-54f4-4d67-94a3-110c5f8bad61 a264748ced664df9a99823428953595e 270ebb85fbb846adb4136556de0b8d70 - - default default] 10.0.0.91 "GET /v2.0/subnets/4cca4315-2740-466c-b4ac-8a910d1e0bab/tags HTTP/1.1" status: 200 len: 227 time: 0.0454674
2026-03-31 06:09:52.532 10 INFO neutron.wsgi [None req-4badd94f-b1ec-4d92-9e05-278a935f88f4 a264748ced664df9a99823428953595e 270ebb85fbb846adb4136556de0b8d70 - - default default] 10.0.0.91 "PUT /v2.0/subnets/4cca4315-2740-466c-b4ac-8a910d1e0bab/tags/red HTTP/1.1" status: 201 len: 201 time: 0.0389833
2026-03-31 06:09:52.576 10 INFO neutron.wsgi [None req-5a337dc2-ce24-4e16-9041-c9841d0ee473 a264748ced664df9a99823428953595e 270ebb85fbb846adb4136556de0b8d70 - - default default] 10.0.0.91 "GET /v2.0/subnets/4cca4315-2740-466c-b4ac-8a910d1e0bab/tags HTTP/1.1" status: 200 len: 227 time: 0.0390337
2026-03-31 06:09:52.634 10 INFO neutron.wsgi [None req-e9165950-1fc3-4b09-8073-7fb054eb0ab7 a264748ced664df9a99823428953595e 270ebb85fbb846adb4136556de0b8d70 - - default default] 10.0.0.91 "PUT /v2.0/subnets/4cca4315-2740-466c-b4ac-8a910d1e0bab/tags/black.or.white HTTP/1.1" status: 201 len: 201 time: 0.0509481
2026-03-31 06:09:52.687 10 INFO neutron.wsgi [None req-fe3814e8-af3a-4de1-9e01-ff8f9fdfb782 a264748ced664df9a99823428953595e 270ebb85fbb846adb4136556de0b8d70 - - default default] 10.0.0.91 "GET /v2.0/subnets/4cca4315-2740-466c-b4ac-8a910d1e0bab/tags HTTP/1.1" status: 200 len: 245 time: 0.0464621
2026-03-31 06:09:52.745 10 INFO neutron.wsgi [None req-71850f69-23a9-42f9-b960-5c66ac44b6ad a264748ced664df9a99823428953595e 270ebb85fbb846adb4136556de0b8d70 - - default default] 10.0.0.91 "PUT /v2.0/subnets/4cca4315-2740-466c-b4ac-8a910d1e0bab/tags HTTP/1.1" status: 200 len: 230 time: 0.0539954
2026-03-31 06:09:52.791 10 INFO neutron.wsgi [None req-0f2ca6e4-2860-4bbf-90f0-ec1688080018 a264748ced664df9a99823428953595e 270ebb85fbb846adb4136556de0b8d70 - - default default] 10.0.0.91 "GET /v2.0/subnets/4cca4315-2740-466c-b4ac-8a910d1e0bab/tags HTTP/1.1" status: 200 len: 230 time: 0.0395298
2026-03-31 06:09:52.804 9 INFO neutron.wsgi [None req-fe4607ec-fd67-486a-8554-50f9f1081a58 cc621de00d21409eada44fd6085930ac 78f7c67c2752405786e8cbf2660fe6cb - - default default] 10.0.0.91 "PUT /v2.0/routers/1827e219-1a18-440b-a877-d67200912a6c/add_router_interface HTTP/1.1" status: 200 len: 503 time: 3.7850316
2026-03-31 06:09:52.839 10 INFO neutron.wsgi [None req-084a7efe-8a98-48af-8374-cce112acd5c3 a264748ced664df9a99823428953595e 270ebb85fbb846adb4136556de0b8d70 - - default default] 10.0.0.91 "GET /v2.0/subnets/4cca4315-2740-466c-b4ac-8a910d1e0bab/tags/red HTTP/1.1" status: 204 len: 168 time: 0.0417583
2026-03-31 06:09:52.879 10 INFO neutron.api.v2.resource [None req-2084e968-447c-40f6-a583-44581f28f63a a264748ced664df9a99823428953595e 270ebb85fbb846adb4136556de0b8d70 - - default default] show failed (client error): The resource could not be found.
2026-03-31 06:09:52.881 10 INFO neutron.wsgi [None req-2084e968-447c-40f6-a583-44581f28f63a a264748ced664df9a99823428953595e 270ebb85fbb846adb4136556de0b8d70 - - default default] 10.0.0.91 "GET /v2.0/subnets/4cca4315-2740-466c-b4ac-8a910d1e0bab/tags/green HTTP/1.1" status: 404 len: 299 time: 0.0378578
2026-03-31 06:09:52.932 10 INFO neutron.wsgi [None req-624b67f2-2063-423a-8e16-83e8fba30d83 a264748ced664df9a99823428953595e 270ebb85fbb846adb4136556de0b8d70 - - default default] 10.0.0.91 "DELETE /v2.0/subnets/4cca4315-2740-466c-b4ac-8a910d1e0bab/tags/red HTTP/1.1" status: 204 len: 168 time: 0.0474133
2026-03-31 06:09:52.970 10 INFO neutron.wsgi [None req-4789f14e-9598-446d-8887-dc5ae32824aa a264748ced664df9a99823428953595e 270ebb85fbb846adb4136556de0b8d70 - - default default] 10.0.0.91 "GET /v2.0/subnets/4cca4315-2740-466c-b4ac-8a910d1e0bab/tags HTTP/1.1" status: 200 len: 223 time: 0.0330935
2026-03-31 06:09:53.013 10 INFO neutron.api.v2.resource [None req-799225a8-4e17-48dd-9cb5-de956303230e a264748ced664df9a99823428953595e 270ebb85fbb846adb4136556de0b8d70 - - default default] delete failed (client error): The resource could not be found.
2026-03-31 06:09:53.016 10 INFO neutron.wsgi [None req-799225a8-4e17-48dd-9cb5-de956303230e a264748ced664df9a99823428953595e 270ebb85fbb846adb4136556de0b8d70 - - default default] 10.0.0.91 "DELETE /v2.0/subnets/4cca4315-2740-466c-b4ac-8a910d1e0bab/tags/green HTTP/1.1" status: 404 len: 299 time: 0.0395873
2026-03-31 06:09:53.019 9 INFO neutron.wsgi [None req-f3f0d6f7-9b6e-483b-8aea-f81866944f61 aeef3ad31fc54e3fb8b7af02f1eb60b8 6f55722ff42d491aa7a1cb084ad580e2 - - default default] 10.0.0.91 "PUT /v2.0/routers/d8e196fc-4acb-4f4c-bd4f-a3b801f8cfea HTTP/1.1" status: 200 len: 655 time: 0.8138301
2026-03-31 06:09:53.042 9 INFO neutron.wsgi [None req-a70f6e41-5cca-49b3-9cba-8fa85657a990 aeef3ad31fc54e3fb8b7af02f1eb60b8 6f55722ff42d491aa7a1cb084ad580e2 - - default default] 10.0.0.91 "GET /v2.0/ports?device_id=d8e196fc-4acb-4f4c-bd4f-a3b801f8cfea HTTP/1.1" status: 200 len: 205 time: 0.0178530
2026-03-31 06:09:53.109 10 INFO neutron.wsgi [None req-59eefd6a-1a0f-4f7b-9785-af69952625b4 a264748ced664df9a99823428953595e 270ebb85fbb846adb4136556de0b8d70 - - default default] 10.0.0.91 "DELETE /v2.0/subnets/4cca4315-2740-466c-b4ac-8a910d1e0bab/tags HTTP/1.1" status: 204 len: 168 time: 0.0879498
2026-03-31 06:09:53.197 10 INFO neutron.wsgi [None req-89c4e0fa-398f-4984-95bf-5aea3f0e7bb4 a264748ced664df9a99823428953595e 270ebb85fbb846adb4136556de0b8d70 - - default default] 10.0.0.91 "GET /v2.0/subnets/4cca4315-2740-466c-b4ac-8a910d1e0bab/tags HTTP/1.1" status: 200 len: 205 time: 0.0821943
2026-03-31 06:09:53.518 9 INFO neutron.wsgi [None req-469b4a9f-8d42-4bb7-ae68-51636d56e73d a264748ced664df9a99823428953595e 270ebb85fbb846adb4136556de0b8d70 - - default default] 10.0.0.91 "DELETE /v2.0/subnets/4cca4315-2740-466c-b4ac-8a910d1e0bab HTTP/1.1" status: 204 len: 168 time: 0.3122118
2026-03-31 06:09:53.650 9 INFO neutron.wsgi [None req-6e29e7d5-2e7b-4f29-a162-746ab8a30d71 cc621de00d21409eada44fd6085930ac 78f7c67c2752405786e8cbf2660fe6cb - - default default] 10.0.0.91 "PUT /v2.0/routers/57fa378d-c18d-4796-8308-79558ffd0ee0/remove_router_interface HTTP/1.1" status: 200 len: 503 time: 2.2031846
2026-03-31 06:09:53.653 10 INFO neutron.wsgi [None req-45ded7ee-e35d-4b9e-890e-e49f3b80f628 aeef3ad31fc54e3fb8b7af02f1eb60b8 6f55722ff42d491aa7a1cb084ad580e2 - - default default] 10.0.0.91 "DELETE /v2.0/routers/d8e196fc-4acb-4f4c-bd4f-a3b801f8cfea HTTP/1.1" status: 204 len: 168 time: 0.5940726
2026-03-31 06:09:53.996 9 INFO neutron.services.segments.plugin [-] Segment e544a42d-4be2-439d-b86b-d7964e93c443 resource provider aggregate not found
2026-03-31 06:09:54.001 9 INFO neutron.services.segments.plugin [-] Segment e544a42d-4be2-439d-b86b-d7964e93c443 resource provider aggregate not found
2026-03-31 06:09:54.021 9 INFO neutron.services.segments.plugin [-] Segment e544a42d-4be2-439d-b86b-d7964e93c443 resource provider not found; error: Placement Client Error (4xx): {"errors": [{"status": 404, "title": "Not Found", "detail": "The resource could not be found.\n\n No resource provider with uuid e544a42d-4be2-439d-b86b-d7964e93c443 found for delete ", "request_id": "req-34af2328-05a0-4cde-85b1-153ca8f4e786"}]}
2026-03-31 06:09:54.022 9 INFO neutron.services.segments.plugin [-] Segment e544a42d-4be2-439d-b86b-d7964e93c443 resource provider not found; error: Placement Client Error (4xx): {"errors": [{"status": 404, "title": "Not Found", "detail": "The resource could not be found.\n\n No resource provider with uuid e544a42d-4be2-439d-b86b-d7964e93c443 found for delete ", "request_id": "req-c584a7e7-fed3-4385-a6a6-aeabe1d0ff4f"}]}
2026-03-31 06:09:54.045 9 INFO neutron.wsgi [None req-4474d9da-9b54-4088-8433-041f98e94255 a264748ced664df9a99823428953595e 270ebb85fbb846adb4136556de0b8d70 - - default default] 10.0.0.91 "DELETE /v2.0/networks/32929b7e-6fe1-4d4e-9d38-b39c09cca8d3 HTTP/1.1" status: 204 len: 168 time: 0.5223145
2026-03-31 06:09:54.390 10 INFO neutron.wsgi [None req-c07d9328-47c6-401b-80b1-a85e8a48ba9e cc621de00d21409eada44fd6085930ac 78f7c67c2752405786e8cbf2660fe6cb - - default default] 10.0.0.91 "DELETE /v2.0/routers/57fa378d-c18d-4796-8308-79558ffd0ee0 HTTP/1.1" status: 204 len: 168 time: 0.7334578 /var/lib/openstack/lib/python3.10/site-packages/pycadf/identifier.py:71: UserWarning: Invalid uuid: neutron. To ensure interoperability, identifiers should be a valid uuid. warnings.warn(('Invalid uuid: %s. To ensure interoperability, '
2026-03-31 06:09:54.667 9 INFO neutron.wsgi [None req-1932b667-7122-42d9-8896-ae822de758fc cc621de00d21409eada44fd6085930ac 78f7c67c2752405786e8cbf2660fe6cb - - default default] 10.0.0.91 "DELETE /v2.0/subnets/2ce92542-ecdd-4815-814a-158dd0ee2882 HTTP/1.1" status: 204 len: 168 time: 0.2652102
2026-03-31 06:09:54.928 10 INFO neutron.db.ovn_revision_numbers_db [None req-1927bb72-1320-4a21-bf0d-732a8a6c66e5 cc621de00d21409eada44fd6085930ac 78f7c67c2752405786e8cbf2660fe6cb - - default default] Successfully bumped revision number for resource 443efa79-08ec-41fa-85b5-f639a5212238 (type: security_groups) to 1
2026-03-31 06:09:54.944 10 INFO neutron.db.ovn_revision_numbers_db [None req-1927bb72-1320-4a21-bf0d-732a8a6c66e5 cc621de00d21409eada44fd6085930ac 78f7c67c2752405786e8cbf2660fe6cb - - default default] Successfully bumped revision number for resource 77d12605-0918-4d0f-ab18-3a9432a0d8ed (type: security_group_rules) to 0
2026-03-31 06:09:54.964 10 INFO neutron.db.ovn_revision_numbers_db [None req-1927bb72-1320-4a21-bf0d-732a8a6c66e5 cc621de00d21409eada44fd6085930ac 78f7c67c2752405786e8cbf2660fe6cb - - default default] Successfully bumped revision number for resource 8f6d755b-eb10-4899-b51e-080d4e323986 (type: security_group_rules) to 0
2026-03-31 06:09:54.969 10 INFO neutron.db.ovn_revision_numbers_db [None req-f396401f-60a2-439d-a7a3-4f1f8b0a92d9 cc621de00d21409eada44fd6085930ac 78f7c67c2752405786e8cbf2660fe6cb - - default default] Successfully bumped revision number for resource c26db723-feea-4777-8b4c-6bf42958cffb (type: security_groups) to 1
2026-03-31 06:09:54.982 10 INFO neutron.db.ovn_revision_numbers_db [None req-1927bb72-1320-4a21-bf0d-732a8a6c66e5 cc621de00d21409eada44fd6085930ac 78f7c67c2752405786e8cbf2660fe6cb - - default default] Successfully bumped revision number for resource a6433c78-22e5-4d47-96e3-538eea77d7d3 (type: security_group_rules) to 0
2026-03-31 06:09:54.984 10 INFO neutron.db.ovn_revision_numbers_db [None req-f396401f-60a2-439d-a7a3-4f1f8b0a92d9 cc621de00d21409eada44fd6085930ac 78f7c67c2752405786e8cbf2660fe6cb - - default default] Successfully bumped revision number for resource 0d30ad26-2d69-4154-8c10-106e0d0f89aa (type: security_group_rules) to 0
2026-03-31 06:09:55.000 10 INFO neutron.db.ovn_revision_numbers_db [None req-1927bb72-1320-4a21-bf0d-732a8a6c66e5 cc621de00d21409eada44fd6085930ac 78f7c67c2752405786e8cbf2660fe6cb - - default default] Successfully bumped revision number for resource a9a36f55-c365-43b0-95c1-fb3ab327d1b6 (type: security_group_rules) to 0
2026-03-31 06:09:55.005 10 INFO neutron.db.ovn_revision_numbers_db [None req-f396401f-60a2-439d-a7a3-4f1f8b0a92d9 cc621de00d21409eada44fd6085930ac 78f7c67c2752405786e8cbf2660fe6cb - - default default] Successfully bumped revision number for resource 240ed8ff-a14c-403a-8304-d64707870d8b (type: security_group_rules) to 0
2026-03-31 06:09:55.033 10 INFO neutron.wsgi [None req-1927bb72-1320-4a21-bf0d-732a8a6c66e5 cc621de00d21409eada44fd6085930ac 78f7c67c2752405786e8cbf2660fe6cb - - default default] 10.0.0.91 "GET /v2.0/security-groups?tenant_id=6f55722ff42d491aa7a1cb084ad580e2&name=default HTTP/1.1" status: 200 len: 2996 time: 0.4748402
2026-03-31 06:09:55.035 10 INFO neutron.db.ovn_revision_numbers_db [None req-f396401f-60a2-439d-a7a3-4f1f8b0a92d9 cc621de00d21409eada44fd6085930ac 78f7c67c2752405786e8cbf2660fe6cb - - default default] Successfully bumped revision number for resource 8113fe3d-ed1b-475e-bf77-b47bc8457059 (type: security_group_rules) to 0
2026-03-31 06:09:55.061 10 INFO neutron.db.ovn_revision_numbers_db [None req-f396401f-60a2-439d-a7a3-4f1f8b0a92d9 cc621de00d21409eada44fd6085930ac 78f7c67c2752405786e8cbf2660fe6cb - - default default] Successfully bumped revision number for resource b678523e-aaba-4963-b066-17de0419db22 (type: security_group_rules) to 0
2026-03-31 06:09:55.099 9 INFO neutron.wsgi [None req-373238fc-59c2-44d0-914d-dee76771fee4 cc621de00d21409eada44fd6085930ac 78f7c67c2752405786e8cbf2660fe6cb - - default default] 10.0.0.91 "DELETE /v2.0/networks/f8489432-4a09-4a0f-9a90-16b5f74b9234 HTTP/1.1" status: 204 len: 168 time: 0.4259779
2026-03-31 06:09:55.100 10 INFO neutron.wsgi [None req-f396401f-60a2-439d-a7a3-4f1f8b0a92d9 cc621de00d21409eada44fd6085930ac 78f7c67c2752405786e8cbf2660fe6cb - - default default] 10.0.0.91 "GET /v2.0/security-groups?tenant_id=5d6eb8cc7a2c4ca19eb5e6b8d253dadc&name=default HTTP/1.1" status: 200 len: 2996 time: 0.3219237
2026-03-31 06:09:55.287 10 INFO neutron.wsgi [req-bc9c064f-f451-44f7-b283-76d088bdabc2 req-18dfccef-405f-4dd9-9323-a1936c841887 c2b387c6744d4ba18a0de426fcfb7114 9f34d1c2448244679804510a7edcf0e6 - - default default] 10.0.0.217 "GET /v2.0/networks?id=57850f91-3ed8-4d16-bfd7-f3ed83d2fd3b HTTP/1.1" status: 200 len: 871 time: 0.1397288
2026-03-31 06:09:55.318 10 INFO neutron.wsgi [req-bc9c064f-f451-44f7-b283-76d088bdabc2 req-e49401d6-656b-45b4-ace9-6543e0e23fa8 c2b387c6744d4ba18a0de426fcfb7114 9f34d1c2448244679804510a7edcf0e6 - - default default] 10.0.0.217 "GET /v2.0/quotas/9f34d1c2448244679804510a7edcf0e6 HTTP/1.1" status: 200 len: 386 time: 0.0221200
