2026-03-31 06:08:26.604 9 INFO neutron.db.ovn_revision_numbers_db [req-fbf1113a-e4ba-4182-b7db-2bbf07fb4124 req-dbc9855a-b013-4fa7-a45e-cded437eef3c bf55a6de073745a6bcbdb2f1ff534e13 3d98a71b7a424de280b0aa60b942e473 - - edb1acb7a6e04cbeaf7e0ec679801393 edb1acb7a6e04cbeaf7e0ec679801393] Successfully bumped revision number for resource 28775e5b-2d9f-446f-8033-879ed0427105 (type: ports) to 2 /var/lib/openstack/lib/python3.10/site-packages/pycadf/identifier.py:71: UserWarning: Invalid uuid: neutron. To ensure interoperability, identifiers should be a valid uuid. warnings.warn(('Invalid uuid: %s. To ensure interoperability, '
2026-03-31 06:08:26.639 9 INFO neutron.wsgi [req-fbf1113a-e4ba-4182-b7db-2bbf07fb4124 req-dbc9855a-b013-4fa7-a45e-cded437eef3c bf55a6de073745a6bcbdb2f1ff534e13 3d98a71b7a424de280b0aa60b942e473 - - edb1acb7a6e04cbeaf7e0ec679801393 edb1acb7a6e04cbeaf7e0ec679801393] 199.204.45.141 "PUT /v2.0/ports/28775e5b-2d9f-446f-8033-879ed0427105 HTTP/1.1" status: 200 len: 1376 time: 1.1381273
2026-03-31 06:08:26.681 9 INFO neutron.notifiers.nova [-] Nova event matching ['req-b2d2145c-f02c-49a4-be8a-dbf94c5c1931'] response: {'name': 'network-changed', 'server_uuid': 'ad640314-b39b-4102-a7b2-70dfb3de64e5', 'tag': '28775e5b-2d9f-446f-8033-879ed0427105', 'status': 'completed', 'code': 200}
2026-03-31 06:08:26.750 9 INFO neutron.wsgi [req-fbf1113a-e4ba-4182-b7db-2bbf07fb4124 req-ca64cf80-1bd5-4789-b93f-661576b1cd3e bf55a6de073745a6bcbdb2f1ff534e13 3d98a71b7a424de280b0aa60b942e473 - - edb1acb7a6e04cbeaf7e0ec679801393 edb1acb7a6e04cbeaf7e0ec679801393] 199.204.45.141 "GET /v2.0/ports?tenant_id=c397a2a50aea4f8a8584fe4d5d233223&device_id=ad640314-b39b-4102-a7b2-70dfb3de64e5 HTTP/1.1" status: 200 len: 1407 time: 0.0616646
2026-03-31 06:08:26.788 9 INFO neutron.wsgi [req-fbf1113a-e4ba-4182-b7db-2bbf07fb4124 req-c32194d7-3f62-47d0-ba79-abbf4fde077a bf55a6de073745a6bcbdb2f1ff534e13 3d98a71b7a424de280b0aa60b942e473 - - edb1acb7a6e04cbeaf7e0ec679801393 edb1acb7a6e04cbeaf7e0ec679801393] 199.204.45.141 "GET /v2.0/floatingips?fixed_ip_address=10.100.0.4&port_id=28775e5b-2d9f-446f-8033-879ed0427105 HTTP/1.1" status: 200 len: 217 time: 0.0303402
2026-03-31 06:08:26.840 9 INFO neutron.wsgi [req-fbf1113a-e4ba-4182-b7db-2bbf07fb4124 req-16019525-61c6-4674-9ff9-6faa4b8cb4bd bf55a6de073745a6bcbdb2f1ff534e13 3d98a71b7a424de280b0aa60b942e473 - - edb1acb7a6e04cbeaf7e0ec679801393 edb1acb7a6e04cbeaf7e0ec679801393] 199.204.45.141 "GET /v2.0/subnets?id=2081e1f6-f9e2-4501-abbe-3c29e8422efe HTTP/1.1" status: 200 len: 853 time: 0.0451035
2026-03-31 06:08:26.849 10 INFO neutron.services.segments.plugin [-] Segment 2a2cb175-3d3e-4768-86d6-bbb64db4801e resource provider aggregate not found
2026-03-31 06:08:26.856 10 INFO neutron.services.segments.plugin [-] Segment 2a2cb175-3d3e-4768-86d6-bbb64db4801e resource provider aggregate not found
2026-03-31 06:08:26.880 9 INFO neutron.wsgi [req-fbf1113a-e4ba-4182-b7db-2bbf07fb4124 req-f2b81a03-16bf-4607-819d-6447b4893c66 bf55a6de073745a6bcbdb2f1ff534e13 3d98a71b7a424de280b0aa60b942e473 - - edb1acb7a6e04cbeaf7e0ec679801393 edb1acb7a6e04cbeaf7e0ec679801393] 199.204.45.141 "GET /v2.0/ports?network_id=7bf3714e-5e8c-4204-808e-b516027b8036&device_owner=network%3Adhcp HTTP/1.1" status: 200 len: 210 time: 0.0333893
2026-03-31 06:08:26.881 10 INFO neutron.services.segments.plugin [-] Segment 2a2cb175-3d3e-4768-86d6-bbb64db4801e resource provider not found; error: Placement Client Error (4xx): {"errors": [{"status": 404, "title": "Not Found", "detail": "The resource could not be found.\n\n No resource provider with uuid 2a2cb175-3d3e-4768-86d6-bbb64db4801e found for delete ", "request_id": "req-823d8bb2-3ac3-4a89-adaf-90af4ca594c2"}]}
2026-03-31 06:08:26.882 10 INFO neutron.services.segments.plugin [-] Segment 2a2cb175-3d3e-4768-86d6-bbb64db4801e resource provider not found; error: Placement Client Error (4xx): {"errors": [{"status": 404, "title": "Not Found", "detail": "The resource could not be found.\n\n No resource provider with uuid 2a2cb175-3d3e-4768-86d6-bbb64db4801e found for delete ", "request_id": "req-7e8153ab-d8ab-4734-a4a6-131a70091262"}]}
2026-03-31 06:08:26.916 10 INFO neutron.wsgi [None req-9e0d1353-bdd3-4223-b358-9537874854dc cc621de00d21409eada44fd6085930ac 78f7c67c2752405786e8cbf2660fe6cb - - default default] 10.0.0.91 "DELETE /v2.0/networks/9a3dc1bb-b1fa-47b1-aac3-eb7e0ac3a9a9 HTTP/1.1" status: 204 len: 168 time: 0.5031075
2026-03-31 06:08:26.962 9 INFO neutron.wsgi [req-fbf1113a-e4ba-4182-b7db-2bbf07fb4124 req-c4cb3483-9ed6-4c5d-9d91-b677e10d98dc bf55a6de073745a6bcbdb2f1ff534e13 3d98a71b7a424de280b0aa60b942e473 - - edb1acb7a6e04cbeaf7e0ec679801393 edb1acb7a6e04cbeaf7e0ec679801393] 199.204.45.141 "GET /v2.0/networks/7bf3714e-5e8c-4204-808e-b516027b8036?fields=segments HTTP/1.1" status: 200 len: 212 time: 0.0765066
2026-03-31 06:08:27.214 10 INFO neutron.wsgi [None req-31aa8ff2-a7bb-4258-be64-0ae17707a738 cc621de00d21409eada44fd6085930ac 78f7c67c2752405786e8cbf2660fe6cb - - default default] 10.0.0.91 "GET /v2.0/security-groups?tenant_id=64eb6322cdaf41fdbfcf07fd62487f0d&name=default HTTP/1.1" status: 200 len: 2996 time: 0.0564082
2026-03-31 06:08:27.250 10 INFO neutron.wsgi [-] 10.0.0.91 "GET / HTTP/1.1" status: 200 len: 279 time: 0.0018156
2026-03-31 06:08:27.337 9 INFO neutron.wsgi [req-bc12f43f-4bd4-4fe6-b5a5-24a9a0ad9870 req-4ecbb9fb-ca95-4e45-9fc4-b5538b4f6038 c202fea129e546f385b414a1b31cddf9 c397a2a50aea4f8a8584fe4d5d233223 - - default default] 10.0.0.217 "GET /v2.0/ports?device_id=ad640314-b39b-4102-a7b2-70dfb3de64e5 HTTP/1.1" status: 200 len: 1168 time: 0.0579553
2026-03-31 06:08:27.343 9 INFO neutron.wsgi [req-fbf1113a-e4ba-4182-b7db-2bbf07fb4124 req-bfb5f6c0-aa0d-4574-b3e2-9c6bacfaa9b7 bf55a6de073745a6bcbdb2f1ff534e13 3d98a71b7a424de280b0aa60b942e473 - - edb1acb7a6e04cbeaf7e0ec679801393 edb1acb7a6e04cbeaf7e0ec679801393] 199.204.45.141 "GET /v2.0/networks/7bf3714e-5e8c-4204-808e-b516027b8036?fields=provider%3Aphysical_network&fields=provider%3Anetwork_type HTTP/1.1" status: 200 len: 277 time: 0.3679347
2026-03-31 06:08:27.435 9 INFO neutron.wsgi [req-bc12f43f-4bd4-4fe6-b5a5-24a9a0ad9870 req-7a019c4a-ca63-497e-9442-6a4ae8451f87 c202fea129e546f385b414a1b31cddf9 c397a2a50aea4f8a8584fe4d5d233223 - - default default] 10.0.0.217 "GET /v2.0/security-groups?id=ba7a4784-9a17-4eff-bdda-d9f33c3388ef&fields=id&fields=name HTTP/1.1" status: 200 len: 312 time: 0.0899856
2026-03-31 06:08:27.479 9 INFO neutron.wsgi [req-0c9b1ec9-1525-4352-96b7-db94d0bb41ae req-69c1fd3c-e18e-4478-8d80-4aa701506d5d bf55a6de073745a6bcbdb2f1ff534e13 3d98a71b7a424de280b0aa60b942e473 - - edb1acb7a6e04cbeaf7e0ec679801393 edb1acb7a6e04cbeaf7e0ec679801393] 199.204.45.141 "GET /v2.0/ports?tenant_id=c397a2a50aea4f8a8584fe4d5d233223&device_id=ad640314-b39b-4102-a7b2-70dfb3de64e5 HTTP/1.1" status: 200 len: 1407 time: 0.0899036
2026-03-31 06:08:27.531 10 INFO neutron.wsgi [None req-f7cb5efb-0477-481a-a291-9f30445a2fd1 cc621de00d21409eada44fd6085930ac 78f7c67c2752405786e8cbf2660fe6cb - - default default] 10.0.0.91 "DELETE /v2.0/security-groups/807c8137-01c0-47cc-a69b-685eed8065cf HTTP/1.1" status: 204 len: 168 time: 0.3114166
2026-03-31 06:08:27.563 10 INFO neutron.wsgi [None req-59704ee8-567c-4f6b-bfec-389cbfe8edbe b310a3cf947a442a8bb3668b366d6b55 ea28387c98624c149d7377bcacbf2307 - - default default] 10.0.0.91 "GET /v2.0/ HTTP/1.1" status: 200 len: 826 time: 0.3014998
2026-03-31 06:08:27.582 10 INFO neutron.plugins.ml2.drivers.ovn.mech_driver.mech_driver [None req-0a8392ec-56c7-48f2-b6ea-75c30f804bda - - - - - -] OVN reports status up for port: 28775e5b-2d9f-446f-8033-879ed0427105
2026-03-31 06:08:27.587 9 INFO neutron.wsgi [None req-a0a4d26c-9ab5-4854-a8d3-1edb5a2e7a09 bbbc41b7497f49898dd7a8a8c6382016 62aa9c9d02c64131861d9cf2d61fb5cd - - default default] 10.0.0.91 "DELETE /v2.0/networks/c7e5c4cd-193f-42db-9a30-b9c12ec7c4f3 HTTP/1.1" status: 204 len: 168 time: 0.9773791
2026-03-31 06:08:27.589 9 INFO neutron.wsgi [req-0c9b1ec9-1525-4352-96b7-db94d0bb41ae req-14844801-edea-49ab-8e02-3ab5934a8363 bf55a6de073745a6bcbdb2f1ff534e13 3d98a71b7a424de280b0aa60b942e473 - - edb1acb7a6e04cbeaf7e0ec679801393 edb1acb7a6e04cbeaf7e0ec679801393] 199.204.45.141 "GET /v2.0/networks?id=7bf3714e-5e8c-4204-808e-b516027b8036 HTTP/1.1" status: 200 len: 958 time: 0.1037765
2026-03-31 06:08:27.599 10 INFO neutron.plugins.ml2.plugin [None req-0a8392ec-56c7-48f2-b6ea-75c30f804bda - - - - - -] Attempt 1 to provision port 28775e5b-2d9f-446f-8033-879ed0427105
2026-03-31 06:08:27.632 9 INFO neutron.wsgi [req-0c9b1ec9-1525-4352-96b7-db94d0bb41ae req-6dc34b5d-54a7-45bf-a879-9a38c01033f7 bf55a6de073745a6bcbdb2f1ff534e13 3d98a71b7a424de280b0aa60b942e473 - - edb1acb7a6e04cbeaf7e0ec679801393 edb1acb7a6e04cbeaf7e0ec679801393] 199.204.45.141 "GET /v2.0/floatingips?fixed_ip_address=10.100.0.4&port_id=28775e5b-2d9f-446f-8033-879ed0427105 HTTP/1.1" status: 200 len: 217 time: 0.0364707
2026-03-31 06:08:27.677 9 INFO neutron.wsgi [req-0c9b1ec9-1525-4352-96b7-db94d0bb41ae req-6f262be7-3574-4124-b9e3-cb849b510681 bf55a6de073745a6bcbdb2f1ff534e13 3d98a71b7a424de280b0aa60b942e473 - - edb1acb7a6e04cbeaf7e0ec679801393 edb1acb7a6e04cbeaf7e0ec679801393] 199.204.45.141 "GET /v2.0/subnets?id=2081e1f6-f9e2-4501-abbe-3c29e8422efe HTTP/1.1" status: 200 len: 853 time: 0.0387468
2026-03-31 06:08:27.699 9 INFO neutron.wsgi [None req-e8bb6b59-589c-4891-80ae-282bee38933e bbbc41b7497f49898dd7a8a8c6382016 62aa9c9d02c64131861d9cf2d61fb5cd - - default default] 10.0.0.91 "GET /v2.0/networks HTTP/1.1" status: 200 len: 845 time: 0.1018140
2026-03-31 06:08:27.713 9 INFO neutron.wsgi [req-0c9b1ec9-1525-4352-96b7-db94d0bb41ae req-4cb08c88-6359-4b95-b357-f52587c34e70 bf55a6de073745a6bcbdb2f1ff534e13 3d98a71b7a424de280b0aa60b942e473 - - edb1acb7a6e04cbeaf7e0ec679801393 edb1acb7a6e04cbeaf7e0ec679801393] 199.204.45.141 "GET /v2.0/ports?network_id=7bf3714e-5e8c-4204-808e-b516027b8036&device_owner=network%3Adhcp HTTP/1.1" status: 200 len: 210 time: 0.0289187
2026-03-31 06:08:27.743 10 INFO neutron.notifiers.nova [-] Nova event matching ['req-385dcf8b-3bd7-46b6-89c0-7cf040a4d4d3'] response: {'server_uuid': 'ad640314-b39b-4102-a7b2-70dfb3de64e5', 'name': 'network-vif-plugged', 'status': 'completed', 'tag': '28775e5b-2d9f-446f-8033-879ed0427105', 'code': 200}
2026-03-31 06:08:27.785 9 INFO neutron.wsgi [req-0c9b1ec9-1525-4352-96b7-db94d0bb41ae req-8bdbcac5-12df-45a6-af86-1cc84f918f84 bf55a6de073745a6bcbdb2f1ff534e13 3d98a71b7a424de280b0aa60b942e473 - - edb1acb7a6e04cbeaf7e0ec679801393 edb1acb7a6e04cbeaf7e0ec679801393] 199.204.45.141 "GET /v2.0/networks/7bf3714e-5e8c-4204-808e-b516027b8036?fields=segments HTTP/1.1" status: 200 len: 212 time: 0.0642762
2026-03-31 06:08:27.828 10 INFO neutron.db.segments_db [None req-b4d2471f-fe7a-462d-9dd0-941f76345112 bbbc41b7497f49898dd7a8a8c6382016 62aa9c9d02c64131861d9cf2d61fb5cd - - default default] Added segment 3b46dd34-fbdb-480b-9d27-fa7042404d44 of type geneve for network f6b57177-16a8-4fc8-8247-45df7dcab7cc
2026-03-31 06:08:27.854 9 INFO neutron.wsgi [req-0c9b1ec9-1525-4352-96b7-db94d0bb41ae req-7dd31484-4add-4b6a-9845-e932747d5e98 bf55a6de073745a6bcbdb2f1ff534e13 3d98a71b7a424de280b0aa60b942e473 - - edb1acb7a6e04cbeaf7e0ec679801393 edb1acb7a6e04cbeaf7e0ec679801393] 199.204.45.141 "GET /v2.0/networks/7bf3714e-5e8c-4204-808e-b516027b8036?fields=provider%3Aphysical_network&fields=provider%3Anetwork_type HTTP/1.1" status: 200 len: 277 time: 0.0615051
2026-03-31 06:08:27.966 10 INFO neutron.db.ovn_revision_numbers_db [None req-0a8392ec-56c7-48f2-b6ea-75c30f804bda - - - - - -] Successfully bumped revision number for resource 28775e5b-2d9f-446f-8033-879ed0427105 (type: ports) to 4
2026-03-31 06:08:28.067 10 INFO neutron.db.ovn_revision_numbers_db [None req-b4d2471f-fe7a-462d-9dd0-941f76345112 bbbc41b7497f49898dd7a8a8c6382016 62aa9c9d02c64131861d9cf2d61fb5cd - - default default] Successfully bumped revision number for resource f6b57177-16a8-4fc8-8247-45df7dcab7cc (type: networks) to 1
2026-03-31 06:08:28.292 10 WARNING neutron.scheduler.dhcp_agent_scheduler [None req-b4d2471f-fe7a-462d-9dd0-941f76345112 bbbc41b7497f49898dd7a8a8c6382016 62aa9c9d02c64131861d9cf2d61fb5cd - - default default] No more DHCP agents
2026-03-31 06:08:28.297 10 WARNING neutron.api.rpc.agentnotifiers.dhcp_rpc_agent_api [None req-b4d2471f-fe7a-462d-9dd0-941f76345112 bbbc41b7497f49898dd7a8a8c6382016 62aa9c9d02c64131861d9cf2d61fb5cd - - default default] Unable to schedule network f6b57177-16a8-4fc8-8247-45df7dcab7cc: no agents available; will retry on subsequent port and subnet creation events.
2026-03-31 06:08:28.401 10 INFO neutron.db.ovn_revision_numbers_db [None req-b4d2471f-fe7a-462d-9dd0-941f76345112 bbbc41b7497f49898dd7a8a8c6382016 62aa9c9d02c64131861d9cf2d61fb5cd - - default default] Successfully bumped revision number for resource a2f9f891-ff07-4351-8262-79555712f217 (type: ports) to 1
2026-03-31 06:08:28.449 9 INFO neutron.db.ovn_revision_numbers_db [None req-72f56816-39ee-43cc-89b3-db208540d724 cc621de00d21409eada44fd6085930ac 78f7c67c2752405786e8cbf2660fe6cb - - default default] Successfully bumped revision number for resource badbfe75-4646-41b6-9ad7-b2338591e51c (type: security_groups) to 1
2026-03-31 06:08:28.453 10 INFO neutron.wsgi [None req-b4d2471f-fe7a-462d-9dd0-941f76345112 bbbc41b7497f49898dd7a8a8c6382016 62aa9c9d02c64131861d9cf2d61fb5cd - - default default] 10.0.0.91 "POST /v2.0/networks HTTP/1.1" status: 201 len: 849 time: 0.7449226 /var/lib/openstack/lib/python3.10/site-packages/pycadf/identifier.py:71: UserWarning: Invalid uuid: neutron. To ensure interoperability, identifiers should be a valid uuid. warnings.warn(('Invalid uuid: %s. To ensure interoperability, '
2026-03-31 06:08:28.467 9 INFO neutron.db.ovn_revision_numbers_db [None req-72f56816-39ee-43cc-89b3-db208540d724 cc621de00d21409eada44fd6085930ac 78f7c67c2752405786e8cbf2660fe6cb - - default default] Successfully bumped revision number for resource 0847b22e-cb52-45e9-92f7-47b9b9512e0e (type: security_group_rules) to 0
2026-03-31 06:08:28.490 9 INFO neutron.db.ovn_revision_numbers_db [None req-72f56816-39ee-43cc-89b3-db208540d724 cc621de00d21409eada44fd6085930ac 78f7c67c2752405786e8cbf2660fe6cb - - default default] Successfully bumped revision number for resource 36fe77d5-ba8c-4795-b544-2f647fc41854 (type: security_group_rules) to 0
2026-03-31 06:08:28.507 9 INFO neutron.db.ovn_revision_numbers_db [None req-72f56816-39ee-43cc-89b3-db208540d724 cc621de00d21409eada44fd6085930ac 78f7c67c2752405786e8cbf2660fe6cb - - default default] Successfully bumped revision number for resource 56efe49a-8f42-4c08-8da0-29c64a4f7703 (type: security_group_rules) to 0
2026-03-31 06:08:28.545 9 INFO neutron.db.ovn_revision_numbers_db [None req-72f56816-39ee-43cc-89b3-db208540d724 cc621de00d21409eada44fd6085930ac 78f7c67c2752405786e8cbf2660fe6cb - - default default] Successfully bumped revision number for resource 8ff940c4-f99d-4981-a462-d7931c295e00 (type: security_group_rules) to 0
2026-03-31 06:08:28.565 10 INFO neutron.db.segments_db [None req-34c776a2-f3bb-4ed0-b9e4-02cfa02b8ea0 bbbc41b7497f49898dd7a8a8c6382016 62aa9c9d02c64131861d9cf2d61fb5cd - - default default] Added segment 6208ac53-10d3-487c-b223-6bb20780a47a of type geneve for network e305af8e-3e62-4992-a545-a4fc5aa1ef8a
2026-03-31 06:08:28.571 9 INFO neutron.wsgi [req-f3fe442b-b02b-4fa7-b52b-044adb1fe675 req-04019be0-8e34-425f-bb5d-f88d3ace6759 c202fea129e546f385b414a1b31cddf9 c397a2a50aea4f8a8584fe4d5d233223 - - default default] 10.0.0.217 "GET /v2.0/ports?device_id=ad640314-b39b-4102-a7b2-70dfb3de64e5 HTTP/1.1" status: 200 len: 1170 time: 0.0600297
2026-03-31 06:08:28.577 9 INFO neutron.services.segments.plugin [-] Segment ff723d84-4835-4e65-8700-454205ad7842 resource provider aggregate not found
2026-03-31 06:08:28.585 9 INFO neutron.services.segments.plugin [-] Segment ff723d84-4835-4e65-8700-454205ad7842 resource provider aggregate not found
2026-03-31 06:08:28.605 9 INFO neutron.services.segments.plugin [-] Segment ff723d84-4835-4e65-8700-454205ad7842 resource provider not found; error: Placement Client Error (4xx): {"errors": [{"status": 404, "title": "Not Found", "detail": "The resource could not be found.\n\n No resource provider with uuid ff723d84-4835-4e65-8700-454205ad7842 found for delete ", "request_id": "req-027471da-4aed-4b67-82d9-2bdfc57c9624"}]}
2026-03-31 06:08:28.608 9 INFO neutron.wsgi [None req-72f56816-39ee-43cc-89b3-db208540d724 cc621de00d21409eada44fd6085930ac 78f7c67c2752405786e8cbf2660fe6cb - - default default] 10.0.0.91 "GET /v2.0/security-groups?tenant_id=ea28387c98624c149d7377bcacbf2307&name=default HTTP/1.1" status: 200 len: 2996 time: 0.4230061
2026-03-31 06:08:28.614 9 INFO neutron.services.segments.plugin [-] Segment ff723d84-4835-4e65-8700-454205ad7842 resource provider not found; error: Placement Client Error (4xx): {"errors": [{"status": 404, "title": "Not Found", "detail": "The resource could not be found.\n\n No resource provider with uuid ff723d84-4835-4e65-8700-454205ad7842 found for delete ", "request_id": "req-14c52190-04c3-423c-981c-3e92e0358328"}]}
2026-03-31 06:08:28.658 9 INFO neutron.wsgi [req-f3fe442b-b02b-4fa7-b52b-044adb1fe675 req-c01472d7-4ffc-41b5-a1cf-13ffeaa892c9 c202fea129e546f385b414a1b31cddf9 c397a2a50aea4f8a8584fe4d5d233223 - - default default] 10.0.0.217 "GET /v2.0/security-groups?id=ba7a4784-9a17-4eff-bdda-d9f33c3388ef&fields=id&fields=name HTTP/1.1" status: 200 len: 312 time: 0.0761855
2026-03-31 06:08:28.763 10 INFO neutron.db.ovn_revision_numbers_db [None req-34c776a2-f3bb-4ed0-b9e4-02cfa02b8ea0 bbbc41b7497f49898dd7a8a8c6382016 62aa9c9d02c64131861d9cf2d61fb5cd - - default default] Successfully bumped revision number for resource e305af8e-3e62-4992-a545-a4fc5aa1ef8a (type: networks) to 1
2026-03-31 06:08:28.870 9 INFO neutron.wsgi [None req-67a2d281-504a-4580-be3a-0d6400767af7 cc621de00d21409eada44fd6085930ac 78f7c67c2752405786e8cbf2660fe6cb - - default default] 10.0.0.91 "DELETE /v2.0/security-groups/badbfe75-4646-41b6-9ad7-b2338591e51c HTTP/1.1" status: 204 len: 168 time: 0.2519348
2026-03-31 06:08:28.896 10 INFO neutron.wsgi [req-c6a0b09a-433c-4816-85e5-e7d98692faf3 req-2ee476ae-2dd7-4ccd-8df7-2ba5a0b9b0fa c202fea129e546f385b414a1b31cddf9 c397a2a50aea4f8a8584fe4d5d233223 - - default default] 10.0.0.217 "GET /v2.0/ports?device_id=ad640314-b39b-4102-a7b2-70dfb3de64e5 HTTP/1.1" status: 200 len: 1170 time: 0.1568613
2026-03-31 06:08:28.985 10 INFO neutron.wsgi [req-c6a0b09a-433c-4816-85e5-e7d98692faf3 req-65c8e0b2-e0d8-4563-9818-7d8719de63ba c202fea129e546f385b414a1b31cddf9 c397a2a50aea4f8a8584fe4d5d233223 - - default default] 10.0.0.217 "GET /v2.0/security-groups?id=ba7a4784-9a17-4eff-bdda-d9f33c3388ef&fields=id&fields=name HTTP/1.1" status: 200 len: 312 time: 0.0769107
2026-03-31 06:08:29.039 10 WARNING neutron.scheduler.dhcp_agent_scheduler [None req-34c776a2-f3bb-4ed0-b9e4-02cfa02b8ea0 bbbc41b7497f49898dd7a8a8c6382016 62aa9c9d02c64131861d9cf2d61fb5cd - - default default] No more DHCP agents
2026-03-31 06:08:29.045 10 WARNING neutron.api.rpc.agentnotifiers.dhcp_rpc_agent_api [None req-34c776a2-f3bb-4ed0-b9e4-02cfa02b8ea0 bbbc41b7497f49898dd7a8a8c6382016 62aa9c9d02c64131861d9cf2d61fb5cd - - default default] Unable to schedule network e305af8e-3e62-4992-a545-a4fc5aa1ef8a: no agents available; will retry on subsequent port and subnet creation events.
2026-03-31 06:08:29.066 9 INFO neutron.wsgi [None req-cacd4da2-84e5-41a8-a34f-d1829d4b8c6f 32a1ccf5f14f419cba7013a01865c301 cd594d799355463eb266b4f75bfef403 - - default default] 10.0.0.91 "GET /v2.0/ports?device_id=ad640314-b39b-4102-a7b2-70dfb3de64e5 HTTP/1.1" status: 200 len: 1404 time: 0.0498805
2026-03-31 06:08:29.149 10 INFO neutron.db.ovn_revision_numbers_db [None req-34c776a2-f3bb-4ed0-b9e4-02cfa02b8ea0 bbbc41b7497f49898dd7a8a8c6382016 62aa9c9d02c64131861d9cf2d61fb5cd - - default default] Successfully bumped revision number for resource fce4e237-0b3f-467c-a53a-89a46aeb5b3b (type: ports) to 1
2026-03-31 06:08:29.184 10 INFO neutron.wsgi [None req-34c776a2-f3bb-4ed0-b9e4-02cfa02b8ea0 bbbc41b7497f49898dd7a8a8c6382016 62aa9c9d02c64131861d9cf2d61fb5cd - - default default] 10.0.0.91 "POST /v2.0/networks HTTP/1.1" status: 201 len: 847 time: 0.7248797
2026-03-31 06:08:29.409 9 INFO neutron.db.l3_db [None req-95e65825-7f24-474f-99a7-d2396b79c27d c202fea129e546f385b414a1b31cddf9 c397a2a50aea4f8a8584fe4d5d233223 - - default default] Floating IP 15341e04-5e3b-480a-ba66-96bacee0797c associated. External IP: 10.96.250.212, port: 28775e5b-2d9f-446f-8033-879ed0427105. /var/lib/openstack/lib/python3.10/site-packages/pycadf/identifier.py:71: UserWarning: Invalid uuid: neutron. To ensure interoperability, identifiers should be a valid uuid. warnings.warn(('Invalid uuid: %s. To ensure interoperability, '
2026-03-31 06:08:29.699 9 INFO neutron.db.ovn_revision_numbers_db [None req-95e65825-7f24-474f-99a7-d2396b79c27d c202fea129e546f385b414a1b31cddf9 c397a2a50aea4f8a8584fe4d5d233223 - - default default] Successfully bumped revision number for resource 15341e04-5e3b-480a-ba66-96bacee0797c (type: floatingips) to 4
2026-03-31 06:08:29.788 10 INFO neutron.notifiers.nova [-] Nova event matching ['req-ecd8f445-fc45-44d7-8985-67bf06df5c5c'] response: {'server_uuid': 'ad640314-b39b-4102-a7b2-70dfb3de64e5', 'name': 'network-vif-plugged', 'status': 'completed', 'tag': '28775e5b-2d9f-446f-8033-879ed0427105', 'code': 200}
2026-03-31 06:08:29.814 10 WARNING neutron.scheduler.dhcp_agent_scheduler [None req-b125646d-a9f3-4cb1-b517-9b4b349337fc bbbc41b7497f49898dd7a8a8c6382016 62aa9c9d02c64131861d9cf2d61fb5cd - - default default] No more DHCP agents
2026-03-31 06:08:29.821 10 WARNING neutron.api.rpc.agentnotifiers.dhcp_rpc_agent_api [None req-b125646d-a9f3-4cb1-b517-9b4b349337fc bbbc41b7497f49898dd7a8a8c6382016 62aa9c9d02c64131861d9cf2d61fb5cd - - default default] Unable to schedule network f6b57177-16a8-4fc8-8247-45df7dcab7cc: no agents available; will retry on subsequent port and subnet creation events.
2026-03-31 06:08:29.861 9 INFO neutron.db.ovn_revision_numbers_db [None req-95e65825-7f24-474f-99a7-d2396b79c27d c202fea129e546f385b414a1b31cddf9 c397a2a50aea4f8a8584fe4d5d233223 - - default default] Successfully bumped revision number for resource 15341e04-5e3b-480a-ba66-96bacee0797c (type: floatingips) to 5
2026-03-31 06:08:29.903 10 INFO neutron.db.ovn_revision_numbers_db [None req-b1a0bd99-3bc4-44ed-98f0-004c6fa4bc79 cc621de00d21409eada44fd6085930ac 78f7c67c2752405786e8cbf2660fe6cb - - default default] Successfully bumped revision number for resource 91cd6101-5b5f-4107-bc24-2849cc673d37 (type: security_groups) to 1
2026-03-31 06:08:29.914 9 INFO neutron.wsgi [None req-95e65825-7f24-474f-99a7-d2396b79c27d c202fea129e546f385b414a1b31cddf9 c397a2a50aea4f8a8584fe4d5d233223 - - default default] 10.0.0.91 "PUT /v2.0/floatingips/15341e04-5e3b-480a-ba66-96bacee0797c HTTP/1.1" status: 200 len: 1049 time: 0.8409882 /var/lib/openstack/lib/python3.10/site-packages/pycadf/identifier.py:71: UserWarning: Invalid uuid: neutron. To ensure interoperability, identifiers should be a valid uuid. warnings.warn(('Invalid uuid: %s. To ensure interoperability, '
2026-03-31 06:08:29.929 10 INFO neutron.db.ovn_revision_numbers_db [None req-b1a0bd99-3bc4-44ed-98f0-004c6fa4bc79 cc621de00d21409eada44fd6085930ac 78f7c67c2752405786e8cbf2660fe6cb - - default default] Successfully bumped revision number for resource 29451551-7847-41cd-90c7-cf49c124f935 (type: security_group_rules) to 0
2026-03-31 06:08:29.948 10 INFO neutron.db.ovn_revision_numbers_db [None req-b125646d-a9f3-4cb1-b517-9b4b349337fc bbbc41b7497f49898dd7a8a8c6382016 62aa9c9d02c64131861d9cf2d61fb5cd - - default default] Successfully bumped revision number for resource ee46f06d-42bc-4e9b-ae2f-64015564f339 (type: ports) to 1
2026-03-31 06:08:29.964 9 INFO neutron.notifiers.nova [-] Nova event matching ['req-1175d36e-f021-4dbb-9273-7b440614e89f'] response: {'name': 'network-changed', 'server_uuid': 'ad640314-b39b-4102-a7b2-70dfb3de64e5', 'tag': '28775e5b-2d9f-446f-8033-879ed0427105', 'status': 'completed', 'code': 200}
2026-03-31 06:08:29.971 10 INFO neutron.db.ovn_revision_numbers_db [None req-b1a0bd99-3bc4-44ed-98f0-004c6fa4bc79 cc621de00d21409eada44fd6085930ac 78f7c67c2752405786e8cbf2660fe6cb - - default default] Successfully bumped revision number for resource 3dd6eea5-7e84-4efe-b324-720f64cc1a50 (type: security_group_rules) to 0
2026-03-31 06:08:29.982 10 INFO neutron.wsgi [None req-d18fbad0-90d3-4b8e-98b5-1b2c0d4bfd44 c202fea129e546f385b414a1b31cddf9 c397a2a50aea4f8a8584fe4d5d233223 - - default default] 10.0.0.91 "GET /v2.0/floatingips/15341e04-5e3b-480a-ba66-96bacee0797c HTTP/1.1" status: 200 len: 1051 time: 0.0621605 /var/lib/openstack/lib/python3.10/site-packages/pycadf/identifier.py:71: UserWarning: Invalid uuid: neutron. To ensure interoperability, identifiers should be a valid uuid. warnings.warn(('Invalid uuid: %s. To ensure interoperability, '
2026-03-31 06:08:30.003 10 WARNING neutron.scheduler.dhcp_agent_scheduler [None req-b125646d-a9f3-4cb1-b517-9b4b349337fc bbbc41b7497f49898dd7a8a8c6382016 62aa9c9d02c64131861d9cf2d61fb5cd - - default default] No more DHCP agents
2026-03-31 06:08:30.003 10 INFO neutron.db.ovn_revision_numbers_db [None req-b1a0bd99-3bc4-44ed-98f0-004c6fa4bc79 cc621de00d21409eada44fd6085930ac 78f7c67c2752405786e8cbf2660fe6cb - - default default] Successfully bumped revision number for resource d52c0ca5-4391-4c34-85be-9dc22ecf1e51 (type: security_group_rules) to 0
2026-03-31 06:08:30.005 10 WARNING neutron.api.rpc.agentnotifiers.dhcp_rpc_agent_api [None req-b125646d-a9f3-4cb1-b517-9b4b349337fc bbbc41b7497f49898dd7a8a8c6382016 62aa9c9d02c64131861d9cf2d61fb5cd - - default default] Unable to schedule network e305af8e-3e62-4992-a545-a4fc5aa1ef8a: no agents available; will retry on subsequent port and subnet creation events.
2026-03-31 06:08:30.031 10 INFO neutron.db.ovn_revision_numbers_db [None req-b1a0bd99-3bc4-44ed-98f0-004c6fa4bc79 cc621de00d21409eada44fd6085930ac 78f7c67c2752405786e8cbf2660fe6cb - - default default] Successfully bumped revision number for resource e4bb0b77-dd1e-43fd-92fc-4e1e713cd7f2 (type: security_group_rules) to 0
2026-03-31 06:08:30.047 9 INFO neutron.wsgi [req-3b6e527e-011f-4499-a326-e6f610cbbd60 req-053d507d-dd07-4549-909f-8a272fda3a6b bf55a6de073745a6bcbdb2f1ff534e13 3d98a71b7a424de280b0aa60b942e473 - - edb1acb7a6e04cbeaf7e0ec679801393 edb1acb7a6e04cbeaf7e0ec679801393] 199.204.45.141 "GET /v2.0/ports?tenant_id=c397a2a50aea4f8a8584fe4d5d233223&device_id=ad640314-b39b-4102-a7b2-70dfb3de64e5 HTTP/1.1" status: 200 len: 1409 time: 0.0508578
2026-03-31 06:08:30.104 10 INFO neutron.db.segments_db [None req-b1a0bd99-3bc4-44ed-98f0-004c6fa4bc79 cc621de00d21409eada44fd6085930ac 78f7c67c2752405786e8cbf2660fe6cb - - default default] Added segment b55b4b42-da4f-44bd-ae30-fe87d5f2629a of type geneve for network c1958b1f-3061-418c-aa47-89e8be2c6691
2026-03-31 06:08:30.119 10 INFO neutron.db.ovn_revision_numbers_db [None req-b125646d-a9f3-4cb1-b517-9b4b349337fc bbbc41b7497f49898dd7a8a8c6382016 62aa9c9d02c64131861d9cf2d61fb5cd - - default default] Successfully bumped revision number for resource c2b6103d-979f-4612-9ba2-0111a34b749c (type: ports) to 1
2026-03-31 06:08:30.157 9 INFO neutron.wsgi [req-3b6e527e-011f-4499-a326-e6f610cbbd60 req-945a9261-3e4b-444e-bc3e-ccdeca8c9205 bf55a6de073745a6bcbdb2f1ff534e13 3d98a71b7a424de280b0aa60b942e473 - - edb1acb7a6e04cbeaf7e0ec679801393 edb1acb7a6e04cbeaf7e0ec679801393] 199.204.45.141 "GET /v2.0/networks?id=7bf3714e-5e8c-4204-808e-b516027b8036 HTTP/1.1" status: 200 len: 958 time: 0.1028624
2026-03-31 06:08:30.167 10 INFO neutron.wsgi [None req-b125646d-a9f3-4cb1-b517-9b4b349337fc bbbc41b7497f49898dd7a8a8c6382016 62aa9c9d02c64131861d9cf2d61fb5cd - - default default] 10.0.0.91 "POST /v2.0/ports HTTP/1.1" status: 201 len: 1705 time: 0.9777937 /var/lib/openstack/lib/python3.10/site-packages/pycadf/identifier.py:71: UserWarning: Invalid uuid: neutron. To ensure interoperability, identifiers should be a valid uuid. warnings.warn(('Invalid uuid: %s. To ensure interoperability, '
2026-03-31 06:08:30.215 9 INFO neutron.wsgi [req-3b6e527e-011f-4499-a326-e6f610cbbd60 req-c8fa4b40-8d87-43e9-86e3-7ac02a866461 bf55a6de073745a6bcbdb2f1ff534e13 3d98a71b7a424de280b0aa60b942e473 - - edb1acb7a6e04cbeaf7e0ec679801393 edb1acb7a6e04cbeaf7e0ec679801393] 199.204.45.141 "GET /v2.0/floatingips?fixed_ip_address=10.100.0.4&port_id=28775e5b-2d9f-446f-8033-879ed0427105 HTTP/1.1" status: 200 len: 1059 time: 0.0485759
2026-03-31 06:08:30.269 9 INFO neutron.wsgi [req-3b6e527e-011f-4499-a326-e6f610cbbd60 req-aa10bf5c-d45a-41ce-9512-b91a560e8c1a bf55a6de073745a6bcbdb2f1ff534e13 3d98a71b7a424de280b0aa60b942e473 - - edb1acb7a6e04cbeaf7e0ec679801393 edb1acb7a6e04cbeaf7e0ec679801393] 199.204.45.141 "GET /v2.0/subnets?id=2081e1f6-f9e2-4501-abbe-3c29e8422efe HTTP/1.1" status: 200 len: 853 time: 0.0343766
2026-03-31 06:08:30.308 9 INFO neutron.wsgi [req-3b6e527e-011f-4499-a326-e6f610cbbd60 req-ad1cb216-c01d-4870-94f1-89501bfc8f4f bf55a6de073745a6bcbdb2f1ff534e13 3d98a71b7a424de280b0aa60b942e473 - - edb1acb7a6e04cbeaf7e0ec679801393 edb1acb7a6e04cbeaf7e0ec679801393] 199.204.45.141 "GET /v2.0/ports?network_id=7bf3714e-5e8c-4204-808e-b516027b8036&device_owner=network%3Adhcp HTTP/1.1" status: 200 len: 210 time: 0.0335433
2026-03-31 06:08:30.357 10 INFO neutron.db.ovn_revision_numbers_db [None req-b1a0bd99-3bc4-44ed-98f0-004c6fa4bc79 cc621de00d21409eada44fd6085930ac 78f7c67c2752405786e8cbf2660fe6cb - - default default] Successfully bumped revision number for resource c1958b1f-3061-418c-aa47-89e8be2c6691 (type: networks) to 1
2026-03-31 06:08:30.387 9 INFO neutron.wsgi [req-3b6e527e-011f-4499-a326-e6f610cbbd60 req-d5cd67ee-47cd-4316-b23f-d41181fcf5ee bf55a6de073745a6bcbdb2f1ff534e13 3d98a71b7a424de280b0aa60b942e473 - - edb1acb7a6e04cbeaf7e0ec679801393 edb1acb7a6e04cbeaf7e0ec679801393] 199.204.45.141 "GET /v2.0/networks/7bf3714e-5e8c-4204-808e-b516027b8036?fields=segments HTTP/1.1" status: 200 len: 212 time: 0.0708861
2026-03-31 06:08:30.389 10 INFO neutron.wsgi [None req-6b1167e0-6276-4c23-aa5a-2760f1fd5833 bbbc41b7497f49898dd7a8a8c6382016 62aa9c9d02c64131861d9cf2d61fb5cd - - default default] 10.0.0.91 "GET /v2.0/ports HTTP/1.1" status: 200 len: 3212 time: 0.2125382
2026-03-31 06:08:30.517 9 INFO neutron.wsgi [req-3b6e527e-011f-4499-a326-e6f610cbbd60 req-48b7dd87-8008-4147-8e2a-1a82b36a8713 bf55a6de073745a6bcbdb2f1ff534e13 3d98a71b7a424de280b0aa60b942e473 - - edb1acb7a6e04cbeaf7e0ec679801393 edb1acb7a6e04cbeaf7e0ec679801393] 199.204.45.141 "GET /v2.0/networks/7bf3714e-5e8c-4204-808e-b516027b8036?fields=provider%3Aphysical_network&fields=provider%3Anetwork_type HTTP/1.1" status: 200 len: 277 time: 0.1229038
2026-03-31 06:08:30.573 10 WARNING neutron.scheduler.dhcp_agent_scheduler [None req-b1a0bd99-3bc4-44ed-98f0-004c6fa4bc79 cc621de00d21409eada44fd6085930ac 78f7c67c2752405786e8cbf2660fe6cb - - default default] No more DHCP agents
2026-03-31 06:08:30.575 10 WARNING neutron.api.rpc.agentnotifiers.dhcp_rpc_agent_api [None req-b1a0bd99-3bc4-44ed-98f0-004c6fa4bc79 cc621de00d21409eada44fd6085930ac 78f7c67c2752405786e8cbf2660fe6cb - - default default] Unable to schedule network c1958b1f-3061-418c-aa47-89e8be2c6691: no agents available; will retry on subsequent port and subnet creation events.
2026-03-31 06:08:30.690 10 INFO neutron.db.ovn_revision_numbers_db [None req-b1a0bd99-3bc4-44ed-98f0-004c6fa4bc79 cc621de00d21409eada44fd6085930ac 78f7c67c2752405786e8cbf2660fe6cb - - default default] Successfully bumped revision number for resource c81828a3-6731-4b4d-979d-bf37a924bb24 (type: ports) to 1
2026-03-31 06:08:30.717 9 INFO neutron.wsgi [None req-34be9798-c3e2-4ca7-ad14-557c53eb5b28 bbbc41b7497f49898dd7a8a8c6382016 62aa9c9d02c64131861d9cf2d61fb5cd - - default default] 10.0.0.91 "DELETE /v2.0/ports/ee46f06d-42bc-4e9b-ae2f-64015564f339 HTTP/1.1" status: 204 len: 168 time: 0.3191919
2026-03-31 06:08:30.723 10 INFO neutron.wsgi [None req-b1a0bd99-3bc4-44ed-98f0-004c6fa4bc79 cc621de00d21409eada44fd6085930ac 78f7c67c2752405786e8cbf2660fe6cb - - default default] 10.0.0.91 "POST /v2.0/networks HTTP/1.1" status: 201 len: 948 time: 1.1702456
2026-03-31 06:08:30.921 10 WARNING neutron.scheduler.dhcp_agent_scheduler [None req-5e841c79-ac6f-494e-9b47-5e495eadd417 cc621de00d21409eada44fd6085930ac 78f7c67c2752405786e8cbf2660fe6cb - - default default] No more DHCP agents
2026-03-31 06:08:30.926 10 WARNING neutron.api.rpc.agentnotifiers.dhcp_rpc_agent_api [None req-5e841c79-ac6f-494e-9b47-5e495eadd417 cc621de00d21409eada44fd6085930ac 78f7c67c2752405786e8cbf2660fe6cb - - default default] Unable to schedule network c1958b1f-3061-418c-aa47-89e8be2c6691: no agents available; will retry on subsequent port and subnet creation events.
2026-03-31 06:08:31.001 9 INFO neutron.wsgi [None req-a9ca4ae2-2af4-4093-9ffe-a22720152ebf bbbc41b7497f49898dd7a8a8c6382016 62aa9c9d02c64131861d9cf2d61fb5cd - - default default] 10.0.0.91 "DELETE /v2.0/ports/c2b6103d-979f-4612-9ba2-0111a34b749c HTTP/1.1" status: 204 len: 168 time: 0.2781935
2026-03-31 06:08:31.156 9 INFO neutron.wsgi [None req-2bc36d04-625e-4ced-b726-f9704cb6c66c bbbc41b7497f49898dd7a8a8c6382016 62aa9c9d02c64131861d9cf2d61fb5cd - - default default] 10.0.0.91 "GET /v2.0/ports HTTP/1.1" status: 200 len: 1718 time: 0.1501110
2026-03-31 06:08:31.291 9 INFO neutron.db.segments_db [None req-23595112-107a-4705-a578-8bce00edeb7b bbbc41b7497f49898dd7a8a8c6382016 62aa9c9d02c64131861d9cf2d61fb5cd - - default default] Added segment 7ab27127-99ad-4976-b731-9beeaccedc07 of type geneve for network 31facea9-450b-4517-bd98-64491b9e6c42
2026-03-31 06:08:31.489 9 INFO neutron.db.ovn_revision_numbers_db [None req-23595112-107a-4705-a578-8bce00edeb7b bbbc41b7497f49898dd7a8a8c6382016 62aa9c9d02c64131861d9cf2d61fb5cd - - default default] Successfully bumped revision number for resource 31facea9-450b-4517-bd98-64491b9e6c42 (type: networks) to 1
2026-03-31 06:08:31.617 10 INFO neutron.db.ovn_revision_numbers_db [None req-5e841c79-ac6f-494e-9b47-5e495eadd417 cc621de00d21409eada44fd6085930ac 78f7c67c2752405786e8cbf2660fe6cb - - default default] Successfully bumped revision number for resource c81828a3-6731-4b4d-979d-bf37a924bb24 (type: ports) to 2
2026-03-31 06:08:31.671 10 INFO neutron.db.ovn_revision_numbers_db [None req-5e841c79-ac6f-494e-9b47-5e495eadd417 cc621de00d21409eada44fd6085930ac 78f7c67c2752405786e8cbf2660fe6cb - - default default] Successfully bumped revision number for resource 3be8361f-2949-4f90-90a3-a0f3c25a5379 (type: subnets) to 0
2026-03-31 06:08:31.688 10 INFO neutron.wsgi [None req-5e841c79-ac6f-494e-9b47-5e495eadd417 cc621de00d21409eada44fd6085930ac 78f7c67c2752405786e8cbf2660fe6cb - - default default] 10.0.0.91 "POST /v2.0/subnets HTTP/1.1" status: 201 len: 868 time: 0.9565051
2026-03-31 06:08:31.717 9 WARNING neutron.scheduler.dhcp_agent_scheduler [None req-23595112-107a-4705-a578-8bce00edeb7b bbbc41b7497f49898dd7a8a8c6382016 62aa9c9d02c64131861d9cf2d61fb5cd - - default default] No more DHCP agents
2026-03-31 06:08:31.720 9 WARNING neutron.api.rpc.agentnotifiers.dhcp_rpc_agent_api [None req-23595112-107a-4705-a578-8bce00edeb7b bbbc41b7497f49898dd7a8a8c6382016 62aa9c9d02c64131861d9cf2d61fb5cd - - default default] Unable to schedule network 31facea9-450b-4517-bd98-64491b9e6c42: no agents available; will retry on subsequent port and subnet creation events.
2026-03-31 06:08:31.806 9 INFO neutron.db.ovn_revision_numbers_db [None req-23595112-107a-4705-a578-8bce00edeb7b bbbc41b7497f49898dd7a8a8c6382016 62aa9c9d02c64131861d9cf2d61fb5cd - - default default] Successfully bumped revision number for resource a300e2f5-b006-4b46-b7da-edc7fd1b3cc7 (type: ports) to 1
2026-03-31 06:08:31.830 9 INFO neutron.wsgi [None req-23595112-107a-4705-a578-8bce00edeb7b bbbc41b7497f49898dd7a8a8c6382016 62aa9c9d02c64131861d9cf2d61fb5cd - - default default] 10.0.0.91 "POST /v2.0/networks HTTP/1.1" status: 201 len: 849 time: 0.6654606
2026-03-31 06:08:31.930 9 INFO neutron.db.segments_db [None req-1e1dc9f2-c7f9-4ef3-990c-644d3dd25757 bbbc41b7497f49898dd7a8a8c6382016 62aa9c9d02c64131861d9cf2d61fb5cd - - default default] Added segment bbb97666-8bbd-42b8-ba8c-cecd1f2af2c2 of type geneve for network 9ed35cd0-caf4-425a-abef-32b7ced3a5d9
2026-03-31 06:08:32.144 9 INFO neutron.db.ovn_revision_numbers_db [None req-1e1dc9f2-c7f9-4ef3-990c-644d3dd25757 bbbc41b7497f49898dd7a8a8c6382016 62aa9c9d02c64131861d9cf2d61fb5cd - - default default] Successfully bumped revision number for resource 9ed35cd0-caf4-425a-abef-32b7ced3a5d9 (type: networks) to 1
2026-03-31 06:08:32.164 9 INFO neutron.wsgi [-] 10.0.0.11 "GET / HTTP/1.1" status: 200 len: 247 time: 0.0015283
2026-03-31 06:08:32.172 10 INFO neutron.wsgi [-] 10.0.0.11 "GET / HTTP/1.1" status: 200 len: 247 time: 0.0021486
2026-03-31 06:08:32.397 9 WARNING neutron.scheduler.dhcp_agent_scheduler [None req-1e1dc9f2-c7f9-4ef3-990c-644d3dd25757 bbbc41b7497f49898dd7a8a8c6382016 62aa9c9d02c64131861d9cf2d61fb5cd - - default default] No more DHCP agents
2026-03-31 06:08:32.399 9 WARNING neutron.api.rpc.agentnotifiers.dhcp_rpc_agent_api [None req-1e1dc9f2-c7f9-4ef3-990c-644d3dd25757 bbbc41b7497f49898dd7a8a8c6382016 62aa9c9d02c64131861d9cf2d61fb5cd - - default default] Unable to schedule network 9ed35cd0-caf4-425a-abef-32b7ced3a5d9: no agents available; will retry on subsequent port and subnet creation events.
2026-03-31 06:08:32.501 9 INFO neutron.db.ovn_revision_numbers_db [None req-1e1dc9f2-c7f9-4ef3-990c-644d3dd25757 bbbc41b7497f49898dd7a8a8c6382016 62aa9c9d02c64131861d9cf2d61fb5cd - - default default] Successfully bumped revision number for resource c07b64c8-b18a-43b3-8bb0-7db1bb1a8bf6 (type: ports) to 1
2026-03-31 06:08:32.534 9 INFO neutron.wsgi [None req-1e1dc9f2-c7f9-4ef3-990c-644d3dd25757 bbbc41b7497f49898dd7a8a8c6382016 62aa9c9d02c64131861d9cf2d61fb5cd - - default default] 10.0.0.91 "POST /v2.0/networks HTTP/1.1" status: 201 len: 849 time: 0.6974108
2026-03-31 06:08:32.796 10 WARNING neutron.scheduler.dhcp_agent_scheduler [None req-430388a6-eb69-45d3-bd66-eab0968d9e59 cc621de00d21409eada44fd6085930ac 78f7c67c2752405786e8cbf2660fe6cb - - default default] No more DHCP agents
2026-03-31 06:08:32.803 10 WARNING neutron.api.rpc.agentnotifiers.dhcp_rpc_agent_api [None req-430388a6-eb69-45d3-bd66-eab0968d9e59 cc621de00d21409eada44fd6085930ac 78f7c67c2752405786e8cbf2660fe6cb - - default default] Unable to schedule network 5e72b3ef-3e9d-45c9-aed5-e110c91fe4e0: no agents available; will retry on subsequent port and subnet creation events.
2026-03-31 06:08:33.135 10 INFO neutron.db.ovn_revision_numbers_db [None req-430388a6-eb69-45d3-bd66-eab0968d9e59 cc621de00d21409eada44fd6085930ac 78f7c67c2752405786e8cbf2660fe6cb - - default default] Successfully bumped revision number for resource 0808fc48-1258-474c-ad5b-7b0a81816f67 (type: ports) to 1
2026-03-31 06:08:33.336 10 WARNING neutron.scheduler.dhcp_agent_scheduler [None req-f92b012e-ad0a-4c7f-ae78-9d5e2a1ff186 bbbc41b7497f49898dd7a8a8c6382016 62aa9c9d02c64131861d9cf2d61fb5cd - - default default] No more DHCP agents
2026-03-31 06:08:33.340 10 WARNING neutron.api.rpc.agentnotifiers.dhcp_rpc_agent_api [None req-f92b012e-ad0a-4c7f-ae78-9d5e2a1ff186 bbbc41b7497f49898dd7a8a8c6382016 62aa9c9d02c64131861d9cf2d61fb5cd - - default default] Unable to schedule network 31facea9-450b-4517-bd98-64491b9e6c42: no agents available; will retry on subsequent port and subnet creation events.
2026-03-31 06:08:34.021 9 INFO neutron.plugins.ml2.drivers.ovn.mech_driver.mech_driver [None req-4469b727-5a36-4c68-bd0b-e9e23aa67776 - - - - - -] OVN reports status up for port: 0808fc48-1258-474c-ad5b-7b0a81816f67
2026-03-31 06:08:34.035 9 INFO neutron.plugins.ml2.drivers.ovn.mech_driver.ovsdb.ovsdb_monitor [None req-c7312c83-f306-4f8f-9529-7f0a88bbb1b8 - - - - - -] Router 6d9395b2-9e0d-4558-9f2d-8066b6459320 is bound to host instance
2026-03-31 06:08:34.052 9 INFO neutron.plugins.ml2.plugin [None req-4469b727-5a36-4c68-bd0b-e9e23aa67776 - - - - - -] Attempt 1 to provision port 0808fc48-1258-474c-ad5b-7b0a81816f67
2026-03-31 06:08:34.113 10 INFO neutron.db.ovn_revision_numbers_db [None req-430388a6-eb69-45d3-bd66-eab0968d9e59 cc621de00d21409eada44fd6085930ac 78f7c67c2752405786e8cbf2660fe6cb - - default default] Successfully bumped revision number for resource 0808fc48-1258-474c-ad5b-7b0a81816f67 (type: router_ports) to 1
2026-03-31 06:08:34.159 10 INFO neutron.db.ovn_revision_numbers_db [None req-f92b012e-ad0a-4c7f-ae78-9d5e2a1ff186 bbbc41b7497f49898dd7a8a8c6382016 62aa9c9d02c64131861d9cf2d61fb5cd - - default default] Successfully bumped revision number for resource a300e2f5-b006-4b46-b7da-edc7fd1b3cc7 (type: ports) to 2
2026-03-31 06:08:34.219 10 INFO neutron.db.ovn_revision_numbers_db [None req-f92b012e-ad0a-4c7f-ae78-9d5e2a1ff186 bbbc41b7497f49898dd7a8a8c6382016 62aa9c9d02c64131861d9cf2d61fb5cd - - default default] Successfully bumped revision number for resource 2a0c2b2f-4b53-4c2c-8fc3-5a1a5df36661 (type: subnets) to 0
2026-03-31 06:08:34.228 10 INFO neutron.db.ovn_revision_numbers_db [None req-430388a6-eb69-45d3-bd66-eab0968d9e59 cc621de00d21409eada44fd6085930ac 78f7c67c2752405786e8cbf2660fe6cb - - default default] Successfully bumped revision number for resource 6d9395b2-9e0d-4558-9f2d-8066b6459320 (type: routers) to 2
2026-03-31 06:08:34.253 10 WARNING neutron.scheduler.dhcp_agent_scheduler [None req-f92b012e-ad0a-4c7f-ae78-9d5e2a1ff186 bbbc41b7497f49898dd7a8a8c6382016 62aa9c9d02c64131861d9cf2d61fb5cd - - default default] No more DHCP agents
2026-03-31 06:08:34.255 10 WARNING neutron.api.rpc.agentnotifiers.dhcp_rpc_agent_api [None req-f92b012e-ad0a-4c7f-ae78-9d5e2a1ff186 bbbc41b7497f49898dd7a8a8c6382016 62aa9c9d02c64131861d9cf2d61fb5cd - - default default] Unable to schedule network 9ed35cd0-caf4-425a-abef-32b7ced3a5d9: no agents available; will retry on subsequent port and subnet creation events.
2026-03-31 06:08:34.261 10 INFO neutron.wsgi [None req-430388a6-eb69-45d3-bd66-eab0968d9e59 cc621de00d21409eada44fd6085930ac 78f7c67c2752405786e8cbf2660fe6cb - - default default] 10.0.0.91 "POST /v2.0/routers HTTP/1.1" status: 201 len: 879 time: 2.5658531
2026-03-31 06:08:34.837 9 INFO neutron.db.ovn_revision_numbers_db [None req-c7312c83-f306-4f8f-9529-7f0a88bbb1b8 - - - - - -] Successfully bumped revision number for resource 0808fc48-1258-474c-ad5b-7b0a81816f67 (type: ports) to 1
2026-03-31 06:08:34.886 9 WARNING neutron.scheduler.dhcp_agent_scheduler [None req-4941e719-bd7f-429d-a4bf-5fd17b237883 cc621de00d21409eada44fd6085930ac 78f7c67c2752405786e8cbf2660fe6cb - - default default] No more DHCP agents
2026-03-31 06:08:34.892 9 WARNING neutron.api.rpc.agentnotifiers.dhcp_rpc_agent_api [None req-4941e719-bd7f-429d-a4bf-5fd17b237883 cc621de00d21409eada44fd6085930ac 78f7c67c2752405786e8cbf2660fe6cb - - default default] Unable to schedule network c1958b1f-3061-418c-aa47-89e8be2c6691: no agents available; will retry on subsequent port and subnet creation events.
2026-03-31 06:08:34.968 10 INFO neutron.db.ovn_revision_numbers_db [None req-f92b012e-ad0a-4c7f-ae78-9d5e2a1ff186 bbbc41b7497f49898dd7a8a8c6382016 62aa9c9d02c64131861d9cf2d61fb5cd - - default default] Successfully bumped revision number for resource c07b64c8-b18a-43b3-8bb0-7db1bb1a8bf6 (type: ports) to 2
2026-03-31 06:08:35.004 10 INFO neutron.db.ovn_revision_numbers_db [None req-f92b012e-ad0a-4c7f-ae78-9d5e2a1ff186 bbbc41b7497f49898dd7a8a8c6382016 62aa9c9d02c64131861d9cf2d61fb5cd - - default default] Successfully bumped revision number for resource d674b750-3c0f-41aa-aa05-206448133f9b (type: subnets) to 0
2026-03-31 06:08:35.039 10 INFO neutron.wsgi [None req-f92b012e-ad0a-4c7f-ae78-9d5e2a1ff186 bbbc41b7497f49898dd7a8a8c6382016 62aa9c9d02c64131861d9cf2d61fb5cd - - default default] 10.0.0.91 "POST /v2.0/subnets HTTP/1.1" status: 201 len: 1425 time: 2.4686699
2026-03-31 06:08:35.123 10 INFO neutron.wsgi [None req-9012aa33-37c0-41b8-9576-d7ec4a9e40dd bbbc41b7497f49898dd7a8a8c6382016 62aa9c9d02c64131861d9cf2d61fb5cd - - default default] 10.0.0.91 "GET /v2.0/subnets HTTP/1.1" status: 200 len: 2033 time: 0.0776083
2026-03-31 06:08:35.445 10 INFO neutron.wsgi [None req-4108687a-a1ab-4ef1-ade6-1689a370a8fe bbbc41b7497f49898dd7a8a8c6382016 62aa9c9d02c64131861d9cf2d61fb5cd - - default default] 10.0.0.91 "DELETE /v2.0/subnets/2a0c2b2f-4b53-4c2c-8fc3-5a1a5df36661 HTTP/1.1" status: 204 len: 168 time: 0.3156681
2026-03-31 06:08:35.471 9 INFO neutron.db.ovn_revision_numbers_db [None req-4941e719-bd7f-429d-a4bf-5fd17b237883 cc621de00d21409eada44fd6085930ac 78f7c67c2752405786e8cbf2660fe6cb - - default default] Successfully bumped revision number for resource d712a569-57b3-4d03-9fe7-e18decc249aa (type: ports) to 1
2026-03-31 06:08:35.539 9 INFO neutron.db.ovn_revision_numbers_db [None req-c7312c83-f306-4f8f-9529-7f0a88bbb1b8 - - - - - -] Successfully bumped revision number for resource 0808fc48-1258-474c-ad5b-7b0a81816f67 (type: router_ports) to 3
2026-03-31 06:08:35.702 10 INFO neutron.wsgi [None req-7b48e69a-ab61-4e53-af76-bd095db7d6d2 bbbc41b7497f49898dd7a8a8c6382016 62aa9c9d02c64131861d9cf2d61fb5cd - - default default] 10.0.0.91 "DELETE /v2.0/subnets/d674b750-3c0f-41aa-aa05-206448133f9b HTTP/1.1" status: 204 len: 168 time: 0.2478111
2026-03-31 06:08:35.744 10 INFO neutron.wsgi [None req-616ae568-2d17-4c48-ba5e-fb177520d4ea bbbc41b7497f49898dd7a8a8c6382016 62aa9c9d02c64131861d9cf2d61fb5cd - - default default] 10.0.0.91 "GET /v2.0/subnets HTTP/1.1" status: 200 len: 820 time: 0.0375862
2026-03-31 06:08:35.779 9 INFO neutron.db.ovn_revision_numbers_db [None req-c7312c83-f306-4f8f-9529-7f0a88bbb1b8 - - - - - -] Successfully bumped revision number for resource 0808fc48-1258-474c-ad5b-7b0a81816f67 (type: ports) to 2
2026-03-31 06:08:36.138 10 INFO neutron.plugins.ml2.drivers.ovn.mech_driver.mech_driver [None req-0a8392ec-56c7-48f2-b6ea-75c30f804bda - - - - - -] OVN reports status up for port: d712a569-57b3-4d03-9fe7-e18decc249aa
2026-03-31 06:08:36.162 10 INFO neutron.plugins.ml2.plugin [None req-0a8392ec-56c7-48f2-b6ea-75c30f804bda - - - - - -] Attempt 1 to provision port d712a569-57b3-4d03-9fe7-e18decc249aa
2026-03-31 06:08:36.173 9 INFO neutron.db.ovn_revision_numbers_db [None req-4941e719-bd7f-429d-a4bf-5fd17b237883 cc621de00d21409eada44fd6085930ac 78f7c67c2752405786e8cbf2660fe6cb - - default default] Successfully bumped revision number for resource d712a569-57b3-4d03-9fe7-e18decc249aa (type: router_ports) to 1
2026-03-31 06:08:36.210 10 INFO neutron.services.segments.plugin [-] Segment bbb97666-8bbd-42b8-ba8c-cecd1f2af2c2 resource provider aggregate not found
2026-03-31 06:08:36.222 10 INFO neutron.services.segments.plugin [-] Segment bbb97666-8bbd-42b8-ba8c-cecd1f2af2c2 resource provider aggregate not found
2026-03-31 06:08:36.228 9 INFO neutron.db.ovn_revision_numbers_db [None req-c7312c83-f306-4f8f-9529-7f0a88bbb1b8 - - - - - -] Successfully bumped revision number for resource 0808fc48-1258-474c-ad5b-7b0a81816f67 (type: ports) to 4
2026-03-31 06:08:36.245 10 INFO neutron.services.segments.plugin [-] Segment bbb97666-8bbd-42b8-ba8c-cecd1f2af2c2 resource provider not found; error: Placement Client Error (4xx): {"errors": [{"status": 404, "title": "Not Found", "detail": "The resource could not be found.\n\n No resource provider with uuid bbb97666-8bbd-42b8-ba8c-cecd1f2af2c2 found for delete ", "request_id": "req-ab5a794e-2192-41b2-9bdf-59e723f6b76c"}]}
2026-03-31 06:08:36.262 10 INFO neutron.services.segments.plugin [-] Segment bbb97666-8bbd-42b8-ba8c-cecd1f2af2c2 resource provider not found; error: Placement Client Error (4xx): {"errors": [{"status": 404, "title": "Not Found", "detail": "The resource could not be found.\n\n No resource provider with uuid bbb97666-8bbd-42b8-ba8c-cecd1f2af2c2 found for delete ", "request_id": "req-9fb4773b-9368-41c5-81b7-951f0c87bfb1"}]}
2026-03-31 06:08:36.317 10 INFO neutron.wsgi [None req-c283ede9-f47e-443f-9b84-c83444b39137 bbbc41b7497f49898dd7a8a8c6382016 62aa9c9d02c64131861d9cf2d61fb5cd - - default default] 10.0.0.91 "DELETE /v2.0/networks/9ed35cd0-caf4-425a-abef-32b7ced3a5d9 HTTP/1.1" status: 204 len: 168 time: 0.5625324
2026-03-31 06:08:36.421 9 INFO neutron.db.ovn_revision_numbers_db [None req-4941e719-bd7f-429d-a4bf-5fd17b237883 cc621de00d21409eada44fd6085930ac 78f7c67c2752405786e8cbf2660fe6cb - - default default] Successfully bumped revision number for resource d712a569-57b3-4d03-9fe7-e18decc249aa (type: ports) to 1
2026-03-31 06:08:36.532 9 WARNING neutron.scheduler.dhcp_agent_scheduler [None req-4941e719-bd7f-429d-a4bf-5fd17b237883 cc621de00d21409eada44fd6085930ac 78f7c67c2752405786e8cbf2660fe6cb - - default default] No more DHCP agents
2026-03-31 06:08:36.534 9 WARNING neutron.api.rpc.agentnotifiers.dhcp_rpc_agent_api [None req-4941e719-bd7f-429d-a4bf-5fd17b237883 cc621de00d21409eada44fd6085930ac 78f7c67c2752405786e8cbf2660fe6cb - - default default] Unable to schedule network c1958b1f-3061-418c-aa47-89e8be2c6691: no agents available; will retry on subsequent port and subnet creation events.
2026-03-31 06:08:36.559 9 INFO neutron.db.ovn_revision_numbers_db [None req-c7312c83-f306-4f8f-9529-7f0a88bbb1b8 - - - - - -] Successfully bumped revision number for resource 0808fc48-1258-474c-ad5b-7b0a81816f67 (type: router_ports) to 4
2026-03-31 06:08:36.687 10 INFO neutron.db.ovn_revision_numbers_db [None req-0a8392ec-56c7-48f2-b6ea-75c30f804bda - - - - - -] Successfully bumped revision number for resource d712a569-57b3-4d03-9fe7-e18decc249aa (type: ports) to 2
2026-03-31 06:08:37.213 10 INFO neutron.db.ovn_revision_numbers_db [None req-0a8392ec-56c7-48f2-b6ea-75c30f804bda - - - - - -] Successfully bumped revision number for resource d712a569-57b3-4d03-9fe7-e18decc249aa (type: router_ports) to 2
2026-03-31 06:08:37.237 9 INFO neutron.db.ovn_revision_numbers_db [None req-4941e719-bd7f-429d-a4bf-5fd17b237883 cc621de00d21409eada44fd6085930ac 78f7c67c2752405786e8cbf2660fe6cb - - default default] Successfully bumped revision number for resource d712a569-57b3-4d03-9fe7-e18decc249aa (type: router_ports) to 2
