2026-03-31 06:11:03.364 10 INFO neutron.wsgi [None req-aae50f5d-9cd3-48b6-9100-0a1dc669e973 7780fa45fd4c46fe871d148a04c67a6f 25303733444f404e920ad6a79de6b8f3 - - default default] 10.0.0.91 "GET /v2.0/routers/d36ae6ac-5b09-4851-a955-50b9a1927c00/tags HTTP/1.1" status: 200 len: 245 time: 0.0680203
2026-03-31 06:11:03.419 9 INFO neutron.db.ovn_revision_numbers_db [None req-36cda0b6-235a-4fb2-8173-365095aab07e 8919618fd7d44924928094529ed74a42 e27110cd5fa543ecba4bb6b0810a5363 - - default default] Successfully bumped revision number for resource 82e258dd-6ce8-455b-bff5-117253876398 (type: subnets) to 0
2026-03-31 06:11:03.432 9 INFO neutron.wsgi [None req-6d7c6b62-542b-4f27-9c0a-0ccba5f0834f 7780fa45fd4c46fe871d148a04c67a6f 25303733444f404e920ad6a79de6b8f3 - - default default] 10.0.0.91 "PUT /v2.0/routers/d36ae6ac-5b09-4851-a955-50b9a1927c00/tags HTTP/1.1" status: 200 len: 230 time: 0.0579937
2026-03-31 06:11:03.437 9 INFO neutron.wsgi [None req-36cda0b6-235a-4fb2-8173-365095aab07e 8919618fd7d44924928094529ed74a42 e27110cd5fa543ecba4bb6b0810a5363 - - default default] 10.0.0.91 "POST /v2.0/subnets HTTP/1.1" status: 201 len: 830 time: 1.4563103
2026-03-31 06:11:03.491 10 INFO neutron.wsgi [None req-f327f9de-d84f-45be-a754-665b86923a65 7780fa45fd4c46fe871d148a04c67a6f 25303733444f404e920ad6a79de6b8f3 - - default default] 10.0.0.91 "GET /v2.0/routers/d36ae6ac-5b09-4851-a955-50b9a1927c00/tags HTTP/1.1" status: 200 len: 230 time: 0.0528357
2026-03-31 06:11:03.547 10 INFO neutron.wsgi [None req-dec8969c-9010-4f21-ac89-e640d3da6c19 7780fa45fd4c46fe871d148a04c67a6f 25303733444f404e920ad6a79de6b8f3 - - default default] 10.0.0.91 "GET /v2.0/routers/d36ae6ac-5b09-4851-a955-50b9a1927c00/tags/red HTTP/1.1" status: 204 len: 168 time: 0.0503531
2026-03-31 06:11:03.593 10 INFO neutron.api.v2.resource [None req-5bba6831-683d-4219-a589-af217cb91784 7780fa45fd4c46fe871d148a04c67a6f 25303733444f404e920ad6a79de6b8f3 - - default default] show failed (client error): The resource could not be found.
2026-03-31 06:11:03.595 10 INFO neutron.wsgi [None req-5bba6831-683d-4219-a589-af217cb91784 7780fa45fd4c46fe871d148a04c67a6f 25303733444f404e920ad6a79de6b8f3 - - default default] 10.0.0.91 "GET /v2.0/routers/d36ae6ac-5b09-4851-a955-50b9a1927c00/tags/green HTTP/1.1" status: 404 len: 299 time: 0.0421827
2026-03-31 06:11:03.666 10 INFO neutron.wsgi [None req-891ed689-a739-409f-9250-e3c4ce68131d 7780fa45fd4c46fe871d148a04c67a6f 25303733444f404e920ad6a79de6b8f3 - - default default] 10.0.0.91 "DELETE /v2.0/routers/d36ae6ac-5b09-4851-a955-50b9a1927c00/tags/red HTTP/1.1" status: 204 len: 168 time: 0.0659316
2026-03-31 06:11:03.724 9 WARNING neutron.scheduler.dhcp_agent_scheduler [None req-ccdac0a3-6406-4df0-8073-7ab6cdc6fc89 8919618fd7d44924928094529ed74a42 e27110cd5fa543ecba4bb6b0810a5363 - - default default] No more DHCP agents
2026-03-31 06:11:03.728 9 WARNING neutron.api.rpc.agentnotifiers.dhcp_rpc_agent_api [None req-ccdac0a3-6406-4df0-8073-7ab6cdc6fc89 8919618fd7d44924928094529ed74a42 e27110cd5fa543ecba4bb6b0810a5363 - - default default] Unable to schedule network 26b6bf86-0585-4470-b044-e73f50d907d6: no agents available; will retry on subsequent port and subnet creation events.
2026-03-31 06:11:03.730 10 INFO neutron.wsgi [None req-acac07ca-e662-48ce-a92f-3673ef1fecfe 7780fa45fd4c46fe871d148a04c67a6f 25303733444f404e920ad6a79de6b8f3 - - default default] 10.0.0.91 "GET /v2.0/routers/d36ae6ac-5b09-4851-a955-50b9a1927c00/tags HTTP/1.1" status: 200 len: 223 time: 0.0594101
2026-03-31 06:11:03.806 9 INFO neutron.api.v2.resource [None req-1230bc6f-a66d-416c-9b0a-075cb649ad0f 7780fa45fd4c46fe871d148a04c67a6f 25303733444f404e920ad6a79de6b8f3 - - default default] delete failed (client error): The resource could not be found.
2026-03-31 06:11:03.807 9 INFO neutron.wsgi [None req-1230bc6f-a66d-416c-9b0a-075cb649ad0f 7780fa45fd4c46fe871d148a04c67a6f 25303733444f404e920ad6a79de6b8f3 - - default default] 10.0.0.91 "DELETE /v2.0/routers/d36ae6ac-5b09-4851-a955-50b9a1927c00/tags/green HTTP/1.1" status: 404 len: 299 time: 0.0689662
2026-03-31 06:11:03.808 9 INFO neutron.db.ovn_revision_numbers_db [None req-ccdac0a3-6406-4df0-8073-7ab6cdc6fc89 8919618fd7d44924928094529ed74a42 e27110cd5fa543ecba4bb6b0810a5363 - - default default] Successfully bumped revision number for resource 4aec68a1-d85a-46cd-8793-d455152ea482 (type: subnets) to 0
2026-03-31 06:11:03.838 9 INFO neutron.wsgi [None req-ccdac0a3-6406-4df0-8073-7ab6cdc6fc89 8919618fd7d44924928094529ed74a42 e27110cd5fa543ecba4bb6b0810a5363 - - default default] 10.0.0.91 "POST /v2.0/subnets HTTP/1.1" status: 201 len: 904 time: 0.3960512
2026-03-31 06:11:03.890 9 INFO neutron.wsgi [None req-a1594a41-2aaf-4ec4-8154-1eb241102fcc 7780fa45fd4c46fe871d148a04c67a6f 25303733444f404e920ad6a79de6b8f3 - - default default] 10.0.0.91 "DELETE /v2.0/routers/d36ae6ac-5b09-4851-a955-50b9a1927c00/tags HTTP/1.1" status: 204 len: 168 time: 0.0766633
2026-03-31 06:11:03.979 9 INFO neutron.wsgi [None req-89f7f1ed-f97f-45b1-bfbd-1e34a74539c8 7780fa45fd4c46fe871d148a04c67a6f 25303733444f404e920ad6a79de6b8f3 - - default default] 10.0.0.91 "GET /v2.0/routers/d36ae6ac-5b09-4851-a955-50b9a1927c00/tags HTTP/1.1" status: 200 len: 205 time: 0.0833418
2026-03-31 06:11:04.050 10 INFO neutron.wsgi [None req-8fd18a36-7e3f-422d-b7ac-8ec407334ac2 7780fa45fd4c46fe871d148a04c67a6f 25303733444f404e920ad6a79de6b8f3 - - default default] 10.0.0.91 "GET /v2.0/routers/d36ae6ac-5b09-4851-a955-50b9a1927c00 HTTP/1.1" status: 200 len: 655 time: 0.0602300
2026-03-31 06:11:04.433 9 WARNING neutron.scheduler.dhcp_agent_scheduler [None req-1d94b386-c135-4b3e-8519-2a432b109bdf 8919618fd7d44924928094529ed74a42 e27110cd5fa543ecba4bb6b0810a5363 - - default default] No more DHCP agents
2026-03-31 06:11:04.436 9 WARNING neutron.api.rpc.agentnotifiers.dhcp_rpc_agent_api [None req-1d94b386-c135-4b3e-8519-2a432b109bdf 8919618fd7d44924928094529ed74a42 e27110cd5fa543ecba4bb6b0810a5363 - - default default] Unable to schedule network 5e72b3ef-3e9d-45c9-aed5-e110c91fe4e0: no agents available; will retry on subsequent port and subnet creation events.
2026-03-31 06:11:04.602 9 INFO neutron.db.ovn_revision_numbers_db [None req-1d94b386-c135-4b3e-8519-2a432b109bdf 8919618fd7d44924928094529ed74a42 e27110cd5fa543ecba4bb6b0810a5363 - - default default] Successfully bumped revision number for resource e7ab25f6-995e-4e10-bfb3-e4aebfbf1d16 (type: ports) to 1
2026-03-31 06:11:04.795 10 INFO neutron.db.ovn_revision_numbers_db [None req-c6664aa7-b75f-4264-8c3b-f7b227460a4a 7780fa45fd4c46fe871d148a04c67a6f 25303733444f404e920ad6a79de6b8f3 - - default default] Successfully bumped revision number for resource d36ae6ac-5b09-4851-a955-50b9a1927c00 (type: routers) to 7
2026-03-31 06:11:04.799 10 INFO neutron.wsgi [None req-c6664aa7-b75f-4264-8c3b-f7b227460a4a 7780fa45fd4c46fe871d148a04c67a6f 25303733444f404e920ad6a79de6b8f3 - - default default] 10.0.0.91 "PUT /v2.0/routers/d36ae6ac-5b09-4851-a955-50b9a1927c00 HTTP/1.1" status: 200 len: 655 time: 0.7424128
2026-03-31 06:11:04.826 10 INFO neutron.wsgi [None req-e782bdf8-2cdf-4cfb-89bd-fa866cb1764b 7780fa45fd4c46fe871d148a04c67a6f 25303733444f404e920ad6a79de6b8f3 - - default default] 10.0.0.91 "GET /v2.0/ports?device_id=d36ae6ac-5b09-4851-a955-50b9a1927c00 HTTP/1.1" status: 200 len: 205 time: 0.0198009
2026-03-31 06:11:05.025 10 INFO neutron.wsgi [None req-9ca9b422-cacd-40ff-a998-c538dd7e7d12 7780fa45fd4c46fe871d148a04c67a6f 25303733444f404e920ad6a79de6b8f3 - - default default] 10.0.0.91 "DELETE /v2.0/routers/d36ae6ac-5b09-4851-a955-50b9a1927c00 HTTP/1.1" status: 204 len: 168 time: 0.1945164
2026-03-31 06:11:05.563 9 INFO neutron.plugins.ml2.drivers.ovn.mech_driver.mech_driver [None req-4469b727-5a36-4c68-bd0b-e9e23aa67776 - - - - - -] OVN reports status up for port: e7ab25f6-995e-4e10-bfb3-e4aebfbf1d16
2026-03-31 06:11:05.571 9 INFO neutron.plugins.ml2.drivers.ovn.mech_driver.ovsdb.ovsdb_monitor [None req-c7312c83-f306-4f8f-9529-7f0a88bbb1b8 - - - - - -] Router 950040aa-007a-4c31-8a46-c66b95920660 is bound to host instance
2026-03-31 06:11:05.623 9 INFO neutron.plugins.ml2.plugin [None req-4469b727-5a36-4c68-bd0b-e9e23aa67776 - - - - - -] Attempt 1 to provision port e7ab25f6-995e-4e10-bfb3-e4aebfbf1d16
2026-03-31 06:11:05.674 9 INFO neutron.db.ovn_revision_numbers_db [None req-1d94b386-c135-4b3e-8519-2a432b109bdf 8919618fd7d44924928094529ed74a42 e27110cd5fa543ecba4bb6b0810a5363 - - default default] Successfully bumped revision number for resource e7ab25f6-995e-4e10-bfb3-e4aebfbf1d16 (type: router_ports) to 1
2026-03-31 06:11:05.826 9 INFO neutron.db.ovn_revision_numbers_db [None req-1d94b386-c135-4b3e-8519-2a432b109bdf 8919618fd7d44924928094529ed74a42 e27110cd5fa543ecba4bb6b0810a5363 - - default default] Successfully bumped revision number for resource 950040aa-007a-4c31-8a46-c66b95920660 (type: routers) to 2
2026-03-31 06:11:05.860 9 INFO neutron.wsgi [None req-1d94b386-c135-4b3e-8519-2a432b109bdf 8919618fd7d44924928094529ed74a42 e27110cd5fa543ecba4bb6b0810a5363 - - default default] 10.0.0.91 "POST /v2.0/routers HTTP/1.1" status: 201 len: 864 time: 2.0161607
2026-03-31 06:11:05.984 10 INFO neutron.db.ovn_revision_numbers_db [None req-04860200-a2ef-4bc9-8126-381b2d47e055 cc621de00d21409eada44fd6085930ac 78f7c67c2752405786e8cbf2660fe6cb - - default default] Successfully bumped revision number for resource af5f9b17-d116-40bc-a4db-a02a40e923df (type: security_groups) to 1
2026-03-31 06:11:06.030 10 INFO neutron.db.ovn_revision_numbers_db [None req-04860200-a2ef-4bc9-8126-381b2d47e055 cc621de00d21409eada44fd6085930ac 78f7c67c2752405786e8cbf2660fe6cb - - default default] Successfully bumped revision number for resource 042e24b2-d15c-434a-ae5a-0f6dfe945ce2 (type: security_group_rules) to 0
2026-03-31 06:11:06.057 10 INFO neutron.db.ovn_revision_numbers_db [None req-04860200-a2ef-4bc9-8126-381b2d47e055 cc621de00d21409eada44fd6085930ac 78f7c67c2752405786e8cbf2660fe6cb - - default default] Successfully bumped revision number for resource 547b542a-99e1-4bd2-b7cf-49e2eee7b4dc (type: security_group_rules) to 0
2026-03-31 06:11:06.087 10 INFO neutron.db.ovn_revision_numbers_db [None req-04860200-a2ef-4bc9-8126-381b2d47e055 cc621de00d21409eada44fd6085930ac 78f7c67c2752405786e8cbf2660fe6cb - - default default] Successfully bumped revision number for resource 649a67bc-5c68-4984-8ec9-9739e759acc6 (type: security_group_rules) to 0
2026-03-31 06:11:06.114 10 INFO neutron.db.ovn_revision_numbers_db [None req-04860200-a2ef-4bc9-8126-381b2d47e055 cc621de00d21409eada44fd6085930ac 78f7c67c2752405786e8cbf2660fe6cb - - default default] Successfully bumped revision number for resource 8dda27cb-ffb6-4b3a-a2e9-c2a8f57e2394 (type: security_group_rules) to 0
2026-03-31 06:11:06.157 10 INFO neutron.wsgi [None req-04860200-a2ef-4bc9-8126-381b2d47e055 cc621de00d21409eada44fd6085930ac 78f7c67c2752405786e8cbf2660fe6cb - - default default] 10.0.0.91 "GET /v2.0/security-groups?tenant_id=25303733444f404e920ad6a79de6b8f3&name=default HTTP/1.1" status: 200 len: 3000 time: 0.4666305
2026-03-31 06:11:06.340 9 INFO neutron.db.ovn_revision_numbers_db [None req-c7312c83-f306-4f8f-9529-7f0a88bbb1b8 - - - - - -] Successfully bumped revision number for resource e7ab25f6-995e-4e10-bfb3-e4aebfbf1d16 (type: ports) to 1
2026-03-31 06:11:06.524 10 INFO neutron.wsgi [None req-353530c7-11e0-4af5-a88b-a9b2672e6992 cc621de00d21409eada44fd6085930ac 78f7c67c2752405786e8cbf2660fe6cb - - default default] 10.0.0.91 "DELETE /v2.0/security-groups/af5f9b17-d116-40bc-a4db-a02a40e923df HTTP/1.1" status: 204 len: 168 time: 0.3625073
2026-03-31 06:11:06.619 10 WARNING neutron.scheduler.dhcp_agent_scheduler [None req-5afcac1b-a288-4c5f-b644-f34775d6198d 8919618fd7d44924928094529ed74a42 e27110cd5fa543ecba4bb6b0810a5363 - - default default] No more DHCP agents
2026-03-31 06:11:06.624 10 WARNING neutron.api.rpc.agentnotifiers.dhcp_rpc_agent_api [None req-5afcac1b-a288-4c5f-b644-f34775d6198d 8919618fd7d44924928094529ed74a42 e27110cd5fa543ecba4bb6b0810a5363 - - default default] Unable to schedule network 9b4ac54f-fcf5-4d06-9038-13d5f5bd4af3: no agents available; will retry on subsequent port and subnet creation events.
2026-03-31 06:11:06.667 9 INFO neutron.db.ovn_revision_numbers_db [None req-c7312c83-f306-4f8f-9529-7f0a88bbb1b8 - - - - - -] Successfully bumped revision number for resource e7ab25f6-995e-4e10-bfb3-e4aebfbf1d16 (type: router_ports) to 3
2026-03-31 06:11:06.808 9 INFO neutron.db.ovn_revision_numbers_db [None req-2528ae74-5dc1-4af0-a02a-fc9fc97531bb cc621de00d21409eada44fd6085930ac 78f7c67c2752405786e8cbf2660fe6cb - - default default] Successfully bumped revision number for resource e8efa987-bb22-4cf0-bf72-1a5d1c85ba1a (type: security_groups) to 1
2026-03-31 06:11:06.830 9 INFO neutron.db.ovn_revision_numbers_db [None req-2528ae74-5dc1-4af0-a02a-fc9fc97531bb cc621de00d21409eada44fd6085930ac 78f7c67c2752405786e8cbf2660fe6cb - - default default] Successfully bumped revision number for resource 372f7ef3-6dee-47ef-80bc-f3f30f72c678 (type: security_group_rules) to 0
2026-03-31 06:11:06.837 10 INFO neutron.db.ovn_revision_numbers_db [None req-5afcac1b-a288-4c5f-b644-f34775d6198d 8919618fd7d44924928094529ed74a42 e27110cd5fa543ecba4bb6b0810a5363 - - default default] Successfully bumped revision number for resource 7c20ae8f-6d67-4fe1-b14c-558215b7c141 (type: ports) to 1
2026-03-31 06:11:06.857 9 INFO neutron.db.ovn_revision_numbers_db [None req-2528ae74-5dc1-4af0-a02a-fc9fc97531bb cc621de00d21409eada44fd6085930ac 78f7c67c2752405786e8cbf2660fe6cb - - default default] Successfully bumped revision number for resource 6632b9e4-e2b0-4359-b911-60c184c94ed9 (type: security_group_rules) to 0
2026-03-31 06:11:06.879 9 INFO neutron.db.ovn_revision_numbers_db [None req-2528ae74-5dc1-4af0-a02a-fc9fc97531bb cc621de00d21409eada44fd6085930ac 78f7c67c2752405786e8cbf2660fe6cb - - default default] Successfully bumped revision number for resource b66e4e5b-eb41-4971-83a8-4a357e4b427b (type: security_group_rules) to 0
2026-03-31 06:11:06.889 9 INFO neutron.db.ovn_revision_numbers_db [None req-c7312c83-f306-4f8f-9529-7f0a88bbb1b8 - - - - - -] Successfully bumped revision number for resource e7ab25f6-995e-4e10-bfb3-e4aebfbf1d16 (type: ports) to 2
2026-03-31 06:11:06.894 9 INFO neutron.db.ovn_revision_numbers_db [None req-2528ae74-5dc1-4af0-a02a-fc9fc97531bb cc621de00d21409eada44fd6085930ac 78f7c67c2752405786e8cbf2660fe6cb - - default default] Successfully bumped revision number for resource cb440dac-c6dc-490e-8ccd-c79eb5e4a629 (type: security_group_rules) to 0
2026-03-31 06:11:06.926 9 INFO neutron.wsgi [None req-2528ae74-5dc1-4af0-a02a-fc9fc97531bb cc621de00d21409eada44fd6085930ac 78f7c67c2752405786e8cbf2660fe6cb - - default default] 10.0.0.91 "GET /v2.0/security-groups?tenant_id=8c1330bbfc6f43a7a25de9fa73d140b8&name=default HTTP/1.1" status: 200 len: 3000 time: 0.2932489
2026-03-31 06:11:07.214 9 INFO neutron.db.ovn_revision_numbers_db [None req-c7312c83-f306-4f8f-9529-7f0a88bbb1b8 - - - - - -] Successfully bumped revision number for resource e7ab25f6-995e-4e10-bfb3-e4aebfbf1d16 (type: ports) to 4
2026-03-31 06:11:07.262 9 INFO neutron.wsgi [None req-b04f49fd-53ef-4624-8513-3ae1c6726baf cc621de00d21409eada44fd6085930ac 78f7c67c2752405786e8cbf2660fe6cb - - default default] 10.0.0.91 "DELETE /v2.0/security-groups/e8efa987-bb22-4cf0-bf72-1a5d1c85ba1a HTTP/1.1" status: 204 len: 168 time: 0.3298960
2026-03-31 06:11:07.404 10 INFO neutron.plugins.ml2.drivers.ovn.mech_driver.mech_driver [None req-0a8392ec-56c7-48f2-b6ea-75c30f804bda - - - - - -] OVN reports status up for port: 7c20ae8f-6d67-4fe1-b14c-558215b7c141
2026-03-31 06:11:07.421 10 INFO neutron.plugins.ml2.plugin [None req-0a8392ec-56c7-48f2-b6ea-75c30f804bda - - - - - -] Attempt 1 to provision port 7c20ae8f-6d67-4fe1-b14c-558215b7c141
2026-03-31 06:11:07.448 10 INFO neutron.db.ovn_revision_numbers_db [None req-5afcac1b-a288-4c5f-b644-f34775d6198d 8919618fd7d44924928094529ed74a42 e27110cd5fa543ecba4bb6b0810a5363 - - default default] Successfully bumped revision number for resource 7c20ae8f-6d67-4fe1-b14c-558215b7c141 (type: router_ports) to 1
2026-03-31 06:11:07.530 9 INFO neutron.db.ovn_revision_numbers_db [None req-c7312c83-f306-4f8f-9529-7f0a88bbb1b8 - - - - - -] Successfully bumped revision number for resource e7ab25f6-995e-4e10-bfb3-e4aebfbf1d16 (type: router_ports) to 4
2026-03-31 06:11:07.712 10 INFO neutron.db.ovn_revision_numbers_db [None req-5afcac1b-a288-4c5f-b644-f34775d6198d 8919618fd7d44924928094529ed74a42 e27110cd5fa543ecba4bb6b0810a5363 - - default default] Successfully bumped revision number for resource 7c20ae8f-6d67-4fe1-b14c-558215b7c141 (type: ports) to 1
2026-03-31 06:11:07.826 10 WARNING neutron.scheduler.dhcp_agent_scheduler [None req-5afcac1b-a288-4c5f-b644-f34775d6198d 8919618fd7d44924928094529ed74a42 e27110cd5fa543ecba4bb6b0810a5363 - - default default] No more DHCP agents
2026-03-31 06:11:07.829 10 WARNING neutron.api.rpc.agentnotifiers.dhcp_rpc_agent_api [None req-5afcac1b-a288-4c5f-b644-f34775d6198d 8919618fd7d44924928094529ed74a42 e27110cd5fa543ecba4bb6b0810a5363 - - default default] Unable to schedule network 9b4ac54f-fcf5-4d06-9038-13d5f5bd4af3: no agents available; will retry on subsequent port and subnet creation events.
2026-03-31 06:11:07.856 10 INFO neutron.db.ovn_revision_numbers_db [None req-0a8392ec-56c7-48f2-b6ea-75c30f804bda - - - - - -] Successfully bumped revision number for resource 7c20ae8f-6d67-4fe1-b14c-558215b7c141 (type: ports) to 2
2026-03-31 06:11:08.065 10 INFO neutron.db.ovn_revision_numbers_db [None req-0a8392ec-56c7-48f2-b6ea-75c30f804bda - - - - - -] Successfully bumped revision number for resource 7c20ae8f-6d67-4fe1-b14c-558215b7c141 (type: router_ports) to 2
2026-03-31 06:11:08.280 10 INFO neutron.db.ovn_revision_numbers_db [None req-5afcac1b-a288-4c5f-b644-f34775d6198d 8919618fd7d44924928094529ed74a42 e27110cd5fa543ecba4bb6b0810a5363 - - default default] Successfully bumped revision number for resource 7c20ae8f-6d67-4fe1-b14c-558215b7c141 (type: router_ports) to 2
2026-03-31 06:11:08.283 10 INFO neutron.wsgi [None req-5afcac1b-a288-4c5f-b644-f34775d6198d 8919618fd7d44924928094529ed74a42 e27110cd5fa543ecba4bb6b0810a5363 - - default default] 10.0.0.91 "PUT /v2.0/routers/950040aa-007a-4c31-8a46-c66b95920660/add_router_interface HTTP/1.1" status: 200 len: 503 time: 2.4139032
2026-03-31 06:11:09.162 10 WARNING neutron.scheduler.dhcp_agent_scheduler [None req-252fa7ee-5956-47fb-bf3a-f6e7c79d8dd0 8919618fd7d44924928094529ed74a42 e27110cd5fa543ecba4bb6b0810a5363 - - default default] No more DHCP agents
2026-03-31 06:11:09.168 10 WARNING neutron.api.rpc.agentnotifiers.dhcp_rpc_agent_api [None req-252fa7ee-5956-47fb-bf3a-f6e7c79d8dd0 8919618fd7d44924928094529ed74a42 e27110cd5fa543ecba4bb6b0810a5363 - - default default] Unable to schedule network ae798200-42a2-4bbb-a828-4c87435b32b6: no agents available; will retry on subsequent port and subnet creation events.
2026-03-31 06:11:09.364 10 INFO neutron.db.ovn_revision_numbers_db [None req-252fa7ee-5956-47fb-bf3a-f6e7c79d8dd0 8919618fd7d44924928094529ed74a42 e27110cd5fa543ecba4bb6b0810a5363 - - default default] Successfully bumped revision number for resource 4247775d-d315-43a1-8bf9-5991c1c8fa48 (type: ports) to 1
2026-03-31 06:11:10.090 10 INFO neutron.db.ovn_revision_numbers_db [None req-252fa7ee-5956-47fb-bf3a-f6e7c79d8dd0 8919618fd7d44924928094529ed74a42 e27110cd5fa543ecba4bb6b0810a5363 - - default default] Successfully bumped revision number for resource 4247775d-d315-43a1-8bf9-5991c1c8fa48 (type: router_ports) to 1
2026-03-31 06:11:10.274 10 INFO neutron.db.ovn_revision_numbers_db [None req-252fa7ee-5956-47fb-bf3a-f6e7c79d8dd0 8919618fd7d44924928094529ed74a42 e27110cd5fa543ecba4bb6b0810a5363 - - default default] Successfully bumped revision number for resource 4247775d-d315-43a1-8bf9-5991c1c8fa48 (type: ports) to 1
2026-03-31 06:11:10.359 10 WARNING neutron.scheduler.dhcp_agent_scheduler [None req-252fa7ee-5956-47fb-bf3a-f6e7c79d8dd0 8919618fd7d44924928094529ed74a42 e27110cd5fa543ecba4bb6b0810a5363 - - default default] No more DHCP agents
2026-03-31 06:11:10.362 10 WARNING neutron.api.rpc.agentnotifiers.dhcp_rpc_agent_api [None req-252fa7ee-5956-47fb-bf3a-f6e7c79d8dd0 8919618fd7d44924928094529ed74a42 e27110cd5fa543ecba4bb6b0810a5363 - - default default] Unable to schedule network ae798200-42a2-4bbb-a828-4c87435b32b6: no agents available; will retry on subsequent port and subnet creation events.
2026-03-31 06:11:10.696 10 INFO neutron.db.ovn_revision_numbers_db [None req-252fa7ee-5956-47fb-bf3a-f6e7c79d8dd0 8919618fd7d44924928094529ed74a42 e27110cd5fa543ecba4bb6b0810a5363 - - default default] Successfully bumped revision number for resource 4247775d-d315-43a1-8bf9-5991c1c8fa48 (type: router_ports) to 1
2026-03-31 06:11:10.699 10 INFO neutron.wsgi [None req-252fa7ee-5956-47fb-bf3a-f6e7c79d8dd0 8919618fd7d44924928094529ed74a42 e27110cd5fa543ecba4bb6b0810a5363 - - default default] 10.0.0.91 "PUT /v2.0/routers/950040aa-007a-4c31-8a46-c66b95920660/add_router_interface HTTP/1.1" status: 200 len: 503 time: 2.4080362
2026-03-31 06:11:11.290 10 WARNING neutron.scheduler.dhcp_agent_scheduler [None req-06b51e23-55f2-439d-a71a-f7dd0779ca20 8919618fd7d44924928094529ed74a42 e27110cd5fa543ecba4bb6b0810a5363 - - default default] No more DHCP agents
2026-03-31 06:11:11.295 10 WARNING neutron.api.rpc.agentnotifiers.dhcp_rpc_agent_api [None req-06b51e23-55f2-439d-a71a-f7dd0779ca20 8919618fd7d44924928094529ed74a42 e27110cd5fa543ecba4bb6b0810a5363 - - default default] Unable to schedule network 26b6bf86-0585-4470-b044-e73f50d907d6: no agents available; will retry on subsequent port and subnet creation events.
2026-03-31 06:11:11.484 10 INFO neutron.db.ovn_revision_numbers_db [None req-06b51e23-55f2-439d-a71a-f7dd0779ca20 8919618fd7d44924928094529ed74a42 e27110cd5fa543ecba4bb6b0810a5363 - - default default] Successfully bumped revision number for resource c2932d3b-d5ec-481c-bcd9-8e1c3a9d9ec6 (type: ports) to 1
2026-03-31 06:11:11.495 9 INFO neutron.db.ovn_revision_numbers_db [None req-26e27ea1-a9b1-46ea-beaf-73db8364a492 cc621de00d21409eada44fd6085930ac 78f7c67c2752405786e8cbf2660fe6cb - - default default] Successfully bumped revision number for resource 41380fe6-8e06-4f65-83a3-3fc58c6b6795 (type: security_groups) to 1
2026-03-31 06:11:11.511 9 INFO neutron.db.ovn_revision_numbers_db [None req-26e27ea1-a9b1-46ea-beaf-73db8364a492 cc621de00d21409eada44fd6085930ac 78f7c67c2752405786e8cbf2660fe6cb - - default default] Successfully bumped revision number for resource 19cc33e8-763c-4290-a8fe-32c5a4152212 (type: security_group_rules) to 0
2026-03-31 06:11:11.527 9 INFO neutron.db.ovn_revision_numbers_db [None req-26e27ea1-a9b1-46ea-beaf-73db8364a492 cc621de00d21409eada44fd6085930ac 78f7c67c2752405786e8cbf2660fe6cb - - default default] Successfully bumped revision number for resource 27ce2941-9e7b-4134-8784-6829a89d9fd0 (type: security_group_rules) to 0
2026-03-31 06:11:11.545 9 INFO neutron.db.ovn_revision_numbers_db [None req-26e27ea1-a9b1-46ea-beaf-73db8364a492 cc621de00d21409eada44fd6085930ac 78f7c67c2752405786e8cbf2660fe6cb - - default default] Successfully bumped revision number for resource 84a727c1-5826-4270-95ac-29285590f3b7 (type: security_group_rules) to 0
2026-03-31 06:11:11.562 9 INFO neutron.db.ovn_revision_numbers_db [None req-26e27ea1-a9b1-46ea-beaf-73db8364a492 cc621de00d21409eada44fd6085930ac 78f7c67c2752405786e8cbf2660fe6cb - - default default] Successfully bumped revision number for resource c734798a-4d6f-4aad-88a3-defb0f417b2f (type: security_group_rules) to 0
2026-03-31 06:11:11.586 9 INFO neutron.wsgi [None req-26e27ea1-a9b1-46ea-beaf-73db8364a492 cc621de00d21409eada44fd6085930ac 78f7c67c2752405786e8cbf2660fe6cb - - default default] 10.0.0.91 "GET /v2.0/security-groups?tenant_id=0931585ce2b543e097ba8b4a378d4c72&name=default HTTP/1.1" status: 200 len: 3000 time: 0.4008520
2026-03-31 06:11:11.800 9 INFO neutron.wsgi [None req-3dbe09eb-b703-4fea-8ebc-86204920e321 cc621de00d21409eada44fd6085930ac 78f7c67c2752405786e8cbf2660fe6cb - - default default] 10.0.0.91 "DELETE /v2.0/security-groups/41380fe6-8e06-4f65-83a3-3fc58c6b6795 HTTP/1.1" status: 204 len: 168 time: 0.2079470
2026-03-31 06:11:12.070 9 INFO neutron.db.ovn_revision_numbers_db [None req-1d36b9c0-b117-4713-aaca-f083228ad357 cc621de00d21409eada44fd6085930ac 78f7c67c2752405786e8cbf2660fe6cb - - default default] Successfully bumped revision number for resource 130fea71-cc01-41af-8db3-e8924c2584ca (type: security_groups) to 1
2026-03-31 06:11:12.086 9 INFO neutron.db.ovn_revision_numbers_db [None req-1d36b9c0-b117-4713-aaca-f083228ad357 cc621de00d21409eada44fd6085930ac 78f7c67c2752405786e8cbf2660fe6cb - - default default] Successfully bumped revision number for resource 20e92512-cdff-4eff-bfdc-339cce13880c (type: security_group_rules) to 0
2026-03-31 06:11:12.103 9 INFO neutron.db.ovn_revision_numbers_db [None req-1d36b9c0-b117-4713-aaca-f083228ad357 cc621de00d21409eada44fd6085930ac 78f7c67c2752405786e8cbf2660fe6cb - - default default] Successfully bumped revision number for resource 2fe74dc7-b044-4d91-8c3d-3c5e732b399c (type: security_group_rules) to 0
2026-03-31 06:11:12.119 9 INFO neutron.db.ovn_revision_numbers_db [None req-1d36b9c0-b117-4713-aaca-f083228ad357 cc621de00d21409eada44fd6085930ac 78f7c67c2752405786e8cbf2660fe6cb - - default default] Successfully bumped revision number for resource 8211f909-fdea-4ed0-8e37-d587bc00c13d (type: security_group_rules) to 0
2026-03-31 06:11:12.137 10 INFO neutron.db.ovn_revision_numbers_db [None req-06b51e23-55f2-439d-a71a-f7dd0779ca20 8919618fd7d44924928094529ed74a42 e27110cd5fa543ecba4bb6b0810a5363 - - default default] Successfully bumped revision number for resource c2932d3b-d5ec-481c-bcd9-8e1c3a9d9ec6 (type: router_ports) to 1
2026-03-31 06:11:12.141 9 INFO neutron.db.ovn_revision_numbers_db [None req-1d36b9c0-b117-4713-aaca-f083228ad357 cc621de00d21409eada44fd6085930ac 78f7c67c2752405786e8cbf2660fe6cb - - default default] Successfully bumped revision number for resource abdf90f5-6dd2-4af4-93f4-48d57cc00c9a (type: security_group_rules) to 0
2026-03-31 06:11:12.174 9 INFO neutron.wsgi [None req-1d36b9c0-b117-4713-aaca-f083228ad357 cc621de00d21409eada44fd6085930ac 78f7c67c2752405786e8cbf2660fe6cb - - default default] 10.0.0.91 "GET /v2.0/security-groups?tenant_id=eb946b6466dc4b4dba6b8f28a894df5b&name=default HTTP/1.1" status: 200 len: 3000 time: 0.2542243
2026-03-31 06:11:12.342 10 INFO neutron.db.ovn_revision_numbers_db [None req-06b51e23-55f2-439d-a71a-f7dd0779ca20 8919618fd7d44924928094529ed74a42 e27110cd5fa543ecba4bb6b0810a5363 - - default default] Successfully bumped revision number for resource c2932d3b-d5ec-481c-bcd9-8e1c3a9d9ec6 (type: ports) to 1
2026-03-31 06:11:12.419 10 WARNING neutron.scheduler.dhcp_agent_scheduler [None req-06b51e23-55f2-439d-a71a-f7dd0779ca20 8919618fd7d44924928094529ed74a42 e27110cd5fa543ecba4bb6b0810a5363 - - default default] No more DHCP agents
2026-03-31 06:11:12.422 10 WARNING neutron.api.rpc.agentnotifiers.dhcp_rpc_agent_api [None req-06b51e23-55f2-439d-a71a-f7dd0779ca20 8919618fd7d44924928094529ed74a42 e27110cd5fa543ecba4bb6b0810a5363 - - default default] Unable to schedule network 26b6bf86-0585-4470-b044-e73f50d907d6: no agents available; will retry on subsequent port and subnet creation events.
2026-03-31 06:11:12.439 9 INFO neutron.wsgi [None req-ee994f6c-9ce1-4553-ae87-f004fd18948d cc621de00d21409eada44fd6085930ac 78f7c67c2752405786e8cbf2660fe6cb - - default default] 10.0.0.91 "DELETE /v2.0/security-groups/130fea71-cc01-41af-8db3-e8924c2584ca HTTP/1.1" status: 204 len: 168 time: 0.2580130
2026-03-31 06:11:12.814 10 INFO neutron.db.ovn_revision_numbers_db [None req-06b51e23-55f2-439d-a71a-f7dd0779ca20 8919618fd7d44924928094529ed74a42 e27110cd5fa543ecba4bb6b0810a5363 - - default default] Successfully bumped revision number for resource c2932d3b-d5ec-481c-bcd9-8e1c3a9d9ec6 (type: router_ports) to 1
2026-03-31 06:11:12.816 10 INFO neutron.wsgi [None req-06b51e23-55f2-439d-a71a-f7dd0779ca20 8919618fd7d44924928094529ed74a42 e27110cd5fa543ecba4bb6b0810a5363 - - default default] 10.0.0.91 "PUT /v2.0/routers/950040aa-007a-4c31-8a46-c66b95920660/add_router_interface HTTP/1.1" status: 200 len: 503 time: 2.1102855
2026-03-31 06:11:12.822 10 WARNING neutron.plugins.ml2.drivers.ovn.mech_driver.ovsdb.ovn_client [None req-0a8392ec-56c7-48f2-b6ea-75c30f804bda - - - - - -] No hosting information found for port 7c20ae8f-6d67-4fe1-b14c-558215b7c141: RuntimeError: No hosting information found for port 7c20ae8f-6d67-4fe1-b14c-558215b7c141
2026-03-31 06:11:12.822 10 INFO neutron.plugins.ml2.drivers.ovn.mech_driver.mech_driver [None req-0a8392ec-56c7-48f2-b6ea-75c30f804bda - - - - - -] OVN reports status up for port: 4247775d-d315-43a1-8bf9-5991c1c8fa48
2026-03-31 06:11:12.831 10 INFO neutron.plugins.ml2.plugin [None req-0a8392ec-56c7-48f2-b6ea-75c30f804bda - - - - - -] Attempt 1 to provision port 4247775d-d315-43a1-8bf9-5991c1c8fa48
2026-03-31 06:11:13.062 9 INFO neutron.db.ovn_revision_numbers_db [None req-9ce6f248-2454-47bd-8308-219e8101e3ce 8919618fd7d44924928094529ed74a42 e27110cd5fa543ecba4bb6b0810a5363 - - default default] Successfully bumped revision number for resource 51306500-ca6d-4281-be80-f80d663dd247 (type: security_groups) to 1
2026-03-31 06:11:13.078 9 INFO neutron.db.ovn_revision_numbers_db [None req-9ce6f248-2454-47bd-8308-219e8101e3ce 8919618fd7d44924928094529ed74a42 e27110cd5fa543ecba4bb6b0810a5363 - - default default] Successfully bumped revision number for resource 0c446ad5-9a70-444d-b06f-3e8b771dbc3d (type: security_group_rules) to 0
2026-03-31 06:11:13.098 9 INFO neutron.db.ovn_revision_numbers_db [None req-9ce6f248-2454-47bd-8308-219e8101e3ce 8919618fd7d44924928094529ed74a42 e27110cd5fa543ecba4bb6b0810a5363 - - default default] Successfully bumped revision number for resource 4e853ec1-491d-4547-bc6d-3ce94f9a0597 (type: security_group_rules) to 0
2026-03-31 06:11:13.124 9 INFO neutron.wsgi [None req-9ce6f248-2454-47bd-8308-219e8101e3ce 8919618fd7d44924928094529ed74a42 e27110cd5fa543ecba4bb6b0810a5363 - - default default] 10.0.0.91 "POST /v2.0/security-groups HTTP/1.1" status: 201 len: 1765 time: 0.2010126
2026-03-31 06:11:13.168 10 INFO neutron.db.ovn_revision_numbers_db [None req-0a8392ec-56c7-48f2-b6ea-75c30f804bda - - - - - -] Successfully bumped revision number for resource 4247775d-d315-43a1-8bf9-5991c1c8fa48 (type: ports) to 2
2026-03-31 06:11:13.268 9 INFO neutron.db.ovn_revision_numbers_db [None req-f9f3f317-5838-4d85-8915-ca9d2d385ce1 8919618fd7d44924928094529ed74a42 e27110cd5fa543ecba4bb6b0810a5363 - - default default] Successfully bumped revision number for resource f4ebc6b2-5cd9-4b22-ae39-5cf0833a39db (type: security_group_rules) to 0
2026-03-31 06:11:13.313 9 INFO neutron.wsgi [None req-f9f3f317-5838-4d85-8915-ca9d2d385ce1 8919618fd7d44924928094529ed74a42 e27110cd5fa543ecba4bb6b0810a5363 - - default default] 10.0.0.91 "POST /v2.0/security-group-rules HTTP/1.1" status: 201 len: 764 time: 0.1833637
2026-03-31 06:11:13.341 10 INFO neutron.db.ovn_revision_numbers_db [None req-0a8392ec-56c7-48f2-b6ea-75c30f804bda - - - - - -] Successfully bumped revision number for resource 4247775d-d315-43a1-8bf9-5991c1c8fa48 (type: router_ports) to 2
2026-03-31 06:11:13.458 9 INFO neutron.db.ovn_revision_numbers_db [None req-95e45e14-7b24-48b0-a146-d6c94be377b5 8919618fd7d44924928094529ed74a42 e27110cd5fa543ecba4bb6b0810a5363 - - default default] Successfully bumped revision number for resource 2e2e967e-c02e-40e8-9603-c82621d4eea7 (type: security_group_rules) to 0
2026-03-31 06:11:13.490 9 INFO neutron.wsgi [None req-95e45e14-7b24-48b0-a146-d6c94be377b5 8919618fd7d44924928094529ed74a42 e27110cd5fa543ecba4bb6b0810a5363 - - default default] 10.0.0.91 "POST /v2.0/security-group-rules HTTP/1.1" status: 201 len: 764 time: 0.1720817
2026-03-31 06:11:13.647 9 INFO neutron.db.ovn_revision_numbers_db [None req-47b1a972-ceed-43d2-a394-8b472b34648a 8919618fd7d44924928094529ed74a42 e27110cd5fa543ecba4bb6b0810a5363 - - default default] Successfully bumped revision number for resource 6c10acb8-c5ad-4c99-a752-824bfb7dce5f (type: security_group_rules) to 0
2026-03-31 06:11:13.673 9 INFO neutron.wsgi [None req-47b1a972-ceed-43d2-a394-8b472b34648a 8919618fd7d44924928094529ed74a42 e27110cd5fa543ecba4bb6b0810a5363 - - default default] 10.0.0.91 "POST /v2.0/security-group-rules HTTP/1.1" status: 201 len: 766 time: 0.1758909
2026-03-31 06:11:13.808 9 INFO neutron.db.ovn_revision_numbers_db [None req-63186341-2b94-488b-9a98-54f3f5ee9df2 8919618fd7d44924928094529ed74a42 e27110cd5fa543ecba4bb6b0810a5363 - - default default] Successfully bumped revision number for resource 873b588b-c71e-4c71-b570-d3c06959e8c4 (type: security_group_rules) to 0
2026-03-31 06:11:13.833 9 INFO neutron.wsgi [None req-63186341-2b94-488b-9a98-54f3f5ee9df2 8919618fd7d44924928094529ed74a42 e27110cd5fa543ecba4bb6b0810a5363 - - default default] 10.0.0.91 "POST /v2.0/security-group-rules HTTP/1.1" status: 201 len: 768 time: 0.1544502
2026-03-31 06:11:13.982 9 INFO neutron.db.ovn_revision_numbers_db [None req-cf1e59fc-98ec-4efa-9146-d52ed4b24f16 8919618fd7d44924928094529ed74a42 e27110cd5fa543ecba4bb6b0810a5363 - - default default] Successfully bumped revision number for resource 6cee5c37-7f32-42b0-8f10-68c28a9147ca (type: security_group_rules) to 0
2026-03-31 06:11:14.009 9 INFO neutron.wsgi [None req-cf1e59fc-98ec-4efa-9146-d52ed4b24f16 8919618fd7d44924928094529ed74a42 e27110cd5fa543ecba4bb6b0810a5363 - - default default] 10.0.0.91 "POST /v2.0/security-group-rules HTTP/1.1" status: 201 len: 768 time: 0.1700366
2026-03-31 06:11:14.170 9 INFO neutron.db.ovn_revision_numbers_db [None req-13f0dd74-03ff-4379-9071-6693737c2a5f 8919618fd7d44924928094529ed74a42 e27110cd5fa543ecba4bb6b0810a5363 - - default default] Successfully bumped revision number for resource 45298d3c-07d5-485a-ba13-6e8a579be652 (type: security_group_rules) to 0
2026-03-31 06:11:14.197 9 INFO neutron.wsgi [None req-13f0dd74-03ff-4379-9071-6693737c2a5f 8919618fd7d44924928094529ed74a42 e27110cd5fa543ecba4bb6b0810a5363 - - default default] 10.0.0.91 "POST /v2.0/security-group-rules HTTP/1.1" status: 201 len: 764 time: 0.1797330
2026-03-31 06:11:14.355 9 INFO neutron.db.ovn_revision_numbers_db [None req-7caa38b8-db99-4054-b5d7-906a10c6533f 8919618fd7d44924928094529ed74a42 e27110cd5fa543ecba4bb6b0810a5363 - - default default] Successfully bumped revision number for resource 253f7e16-b485-4c47-900c-f9c6f8652033 (type: security_group_rules) to 0
2026-03-31 06:11:14.387 9 INFO neutron.wsgi [None req-7caa38b8-db99-4054-b5d7-906a10c6533f 8919618fd7d44924928094529ed74a42 e27110cd5fa543ecba4bb6b0810a5363 - - default default] 10.0.0.91 "POST /v2.0/security-group-rules HTTP/1.1" status: 201 len: 764 time: 0.1866064
2026-03-31 06:11:14.523 9 INFO neutron.db.ovn_revision_numbers_db [None req-dd2f6945-f242-4212-aad2-1af7c11c89b1 8919618fd7d44924928094529ed74a42 e27110cd5fa543ecba4bb6b0810a5363 - - default default] Successfully bumped revision number for resource 9bb4dc7a-c873-4ea3-803e-fab1b2598cc6 (type: security_group_rules) to 0
2026-03-31 06:11:14.548 9 INFO neutron.wsgi [None req-dd2f6945-f242-4212-aad2-1af7c11c89b1 8919618fd7d44924928094529ed74a42 e27110cd5fa543ecba4bb6b0810a5363 - - default default] 10.0.0.91 "POST /v2.0/security-group-rules HTTP/1.1" status: 201 len: 764 time: 0.1571019
2026-03-31 06:11:14.728 9 INFO neutron.db.ovn_revision_numbers_db [None req-6809ee02-a396-40dc-be35-691bc05608db 8919618fd7d44924928094529ed74a42 e27110cd5fa543ecba4bb6b0810a5363 - - default default] Successfully bumped revision number for resource 42215607-74c6-4d30-9101-ade063eaa6e3 (type: security_group_rules) to 0
2026-03-31 06:11:14.756 9 INFO neutron.wsgi [None req-6809ee02-a396-40dc-be35-691bc05608db 8919618fd7d44924928094529ed74a42 e27110cd5fa543ecba4bb6b0810a5363 - - default default] 10.0.0.91 "POST /v2.0/security-group-rules HTTP/1.1" status: 201 len: 766 time: 0.2030137
2026-03-31 06:11:14.920 9 INFO neutron.db.ovn_revision_numbers_db [None req-771bdc22-b1ed-45bd-bf0d-3b9eb459372f 8919618fd7d44924928094529ed74a42 e27110cd5fa543ecba4bb6b0810a5363 - - default default] Successfully bumped revision number for resource d6af5b8c-b467-4a4f-bf47-6d78783b81f3 (type: security_group_rules) to 0
2026-03-31 06:11:14.945 9 INFO neutron.wsgi [None req-771bdc22-b1ed-45bd-bf0d-3b9eb459372f 8919618fd7d44924928094529ed74a42 e27110cd5fa543ecba4bb6b0810a5363 - - default default] 10.0.0.91 "POST /v2.0/security-group-rules HTTP/1.1" status: 201 len: 768 time: 0.1743541
2026-03-31 06:11:15.115 9 INFO neutron.db.ovn_revision_numbers_db [None req-1a4c3df6-6a3b-474a-a4a0-c0d71d0feb7b 8919618fd7d44924928094529ed74a42 e27110cd5fa543ecba4bb6b0810a5363 - - default default] Successfully bumped revision number for resource d5cf98b4-76ae-4760-92f9-d09f27eef435 (type: security_group_rules) to 0
2026-03-31 06:11:15.143 9 INFO neutron.wsgi [None req-1a4c3df6-6a3b-474a-a4a0-c0d71d0feb7b 8919618fd7d44924928094529ed74a42 e27110cd5fa543ecba4bb6b0810a5363 - - default default] 10.0.0.91 "POST /v2.0/security-group-rules HTTP/1.1" status: 201 len: 764 time: 0.1921785
2026-03-31 06:11:15.541 10 INFO neutron.wsgi [req-ec6a926b-65c6-4000-b2f9-b00f79a619f7 req-184f2879-008e-409a-b698-efe08a661c7a 8919618fd7d44924928094529ed74a42 e27110cd5fa543ecba4bb6b0810a5363 - - default default] 10.0.0.217 "GET /v2.0/security-groups?name=tempest-lb_member_SG-795800026&fields=id&tenant_id=e27110cd5fa543ecba4bb6b0810a5363 HTTP/1.1" status: 200 len: 267 time: 0.0640023
2026-03-31 06:11:15.631 10 INFO neutron.wsgi [req-ec6a926b-65c6-4000-b2f9-b00f79a619f7 req-27ac3b1c-6163-4ce9-ae48-639a7ac95632 8919618fd7d44924928094529ed74a42 e27110cd5fa543ecba4bb6b0810a5363 - - default default] 10.0.0.217 "GET /v2.0/networks?id=ae798200-42a2-4bbb-a828-4c87435b32b6 HTTP/1.1" status: 200 len: 904 time: 0.0828862
2026-03-31 06:11:15.648 10 INFO neutron.wsgi [req-ec6a926b-65c6-4000-b2f9-b00f79a619f7 req-78df9827-ace8-46f5-924c-cc3e940776f0 8919618fd7d44924928094529ed74a42 e27110cd5fa543ecba4bb6b0810a5363 - - default default] 10.0.0.217 "GET /v2.0/quotas/e27110cd5fa543ecba4bb6b0810a5363 HTTP/1.1" status: 200 len: 386 time: 0.0116086
2026-03-31 06:11:15.884 10 INFO neutron.wsgi [req-ec6a926b-65c6-4000-b2f9-b00f79a619f7 req-768bd39e-f5ed-416f-ac37-c812a080ff19 8919618fd7d44924928094529ed74a42 e27110cd5fa543ecba4bb6b0810a5363 - - default default] 10.0.0.217 "GET /v2.0/ports?tenant_id=e27110cd5fa543ecba4bb6b0810a5363&fields=id HTTP/1.1" status: 200 len: 486 time: 0.2291205
2026-03-31 06:11:15.981 10 INFO neutron.wsgi [req-ec6a926b-65c6-4000-b2f9-b00f79a619f7 req-ab3ad7ed-ad2d-4663-addc-5a5da6e34931 bf55a6de073745a6bcbdb2f1ff534e13 3d98a71b7a424de280b0aa60b942e473 - - edb1acb7a6e04cbeaf7e0ec679801393 edb1acb7a6e04cbeaf7e0ec679801393] 10.0.0.217 "GET /v2.0/networks/ae798200-42a2-4bbb-a828-4c87435b32b6?fields=segments HTTP/1.1" status: 200 len: 212 time: 0.0828230
2026-03-31 06:11:16.058 10 INFO neutron.wsgi [req-ec6a926b-65c6-4000-b2f9-b00f79a619f7 req-8120e4e6-0d17-45bb-839c-40cf8039d92a bf55a6de073745a6bcbdb2f1ff534e13 3d98a71b7a424de280b0aa60b942e473 - - edb1acb7a6e04cbeaf7e0ec679801393 edb1acb7a6e04cbeaf7e0ec679801393] 10.0.0.217 "GET /v2.0/networks/ae798200-42a2-4bbb-a828-4c87435b32b6?fields=provider%3Aphysical_network&fields=provider%3Anetwork_type HTTP/1.1" status: 200 len: 277 time: 0.0702472
2026-03-31 06:11:16.262 9 INFO neutron.wsgi [req-38c0d8d8-41a7-495c-8a9d-5f75af838a72 req-25160c3f-1148-4884-9575-cc959db847f4 8919618fd7d44924928094529ed74a42 e27110cd5fa543ecba4bb6b0810a5363 - - default default] 10.0.0.217 "GET /v2.0/ports?device_id=76261ac1-bb9d-4743-a79e-55d413282ac3 HTTP/1.1" status: 200 len: 210 time: 0.0191000
2026-03-31 06:11:17.032 9 INFO neutron.wsgi [req-ec6a926b-65c6-4000-b2f9-b00f79a619f7 req-560b8ce2-7ac4-4aac-9130-6822ef5ddbfd 8919618fd7d44924928094529ed74a42 e27110cd5fa543ecba4bb6b0810a5363 - - default default] 199.204.45.141 "GET /v2.0/networks?id=ae798200-42a2-4bbb-a828-4c87435b32b6 HTTP/1.1" status: 200 len: 904 time: 0.0737936
2026-03-31 06:11:17.098 9 INFO neutron.wsgi [req-ec6a926b-65c6-4000-b2f9-b00f79a619f7 req-df201fd6-b9ec-4e2d-8d59-61ef8b527d25 8919618fd7d44924928094529ed74a42 e27110cd5fa543ecba4bb6b0810a5363 - - default default] 199.204.45.141 "GET /v2.0/security-groups?fields=id&fields=name&tenant_id=e27110cd5fa543ecba4bb6b0810a5363 HTTP/1.1" status: 200 len: 377 time: 0.0551662
2026-03-31 06:11:17.166 10 INFO neutron.wsgi [-] 10.0.0.11 "GET / HTTP/1.1" status: 200 len: 247 time: 0.0027781
2026-03-31 06:11:17.169 10 INFO neutron.wsgi [-] 10.0.0.11 "GET / HTTP/1.1" status: 200 len: 247 time: 0.0016024
2026-03-31 06:11:17.502 9 WARNING neutron.scheduler.dhcp_agent_scheduler [req-ec6a926b-65c6-4000-b2f9-b00f79a619f7 req-bb0ab300-6ec0-4aaf-848a-c21d6d4ecbb7 8919618fd7d44924928094529ed74a42 e27110cd5fa543ecba4bb6b0810a5363 - - default default] No more DHCP agents
2026-03-31 06:11:17.506 9 WARNING neutron.api.rpc.agentnotifiers.dhcp_rpc_agent_api [req-ec6a926b-65c6-4000-b2f9-b00f79a619f7 req-bb0ab300-6ec0-4aaf-848a-c21d6d4ecbb7 8919618fd7d44924928094529ed74a42 e27110cd5fa543ecba4bb6b0810a5363 - - default default] Unable to schedule network ae798200-42a2-4bbb-a828-4c87435b32b6: no agents available; will retry on subsequent port and subnet creation events.
2026-03-31 06:11:17.688 9 INFO neutron.db.ovn_revision_numbers_db [req-ec6a926b-65c6-4000-b2f9-b00f79a619f7 req-bb0ab300-6ec0-4aaf-848a-c21d6d4ecbb7 8919618fd7d44924928094529ed74a42 e27110cd5fa543ecba4bb6b0810a5363 - - default default] Successfully bumped revision number for resource 7bea5fcf-4625-4e09-b75f-153ad8e4a45c (type: ports) to 1
2026-03-31 06:11:17.716 9 INFO neutron.wsgi [req-ec6a926b-65c6-4000-b2f9-b00f79a619f7 req-bb0ab300-6ec0-4aaf-848a-c21d6d4ecbb7 8919618fd7d44924928094529ed74a42 e27110cd5fa543ecba4bb6b0810a5363 - - default default] 199.204.45.141 "POST /v2.0/ports HTTP/1.1" status: 201 len: 1388 time: 0.6145692 /var/lib/openstack/lib/python3.10/site-packages/pycadf/identifier.py:71: UserWarning: Invalid uuid: neutron. To ensure interoperability, identifiers should be a valid uuid. warnings.warn(('Invalid uuid: %s. To ensure interoperability, '
2026-03-31 06:11:18.094 10 WARNING neutron.plugins.ml2.drivers.ovn.mech_driver.ovsdb.ovn_client [None req-0a8392ec-56c7-48f2-b6ea-75c30f804bda - - - - - -] No hosting information found for port 4247775d-d315-43a1-8bf9-5991c1c8fa48: RuntimeError: No hosting information found for port 4247775d-d315-43a1-8bf9-5991c1c8fa48
2026-03-31 06:11:18.095 10 INFO neutron.plugins.ml2.drivers.ovn.mech_driver.mech_driver [None req-0a8392ec-56c7-48f2-b6ea-75c30f804bda - - - - - -] OVN reports status up for port: c2932d3b-d5ec-481c-bcd9-8e1c3a9d9ec6
2026-03-31 06:11:18.102 10 INFO neutron.plugins.ml2.plugin [None req-0a8392ec-56c7-48f2-b6ea-75c30f804bda - - - - - -] Attempt 1 to provision port c2932d3b-d5ec-481c-bcd9-8e1c3a9d9ec6
2026-03-31 06:11:18.219 9 INFO neutron.db.ovn_revision_numbers_db [req-ec6a926b-65c6-4000-b2f9-b00f79a619f7 req-e1f6bb0f-a9cc-42e7-9147-125119951abe bf55a6de073745a6bcbdb2f1ff534e13 3d98a71b7a424de280b0aa60b942e473 - - edb1acb7a6e04cbeaf7e0ec679801393 edb1acb7a6e04cbeaf7e0ec679801393] Successfully bumped revision number for resource 7bea5fcf-4625-4e09-b75f-153ad8e4a45c (type: ports) to 2
2026-03-31 06:11:18.439 10 INFO neutron.db.ovn_revision_numbers_db [None req-0a8392ec-56c7-48f2-b6ea-75c30f804bda - - - - - -] Successfully bumped revision number for resource c2932d3b-d5ec-481c-bcd9-8e1c3a9d9ec6 (type: ports) to 2
2026-03-31 06:11:18.453 9 INFO neutron.db.ovn_revision_numbers_db [req-ec6a926b-65c6-4000-b2f9-b00f79a619f7 req-e1f6bb0f-a9cc-42e7-9147-125119951abe bf55a6de073745a6bcbdb2f1ff534e13 3d98a71b7a424de280b0aa60b942e473 - - edb1acb7a6e04cbeaf7e0ec679801393 edb1acb7a6e04cbeaf7e0ec679801393] Successfully bumped revision number for resource 7bea5fcf-4625-4e09-b75f-153ad8e4a45c (type: ports) to 2
2026-03-31 06:11:18.470 9 INFO neutron.wsgi [req-ec6a926b-65c6-4000-b2f9-b00f79a619f7 req-e1f6bb0f-a9cc-42e7-9147-125119951abe bf55a6de073745a6bcbdb2f1ff534e13 3d98a71b7a424de280b0aa60b942e473 - - edb1acb7a6e04cbeaf7e0ec679801393 edb1acb7a6e04cbeaf7e0ec679801393] 199.204.45.141 "PUT /v2.0/ports/7bea5fcf-4625-4e09-b75f-153ad8e4a45c HTTP/1.1" status: 200 len: 1605 time: 0.7434928 /var/lib/openstack/lib/python3.10/site-packages/pycadf/identifier.py:71: UserWarning: Invalid uuid: neutron. To ensure interoperability, identifiers should be a valid uuid. warnings.warn(('Invalid uuid: %s. To ensure interoperability, '
2026-03-31 06:11:18.522 9 INFO neutron.notifiers.nova [-] Nova event matching ['req-028a8d74-194e-4096-8c1c-0b84b0c762c7'] response: {'name': 'network-changed', 'server_uuid': '76261ac1-bb9d-4743-a79e-55d413282ac3', 'tag': '7bea5fcf-4625-4e09-b75f-153ad8e4a45c', 'status': 'completed', 'code': 200}
2026-03-31 06:11:18.554 9 INFO neutron.wsgi [req-ec6a926b-65c6-4000-b2f9-b00f79a619f7 req-62eaeaed-0e0a-4604-9af8-8914a5be27e9 bf55a6de073745a6bcbdb2f1ff534e13 3d98a71b7a424de280b0aa60b942e473 - - edb1acb7a6e04cbeaf7e0ec679801393 edb1acb7a6e04cbeaf7e0ec679801393] 199.204.45.141 "GET /v2.0/ports?tenant_id=e27110cd5fa543ecba4bb6b0810a5363&device_id=76261ac1-bb9d-4743-a79e-55d413282ac3 HTTP/1.1" status: 200 len: 1636 time: 0.0440619
2026-03-31 06:11:18.584 9 INFO neutron.wsgi [req-ec6a926b-65c6-4000-b2f9-b00f79a619f7 req-418d3f3a-082e-4912-a3ab-80dcb15dd5c3 bf55a6de073745a6bcbdb2f1ff534e13 3d98a71b7a424de280b0aa60b942e473 - - edb1acb7a6e04cbeaf7e0ec679801393 edb1acb7a6e04cbeaf7e0ec679801393] 199.204.45.141 "GET /v2.0/floatingips?fixed_ip_address=10.2.1.182&port_id=7bea5fcf-4625-4e09-b75f-153ad8e4a45c HTTP/1.1" status: 200 len: 217 time: 0.0236561
2026-03-31 06:11:18.587 10 INFO neutron.db.ovn_revision_numbers_db [None req-0a8392ec-56c7-48f2-b6ea-75c30f804bda - - - - - -] Successfully bumped revision number for resource c2932d3b-d5ec-481c-bcd9-8e1c3a9d9ec6 (type: router_ports) to 2
2026-03-31 06:11:18.619 9 INFO neutron.wsgi [req-ec6a926b-65c6-4000-b2f9-b00f79a619f7 req-835181b0-d6ba-4c36-9f51-0007f175a872 bf55a6de073745a6bcbdb2f1ff534e13 3d98a71b7a424de280b0aa60b942e473 - - edb1acb7a6e04cbeaf7e0ec679801393 edb1acb7a6e04cbeaf7e0ec679801393] 199.204.45.141 "GET /v2.0/floatingips?fixed_ip_address=fd7b%3Af9f7%3Afff%3A4eca%3A%3A382&port_id=7bea5fcf-4625-4e09-b75f-153ad8e4a45c HTTP/1.1" status: 200 len: 217 time: 0.0283496
2026-03-31 06:11:18.661 9 INFO neutron.wsgi [req-ec6a926b-65c6-4000-b2f9-b00f79a619f7 req-e5a51c38-ed30-44f4-a7e0-dbf9020a0d67 bf55a6de073745a6bcbdb2f1ff534e13 3d98a71b7a424de280b0aa60b942e473 - - edb1acb7a6e04cbeaf7e0ec679801393 edb1acb7a6e04cbeaf7e0ec679801393] 199.204.45.141 "GET /v2.0/subnets?id=452929fc-97a2-4427-a1bb-032cdf9408f0&id=566f170c-fa23-40fd-a66e-0ce3b07e2e38 HTTP/1.1" status: 200 len: 1562 time: 0.0356307
2026-03-31 06:11:18.689 9 INFO neutron.wsgi [req-ec6a926b-65c6-4000-b2f9-b00f79a619f7 req-61a1c2b8-7ebe-4060-906f-1e785702e50f bf55a6de073745a6bcbdb2f1ff534e13 3d98a71b7a424de280b0aa60b942e473 - - edb1acb7a6e04cbeaf7e0ec679801393 edb1acb7a6e04cbeaf7e0ec679801393] 199.204.45.141 "GET /v2.0/ports?network_id=ae798200-42a2-4bbb-a828-4c87435b32b6&device_owner=network%3Adhcp HTTP/1.1" status: 200 len: 210 time: 0.0204456
2026-03-31 06:11:18.718 9 INFO neutron.wsgi [req-ec6a926b-65c6-4000-b2f9-b00f79a619f7 req-d5260471-26e8-4468-9ce2-bf88633484ae bf55a6de073745a6bcbdb2f1ff534e13 3d98a71b7a424de280b0aa60b942e473 - - edb1acb7a6e04cbeaf7e0ec679801393 edb1acb7a6e04cbeaf7e0ec679801393] 199.204.45.141 "GET /v2.0/ports?network_id=ae798200-42a2-4bbb-a828-4c87435b32b6&device_owner=network%3Adhcp HTTP/1.1" status: 200 len: 210 time: 0.0220351
2026-03-31 06:11:19.020 9 INFO neutron.wsgi [req-ec6a926b-65c6-4000-b2f9-b00f79a619f7 req-db7d7207-bfe5-455c-bbd7-9ac2c8df86da bf55a6de073745a6bcbdb2f1ff534e13 3d98a71b7a424de280b0aa60b942e473 - - edb1acb7a6e04cbeaf7e0ec679801393 edb1acb7a6e04cbeaf7e0ec679801393] 199.204.45.141 "GET /v2.0/networks/ae798200-42a2-4bbb-a828-4c87435b32b6?fields=segments HTTP/1.1" status: 200 len: 212 time: 0.2930436
2026-03-31 06:11:19.090 9 INFO neutron.wsgi [req-ec6a926b-65c6-4000-b2f9-b00f79a619f7 req-64fa6b23-3c12-471a-aa2d-2c43d46b0a76 bf55a6de073745a6bcbdb2f1ff534e13 3d98a71b7a424de280b0aa60b942e473 - - edb1acb7a6e04cbeaf7e0ec679801393 edb1acb7a6e04cbeaf7e0ec679801393] 199.204.45.141 "GET /v2.0/networks/ae798200-42a2-4bbb-a828-4c87435b32b6?fields=provider%3Aphysical_network&fields=provider%3Anetwork_type HTTP/1.1" status: 200 len: 277 time: 0.0624962
2026-03-31 06:11:19.177 9 INFO neutron.wsgi [req-4dd3b960-e98a-4484-afc6-b0aae0275b50 req-b4f917e7-d80d-461d-b4ac-a3efe0c1c0c7 bf55a6de073745a6bcbdb2f1ff534e13 3d98a71b7a424de280b0aa60b942e473 - - edb1acb7a6e04cbeaf7e0ec679801393 edb1acb7a6e04cbeaf7e0ec679801393] 199.204.45.141 "GET /v2.0/ports?tenant_id=e27110cd5fa543ecba4bb6b0810a5363&device_id=76261ac1-bb9d-4743-a79e-55d413282ac3 HTTP/1.1" status: 200 len: 1636 time: 0.0401838
2026-03-31 06:11:19.250 9 INFO neutron.wsgi [req-4dd3b960-e98a-4484-afc6-b0aae0275b50 req-ecbe18ad-860c-4dec-9f94-77018724e33a bf55a6de073745a6bcbdb2f1ff534e13 3d98a71b7a424de280b0aa60b942e473 - - edb1acb7a6e04cbeaf7e0ec679801393 edb1acb7a6e04cbeaf7e0ec679801393] 199.204.45.141 "GET /v2.0/networks?id=ae798200-42a2-4bbb-a828-4c87435b32b6 HTTP/1.1" status: 200 len: 1002 time: 0.0666561
2026-03-31 06:11:19.286 9 INFO neutron.wsgi [req-4dd3b960-e98a-4484-afc6-b0aae0275b50 req-dd9489ca-d1d5-47d3-b064-0fc8bbfa770e bf55a6de073745a6bcbdb2f1ff534e13 3d98a71b7a424de280b0aa60b942e473 - - edb1acb7a6e04cbeaf7e0ec679801393 edb1acb7a6e04cbeaf7e0ec679801393] 199.204.45.141 "GET /v2.0/floatingips?fixed_ip_address=10.2.1.182&port_id=7bea5fcf-4625-4e09-b75f-153ad8e4a45c HTTP/1.1" status: 200 len: 217 time: 0.0281572
