2026-03-31 06:09:55.503 10 INFO neutron.wsgi [req-bc9c064f-f451-44f7-b283-76d088bdabc2 req-2fb428e6-0bdd-46e5-9264-0a861a5773ea c2b387c6744d4ba18a0de426fcfb7114 9f34d1c2448244679804510a7edcf0e6 - - default default] 10.0.0.217 "GET /v2.0/ports?tenant_id=9f34d1c2448244679804510a7edcf0e6&fields=id HTTP/1.1" status: 200 len: 302 time: 0.1742325
2026-03-31 06:09:55.621 10 INFO neutron.wsgi [None req-dbdc8a4c-1b8c-4646-8608-85de000c2dbd cc621de00d21409eada44fd6085930ac 78f7c67c2752405786e8cbf2660fe6cb - - default default] 10.0.0.91 "DELETE /v2.0/security-groups/443efa79-08ec-41fa-85b5-f639a5212238 HTTP/1.1" status: 204 len: 168 time: 0.5826690
2026-03-31 06:09:55.626 10 INFO neutron.wsgi [req-bc9c064f-f451-44f7-b283-76d088bdabc2 req-4a95a34e-31b8-47b2-9e60-072002e806a0 bf55a6de073745a6bcbdb2f1ff534e13 3d98a71b7a424de280b0aa60b942e473 - - edb1acb7a6e04cbeaf7e0ec679801393 edb1acb7a6e04cbeaf7e0ec679801393] 10.0.0.217 "GET /v2.0/networks/57850f91-3ed8-4d16-bfd7-f3ed83d2fd3b?fields=segments HTTP/1.1" status: 200 len: 212 time: 0.1063311
2026-03-31 06:09:55.732 10 INFO neutron.wsgi [None req-3b4c2641-aba8-427d-862a-493f2a3cc0cf cc621de00d21409eada44fd6085930ac 78f7c67c2752405786e8cbf2660fe6cb - - default default] 10.0.0.91 "DELETE /v2.0/security-groups/c26db723-feea-4777-8b4c-6bf42958cffb HTTP/1.1" status: 204 len: 168 time: 0.6270547
2026-03-31 06:09:55.782 10 INFO neutron.wsgi [req-bc9c064f-f451-44f7-b283-76d088bdabc2 req-cf3a797b-6879-4498-a9c5-44c1edf3e104 bf55a6de073745a6bcbdb2f1ff534e13 3d98a71b7a424de280b0aa60b942e473 - - edb1acb7a6e04cbeaf7e0ec679801393 edb1acb7a6e04cbeaf7e0ec679801393] 10.0.0.217 "GET /v2.0/networks/57850f91-3ed8-4d16-bfd7-f3ed83d2fd3b?fields=provider%3Aphysical_network&fields=provider%3Anetwork_type HTTP/1.1" status: 200 len: 277 time: 0.1456177
2026-03-31 06:09:55.879 9 INFO neutron.db.ovn_revision_numbers_db [None req-de8621b1-5739-467e-88a9-2fae70fe8429 cc621de00d21409eada44fd6085930ac 78f7c67c2752405786e8cbf2660fe6cb - - default default] Successfully bumped revision number for resource 79f856b7-0386-4d25-8d8f-7e895e2fa809 (type: security_groups) to 1
2026-03-31 06:09:55.899 9 INFO neutron.db.ovn_revision_numbers_db [None req-de8621b1-5739-467e-88a9-2fae70fe8429 cc621de00d21409eada44fd6085930ac 78f7c67c2752405786e8cbf2660fe6cb - - default default] Successfully bumped revision number for resource 00d50e3c-b563-471b-87fa-521cd10955c1 (type: security_group_rules) to 0
2026-03-31 06:09:55.935 9 INFO neutron.wsgi [req-44c1d30f-4cce-425b-a7dd-3b7460089993 req-31ce3a33-ad11-41f8-8883-74b6994bace8 c2b387c6744d4ba18a0de426fcfb7114 9f34d1c2448244679804510a7edcf0e6 - - default default] 10.0.0.217 "GET /v2.0/ports?device_id=c4157478-6c4e-4e41-b514-518c3f48d8b8 HTTP/1.1" status: 200 len: 210 time: 0.0251837
2026-03-31 06:09:55.935 9 INFO neutron.db.ovn_revision_numbers_db [None req-de8621b1-5739-467e-88a9-2fae70fe8429 cc621de00d21409eada44fd6085930ac 78f7c67c2752405786e8cbf2660fe6cb - - default default] Successfully bumped revision number for resource 31abbc4a-c283-4045-a887-9c1e6b5cd76f (type: security_group_rules) to 0
2026-03-31 06:09:55.950 9 INFO neutron.db.ovn_revision_numbers_db [None req-de8621b1-5739-467e-88a9-2fae70fe8429 cc621de00d21409eada44fd6085930ac 78f7c67c2752405786e8cbf2660fe6cb - - default default] Successfully bumped revision number for resource 45db3af5-b8c8-4757-85d1-8635771df971 (type: security_group_rules) to 0
2026-03-31 06:09:55.970 9 INFO neutron.db.ovn_revision_numbers_db [None req-de8621b1-5739-467e-88a9-2fae70fe8429 cc621de00d21409eada44fd6085930ac 78f7c67c2752405786e8cbf2660fe6cb - - default default] Successfully bumped revision number for resource e831f773-14c0-46df-a308-710e0ff33f76 (type: security_group_rules) to 0
2026-03-31 06:09:55.979 10 INFO neutron.wsgi [None req-df22e0c0-d9f9-42e7-84ab-9270da049ac9 cc621de00d21409eada44fd6085930ac 78f7c67c2752405786e8cbf2660fe6cb - - default default] 10.0.0.91 "GET /v2.0/security-groups?tenant_id=270ebb85fbb846adb4136556de0b8d70&name=default HTTP/1.1" status: 200 len: 2996 time: 0.0603192
2026-03-31 06:09:56.006 9 INFO neutron.wsgi [None req-de8621b1-5739-467e-88a9-2fae70fe8429 cc621de00d21409eada44fd6085930ac 78f7c67c2752405786e8cbf2660fe6cb - - default default] 10.0.0.91 "GET /v2.0/security-groups?tenant_id=95400fca0c8640169e298bfcaa1db749&name=default HTTP/1.1" status: 200 len: 2996 time: 0.2529128
2026-03-31 06:09:56.056 9 INFO neutron.services.segments.plugin [-] Segment e0282901-0141-4a6e-8165-f5fbd6bacc98 resource provider aggregate not found
2026-03-31 06:09:56.064 9 INFO neutron.services.segments.plugin [-] Segment e0282901-0141-4a6e-8165-f5fbd6bacc98 resource provider aggregate not found
2026-03-31 06:09:56.077 9 INFO neutron.services.segments.plugin [-] Segment e0282901-0141-4a6e-8165-f5fbd6bacc98 resource provider not found; error: Placement Client Error (4xx): {"errors": [{"status": 404, "title": "Not Found", "detail": "The resource could not be found.\n\n No resource provider with uuid e0282901-0141-4a6e-8165-f5fbd6bacc98 found for delete ", "request_id": "req-f25572a4-ff08-4da5-ad3b-48aee4001f22"}]}
2026-03-31 06:09:56.084 9 INFO neutron.services.segments.plugin [-] Segment e0282901-0141-4a6e-8165-f5fbd6bacc98 resource provider not found; error: Placement Client Error (4xx): {"errors": [{"status": 404, "title": "Not Found", "detail": "The resource could not be found.\n\n No resource provider with uuid e0282901-0141-4a6e-8165-f5fbd6bacc98 found for delete ", "request_id": "req-841502bf-ba73-4f3e-95ce-5dc8abbba24d"}]}
2026-03-31 06:09:56.292 9 INFO neutron.wsgi [None req-17e7bf9d-b6a8-409b-9bf7-1b42a49249e6 cc621de00d21409eada44fd6085930ac 78f7c67c2752405786e8cbf2660fe6cb - - default default] 10.0.0.91 "DELETE /v2.0/security-groups/79f856b7-0386-4d25-8d8f-7e895e2fa809 HTTP/1.1" status: 204 len: 168 time: 0.2773247
2026-03-31 06:09:56.353 10 INFO neutron.wsgi [None req-28c326b4-ef14-44d6-8ba7-a684089cf842 cc621de00d21409eada44fd6085930ac 78f7c67c2752405786e8cbf2660fe6cb - - default default] 10.0.0.91 "DELETE /v2.0/security-groups/076232b7-6031-411b-a6b7-8faabf9e6c17 HTTP/1.1" status: 204 len: 168 time: 0.3666284
2026-03-31 06:09:56.647 9 INFO neutron.db.ovn_revision_numbers_db [None req-4ba99ca3-238c-4688-95b5-0bbdd52945ef cc621de00d21409eada44fd6085930ac 78f7c67c2752405786e8cbf2660fe6cb - - default default] Successfully bumped revision number for resource b7404e2e-cbe4-4343-b385-911564e184e9 (type: security_groups) to 1
2026-03-31 06:09:56.674 9 INFO neutron.db.ovn_revision_numbers_db [None req-4ba99ca3-238c-4688-95b5-0bbdd52945ef cc621de00d21409eada44fd6085930ac 78f7c67c2752405786e8cbf2660fe6cb - - default default] Successfully bumped revision number for resource 05cf8116-6801-4967-a602-acd6aa707e54 (type: security_group_rules) to 0
2026-03-31 06:09:56.698 10 INFO neutron.wsgi [None req-3a5269de-721f-44bc-83e8-b687e300ade4 cc621de00d21409eada44fd6085930ac 78f7c67c2752405786e8cbf2660fe6cb - - default default] 10.0.0.91 "PUT /v2.0/routers/9d8d9cbe-8c58-4590-8608-90d59189bd31/remove_router_interface HTTP/1.1" status: 200 len: 503 time: 1.5850699
2026-03-31 06:09:56.699 9 INFO neutron.wsgi [req-bc9c064f-f451-44f7-b283-76d088bdabc2 req-8288dd7a-db19-478c-83ce-f249261ed8cb c2b387c6744d4ba18a0de426fcfb7114 9f34d1c2448244679804510a7edcf0e6 - - default default] 199.204.45.141 "GET /v2.0/networks?id=57850f91-3ed8-4d16-bfd7-f3ed83d2fd3b HTTP/1.1" status: 200 len: 871 time: 0.0811787
2026-03-31 06:09:56.701 9 INFO neutron.db.ovn_revision_numbers_db [None req-4ba99ca3-238c-4688-95b5-0bbdd52945ef cc621de00d21409eada44fd6085930ac 78f7c67c2752405786e8cbf2660fe6cb - - default default] Successfully bumped revision number for resource 393f122d-4410-4677-b250-d7e195930833 (type: security_group_rules) to 0 /var/lib/openstack/lib/python3.10/site-packages/pycadf/identifier.py:71: UserWarning: Invalid uuid: neutron. To ensure interoperability, identifiers should be a valid uuid. warnings.warn(('Invalid uuid: %s. To ensure interoperability, '
2026-03-31 06:09:56.729 9 INFO neutron.db.ovn_revision_numbers_db [None req-4ba99ca3-238c-4688-95b5-0bbdd52945ef cc621de00d21409eada44fd6085930ac 78f7c67c2752405786e8cbf2660fe6cb - - default default] Successfully bumped revision number for resource 52258662-7b82-4da0-aaf4-d7240bdd5495 (type: security_group_rules) to 0
2026-03-31 06:09:56.770 9 INFO neutron.db.ovn_revision_numbers_db [None req-4ba99ca3-238c-4688-95b5-0bbdd52945ef cc621de00d21409eada44fd6085930ac 78f7c67c2752405786e8cbf2660fe6cb - - default default] Successfully bumped revision number for resource e2f47d30-6094-48c8-97da-72305e3708fb (type: security_group_rules) to 0
2026-03-31 06:09:56.802 9 INFO neutron.wsgi [None req-4ba99ca3-238c-4688-95b5-0bbdd52945ef cc621de00d21409eada44fd6085930ac 78f7c67c2752405786e8cbf2660fe6cb - - default default] 10.0.0.91 "GET /v2.0/security-groups?tenant_id=507bdd326ce947a787a970e36cac0855&name=default HTTP/1.1" status: 200 len: 2996 time: 0.3208261
2026-03-31 06:09:57.043 10 INFO neutron.wsgi [req-bd83080e-5553-44dc-aa0a-bea05e4dbd24 req-365d3f28-2dc3-462d-8879-557ccb798377 c2b387c6744d4ba18a0de426fcfb7114 9f34d1c2448244679804510a7edcf0e6 - - default default] 10.0.0.217 "GET /v2.0/ports?device_id=c4157478-6c4e-4e41-b514-518c3f48d8b8 HTTP/1.1" status: 200 len: 210 time: 0.0393736
2026-03-31 06:09:57.138 9 WARNING neutron.scheduler.dhcp_agent_scheduler [req-bc9c064f-f451-44f7-b283-76d088bdabc2 req-915087ed-0df4-4644-a2b0-7fd498f578e0 c2b387c6744d4ba18a0de426fcfb7114 9f34d1c2448244679804510a7edcf0e6 - - default default] No more DHCP agents
2026-03-31 06:09:57.145 9 INFO neutron.wsgi [None req-0ac7469d-67f3-48e4-9cd0-645d577e72e8 cc621de00d21409eada44fd6085930ac 78f7c67c2752405786e8cbf2660fe6cb - - default default] 10.0.0.91 "DELETE /v2.0/security-groups/b7404e2e-cbe4-4343-b385-911564e184e9 HTTP/1.1" status: 204 len: 168 time: 0.3311753
2026-03-31 06:09:57.146 9 WARNING neutron.api.rpc.agentnotifiers.dhcp_rpc_agent_api [req-bc9c064f-f451-44f7-b283-76d088bdabc2 req-915087ed-0df4-4644-a2b0-7fd498f578e0 c2b387c6744d4ba18a0de426fcfb7114 9f34d1c2448244679804510a7edcf0e6 - - default default] Unable to schedule network 57850f91-3ed8-4d16-bfd7-f3ed83d2fd3b: no agents available; will retry on subsequent port and subnet creation events.
2026-03-31 06:09:57.310 9 INFO neutron.db.ovn_revision_numbers_db [req-bc9c064f-f451-44f7-b283-76d088bdabc2 req-915087ed-0df4-4644-a2b0-7fd498f578e0 c2b387c6744d4ba18a0de426fcfb7114 9f34d1c2448244679804510a7edcf0e6 - - default default] Successfully bumped revision number for resource 90ad9c74-fca0-4bbb-8838-97da2d50791a (type: ports) to 1
2026-03-31 06:09:57.336 9 INFO neutron.wsgi [req-bc9c064f-f451-44f7-b283-76d088bdabc2 req-915087ed-0df4-4644-a2b0-7fd498f578e0 c2b387c6744d4ba18a0de426fcfb7114 9f34d1c2448244679804510a7edcf0e6 - - default default] 199.204.45.141 "POST /v2.0/ports HTTP/1.1" status: 201 len: 1158 time: 0.6290300 /var/lib/openstack/lib/python3.10/site-packages/pycadf/identifier.py:71: UserWarning: Invalid uuid: neutron. To ensure interoperability, identifiers should be a valid uuid. warnings.warn(('Invalid uuid: %s. To ensure interoperability, '
2026-03-31 06:09:57.851 9 INFO neutron.db.ovn_revision_numbers_db [req-bc9c064f-f451-44f7-b283-76d088bdabc2 req-ae80b2ce-885a-4836-be7a-2cb1b1994cc2 bf55a6de073745a6bcbdb2f1ff534e13 3d98a71b7a424de280b0aa60b942e473 - - edb1acb7a6e04cbeaf7e0ec679801393 edb1acb7a6e04cbeaf7e0ec679801393] Successfully bumped revision number for resource 90ad9c74-fca0-4bbb-8838-97da2d50791a (type: ports) to 2
2026-03-31 06:09:57.871 10 WARNING neutron.plugins.ml2.drivers.ovn.mech_driver.ovsdb.ovn_client [None req-0a8392ec-56c7-48f2-b6ea-75c30f804bda - - - - - -] No hosting information found for port ebd529cc-f73b-4151-aa6a-876be673bddc: RuntimeError: No hosting information found for port ebd529cc-f73b-4151-aa6a-876be673bddc
2026-03-31 06:09:57.912 10 INFO neutron.wsgi [None req-74fafa2e-990d-4761-bca4-07db2f0da95c cc621de00d21409eada44fd6085930ac 78f7c67c2752405786e8cbf2660fe6cb - - default default] 10.0.0.91 "DELETE /v2.0/routers/9d8d9cbe-8c58-4590-8608-90d59189bd31 HTTP/1.1" status: 204 len: 168 time: 1.2064168
2026-03-31 06:09:58.093 9 INFO neutron.db.ovn_revision_numbers_db [req-bc9c064f-f451-44f7-b283-76d088bdabc2 req-ae80b2ce-885a-4836-be7a-2cb1b1994cc2 bf55a6de073745a6bcbdb2f1ff534e13 3d98a71b7a424de280b0aa60b942e473 - - edb1acb7a6e04cbeaf7e0ec679801393 edb1acb7a6e04cbeaf7e0ec679801393] Successfully bumped revision number for resource 90ad9c74-fca0-4bbb-8838-97da2d50791a (type: ports) to 2
2026-03-31 06:09:58.113 9 INFO neutron.wsgi [req-bc9c064f-f451-44f7-b283-76d088bdabc2 req-ae80b2ce-885a-4836-be7a-2cb1b1994cc2 bf55a6de073745a6bcbdb2f1ff534e13 3d98a71b7a424de280b0aa60b942e473 - - edb1acb7a6e04cbeaf7e0ec679801393 edb1acb7a6e04cbeaf7e0ec679801393] 199.204.45.141 "PUT /v2.0/ports/90ad9c74-fca0-4bbb-8838-97da2d50791a HTTP/1.1" status: 200 len: 1376 time: 0.7696862 /var/lib/openstack/lib/python3.10/site-packages/pycadf/identifier.py:71: UserWarning: Invalid uuid: neutron. To ensure interoperability, identifiers should be a valid uuid. warnings.warn(('Invalid uuid: %s. To ensure interoperability, '
2026-03-31 06:09:58.176 9 INFO neutron.notifiers.nova [-] Nova event matching ['req-c7769566-c978-4074-b9db-cd65e1971dcb'] response: {'name': 'network-changed', 'server_uuid': 'c4157478-6c4e-4e41-b514-518c3f48d8b8', 'tag': '90ad9c74-fca0-4bbb-8838-97da2d50791a', 'status': 'completed', 'code': 200}
2026-03-31 06:09:58.186 10 INFO neutron.wsgi [None req-2bebf007-dbd5-4e0f-9f3c-3ed984ba0a64 cc621de00d21409eada44fd6085930ac 78f7c67c2752405786e8cbf2660fe6cb - - default default] 10.0.0.91 "DELETE /v2.0/subnets/b2a4a128-e5d0-4ca7-91bd-5bee572aba2a HTTP/1.1" status: 204 len: 168 time: 0.2690830
2026-03-31 06:09:58.220 9 INFO neutron.wsgi [req-bc9c064f-f451-44f7-b283-76d088bdabc2 req-ab157f6e-a3d4-470f-8e26-99f2b9ad607c bf55a6de073745a6bcbdb2f1ff534e13 3d98a71b7a424de280b0aa60b942e473 - - edb1acb7a6e04cbeaf7e0ec679801393 edb1acb7a6e04cbeaf7e0ec679801393] 199.204.45.141 "GET /v2.0/ports?tenant_id=9f34d1c2448244679804510a7edcf0e6&device_id=c4157478-6c4e-4e41-b514-518c3f48d8b8 HTTP/1.1" status: 200 len: 1407 time: 0.0576093
2026-03-31 06:09:58.256 9 INFO neutron.wsgi [req-bc9c064f-f451-44f7-b283-76d088bdabc2 req-ca6f69ae-0f50-4dd8-a5a1-69fa5d73889a bf55a6de073745a6bcbdb2f1ff534e13 3d98a71b7a424de280b0aa60b942e473 - - edb1acb7a6e04cbeaf7e0ec679801393 edb1acb7a6e04cbeaf7e0ec679801393] 199.204.45.141 "GET /v2.0/floatingips?fixed_ip_address=10.100.0.4&port_id=90ad9c74-fca0-4bbb-8838-97da2d50791a HTTP/1.1" status: 200 len: 217 time: 0.0292692
2026-03-31 06:09:58.294 9 INFO neutron.wsgi [req-09d7770f-a7ce-4238-996b-877172a4ccc4 req-cfe4ffb4-6a4c-48d2-9860-02e521c46310 c2b387c6744d4ba18a0de426fcfb7114 9f34d1c2448244679804510a7edcf0e6 - - default default] 10.0.0.217 "GET /v2.0/ports?device_id=c4157478-6c4e-4e41-b514-518c3f48d8b8 HTTP/1.1" status: 200 len: 1168 time: 0.1708715
2026-03-31 06:09:58.302 9 INFO neutron.wsgi [req-bc9c064f-f451-44f7-b283-76d088bdabc2 req-fe5e60c3-dd83-4aa3-ac1f-0349cff4d380 bf55a6de073745a6bcbdb2f1ff534e13 3d98a71b7a424de280b0aa60b942e473 - - edb1acb7a6e04cbeaf7e0ec679801393 edb1acb7a6e04cbeaf7e0ec679801393] 199.204.45.141 "GET /v2.0/subnets?id=fdd29321-31af-4e42-a29b-698e0ebdf9a1 HTTP/1.1" status: 200 len: 865 time: 0.0409436
2026-03-31 06:09:58.342 9 INFO neutron.wsgi [req-bc9c064f-f451-44f7-b283-76d088bdabc2 req-49cb74a6-c494-4b11-ab9a-a2b65b3f9368 bf55a6de073745a6bcbdb2f1ff534e13 3d98a71b7a424de280b0aa60b942e473 - - edb1acb7a6e04cbeaf7e0ec679801393 edb1acb7a6e04cbeaf7e0ec679801393] 199.204.45.141 "GET /v2.0/ports?network_id=57850f91-3ed8-4d16-bfd7-f3ed83d2fd3b&device_owner=network%3Adhcp HTTP/1.1" status: 200 len: 210 time: 0.0319498
2026-03-31 06:09:58.410 9 INFO neutron.wsgi [req-09d7770f-a7ce-4238-996b-877172a4ccc4 req-42e40ffb-bfdf-4a14-946a-84d8f44bee49 c2b387c6744d4ba18a0de426fcfb7114 9f34d1c2448244679804510a7edcf0e6 - - default default] 10.0.0.217 "GET /v2.0/security-groups?id=30b55247-e6b6-45b7-b946-00dd2d93f553&fields=id&fields=name HTTP/1.1" status: 200 len: 286 time: 0.1072714
2026-03-31 06:09:58.420 9 INFO neutron.wsgi [req-bc9c064f-f451-44f7-b283-76d088bdabc2 req-57f4a3c1-2092-4013-af0b-8765dda92878 bf55a6de073745a6bcbdb2f1ff534e13 3d98a71b7a424de280b0aa60b942e473 - - edb1acb7a6e04cbeaf7e0ec679801393 edb1acb7a6e04cbeaf7e0ec679801393] 199.204.45.141 "GET /v2.0/networks/57850f91-3ed8-4d16-bfd7-f3ed83d2fd3b?fields=segments HTTP/1.1" status: 200 len: 212 time: 0.0706778
2026-03-31 06:09:58.506 9 INFO neutron.wsgi [req-bc9c064f-f451-44f7-b283-76d088bdabc2 req-a847b9a0-8e62-4cd6-bf56-66a1b244eb16 bf55a6de073745a6bcbdb2f1ff534e13 3d98a71b7a424de280b0aa60b942e473 - - edb1acb7a6e04cbeaf7e0ec679801393 edb1acb7a6e04cbeaf7e0ec679801393] 199.204.45.141 "GET /v2.0/networks/57850f91-3ed8-4d16-bfd7-f3ed83d2fd3b?fields=provider%3Aphysical_network&fields=provider%3Anetwork_type HTTP/1.1" status: 200 len: 277 time: 0.0790031
2026-03-31 06:09:58.585 9 INFO neutron.wsgi [req-53c9bf1c-8367-4ea9-828d-c21ca7a1e205 req-a56f793f-d0c9-4e42-994e-51e23ff076a7 bf55a6de073745a6bcbdb2f1ff534e13 3d98a71b7a424de280b0aa60b942e473 - - edb1acb7a6e04cbeaf7e0ec679801393 edb1acb7a6e04cbeaf7e0ec679801393] 199.204.45.141 "GET /v2.0/ports?tenant_id=9f34d1c2448244679804510a7edcf0e6&device_id=c4157478-6c4e-4e41-b514-518c3f48d8b8 HTTP/1.1" status: 200 len: 1407 time: 0.0344353
2026-03-31 06:09:58.607 10 INFO neutron.services.segments.plugin [-] Segment b660cbfe-6d06-40c1-a503-92ea62e90b8d resource provider aggregate not found
2026-03-31 06:09:58.613 10 INFO neutron.services.segments.plugin [-] Segment b660cbfe-6d06-40c1-a503-92ea62e90b8d resource provider aggregate not found
2026-03-31 06:09:58.632 10 INFO neutron.services.segments.plugin [-] Segment b660cbfe-6d06-40c1-a503-92ea62e90b8d resource provider not found; error: Placement Client Error (4xx): {"errors": [{"status": 404, "title": "Not Found", "detail": "The resource could not be found.\n\n No resource provider with uuid b660cbfe-6d06-40c1-a503-92ea62e90b8d found for delete ", "request_id": "req-46d421c5-b2c3-4914-b410-180d3d5700d8"}]}
2026-03-31 06:09:58.636 10 INFO neutron.services.segments.plugin [-] Segment b660cbfe-6d06-40c1-a503-92ea62e90b8d resource provider not found; error: Placement Client Error (4xx): {"errors": [{"status": 404, "title": "Not Found", "detail": "The resource could not be found.\n\n No resource provider with uuid b660cbfe-6d06-40c1-a503-92ea62e90b8d found for delete ", "request_id": "req-9a766980-ddad-42ef-8086-8b6056437cb6"}]}
2026-03-31 06:09:58.659 10 INFO neutron.wsgi [None req-60e5183c-5784-49c3-ae0c-16b3dd414b13 cc621de00d21409eada44fd6085930ac 78f7c67c2752405786e8cbf2660fe6cb - - default default] 10.0.0.91 "DELETE /v2.0/networks/b0c02607-3bb4-47fd-8d18-e755cda671fe HTTP/1.1" status: 204 len: 168 time: 0.4669070
2026-03-31 06:09:58.710 9 INFO neutron.plugins.ml2.drivers.ovn.mech_driver.mech_driver [None req-4469b727-5a36-4c68-bd0b-e9e23aa67776 - - - - - -] OVN reports status up for port: 90ad9c74-fca0-4bbb-8838-97da2d50791a
2026-03-31 06:09:58.720 9 INFO neutron.wsgi [req-53c9bf1c-8367-4ea9-828d-c21ca7a1e205 req-0c4ace07-fc16-4922-b18a-eb65f7834e58 bf55a6de073745a6bcbdb2f1ff534e13 3d98a71b7a424de280b0aa60b942e473 - - edb1acb7a6e04cbeaf7e0ec679801393 edb1acb7a6e04cbeaf7e0ec679801393] 199.204.45.141 "GET /v2.0/networks?id=57850f91-3ed8-4d16-bfd7-f3ed83d2fd3b HTTP/1.1" status: 200 len: 970 time: 0.1244493
2026-03-31 06:09:58.735 9 INFO neutron.plugins.ml2.plugin [None req-4469b727-5a36-4c68-bd0b-e9e23aa67776 - - - - - -] Attempt 1 to provision port 90ad9c74-fca0-4bbb-8838-97da2d50791a
2026-03-31 06:09:58.752 9 INFO neutron.wsgi [req-53c9bf1c-8367-4ea9-828d-c21ca7a1e205 req-b4120c77-fa0c-4566-ac25-739f9a6a5240 bf55a6de073745a6bcbdb2f1ff534e13 3d98a71b7a424de280b0aa60b942e473 - - edb1acb7a6e04cbeaf7e0ec679801393 edb1acb7a6e04cbeaf7e0ec679801393] 199.204.45.141 "GET /v2.0/floatingips?fixed_ip_address=10.100.0.4&port_id=90ad9c74-fca0-4bbb-8838-97da2d50791a HTTP/1.1" status: 200 len: 217 time: 0.0252686
2026-03-31 06:09:58.819 9 INFO neutron.wsgi [req-53c9bf1c-8367-4ea9-828d-c21ca7a1e205 req-1bd7a06a-b39b-4f7f-ab8e-f99ca91081da bf55a6de073745a6bcbdb2f1ff534e13 3d98a71b7a424de280b0aa60b942e473 - - edb1acb7a6e04cbeaf7e0ec679801393 edb1acb7a6e04cbeaf7e0ec679801393] 199.204.45.141 "GET /v2.0/subnets?id=fdd29321-31af-4e42-a29b-698e0ebdf9a1 HTTP/1.1" status: 200 len: 865 time: 0.0574024
2026-03-31 06:09:58.860 9 INFO neutron.wsgi [req-53c9bf1c-8367-4ea9-828d-c21ca7a1e205 req-523a5da5-7629-439a-bc05-96e8cdd604c0 bf55a6de073745a6bcbdb2f1ff534e13 3d98a71b7a424de280b0aa60b942e473 - - edb1acb7a6e04cbeaf7e0ec679801393 edb1acb7a6e04cbeaf7e0ec679801393] 199.204.45.141 "GET /v2.0/ports?network_id=57850f91-3ed8-4d16-bfd7-f3ed83d2fd3b&device_owner=network%3Adhcp HTTP/1.1" status: 200 len: 210 time: 0.0342515
2026-03-31 06:09:58.947 9 INFO neutron.wsgi [req-53c9bf1c-8367-4ea9-828d-c21ca7a1e205 req-fd9b5d6a-8c8c-4773-91c7-856b69869d2b bf55a6de073745a6bcbdb2f1ff534e13 3d98a71b7a424de280b0aa60b942e473 - - edb1acb7a6e04cbeaf7e0ec679801393 edb1acb7a6e04cbeaf7e0ec679801393] 199.204.45.141 "GET /v2.0/networks/57850f91-3ed8-4d16-bfd7-f3ed83d2fd3b?fields=segments HTTP/1.1" status: 200 len: 212 time: 0.0807724
2026-03-31 06:09:59.058 9 INFO neutron.wsgi [req-53c9bf1c-8367-4ea9-828d-c21ca7a1e205 req-6a8bc63e-6bb3-4dc5-b66e-d58c427b7c8c bf55a6de073745a6bcbdb2f1ff534e13 3d98a71b7a424de280b0aa60b942e473 - - edb1acb7a6e04cbeaf7e0ec679801393 edb1acb7a6e04cbeaf7e0ec679801393] 199.204.45.141 "GET /v2.0/networks/57850f91-3ed8-4d16-bfd7-f3ed83d2fd3b?fields=provider%3Aphysical_network&fields=provider%3Anetwork_type HTTP/1.1" status: 200 len: 277 time: 0.1038804
2026-03-31 06:09:59.260 10 INFO neutron.wsgi [None req-6d53a5d7-5e74-460a-b343-983b418eec94 cc621de00d21409eada44fd6085930ac 78f7c67c2752405786e8cbf2660fe6cb - - default default] 10.0.0.91 "GET /v2.0/security-groups?tenant_id=a07d105a198c4b8a8060fe314db22975&name=default HTTP/1.1" status: 200 len: 2996 time: 0.0629261
2026-03-31 06:09:59.532 10 INFO neutron.wsgi [req-f1bfd027-203b-4b1f-a204-647cc60d72e2 req-e33b4ac6-32cd-4a19-a151-88a8aa6f15ae c2b387c6744d4ba18a0de426fcfb7114 9f34d1c2448244679804510a7edcf0e6 - - default default] 10.0.0.217 "GET /v2.0/ports?device_id=c4157478-6c4e-4e41-b514-518c3f48d8b8 HTTP/1.1" status: 200 len: 1170 time: 0.0501010
2026-03-31 06:09:59.590 10 INFO neutron.wsgi [req-f1bfd027-203b-4b1f-a204-647cc60d72e2 req-7a41dae2-e4ef-4f17-a191-a2ac366b21be c2b387c6744d4ba18a0de426fcfb7114 9f34d1c2448244679804510a7edcf0e6 - - default default] 10.0.0.217 "GET /v2.0/security-groups?id=30b55247-e6b6-45b7-b946-00dd2d93f553&fields=id&fields=name HTTP/1.1" status: 200 len: 286 time: 0.0515192
2026-03-31 06:09:59.595 10 INFO neutron.wsgi [None req-c44bcd72-3314-42ff-bb87-e9fc8b79d585 cc621de00d21409eada44fd6085930ac 78f7c67c2752405786e8cbf2660fe6cb - - default default] 10.0.0.91 "DELETE /v2.0/security-groups/64a5b317-59b6-4908-8463-39d25c9f77dd HTTP/1.1" status: 204 len: 168 time: 0.3301158
2026-03-31 06:09:59.810 9 INFO neutron.db.ovn_revision_numbers_db [None req-4469b727-5a36-4c68-bd0b-e9e23aa67776 - - - - - -] Successfully bumped revision number for resource 90ad9c74-fca0-4bbb-8838-97da2d50791a (type: ports) to 4
2026-03-31 06:09:59.875 9 INFO neutron.wsgi [None req-4eb9543e-4e93-467a-a51a-1e480e675796 cc621de00d21409eada44fd6085930ac 78f7c67c2752405786e8cbf2660fe6cb - - default default] 10.0.0.91 "GET /v2.0/security-groups?tenant_id=c54587726b724199a0a3e4f919087e68&name=default HTTP/1.1" status: 200 len: 2996 time: 0.0752418
2026-03-31 06:10:00.149 10 INFO neutron.wsgi [None req-b121790c-5d35-458e-9047-f94804856609 cc621de00d21409eada44fd6085930ac 78f7c67c2752405786e8cbf2660fe6cb - - default default] 10.0.0.91 "DELETE /v2.0/security-groups/96410589-6c13-402a-871b-a5a911934bf3 HTTP/1.1" status: 204 len: 168 time: 0.2681537
2026-03-31 06:10:00.232 9 INFO neutron.notifiers.nova [-] Nova event matching ['req-5ed763b3-ca5b-47a7-805e-dc1cae3f7c71'] response: {'server_uuid': 'c4157478-6c4e-4e41-b514-518c3f48d8b8', 'name': 'network-vif-plugged', 'status': 'completed', 'tag': '90ad9c74-fca0-4bbb-8838-97da2d50791a', 'code': 200}
2026-03-31 06:10:00.233 9 INFO neutron.notifiers.nova [-] Nova event matching ['req-5ed763b3-ca5b-47a7-805e-dc1cae3f7c71'] response: {'server_uuid': 'c4157478-6c4e-4e41-b514-518c3f48d8b8', 'name': 'network-vif-plugged', 'status': 'completed', 'tag': '90ad9c74-fca0-4bbb-8838-97da2d50791a', 'code': 200}
2026-03-31 06:10:00.850 10 INFO neutron.wsgi [req-ca9fc312-57e2-4427-8646-8b5319784051 req-bcb0fa9c-a113-42ef-b967-3c2ae87199a2 c2b387c6744d4ba18a0de426fcfb7114 9f34d1c2448244679804510a7edcf0e6 - - default default] 10.0.0.217 "GET /v2.0/ports?device_id=c4157478-6c4e-4e41-b514-518c3f48d8b8 HTTP/1.1" status: 200 len: 1170 time: 0.1326368
2026-03-31 06:10:00.914 10 INFO neutron.db.ovn_revision_numbers_db [None req-dac023a2-8825-4ea6-9686-9c0b519eec8d 98198b2d8b7343349a8f95b94f9a8c11 cffaac335b514f93b47b15bac013609b - - default default] Successfully bumped revision number for resource 39128692-c41b-45d3-b1eb-09f3ab0c7b8d (type: security_groups) to 1
2026-03-31 06:10:00.923 10 INFO neutron.wsgi [req-ca9fc312-57e2-4427-8646-8b5319784051 req-df8e6afd-880d-4fa5-bdb9-dd7a904037fe c2b387c6744d4ba18a0de426fcfb7114 9f34d1c2448244679804510a7edcf0e6 - - default default] 10.0.0.217 "GET /v2.0/security-groups?id=30b55247-e6b6-45b7-b946-00dd2d93f553&fields=id&fields=name HTTP/1.1" status: 200 len: 286 time: 0.0566943
2026-03-31 06:10:00.937 10 INFO neutron.db.ovn_revision_numbers_db [None req-dac023a2-8825-4ea6-9686-9c0b519eec8d 98198b2d8b7343349a8f95b94f9a8c11 cffaac335b514f93b47b15bac013609b - - default default] Successfully bumped revision number for resource 041e78a7-b9bd-40da-be84-87b9f50923fc (type: security_group_rules) to 0
2026-03-31 06:10:00.963 10 INFO neutron.db.ovn_revision_numbers_db [None req-dac023a2-8825-4ea6-9686-9c0b519eec8d 98198b2d8b7343349a8f95b94f9a8c11 cffaac335b514f93b47b15bac013609b - - default default] Successfully bumped revision number for resource 21fc2b2e-ec1d-4220-a8f7-04046526cf73 (type: security_group_rules) to 0
2026-03-31 06:10:00.985 10 INFO neutron.db.ovn_revision_numbers_db [None req-dac023a2-8825-4ea6-9686-9c0b519eec8d 98198b2d8b7343349a8f95b94f9a8c11 cffaac335b514f93b47b15bac013609b - - default default] Successfully bumped revision number for resource 82fd281e-433f-4371-bd5e-3b83bef617b1 (type: security_group_rules) to 0
2026-03-31 06:10:01.027 10 INFO neutron.db.ovn_revision_numbers_db [None req-dac023a2-8825-4ea6-9686-9c0b519eec8d 98198b2d8b7343349a8f95b94f9a8c11 cffaac335b514f93b47b15bac013609b - - default default] Successfully bumped revision number for resource c5fc3bee-f79f-40c4-ac42-13240b1a7de6 (type: security_group_rules) to 0
2026-03-31 06:10:01.098 10 INFO neutron.db.segments_db [None req-dac023a2-8825-4ea6-9686-9c0b519eec8d 98198b2d8b7343349a8f95b94f9a8c11 cffaac335b514f93b47b15bac013609b - - default default] Added segment a1837905-a065-41a0-b4f4-b3608e4feb6e of type geneve for network f276cd11-8b53-46f8-9db0-b09e0a87be60
2026-03-31 06:10:01.330 10 INFO neutron.db.ovn_revision_numbers_db [None req-dac023a2-8825-4ea6-9686-9c0b519eec8d 98198b2d8b7343349a8f95b94f9a8c11 cffaac335b514f93b47b15bac013609b - - default default] Successfully bumped revision number for resource f276cd11-8b53-46f8-9db0-b09e0a87be60 (type: networks) to 1
2026-03-31 06:10:01.693 10 WARNING neutron.scheduler.dhcp_agent_scheduler [None req-dac023a2-8825-4ea6-9686-9c0b519eec8d 98198b2d8b7343349a8f95b94f9a8c11 cffaac335b514f93b47b15bac013609b - - default default] No more DHCP agents
2026-03-31 06:10:01.705 10 WARNING neutron.api.rpc.agentnotifiers.dhcp_rpc_agent_api [None req-dac023a2-8825-4ea6-9686-9c0b519eec8d 98198b2d8b7343349a8f95b94f9a8c11 cffaac335b514f93b47b15bac013609b - - default default] Unable to schedule network f276cd11-8b53-46f8-9db0-b09e0a87be60: no agents available; will retry on subsequent port and subnet creation events.
2026-03-31 06:10:01.715 9 INFO neutron.plugins.ml2.drivers.ovn.mech_driver.mech_driver [None req-4469b727-5a36-4c68-bd0b-e9e23aa67776 - - - - - -] OVN reports status down for port: 90ad9c74-fca0-4bbb-8838-97da2d50791a
2026-03-31 06:10:01.778 10 INFO neutron.wsgi [req-46b16e1a-47f2-4b26-8e75-2e5b1806a49b req-c2f93b62-7a0a-47c4-83c6-3d2cc0c75c38 c2b387c6744d4ba18a0de426fcfb7114 9f34d1c2448244679804510a7edcf0e6 - - default default] 10.0.0.217 "GET /v2.0/ports?device_id=c4157478-6c4e-4e41-b514-518c3f48d8b8 HTTP/1.1" status: 200 len: 1170 time: 0.0831728
2026-03-31 06:10:01.848 10 INFO neutron.wsgi [req-46b16e1a-47f2-4b26-8e75-2e5b1806a49b req-be6a1601-bfcf-4e92-acb7-610ba31beab6 c2b387c6744d4ba18a0de426fcfb7114 9f34d1c2448244679804510a7edcf0e6 - - default default] 10.0.0.217 "GET /v2.0/security-groups?id=30b55247-e6b6-45b7-b946-00dd2d93f553&fields=id&fields=name HTTP/1.1" status: 200 len: 286 time: 0.0636725
2026-03-31 06:10:01.874 10 INFO neutron.db.ovn_revision_numbers_db [None req-dac023a2-8825-4ea6-9686-9c0b519eec8d 98198b2d8b7343349a8f95b94f9a8c11 cffaac335b514f93b47b15bac013609b - - default default] Successfully bumped revision number for resource a3d3f5d3-0c15-4ebf-bcaf-5b4c7ee36b63 (type: ports) to 1
2026-03-31 06:10:01.923 10 INFO neutron.wsgi [None req-dac023a2-8825-4ea6-9686-9c0b519eec8d 98198b2d8b7343349a8f95b94f9a8c11 cffaac335b514f93b47b15bac013609b - - default default] 10.0.0.91 "POST /v2.0/networks HTTP/1.1" status: 201 len: 831 time: 1.6664879 /var/lib/openstack/lib/python3.10/site-packages/pycadf/identifier.py:71: UserWarning: Invalid uuid: neutron. To ensure interoperability, identifiers should be a valid uuid. warnings.warn(('Invalid uuid: %s. To ensure interoperability, '
2026-03-31 06:10:02.039 10 INFO neutron.db.segments_db [None req-2980b256-a83c-4417-9cd3-2aa00ced5769 98198b2d8b7343349a8f95b94f9a8c11 cffaac335b514f93b47b15bac013609b - - default default] Added segment 964eeec0-64dd-40d5-95d1-b4ce43ea7476 of type geneve for network 51f346d4-08ba-45e9-a1bf-d5a4c3da018c
2026-03-31 06:10:02.059 9 INFO neutron.wsgi [req-4e5422d0-3241-41bb-8e5d-564515df91c9 req-68a86055-b9cb-48e7-b500-46d3667672e5 c2b387c6744d4ba18a0de426fcfb7114 9f34d1c2448244679804510a7edcf0e6 - - default default] 199.204.45.141 "GET /v2.0/ports?device_id=c4157478-6c4e-4e41-b514-518c3f48d8b8 HTTP/1.1" status: 200 len: 1168 time: 0.0565486
2026-03-31 06:10:02.170 9 INFO neutron.wsgi [-] 10.0.0.11 "GET / HTTP/1.1" status: 200 len: 247 time: 0.0019381
2026-03-31 06:10:02.173 10 INFO neutron.wsgi [-] 10.0.0.11 "GET / HTTP/1.1" status: 200 len: 247 time: 0.0014441
2026-03-31 06:10:02.208 10 INFO neutron.db.ovn_revision_numbers_db [None req-2980b256-a83c-4417-9cd3-2aa00ced5769 98198b2d8b7343349a8f95b94f9a8c11 cffaac335b514f93b47b15bac013609b - - default default] Successfully bumped revision number for resource 51f346d4-08ba-45e9-a1bf-d5a4c3da018c (type: networks) to 1
2026-03-31 06:10:02.299 9 INFO neutron.notifiers.nova [-] Nova event matching ['req-b9191c18-aa6a-4c68-809d-44d4fa4adcd4'] response: {'server_uuid': 'c4157478-6c4e-4e41-b514-518c3f48d8b8', 'name': 'network-vif-unplugged', 'status': 'completed', 'tag': '90ad9c74-fca0-4bbb-8838-97da2d50791a', 'code': 200}
2026-03-31 06:10:02.312 9 INFO neutron.db.ovn_revision_numbers_db [None req-4469b727-5a36-4c68-bd0b-e9e23aa67776 - - - - - -] Successfully bumped revision number for resource 90ad9c74-fca0-4bbb-8838-97da2d50791a (type: ports) to 5
2026-03-31 06:10:02.439 9 INFO neutron.wsgi [None req-4b69cd7e-4e42-410a-9e06-5e30604eb72e cc621de00d21409eada44fd6085930ac 78f7c67c2752405786e8cbf2660fe6cb - - default default] 10.0.0.232 "GET /v2.0/subnets HTTP/1.1" status: 200 len: 2090 time: 0.2319996 /var/lib/openstack/lib/python3.10/site-packages/pycadf/identifier.py:71: UserWarning: Invalid uuid: neutron. To ensure interoperability, identifiers should be a valid uuid. warnings.warn(('Invalid uuid: %s. To ensure interoperability, '
2026-03-31 06:10:02.475 10 WARNING neutron.scheduler.dhcp_agent_scheduler [None req-2980b256-a83c-4417-9cd3-2aa00ced5769 98198b2d8b7343349a8f95b94f9a8c11 cffaac335b514f93b47b15bac013609b - - default default] No more DHCP agents
2026-03-31 06:10:02.478 10 WARNING neutron.api.rpc.agentnotifiers.dhcp_rpc_agent_api [None req-2980b256-a83c-4417-9cd3-2aa00ced5769 98198b2d8b7343349a8f95b94f9a8c11 cffaac335b514f93b47b15bac013609b - - default default] Unable to schedule network 51f346d4-08ba-45e9-a1bf-d5a4c3da018c: no agents available; will retry on subsequent port and subnet creation events.
2026-03-31 06:10:02.549 9 INFO neutron.wsgi [None req-1542d5e4-f4a0-40b5-86bc-308521f9e394 cc621de00d21409eada44fd6085930ac 78f7c67c2752405786e8cbf2660fe6cb - - default default] 10.0.0.232 "GET /v2.0/routers HTTP/1.1" status: 200 len: 858 time: 0.1078088
2026-03-31 06:10:02.566 10 INFO neutron.db.ovn_revision_numbers_db [None req-067db85c-fa46-4a97-9b99-95180f2c4162 f77418fc5cd1447cb23a5bed088bb035 370a90fac9a1454191835db5c129c472 - - default default] Successfully bumped revision number for resource 846f7f39-30cb-4aa7-a210-5c3bd7f94386 (type: security_groups) to 1
2026-03-31 06:10:02.576 9 INFO neutron.wsgi [None req-caa71c7e-fe33-4f12-9699-c827bea02620 cc621de00d21409eada44fd6085930ac 78f7c67c2752405786e8cbf2660fe6cb - - default default] 10.0.0.232 "GET /v2.0/agents?binary=ovn-controller HTTP/1.1" status: 200 len: 591 time: 0.0248761
2026-03-31 06:10:02.580 9 INFO neutron.wsgi [req-4e5422d0-3241-41bb-8e5d-564515df91c9 req-8ab8ac60-47bc-4112-ae81-d4e02d0eb417 c2b387c6744d4ba18a0de426fcfb7114 9f34d1c2448244679804510a7edcf0e6 - - default default] 199.204.45.141 "DELETE /v2.0/ports/90ad9c74-fca0-4bbb-8838-97da2d50791a HTTP/1.1" status: 204 len: 173 time: 0.5169330
2026-03-31 06:10:02.592 10 INFO neutron.db.ovn_revision_numbers_db [None req-067db85c-fa46-4a97-9b99-95180f2c4162 f77418fc5cd1447cb23a5bed088bb035 370a90fac9a1454191835db5c129c472 - - default default] Successfully bumped revision number for resource 51c48425-e3a6-490c-9d10-22507ae1903e (type: security_group_rules) to 0
2026-03-31 06:10:02.599 10 INFO neutron.db.ovn_revision_numbers_db [None req-2980b256-a83c-4417-9cd3-2aa00ced5769 98198b2d8b7343349a8f95b94f9a8c11 cffaac335b514f93b47b15bac013609b - - default default] Successfully bumped revision number for resource 39fe032d-abca-4e6b-be4a-935d2e03cfb0 (type: ports) to 1
2026-03-31 06:10:02.612 9 INFO neutron.wsgi [None req-05f0d8c8-22fe-4ff5-9054-fe10af72ad40 cc621de00d21409eada44fd6085930ac 78f7c67c2752405786e8cbf2660fe6cb - - default default] 10.0.0.232 "GET /v2.0/floatingips HTTP/1.1" status: 200 len: 193 time: 0.0302269
2026-03-31 06:10:02.616 10 INFO neutron.db.ovn_revision_numbers_db [None req-067db85c-fa46-4a97-9b99-95180f2c4162 f77418fc5cd1447cb23a5bed088bb035 370a90fac9a1454191835db5c129c472 - - default default] Successfully bumped revision number for resource 71abff33-99a6-4342-aa66-b9e4a88e0e32 (type: security_group_rules) to 0
2026-03-31 06:10:02.626 9 INFO neutron.wsgi [None req-75fb7437-0aed-49e7-b8d6-e5e2fb52660a cc621de00d21409eada44fd6085930ac 78f7c67c2752405786e8cbf2660fe6cb - - default default] 10.0.0.232 "GET /v2.0/agents HTTP/1.1" status: 200 len: 997 time: 0.0130298
2026-03-31 06:10:02.629 10 INFO neutron.wsgi [None req-2980b256-a83c-4417-9cd3-2aa00ced5769 98198b2d8b7343349a8f95b94f9a8c11 cffaac335b514f93b47b15bac013609b - - default default] 10.0.0.91 "POST /v2.0/networks HTTP/1.1" status: 201 len: 830 time: 0.7015626
2026-03-31 06:10:02.634 10 INFO neutron.db.ovn_revision_numbers_db [None req-067db85c-fa46-4a97-9b99-95180f2c4162 f77418fc5cd1447cb23a5bed088bb035 370a90fac9a1454191835db5c129c472 - - default default] Successfully bumped revision number for resource d98c70a6-0dfc-40e1-8ea9-ed56497c6549 (type: security_group_rules) to 0
2026-03-31 06:10:02.652 10 INFO neutron.db.ovn_revision_numbers_db [None req-067db85c-fa46-4a97-9b99-95180f2c4162 f77418fc5cd1447cb23a5bed088bb035 370a90fac9a1454191835db5c129c472 - - default default] Successfully bumped revision number for resource f712e855-7191-45d2-9c34-9a96c4b5c168 (type: security_group_rules) to 0
2026-03-31 06:10:02.673 9 INFO neutron.wsgi [None req-b4f3dc87-ff69-40f4-ad32-f250d0393076 cc621de00d21409eada44fd6085930ac 78f7c67c2752405786e8cbf2660fe6cb - - default default] 10.0.0.232 "GET /v2.0/subnets HTTP/1.1" status: 200 len: 2090 time: 0.0459065
2026-03-31 06:10:02.697 9 INFO neutron.wsgi [None req-04b3ed04-e34a-4d23-9220-816b22be8abd cc621de00d21409eada44fd6085930ac 78f7c67c2752405786e8cbf2660fe6cb - - default default] 10.0.0.232 "GET /v2.0/subnetpools HTTP/1.1" status: 200 len: 193 time: 0.0134456
2026-03-31 06:10:02.714 9 INFO neutron.wsgi [None req-b1f96354-7ccd-4578-9ef8-2c01d0f0c6ee 98198b2d8b7343349a8f95b94f9a8c11 cffaac335b514f93b47b15bac013609b - - default default] 10.0.0.91 "PUT /v2.0/networks/f276cd11-8b53-46f8-9db0-b09e0a87be60/tags HTTP/1.1" status: 200 len: 218 time: 0.0776217
2026-03-31 06:10:02.716 9 INFO neutron.wsgi [None req-f88f8ecf-04e4-4701-8035-eeef7600e794 cc621de00d21409eada44fd6085930ac 78f7c67c2752405786e8cbf2660fe6cb - - default default] 10.0.0.232 "GET /v2.0/network-ip-availabilities HTTP/1.1" status: 200 len: 2285 time: 0.0172231
2026-03-31 06:10:02.765 10 INFO neutron.wsgi [None req-f0008769-f901-41f9-9dc8-ce28b9722e2f 98198b2d8b7343349a8f95b94f9a8c11 cffaac335b514f93b47b15bac013609b - - default default] 10.0.0.91 "GET /v2.0/networks/f276cd11-8b53-46f8-9db0-b09e0a87be60/tags HTTP/1.1" status: 200 len: 218 time: 0.0463994
2026-03-31 06:10:02.782 10 INFO neutron.db.ovn_revision_numbers_db [None req-067db85c-fa46-4a97-9b99-95180f2c4162 f77418fc5cd1447cb23a5bed088bb035 370a90fac9a1454191835db5c129c472 - - default default] Successfully bumped revision number for resource bf9c4e6a-dda2-43a6-9703-e00318a6fced (type: security_groups) to 1
2026-03-31 06:10:02.815 10 INFO neutron.db.ovn_revision_numbers_db [None req-067db85c-fa46-4a97-9b99-95180f2c4162 f77418fc5cd1447cb23a5bed088bb035 370a90fac9a1454191835db5c129c472 - - default default] Successfully bumped revision number for resource 254493b0-987c-404a-9b89-438329590b26 (type: security_group_rules) to 0
2026-03-31 06:10:02.815 9 INFO neutron.wsgi [None req-7a16e641-b029-4f77-b061-16691a9d20ab cc621de00d21409eada44fd6085930ac 78f7c67c2752405786e8cbf2660fe6cb - - default default] 10.0.0.232 "GET /v2.0/networks HTTP/1.1" status: 200 len: 4532 time: 0.0972741
2026-03-31 06:10:02.837 10 INFO neutron.db.ovn_revision_numbers_db [None req-067db85c-fa46-4a97-9b99-95180f2c4162 f77418fc5cd1447cb23a5bed088bb035 370a90fac9a1454191835db5c129c472 - - default default] Successfully bumped revision number for resource cb79fda8-4810-44c3-89f4-ed9790879bac (type: security_group_rules) to 0
2026-03-31 06:10:02.845 9 INFO neutron.wsgi [None req-3a4d5902-e993-42dc-b33a-863eda7829d8 98198b2d8b7343349a8f95b94f9a8c11 cffaac335b514f93b47b15bac013609b - - default default] 10.0.0.91 "PUT /v2.0/networks/51f346d4-08ba-45e9-a1bf-d5a4c3da018c/tags HTTP/1.1" status: 200 len: 210 time: 0.0736499
2026-03-31 06:10:02.861 10 INFO neutron.wsgi [None req-067db85c-fa46-4a97-9b99-95180f2c4162 f77418fc5cd1447cb23a5bed088bb035 370a90fac9a1454191835db5c129c472 - - default default] 10.0.0.91 "POST /v2.0/security-groups HTTP/1.1" status: 201 len: 1737 time: 0.6498342
2026-03-31 06:10:02.867 9 INFO neutron.wsgi [None req-9a6db7e9-4576-4f88-8d2d-87c9e161c2ee cc621de00d21409eada44fd6085930ac 78f7c67c2752405786e8cbf2660fe6cb - - default default] 10.0.0.232 "GET /v2.0/ports HTTP/1.1" status: 200 len: 10329 time: 0.0470691
2026-03-31 06:10:02.907 9 INFO neutron.wsgi [None req-3a332aab-e6d3-4431-8b63-a223755d7416 98198b2d8b7343349a8f95b94f9a8c11 cffaac335b514f93b47b15bac013609b - - default default] 10.0.0.91 "GET /v2.0/networks/51f346d4-08ba-45e9-a1bf-d5a4c3da018c/tags HTTP/1.1" status: 200 len: 210 time: 0.0550222
2026-03-31 06:10:02.947 9 INFO neutron.wsgi [None req-8177c714-b0be-422b-a49f-0e5ac1e39795 cc621de00d21409eada44fd6085930ac 78f7c67c2752405786e8cbf2660fe6cb - - default default] 10.0.0.232 "GET /v2.0/security-groups HTTP/1.1" status: 200 len: 26662 time: 0.0694115
2026-03-31 06:10:02.981 10 INFO neutron.wsgi [req-58e336a5-195b-491b-8e00-461e7245c6ab req-9797d725-415b-49d8-b608-938374b45bda c2b387c6744d4ba18a0de426fcfb7114 9f34d1c2448244679804510a7edcf0e6 - - default default] 10.0.0.217 "GET /v2.0/ports?device_id=c4157478-6c4e-4e41-b514-518c3f48d8b8 HTTP/1.1" status: 200 len: 210 time: 0.0269659
2026-03-31 06:10:02.989 10 INFO neutron.wsgi [None req-5c11f458-2ba8-46e6-8fbc-3bcef5155c82 98198b2d8b7343349a8f95b94f9a8c11 cffaac335b514f93b47b15bac013609b - - default default] 10.0.0.91 "PUT /v2.0/networks/51f346d4-08ba-45e9-a1bf-d5a4c3da018c/tags HTTP/1.1" status: 200 len: 205 time: 0.0713110
2026-03-31 06:10:03.037 9 INFO neutron.wsgi [None req-1c01689b-9e8f-4e4a-bf7f-37bd26c20ce8 98198b2d8b7343349a8f95b94f9a8c11 cffaac335b514f93b47b15bac013609b - - default default] 10.0.0.91 "GET /v2.0/networks/51f346d4-08ba-45e9-a1bf-d5a4c3da018c/tags HTTP/1.1" status: 200 len: 205 time: 0.0428236
2026-03-31 06:10:03.061 10 INFO neutron.db.ovn_revision_numbers_db [None req-bfe79e97-5fb4-45e7-820e-67196aa3f2c8 f77418fc5cd1447cb23a5bed088bb035 370a90fac9a1454191835db5c129c472 - - default default] Successfully bumped revision number for resource 8b92cc8c-6d45-4829-8ce0-e1d8480dbb6f (type: security_groups) to 1
2026-03-31 06:10:03.082 10 INFO neutron.db.ovn_revision_numbers_db [None req-bfe79e97-5fb4-45e7-820e-67196aa3f2c8 f77418fc5cd1447cb23a5bed088bb035 370a90fac9a1454191835db5c129c472 - - default default] Successfully bumped revision number for resource 91fd1c4d-9e9e-4b5d-899c-ebf5d05297d9 (type: security_group_rules) to 0
2026-03-31 06:10:03.091 9 INFO neutron.wsgi [None req-eee70a28-c8f4-40c0-827c-2af9b6ea8ab7 98198b2d8b7343349a8f95b94f9a8c11 cffaac335b514f93b47b15bac013609b - - default default] 10.0.0.91 "GET /v2.0/networks/f276cd11-8b53-46f8-9db0-b09e0a87be60/tags HTTP/1.1" status: 200 len: 218 time: 0.0450199
2026-03-31 06:10:03.100 10 INFO neutron.db.ovn_revision_numbers_db [None req-bfe79e97-5fb4-45e7-820e-67196aa3f2c8 f77418fc5cd1447cb23a5bed088bb035 370a90fac9a1454191835db5c129c472 - - default default] Successfully bumped revision number for resource c7400f7d-f6b1-433a-bda1-0e158add5564 (type: security_group_rules) to 0
2026-03-31 06:10:03.127 10 INFO neutron.wsgi [None req-bfe79e97-5fb4-45e7-820e-67196aa3f2c8 f77418fc5cd1447cb23a5bed088bb035 370a90fac9a1454191835db5c129c472 - - default default] 10.0.0.91 "POST /v2.0/security-groups HTTP/1.1" status: 201 len: 1737 time: 0.2598364
2026-03-31 06:10:03.261 10 INFO neutron.db.ovn_revision_numbers_db [None req-523cd3db-2df2-4546-8d86-20d2c7ea4270 f77418fc5cd1447cb23a5bed088bb035 370a90fac9a1454191835db5c129c472 - - default default] Successfully bumped revision number for resource 877ff38c-dd10-43f9-8ae4-05dda67c0d75 (type: security_groups) to 1
2026-03-31 06:10:03.281 10 INFO neutron.db.ovn_revision_numbers_db [None req-523cd3db-2df2-4546-8d86-20d2c7ea4270 f77418fc5cd1447cb23a5bed088bb035 370a90fac9a1454191835db5c129c472 - - default default] Successfully bumped revision number for resource 37633231-90c7-42b6-9f47-042a127fb7fd (type: security_group_rules) to 0
2026-03-31 06:10:03.298 10 INFO neutron.db.ovn_revision_numbers_db [None req-523cd3db-2df2-4546-8d86-20d2c7ea4270 f77418fc5cd1447cb23a5bed088bb035 370a90fac9a1454191835db5c129c472 - - default default] Successfully bumped revision number for resource 5a5dc6b5-097c-4b36-a398-46d25fab2bfe (type: security_group_rules) to 0
2026-03-31 06:10:03.325 10 INFO neutron.wsgi [None req-523cd3db-2df2-4546-8d86-20d2c7ea4270 f77418fc5cd1447cb23a5bed088bb035 370a90fac9a1454191835db5c129c472 - - default default] 10.0.0.91 "POST /v2.0/security-groups HTTP/1.1" status: 201 len: 1737 time: 0.1915646
2026-03-31 06:10:03.451 10 INFO neutron.db.ovn_revision_numbers_db [None req-35a383ee-c8fd-4fc5-b769-2e545e6ca750 f77418fc5cd1447cb23a5bed088bb035 370a90fac9a1454191835db5c129c472 - - default default] Successfully bumped revision number for resource 0494e55f-ad28-46a4-b778-eb5ca67ef2a6 (type: security_groups) to 1
2026-03-31 06:10:03.471 10 INFO neutron.db.ovn_revision_numbers_db [None req-35a383ee-c8fd-4fc5-b769-2e545e6ca750 f77418fc5cd1447cb23a5bed088bb035 370a90fac9a1454191835db5c129c472 - - default default] Successfully bumped revision number for resource 4a1dbb27-d564-4209-b862-deec2dac6255 (type: security_group_rules) to 0
2026-03-31 06:10:03.489 10 INFO neutron.db.ovn_revision_numbers_db [None req-35a383ee-c8fd-4fc5-b769-2e545e6ca750 f77418fc5cd1447cb23a5bed088bb035 370a90fac9a1454191835db5c129c472 - - default default] Successfully bumped revision number for resource f5ca9c92-0923-4a81-a1ff-0157dbdbd44f (type: security_group_rules) to 0
2026-03-31 06:10:03.519 10 INFO neutron.wsgi [None req-35a383ee-c8fd-4fc5-b769-2e545e6ca750 f77418fc5cd1447cb23a5bed088bb035 370a90fac9a1454191835db5c129c472 - - default default] 10.0.0.91 "POST /v2.0/security-groups HTTP/1.1" status: 201 len: 1737 time: 0.1894529
2026-03-31 06:10:03.580 9 INFO neutron.services.segments.plugin [-] Segment a1837905-a065-41a0-b4f4-b3608e4feb6e resource provider aggregate not found
2026-03-31 06:10:03.585 9 INFO neutron.services.segments.plugin [-] Segment a1837905-a065-41a0-b4f4-b3608e4feb6e resource provider aggregate not found
2026-03-31 06:10:03.606 9 INFO neutron.services.segments.plugin [-] Segment a1837905-a065-41a0-b4f4-b3608e4feb6e resource provider not found; error: Placement Client Error (4xx): {"errors": [{"status": 404, "title": "Not Found", "detail": "The resource could not be found.\n\n No resource provider with uuid a1837905-a065-41a0-b4f4-b3608e4feb6e found for delete ", "request_id": "req-a0385ebd-189e-46a6-b70f-2841fd122358"}]}
2026-03-31 06:10:03.607 9 INFO neutron.services.segments.plugin [-] Segment a1837905-a065-41a0-b4f4-b3608e4feb6e resource provider not found; error: Placement Client Error (4xx): {"errors": [{"status": 404, "title": "Not Found", "detail": "The resource could not be found.\n\n No resource provider with uuid a1837905-a065-41a0-b4f4-b3608e4feb6e found for delete ", "request_id": "req-8be00e7c-680b-4982-83d1-4330c676dd48"}]}
2026-03-31 06:10:03.629 9 INFO neutron.wsgi [None req-45237a6c-d7bf-4a87-989b-0d21baf4fe7e 98198b2d8b7343349a8f95b94f9a8c11 cffaac335b514f93b47b15bac013609b - - default default] 10.0.0.91 "DELETE /v2.0/networks/f276cd11-8b53-46f8-9db0-b09e0a87be60 HTTP/1.1" status: 204 len: 168 time: 0.5146058
2026-03-31 06:10:03.679 10 INFO neutron.db.ovn_revision_numbers_db [None req-3fe08046-1afb-414a-882e-ddcb1d275486 f77418fc5cd1447cb23a5bed088bb035 370a90fac9a1454191835db5c129c472 - - default default] Successfully bumped revision number for resource c771a7b3-94a1-4301-8457-20736c1774f9 (type: security_groups) to 1
2026-03-31 06:10:03.699 10 INFO neutron.db.ovn_revision_numbers_db [None req-3fe08046-1afb-414a-882e-ddcb1d275486 f77418fc5cd1447cb23a5bed088bb035 370a90fac9a1454191835db5c129c472 - - default default] Successfully bumped revision number for resource 6c1738bd-40dd-4a94-8ed5-d88ce6844b25 (type: security_group_rules) to 0
2026-03-31 06:10:03.720 10 INFO neutron.db.ovn_revision_numbers_db [None req-3fe08046-1afb-414a-882e-ddcb1d275486 f77418fc5cd1447cb23a5bed088bb035 370a90fac9a1454191835db5c129c472 - - default default] Successfully bumped revision number for resource f0c08709-d705-4154-bb9b-96c0c3e51a2e (type: security_group_rules) to 0
2026-03-31 06:10:03.743 10 INFO neutron.wsgi [None req-3fe08046-1afb-414a-882e-ddcb1d275486 f77418fc5cd1447cb23a5bed088bb035 370a90fac9a1454191835db5c129c472 - - default default] 10.0.0.91 "POST /v2.0/security-groups HTTP/1.1" status: 201 len: 1737 time: 0.2173944
2026-03-31 06:10:03.781 10 INFO neutron.wsgi [None req-15ba49ca-6101-4007-8c72-4f0ca1754343 f77418fc5cd1447cb23a5bed088bb035 370a90fac9a1454191835db5c129c472 - - default default] 10.0.0.91 "PUT /v2.0/security-groups/bf9c4e6a-dda2-43a6-9703-e00318a6fced/tags HTTP/1.1" status: 200 len: 210 time: 0.0316670
2026-03-31 06:10:03.831 10 INFO neutron.wsgi [None req-cf012c53-a523-4a3a-85d1-c51da22c5de6 f77418fc5cd1447cb23a5bed088bb035 370a90fac9a1454191835db5c129c472 - - default default] 10.0.0.91 "PUT /v2.0/security-groups/8b92cc8c-6d45-4829-8ce0-e1d8480dbb6f/tags HTTP/1.1" status: 200 len: 218 time: 0.0423021
2026-03-31 06:10:03.870 10 INFO neutron.wsgi [None req-5d1cc490-8c82-47f1-8df9-6104f2f3aee5 f77418fc5cd1447cb23a5bed088bb035 370a90fac9a1454191835db5c129c472 - - default default] 10.0.0.91 "PUT /v2.0/security-groups/877ff38c-dd10-43f9-8ae4-05dda67c0d75/tags HTTP/1.1" status: 200 len: 227 time: 0.0348704
2026-03-31 06:10:03.912 10 INFO neutron.wsgi [None req-23646da8-8d8f-48f8-b86d-4751cc18a540 f77418fc5cd1447cb23a5bed088bb035 370a90fac9a1454191835db5c129c472 - - default default] 10.0.0.91 "PUT /v2.0/security-groups/0494e55f-ad28-46a4-b778-eb5ca67ef2a6/tags HTTP/1.1" status: 200 len: 212 time: 0.0329831
2026-03-31 06:10:03.970 10 INFO neutron.wsgi [None req-91799d30-fc40-423b-a947-11566302ec1f f77418fc5cd1447cb23a5bed088bb035 370a90fac9a1454191835db5c129c472 - - default default] 10.0.0.91 "GET /v2.0/security-groups?tags=red HTTP/1.1" status: 200 len: 4813 time: 0.0525181
2026-03-31 06:10:04.058 10 INFO neutron.wsgi [None req-7ac50a0e-d132-496e-b837-48fd47f3b6ec f77418fc5cd1447cb23a5bed088bb035 370a90fac9a1454191835db5c129c472 - - default default] 10.0.0.91 "GET /v2.0/security-groups?tags=red%2Cblue HTTP/1.1" status: 200 len: 3289 time: 0.0817249
2026-03-31 06:10:04.121 9 INFO neutron.wsgi [None req-1b21b00b-6872-498a-b42d-801af062c321 98198b2d8b7343349a8f95b94f9a8c11 cffaac335b514f93b47b15bac013609b - - default default] 10.0.0.91 "DELETE /v2.0/networks/51f346d4-08ba-45e9-a1bf-d5a4c3da018c HTTP/1.1" status: 204 len: 168 time: 0.4854214
2026-03-31 06:10:04.142 9 INFO neutron.wsgi [None req-fd0885d2-b5b0-43af-a5dc-23335c9872a7 f77418fc5cd1447cb23a5bed088bb035 370a90fac9a1454191835db5c129c472 - - default default] 10.0.0.91 "GET /v2.0/security-groups?tags-any=blue HTTP/1.1" status: 200 len: 3289 time: 0.0666375
