Feb 17 16:26:01.322969 np0000156046 systemd[1]: Starting devstack@n-api.service - Devstack devstack@n-api.service...
Feb 17 16:26:01.330278 np0000156046 devstack@n-api.service[100801]: [uWSGI] getting INI configuration from /etc/nova/nova-api-uwsgi.ini
Feb 17 16:26:01.330674 np0000156046 devstack@n-api.service[100801]: open("./http_plugin.so"): No such file or directory [core/utils.c line 3709]
Feb 17 16:26:01.330674 np0000156046 devstack@n-api.service[100801]: !!! UNABLE to load uWSGI plugin: ./http_plugin.so: cannot open shared object file: No such file or directory !!!
Feb 17 16:26:01.330674 np0000156046 devstack@n-api.service[100801]: open("./python3_plugin.so"): No such file or directory [core/utils.c line 3709]
Feb 17 16:26:01.330674 np0000156046 devstack@n-api.service[100801]: !!! UNABLE to load uWSGI plugin: ./python3_plugin.so: cannot open shared object file: No such file or directory !!!
Feb 17 16:26:01.330674 np0000156046 devstack@n-api.service[100801]: *** Starting uWSGI 2.0.31 (64bit) on [Tue Feb 17 16:26:01 2026] ***
Feb 17 16:26:01.330674 np0000156046 devstack@n-api.service[100801]: compiled with version: 13.3.0 on 17 February 2026 16:16:18
Feb 17 16:26:01.330674 np0000156046 devstack@n-api.service[100801]: os: Linux-6.8.0-100-generic #100-Ubuntu SMP PREEMPT_DYNAMIC Tue Jan 13 16:40:06 UTC 2026
Feb 17 16:26:01.330674 np0000156046 devstack@n-api.service[100801]: nodename: np0000156046
Feb 17 16:26:01.330674 np0000156046 devstack@n-api.service[100801]: machine: x86_64
Feb 17 16:26:01.330674 np0000156046 devstack@n-api.service[100801]: clock source: unix
Feb 17 16:26:01.330674 np0000156046 devstack@n-api.service[100801]: pcre jit disabled
Feb 17 16:26:01.330674 np0000156046 devstack@n-api.service[100801]: detected number of CPU cores: 16
Feb 17 16:26:01.330674 np0000156046 devstack@n-api.service[100801]: current working directory: /
Feb 17 16:26:01.330674 np0000156046 devstack@n-api.service[100801]: detected binary path: /opt/stack/data/venv/bin/uwsgi
Feb 17 16:26:01.330674 np0000156046 devstack@n-api.service[100801]: your processes number limit is 256923
Feb 17 16:26:01.330674 np0000156046 devstack@n-api.service[100801]: your memory page size is 4096 bytes
Feb 17 16:26:01.330674 np0000156046 devstack@n-api.service[100801]: detected max file descriptor number: 2048
Feb 17 16:26:01.330674 np0000156046 devstack@n-api.service[100801]: lock engine: pthread robust mutexes
Feb 17 16:26:01.330674 np0000156046 devstack@n-api.service[100801]: thunder lock: enabled
Feb 17 16:26:01.331335 np0000156046 devstack@n-api.service[100801]: uwsgi socket 0 bound to UNIX address /var/run/uwsgi/nova-api.socket fd 4
Feb 17 16:26:01.331335 np0000156046 devstack@n-api.service[100801]: Python version: 3.12.3 (main, Jan 22 2026, 20:57:42) [GCC 13.3.0]
Feb 17 16:26:01.331335 np0000156046 devstack@n-api.service[100801]: PEP 405 virtualenv detected: /opt/stack/data/venv
Feb 17 16:26:01.331335 np0000156046 devstack@n-api.service[100801]: Set PythonHome to /opt/stack/data/venv
Feb 17 16:26:01.366739 np0000156046 devstack@n-api.service[100801]: Python main interpreter initialized at 0x7b80f40a3668
Feb 17 16:26:01.366739 np0000156046 devstack@n-api.service[100801]: python threads support enabled
Feb 17 16:26:01.366739 np0000156046 devstack@n-api.service[100801]: your server socket listen backlog is limited to 100 connections
Feb 17 16:26:01.366739 np0000156046 devstack@n-api.service[100801]: your mercy for graceful operations on workers is 80 seconds
Feb 17 16:26:01.367273 np0000156046 devstack@n-api.service[100801]: mapped 671795 bytes (656 KB) for 4 cores
Feb 17 16:26:01.367438 np0000156046 devstack@n-api.service[100801]: *** Operational MODE: preforking ***
Feb 17 16:26:01.367654 np0000156046 devstack@n-api.service[100801]: *** uWSGI is running in multiple interpreter mode ***
Feb 17 16:26:01.367654 np0000156046 devstack@n-api.service[100801]: spawned uWSGI master process (pid: 100801)
Feb 17 16:26:01.367947 np0000156046 systemd[1]: Started devstack@n-api.service - Devstack devstack@n-api.service.
Feb 17 16:26:01.368513 np0000156046 devstack@n-api.service[100801]: spawned uWSGI worker 1 (pid: 100802, cores: 1)
Feb 17 16:26:01.369059 np0000156046 devstack@n-api.service[100801]: spawned uWSGI worker 2 (pid: 100803, cores: 1)
Feb 17 16:26:01.369485 np0000156046 devstack@n-api.service[100801]: spawned uWSGI worker 3 (pid: 100804, cores: 1)
Feb 17 16:26:01.369900 np0000156046 devstack@n-api.service[100801]: spawned uWSGI worker 4 (pid: 100805, cores: 1)
Feb 17 16:26:01.369957 np0000156046 devstack@n-api.service[100801]: running "unix_signal:15 gracefully_kill_them_all" (master-start)...
Feb 17 16:26:01.714092 np0000156046 devstack@n-api.service[100804]: Service is starting with native threading. This is currently experimental. Do not use it in production without first testing it in pre-production.
Feb 17 16:26:01.724652 np0000156046 devstack@n-api.service[100805]: Service is starting with native threading. This is currently experimental. Do not use it in production without first testing it in pre-production.
Feb 17 16:26:01.735594 np0000156046 devstack@n-api.service[100803]: Service is starting with native threading. This is currently experimental. Do not use it in production without first testing it in pre-production.
Feb 17 16:26:01.757730 np0000156046 devstack@n-api.service[100802]: Service is starting with native threading. This is currently experimental. Do not use it in production without first testing it in pre-production.
Feb 17 16:26:03.736709 np0000156046 devstack@n-api.service[100804]: INFO dbcounter [None req-b4d10059-a2b7-4a4a-a0fc-adcd567e4517 None None] Registered counter for database nova_api
Feb 17 16:26:03.752915 np0000156046 devstack@n-api.service[100804]: DEBUG oslo_db.sqlalchemy.engines [None req-b4d10059-a2b7-4a4a-a0fc-adcd567e4517 None None] MySQL server mode set to STRICT_TRANS_TABLES,STRICT_ALL_TABLES,NO_ZERO_IN_DATE,NO_ZERO_DATE,ERROR_FOR_DIVISION_BY_ZERO,TRADITIONAL,NO_ENGINE_SUBSTITUTION {{(pid=100804) _check_effective_sql_mode /opt/stack/data/venv/lib/python3.12/site-packages/oslo_db/sqlalchemy/engines.py:325}}
Feb 17 16:26:03.781133 np0000156046 devstack@n-api.service[100803]: INFO dbcounter [None req-f6ece7f2-9b8b-4703-8c01-22cd76c97812 None None] Registered counter for database nova_api
Feb 17 16:26:03.790615 np0000156046 devstack@n-api.service[100804]: DEBUG dbcounter [-] [100804] Writer thread running {{(pid=100804) stat_writer /opt/stack/data/venv/lib/python3.12/site-packages/dbcounter.py:102}}
Feb 17 16:26:03.792988 np0000156046 devstack@n-api.service[100803]: DEBUG oslo_db.sqlalchemy.engines [None req-f6ece7f2-9b8b-4703-8c01-22cd76c97812 None None] MySQL server mode set to STRICT_TRANS_TABLES,STRICT_ALL_TABLES,NO_ZERO_IN_DATE,NO_ZERO_DATE,ERROR_FOR_DIVISION_BY_ZERO,TRADITIONAL,NO_ENGINE_SUBSTITUTION {{(pid=100803) _check_effective_sql_mode /opt/stack/data/venv/lib/python3.12/site-packages/oslo_db/sqlalchemy/engines.py:325}}
Feb 17 16:26:03.793171 np0000156046 devstack@n-api.service[100804]: DEBUG nova.context [None req-b4d10059-a2b7-4a4a-a0fc-adcd567e4517 None None] Found 2 cells: 00000000-0000-0000-0000-000000000000(cell0),9b034af7-54de-4907-8afe-334ee7eb5290(cell1) {{(pid=100804) load_cells /opt/stack/nova/nova/context.py:509}}
Feb 17 16:26:03.793398 np0000156046 devstack@n-api.service[100804]: INFO nova.utils [None req-b4d10059-a2b7-4a4a-a0fc-adcd567e4517 None None] The cell worker thread pool MainProcess.cell_worker is initialized
Feb 17 16:26:03.795519 np0000156046 devstack@n-api.service[100804]: DEBUG oslo_concurrency.lockutils [None req-b4d10059-a2b7-4a4a-a0fc-adcd567e4517 None None] Acquiring lock "00000000-0000-0000-0000-000000000000" by "nova.context.set_target_cell..get_or_set_cached_cell_and_set_connections" {{(pid=100804) inner /opt/stack/data/venv/lib/python3.12/site-packages/oslo_concurrency/lockutils.py:506}}
Feb 17 16:26:03.795739 np0000156046 devstack@n-api.service[100804]: DEBUG oslo_concurrency.lockutils [None req-b4d10059-a2b7-4a4a-a0fc-adcd567e4517 None None] Lock "00000000-0000-0000-0000-000000000000" acquired by "nova.context.set_target_cell..get_or_set_cached_cell_and_set_connections" :: waited 0.000s {{(pid=100804) inner /opt/stack/data/venv/lib/python3.12/site-packages/oslo_concurrency/lockutils.py:519}}
Feb 17 16:26:03.796234 np0000156046 devstack@n-api.service[100804]: DEBUG oslo_concurrency.lockutils [None req-b4d10059-a2b7-4a4a-a0fc-adcd567e4517 None None] Lock "00000000-0000-0000-0000-000000000000" "released" by "nova.context.set_target_cell..get_or_set_cached_cell_and_set_connections" :: held 0.000s {{(pid=100804) inner /opt/stack/data/venv/lib/python3.12/site-packages/oslo_concurrency/lockutils.py:538}}
Feb 17 16:26:03.797183 np0000156046 devstack@n-api.service[100804]: DEBUG oslo_concurrency.lockutils [None req-b4d10059-a2b7-4a4a-a0fc-adcd567e4517 None None] Acquiring lock "9b034af7-54de-4907-8afe-334ee7eb5290" by "nova.context.set_target_cell..get_or_set_cached_cell_and_set_connections" {{(pid=100804) inner /opt/stack/data/venv/lib/python3.12/site-packages/oslo_concurrency/lockutils.py:506}}
Feb 17 16:26:03.797402 np0000156046 devstack@n-api.service[100804]: DEBUG oslo_concurrency.lockutils [None req-b4d10059-a2b7-4a4a-a0fc-adcd567e4517 None None] Lock "9b034af7-54de-4907-8afe-334ee7eb5290" acquired by "nova.context.set_target_cell..get_or_set_cached_cell_and_set_connections" :: waited 0.000s {{(pid=100804) inner /opt/stack/data/venv/lib/python3.12/site-packages/oslo_concurrency/lockutils.py:519}}
Feb 17 16:26:03.798611 np0000156046 devstack@n-api.service[100804]: DEBUG oslo_concurrency.lockutils [None req-b4d10059-a2b7-4a4a-a0fc-adcd567e4517 None None] Lock "9b034af7-54de-4907-8afe-334ee7eb5290" "released" by "nova.context.set_target_cell..get_or_set_cached_cell_and_set_connections" :: held 0.001s {{(pid=100804) inner /opt/stack/data/venv/lib/python3.12/site-packages/oslo_concurrency/lockutils.py:538}}
Feb 17 16:26:03.801810 np0000156046 devstack@n-api.service[100804]: INFO dbcounter [None req-b4d10059-a2b7-4a4a-a0fc-adcd567e4517 None None] Registered counter for database nova_cell0
Feb 17 16:26:03.806803 np0000156046 devstack@n-api.service[100804]: INFO dbcounter [None req-b4d10059-a2b7-4a4a-a0fc-adcd567e4517 None None] Registered counter for database nova_cell1
Feb 17 16:26:03.813194 np0000156046 devstack@n-api.service[100804]: DEBUG oslo_db.sqlalchemy.engines [None req-b4d10059-a2b7-4a4a-a0fc-adcd567e4517 None None] MySQL server mode set to STRICT_TRANS_TABLES,STRICT_ALL_TABLES,NO_ZERO_IN_DATE,NO_ZERO_DATE,ERROR_FOR_DIVISION_BY_ZERO,TRADITIONAL,NO_ENGINE_SUBSTITUTION {{(pid=100804) _check_effective_sql_mode /opt/stack/data/venv/lib/python3.12/site-packages/oslo_db/sqlalchemy/engines.py:325}}
Feb 17 16:26:03.820460 np0000156046 devstack@n-api.service[100802]: INFO dbcounter [None req-4ddd8906-c826-4a00-83b2-8d568b4833df None None] Registered counter for database nova_api
Feb 17 16:26:03.824059 np0000156046 devstack@n-api.service[100803]: DEBUG dbcounter [-] [100803] Writer thread running {{(pid=100803) stat_writer /opt/stack/data/venv/lib/python3.12/site-packages/dbcounter.py:102}}
Feb 17 16:26:03.826621 np0000156046 devstack@n-api.service[100804]: DEBUG oslo_db.sqlalchemy.engines [None req-b4d10059-a2b7-4a4a-a0fc-adcd567e4517 None None] MySQL server mode set to STRICT_TRANS_TABLES,STRICT_ALL_TABLES,NO_ZERO_IN_DATE,NO_ZERO_DATE,ERROR_FOR_DIVISION_BY_ZERO,TRADITIONAL,NO_ENGINE_SUBSTITUTION {{(pid=100804) _check_effective_sql_mode /opt/stack/data/venv/lib/python3.12/site-packages/oslo_db/sqlalchemy/engines.py:325}}
Feb 17 16:26:03.826822 np0000156046 devstack@n-api.service[100803]: DEBUG nova.context [None req-f6ece7f2-9b8b-4703-8c01-22cd76c97812 None None] Found 2 cells: 00000000-0000-0000-0000-000000000000(cell0),9b034af7-54de-4907-8afe-334ee7eb5290(cell1) {{(pid=100803) load_cells /opt/stack/nova/nova/context.py:509}}
Feb 17 16:26:03.826994 np0000156046 devstack@n-api.service[100803]: INFO nova.utils [None req-f6ece7f2-9b8b-4703-8c01-22cd76c97812 None None] The cell worker thread pool MainProcess.cell_worker is initialized
Feb 17 16:26:03.828742 np0000156046 devstack@n-api.service[100803]: DEBUG oslo_concurrency.lockutils [None req-f6ece7f2-9b8b-4703-8c01-22cd76c97812 None None] Acquiring lock "00000000-0000-0000-0000-000000000000" by "nova.context.set_target_cell..get_or_set_cached_cell_and_set_connections" {{(pid=100803) inner /opt/stack/data/venv/lib/python3.12/site-packages/oslo_concurrency/lockutils.py:506}}
Feb 17 16:26:03.828918 np0000156046 devstack@n-api.service[100803]: DEBUG oslo_concurrency.lockutils [None req-f6ece7f2-9b8b-4703-8c01-22cd76c97812 None None] Lock "00000000-0000-0000-0000-000000000000" acquired by "nova.context.set_target_cell..get_or_set_cached_cell_and_set_connections" :: waited 0.000s {{(pid=100803) inner /opt/stack/data/venv/lib/python3.12/site-packages/oslo_concurrency/lockutils.py:519}}
Feb 17 16:26:03.829320 np0000156046 devstack@n-api.service[100803]: DEBUG oslo_concurrency.lockutils [None req-f6ece7f2-9b8b-4703-8c01-22cd76c97812 None None] Lock "00000000-0000-0000-0000-000000000000" "released" by "nova.context.set_target_cell..get_or_set_cached_cell_and_set_connections" :: held 0.000s {{(pid=100803) inner /opt/stack/data/venv/lib/python3.12/site-packages/oslo_concurrency/lockutils.py:538}}
Feb 17 16:26:03.829992 np0000156046 devstack@n-api.service[100803]: DEBUG oslo_concurrency.lockutils [None req-f6ece7f2-9b8b-4703-8c01-22cd76c97812 None None] Acquiring lock "9b034af7-54de-4907-8afe-334ee7eb5290" by "nova.context.set_target_cell..get_or_set_cached_cell_and_set_connections" {{(pid=100803) inner /opt/stack/data/venv/lib/python3.12/site-packages/oslo_concurrency/lockutils.py:506}}
Feb 17 16:26:03.830107 np0000156046 devstack@n-api.service[100803]: DEBUG oslo_concurrency.lockutils [None req-f6ece7f2-9b8b-4703-8c01-22cd76c97812 None None] Lock "9b034af7-54de-4907-8afe-334ee7eb5290" acquired by "nova.context.set_target_cell..get_or_set_cached_cell_and_set_connections" :: waited 0.000s {{(pid=100803) inner /opt/stack/data/venv/lib/python3.12/site-packages/oslo_concurrency/lockutils.py:519}}
Feb 17 16:26:03.830983 np0000156046 devstack@n-api.service[100803]: DEBUG oslo_concurrency.lockutils [None req-f6ece7f2-9b8b-4703-8c01-22cd76c97812 None None] Lock "9b034af7-54de-4907-8afe-334ee7eb5290" "released" by "nova.context.set_target_cell..get_or_set_cached_cell_and_set_connections" :: held 0.001s {{(pid=100803) inner /opt/stack/data/venv/lib/python3.12/site-packages/oslo_concurrency/lockutils.py:538}}
Feb 17 16:26:03.833710 np0000156046 devstack@n-api.service[100803]: INFO dbcounter [None req-f6ece7f2-9b8b-4703-8c01-22cd76c97812 None None] Registered counter for database nova_cell0
Feb 17 16:26:03.839160 np0000156046 devstack@n-api.service[100803]: INFO dbcounter [None req-f6ece7f2-9b8b-4703-8c01-22cd76c97812 None None] Registered counter for database nova_cell1
Feb 17 16:26:03.839630 np0000156046 devstack@n-api.service[100802]: DEBUG oslo_db.sqlalchemy.engines [None req-4ddd8906-c826-4a00-83b2-8d568b4833df None None] MySQL server mode set to STRICT_TRANS_TABLES,STRICT_ALL_TABLES,NO_ZERO_IN_DATE,NO_ZERO_DATE,ERROR_FOR_DIVISION_BY_ZERO,TRADITIONAL,NO_ENGINE_SUBSTITUTION {{(pid=100802) _check_effective_sql_mode /opt/stack/data/venv/lib/python3.12/site-packages/oslo_db/sqlalchemy/engines.py:325}}
Feb 17 16:26:03.851777 np0000156046 devstack@n-api.service[100803]: DEBUG oslo_db.sqlalchemy.engines [None req-f6ece7f2-9b8b-4703-8c01-22cd76c97812 None None] MySQL server mode set to STRICT_TRANS_TABLES,STRICT_ALL_TABLES,NO_ZERO_IN_DATE,NO_ZERO_DATE,ERROR_FOR_DIVISION_BY_ZERO,TRADITIONAL,NO_ENGINE_SUBSTITUTION {{(pid=100803) _check_effective_sql_mode /opt/stack/data/venv/lib/python3.12/site-packages/oslo_db/sqlalchemy/engines.py:325}}
Feb 17 16:26:03.853381 np0000156046 devstack@n-api.service[100805]: INFO dbcounter [None req-0d2ac702-09f7-4d6e-8473-d8a1bc43cba3 None None] Registered counter for database nova_api
Feb 17 16:26:03.858000 np0000156046 devstack@n-api.service[100803]: DEBUG oslo_db.sqlalchemy.engines [None req-f6ece7f2-9b8b-4703-8c01-22cd76c97812 None None] MySQL server mode set to STRICT_TRANS_TABLES,STRICT_ALL_TABLES,NO_ZERO_IN_DATE,NO_ZERO_DATE,ERROR_FOR_DIVISION_BY_ZERO,TRADITIONAL,NO_ENGINE_SUBSTITUTION {{(pid=100803) _check_effective_sql_mode /opt/stack/data/venv/lib/python3.12/site-packages/oslo_db/sqlalchemy/engines.py:325}}
Feb 17 16:26:03.868928 np0000156046 devstack@n-api.service[100805]: DEBUG oslo_db.sqlalchemy.engines [None req-0d2ac702-09f7-4d6e-8473-d8a1bc43cba3 None None] MySQL server mode set to STRICT_TRANS_TABLES,STRICT_ALL_TABLES,NO_ZERO_IN_DATE,NO_ZERO_DATE,ERROR_FOR_DIVISION_BY_ZERO,TRADITIONAL,NO_ENGINE_SUBSTITUTION {{(pid=100805) _check_effective_sql_mode /opt/stack/data/venv/lib/python3.12/site-packages/oslo_db/sqlalchemy/engines.py:325}}
Feb 17 16:26:03.877207 np0000156046 devstack@n-api.service[100802]: DEBUG dbcounter [-] [100802] Writer thread running {{(pid=100802) stat_writer /opt/stack/data/venv/lib/python3.12/site-packages/dbcounter.py:102}}
Feb 17 16:26:03.879752 np0000156046 devstack@n-api.service[100802]: DEBUG nova.context [None req-4ddd8906-c826-4a00-83b2-8d568b4833df None None] Found 2 cells: 00000000-0000-0000-0000-000000000000(cell0),9b034af7-54de-4907-8afe-334ee7eb5290(cell1) {{(pid=100802) load_cells /opt/stack/nova/nova/context.py:509}}
Feb 17 16:26:03.879964 np0000156046 devstack@n-api.service[100802]: INFO nova.utils [None req-4ddd8906-c826-4a00-83b2-8d568b4833df None None] The cell worker thread pool MainProcess.cell_worker is initialized
Feb 17 16:26:03.881719 np0000156046 devstack@n-api.service[100802]: DEBUG oslo_concurrency.lockutils [None req-4ddd8906-c826-4a00-83b2-8d568b4833df None None] Acquiring lock "00000000-0000-0000-0000-000000000000" by "nova.context.set_target_cell..get_or_set_cached_cell_and_set_connections" {{(pid=100802) inner /opt/stack/data/venv/lib/python3.12/site-packages/oslo_concurrency/lockutils.py:506}}
Feb 17 16:26:03.881883 np0000156046 devstack@n-api.service[100802]: DEBUG oslo_concurrency.lockutils [None req-4ddd8906-c826-4a00-83b2-8d568b4833df None None] Lock "00000000-0000-0000-0000-000000000000" acquired by "nova.context.set_target_cell..get_or_set_cached_cell_and_set_connections" :: waited 0.000s {{(pid=100802) inner /opt/stack/data/venv/lib/python3.12/site-packages/oslo_concurrency/lockutils.py:519}}
Feb 17 16:26:03.882214 np0000156046 devstack@n-api.service[100802]: DEBUG oslo_concurrency.lockutils [None req-4ddd8906-c826-4a00-83b2-8d568b4833df None None] Lock "00000000-0000-0000-0000-000000000000" "released" by "nova.context.set_target_cell..get_or_set_cached_cell_and_set_connections" :: held 0.000s {{(pid=100802) inner /opt/stack/data/venv/lib/python3.12/site-packages/oslo_concurrency/lockutils.py:538}}
Feb 17 16:26:03.883039 np0000156046 devstack@n-api.service[100802]: DEBUG oslo_concurrency.lockutils [None req-4ddd8906-c826-4a00-83b2-8d568b4833df None None] Acquiring lock "9b034af7-54de-4907-8afe-334ee7eb5290" by "nova.context.set_target_cell..get_or_set_cached_cell_and_set_connections" {{(pid=100802) inner /opt/stack/data/venv/lib/python3.12/site-packages/oslo_concurrency/lockutils.py:506}}
Feb 17 16:26:03.883151 np0000156046 devstack@n-api.service[100802]: DEBUG oslo_concurrency.lockutils [None req-4ddd8906-c826-4a00-83b2-8d568b4833df None None] Lock "9b034af7-54de-4907-8afe-334ee7eb5290" acquired by "nova.context.set_target_cell..get_or_set_cached_cell_and_set_connections" :: waited 0.000s {{(pid=100802) inner /opt/stack/data/venv/lib/python3.12/site-packages/oslo_concurrency/lockutils.py:519}}
Feb 17 16:26:03.883998 np0000156046 devstack@n-api.service[100802]: DEBUG oslo_concurrency.lockutils [None req-4ddd8906-c826-4a00-83b2-8d568b4833df None None] Lock "9b034af7-54de-4907-8afe-334ee7eb5290" "released" by "nova.context.set_target_cell..get_or_set_cached_cell_and_set_connections" :: held 0.001s {{(pid=100802) inner /opt/stack/data/venv/lib/python3.12/site-packages/oslo_concurrency/lockutils.py:538}}
Feb 17 16:26:03.886924 np0000156046 devstack@n-api.service[100802]: INFO dbcounter [None req-4ddd8906-c826-4a00-83b2-8d568b4833df None None] Registered counter for database nova_cell0
Feb 17 16:26:03.892413 np0000156046 devstack@n-api.service[100802]: INFO dbcounter [None req-4ddd8906-c826-4a00-83b2-8d568b4833df None None] Registered counter for database nova_cell1
Feb 17 16:26:03.898477 np0000156046 devstack@n-api.service[100805]: DEBUG dbcounter [-] [100805] Writer thread running {{(pid=100805) stat_writer /opt/stack/data/venv/lib/python3.12/site-packages/dbcounter.py:102}}
Feb 17 16:26:03.904336 np0000156046 devstack@n-api.service[100805]: DEBUG nova.context [None req-0d2ac702-09f7-4d6e-8473-d8a1bc43cba3 None None] Found 2 cells: 00000000-0000-0000-0000-000000000000(cell0),9b034af7-54de-4907-8afe-334ee7eb5290(cell1) {{(pid=100805) load_cells /opt/stack/nova/nova/context.py:509}}
Feb 17 16:26:03.904336 np0000156046 devstack@n-api.service[100805]: INFO nova.utils [None req-0d2ac702-09f7-4d6e-8473-d8a1bc43cba3 None None] The cell worker thread pool MainProcess.cell_worker is initialized
Feb 17 16:26:03.904540 np0000156046 devstack@n-api.service[100802]: DEBUG oslo_db.sqlalchemy.engines [None req-4ddd8906-c826-4a00-83b2-8d568b4833df None None] MySQL server mode set to STRICT_TRANS_TABLES,STRICT_ALL_TABLES,NO_ZERO_IN_DATE,NO_ZERO_DATE,ERROR_FOR_DIVISION_BY_ZERO,TRADITIONAL,NO_ENGINE_SUBSTITUTION {{(pid=100802) _check_effective_sql_mode /opt/stack/data/venv/lib/python3.12/site-packages/oslo_db/sqlalchemy/engines.py:325}}
Feb 17 16:26:03.904605 np0000156046 devstack@n-api.service[100805]: DEBUG oslo_concurrency.lockutils [None req-0d2ac702-09f7-4d6e-8473-d8a1bc43cba3 None None] Acquiring lock "00000000-0000-0000-0000-000000000000" by "nova.context.set_target_cell..get_or_set_cached_cell_and_set_connections" {{(pid=100805) inner /opt/stack/data/venv/lib/python3.12/site-packages/oslo_concurrency/lockutils.py:506}}
Feb 17 16:26:03.904605 np0000156046 devstack@n-api.service[100805]: DEBUG oslo_concurrency.lockutils [None req-0d2ac702-09f7-4d6e-8473-d8a1bc43cba3 None None] Lock "00000000-0000-0000-0000-000000000000" acquired by "nova.context.set_target_cell..get_or_set_cached_cell_and_set_connections" :: waited 0.000s {{(pid=100805) inner /opt/stack/data/venv/lib/python3.12/site-packages/oslo_concurrency/lockutils.py:519}}
Feb 17 16:26:03.904605 np0000156046 devstack@n-api.service[100805]: DEBUG oslo_concurrency.lockutils [None req-0d2ac702-09f7-4d6e-8473-d8a1bc43cba3 None None] Lock "00000000-0000-0000-0000-000000000000" "released" by "nova.context.set_target_cell..get_or_set_cached_cell_and_set_connections" :: held 0.000s {{(pid=100805) inner /opt/stack/data/venv/lib/python3.12/site-packages/oslo_concurrency/lockutils.py:538}}
Feb 17 16:26:03.904605 np0000156046 devstack@n-api.service[100805]: DEBUG oslo_concurrency.lockutils [None req-0d2ac702-09f7-4d6e-8473-d8a1bc43cba3 None None] Acquiring lock "9b034af7-54de-4907-8afe-334ee7eb5290" by "nova.context.set_target_cell..get_or_set_cached_cell_and_set_connections" {{(pid=100805) inner /opt/stack/data/venv/lib/python3.12/site-packages/oslo_concurrency/lockutils.py:506}}
Feb 17 16:26:03.904605 np0000156046 devstack@n-api.service[100805]: DEBUG oslo_concurrency.lockutils [None req-0d2ac702-09f7-4d6e-8473-d8a1bc43cba3 None None] Lock "9b034af7-54de-4907-8afe-334ee7eb5290" acquired by "nova.context.set_target_cell..get_or_set_cached_cell_and_set_connections" :: waited 0.000s {{(pid=100805) inner /opt/stack/data/venv/lib/python3.12/site-packages/oslo_concurrency/lockutils.py:519}}
Feb 17 16:26:03.904924 np0000156046 devstack@n-api.service[100805]: DEBUG oslo_concurrency.lockutils [None req-0d2ac702-09f7-4d6e-8473-d8a1bc43cba3 None None] Lock "9b034af7-54de-4907-8afe-334ee7eb5290" "released" by "nova.context.set_target_cell..get_or_set_cached_cell_and_set_connections" :: held 0.001s {{(pid=100805) inner /opt/stack/data/venv/lib/python3.12/site-packages/oslo_concurrency/lockutils.py:538}}
Feb 17 16:26:03.908230 np0000156046 devstack@n-api.service[100805]: INFO dbcounter [None req-0d2ac702-09f7-4d6e-8473-d8a1bc43cba3 None None] Registered counter for database nova_cell0
Feb 17 16:26:03.908853 np0000156046 devstack@n-api.service[100802]: DEBUG oslo_db.sqlalchemy.engines [None req-4ddd8906-c826-4a00-83b2-8d568b4833df None None] MySQL server mode set to STRICT_TRANS_TABLES,STRICT_ALL_TABLES,NO_ZERO_IN_DATE,NO_ZERO_DATE,ERROR_FOR_DIVISION_BY_ZERO,TRADITIONAL,NO_ENGINE_SUBSTITUTION {{(pid=100802) _check_effective_sql_mode /opt/stack/data/venv/lib/python3.12/site-packages/oslo_db/sqlalchemy/engines.py:325}}
Feb 17 16:26:03.912157 np0000156046 devstack@n-api.service[100805]: INFO dbcounter [None req-0d2ac702-09f7-4d6e-8473-d8a1bc43cba3 None None] Registered counter for database nova_cell1
Feb 17 16:26:03.920950 np0000156046 devstack@n-api.service[100805]: DEBUG oslo_db.sqlalchemy.engines [None req-0d2ac702-09f7-4d6e-8473-d8a1bc43cba3 None None] MySQL server mode set to STRICT_TRANS_TABLES,STRICT_ALL_TABLES,NO_ZERO_IN_DATE,NO_ZERO_DATE,ERROR_FOR_DIVISION_BY_ZERO,TRADITIONAL,NO_ENGINE_SUBSTITUTION {{(pid=100805) _check_effective_sql_mode /opt/stack/data/venv/lib/python3.12/site-packages/oslo_db/sqlalchemy/engines.py:325}}
Feb 17 16:26:03.931702 np0000156046 devstack@n-api.service[100804]: DEBUG dbcounter [-] [100804] Writer thread running {{(pid=100804) stat_writer /opt/stack/data/venv/lib/python3.12/site-packages/dbcounter.py:102}}
Feb 17 16:26:03.932284 np0000156046 devstack@n-api.service[100804]: DEBUG dbcounter [-] [100804] Writer thread running {{(pid=100804) stat_writer /opt/stack/data/venv/lib/python3.12/site-packages/dbcounter.py:102}}
Feb 17 16:26:03.932975 np0000156046 devstack@n-api.service[100805]: DEBUG oslo_db.sqlalchemy.engines [None req-0d2ac702-09f7-4d6e-8473-d8a1bc43cba3 None None] MySQL server mode set to STRICT_TRANS_TABLES,STRICT_ALL_TABLES,NO_ZERO_IN_DATE,NO_ZERO_DATE,ERROR_FOR_DIVISION_BY_ZERO,TRADITIONAL,NO_ENGINE_SUBSTITUTION {{(pid=100805) _check_effective_sql_mode /opt/stack/data/venv/lib/python3.12/site-packages/oslo_db/sqlalchemy/engines.py:325}}
Feb 17 16:26:03.937240 np0000156046 devstack@n-api.service[100804]: INFO dbcounter [None req-b4d10059-a2b7-4a4a-a0fc-adcd567e4517 None None] Registered counter for database nova_cell0
Feb 17 16:26:03.948477 np0000156046 devstack@n-api.service[100804]: DEBUG oslo_db.sqlalchemy.engines [None req-b4d10059-a2b7-4a4a-a0fc-adcd567e4517 None None] MySQL server mode set to STRICT_TRANS_TABLES,STRICT_ALL_TABLES,NO_ZERO_IN_DATE,NO_ZERO_DATE,ERROR_FOR_DIVISION_BY_ZERO,TRADITIONAL,NO_ENGINE_SUBSTITUTION {{(pid=100804) _check_effective_sql_mode /opt/stack/data/venv/lib/python3.12/site-packages/oslo_db/sqlalchemy/engines.py:325}}
Feb 17 16:26:03.958719 np0000156046 devstack@n-api.service[100803]: DEBUG dbcounter [-] [100803] Writer thread running {{(pid=100803) stat_writer /opt/stack/data/venv/lib/python3.12/site-packages/dbcounter.py:102}}
Feb 17 16:26:03.959249 np0000156046 devstack@n-api.service[100803]: DEBUG dbcounter [-] [100803] Writer thread running {{(pid=100803) stat_writer /opt/stack/data/venv/lib/python3.12/site-packages/dbcounter.py:102}}
Feb 17 16:26:03.959772 np0000156046 devstack@n-api.service[100804]: DEBUG dbcounter [-] [100804] Writer thread running {{(pid=100804) stat_writer /opt/stack/data/venv/lib/python3.12/site-packages/dbcounter.py:102}}
Feb 17 16:26:03.964870 np0000156046 devstack@n-api.service[100803]: INFO dbcounter [None req-f6ece7f2-9b8b-4703-8c01-22cd76c97812 None None] Registered counter for database nova_cell0
Feb 17 16:26:03.973686 np0000156046 devstack@n-api.service[100803]: DEBUG oslo_db.sqlalchemy.engines [None req-f6ece7f2-9b8b-4703-8c01-22cd76c97812 None None] MySQL server mode set to STRICT_TRANS_TABLES,STRICT_ALL_TABLES,NO_ZERO_IN_DATE,NO_ZERO_DATE,ERROR_FOR_DIVISION_BY_ZERO,TRADITIONAL,NO_ENGINE_SUBSTITUTION {{(pid=100803) _check_effective_sql_mode /opt/stack/data/venv/lib/python3.12/site-packages/oslo_db/sqlalchemy/engines.py:325}}
Feb 17 16:26:03.982597 np0000156046 devstack@n-api.service[100803]: DEBUG dbcounter [-] [100803] Writer thread running {{(pid=100803) stat_writer /opt/stack/data/venv/lib/python3.12/site-packages/dbcounter.py:102}}
Feb 17 16:26:04.014878 np0000156046 devstack@n-api.service[100805]: DEBUG dbcounter [-] [100805] Writer thread running {{(pid=100805) stat_writer /opt/stack/data/venv/lib/python3.12/site-packages/dbcounter.py:102}}
Feb 17 16:26:04.015115 np0000156046 devstack@n-api.service[100802]: DEBUG dbcounter [-] [100802] Writer thread running {{(pid=100802) stat_writer /opt/stack/data/venv/lib/python3.12/site-packages/dbcounter.py:102}}
Feb 17 16:26:04.021474 np0000156046 devstack@n-api.service[100802]: DEBUG dbcounter [-] [100802] Writer thread running {{(pid=100802) stat_writer /opt/stack/data/venv/lib/python3.12/site-packages/dbcounter.py:102}}
Feb 17 16:26:04.022173 np0000156046 devstack@n-api.service[100805]: DEBUG dbcounter [-] [100805] Writer thread running {{(pid=100805) stat_writer /opt/stack/data/venv/lib/python3.12/site-packages/dbcounter.py:102}}
Feb 17 16:26:04.025828 np0000156046 devstack@n-api.service[100805]: INFO dbcounter [None req-0d2ac702-09f7-4d6e-8473-d8a1bc43cba3 None None] Registered counter for database nova_cell0
Feb 17 16:26:04.026250 np0000156046 devstack@n-api.service[100802]: INFO dbcounter [None req-4ddd8906-c826-4a00-83b2-8d568b4833df None None] Registered counter for database nova_cell0
Feb 17 16:26:04.032742 np0000156046 devstack@n-api.service[100805]: DEBUG oslo_db.sqlalchemy.engines [None req-0d2ac702-09f7-4d6e-8473-d8a1bc43cba3 None None] MySQL server mode set to STRICT_TRANS_TABLES,STRICT_ALL_TABLES,NO_ZERO_IN_DATE,NO_ZERO_DATE,ERROR_FOR_DIVISION_BY_ZERO,TRADITIONAL,NO_ENGINE_SUBSTITUTION {{(pid=100805) _check_effective_sql_mode /opt/stack/data/venv/lib/python3.12/site-packages/oslo_db/sqlalchemy/engines.py:325}}
Feb 17 16:26:04.039244 np0000156046 devstack@n-api.service[100802]: DEBUG oslo_db.sqlalchemy.engines [None req-4ddd8906-c826-4a00-83b2-8d568b4833df None None] MySQL server mode set to STRICT_TRANS_TABLES,STRICT_ALL_TABLES,NO_ZERO_IN_DATE,NO_ZERO_DATE,ERROR_FOR_DIVISION_BY_ZERO,TRADITIONAL,NO_ENGINE_SUBSTITUTION {{(pid=100802) _check_effective_sql_mode /opt/stack/data/venv/lib/python3.12/site-packages/oslo_db/sqlalchemy/engines.py:325}}
Feb 17 16:26:04.041863 np0000156046 devstack@n-api.service[100805]: DEBUG dbcounter [-] [100805] Writer thread running {{(pid=100805) stat_writer /opt/stack/data/venv/lib/python3.12/site-packages/dbcounter.py:102}}
Feb 17 16:26:04.050487 np0000156046 devstack@n-api.service[100802]: DEBUG dbcounter [-] [100802] Writer thread running {{(pid=100802) stat_writer /opt/stack/data/venv/lib/python3.12/site-packages/dbcounter.py:102}}
Feb 17 16:26:04.402058 np0000156046 devstack@n-api.service[100803]: DEBUG oslo_concurrency.processutils [None req-f6ece7f2-9b8b-4703-8c01-22cd76c97812 None None] Running cmd (subprocess): grep -F node.session.scan /sbin/iscsiadm {{(pid=100803) execute /opt/stack/data/venv/lib/python3.12/site-packages/oslo_concurrency/processutils.py:368}}
Feb 17 16:26:04.420590 np0000156046 devstack@n-api.service[100803]: DEBUG oslo_concurrency.processutils [None req-f6ece7f2-9b8b-4703-8c01-22cd76c97812 None None] CMD "grep -F node.session.scan /sbin/iscsiadm" returned: 0 in 0.018s {{(pid=100803) execute /opt/stack/data/venv/lib/python3.12/site-packages/oslo_concurrency/processutils.py:396}}
Feb 17 16:26:04.422201 np0000156046 devstack@n-api.service[100802]: DEBUG oslo_concurrency.processutils [None req-4ddd8906-c826-4a00-83b2-8d568b4833df None None] Running cmd (subprocess): grep -F node.session.scan /sbin/iscsiadm {{(pid=100802) execute /opt/stack/data/venv/lib/python3.12/site-packages/oslo_concurrency/processutils.py:368}}
Feb 17 16:26:04.439071 np0000156046 devstack@n-api.service[100802]: DEBUG oslo_concurrency.processutils [None req-4ddd8906-c826-4a00-83b2-8d568b4833df None None] CMD "grep -F node.session.scan /sbin/iscsiadm" returned: 0 in 0.017s {{(pid=100802) execute /opt/stack/data/venv/lib/python3.12/site-packages/oslo_concurrency/processutils.py:396}}
Feb 17 16:26:04.442216 np0000156046 devstack@n-api.service[100805]: DEBUG oslo_concurrency.processutils [None req-0d2ac702-09f7-4d6e-8473-d8a1bc43cba3 None None] Running cmd (subprocess): grep -F node.session.scan /sbin/iscsiadm {{(pid=100805) execute /opt/stack/data/venv/lib/python3.12/site-packages/oslo_concurrency/processutils.py:368}}
Feb 17 16:26:04.461546 np0000156046 devstack@n-api.service[100805]: DEBUG oslo_concurrency.processutils [None req-0d2ac702-09f7-4d6e-8473-d8a1bc43cba3 None None] CMD "grep -F node.session.scan /sbin/iscsiadm" returned: 0 in 0.019s {{(pid=100805) execute /opt/stack/data/venv/lib/python3.12/site-packages/oslo_concurrency/processutils.py:396}}
Feb 17 16:26:04.488709 np0000156046 devstack@n-api.service[100804]: DEBUG oslo_concurrency.processutils [None req-b4d10059-a2b7-4a4a-a0fc-adcd567e4517 None None] Running cmd (subprocess): grep -F node.session.scan /sbin/iscsiadm {{(pid=100804) execute /opt/stack/data/venv/lib/python3.12/site-packages/oslo_concurrency/processutils.py:368}}
Feb 17 16:26:04.505433 np0000156046 devstack@n-api.service[100804]: DEBUG oslo_concurrency.processutils [None req-b4d10059-a2b7-4a4a-a0fc-adcd567e4517 None None] CMD "grep -F node.session.scan /sbin/iscsiadm" returned: 0 in 0.017s {{(pid=100804) execute /opt/stack/data/venv/lib/python3.12/site-packages/oslo_concurrency/processutils.py:396}}
Feb 17 16:26:04.888685 np0000156046 devstack@n-api.service[100804]: WARNING keystonemiddleware.auth_token [None req-b4d10059-a2b7-4a4a-a0fc-adcd567e4517 None None] AuthToken middleware is set with keystone_authtoken.service_token_roles_required set to False. This is backwards compatible but deprecated behaviour. Please set this to True.
Feb 17 16:26:04.889619 np0000156046 devstack@n-api.service[100805]: WARNING keystonemiddleware.auth_token [None req-0d2ac702-09f7-4d6e-8473-d8a1bc43cba3 None None] AuthToken middleware is set with keystone_authtoken.service_token_roles_required set to False. This is backwards compatible but deprecated behaviour. Please set this to True.
Feb 17 16:26:04.892763 np0000156046 devstack@n-api.service[100804]: WARNING keystonemiddleware.auth_token [None req-b4d10059-a2b7-4a4a-a0fc-adcd567e4517 None None] Configuring www_authenticate_uri to point to the public identity endpoint is required; clients may not be able to authenticate against an admin endpoint
Feb 17 16:26:04.893484 np0000156046 devstack@n-api.service[100805]: WARNING keystonemiddleware.auth_token [None req-0d2ac702-09f7-4d6e-8473-d8a1bc43cba3 None None] Configuring www_authenticate_uri to point to the public identity endpoint is required; clients may not be able to authenticate against an admin endpoint
Feb 17 16:26:04.898253 np0000156046 devstack@n-api.service[100802]: WARNING keystonemiddleware.auth_token [None req-4ddd8906-c826-4a00-83b2-8d568b4833df None None] AuthToken middleware is set with keystone_authtoken.service_token_roles_required set to False. This is backwards compatible but deprecated behaviour. Please set this to True.
Feb 17 16:26:04.902242 np0000156046 devstack@n-api.service[100802]: WARNING keystonemiddleware.auth_token [None req-4ddd8906-c826-4a00-83b2-8d568b4833df None None] Configuring www_authenticate_uri to point to the public identity endpoint is required; clients may not be able to authenticate against an admin endpoint
Feb 17 16:26:04.950501 np0000156046 devstack@n-api.service[100803]: WARNING keystonemiddleware.auth_token [None req-f6ece7f2-9b8b-4703-8c01-22cd76c97812 None None] AuthToken middleware is set with keystone_authtoken.service_token_roles_required set to False. This is backwards compatible but deprecated behaviour. Please set this to True.
Feb 17 16:26:04.956419 np0000156046 devstack@n-api.service[100803]: WARNING keystonemiddleware.auth_token [None req-f6ece7f2-9b8b-4703-8c01-22cd76c97812 None None] Configuring www_authenticate_uri to point to the public identity endpoint is required; clients may not be able to authenticate against an admin endpoint
Feb 17 16:26:05.089474 np0000156046 devstack@n-api.service[100805]: WARNING keystonemiddleware.auth_token [None req-0d2ac702-09f7-4d6e-8473-d8a1bc43cba3 None None] AuthToken middleware is set with keystone_authtoken.service_token_roles_required set to False. This is backwards compatible but deprecated behaviour. Please set this to True.
Feb 17 16:26:05.092612 np0000156046 devstack@n-api.service[100805]: WARNING keystonemiddleware.auth_token [None req-0d2ac702-09f7-4d6e-8473-d8a1bc43cba3 None None] Configuring www_authenticate_uri to point to the public identity endpoint is required; clients may not be able to authenticate against an admin endpoint
Feb 17 16:26:05.095170 np0000156046 devstack@n-api.service[100805]: DEBUG nova.api.openstack.wsgi_app [None req-0d2ac702-09f7-4d6e-8473-d8a1bc43cba3 None None] ******************************************************************************** {{(pid=100805) log_opt_values /opt/stack/data/venv/lib/python3.12/site-packages/oslo_config/cfg.py:2804}}
Feb 17 16:26:05.095315 np0000156046 devstack@n-api.service[100805]: DEBUG nova.api.openstack.wsgi_app [None req-0d2ac702-09f7-4d6e-8473-d8a1bc43cba3 None None] Configuration options gathered from: {{(pid=100805) log_opt_values /opt/stack/data/venv/lib/python3.12/site-packages/oslo_config/cfg.py:2805}}
Feb 17 16:26:05.095622 np0000156046 devstack@n-api.service[100805]: DEBUG nova.api.openstack.wsgi_app [None req-0d2ac702-09f7-4d6e-8473-d8a1bc43cba3 None None] command line args: [] {{(pid=100805) log_opt_values /opt/stack/data/venv/lib/python3.12/site-packages/oslo_config/cfg.py:2806}}
Feb 17 16:26:05.095758 np0000156046 devstack@n-api.service[100805]: DEBUG nova.api.openstack.wsgi_app [None req-0d2ac702-09f7-4d6e-8473-d8a1bc43cba3 None None] config files: ['/etc/nova/api-paste.ini', '/etc/nova/nova.conf'] {{(pid=100805) log_opt_values /opt/stack/data/venv/lib/python3.12/site-packages/oslo_config/cfg.py:2807}}
Feb 17 16:26:05.095867 np0000156046 devstack@n-api.service[100805]: DEBUG nova.api.openstack.wsgi_app [None req-0d2ac702-09f7-4d6e-8473-d8a1bc43cba3 None None] ================================================================================ {{(pid=100805) log_opt_values /opt/stack/data/venv/lib/python3.12/site-packages/oslo_config/cfg.py:2809}}
Feb 17 16:26:05.096049 np0000156046 devstack@n-api.service[100805]: DEBUG nova.api.openstack.wsgi_app [None req-0d2ac702-09f7-4d6e-8473-d8a1bc43cba3 None None] allow_resize_to_same_host = True {{(pid=100805) log_opt_values /opt/stack/data/venv/lib/python3.12/site-packages/oslo_config/cfg.py:2817}}
Feb 17 16:26:05.096147 np0000156046 devstack@n-api.service[100804]: WARNING keystonemiddleware.auth_token [None req-b4d10059-a2b7-4a4a-a0fc-adcd567e4517 None None] AuthToken middleware is set with keystone_authtoken.service_token_roles_required set to False. This is backwards compatible but deprecated behaviour. Please set this to True.
Feb 17 16:26:05.096220 np0000156046 devstack@n-api.service[100805]: DEBUG nova.api.openstack.wsgi_app [None req-0d2ac702-09f7-4d6e-8473-d8a1bc43cba3 None None] arq_binding_timeout = 300 {{(pid=100805) log_opt_values /opt/stack/data/venv/lib/python3.12/site-packages/oslo_config/cfg.py:2817}}
Feb 17 16:26:05.096385 np0000156046 devstack@n-api.service[100805]: DEBUG nova.api.openstack.wsgi_app [None req-0d2ac702-09f7-4d6e-8473-d8a1bc43cba3 None None] block_device_allocate_retries = 60 {{(pid=100805) log_opt_values /opt/stack/data/venv/lib/python3.12/site-packages/oslo_config/cfg.py:2817}}
Feb 17 16:26:05.096478 np0000156046 devstack@n-api.service[100805]: DEBUG nova.api.openstack.wsgi_app [None req-0d2ac702-09f7-4d6e-8473-d8a1bc43cba3 None None] block_device_allocate_retries_interval = 3 {{(pid=100805) log_opt_values /opt/stack/data/venv/lib/python3.12/site-packages/oslo_config/cfg.py:2817}}
Feb 17 16:26:05.096595 np0000156046 devstack@n-api.service[100805]: DEBUG nova.api.openstack.wsgi_app [None req-0d2ac702-09f7-4d6e-8473-d8a1bc43cba3 None None] cell_worker_thread_pool_size = 5 {{(pid=100805) log_opt_values /opt/stack/data/venv/lib/python3.12/site-packages/oslo_config/cfg.py:2817}}
Feb 17 16:26:05.096743 np0000156046 devstack@n-api.service[100805]: DEBUG nova.api.openstack.wsgi_app [None req-0d2ac702-09f7-4d6e-8473-d8a1bc43cba3 None None] cert = self.pem {{(pid=100805) log_opt_values /opt/stack/data/venv/lib/python3.12/site-packages/oslo_config/cfg.py:2817}}
Feb 17 16:26:05.096866 np0000156046 devstack@n-api.service[100805]: DEBUG nova.api.openstack.wsgi_app [None req-0d2ac702-09f7-4d6e-8473-d8a1bc43cba3 None None] compute_driver = libvirt.LibvirtDriver {{(pid=100805) log_opt_values /opt/stack/data/venv/lib/python3.12/site-packages/oslo_config/cfg.py:2817}}
Feb 17 16:26:05.097001 np0000156046 devstack@n-api.service[100805]: DEBUG nova.api.openstack.wsgi_app [None req-0d2ac702-09f7-4d6e-8473-d8a1bc43cba3 None None] compute_monitors = [] {{(pid=100805) log_opt_values /opt/stack/data/venv/lib/python3.12/site-packages/oslo_config/cfg.py:2817}}
Feb 17 16:26:05.097137 np0000156046 devstack@n-api.service[100805]: DEBUG nova.api.openstack.wsgi_app [None req-0d2ac702-09f7-4d6e-8473-d8a1bc43cba3 None None] config_dir = [] {{(pid=100805) log_opt_values /opt/stack/data/venv/lib/python3.12/site-packages/oslo_config/cfg.py:2817}}
Feb 17 16:26:05.097280 np0000156046 devstack@n-api.service[100805]: DEBUG nova.api.openstack.wsgi_app [None req-0d2ac702-09f7-4d6e-8473-d8a1bc43cba3 None None] config_drive_format = iso9660 {{(pid=100805) log_opt_values /opt/stack/data/venv/lib/python3.12/site-packages/oslo_config/cfg.py:2817}}
Feb 17 16:26:05.097409 np0000156046 devstack@n-api.service[100805]: DEBUG nova.api.openstack.wsgi_app [None req-0d2ac702-09f7-4d6e-8473-d8a1bc43cba3 None None] config_file = ['/etc/nova/api-paste.ini', '/etc/nova/nova.conf'] {{(pid=100805) log_opt_values /opt/stack/data/venv/lib/python3.12/site-packages/oslo_config/cfg.py:2817}}
Feb 17 16:26:05.097637 np0000156046 devstack@n-api.service[100805]: DEBUG nova.api.openstack.wsgi_app [None req-0d2ac702-09f7-4d6e-8473-d8a1bc43cba3 None None] config_source = [] {{(pid=100805) log_opt_values /opt/stack/data/venv/lib/python3.12/site-packages/oslo_config/cfg.py:2817}}
Feb 17 16:26:05.097724 np0000156046 devstack@n-api.service[100805]: DEBUG nova.api.openstack.wsgi_app [None req-0d2ac702-09f7-4d6e-8473-d8a1bc43cba3 None None] console_host = np0000156046 {{(pid=100805) log_opt_values /opt/stack/data/venv/lib/python3.12/site-packages/oslo_config/cfg.py:2817}}
Feb 17 16:26:05.097852 np0000156046 devstack@n-api.service[100805]: DEBUG nova.api.openstack.wsgi_app [None req-0d2ac702-09f7-4d6e-8473-d8a1bc43cba3 None None] control_exchange = nova {{(pid=100805) log_opt_values /opt/stack/data/venv/lib/python3.12/site-packages/oslo_config/cfg.py:2817}}
Feb 17 16:26:05.097978 np0000156046 devstack@n-api.service[100805]: DEBUG nova.api.openstack.wsgi_app [None req-0d2ac702-09f7-4d6e-8473-d8a1bc43cba3 None None] cpu_allocation_ratio = None {{(pid=100805) log_opt_values /opt/stack/data/venv/lib/python3.12/site-packages/oslo_config/cfg.py:2817}}
Feb 17 16:26:05.098112 np0000156046 devstack@n-api.service[100805]: DEBUG nova.api.openstack.wsgi_app [None req-0d2ac702-09f7-4d6e-8473-d8a1bc43cba3 None None] daemon = False {{(pid=100805) log_opt_values /opt/stack/data/venv/lib/python3.12/site-packages/oslo_config/cfg.py:2817}}
Feb 17 16:26:05.098236 np0000156046 devstack@n-api.service[100805]: DEBUG nova.api.openstack.wsgi_app [None req-0d2ac702-09f7-4d6e-8473-d8a1bc43cba3 None None] debug = True {{(pid=100805) log_opt_values /opt/stack/data/venv/lib/python3.12/site-packages/oslo_config/cfg.py:2817}}
Feb 17 16:26:05.098396 np0000156046 devstack@n-api.service[100805]: DEBUG nova.api.openstack.wsgi_app [None req-0d2ac702-09f7-4d6e-8473-d8a1bc43cba3 None None] default_access_ip_network_name = None {{(pid=100805) log_opt_values /opt/stack/data/venv/lib/python3.12/site-packages/oslo_config/cfg.py:2817}}
Feb 17 16:26:05.098540 np0000156046 devstack@n-api.service[100805]: DEBUG nova.api.openstack.wsgi_app [None req-0d2ac702-09f7-4d6e-8473-d8a1bc43cba3 None None] default_availability_zone = nova {{(pid=100805) log_opt_values /opt/stack/data/venv/lib/python3.12/site-packages/oslo_config/cfg.py:2817}}
Feb 17 16:26:05.098676 np0000156046 devstack@n-api.service[100805]: DEBUG nova.api.openstack.wsgi_app [None req-0d2ac702-09f7-4d6e-8473-d8a1bc43cba3 None None] default_ephemeral_format = ext4 {{(pid=100805) log_opt_values /opt/stack/data/venv/lib/python3.12/site-packages/oslo_config/cfg.py:2817}}
Feb 17 16:26:05.098812 np0000156046 devstack@n-api.service[100805]: DEBUG nova.api.openstack.wsgi_app [None req-0d2ac702-09f7-4d6e-8473-d8a1bc43cba3 None None] default_green_pool_size = 1000 {{(pid=100805) log_opt_values /opt/stack/data/venv/lib/python3.12/site-packages/oslo_config/cfg.py:2817}}
Feb 17 16:26:05.099025 np0000156046 devstack@n-api.service[100805]: DEBUG nova.api.openstack.wsgi_app [None req-0d2ac702-09f7-4d6e-8473-d8a1bc43cba3 None None] default_log_levels = ['amqp=WARN', 'boto=WARN', 'sqlalchemy=WARN', 'suds=INFO', 'oslo.messaging=INFO', 'oslo_messaging=INFO', 'iso8601=WARN', 'requests.packages.urllib3.connectionpool=WARN', 'urllib3.connectionpool=WARN', 'websocket=WARN', 'requests.packages.urllib3.util.retry=WARN', 'urllib3.util.retry=WARN', 'keystonemiddleware=WARN', 'routes.middleware=WARN', 'stevedore=WARN', 'taskflow=WARN', 'keystoneauth=WARN', 'oslo.cache=INFO', 'oslo_policy=INFO', 'dogpile.core.dogpile=INFO', 'glanceclient=WARN', 'oslo.privsep.daemon=INFO'] {{(pid=100805) log_opt_values /opt/stack/data/venv/lib/python3.12/site-packages/oslo_config/cfg.py:2817}}
Feb 17 16:26:05.099149 np0000156046 devstack@n-api.service[100804]: WARNING keystonemiddleware.auth_token [None req-b4d10059-a2b7-4a4a-a0fc-adcd567e4517 None None] Configuring www_authenticate_uri to point to the public identity endpoint is required; clients may not be able to authenticate against an admin endpoint
Feb 17 16:26:05.099205 np0000156046 devstack@n-api.service[100805]: DEBUG nova.api.openstack.wsgi_app [None req-0d2ac702-09f7-4d6e-8473-d8a1bc43cba3 None None] default_schedule_zone = None {{(pid=100805) log_opt_values /opt/stack/data/venv/lib/python3.12/site-packages/oslo_config/cfg.py:2817}}
Feb 17 16:26:05.099283 np0000156046 devstack@n-api.service[100805]: DEBUG nova.api.openstack.wsgi_app [None req-0d2ac702-09f7-4d6e-8473-d8a1bc43cba3 None None] default_thread_pool_size = 10 {{(pid=100805) log_opt_values /opt/stack/data/venv/lib/python3.12/site-packages/oslo_config/cfg.py:2817}}
Feb 17 16:26:05.099423 np0000156046 devstack@n-api.service[100805]: DEBUG nova.api.openstack.wsgi_app [None req-0d2ac702-09f7-4d6e-8473-d8a1bc43cba3 None None] disk_allocation_ratio = None {{(pid=100805) log_opt_values /opt/stack/data/venv/lib/python3.12/site-packages/oslo_config/cfg.py:2817}}
Feb 17 16:26:05.099555 np0000156046 devstack@n-api.service[100805]: DEBUG nova.api.openstack.wsgi_app [None req-0d2ac702-09f7-4d6e-8473-d8a1bc43cba3 None None] enable_new_services = True {{(pid=100805) log_opt_values /opt/stack/data/venv/lib/python3.12/site-packages/oslo_config/cfg.py:2817}}
Feb 17 16:26:05.099695 np0000156046 devstack@n-api.service[100805]: DEBUG nova.api.openstack.wsgi_app [None req-0d2ac702-09f7-4d6e-8473-d8a1bc43cba3 None None] flat_injected = False {{(pid=100805) log_opt_values /opt/stack/data/venv/lib/python3.12/site-packages/oslo_config/cfg.py:2817}}
Feb 17 16:26:05.099817 np0000156046 devstack@n-api.service[100805]: DEBUG nova.api.openstack.wsgi_app [None req-0d2ac702-09f7-4d6e-8473-d8a1bc43cba3 None None] force_config_drive = False {{(pid=100805) log_opt_values /opt/stack/data/venv/lib/python3.12/site-packages/oslo_config/cfg.py:2817}}
Feb 17 16:26:05.099950 np0000156046 devstack@n-api.service[100805]: DEBUG nova.api.openstack.wsgi_app [None req-0d2ac702-09f7-4d6e-8473-d8a1bc43cba3 None None] force_raw_images = True {{(pid=100805) log_opt_values /opt/stack/data/venv/lib/python3.12/site-packages/oslo_config/cfg.py:2817}}
Feb 17 16:26:05.100089 np0000156046 devstack@n-api.service[100805]: DEBUG nova.api.openstack.wsgi_app [None req-0d2ac702-09f7-4d6e-8473-d8a1bc43cba3 None None] graceful_shutdown_timeout = 5 {{(pid=100805) log_opt_values /opt/stack/data/venv/lib/python3.12/site-packages/oslo_config/cfg.py:2817}}
Feb 17 16:26:05.100150 np0000156046 devstack@n-api.service[100802]: WARNING keystonemiddleware.auth_token [None req-4ddd8906-c826-4a00-83b2-8d568b4833df None None] AuthToken middleware is set with keystone_authtoken.service_token_roles_required set to False. This is backwards compatible but deprecated behaviour. Please set this to True.
Feb 17 16:26:05.100218 np0000156046 devstack@n-api.service[100805]: DEBUG nova.api.openstack.wsgi_app [None req-0d2ac702-09f7-4d6e-8473-d8a1bc43cba3 None None] heal_instance_info_cache_interval = -1 {{(pid=100805) log_opt_values /opt/stack/data/venv/lib/python3.12/site-packages/oslo_config/cfg.py:2817}}
Feb 17 16:26:05.100404 np0000156046 devstack@n-api.service[100805]: DEBUG nova.api.openstack.wsgi_app [None req-0d2ac702-09f7-4d6e-8473-d8a1bc43cba3 None None] host = np0000156046 {{(pid=100805) log_opt_values /opt/stack/data/venv/lib/python3.12/site-packages/oslo_config/cfg.py:2817}}
Feb 17 16:26:05.100548 np0000156046 devstack@n-api.service[100805]: DEBUG nova.api.openstack.wsgi_app [None req-0d2ac702-09f7-4d6e-8473-d8a1bc43cba3 None None] initial_cpu_allocation_ratio = 4.0 {{(pid=100805) log_opt_values /opt/stack/data/venv/lib/python3.12/site-packages/oslo_config/cfg.py:2817}}
Feb 17 16:26:05.100683 np0000156046 devstack@n-api.service[100805]: DEBUG nova.api.openstack.wsgi_app [None req-0d2ac702-09f7-4d6e-8473-d8a1bc43cba3 None None] initial_disk_allocation_ratio = 1.0 {{(pid=100805) log_opt_values /opt/stack/data/venv/lib/python3.12/site-packages/oslo_config/cfg.py:2817}}
