2026-08-24 16:49:36.486 7 WARNING neutron.api.rpc.agentnotifiers.dhcp_rpc_agent_api [None req-2bd26e4f-17de-4c48-b650-8894c2edcf1b b0ea4945137545f68746a45607e8cefd b05d5ec489d940e6ae7ba58a29cf92f2 - - default default] Unable to schedule network 11980b90-175f-4ced-a31c-f55a9b6a5286: no agents available; will retry on subsequent port and subnet creation events.
2026-08-24 16:49:36.553 8 INFO neutron.plugins.ml2.drivers.ovn.mech_driver.mech_driver [None req-598a94ae-1c9d-4119-b089-48b9098dfbc4 - - - - - -] OVN reports status down for port: 0859dfa1-5db4-42c2-9847-7e698f587d5f
2026-08-24 16:49:36.567 8 INFO neutron.plugins.ml2.drivers.ovn.mech_driver.ovsdb.commands [None req-a499a6e0-684a-4e64-8239-1ddfccc33060 - - - - - -] Schedule LRP lrp-ca747159-03f8-4763-95c1-3de14df32b73 on gateway 77752a73-3439-471f-a225-0c80df13def1 with priority 1
2026-08-24 16:49:36.598 7 INFO neutron.db.ovn_revision_numbers_db [None req-2bd26e4f-17de-4c48-b650-8894c2edcf1b b0ea4945137545f68746a45607e8cefd b05d5ec489d940e6ae7ba58a29cf92f2 - - default default] Successfully bumped revision number for resource 0859dfa1-5db4-42c2-9847-7e698f587d5f (type: ports) to 1
2026-08-24 16:49:36.652 7 INFO neutron.plugins.ml2.drivers.ovn.mech_driver.ovsdb.ovsdb_monitor [None req-c71c0f5f-41a7-4894-8533-c12a19653dbc - - - - - -] Router fca7d072-2a74-401e-8639-47715ca18d30 is bound to host instance [pid: 7|app: 0|req: 1035/2256] 10.0.0.119 () {34 vars in 669 bytes} [Mon Aug 24 16:49:36 2026] POST /v2.0/networks => generated 650 bytes in 530 msecs (HTTP/1.1 201) 4 headers in 162 bytes (1 switches on core 0) [pid: 7|app: 0|req: 1036/2257] 10.0.0.10 () {34 vars in 1038 bytes} [Mon Aug 24 16:49:36 2026] GET /v2.0/security-groups?id=72ff6489-5b22-4533-88f5-519c8b67ca77&fields=id&fields=name => generated 113 bytes in 50 msecs (HTTP/1.1 200) 4 headers in 157 bytes (1 switches on core 0)
2026-08-24 16:49:36.745 8 INFO neutron.db.ovn_revision_numbers_db [None req-6485003d-2a19-4fd0-8231-612af0b8c859 7b540d7aced24fb89ca6a406c2e1bfd4 4fa3dca361be40d9ab048605d53f3bc0 - - default default] Successfully bumped revision number for resource ca747159-03f8-4763-95c1-3de14df32b73 (type: router_ports) to 1
2026-08-24 16:49:36.751 8 INFO neutron.plugins.ml2.drivers.ovn.mech_driver.mech_driver [None req-598a94ae-1c9d-4119-b089-48b9098dfbc4 - - - - - -] OVN reports status up for port: ca747159-03f8-4763-95c1-3de14df32b73
2026-08-24 16:49:36.790 8 INFO neutron.plugins.ml2.plugin [None req-598a94ae-1c9d-4119-b089-48b9098dfbc4 - - - - - -] Attempt 1 to provision port ca747159-03f8-4763-95c1-3de14df32b73 [pid: 7|app: 0|req: 1037/2258] 199.19.213.103 () {34 vars in 1043 bytes} [Mon Aug 24 16:49:36 2026] GET /v2.0/security-groups?id=4c0f5e28-e601-4491-9508-a78e63590559&fields=id&fields=name => generated 96 bytes in 49 msecs (HTTP/1.1 200) 4 headers in 156 bytes (1 switches on core 0) [pid: 7|app: 0|req: 1038/2259] 199.19.213.103 () {34 vars in 1079 bytes} [Mon Aug 24 16:49:36 2026] GET /v2.0/ports?tenant_id=26ec373f931b456f85b30bf811d86ba3&device_id=435f89f2-8953-42e9-970e-300490bb5e8e => generated 1211 bytes in 88 msecs (HTTP/1.1 200) 4 headers in 158 bytes (1 switches on core 0)
2026-08-24 16:49:36.891 8 INFO neutron.db.ovn_revision_numbers_db [None req-6485003d-2a19-4fd0-8231-612af0b8c859 7b540d7aced24fb89ca6a406c2e1bfd4 4fa3dca361be40d9ab048605d53f3bc0 - - default default] Successfully bumped revision number for resource fca7d072-2a74-401e-8639-47715ca18d30 (type: routers) to 2
2026-08-24 16:49:36.941 7 INFO neutron.plugins.ml2.drivers.ovn.mech_driver.mech_driver [None req-b15952a1-02a1-46f5-9fcb-ced4aed0c8d9 - - - - - -] OVN reports status up for port: f7c9c9ee-a578-463b-8195-ff66fd14d459 [pid: 8|app: 0|req: 1222/2260] 10.0.0.119 () {34 vars in 668 bytes} [Mon Aug 24 16:49:35 2026] POST /v2.0/routers => generated 966 bytes in 1881 msecs (HTTP/1.1 201) 4 headers in 162 bytes (1 switches on core 0) [pid: 8|app: 0|req: 1223/2261] 199.19.213.103 () {34 vars in 1059 bytes} [Mon Aug 24 16:49:36 2026] GET /v2.0/floatingips?fixed_ip_address=10.100.0.10&port_id=e034542e-936d-45eb-aad2-be326625ae4e => generated 19 bytes in 24 msecs (HTTP/1.1 200) 4 headers in 156 bytes (1 switches on core 0)
2026-08-24 16:49:36.996 7 INFO neutron.plugins.ml2.plugin [None req-b15952a1-02a1-46f5-9fcb-ced4aed0c8d9 - - - - - -] Attempt 1 to provision port f7c9c9ee-a578-463b-8195-ff66fd14d459
2026-08-24 16:49:37.127 7 INFO neutron.db.segments_db [None req-46eb0c2b-6760-4602-9268-f36ad2137404 b0ea4945137545f68746a45607e8cefd b05d5ec489d940e6ae7ba58a29cf92f2 - - default default] Added segment e3c65c0d-64fc-4d60-901b-82bb99262706 of type geneve for network 02ca56a2-5b88-4f05-b2ee-40ff0794e580
2026-08-24 16:49:37.393 7 INFO neutron.notifiers.nova [-] Nova event matching ['req-1a10f8fe-5640-4fd8-bf1b-eec71fa592d1'] response: {'server_uuid': 'a4c2d823-7378-4a3b-b631-3e7008b8a381', 'name': 'network-vif-plugged', 'status': 'completed', 'tag': 'f7c9c9ee-a578-463b-8195-ff66fd14d459', 'code': 200}
2026-08-24 16:49:37.489 8 WARNING neutron.scheduler.dhcp_agent_scheduler [None req-5e3e8819-7d51-4cc0-b4c9-6ce2a1366c8d 7b540d7aced24fb89ca6a406c2e1bfd4 4fa3dca361be40d9ab048605d53f3bc0 - - default default] No more DHCP agents
2026-08-24 16:49:37.490 8 WARNING neutron.api.rpc.agentnotifiers.dhcp_rpc_agent_api [None req-5e3e8819-7d51-4cc0-b4c9-6ce2a1366c8d 7b540d7aced24fb89ca6a406c2e1bfd4 4fa3dca361be40d9ab048605d53f3bc0 - - default default] Unable to schedule network 86ac4bf9-a188-424a-9db7-d9bf2fcce1d2: no agents available; will retry on subsequent port and subnet creation events.
2026-08-24 16:49:37.526 7 INFO neutron.db.ovn_revision_numbers_db [None req-46eb0c2b-6760-4602-9268-f36ad2137404 b0ea4945137545f68746a45607e8cefd b05d5ec489d940e6ae7ba58a29cf92f2 - - default default] Successfully bumped revision number for resource 02ca56a2-5b88-4f05-b2ee-40ff0794e580 (type: networks) to 1
2026-08-24 16:49:37.666 8 INFO neutron.db.ovn_revision_numbers_db [None req-5e3e8819-7d51-4cc0-b4c9-6ce2a1366c8d 7b540d7aced24fb89ca6a406c2e1bfd4 4fa3dca361be40d9ab048605d53f3bc0 - - default default] Successfully bumped revision number for resource 06267700-3037-4ec2-a195-66320c6c5609 (type: ports) to 1
2026-08-24 16:49:38.135 7 INFO neutron.db.ovn_revision_numbers_db [None req-b15952a1-02a1-46f5-9fcb-ced4aed0c8d9 - - - - - -] Successfully bumped revision number for resource f7c9c9ee-a578-463b-8195-ff66fd14d459 (type: ports) to 5
2026-08-24 16:49:38.281 7 WARNING neutron.scheduler.dhcp_agent_scheduler [None req-46eb0c2b-6760-4602-9268-f36ad2137404 b0ea4945137545f68746a45607e8cefd b05d5ec489d940e6ae7ba58a29cf92f2 - - default default] No more DHCP agents
2026-08-24 16:49:38.292 7 WARNING neutron.api.rpc.agentnotifiers.dhcp_rpc_agent_api [None req-46eb0c2b-6760-4602-9268-f36ad2137404 b0ea4945137545f68746a45607e8cefd b05d5ec489d940e6ae7ba58a29cf92f2 - - default default] Unable to schedule network 02ca56a2-5b88-4f05-b2ee-40ff0794e580: no agents available; will retry on subsequent port and subnet creation events.
2026-08-24 16:49:38.495 7 INFO neutron.plugins.ml2.drivers.ovn.mech_driver.mech_driver [None req-3f7faf46-52a9-43cb-81f5-bc36cbf69870 - - - - - -] OVN reports status down for port: 06267700-3037-4ec2-a195-66320c6c5609
2026-08-24 16:49:38.544 8 WARNING neutron.scheduler.dhcp_agent_scheduler [None req-5e3e8819-7d51-4cc0-b4c9-6ce2a1366c8d 7b540d7aced24fb89ca6a406c2e1bfd4 4fa3dca361be40d9ab048605d53f3bc0 - - default default] No more DHCP agents
2026-08-24 16:49:38.546 8 WARNING neutron.api.rpc.agentnotifiers.dhcp_rpc_agent_api [None req-5e3e8819-7d51-4cc0-b4c9-6ce2a1366c8d 7b540d7aced24fb89ca6a406c2e1bfd4 4fa3dca361be40d9ab048605d53f3bc0 - - default default] Unable to schedule network 86ac4bf9-a188-424a-9db7-d9bf2fcce1d2: no agents available; will retry on subsequent port and subnet creation events.
2026-08-24 16:49:38.646 7 INFO neutron.db.ovn_revision_numbers_db [None req-46eb0c2b-6760-4602-9268-f36ad2137404 b0ea4945137545f68746a45607e8cefd b05d5ec489d940e6ae7ba58a29cf92f2 - - default default] Successfully bumped revision number for resource c58b7e3d-bbb3-4229-a66f-978b26791cf3 (type: ports) to 1 [pid: 7|app: 0|req: 1039/2262] 10.0.0.119 () {34 vars in 669 bytes} [Mon Aug 24 16:49:36 2026] POST /v2.0/networks => generated 650 bytes in 1837 msecs (HTTP/1.1 201) 4 headers in 162 bytes (1 switches on core 0) /var/lib/openstack/lib/python3.12/site-packages/pycadf/identifier.py:70: UserWarning: Invalid uuid: neutron. To ensure interoperability, identifiers should be a valid uuid. warnings.warn(('Invalid uuid: %s. To ensure interoperability, '
2026-08-24 16:49:38.809 7 WARNING neutron.plugins.ml2.drivers.ovn.mech_driver.ovsdb.ovn_client [None req-3f7faf46-52a9-43cb-81f5-bc36cbf69870 - - - - - -] Logical_Switch_Port %s host information not removed, the port state is up
2026-08-24 16:49:38.810 7 INFO neutron.plugins.ml2.drivers.ovn.mech_driver.mech_driver [None req-3f7faf46-52a9-43cb-81f5-bc36cbf69870 - - - - - -] OVN reports status up for port: 06267700-3037-4ec2-a195-66320c6c5609
2026-08-24 16:49:38.853 7 INFO neutron.plugins.ml2.plugin [None req-3f7faf46-52a9-43cb-81f5-bc36cbf69870 - - - - - -] Attempt 1 to provision port 06267700-3037-4ec2-a195-66320c6c5609 [pid: 7|app: 0|req: 1040/2263] 199.19.213.103 () {34 vars in 983 bytes} [Mon Aug 24 16:49:38 2026] GET /v2.0/subnets?id=e8a2a754-05c8-4f29-851c-52c0760ecb3a => generated 678 bytes in 150 msecs (HTTP/1.1 200) 4 headers in 157 bytes (1 switches on core 0)
2026-08-24 16:49:39.116 8 INFO neutron.db.ovn_revision_numbers_db [None req-5e3e8819-7d51-4cc0-b4c9-6ce2a1366c8d 7b540d7aced24fb89ca6a406c2e1bfd4 4fa3dca361be40d9ab048605d53f3bc0 - - default default] Successfully bumped revision number for resource 06267700-3037-4ec2-a195-66320c6c5609 (type: router_ports) to 1 [pid: 8|app: 0|req: 1224/2264] 10.0.0.119 () {34 vars in 782 bytes} [Mon Aug 24 16:49:36 2026] PUT /v2.0/routers/fca7d072-2a74-401e-8639-47715ca18d30/add_router_interface => generated 309 bytes in 2150 msecs (HTTP/1.1 200) 4 headers in 157 bytes (1 switches on core 0) [pid: 8|app: 0|req: 1227/2267] 10.0.0.119 () {34 vars in 752 bytes} [Mon Aug 24 16:49:39 2026] PUT /v2.0/networks/0f2dc42e-e02d-4c21-9e91-99ecc23610f6/tags => generated 17 bytes in 90 msecs (HTTP/1.1 200) 4 headers in 156 bytes (1 switches on core 0) [pid: 8|app: 0|req: 1228/2268] 199.19.213.103 () {34 vars in 1051 bytes} [Mon Aug 24 16:49:39 2026] GET /v2.0/ports?network_id=798d631b-adad-4bb3-924d-05e11cc7d5f5&device_owner=network%3Adhcp => generated 12 bytes in 20 msecs (HTTP/1.1 200) 4 headers in 156 bytes (1 switches on core 0) [pid: 8|app: 0|req: 1229/2269] 10.0.0.10 () {34 vars in 988 bytes} [Mon Aug 24 16:49:39 2026] GET /v2.0/ports?device_id=a4c2d823-7378-4a3b-b631-3e7008b8a381 => generated 1213 bytes in 33 msecs (HTTP/1.1 200) 4 headers in 158 bytes (1 switches on core 0) [pid: 8|app: 0|req: 1230/2270] 10.0.0.119 () {34 vars in 752 bytes} [Mon Aug 24 16:49:39 2026] PUT /v2.0/networks/3224c005-3855-44ca-8faf-2a7f09fc5cc9/tags => generated 25 bytes in 86 msecs (HTTP/1.1 200) 4 headers in 156 bytes (1 switches on core 0) [pid: 7|app: 0|req: 1041/2271] 10.0.0.10 () {34 vars in 988 bytes} [Mon Aug 24 16:49:38 2026] GET /v2.0/ports?device_id=435f89f2-8953-42e9-970e-300490bb5e8e => generated 973 bytes in 504 msecs (HTTP/1.1 200) 4 headers in 157 bytes (1 switches on core 0) [pid: 8|app: 0|req: 1231/2272] 199.19.213.103 () {34 vars in 1011 bytes} [Mon Aug 24 16:49:39 2026] GET /v2.0/networks/798d631b-adad-4bb3-924d-05e11cc7d5f5?fields=segments => generated 14 bytes in 43 msecs (HTTP/1.1 200) 4 headers in 156 bytes (1 switches on core 0) [pid: 8|app: 0|req: 1232/2273] 10.0.0.119 () {34 vars in 752 bytes} [Mon Aug 24 16:49:39 2026] PUT /v2.0/networks/b0707b52-2dd7-4d9d-8f7d-9e33d32e6086/tags => generated 34 bytes in 65 msecs (HTTP/1.1 200) 4 headers in 156 bytes (1 switches on core 0)
2026-08-24 16:49:39.475 7 INFO neutron.db.ovn_revision_numbers_db [None req-a7fcb9ae-fe85-46fc-8fbf-7bb4da0f7886 - - - - - -] Successfully bumped revision number for resource ca747159-03f8-4763-95c1-3de14df32b73 (type: ports) to 4 [pid: 8|app: 0|req: 1233/2274] 10.0.0.10 () {34 vars in 1038 bytes} [Mon Aug 24 16:49:39 2026] GET /v2.0/security-groups?id=72ff6489-5b22-4533-88f5-519c8b67ca77&fields=id&fields=name => generated 113 bytes in 42 msecs (HTTP/1.1 200) 4 headers in 157 bytes (1 switches on core 0) [pid: 7|app: 0|req: 1042/2275] 10.0.0.10 () {34 vars in 1038 bytes} [Mon Aug 24 16:49:39 2026] GET /v2.0/security-groups?id=4c0f5e28-e601-4491-9508-a78e63590559&fields=id&fields=name => generated 96 bytes in 160 msecs (HTTP/1.1 200) 4 headers in 156 bytes (1 switches on core 0) [pid: 8|app: 0|req: 1234/2276] 199.19.213.103 () {34 vars in 1111 bytes} [Mon Aug 24 16:49:39 2026] GET /v2.0/networks/798d631b-adad-4bb3-924d-05e11cc7d5f5?fields=provider%3Aphysical_network&fields=provider%3Anetwork_type => generated 79 bytes in 46 msecs (HTTP/1.1 200) 4 headers in 156 bytes (1 switches on core 0)
2026-08-24 16:49:39.566 7 INFO neutron.notifiers.nova [-] Nova event matching ['req-601d55b5-ffda-4a2e-94c4-82ac614165d8'] response: {'server_uuid': 'a4c2d823-7378-4a3b-b631-3e7008b8a381', 'name': 'network-vif-plugged', 'status': 'completed', 'tag': 'f7c9c9ee-a578-463b-8195-ff66fd14d459', 'code': 200} [pid: 8|app: 0|req: 1235/2277] 10.0.0.10 () {34 vars in 988 bytes} [Mon Aug 24 16:49:39 2026] GET /v2.0/ports?device_id=a4c2d823-7378-4a3b-b631-3e7008b8a381 => generated 1213 bytes in 39 msecs (HTTP/1.1 200) 4 headers in 158 bytes (1 switches on core 0) [pid: 7|app: 0|req: 1043/2278] 10.0.0.119 () {34 vars in 752 bytes} [Mon Aug 24 16:49:39 2026] PUT /v2.0/networks/11980b90-175f-4ced-a31c-f55a9b6a5286/tags => generated 19 bytes in 362 msecs (HTTP/1.1 200) 4 headers in 156 bytes (1 switches on core 0) [pid: 8|app: 0|req: 1236/2279] 10.0.0.119 () {32 vars in 665 bytes} [Mon Aug 24 16:49:39 2026] GET /v2.0/networks?tags=red => generated 1988 bytes in 78 msecs (HTTP/1.1 200) 4 headers in 158 bytes (1 switches on core 0) [pid: 7|app: 0|req: 1044/2280] 10.0.0.119 () {32 vars in 679 bytes} [Mon Aug 24 16:49:39 2026] GET /v2.0/networks?tags=red%2Cblue => generated 1338 bytes in 203 msecs (HTTP/1.1 200) 4 headers in 158 bytes (1 switches on core 0)
2026-08-24 16:49:40.226 7 INFO neutron.db.ovn_revision_numbers_db [None req-3f7faf46-52a9-43cb-81f5-bc36cbf69870 - - - - - -] Successfully bumped revision number for resource 06267700-3037-4ec2-a195-66320c6c5609 (type: ports) to 2 [pid: 8|app: 0|req: 1237/2281] 10.0.0.119 () {32 vars in 675 bytes} [Mon Aug 24 16:49:40 2026] GET /v2.0/networks?tags-any=blue => generated 1338 bytes in 62 msecs (HTTP/1.1 200) 4 headers in 158 bytes (1 switches on core 0) [pid: 8|app: 0|req: 1238/2282] 10.0.0.119 () {32 vars in 687 bytes} [Mon Aug 24 16:49:40 2026] GET /v2.0/networks?tags-any=red%2Cblue => generated 1988 bytes in 39 msecs (HTTP/1.1 200) 4 headers in 158 bytes (1 switches on core 0) [pid: 8|app: 0|req: 1239/2283] 10.0.0.119 () {32 vars in 673 bytes} [Mon Aug 24 16:49:40 2026] GET /v2.0/networks?not-tags=red => generated 1986 bytes in 59 msecs (HTTP/1.1 200) 4 headers in 158 bytes (1 switches on core 0) [pid: 8|app: 0|req: 1240/2284] 10.0.0.119 () {32 vars in 687 bytes} [Mon Aug 24 16:49:40 2026] GET /v2.0/networks?not-tags=red%2Cblue => generated 2636 bytes in 62 msecs (HTTP/1.1 200) 4 headers in 158 bytes (1 switches on core 0) [pid: 8|app: 0|req: 1241/2285] 10.0.0.119 () {32 vars in 683 bytes} [Mon Aug 24 16:49:40 2026] GET /v2.0/networks?not-tags-any=blue => generated 2636 bytes in 60 msecs (HTTP/1.1 200) 4 headers in 158 bytes (1 switches on core 0) [pid: 8|app: 0|req: 1242/2286] 10.0.0.119 () {32 vars in 695 bytes} [Mon Aug 24 16:49:40 2026] GET /v2.0/networks?not-tags-any=red%2Cblue => generated 1986 bytes in 68 msecs (HTTP/1.1 200) 4 headers in 158 bytes (1 switches on core 0)
2026-08-24 16:49:40.693 7 INFO neutron.db.ovn_revision_numbers_db [None req-a7fcb9ae-fe85-46fc-8fbf-7bb4da0f7886 - - - - - -] Successfully bumped revision number for resource ca747159-03f8-4763-95c1-3de14df32b73 (type: ports) to 5
2026-08-24 16:49:40.758 7 INFO neutron.db.ovn_revision_numbers_db [None req-4b2fcca6-c728-4a71-9947-e7dee622acd5 7b540d7aced24fb89ca6a406c2e1bfd4 4fa3dca361be40d9ab048605d53f3bc0 - - default default] Successfully bumped revision number for resource cb97e1cb-f7c4-470f-8cd1-f8dbaea4c0e7 (type: security_groups) to 1
2026-08-24 16:49:40.759 8 INFO neutron_taas.services.taas.taas_plugin [None req-b0fd78e9-5f14-486e-abfa-601da6e618d5 b0ea4945137545f68746a45607e8cefd b05d5ec489d940e6ae7ba58a29cf92f2 - - default default] TaaS: Handle Delete Port: 8754105f-ade8-4f52-9d86-2fb240558712
2026-08-24 16:49:40.763 8 INFO neutron_taas.services.taas.tap_mirror_plugin [None req-b0fd78e9-5f14-486e-abfa-601da6e618d5 b0ea4945137545f68746a45607e8cefd b05d5ec489d940e6ae7ba58a29cf92f2 - - default default] Tap Mirror: Handle Delete Port: 8754105f-ade8-4f52-9d86-2fb240558712
2026-08-24 16:49:40.791 7 INFO neutron.db.ovn_revision_numbers_db [None req-4b2fcca6-c728-4a71-9947-e7dee622acd5 7b540d7aced24fb89ca6a406c2e1bfd4 4fa3dca361be40d9ab048605d53f3bc0 - - default default] Successfully bumped revision number for resource 20ed786f-e1dc-4009-ab22-e0ef3a2ed8d9 (type: security_group_rules) to 0
2026-08-24 16:49:40.832 7 INFO neutron.db.ovn_revision_numbers_db [None req-4b2fcca6-c728-4a71-9947-e7dee622acd5 7b540d7aced24fb89ca6a406c2e1bfd4 4fa3dca361be40d9ab048605d53f3bc0 - - default default] Successfully bumped revision number for resource 4721b268-986e-4675-b27a-8434c14acd6e (type: security_group_rules) to 0
2026-08-24 16:49:40.846 7 INFO neutron.db.ovn_revision_numbers_db [None req-4b2fcca6-c728-4a71-9947-e7dee622acd5 7b540d7aced24fb89ca6a406c2e1bfd4 4fa3dca361be40d9ab048605d53f3bc0 - - default default] Successfully bumped revision number for resource 608d1cf1-d8a2-4b8d-9dd3-f39be121cebc (type: security_group_rules) to 0
2026-08-24 16:49:40.876 7 INFO neutron.db.ovn_revision_numbers_db [None req-4b2fcca6-c728-4a71-9947-e7dee622acd5 7b540d7aced24fb89ca6a406c2e1bfd4 4fa3dca361be40d9ab048605d53f3bc0 - - default default] Successfully bumped revision number for resource fa69685e-fe61-4a1d-82c2-8063faf4879d (type: security_group_rules) to 0
2026-08-24 16:49:40.986 7 INFO neutron.db.segments_db [None req-4b2fcca6-c728-4a71-9947-e7dee622acd5 7b540d7aced24fb89ca6a406c2e1bfd4 4fa3dca361be40d9ab048605d53f3bc0 - - default default] Added segment 96c257d9-6508-4b1c-9a5a-88d38a13f3f8 of type geneve for network 588856b8-7e25-488c-8f10-d7168cdd74d4
2026-08-24 16:49:40.988 8 INFO neutron.services.segments.plugin [-] Segment eb61af2d-c001-427c-aaf3-f39976fd67c0 resource provider aggregate not found
2026-08-24 16:49:40.993 8 INFO neutron.services.segments.plugin [-] Segment eb61af2d-c001-427c-aaf3-f39976fd67c0 resource provider aggregate not found
2026-08-24 16:49:41.011 8 INFO neutron.services.segments.plugin [-] Segment eb61af2d-c001-427c-aaf3-f39976fd67c0 resource provider not found; error: Placement Client Error (4xx): {"errors": [{"status": 404, "title": "Not Found", "detail": "The resource could not be found.\n\n No resource provider with uuid eb61af2d-c001-427c-aaf3-f39976fd67c0 found for delete ", "request_id": "req-d6a3c060-263b-4777-9578-5c9828781dca"}]}
2026-08-24 16:49:41.014 8 INFO neutron.services.segments.plugin [-] Segment eb61af2d-c001-427c-aaf3-f39976fd67c0 resource provider not found; error: Placement Client Error (4xx): {"errors": [{"status": 404, "title": "Not Found", "detail": "The resource could not be found.\n\n No resource provider with uuid eb61af2d-c001-427c-aaf3-f39976fd67c0 found for delete ", "request_id": "req-ef584a7f-8ca1-4fb0-bcd6-86f28435c0e0"}]} [pid: 8|app: 0|req: 1243/2287] 10.0.0.119 () {32 vars in 725 bytes} [Mon Aug 24 16:49:40 2026] DELETE /v2.0/networks/0f2dc42e-e02d-4c21-9e91-99ecc23610f6 => generated 0 bytes in 450 msecs (HTTP/1.1 204) 3 headers in 131 bytes (1 switches on core 0) [pid: 8|app: 0|req: 1244/2288] 10.0.0.10 () {34 vars in 988 bytes} [Mon Aug 24 16:49:41 2026] GET /v2.0/ports?device_id=435f89f2-8953-42e9-970e-300490bb5e8e => generated 973 bytes in 98 msecs (HTTP/1.1 200) 4 headers in 157 bytes (1 switches on core 0)
2026-08-24 16:49:41.161 7 INFO neutron.db.ovn_revision_numbers_db [None req-4b2fcca6-c728-4a71-9947-e7dee622acd5 7b540d7aced24fb89ca6a406c2e1bfd4 4fa3dca361be40d9ab048605d53f3bc0 - - default default] Successfully bumped revision number for resource 588856b8-7e25-488c-8f10-d7168cdd74d4 (type: networks) to 1
2026-08-24 16:49:41.238 8 INFO neutron_taas.services.taas.taas_plugin [None req-784c9eb5-9980-4cb9-b589-ecde1f4d64e6 b0ea4945137545f68746a45607e8cefd b05d5ec489d940e6ae7ba58a29cf92f2 - - default default] TaaS: Handle Delete Port: d91cd065-413b-4499-9a40-81d18686f495
2026-08-24 16:49:41.241 8 INFO neutron_taas.services.taas.tap_mirror_plugin [None req-784c9eb5-9980-4cb9-b589-ecde1f4d64e6 b0ea4945137545f68746a45607e8cefd b05d5ec489d940e6ae7ba58a29cf92f2 - - default default] Tap Mirror: Handle Delete Port: d91cd065-413b-4499-9a40-81d18686f495
2026-08-24 16:49:41.355 7 WARNING neutron.scheduler.dhcp_agent_scheduler [None req-4b2fcca6-c728-4a71-9947-e7dee622acd5 7b540d7aced24fb89ca6a406c2e1bfd4 4fa3dca361be40d9ab048605d53f3bc0 - - default default] No more DHCP agents
2026-08-24 16:49:41.356 7 WARNING neutron.api.rpc.agentnotifiers.dhcp_rpc_agent_api [None req-4b2fcca6-c728-4a71-9947-e7dee622acd5 7b540d7aced24fb89ca6a406c2e1bfd4 4fa3dca361be40d9ab048605d53f3bc0 - - default default] Unable to schedule network 588856b8-7e25-488c-8f10-d7168cdd74d4: no agents available; will retry on subsequent port and subnet creation events.
2026-08-24 16:49:41.417 8 INFO neutron.plugins.ml2.drivers.ovn.mech_driver.mech_driver [None req-598a94ae-1c9d-4119-b089-48b9098dfbc4 - - - - - -] OVN reports status down for port: 2d76d921-29b0-4d52-8c82-43c7efea9386 [pid: 8|app: 0|req: 1245/2289] 10.0.0.119 () {32 vars in 725 bytes} [Mon Aug 24 16:49:41 2026] DELETE /v2.0/networks/3224c005-3855-44ca-8faf-2a7f09fc5cc9 => generated 0 bytes in 342 msecs (HTTP/1.1 204) 3 headers in 131 bytes (1 switches on core 0)
2026-08-24 16:49:41.483 7 INFO neutron.db.ovn_revision_numbers_db [None req-4b2fcca6-c728-4a71-9947-e7dee622acd5 7b540d7aced24fb89ca6a406c2e1bfd4 4fa3dca361be40d9ab048605d53f3bc0 - - default default] Successfully bumped revision number for resource 2d76d921-29b0-4d52-8c82-43c7efea9386 (type: ports) to 1 [pid: 7|app: 0|req: 1045/2290] 10.0.0.119 () {34 vars in 670 bytes} [Mon Aug 24 16:49:40 2026] POST /v2.0/networks => generated 763 bytes in 1267 msecs (HTTP/1.1 201) 4 headers in 162 bytes (1 switches on core 0) [pid: 8|app: 0|req: 1246/2291] 10.0.0.10 () {34 vars in 1038 bytes} [Mon Aug 24 16:49:41 2026] GET /v2.0/security-groups?id=72ff6489-5b22-4533-88f5-519c8b67ca77&fields=id&fields=name => generated 113 bytes in 46 msecs (HTTP/1.1 200) 4 headers in 157 bytes (1 switches on core 0)
2026-08-24 16:49:41.658 7 INFO neutron_taas.services.taas.taas_plugin [None req-2e10659a-570a-44ff-92d9-e1920d20d51d b0ea4945137545f68746a45607e8cefd b05d5ec489d940e6ae7ba58a29cf92f2 - - default default] TaaS: Handle Delete Port: efc1b8a7-d04c-420d-a601-3fe2abe2f79d
2026-08-24 16:49:41.661 7 INFO neutron_taas.services.taas.tap_mirror_plugin [None req-2e10659a-570a-44ff-92d9-e1920d20d51d b0ea4945137545f68746a45607e8cefd b05d5ec489d940e6ae7ba58a29cf92f2 - - default default] Tap Mirror: Handle Delete Port: efc1b8a7-d04c-420d-a601-3fe2abe2f79d
2026-08-24 16:49:41.673 8 WARNING neutron.scheduler.dhcp_agent_scheduler [None req-ef111c4c-6c1d-413a-a415-4f5b4cdc75b1 7b540d7aced24fb89ca6a406c2e1bfd4 4fa3dca361be40d9ab048605d53f3bc0 - - default default] No more DHCP agents
2026-08-24 16:49:41.674 8 WARNING neutron.api.rpc.agentnotifiers.dhcp_rpc_agent_api [None req-ef111c4c-6c1d-413a-a415-4f5b4cdc75b1 7b540d7aced24fb89ca6a406c2e1bfd4 4fa3dca361be40d9ab048605d53f3bc0 - - default default] Unable to schedule network 588856b8-7e25-488c-8f10-d7168cdd74d4: no agents available; will retry on subsequent port and subnet creation events.
2026-08-24 16:49:41.873 7 INFO neutron.services.segments.plugin [-] Segment df1ee28c-596b-4ec7-823e-4a1a527e607d resource provider aggregate not found
2026-08-24 16:49:41.880 7 INFO neutron.services.segments.plugin [-] Segment df1ee28c-596b-4ec7-823e-4a1a527e607d resource provider aggregate not found
2026-08-24 16:49:41.894 7 INFO neutron.services.segments.plugin [-] Segment df1ee28c-596b-4ec7-823e-4a1a527e607d resource provider not found; error: Placement Client Error (4xx): {"errors": [{"status": 404, "title": "Not Found", "detail": "The resource could not be found.\n\n No resource provider with uuid df1ee28c-596b-4ec7-823e-4a1a527e607d found for delete ", "request_id": "req-5fd60291-6215-49b3-bb64-6c0e7b618cb7"}]}
2026-08-24 16:49:41.912 7 INFO neutron.services.segments.plugin [-] Segment df1ee28c-596b-4ec7-823e-4a1a527e607d resource provider not found; error: Placement Client Error (4xx): {"errors": [{"status": 404, "title": "Not Found", "detail": "The resource could not be found.\n\n No resource provider with uuid df1ee28c-596b-4ec7-823e-4a1a527e607d found for delete ", "request_id": "req-fe1a593f-03ff-4373-99f0-befdf2958542"}]} [pid: 7|app: 0|req: 1046/2292] 10.0.0.119 () {32 vars in 725 bytes} [Mon Aug 24 16:49:41 2026] DELETE /v2.0/networks/b0707b52-2dd7-4d9d-8f7d-9e33d32e6086 => generated 0 bytes in 406 msecs (HTTP/1.1 204) 3 headers in 131 bytes (1 switches on core 0)
2026-08-24 16:49:42.057 7 INFO neutron_taas.services.taas.taas_plugin [None req-f8cd4901-01ad-4881-bdae-7c9c82123006 b0ea4945137545f68746a45607e8cefd b05d5ec489d940e6ae7ba58a29cf92f2 - - default default] TaaS: Handle Delete Port: 0859dfa1-5db4-42c2-9847-7e698f587d5f
2026-08-24 16:49:42.060 7 INFO neutron_taas.services.taas.tap_mirror_plugin [None req-f8cd4901-01ad-4881-bdae-7c9c82123006 b0ea4945137545f68746a45607e8cefd b05d5ec489d940e6ae7ba58a29cf92f2 - - default default] Tap Mirror: Handle Delete Port: 0859dfa1-5db4-42c2-9847-7e698f587d5f
2026-08-24 16:49:42.271 8 INFO neutron.plugins.ml2.drivers.ovn.mech_driver.mech_driver [None req-598a94ae-1c9d-4119-b089-48b9098dfbc4 - - - - - -] OVN reports status up for port: e034542e-936d-45eb-aad2-be326625ae4e
2026-08-24 16:49:42.307 8 INFO neutron.plugins.ml2.plugin [None req-598a94ae-1c9d-4119-b089-48b9098dfbc4 - - - - - -] Attempt 1 to provision port e034542e-936d-45eb-aad2-be326625ae4e
2026-08-24 16:49:42.338 8 INFO neutron.db.ovn_revision_numbers_db [None req-829ff0a9-0305-48ff-8f03-e24967adfe6a - - - - - -] Successfully bumped revision number for resource 2d76d921-29b0-4d52-8c82-43c7efea9386 (type: ports) to 2 [pid: 7|app: 0|req: 1047/2293] 10.0.0.119 () {32 vars in 725 bytes} [Mon Aug 24 16:49:41 2026] DELETE /v2.0/networks/11980b90-175f-4ced-a31c-f55a9b6a5286 => generated 0 bytes in 456 msecs (HTTP/1.1 204) 3 headers in 131 bytes (1 switches on core 0)
2026-08-24 16:49:42.443 8 INFO neutron.db.ovn_revision_numbers_db [None req-829ff0a9-0305-48ff-8f03-e24967adfe6a - - - - - -] Successfully bumped revision number for resource ab63af82-c1a1-469e-bb7a-9922e914056e (type: subnets) to 0 [pid: 8|app: 0|req: 1247/2294] 10.0.0.119 () {34 vars in 668 bytes} [Mon Aug 24 16:49:41 2026] POST /v2.0/subnets => generated 688 bytes in 950 msecs (HTTP/1.1 201) 4 headers in 162 bytes (1 switches on core 0)
2026-08-24 16:49:42.524 8 INFO neutron.notifiers.nova [-] Nova event matching ['req-629e83f3-6d04-4ae3-83b2-aff51820a022'] response: {'server_uuid': '435f89f2-8953-42e9-970e-300490bb5e8e', 'name': 'network-vif-plugged', 'status': 'completed', 'tag': 'e034542e-936d-45eb-aad2-be326625ae4e', 'code': 200}
2026-08-24 16:49:42.564 7 INFO neutron_taas.services.taas.taas_plugin [None req-d533299f-fe53-4def-a15b-d62f94e7884c b0ea4945137545f68746a45607e8cefd b05d5ec489d940e6ae7ba58a29cf92f2 - - default default] TaaS: Handle Delete Port: c58b7e3d-bbb3-4229-a66f-978b26791cf3
2026-08-24 16:49:42.569 7 INFO neutron_taas.services.taas.tap_mirror_plugin [None req-d533299f-fe53-4def-a15b-d62f94e7884c b0ea4945137545f68746a45607e8cefd b05d5ec489d940e6ae7ba58a29cf92f2 - - default default] Tap Mirror: Handle Delete Port: c58b7e3d-bbb3-4229-a66f-978b26791cf3 [pid: 7|app: 0|req: 1048/2295] 10.0.0.119 () {32 vars in 725 bytes} [Mon Aug 24 16:49:42 2026] DELETE /v2.0/networks/02ca56a2-5b88-4f05-b2ee-40ff0794e580 => generated 0 bytes in 496 msecs (HTTP/1.1 204) 3 headers in 131 bytes (1 switches on core 0)
2026-08-24 16:49:42.911 8 INFO neutron.db.ovn_revision_numbers_db [None req-598a94ae-1c9d-4119-b089-48b9098dfbc4 - - - - - -] Successfully bumped revision number for resource e034542e-936d-45eb-aad2-be326625ae4e (type: ports) to 5 [pid: 7|app: 0|req: 1049/2296] 10.0.0.10 () {34 vars in 988 bytes} [Mon Aug 24 16:49:42 2026] GET /v2.0/ports?device_id=435f89f2-8953-42e9-970e-300490bb5e8e => generated 975 bytes in 52 msecs (HTTP/1.1 200) 4 headers in 157 bytes (1 switches on core 0) [pid: 7|app: 0|req: 1050/2297] 10.0.0.10 () {34 vars in 1038 bytes} [Mon Aug 24 16:49:42 2026] GET /v2.0/security-groups?id=72ff6489-5b22-4533-88f5-519c8b67ca77&fields=id&fields=name => generated 113 bytes in 82 msecs (HTTP/1.1 200) 4 headers in 157 bytes (1 switches on core 0)
2026-08-24 16:49:43.045 8 INFO neutron.services.segments.plugin [-] Segment b880d897-00cc-49fa-bda1-fa6458315e57 resource provider aggregate not found
2026-08-24 16:49:43.058 8 INFO neutron.services.segments.plugin [-] Segment b880d897-00cc-49fa-bda1-fa6458315e57 resource provider aggregate not found
2026-08-24 16:49:43.070 8 INFO neutron.services.segments.plugin [-] Segment b880d897-00cc-49fa-bda1-fa6458315e57 resource provider not found; error: Placement Client Error (4xx): {"errors": [{"status": 404, "title": "Not Found", "detail": "The resource could not be found.\n\n No resource provider with uuid b880d897-00cc-49fa-bda1-fa6458315e57 found for delete ", "request_id": "req-451fa28a-68ad-4d29-b2c4-a01b3510be8a"}]}
2026-08-24 16:49:43.101 8 INFO neutron.services.segments.plugin [-] Segment b880d897-00cc-49fa-bda1-fa6458315e57 resource provider not found; error: Placement Client Error (4xx): {"errors": [{"status": 404, "title": "Not Found", "detail": "The resource could not be found.\n\n No resource provider with uuid b880d897-00cc-49fa-bda1-fa6458315e57 found for delete ", "request_id": "req-47e24224-bdb8-40cd-895a-ed1ee10fa0bd"}]}
2026-08-24 16:49:43.344 8 WARNING neutron.scheduler.dhcp_agent_scheduler [None req-3969d60d-e35b-4fbe-83a1-169e4302ba8c 7b540d7aced24fb89ca6a406c2e1bfd4 4fa3dca361be40d9ab048605d53f3bc0 - - default default] No more DHCP agents
2026-08-24 16:49:43.350 8 WARNING neutron.api.rpc.agentnotifiers.dhcp_rpc_agent_api [None req-3969d60d-e35b-4fbe-83a1-169e4302ba8c 7b540d7aced24fb89ca6a406c2e1bfd4 4fa3dca361be40d9ab048605d53f3bc0 - - default default] Unable to schedule network 8f10b6e9-2933-41c1-afb6-db84df368f06: no agents available; will retry on subsequent port and subnet creation events.
2026-08-24 16:49:43.511 8 INFO neutron.db.ovn_revision_numbers_db [None req-3969d60d-e35b-4fbe-83a1-169e4302ba8c 7b540d7aced24fb89ca6a406c2e1bfd4 4fa3dca361be40d9ab048605d53f3bc0 - - default default] Successfully bumped revision number for resource f7070197-33c2-4fab-b1a7-549fe64f6d06 (type: ports) to 1
2026-08-24 16:49:43.921 7 INFO neutron.services.segments.plugin [-] Segment 98e1f08c-f58b-4cf4-acef-a8363e2463e0 resource provider aggregate not found
2026-08-24 16:49:43.939 7 INFO neutron.services.segments.plugin [-] Segment 98e1f08c-f58b-4cf4-acef-a8363e2463e0 resource provider aggregate not found
2026-08-24 16:49:43.950 7 INFO neutron.services.segments.plugin [-] Segment 98e1f08c-f58b-4cf4-acef-a8363e2463e0 resource provider not found; error: Placement Client Error (4xx): {"errors": [{"status": 404, "title": "Not Found", "detail": "The resource could not be found.\n\n No resource provider with uuid 98e1f08c-f58b-4cf4-acef-a8363e2463e0 found for delete ", "request_id": "req-b91cbd0b-d305-4f04-8e6f-bd2c76265af9"}]}
2026-08-24 16:49:43.955 7 INFO neutron.services.segments.plugin [-] Segment 98e1f08c-f58b-4cf4-acef-a8363e2463e0 resource provider not found; error: Placement Client Error (4xx): {"errors": [{"status": 404, "title": "Not Found", "detail": "The resource could not be found.\n\n No resource provider with uuid 98e1f08c-f58b-4cf4-acef-a8363e2463e0 found for delete ", "request_id": "req-ae76b41a-7920-41a9-9b60-1bcf8ac6633d"}]}
2026-08-24 16:49:43.967 7 INFO neutron.services.segments.plugin [-] Segment e3c65c0d-64fc-4d60-901b-82bb99262706 resource provider aggregate not found
2026-08-24 16:49:43.968 7 INFO neutron.services.segments.plugin [-] Segment e3c65c0d-64fc-4d60-901b-82bb99262706 resource provider aggregate not found
2026-08-24 16:49:43.989 7 INFO neutron.services.segments.plugin [-] Segment e3c65c0d-64fc-4d60-901b-82bb99262706 resource provider not found; error: Placement Client Error (4xx): {"errors": [{"status": 404, "title": "Not Found", "detail": "The resource could not be found.\n\n No resource provider with uuid e3c65c0d-64fc-4d60-901b-82bb99262706 found for delete ", "request_id": "req-10abadc8-c828-44bd-b8a5-2cbee5278fb5"}]}
2026-08-24 16:49:43.993 7 INFO neutron.services.segments.plugin [-] Segment e3c65c0d-64fc-4d60-901b-82bb99262706 resource provider not found; error: Placement Client Error (4xx): {"errors": [{"status": 404, "title": "Not Found", "detail": "The resource could not be found.\n\n No resource provider with uuid e3c65c0d-64fc-4d60-901b-82bb99262706 found for delete ", "request_id": "req-eec58727-ecb0-46ba-93d8-a9e36e4e56a4"}]} [pid: 7|app: 0|req: 1051/2298] 10.0.0.119 () {32 vars in 773 bytes} [Mon Aug 24 16:49:43 2026] GET /v2.0/security-groups?tenant_id=b05d5ec489d940e6ae7ba58a29cf92f2&name=default => generated 2925 bytes in 260 msecs (HTTP/1.1 200) 4 headers in 158 bytes (1 switches on core 0)
2026-08-24 16:49:44.259 8 INFO neutron.plugins.ml2.drivers.ovn.mech_driver.ovsdb.commands [None req-a499a6e0-684a-4e64-8239-1ddfccc33060 - - - - - -] Schedule LRP lrp-f7070197-33c2-4fab-b1a7-549fe64f6d06 on gateway 77752a73-3439-471f-a225-0c80df13def1 with priority 1
2026-08-24 16:49:44.304 7 INFO neutron.plugins.ml2.drivers.ovn.mech_driver.ovsdb.ovsdb_monitor [None req-a7fcb9ae-fe85-46fc-8fbf-7bb4da0f7886 - - - - - -] Router 4e5d1a90-509c-4036-b0e8-01725b3410b3 is bound to host instance
2026-08-24 16:49:44.347 8 INFO neutron.db.ovn_revision_numbers_db [None req-3969d60d-e35b-4fbe-83a1-169e4302ba8c 7b540d7aced24fb89ca6a406c2e1bfd4 4fa3dca361be40d9ab048605d53f3bc0 - - default default] Successfully bumped revision number for resource f7070197-33c2-4fab-b1a7-549fe64f6d06 (type: router_ports) to 1
2026-08-24 16:49:44.449 8 INFO neutron.db.ovn_revision_numbers_db [None req-3969d60d-e35b-4fbe-83a1-169e4302ba8c 7b540d7aced24fb89ca6a406c2e1bfd4 4fa3dca361be40d9ab048605d53f3bc0 - - default default] Successfully bumped revision number for resource 4e5d1a90-509c-4036-b0e8-01725b3410b3 (type: routers) to 2 [pid: 8|app: 0|req: 1248/2299] 10.0.0.119 () {34 vars in 668 bytes} [Mon Aug 24 16:49:42 2026] POST /v2.0/routers => generated 966 bytes in 1991 msecs (HTTP/1.1 201) 4 headers in 162 bytes (1 switches on core 0) /var/lib/openstack/lib/python3.12/site-packages/pycadf/identifier.py:70: UserWarning: Invalid uuid: neutron. To ensure interoperability, identifiers should be a valid uuid. warnings.warn(('Invalid uuid: %s. To ensure interoperability, ' [pid: 7|app: 0|req: 1052/2300] 10.0.0.10 () {34 vars in 988 bytes} [Mon Aug 24 16:49:44 2026] GET /v2.0/ports?device_id=435f89f2-8953-42e9-970e-300490bb5e8e => generated 975 bytes in 242 msecs (HTTP/1.1 200) 4 headers in 157 bytes (1 switches on core 0)
2026-08-24 16:49:44.572 8 INFO neutron.notifiers.nova [-] Nova event matching ['req-f639f0f1-e004-466b-b45d-3b41199a44e1'] response: {'server_uuid': '435f89f2-8953-42e9-970e-300490bb5e8e', 'name': 'network-vif-plugged', 'status': 'completed', 'tag': 'e034542e-936d-45eb-aad2-be326625ae4e', 'code': 200} [pid: 8|app: 0|req: 1249/2301] 10.0.0.119 () {32 vars in 739 bytes} [Mon Aug 24 16:49:44 2026] DELETE /v2.0/security-groups/d8293e80-3c7c-4f52-9c2e-25546c3b4788 => generated 0 bytes in 338 msecs (HTTP/1.1 204) 2 headers in 112 bytes (1 switches on core 0) [pid: 8|app: 0|req: 1250/2302] 10.0.0.10 () {34 vars in 1038 bytes} [Mon Aug 24 16:49:44 2026] GET /v2.0/security-groups?id=72ff6489-5b22-4533-88f5-519c8b67ca77&fields=id&fields=name => generated 113 bytes in 48 msecs (HTTP/1.1 200) 4 headers in 157 bytes (1 switches on core 0)
2026-08-24 16:49:45.103 8 INFO neutron.db.ovn_revision_numbers_db [None req-f4f2f982-f9ea-4da8-ba04-d7ec1bef6a61 7b540d7aced24fb89ca6a406c2e1bfd4 4fa3dca361be40d9ab048605d53f3bc0 - - default default] Successfully bumped revision number for resource 17b43cb6-bf00-40fe-9410-4c456c2559f2 (type: security_groups) to 1
2026-08-24 16:49:45.117 8 INFO neutron.db.ovn_revision_numbers_db [None req-f4f2f982-f9ea-4da8-ba04-d7ec1bef6a61 7b540d7aced24fb89ca6a406c2e1bfd4 4fa3dca361be40d9ab048605d53f3bc0 - - default default] Successfully bumped revision number for resource 10cc5497-920a-42dc-8cc4-c5f0e2ae710d (type: security_group_rules) to 0
2026-08-24 16:49:45.131 8 INFO neutron.db.ovn_revision_numbers_db [None req-f4f2f982-f9ea-4da8-ba04-d7ec1bef6a61 7b540d7aced24fb89ca6a406c2e1bfd4 4fa3dca361be40d9ab048605d53f3bc0 - - default default] Successfully bumped revision number for resource 5eecc308-24ea-4825-9501-65ac26f0d430 (type: security_group_rules) to 0
2026-08-24 16:49:45.147 8 INFO neutron.db.ovn_revision_numbers_db [None req-f4f2f982-f9ea-4da8-ba04-d7ec1bef6a61 7b540d7aced24fb89ca6a406c2e1bfd4 4fa3dca361be40d9ab048605d53f3bc0 - - default default] Successfully bumped revision number for resource a867b344-90d7-4db0-8915-da25bc6745de (type: security_group_rules) to 0
2026-08-24 16:49:45.163 8 INFO neutron.db.ovn_revision_numbers_db [None req-f4f2f982-f9ea-4da8-ba04-d7ec1bef6a61 7b540d7aced24fb89ca6a406c2e1bfd4 4fa3dca361be40d9ab048605d53f3bc0 - - default default] Successfully bumped revision number for resource a9032732-4f85-4546-9085-b0bde1742327 (type: security_group_rules) to 0 [pid: 8|app: 0|req: 1251/2303] 10.0.0.119 () {32 vars in 773 bytes} [Mon Aug 24 16:49:44 2026] GET /v2.0/security-groups?tenant_id=bf225e4b313045b1ba4e4038b3ee4a85&name=default => generated 2925 bytes in 268 msecs (HTTP/1.1 200) 4 headers in 158 bytes (1 switches on core 0) [pid: 8|app: 0|req: 1252/2304] 10.0.0.10 () {34 vars in 988 bytes} [Mon Aug 24 16:49:45 2026] GET /v2.0/ports?device_id=435f89f2-8953-42e9-970e-300490bb5e8e => generated 975 bytes in 49 msecs (HTTP/1.1 200) 4 headers in 157 bytes (1 switches on core 0)
2026-08-24 16:49:45.272 7 WARNING neutron.plugins.ml2.drivers.ovn.mech_driver.ovsdb.ovn_client [None req-dcc6b3b6-a67a-4f5b-9fb0-7b899b7542b9 - - - - - -] No hosting information found for port 06267700-3037-4ec2-a195-66320c6c5609: RuntimeError: No hosting information found for port 06267700-3037-4ec2-a195-66320c6c5609
2026-08-24 16:49:45.272 7 INFO neutron.plugins.ml2.drivers.ovn.mech_driver.mech_driver [None req-dcc6b3b6-a67a-4f5b-9fb0-7b899b7542b9 - - - - - -] OVN reports status down for port: c58b7e3d-bbb3-4229-a66f-978b26791cf3 [pid: 8|app: 0|req: 1253/2305] 10.0.0.119 () {32 vars in 739 bytes} [Mon Aug 24 16:49:45 2026] DELETE /v2.0/security-groups/17b43cb6-bf00-40fe-9410-4c456c2559f2 => generated 0 bytes in 341 msecs (HTTP/1.1 204) 2 headers in 112 bytes (1 switches on core 0) [pid: 8|app: 0|req: 1254/2306] 10.0.0.10 () {34 vars in 1038 bytes} [Mon Aug 24 16:49:45 2026] GET /v2.0/security-groups?id=72ff6489-5b22-4533-88f5-519c8b67ca77&fields=id&fields=name => generated 113 bytes in 56 msecs (HTTP/1.1 200) 4 headers in 157 bytes (1 switches on core 0)
2026-08-24 16:49:45.702 7 INFO neutron.db.ovn_revision_numbers_db [None req-dcc6b3b6-a67a-4f5b-9fb0-7b899b7542b9 - - - - - -] Successfully bumped revision number for resource 06267700-3037-4ec2-a195-66320c6c5609 (type: router_ports) to 2 [pid: 8|app: 0|req: 1255/2307] 10.0.0.119 () {32 vars in 735 bytes} [Mon Aug 24 16:49:45 2026] GET /v2.0/ports?device_id=435f89f2-8953-42e9-970e-300490bb5e8e => generated 1213 bytes in 75 msecs (HTTP/1.1 200) 4 headers in 158 bytes (1 switches on core 0)
2026-08-24 16:49:45.811 7 WARNING neutron.scheduler.dhcp_agent_scheduler [None req-93b4efa8-86d8-4bf1-88ef-fd3808f03118 7b540d7aced24fb89ca6a406c2e1bfd4 4fa3dca361be40d9ab048605d53f3bc0 - - default default] No more DHCP agents
2026-08-24 16:49:45.819 7 WARNING neutron.api.rpc.agentnotifiers.dhcp_rpc_agent_api [None req-93b4efa8-86d8-4bf1-88ef-fd3808f03118 7b540d7aced24fb89ca6a406c2e1bfd4 4fa3dca361be40d9ab048605d53f3bc0 - - default default] Unable to schedule network 588856b8-7e25-488c-8f10-d7168cdd74d4: no agents available; will retry on subsequent port and subnet creation events.
2026-08-24 16:49:45.907 7 INFO neutron.plugins.ml2.drivers.ovn.mech_driver.mech_driver [None req-dcc6b3b6-a67a-4f5b-9fb0-7b899b7542b9 - - - - - -] OVN reports status down for port: f7070197-33c2-4fab-b1a7-549fe64f6d06
2026-08-24 16:49:46.065 8 WARNING neutron.scheduler.dhcp_agent_scheduler [None req-50c6b2d2-1374-4042-9996-bffda017618e bdb5ea1fcb614b84bacbf36ba167eb67 26ec373f931b456f85b30bf811d86ba3 - - default default] No more DHCP agents
2026-08-24 16:49:46.067 8 WARNING neutron.api.rpc.agentnotifiers.dhcp_rpc_agent_api [None req-50c6b2d2-1374-4042-9996-bffda017618e bdb5ea1fcb614b84bacbf36ba167eb67 26ec373f931b456f85b30bf811d86ba3 - - default default] Unable to schedule network 8f10b6e9-2933-41c1-afb6-db84df368f06: no agents available; will retry on subsequent port and subnet creation events.
2026-08-24 16:49:46.158 7 WARNING neutron.plugins.ml2.drivers.ovn.mech_driver.ovsdb.ovn_client [None req-dcc6b3b6-a67a-4f5b-9fb0-7b899b7542b9 - - - - - -] Logical_Switch_Port %s host information not removed, the port state is up
2026-08-24 16:49:46.159 7 INFO neutron.plugins.ml2.drivers.ovn.mech_driver.mech_driver [None req-dcc6b3b6-a67a-4f5b-9fb0-7b899b7542b9 - - - - - -] OVN reports status up for port: f7070197-33c2-4fab-b1a7-549fe64f6d06
2026-08-24 16:49:46.212 7 INFO neutron.plugins.ml2.plugin [None req-dcc6b3b6-a67a-4f5b-9fb0-7b899b7542b9 - - - - - -] Attempt 1 to provision port f7070197-33c2-4fab-b1a7-549fe64f6d06
2026-08-24 16:49:46.293 8 INFO neutron.plugins.ml2.drivers.ovn.mech_driver.mech_driver [None req-1a1ec388-3fb6-44d8-b55e-8ef2dc4e7a0e - - - - - -] OVN reports status down for port: 5aca4421-3ac3-4cf2-a407-04906218c831
2026-08-24 16:49:46.418 7 INFO neutron.db.ovn_revision_numbers_db [None req-93b4efa8-86d8-4bf1-88ef-fd3808f03118 7b540d7aced24fb89ca6a406c2e1bfd4 4fa3dca361be40d9ab048605d53f3bc0 - - default default] Successfully bumped revision number for resource 5aca4421-3ac3-4cf2-a407-04906218c831 (type: ports) to 1
2026-08-24 16:49:47.123 8 INFO neutron.db.ovn_revision_numbers_db [None req-50c6b2d2-1374-4042-9996-bffda017618e bdb5ea1fcb614b84bacbf36ba167eb67 26ec373f931b456f85b30bf811d86ba3 - - default default] Successfully bumped revision number for resource 8f5a7731-d3f0-4470-b283-3debce3ea3bb (type: floatingips) to 1
2026-08-24 16:49:47.124 8 INFO neutron.db.l3_db [None req-50c6b2d2-1374-4042-9996-bffda017618e bdb5ea1fcb614b84bacbf36ba167eb67 26ec373f931b456f85b30bf811d86ba3 - - default default] Floating IP 8f5a7731-d3f0-4470-b283-3debce3ea3bb associated. External IP: 10.96.250.205, port: e034542e-936d-45eb-aad2-be326625ae4e. [pid: 8|app: 0|req: 1256/2308] 10.0.0.119 () {34 vars in 676 bytes} [Mon Aug 24 16:49:45 2026] POST /v2.0/floatingips => generated 856 bytes in 1400 msecs (HTTP/1.1 201) 4 headers in 162 bytes (1 switches on core 0) /var/lib/openstack/lib/python3.12/site-packages/pycadf/identifier.py:70: UserWarning: Invalid uuid: neutron. To ensure interoperability, identifiers should be a valid uuid. warnings.warn(('Invalid uuid: %s. To ensure interoperability, '
2026-08-24 16:49:47.229 8 INFO neutron.notifiers.nova [-] Nova event matching ['req-0a938c9a-d9f1-4138-824a-3bc1e6f9b0e2'] response: {'name': 'network-changed', 'server_uuid': '435f89f2-8953-42e9-970e-300490bb5e8e', 'tag': 'e034542e-936d-45eb-aad2-be326625ae4e', 'status': 'completed', 'code': 200}
2026-08-24 16:49:47.323 8 INFO neutron.db.ovn_revision_numbers_db [None req-17e518cc-b5d9-423d-a57a-52df17113b4e 7b540d7aced24fb89ca6a406c2e1bfd4 4fa3dca361be40d9ab048605d53f3bc0 - - default default] Successfully bumped revision number for resource 9bfe66b8-9504-48f1-a043-e64f2d52dce1 (type: security_groups) to 1
2026-08-24 16:49:47.333 8 INFO neutron.db.ovn_revision_numbers_db [None req-17e518cc-b5d9-423d-a57a-52df17113b4e 7b540d7aced24fb89ca6a406c2e1bfd4 4fa3dca361be40d9ab048605d53f3bc0 - - default default] Successfully bumped revision number for resource 009ba93b-fc49-497e-a69d-2b349e301416 (type: security_group_rules) to 0
2026-08-24 16:49:47.353 8 INFO neutron.db.ovn_revision_numbers_db [None req-17e518cc-b5d9-423d-a57a-52df17113b4e 7b540d7aced24fb89ca6a406c2e1bfd4 4fa3dca361be40d9ab048605d53f3bc0 - - default default] Successfully bumped revision number for resource 7eef8a3e-a77e-4d1d-982b-006810c6ef96 (type: security_group_rules) to 0
2026-08-24 16:49:47.368 8 INFO neutron.db.ovn_revision_numbers_db [None req-17e518cc-b5d9-423d-a57a-52df17113b4e 7b540d7aced24fb89ca6a406c2e1bfd4 4fa3dca361be40d9ab048605d53f3bc0 - - default default] Successfully bumped revision number for resource 95bc9c22-76e3-4cf9-8e1d-2dff97c2349b (type: security_group_rules) to 0
2026-08-24 16:49:47.380 8 INFO neutron.db.ovn_revision_numbers_db [None req-17e518cc-b5d9-423d-a57a-52df17113b4e 7b540d7aced24fb89ca6a406c2e1bfd4 4fa3dca361be40d9ab048605d53f3bc0 - - default default] Successfully bumped revision number for resource ca583698-8f29-446f-881a-c41c439043a6 (type: security_group_rules) to 0 [pid: 8|app: 0|req: 1257/2309] 10.0.0.119 () {32 vars in 773 bytes} [Mon Aug 24 16:49:47 2026] GET /v2.0/security-groups?tenant_id=15859aec9d01400880d3c10bd9293e9e&name=default => generated 2925 bytes in 238 msecs (HTTP/1.1 200) 4 headers in 158 bytes (1 switches on core 0) [pid: 8|app: 0|req: 1258/2310] 10.0.0.119 () {32 vars in 728 bytes} [Mon Aug 24 16:49:47 2026] GET /v2.0/floatingips/8f5a7731-d3f0-4470-b283-3debce3ea3bb => generated 858 bytes in 37 msecs (HTTP/1.1 200) 4 headers in 157 bytes (1 switches on core 0)
2026-08-24 16:49:47.464 7 INFO neutron.db.ovn_revision_numbers_db [None req-f76c10ed-e096-4fb1-9112-7e80967d78e0 - - - - - -] Successfully bumped revision number for resource f7070197-33c2-4fab-b1a7-549fe64f6d06 (type: ports) to 4 [pid: 8|app: 0|req: 1259/2311] 10.0.0.119 () {32 vars in 739 bytes} [Mon Aug 24 16:49:47 2026] DELETE /v2.0/security-groups/9bfe66b8-9504-48f1-a043-e64f2d52dce1 => generated 0 bytes in 282 msecs (HTTP/1.1 204) 2 headers in 112 bytes (1 switches on core 0) [pid: 8|app: 0|req: 1260/2312] 199.19.213.103 () {34 vars in 1079 bytes} [Mon Aug 24 16:49:47 2026] GET /v2.0/ports?tenant_id=26ec373f931b456f85b30bf811d86ba3&device_id=435f89f2-8953-42e9-970e-300490bb5e8e => generated 1213 bytes in 51 msecs (HTTP/1.1 200) 4 headers in 158 bytes (1 switches on core 0)
2026-08-24 16:49:47.840 7 INFO neutron.db.ovn_revision_numbers_db [None req-dcc6b3b6-a67a-4f5b-9fb0-7b899b7542b9 - - - - - -] Successfully bumped revision number for resource f7070197-33c2-4fab-b1a7-549fe64f6d06 (type: ports) to 5 [pid: 8|app: 0|req: 1261/2313] 199.19.213.103 () {34 vars in 985 bytes} [Mon Aug 24 16:49:47 2026] GET /v2.0/networks?id=798d631b-adad-4bb3-924d-05e11cc7d5f5 => generated 797 bytes in 49 msecs (HTTP/1.1 200) 4 headers in 157 bytes (1 switches on core 0) [pid: 8|app: 0|req: 1262/2314] 199.19.213.103 () {34 vars in 1059 bytes} [Mon Aug 24 16:49:47 2026] GET /v2.0/floatingips?fixed_ip_address=10.100.0.10&port_id=e034542e-936d-45eb-aad2-be326625ae4e => generated 861 bytes in 54 msecs (HTTP/1.1 200) 4 headers in 157 bytes (1 switches on core 0) [pid: 8|app: 0|req: 1263/2315] 199.19.213.103 () {34 vars in 983 bytes} [Mon Aug 24 16:49:47 2026] GET /v2.0/subnets?id=e8a2a754-05c8-4f29-851c-52c0760ecb3a => generated 678 bytes in 39 msecs (HTTP/1.1 200) 4 headers in 157 bytes (1 switches on core 0) [pid: 8|app: 0|req: 1264/2316] 199.19.213.103 () {34 vars in 1051 bytes} [Mon Aug 24 16:49:47 2026] GET /v2.0/ports?network_id=798d631b-adad-4bb3-924d-05e11cc7d5f5&device_owner=network%3Adhcp => generated 12 bytes in 20 msecs (HTTP/1.1 200) 4 headers in 156 bytes (1 switches on core 0) [pid: 8|app: 0|req: 1265/2317] 199.19.213.103 () {34 vars in 1011 bytes} [Mon Aug 24 16:49:48 2026] GET /v2.0/networks/798d631b-adad-4bb3-924d-05e11cc7d5f5?fields=segments => generated 14 bytes in 42 msecs (HTTP/1.1 200) 4 headers in 156 bytes (1 switches on core 0) [pid: 8|app: 0|req: 1266/2318] 199.19.213.103 () {34 vars in 1111 bytes} [Mon Aug 24 16:49:48 2026] GET /v2.0/networks/798d631b-adad-4bb3-924d-05e11cc7d5f5?fields=provider%3Aphysical_network&fields=provider%3Anetwork_type => generated 79 bytes in 66 msecs (HTTP/1.1 200) 4 headers in 156 bytes (1 switches on core 0)
2026-08-24 16:49:48.301 8 INFO neutron.plugins.ml2.drivers.ovn.mech_driver.mech_driver [None req-1a1ec388-3fb6-44d8-b55e-8ef2dc4e7a0e - - - - - -] OVN reports status up for port: 5aca4421-3ac3-4cf2-a407-04906218c831
2026-08-24 16:49:48.320 8 INFO neutron.plugins.ml2.plugin [None req-1a1ec388-3fb6-44d8-b55e-8ef2dc4e7a0e - - - - - -] Attempt 1 to provision port 5aca4421-3ac3-4cf2-a407-04906218c831
2026-08-24 16:49:48.405 7 WARNING neutron.scheduler.dhcp_agent_scheduler [None req-93b4efa8-86d8-4bf1-88ef-fd3808f03118 7b540d7aced24fb89ca6a406c2e1bfd4 4fa3dca361be40d9ab048605d53f3bc0 - - default default] No more DHCP agents
2026-08-24 16:49:48.406 7 WARNING neutron.api.rpc.agentnotifiers.dhcp_rpc_agent_api [None req-93b4efa8-86d8-4bf1-88ef-fd3808f03118 7b540d7aced24fb89ca6a406c2e1bfd4 4fa3dca361be40d9ab048605d53f3bc0 - - default default] Unable to schedule network 588856b8-7e25-488c-8f10-d7168cdd74d4: no agents available; will retry on subsequent port and subnet creation events.
