2026-08-24 16:50:43.694 7 INFO neutron.services.segments.plugin [-] Segment 96c257d9-6508-4b1c-9a5a-88d38a13f3f8 resource provider not found; error: Placement Client Error (4xx): {"errors": [{"status": 404, "title": "Not Found", "detail": "The resource could not be found.\n\n No resource provider with uuid 96c257d9-6508-4b1c-9a5a-88d38a13f3f8 found for delete ", "request_id": "req-317ff96b-acaf-463a-8f63-cc0dd1290da1"}]} [pid: 7|app: 0|req: 1269/2684] 10.0.0.119 () {32 vars in 725 bytes} [Mon Aug 24 16:50:43 2026] DELETE /v2.0/networks/588856b8-7e25-488c-8f10-d7168cdd74d4 => generated 0 bytes in 450 msecs (HTTP/1.1 204) 3 headers in 131 bytes (1 switches on core 0) [pid: 8|app: 0|req: 1416/2685] 10.0.0.119 () {34 vars in 684 bytes} [Mon Aug 24 16:50:42 2026] POST /v2.0/vpn/vpnservices => generated 424 bytes in 1441 msecs (HTTP/1.1 201) 4 headers in 162 bytes (1 switches on core 0) [pid: 7|app: 0|req: 1270/2686] 10.0.0.10 () {34 vars in 988 bytes} [Mon Aug 24 16:50:43 2026] GET /v2.0/ports?device_id=435f89f2-8953-42e9-970e-300490bb5e8e => generated 975 bytes in 84 msecs (HTTP/1.1 200) 4 headers in 157 bytes (1 switches on core 0) [pid: 8|app: 0|req: 1417/2687] 10.0.0.119 () {34 vars in 683 bytes} [Mon Aug 24 16:50:43 2026] POST /v2.0/vpn/ikepolicies => generated 404 bytes in 49 msecs (HTTP/1.1 201) 4 headers in 162 bytes (1 switches on core 0) [pid: 8|app: 0|req: 1418/2688] 10.0.0.10 () {34 vars in 1038 bytes} [Mon Aug 24 16:50:43 2026] GET /v2.0/security-groups?id=72ff6489-5b22-4533-88f5-519c8b67ca77&fields=id&fields=name => generated 113 bytes in 36 msecs (HTTP/1.1 200) 4 headers in 157 bytes (1 switches on core 0) [pid: 7|app: 0|req: 1271/2689] 10.0.0.119 () {34 vars in 687 bytes} [Mon Aug 24 16:50:43 2026] POST /v2.0/vpn/ipsecpolicies => generated 412 bytes in 55 msecs (HTTP/1.1 201) 4 headers in 162 bytes (1 switches on core 0) [pid: 8|app: 0|req: 1419/2690] 10.0.0.119 () {34 vars in 692 bytes} [Mon Aug 24 16:50:43 2026] POST /v2.0/vpn/endpoint-groups => generated 329 bytes in 124 msecs (HTTP/1.1 201) 4 headers in 162 bytes (1 switches on core 0) [pid: 7|app: 0|req: 1272/2691] 10.0.0.119 () {34 vars in 692 bytes} [Mon Aug 24 16:50:44 2026] POST /v2.0/vpn/endpoint-groups => generated 320 bytes in 55 msecs (HTTP/1.1 201) 4 headers in 162 bytes (1 switches on core 0) [pid: 8|app: 0|req: 1420/2692] 10.0.0.119 () {32 vars in 773 bytes} [Mon Aug 24 16:50:44 2026] GET /v2.0/security-groups?tenant_id=a5d92d5f589f4b90bcd7b6b123e1d1cf&name=default => generated 2925 bytes in 40 msecs (HTTP/1.1 200) 4 headers in 158 bytes (1 switches on core 0) [pid: 8|app: 0|req: 1421/2693] 10.0.0.119 () {32 vars in 739 bytes} [Mon Aug 24 16:50:44 2026] DELETE /v2.0/security-groups/fa7a6ca3-33d6-4831-ba61-5e0accdffa8e => generated 0 bytes in 300 msecs (HTTP/1.1 204) 2 headers in 112 bytes (1 switches on core 0) [pid: 8|app: 0|req: 1422/2694] 10.0.0.119 () {32 vars in 773 bytes} [Mon Aug 24 16:50:44 2026] GET /v2.0/security-groups?tenant_id=5193eb787e3e437aa879403068c2b4c5&name=default => generated 2925 bytes in 68 msecs (HTTP/1.1 200) 4 headers in 158 bytes (1 switches on core 0)
2026-08-24 16:50:44.738 7 WARNING neutron.plugins.ml2.drivers.ovn.mech_driver.ovsdb.ovn_client [None req-3328c9b2-aedb-4592-9d26-57795b5271a3 - - - - - -] No hosting information found for port 0e9dfbdf-350c-4318-a6d9-a28b9551251e: RuntimeError: No hosting information found for port 0e9dfbdf-350c-4318-a6d9-a28b9551251e
2026-08-24 16:50:44.934 7 INFO neutron.db.ovn_revision_numbers_db [None req-3328c9b2-aedb-4592-9d26-57795b5271a3 - - - - - -] Successfully bumped revision number for resource 0e9dfbdf-350c-4318-a6d9-a28b9551251e (type: router_ports) to 2
2026-08-24 16:50:44.936 7 INFO neutron.plugins.ml2.drivers.ovn.mech_driver.mech_driver [None req-3328c9b2-aedb-4592-9d26-57795b5271a3 - - - - - -] OVN reports status down for port: 9aaa644f-1a78-4fd6-8cc9-5c1eea222f96 [pid: 8|app: 0|req: 1423/2695] 10.0.0.119 () {32 vars in 739 bytes} [Mon Aug 24 16:50:44 2026] DELETE /v2.0/security-groups/cb97e1cb-f7c4-470f-8cd1-f8dbaea4c0e7 => generated 0 bytes in 269 msecs (HTTP/1.1 204) 2 headers in 112 bytes (1 switches on core 0) [pid: 8|app: 0|req: 1424/2696] 10.0.0.10 () {34 vars in 988 bytes} [Mon Aug 24 16:50:45 2026] GET /v2.0/ports?device_id=435f89f2-8953-42e9-970e-300490bb5e8e => generated 975 bytes in 83 msecs (HTTP/1.1 200) 4 headers in 157 bytes (1 switches on core 0)
2026-08-24 16:50:45.144 8 WARNING neutron.plugins.ml2.drivers.ovn.mech_driver.ovsdb.ovn_client [None req-4e67ca97-ebe7-4e78-b45c-970433367898 - - - - - -] No hosting information found for port 6da56078-b969-422a-9a36-ec3b769d47fb: RuntimeError: No hosting information found for port 6da56078-b969-422a-9a36-ec3b769d47fb [pid: 8|app: 0|req: 1425/2697] 10.0.0.10 () {34 vars in 1038 bytes} [Mon Aug 24 16:50:45 2026] GET /v2.0/security-groups?id=72ff6489-5b22-4533-88f5-519c8b67ca77&fields=id&fields=name => generated 113 bytes in 65 msecs (HTTP/1.1 200) 4 headers in 157 bytes (1 switches on core 0)
2026-08-24 16:50:45.273 7 INFO neutron.db.ovn_revision_numbers_db [None req-31db39fa-f33c-4fd9-9324-f0404ef0412a 1d593edd1e4c45b3a8905a7404813c68 1e4971b274db41bb8a930569329f9580 - - default default] Successfully bumped revision number for resource 376ce8b4-bc8c-400f-8f89-3f9df312b6b6 (type: routers) to 5
2026-08-24 16:50:45.287 8 INFO neutron.db.ovn_revision_numbers_db [None req-4e67ca97-ebe7-4e78-b45c-970433367898 - - - - - -] Successfully bumped revision number for resource 6da56078-b969-422a-9a36-ec3b769d47fb (type: router_ports) to 2
2026-08-24 16:50:45.288 8 INFO neutron.plugins.ml2.drivers.ovn.mech_driver.mech_driver [None req-4e67ca97-ebe7-4e78-b45c-970433367898 - - - - - -] OVN reports status down for port: 5c3dd591-1a99-4fed-be5c-c80c827cc55a [pid: 7|app: 0|req: 1273/2698] 10.0.0.119 () {34 vars in 706 bytes} [Mon Aug 24 16:50:44 2026] POST /v2.0/vpn/ipsec-site-connections => generated 803 bytes in 1242 msecs (HTTP/1.1 201) 4 headers in 162 bytes (1 switches on core 0) [pid: 8|app: 0|req: 1426/2699] 10.0.0.119 () {34 vars in 692 bytes} [Mon Aug 24 16:50:45 2026] POST /v2.0/vpn/endpoint-groups => generated 289 bytes in 103 msecs (HTTP/1.1 201) 4 headers in 162 bytes (1 switches on core 0) [pid: 7|app: 0|req: 1274/2700] 10.0.0.119 () {32 vars in 747 bytes} [Mon Aug 24 16:50:45 2026] DELETE /v2.0/vpn/endpoint-groups/b25c5dab-3c53-4571-819e-5bba3f75360e => generated 0 bytes in 44 msecs (HTTP/1.1 204) 2 headers in 112 bytes (1 switches on core 0) /var/lib/openstack/lib/python3.12/site-packages/pycadf/identifier.py:70: UserWarning: Invalid uuid: neutron. To ensure interoperability, identifiers should be a valid uuid. warnings.warn(('Invalid uuid: %s. To ensure interoperability, ' [pid: 8|app: 0|req: 1427/2701] 10.0.0.119 () {32 vars in 670 bytes} [Mon Aug 24 16:50:45 2026] GET /v2.0/vpn/endpoint-groups => generated 634 bytes in 35 msecs (HTTP/1.1 200) 4 headers in 157 bytes (1 switches on core 0) [pid: 7|app: 0|req: 1275/2702] 10.0.0.119 () {32 vars in 670 bytes} [Mon Aug 24 16:50:45 2026] GET /v2.0/vpn/endpoint-groups => generated 634 bytes in 16 msecs (HTTP/1.1 200) 4 headers in 157 bytes (1 switches on core 0)
2026-08-24 16:50:45.573 8 INFO neutron.plugins.ml2.drivers.ovn.mech_driver.mech_driver [None req-4e67ca97-ebe7-4e78-b45c-970433367898 - - - - - -] OVN reports status down for port: e034542e-936d-45eb-aad2-be326625ae4e /var/lib/openstack/lib/python3.12/site-packages/pycadf/identifier.py:70: UserWarning: Invalid uuid: neutron. To ensure interoperability, identifiers should be a valid uuid. warnings.warn(('Invalid uuid: %s. To ensure interoperability, '
2026-08-24 16:50:45.736 8 INFO neutron.notifiers.nova [-] Nova event matching ['req-1ee9e2a6-86ea-4dc4-a782-5403046c12d0'] response: {'server_uuid': '435f89f2-8953-42e9-970e-300490bb5e8e', 'name': 'network-vif-unplugged', 'status': 'completed', 'tag': 'e034542e-936d-45eb-aad2-be326625ae4e', 'code': 200} [pid: 8|app: 0|req: 1428/2703] 199.19.213.103 () {34 vars in 993 bytes} [Mon Aug 24 16:50:45 2026] GET /v2.0/ports?device_id=435f89f2-8953-42e9-970e-300490bb5e8e => generated 973 bytes in 88 msecs (HTTP/1.1 200) 4 headers in 157 bytes (1 switches on core 0)
2026-08-24 16:50:45.911 8 INFO neutron.db.ovn_revision_numbers_db [None req-4e67ca97-ebe7-4e78-b45c-970433367898 - - - - - -] Successfully bumped revision number for resource e034542e-936d-45eb-aad2-be326625ae4e (type: ports) to 6
2026-08-24 16:50:46.068 7 INFO neutron_taas.services.taas.taas_plugin [req-3af16e7b-5337-44e3-be32-d06f3c667e84 req-76fefb80-5ef2-41e8-a8e2-4c2443d8e85d bdb5ea1fcb614b84bacbf36ba167eb67 26ec373f931b456f85b30bf811d86ba3 - - default default] TaaS: Handle Delete Port: e034542e-936d-45eb-aad2-be326625ae4e
2026-08-24 16:50:46.078 7 INFO neutron_taas.services.taas.tap_mirror_plugin [req-3af16e7b-5337-44e3-be32-d06f3c667e84 req-76fefb80-5ef2-41e8-a8e2-4c2443d8e85d bdb5ea1fcb614b84bacbf36ba167eb67 26ec373f931b456f85b30bf811d86ba3 - - default default] Tap Mirror: Handle Delete Port: e034542e-936d-45eb-aad2-be326625ae4e
2026-08-24 16:50:46.230 7 INFO neutron.db.ovn_revision_numbers_db [None req-f76c10ed-e096-4fb1-9112-7e80967d78e0 - - - - - -] Successfully bumped revision number for resource b5411333-2d4d-4fb8-a585-67db3431623c (type: ports) to 4 /var/lib/openstack/lib/python3.12/site-packages/pycadf/identifier.py:70: UserWarning: Invalid uuid: neutron. To ensure interoperability, identifiers should be a valid uuid. warnings.warn(('Invalid uuid: %s. To ensure interoperability, ' [pid: 8|app: 0|req: 1429/2704] 10.0.0.119 () {34 vars in 684 bytes} [Mon Aug 24 16:50:45 2026] POST /v2.0/vpn/ikepolicies => generated 403 bytes in 346 msecs (HTTP/1.1 201) 4 headers in 162 bytes (1 switches on core 0) [pid: 7|app: 0|req: 1276/2705] 199.19.213.103 () {36 vars in 996 bytes} [Mon Aug 24 16:50:45 2026] DELETE /v2.0/ports/e034542e-936d-45eb-aad2-be326625ae4e => generated 0 bytes in 509 msecs (HTTP/1.1 204) 3 headers in 131 bytes (1 switches on core 0) [pid: 8|app: 0|req: 1430/2706] 199.19.213.103 () {30 vars in 702 bytes} [Mon Aug 24 16:50:46 2026] GET /v2.0/extensions/security-group => generated 170 bytes in 13 msecs (HTTP/1.1 200) 4 headers in 157 bytes (1 switches on core 0) [pid: 8|app: 0|req: 1431/2707] 10.0.0.119 () {32 vars in 662 bytes} [Mon Aug 24 16:50:46 2026] GET /v2.0/vpn/ikepolicies => generated 798 bytes in 22 msecs (HTTP/1.1 200) 4 headers in 157 bytes (1 switches on core 0) [pid: 8|app: 0|req: 1432/2708] 199.19.213.103 () {30 vars in 704 bytes} [Mon Aug 24 16:50:46 2026] GET /v2.0/extensions/dns-integration => generated 172 bytes in 6 msecs (HTTP/1.1 200) 4 headers in 157 bytes (1 switches on core 0) [pid: 7|app: 0|req: 1277/2709] 10.0.0.10 () {34 vars in 988 bytes} [Mon Aug 24 16:50:46 2026] GET /v2.0/ports?device_id=435f89f2-8953-42e9-970e-300490bb5e8e => generated 12 bytes in 32 msecs (HTTP/1.1 200) 4 headers in 156 bytes (1 switches on core 0) [pid: 7|app: 0|req: 1278/2710] 199.19.213.103 () {30 vars in 680 bytes} [Mon Aug 24 16:50:46 2026] GET /v2.0/extensions/qos => generated 166 bytes in 9 msecs (HTTP/1.1 200) 4 headers in 157 bytes (1 switches on core 0)
2026-08-24 16:50:46.375 7 INFO neutron.notifiers.nova [-] Nova event matching ['req-0826834a-d0d2-493b-bf87-c8bd7496c800'] response: {'server_uuid': '435f89f2-8953-42e9-970e-300490bb5e8e', 'name': 'network-vif-deleted', 'tag': 'e034542e-936d-45eb-aad2-be326625ae4e', 'status': 'completed', 'code': 200} [pid: 7|app: 0|req: 1279/2711] 199.19.213.103 () {30 vars in 716 bytes} [Mon Aug 24 16:50:46 2026] GET /v2.0/extensions/allowed-address-pairs => generated 184 bytes in 6 msecs (HTTP/1.1 200) 4 headers in 157 bytes (1 switches on core 0) [pid: 8|app: 0|req: 1433/2712] 10.0.0.119 () {32 vars in 739 bytes} [Mon Aug 24 16:50:46 2026] DELETE /v2.0/vpn/ikepolicies/0fa84460-e072-4fbe-92a5-4ac5e1456a06 => generated 0 bytes in 49 msecs (HTTP/1.1 204) 2 headers in 112 bytes (1 switches on core 0)
2026-08-24 16:50:46.405 7 INFO neutron.api.v2.resource [None req-50fba3e5-9049-42f4-b467-477bf0b895b8 7b540d7aced24fb89ca6a406c2e1bfd4 4fa3dca361be40d9ab048605d53f3bc0 - - default default] show failed (client error): The resource could not be found. [pid: 7|app: 0|req: 1280/2713] 199.19.213.103 () {30 vars in 762 bytes} [Mon Aug 24 16:50:46 2026] GET /v2.0/security-groups/lb-c80474fb-8972-4294-9c42-d59470a579e5 => generated 149 bytes in 16 msecs (HTTP/1.1 404) 4 headers in 164 bytes (1 switches on core 0) [pid: 7|app: 0|req: 1281/2714] 199.19.213.103 () {30 vars in 784 bytes} [Mon Aug 24 16:50:46 2026] GET /v2.0/security-groups?name=lb-c80474fb-8972-4294-9c42-d59470a579e5 => generated 1637 bytes in 42 msecs (HTTP/1.1 200) 4 headers in 158 bytes (1 switches on core 0) [pid: 8|app: 0|req: 1434/2715] 10.0.0.119 () {34 vars in 688 bytes} [Mon Aug 24 16:50:46 2026] POST /v2.0/vpn/ipsecpolicies => generated 411 bytes in 60 msecs (HTTP/1.1 201) 4 headers in 162 bytes (1 switches on core 0) [pid: 8|app: 0|req: 1435/2716] 10.0.0.119 () {32 vars in 666 bytes} [Mon Aug 24 16:50:46 2026] GET /v2.0/vpn/ipsecpolicies => generated 812 bytes in 13 msecs (HTTP/1.1 200) 4 headers in 157 bytes (1 switches on core 0) [pid: 7|app: 0|req: 1282/2717] 199.19.213.103 () {30 vars in 814 bytes} [Mon Aug 24 16:50:46 2026] GET /v2.0/security-group-rules?security_group_id=a0d9fa8f-1605-43e1-8deb-58536ab6fa00 => generated 1182 bytes in 38 msecs (HTTP/1.1 200) 4 headers in 158 bytes (1 switches on core 0) [pid: 8|app: 0|req: 1436/2718] 10.0.0.119 () {32 vars in 743 bytes} [Mon Aug 24 16:50:46 2026] DELETE /v2.0/vpn/ipsecpolicies/0455d4c0-762d-4fe8-8cff-50a4c88dc1af => generated 0 bytes in 44 msecs (HTTP/1.1 204) 2 headers in 112 bytes (1 switches on core 0)
2026-08-24 16:50:46.676 8 INFO neutron.db.segments_db [None req-8ae2225d-edab-49ed-88c9-f626331855bc 1d593edd1e4c45b3a8905a7404813c68 1e4971b274db41bb8a930569329f9580 - - default default] Added segment 37923718-d5a2-4864-aedb-c091d0311b4a of type geneve for network c9163cb0-72a2-4eae-a64b-86278e08b0de
2026-08-24 16:50:46.711 7 INFO neutron.db.ovn_revision_numbers_db [None req-c6d9f7cf-ae3c-49d0-bfee-d3f90055139e 7b540d7aced24fb89ca6a406c2e1bfd4 4fa3dca361be40d9ab048605d53f3bc0 - - default default] Successfully bumped revision number for resource b89405ce-7c8c-4b8b-a7e1-38c4f88e8216 (type: security_group_rules) to 0 [pid: 7|app: 0|req: 1283/2719] 199.19.213.103 () {34 vars in 746 bytes} [Mon Aug 24 16:50:46 2026] POST /v2.0/security-group-rules => generated 601 bytes in 230 msecs (HTTP/1.1 201) 4 headers in 162 bytes (1 switches on core 0)
2026-08-24 16:50:46.843 8 INFO neutron.db.ovn_revision_numbers_db [None req-8ae2225d-edab-49ed-88c9-f626331855bc 1d593edd1e4c45b3a8905a7404813c68 1e4971b274db41bb8a930569329f9580 - - default default] Successfully bumped revision number for resource c9163cb0-72a2-4eae-a64b-86278e08b0de (type: networks) to 1
2026-08-24 16:50:46.922 7 INFO neutron.db.ovn_revision_numbers_db [None req-f6ec5759-2b10-49ee-842b-8c5d073636ac 7b540d7aced24fb89ca6a406c2e1bfd4 4fa3dca361be40d9ab048605d53f3bc0 - - default default] Successfully bumped revision number for resource fcee57ee-5a27-4570-8b2b-0f16c2c5dcf0 (type: security_group_rules) to 0 [pid: 7|app: 0|req: 1284/2720] 199.19.213.103 () {34 vars in 746 bytes} [Mon Aug 24 16:50:46 2026] POST /v2.0/security-group-rules => generated 597 bytes in 193 msecs (HTTP/1.1 201) 4 headers in 162 bytes (1 switches on core 0)
2026-08-24 16:50:47.102 8 WARNING neutron.scheduler.dhcp_agent_scheduler [None req-8ae2225d-edab-49ed-88c9-f626331855bc 1d593edd1e4c45b3a8905a7404813c68 1e4971b274db41bb8a930569329f9580 - - default default] No more DHCP agents
2026-08-24 16:50:47.104 8 WARNING neutron.api.rpc.agentnotifiers.dhcp_rpc_agent_api [None req-8ae2225d-edab-49ed-88c9-f626331855bc 1d593edd1e4c45b3a8905a7404813c68 1e4971b274db41bb8a930569329f9580 - - default default] Unable to schedule network c9163cb0-72a2-4eae-a64b-86278e08b0de: no agents available; will retry on subsequent port and subnet creation events.
2026-08-24 16:50:47.179 8 INFO neutron.plugins.ml2.drivers.ovn.mech_driver.mech_driver [None req-76283a0d-5d6f-4a7a-a02f-be25933f3e60 - - - - - -] OVN reports status down for port: 925c0e57-73f6-43dc-b7b9-2ce36ce525a1
2026-08-24 16:50:47.244 8 INFO neutron.db.ovn_revision_numbers_db [None req-8ae2225d-edab-49ed-88c9-f626331855bc 1d593edd1e4c45b3a8905a7404813c68 1e4971b274db41bb8a930569329f9580 - - default default] Successfully bumped revision number for resource 925c0e57-73f6-43dc-b7b9-2ce36ce525a1 (type: ports) to 1 [pid: 8|app: 0|req: 1437/2721] 10.0.0.119 () {34 vars in 669 bytes} [Mon Aug 24 16:50:46 2026] POST /v2.0/networks => generated 650 bytes in 729 msecs (HTTP/1.1 201) 4 headers in 162 bytes (1 switches on core 0)
2026-08-24 16:50:47.490 7 WARNING neutron.scheduler.dhcp_agent_scheduler [None req-2d945dd1-14d3-4b04-be2c-10b8ecafa05b 1d593edd1e4c45b3a8905a7404813c68 1e4971b274db41bb8a930569329f9580 - - default default] No more DHCP agents
2026-08-24 16:50:47.492 7 WARNING neutron.api.rpc.agentnotifiers.dhcp_rpc_agent_api [None req-2d945dd1-14d3-4b04-be2c-10b8ecafa05b 1d593edd1e4c45b3a8905a7404813c68 1e4971b274db41bb8a930569329f9580 - - default default] Unable to schedule network c9163cb0-72a2-4eae-a64b-86278e08b0de: no agents available; will retry on subsequent port and subnet creation events. [pid: 8|app: 0|req: 1438/2722] 10.0.0.10 () {34 vars in 988 bytes} [Mon Aug 24 16:50:47 2026] GET /v2.0/ports?device_id=435f89f2-8953-42e9-970e-300490bb5e8e => generated 12 bytes in 25 msecs (HTTP/1.1 200) 4 headers in 156 bytes (1 switches on core 0)
2026-08-24 16:50:47.779 8 INFO neutron.notifiers.nova [-] Nova event matching ['req-f5a1ab38-8441-45cb-aec4-71d42278117f'] response: {'server_uuid': '435f89f2-8953-42e9-970e-300490bb5e8e', 'name': 'network-vif-unplugged', 'status': 'completed', 'tag': 'e034542e-936d-45eb-aad2-be326625ae4e', 'code': 200}
2026-08-24 16:50:48.000 7 INFO neutron.db.ovn_revision_numbers_db [None req-0cd8223f-bf95-4587-a925-a3ce45280673 - - - - - -] Successfully bumped revision number for resource 925c0e57-73f6-43dc-b7b9-2ce36ce525a1 (type: ports) to 2
2026-08-24 16:50:48.036 7 INFO neutron.db.ovn_revision_numbers_db [None req-0cd8223f-bf95-4587-a925-a3ce45280673 - - - - - -] Successfully bumped revision number for resource 754b22b4-9e6d-41b6-9c34-2249c913ee2e (type: subnets) to 0 [pid: 7|app: 0|req: 1285/2723] 10.0.0.119 () {34 vars in 668 bytes} [Mon Aug 24 16:50:47 2026] POST /v2.0/subnets => generated 629 bytes in 764 msecs (HTTP/1.1 201) 4 headers in 162 bytes (1 switches on core 0)
2026-08-24 16:50:48.444 8 WARNING neutron.scheduler.dhcp_agent_scheduler [None req-51a3b0c4-adff-4c37-9cb8-19ee2df99552 1d593edd1e4c45b3a8905a7404813c68 1e4971b274db41bb8a930569329f9580 - - default default] No more DHCP agents
2026-08-24 16:50:48.445 8 WARNING neutron.api.rpc.agentnotifiers.dhcp_rpc_agent_api [None req-51a3b0c4-adff-4c37-9cb8-19ee2df99552 1d593edd1e4c45b3a8905a7404813c68 1e4971b274db41bb8a930569329f9580 - - default default] Unable to schedule network 8f10b6e9-2933-41c1-afb6-db84df368f06: no agents available; will retry on subsequent port and subnet creation events.
2026-08-24 16:50:48.568 8 INFO neutron.plugins.ml2.drivers.ovn.mech_driver.mech_driver [None req-76283a0d-5d6f-4a7a-a02f-be25933f3e60 - - - - - -] OVN reports status down for port: 6c22a239-d39e-4963-b581-712a785dc7fb [pid: 7|app: 0|req: 1286/2724] 10.0.0.10 () {34 vars in 988 bytes} [Mon Aug 24 16:50:48 2026] GET /v2.0/ports?device_id=435f89f2-8953-42e9-970e-300490bb5e8e => generated 12 bytes in 28 msecs (HTTP/1.1 200) 4 headers in 156 bytes (1 switches on core 0)
2026-08-24 16:50:48.667 8 INFO neutron.db.ovn_revision_numbers_db [None req-51a3b0c4-adff-4c37-9cb8-19ee2df99552 1d593edd1e4c45b3a8905a7404813c68 1e4971b274db41bb8a930569329f9580 - - default default] Successfully bumped revision number for resource 6c22a239-d39e-4963-b581-712a785dc7fb (type: ports) to 1
2026-08-24 16:50:49.327 8 INFO neutron.plugins.ml2.drivers.ovn.mech_driver.ovsdb.commands [None req-a499a6e0-684a-4e64-8239-1ddfccc33060 - - - - - -] Schedule LRP lrp-6c22a239-d39e-4963-b581-712a785dc7fb on gateway 77752a73-3439-471f-a225-0c80df13def1 with priority 1
2026-08-24 16:50:49.374 8 INFO neutron.plugins.ml2.drivers.ovn.mech_driver.mech_driver [None req-76283a0d-5d6f-4a7a-a02f-be25933f3e60 - - - - - -] OVN reports status up for port: 6c22a239-d39e-4963-b581-712a785dc7fb
2026-08-24 16:50:49.409 8 INFO neutron.plugins.ml2.plugin [None req-76283a0d-5d6f-4a7a-a02f-be25933f3e60 - - - - - -] Attempt 1 to provision port 6c22a239-d39e-4963-b581-712a785dc7fb
2026-08-24 16:50:49.450 8 INFO neutron.db.ovn_revision_numbers_db [None req-51a3b0c4-adff-4c37-9cb8-19ee2df99552 1d593edd1e4c45b3a8905a7404813c68 1e4971b274db41bb8a930569329f9580 - - default default] Successfully bumped revision number for resource 6c22a239-d39e-4963-b581-712a785dc7fb (type: router_ports) to 1
2026-08-24 16:50:49.651 8 INFO neutron.db.ovn_revision_numbers_db [None req-51a3b0c4-adff-4c37-9cb8-19ee2df99552 1d593edd1e4c45b3a8905a7404813c68 1e4971b274db41bb8a930569329f9580 - - default default] Successfully bumped revision number for resource 9ececc26-83b5-40d0-b724-a29419f0558d (type: routers) to 2 [pid: 8|app: 0|req: 1439/2725] 10.0.0.119 () {34 vars in 668 bytes} [Mon Aug 24 16:50:48 2026] POST /v2.0/routers => generated 936 bytes in 1621 msecs (HTTP/1.1 201) 4 headers in 162 bytes (1 switches on core 0)
2026-08-24 16:50:50.091 8 INFO neutron.db.ovn_revision_numbers_db [None req-345175e2-5680-43ac-9468-6d4e7ac0f8cd a9d06ddcdad04dea8037ad9493971747 77b1a67ae92040558b62458c8b0c44e8 - - default default] Successfully bumped revision number for resource 3d0b044a-79c9-4b6b-bc8a-2004b8155c8f (type: security_groups) to 1
2026-08-24 16:50:50.109 8 INFO neutron.db.ovn_revision_numbers_db [None req-345175e2-5680-43ac-9468-6d4e7ac0f8cd a9d06ddcdad04dea8037ad9493971747 77b1a67ae92040558b62458c8b0c44e8 - - default default] Successfully bumped revision number for resource 4ab286a7-c19b-4c5e-81d3-0db7ab5275d1 (type: security_group_rules) to 0
2026-08-24 16:50:50.124 8 INFO neutron.db.ovn_revision_numbers_db [None req-345175e2-5680-43ac-9468-6d4e7ac0f8cd a9d06ddcdad04dea8037ad9493971747 77b1a67ae92040558b62458c8b0c44e8 - - default default] Successfully bumped revision number for resource 71c2f131-0e7b-4ac8-ac95-015f8cfcad21 (type: security_group_rules) to 0
2026-08-24 16:50:50.145 8 INFO neutron.db.ovn_revision_numbers_db [None req-345175e2-5680-43ac-9468-6d4e7ac0f8cd a9d06ddcdad04dea8037ad9493971747 77b1a67ae92040558b62458c8b0c44e8 - - default default] Successfully bumped revision number for resource c28d4a79-1dd2-453e-9323-53cbcd44f671 (type: security_group_rules) to 0
2026-08-24 16:50:50.164 8 INFO neutron.db.ovn_revision_numbers_db [None req-345175e2-5680-43ac-9468-6d4e7ac0f8cd a9d06ddcdad04dea8037ad9493971747 77b1a67ae92040558b62458c8b0c44e8 - - default default] Successfully bumped revision number for resource ef02cffc-5012-4279-a2c7-ff742d706643 (type: security_group_rules) to 0
2026-08-24 16:50:50.287 8 INFO neutron.db.segments_db [None req-345175e2-5680-43ac-9468-6d4e7ac0f8cd a9d06ddcdad04dea8037ad9493971747 77b1a67ae92040558b62458c8b0c44e8 - - default default] Added segment 34ec7cc2-383b-4841-97f9-0e261e770285 of type geneve for network 655a4f57-0523-41e2-95d4-a0b1d5366f1d
2026-08-24 16:50:50.401 7 WARNING neutron.scheduler.dhcp_agent_scheduler [None req-a001c22f-1828-43e3-9315-e88fac53c1b0 1d593edd1e4c45b3a8905a7404813c68 1e4971b274db41bb8a930569329f9580 - - default default] No more DHCP agents
2026-08-24 16:50:50.402 7 WARNING neutron.api.rpc.agentnotifiers.dhcp_rpc_agent_api [None req-a001c22f-1828-43e3-9315-e88fac53c1b0 1d593edd1e4c45b3a8905a7404813c68 1e4971b274db41bb8a930569329f9580 - - default default] Unable to schedule network c9163cb0-72a2-4eae-a64b-86278e08b0de: no agents available; will retry on subsequent port and subnet creation events.
2026-08-24 16:50:50.416 8 INFO neutron.db.ovn_revision_numbers_db [None req-345175e2-5680-43ac-9468-6d4e7ac0f8cd a9d06ddcdad04dea8037ad9493971747 77b1a67ae92040558b62458c8b0c44e8 - - default default] Successfully bumped revision number for resource 655a4f57-0523-41e2-95d4-a0b1d5366f1d (type: networks) to 1
2026-08-24 16:50:50.555 7 INFO neutron.plugins.ml2.drivers.ovn.mech_driver.mech_driver [None req-3328c9b2-aedb-4592-9d26-57795b5271a3 - - - - - -] OVN reports status down for port: cc08dc1e-5c77-46b4-bffa-858783fe1bd4
2026-08-24 16:50:50.646 8 WARNING neutron.scheduler.dhcp_agent_scheduler [None req-345175e2-5680-43ac-9468-6d4e7ac0f8cd a9d06ddcdad04dea8037ad9493971747 77b1a67ae92040558b62458c8b0c44e8 - - default default] No more DHCP agents
2026-08-24 16:50:50.650 8 WARNING neutron.api.rpc.agentnotifiers.dhcp_rpc_agent_api [None req-345175e2-5680-43ac-9468-6d4e7ac0f8cd a9d06ddcdad04dea8037ad9493971747 77b1a67ae92040558b62458c8b0c44e8 - - default default] Unable to schedule network 655a4f57-0523-41e2-95d4-a0b1d5366f1d: no agents available; will retry on subsequent port and subnet creation events.
2026-08-24 16:50:50.672 7 INFO neutron.db.ovn_revision_numbers_db [None req-a001c22f-1828-43e3-9315-e88fac53c1b0 1d593edd1e4c45b3a8905a7404813c68 1e4971b274db41bb8a930569329f9580 - - default default] Successfully bumped revision number for resource cc08dc1e-5c77-46b4-bffa-858783fe1bd4 (type: ports) to 1
2026-08-24 16:50:50.800 8 INFO neutron.db.ovn_revision_numbers_db [None req-345175e2-5680-43ac-9468-6d4e7ac0f8cd a9d06ddcdad04dea8037ad9493971747 77b1a67ae92040558b62458c8b0c44e8 - - default default] Successfully bumped revision number for resource c0daeb2f-9339-41c6-bfeb-d2ea0852e3c6 (type: ports) to 1 [pid: 8|app: 0|req: 1440/2726] 10.0.0.119 () {34 vars in 669 bytes} [Mon Aug 24 16:50:49 2026] POST /v2.0/networks => generated 651 bytes in 1094 msecs (HTTP/1.1 201) 4 headers in 162 bytes (1 switches on core 0) [pid: 8|app: 0|req: 1441/2727] 10.0.0.10 () {34 vars in 988 bytes} [Mon Aug 24 16:50:50 2026] GET /v2.0/ports?device_id=435f89f2-8953-42e9-970e-300490bb5e8e => generated 12 bytes in 19 msecs (HTTP/1.1 200) 4 headers in 156 bytes (1 switches on core 0)
2026-08-24 16:50:51.087 8 WARNING neutron.scheduler.dhcp_agent_scheduler [None req-f632b2ee-a9b1-4c63-ba75-555fef8f4ab4 a9d06ddcdad04dea8037ad9493971747 77b1a67ae92040558b62458c8b0c44e8 - - default default] No more DHCP agents
2026-08-24 16:50:51.089 8 WARNING neutron.api.rpc.agentnotifiers.dhcp_rpc_agent_api [None req-f632b2ee-a9b1-4c63-ba75-555fef8f4ab4 a9d06ddcdad04dea8037ad9493971747 77b1a67ae92040558b62458c8b0c44e8 - - default default] Unable to schedule network 655a4f57-0523-41e2-95d4-a0b1d5366f1d: no agents available; will retry on subsequent port and subnet creation events.
2026-08-24 16:50:51.205 8 INFO neutron.db.ovn_revision_numbers_db [None req-f632b2ee-a9b1-4c63-ba75-555fef8f4ab4 a9d06ddcdad04dea8037ad9493971747 77b1a67ae92040558b62458c8b0c44e8 - - default default] Successfully bumped revision number for resource 7b4ed139-0c11-475b-a177-1408e6affeb5 (type: ports) to 1 [pid: 8|app: 0|req: 1442/2728] 10.0.0.119 () {34 vars in 663 bytes} [Mon Aug 24 16:50:50 2026] POST /v2.0/ports => generated 743 bytes in 410 msecs (HTTP/1.1 201) 4 headers in 162 bytes (1 switches on core 0) /var/lib/openstack/lib/python3.12/site-packages/pycadf/identifier.py:70: UserWarning: Invalid uuid: neutron. To ensure interoperability, identifiers should be a valid uuid. warnings.warn(('Invalid uuid: %s. To ensure interoperability, '
2026-08-24 16:50:51.308 7 INFO neutron.plugins.ml2.drivers.ovn.mech_driver.mech_driver [None req-3328c9b2-aedb-4592-9d26-57795b5271a3 - - - - - -] OVN reports status up for port: 6737ffda-bc02-4a06-8d74-68eac645ea93
2026-08-24 16:50:51.353 7 INFO neutron.plugins.ml2.plugin [None req-3328c9b2-aedb-4592-9d26-57795b5271a3 - - - - - -] Attempt 1 to provision port 6737ffda-bc02-4a06-8d74-68eac645ea93
2026-08-24 16:50:51.390 8 INFO neutron.db.segments_db [None req-90da746c-44f1-4b1c-9e18-d7589a8e9a32 a9d06ddcdad04dea8037ad9493971747 77b1a67ae92040558b62458c8b0c44e8 - - default default] Added segment 852cf9ee-faa6-4ccc-9962-5620df170c78 of type geneve for network ba1606d9-3278-447f-9343-2250deff0101
2026-08-24 16:50:51.503 8 INFO neutron.db.ovn_revision_numbers_db [None req-90da746c-44f1-4b1c-9e18-d7589a8e9a32 a9d06ddcdad04dea8037ad9493971747 77b1a67ae92040558b62458c8b0c44e8 - - default default] Successfully bumped revision number for resource ba1606d9-3278-447f-9343-2250deff0101 (type: networks) to 1
2026-08-24 16:50:51.738 8 WARNING neutron.scheduler.dhcp_agent_scheduler [None req-90da746c-44f1-4b1c-9e18-d7589a8e9a32 a9d06ddcdad04dea8037ad9493971747 77b1a67ae92040558b62458c8b0c44e8 - - default default] No more DHCP agents
2026-08-24 16:50:51.739 8 WARNING neutron.api.rpc.agentnotifiers.dhcp_rpc_agent_api [None req-90da746c-44f1-4b1c-9e18-d7589a8e9a32 a9d06ddcdad04dea8037ad9493971747 77b1a67ae92040558b62458c8b0c44e8 - - default default] Unable to schedule network ba1606d9-3278-447f-9343-2250deff0101: no agents available; will retry on subsequent port and subnet creation events.
2026-08-24 16:50:51.841 8 INFO neutron.db.ovn_revision_numbers_db [None req-90da746c-44f1-4b1c-9e18-d7589a8e9a32 a9d06ddcdad04dea8037ad9493971747 77b1a67ae92040558b62458c8b0c44e8 - - default default] Successfully bumped revision number for resource 409d0679-7c3d-4d33-aff8-0dabedcb1533 (type: ports) to 1 [pid: 8|app: 0|req: 1443/2729] 10.0.0.119 () {34 vars in 669 bytes} [Mon Aug 24 16:50:51 2026] POST /v2.0/networks => generated 650 bytes in 598 msecs (HTTP/1.1 201) 4 headers in 162 bytes (1 switches on core 0)
2026-08-24 16:50:51.881 7 INFO neutron.db.ovn_revision_numbers_db [None req-3328c9b2-aedb-4592-9d26-57795b5271a3 - - - - - -] Successfully bumped revision number for resource 6737ffda-bc02-4a06-8d74-68eac645ea93 (type: ports) to 4
2026-08-24 16:50:51.922 7 WARNING neutron.scheduler.dhcp_agent_scheduler [None req-a001c22f-1828-43e3-9315-e88fac53c1b0 1d593edd1e4c45b3a8905a7404813c68 1e4971b274db41bb8a930569329f9580 - - default default] No more DHCP agents
2026-08-24 16:50:51.924 7 WARNING neutron.api.rpc.agentnotifiers.dhcp_rpc_agent_api [None req-a001c22f-1828-43e3-9315-e88fac53c1b0 1d593edd1e4c45b3a8905a7404813c68 1e4971b274db41bb8a930569329f9580 - - default default] Unable to schedule network c9163cb0-72a2-4eae-a64b-86278e08b0de: no agents available; will retry on subsequent port and subnet creation events.
2026-08-24 16:50:52.118 7 INFO neutron.plugins.ml2.drivers.ovn.mech_driver.mech_driver [None req-7253cc38-9dc6-430d-b12d-1e108245a6e2 - - - - - -] OVN reports status up for port: cc08dc1e-5c77-46b4-bffa-858783fe1bd4
2026-08-24 16:50:52.146 7 INFO neutron.plugins.ml2.plugin [None req-7253cc38-9dc6-430d-b12d-1e108245a6e2 - - - - - -] Attempt 1 to provision port cc08dc1e-5c77-46b4-bffa-858783fe1bd4
2026-08-24 16:50:52.150 8 WARNING neutron.scheduler.dhcp_agent_scheduler [None req-79b8f5e5-c3e0-4598-b568-e431ba305540 a9d06ddcdad04dea8037ad9493971747 77b1a67ae92040558b62458c8b0c44e8 - - default default] No more DHCP agents
2026-08-24 16:50:52.152 8 WARNING neutron.api.rpc.agentnotifiers.dhcp_rpc_agent_api [None req-79b8f5e5-c3e0-4598-b568-e431ba305540 a9d06ddcdad04dea8037ad9493971747 77b1a67ae92040558b62458c8b0c44e8 - - default default] Unable to schedule network ba1606d9-3278-447f-9343-2250deff0101: no agents available; will retry on subsequent port and subnet creation events.
2026-08-24 16:50:52.311 8 INFO neutron.db.ovn_revision_numbers_db [None req-79b8f5e5-c3e0-4598-b568-e431ba305540 a9d06ddcdad04dea8037ad9493971747 77b1a67ae92040558b62458c8b0c44e8 - - default default] Successfully bumped revision number for resource 2edf9e9c-81e0-423e-a007-4421b93a1dab (type: ports) to 1 [pid: 8|app: 0|req: 1444/2730] 10.0.0.119 () {34 vars in 663 bytes} [Mon Aug 24 16:50:51 2026] POST /v2.0/ports => generated 743 bytes in 494 msecs (HTTP/1.1 201) 4 headers in 162 bytes (1 switches on core 0) /var/lib/openstack/lib/python3.12/site-packages/pycadf/identifier.py:70: UserWarning: Invalid uuid: neutron. To ensure interoperability, identifiers should be a valid uuid. warnings.warn(('Invalid uuid: %s. To ensure interoperability, ' [pid: 8|app: 0|req: 1445/2731] 10.0.0.119 () {32 vars in 739 bytes} [Mon Aug 24 16:50:52 2026] DELETE /v2.0/security-groups/72ff6489-5b22-4533-88f5-519c8b67ca77 => generated 0 bytes in 214 msecs (HTTP/1.1 204) 2 headers in 112 bytes (1 switches on core 0)
2026-08-24 16:50:52.720 8 INFO neutron.db.segments_db [None req-9697cb68-e49a-46a5-8306-3ba8270eb5cc a9d06ddcdad04dea8037ad9493971747 77b1a67ae92040558b62458c8b0c44e8 - - default default] Added segment aeadd33e-7beb-4326-9239-1794c72b3b4d of type geneve for network 0aabf865-79d7-46b4-a366-0817d4f869a5
2026-08-24 16:50:52.772 7 INFO neutron.db.ovn_revision_numbers_db [None req-a001c22f-1828-43e3-9315-e88fac53c1b0 1d593edd1e4c45b3a8905a7404813c68 1e4971b274db41bb8a930569329f9580 - - default default] Successfully bumped revision number for resource cc08dc1e-5c77-46b4-bffa-858783fe1bd4 (type: router_ports) to 1 [pid: 7|app: 0|req: 1287/2732] 10.0.0.119 () {34 vars in 782 bytes} [Mon Aug 24 16:50:49 2026] PUT /v2.0/routers/9ececc26-83b5-40d0-b724-a29419f0558d/add_router_interface => generated 309 bytes in 3090 msecs (HTTP/1.1 200) 4 headers in 157 bytes (1 switches on core 0)
2026-08-24 16:50:52.852 8 INFO neutron.db.ovn_revision_numbers_db [None req-9697cb68-e49a-46a5-8306-3ba8270eb5cc a9d06ddcdad04dea8037ad9493971747 77b1a67ae92040558b62458c8b0c44e8 - - default default] Successfully bumped revision number for resource 0aabf865-79d7-46b4-a366-0817d4f869a5 (type: networks) to 1
2026-08-24 16:50:53.070 8 WARNING neutron.scheduler.dhcp_agent_scheduler [None req-9697cb68-e49a-46a5-8306-3ba8270eb5cc a9d06ddcdad04dea8037ad9493971747 77b1a67ae92040558b62458c8b0c44e8 - - default default] No more DHCP agents
2026-08-24 16:50:53.072 8 WARNING neutron.api.rpc.agentnotifiers.dhcp_rpc_agent_api [None req-9697cb68-e49a-46a5-8306-3ba8270eb5cc a9d06ddcdad04dea8037ad9493971747 77b1a67ae92040558b62458c8b0c44e8 - - default default] Unable to schedule network 0aabf865-79d7-46b4-a366-0817d4f869a5: no agents available; will retry on subsequent port and subnet creation events.
2026-08-24 16:50:53.149 7 INFO neutron.db.ovn_revision_numbers_db [None req-7253cc38-9dc6-430d-b12d-1e108245a6e2 - - - - - -] Successfully bumped revision number for resource cc08dc1e-5c77-46b4-bffa-858783fe1bd4 (type: ports) to 2
2026-08-24 16:50:53.165 8 INFO neutron.db.ovn_revision_numbers_db [None req-9697cb68-e49a-46a5-8306-3ba8270eb5cc a9d06ddcdad04dea8037ad9493971747 77b1a67ae92040558b62458c8b0c44e8 - - default default] Successfully bumped revision number for resource 8ee01fb0-1cc7-475d-96b7-e41ed2dbe2aa (type: ports) to 1 [pid: 8|app: 0|req: 1446/2733] 10.0.0.119 () {34 vars in 669 bytes} [Mon Aug 24 16:50:52 2026] POST /v2.0/networks => generated 651 bytes in 609 msecs (HTTP/1.1 201) 4 headers in 162 bytes (1 switches on core 0)
2026-08-24 16:50:53.341 7 INFO neutron_taas.services.taas.taas_plugin [None req-96eb6ee4-c34d-4b9c-b987-08f1d686a7a6 bdb5ea1fcb614b84bacbf36ba167eb67 26ec373f931b456f85b30bf811d86ba3 - - default default] TaaS: Handle Delete Port: 4d74152c-3687-40c3-8a04-b57604e31386
2026-08-24 16:50:53.345 7 INFO neutron_taas.services.taas.tap_mirror_plugin [None req-96eb6ee4-c34d-4b9c-b987-08f1d686a7a6 bdb5ea1fcb614b84bacbf36ba167eb67 26ec373f931b456f85b30bf811d86ba3 - - default default] Tap Mirror: Handle Delete Port: 4d74152c-3687-40c3-8a04-b57604e31386
2026-08-24 16:50:53.924 8 WARNING neutron.scheduler.dhcp_agent_scheduler [None req-e2a569df-af6a-4699-83ee-0bbf37ef152b - - - - - -] No more DHCP agents
2026-08-24 16:50:53.925 8 WARNING neutron.api.rpc.agentnotifiers.dhcp_rpc_agent_api [None req-e2a569df-af6a-4699-83ee-0bbf37ef152b - - - - - -] Unable to schedule network 8f10b6e9-2933-41c1-afb6-db84df368f06: no agents available; will retry on subsequent port and subnet creation events. [pid: 7|app: 0|req: 1288/2734] 10.0.0.119 () {34 vars in 788 bytes} [Mon Aug 24 16:50:52 2026] PUT /v2.0/routers/ce3bbb53-0dbd-4f2d-9f96-1e6f83ffb992/remove_router_interface => generated 309 bytes in 1266 msecs (HTTP/1.1 200) 4 headers in 157 bytes (1 switches on core 0) /var/lib/openstack/lib/python3.12/site-packages/pycadf/identifier.py:70: UserWarning: Invalid uuid: neutron. To ensure interoperability, identifiers should be a valid uuid. warnings.warn(('Invalid uuid: %s. To ensure interoperability, '
2026-08-24 16:50:54.108 8 INFO neutron.db.ovn_revision_numbers_db [None req-e2a569df-af6a-4699-83ee-0bbf37ef152b - - - - - -] Successfully bumped revision number for resource 4397bf81-a41a-469e-ab9e-8ecccc807823 (type: ports) to 1
2026-08-24 16:50:54.346 7 WARNING neutron.scheduler.dhcp_agent_scheduler [None req-6710ef16-01cf-43e5-9987-36c594001453 a9d06ddcdad04dea8037ad9493971747 77b1a67ae92040558b62458c8b0c44e8 - - default default] No more DHCP agents
2026-08-24 16:50:54.348 7 WARNING neutron.api.rpc.agentnotifiers.dhcp_rpc_agent_api [None req-6710ef16-01cf-43e5-9987-36c594001453 a9d06ddcdad04dea8037ad9493971747 77b1a67ae92040558b62458c8b0c44e8 - - default default] Unable to schedule network 0aabf865-79d7-46b4-a366-0817d4f869a5: no agents available; will retry on subsequent port and subnet creation events.
2026-08-24 16:50:54.355 8 INFO neutron.db.ovn_revision_numbers_db [None req-e2a569df-af6a-4699-83ee-0bbf37ef152b - - - - - -] Successfully bumped revision number for resource 4397bf81-a41a-469e-ab9e-8ecccc807823 (type: ports) to 3
2026-08-24 16:50:54.414 8 WARNING neutron.plugins.ml2.drivers.ovn.mech_driver.ovsdb.ovn_client [None req-76283a0d-5d6f-4a7a-a02f-be25933f3e60 - - - - - -] No hosting information found for port 6c22a239-d39e-4963-b581-712a785dc7fb: RuntimeError: No hosting information found for port 6c22a239-d39e-4963-b581-712a785dc7fb
2026-08-24 16:50:54.415 8 INFO neutron.plugins.ml2.drivers.ovn.mech_driver.mech_driver [None req-76283a0d-5d6f-4a7a-a02f-be25933f3e60 - - - - - -] OVN reports status down for port: c0daeb2f-9339-41c6-bfeb-d2ea0852e3c6
2026-08-24 16:50:54.456 7 INFO neutron.db.ovn_revision_numbers_db [None req-6710ef16-01cf-43e5-9987-36c594001453 a9d06ddcdad04dea8037ad9493971747 77b1a67ae92040558b62458c8b0c44e8 - - default default] Successfully bumped revision number for resource 21a4958d-7a25-4b69-a83e-f82c4381110c (type: ports) to 1
2026-08-24 16:50:54.469 8 INFO neutron.db.segments_db [None req-e2a569df-af6a-4699-83ee-0bbf37ef152b - - - - - -] Added segment df2a403f-1475-4cc7-84c2-02ea82b7468a of type geneve for network 37135393-25eb-4419-990a-8041df9aa3a6 [pid: 7|app: 0|req: 1291/2737] 10.0.0.119 () {34 vars in 663 bytes} [Mon Aug 24 16:50:54 2026] POST /v2.0/ports => generated 743 bytes in 469 msecs (HTTP/1.1 201) 4 headers in 162 bytes (1 switches on core 0) /var/lib/openstack/lib/python3.12/site-packages/pycadf/identifier.py:70: UserWarning: Invalid uuid: neutron. To ensure interoperability, identifiers should be a valid uuid. warnings.warn(('Invalid uuid: %s. To ensure interoperability, '
2026-08-24 16:50:54.580 8 INFO neutron.plugins.ml2.drivers.ovn.mech_driver.mech_driver [None req-76283a0d-5d6f-4a7a-a02f-be25933f3e60 - - - - - -] OVN reports status down for port: 7b4ed139-0c11-475b-a177-1408e6affeb5
2026-08-24 16:50:54.694 8 INFO neutron.db.ovn_revision_numbers_db [None req-70e61d2c-0f03-4527-87a9-c377147f9dda - - - - - -] Successfully bumped revision number for resource 37135393-25eb-4419-990a-8041df9aa3a6 (type: networks) to 1 [pid: 7|app: 0|req: 1292/2738] 10.0.0.119 () {32 vars in 723 bytes} [Mon Aug 24 16:50:54 2026] DELETE /v2.0/subnets/e8a2a754-05c8-4f29-851c-52c0760ecb3a => generated 0 bytes in 211 msecs (HTTP/1.1 204) 3 headers in 131 bytes (1 switches on core 0)
2026-08-24 16:50:54.777 8 INFO neutron.plugins.ml2.drivers.ovn.mech_driver.mech_driver [None req-76283a0d-5d6f-4a7a-a02f-be25933f3e60 - - - - - -] OVN reports status down for port: 409d0679-7c3d-4d33-aff8-0dabedcb1533 [pid: 7|app: 0|req: 1293/2739] 10.0.0.166 () {30 vars in 689 bytes} [Mon Aug 24 16:50:54 2026] GET /v2.0/extensions/security-group => generated 170 bytes in 71 msecs (HTTP/1.1 200) 4 headers in 157 bytes (1 switches on core 0)
2026-08-24 16:50:54.898 7 INFO neutron.db.segments_db [None req-df02c00e-6e14-47cb-a637-90611d6f7a77 a9d06ddcdad04dea8037ad9493971747 77b1a67ae92040558b62458c8b0c44e8 - - default default] Added segment ff22d466-72b4-4b89-9101-203f603fbfa7 of type geneve for network eea98972-d14e-445e-89f5-132e6c3f239a
2026-08-24 16:50:54.927 8 INFO neutron.plugins.ml2.drivers.ovn.mech_driver.mech_driver [None req-76283a0d-5d6f-4a7a-a02f-be25933f3e60 - - - - - -] OVN reports status down for port: 2edf9e9c-81e0-423e-a007-4421b93a1dab
2026-08-24 16:50:54.981 8 WARNING neutron.scheduler.dhcp_agent_scheduler [None req-70e61d2c-0f03-4527-87a9-c377147f9dda - - - - - -] No more DHCP agents
2026-08-24 16:50:54.984 8 WARNING neutron.api.rpc.agentnotifiers.dhcp_rpc_agent_api [None req-70e61d2c-0f03-4527-87a9-c377147f9dda - - - - - -] Unable to schedule network 37135393-25eb-4419-990a-8041df9aa3a6: no agents available; will retry on subsequent port and subnet creation events.
2026-08-24 16:50:55.030 7 INFO neutron.db.ovn_revision_numbers_db [None req-df02c00e-6e14-47cb-a637-90611d6f7a77 a9d06ddcdad04dea8037ad9493971747 77b1a67ae92040558b62458c8b0c44e8 - - default default] Successfully bumped revision number for resource eea98972-d14e-445e-89f5-132e6c3f239a (type: networks) to 1
2026-08-24 16:50:55.098 8 INFO neutron.plugins.ml2.drivers.ovn.mech_driver.mech_driver [None req-76283a0d-5d6f-4a7a-a02f-be25933f3e60 - - - - - -] OVN reports status down for port: 8ee01fb0-1cc7-475d-96b7-e41ed2dbe2aa
2026-08-24 16:50:55.171 8 INFO neutron.db.ovn_revision_numbers_db [None req-70e61d2c-0f03-4527-87a9-c377147f9dda - - - - - -] Successfully bumped revision number for resource 3fccab54-1482-42fc-838d-6019739d279b (type: ports) to 1
2026-08-24 16:50:55.243 7 WARNING neutron.scheduler.dhcp_agent_scheduler [None req-df02c00e-6e14-47cb-a637-90611d6f7a77 a9d06ddcdad04dea8037ad9493971747 77b1a67ae92040558b62458c8b0c44e8 - - default default] No more DHCP agents
2026-08-24 16:50:55.245 7 WARNING neutron.api.rpc.agentnotifiers.dhcp_rpc_agent_api [None req-df02c00e-6e14-47cb-a637-90611d6f7a77 a9d06ddcdad04dea8037ad9493971747 77b1a67ae92040558b62458c8b0c44e8 - - default default] Unable to schedule network eea98972-d14e-445e-89f5-132e6c3f239a: no agents available; will retry on subsequent port and subnet creation events.
2026-08-24 16:50:55.247 8 INFO neutron.plugins.ml2.drivers.ovn.mech_driver.mech_driver [None req-76283a0d-5d6f-4a7a-a02f-be25933f3e60 - - - - - -] OVN reports status down for port: 21a4958d-7a25-4b69-a83e-f82c4381110c
2026-08-24 16:50:55.354 7 INFO neutron.db.ovn_revision_numbers_db [None req-df02c00e-6e14-47cb-a637-90611d6f7a77 a9d06ddcdad04dea8037ad9493971747 77b1a67ae92040558b62458c8b0c44e8 - - default default] Successfully bumped revision number for resource eead2642-282e-49ff-9967-cf8d8565717c (type: ports) to 1 [pid: 7|app: 0|req: 1294/2740] 10.0.0.119 () {34 vars in 669 bytes} [Mon Aug 24 16:50:54 2026] POST /v2.0/networks => generated 650 bytes in 580 msecs (HTTP/1.1 201) 4 headers in 162 bytes (1 switches on core 0)
2026-08-24 16:50:55.407 8 INFO neutron.plugins.ml2.drivers.ovn.mech_driver.mech_driver [None req-76283a0d-5d6f-4a7a-a02f-be25933f3e60 - - - - - -] OVN reports status down for port: 3fccab54-1482-42fc-838d-6019739d279b
2026-08-24 16:50:55.470 8 WARNING neutron.scheduler.dhcp_agent_scheduler [None req-70e61d2c-0f03-4527-87a9-c377147f9dda - - - - - -] No more DHCP agents
2026-08-24 16:50:55.474 8 WARNING neutron.api.rpc.agentnotifiers.dhcp_rpc_agent_api [None req-70e61d2c-0f03-4527-87a9-c377147f9dda - - - - - -] Unable to schedule network 37135393-25eb-4419-990a-8041df9aa3a6: no agents available; will retry on subsequent port and subnet creation events.
2026-08-24 16:50:55.512 8 INFO neutron.db.ovn_revision_numbers_db [None req-70e61d2c-0f03-4527-87a9-c377147f9dda - - - - - -] Successfully bumped revision number for resource 993342cc-cb7f-4897-8f18-9aefab2ebf74 (type: subnets) to 0
2026-08-24 16:50:55.755 7 INFO neutron_taas.services.taas.taas_plugin [None req-d54fc6f7-fa15-4c0d-95c8-1956555f7aa4 bdb5ea1fcb614b84bacbf36ba167eb67 26ec373f931b456f85b30bf811d86ba3 - - default default] TaaS: Handle Delete Port: e83f8514-49e6-486b-905a-e71723fd588d
2026-08-24 16:50:55.759 7 INFO neutron_taas.services.taas.tap_mirror_plugin [None req-d54fc6f7-fa15-4c0d-95c8-1956555f7aa4 bdb5ea1fcb614b84bacbf36ba167eb67 26ec373f931b456f85b30bf811d86ba3 - - default default] Tap Mirror: Handle Delete Port: e83f8514-49e6-486b-905a-e71723fd588d
2026-08-24 16:50:55.992 8 WARNING neutron.scheduler.dhcp_agent_scheduler [None req-70e61d2c-0f03-4527-87a9-c377147f9dda - - - - - -] No more DHCP agents
2026-08-24 16:50:55.994 8 WARNING neutron.api.rpc.agentnotifiers.dhcp_rpc_agent_api [None req-70e61d2c-0f03-4527-87a9-c377147f9dda - - - - - -] Unable to schedule network 37135393-25eb-4419-990a-8041df9aa3a6: no agents available; will retry on subsequent port and subnet creation events.
2026-08-24 16:50:56.172 8 INFO neutron.db.ovn_revision_numbers_db [None req-70e61d2c-0f03-4527-87a9-c377147f9dda - - - - - -] Successfully bumped revision number for resource 1175857f-7ae4-41fe-ab56-b447d5864bdb (type: ports) to 1 [pid: 7|app: 0|req: 1295/2741] 10.0.0.119 () {32 vars in 723 bytes} [Mon Aug 24 16:50:55 2026] DELETE /v2.0/routers/ce3bbb53-0dbd-4f2d-9f96-1e6f83ffb992 => generated 0 bytes in 894 msecs (HTTP/1.1 204) 2 headers in 112 bytes (1 switches on core 0) [pid: 7|app: 0|req: 1296/2742] 10.0.0.166 () {30 vars in 691 bytes} [Mon Aug 24 16:50:56 2026] GET /v2.0/extensions/dns-integration => generated 172 bytes in 6 msecs (HTTP/1.1 200) 4 headers in 157 bytes (1 switches on core 0)
2026-08-24 16:50:56.577 7 WARNING neutron.scheduler.dhcp_agent_scheduler [None req-ad0c7fe7-3a8c-4a69-8522-b379b87baaa6 a9d06ddcdad04dea8037ad9493971747 77b1a67ae92040558b62458c8b0c44e8 - - default default] No more DHCP agents
2026-08-24 16:50:56.579 7 WARNING neutron.api.rpc.agentnotifiers.dhcp_rpc_agent_api [None req-ad0c7fe7-3a8c-4a69-8522-b379b87baaa6 a9d06ddcdad04dea8037ad9493971747 77b1a67ae92040558b62458c8b0c44e8 - - default default] Unable to schedule network eea98972-d14e-445e-89f5-132e6c3f239a: no agents available; will retry on subsequent port and subnet creation events.
2026-08-24 16:50:56.715 8 INFO neutron.plugins.ml2.drivers.ovn.mech_driver.mech_driver [None req-76283a0d-5d6f-4a7a-a02f-be25933f3e60 - - - - - -] OVN reports status down for port: 4fad8939-c271-45d1-9ff0-ffdbe48da21b
2026-08-24 16:50:56.722 7 INFO neutron.db.ovn_revision_numbers_db [None req-ad0c7fe7-3a8c-4a69-8522-b379b87baaa6 a9d06ddcdad04dea8037ad9493971747 77b1a67ae92040558b62458c8b0c44e8 - - default default] Successfully bumped revision number for resource 4fad8939-c271-45d1-9ff0-ffdbe48da21b (type: ports) to 1 [pid: 7|app: 0|req: 1297/2743] 10.0.0.119 () {34 vars in 663 bytes} [Mon Aug 24 16:50:56 2026] POST /v2.0/ports => generated 743 bytes in 498 msecs (HTTP/1.1 201) 4 headers in 162 bytes (1 switches on core 0) /var/lib/openstack/lib/python3.12/site-packages/pycadf/identifier.py:70: UserWarning: Invalid uuid: neutron. To ensure interoperability, identifiers should be a valid uuid. warnings.warn(('Invalid uuid: %s. To ensure interoperability, '
2026-08-24 16:50:56.904 7 INFO neutron_taas.services.taas.taas_plugin [None req-6b6ef6f6-7b67-4b00-beec-fa90f711d05c bdb5ea1fcb614b84bacbf36ba167eb67 26ec373f931b456f85b30bf811d86ba3 - - default default] TaaS: Handle Delete Port: 780d45b4-1226-4aa9-87e6-d13560dde4de
2026-08-24 16:50:56.908 7 INFO neutron_taas.services.taas.tap_mirror_plugin [None req-6b6ef6f6-7b67-4b00-beec-fa90f711d05c bdb5ea1fcb614b84bacbf36ba167eb67 26ec373f931b456f85b30bf811d86ba3 - - default default] Tap Mirror: Handle Delete Port: 780d45b4-1226-4aa9-87e6-d13560dde4de
2026-08-24 16:50:57.054 8 WARNING neutron.scheduler.dhcp_agent_scheduler [None req-70e61d2c-0f03-4527-87a9-c377147f9dda - - - - - -] No more DHCP agents
2026-08-24 16:50:57.056 8 WARNING neutron.api.rpc.agentnotifiers.dhcp_rpc_agent_api [None req-70e61d2c-0f03-4527-87a9-c377147f9dda - - - - - -] Unable to schedule network 37135393-25eb-4419-990a-8041df9aa3a6: no agents available; will retry on subsequent port and subnet creation events.
2026-08-24 16:50:57.183 7 INFO neutron.services.segments.plugin [-] Segment d12d80c2-b6fe-4320-a890-5d84120a81ae resource provider aggregate not found
2026-08-24 16:50:57.189 7 INFO neutron.services.segments.plugin [-] Segment d12d80c2-b6fe-4320-a890-5d84120a81ae resource provider aggregate not found
2026-08-24 16:50:57.206 7 INFO neutron.services.segments.plugin [-] Segment d12d80c2-b6fe-4320-a890-5d84120a81ae resource provider not found; error: Placement Client Error (4xx): {"errors": [{"status": 404, "title": "Not Found", "detail": "The resource could not be found.\n\n No resource provider with uuid d12d80c2-b6fe-4320-a890-5d84120a81ae found for delete ", "request_id": "req-faf46d01-412c-4638-a2da-6534bb957c6d"}]}
2026-08-24 16:50:57.216 7 INFO neutron.services.segments.plugin [-] Segment d12d80c2-b6fe-4320-a890-5d84120a81ae resource provider not found; error: Placement Client Error (4xx): {"errors": [{"status": 404, "title": "Not Found", "detail": "The resource could not be found.\n\n No resource provider with uuid d12d80c2-b6fe-4320-a890-5d84120a81ae found for delete ", "request_id": "req-e4c9ac41-1291-413d-9bf3-5fc5546a4e98"}]} [pid: 7|app: 0|req: 1298/2744] 10.0.0.119 () {32 vars in 725 bytes} [Mon Aug 24 16:50:56 2026] DELETE /v2.0/networks/798d631b-adad-4bb3-924d-05e11cc7d5f5 => generated 0 bytes in 496 msecs (HTTP/1.1 204) 3 headers in 131 bytes (1 switches on core 0) [pid: 7|app: 0|req: 1299/2745] 10.0.0.166 () {30 vars in 667 bytes} [Mon Aug 24 16:50:57 2026] GET /v2.0/extensions/qos => generated 166 bytes in 6 msecs (HTTP/1.1 200) 4 headers in 157 bytes (1 switches on core 0)
