2026-08-24 16:48:00.463 7 INFO neutron.db.ovn_revision_numbers_db [None req-28e5b7c5-b1f1-4ce0-84b1-539e10e3f29d - - - - - -] Successfully bumped revision number for resource 6585acce-38f5-4377-87be-d51eb7a570c9 (type: ports) to 2
2026-08-24 16:48:00.592 8 INFO neutron.db.ovn_revision_numbers_db [None req-2e56d05b-149f-4cf6-92f7-585acf22120a - - - - - -] Successfully bumped revision number for resource 1acef4bc-736e-4ce3-9c95-72d0d3173b29 (type: ports) to 5
2026-08-24 16:48:00.992 8 INFO neutron.db.ovn_revision_numbers_db [None req-43d7576b-393c-4a54-be45-91bc4233156d 0259ee6f548a44c2a24b4ba22f3f5a2e 0cb69d6f745b4a238cc39c42311886fb - - default default] Successfully bumped revision number for resource 1edf0297-da0a-4dfd-9d5c-c0263eba3dfc (type: floatingips) to 1
2026-08-24 16:48:00.993 8 INFO neutron.db.l3_db [None req-43d7576b-393c-4a54-be45-91bc4233156d 0259ee6f548a44c2a24b4ba22f3f5a2e 0cb69d6f745b4a238cc39c42311886fb - - default default] Floating IP 1edf0297-da0a-4dfd-9d5c-c0263eba3dfc associated. External IP: 10.96.250.212, port: da8e0b75-d0a0-4268-b5c8-08068c2101aa. [pid: 8|app: 0|req: 903/1645] 10.0.0.119 () {34 vars in 676 bytes} [Mon Aug 24 16:47:58 2026] POST /v2.0/floatingips => generated 843 bytes in 2212 msecs (HTTP/1.1 201) 4 headers in 162 bytes (1 switches on core 0)
2026-08-24 16:48:01.071 8 INFO neutron.pecan_wsgi.hooks.translation [None req-8bcf4d48-94ca-46fe-852a-7ec34626c8b6 c3e20508b0164b0d89e93110bd6fad4f fa0489b700e64857830d5ae467c42208 - - default default] DELETE failed (client error): The resource could not be found. [pid: 8|app: 0|req: 904/1646] 10.0.0.119 () {32 vars in 723 bytes} [Mon Aug 24 16:48:01 2026] DELETE /v2.0/subnets/d5e56cb8-a608-48c3-a071-6ef8c297f3c6 => generated 136 bytes in 18 msecs (HTTP/1.1 404) 4 headers in 164 bytes (1 switches on core 0) [pid: 8|app: 0|req: 905/1647] 10.0.0.119 () {32 vars in 716 bytes} [Mon Aug 24 16:48:01 2026] GET /v2.0/ports/6585acce-38f5-4377-87be-d51eb7a570c9 => generated 947 bytes in 34 msecs (HTTP/1.1 200) 4 headers in 157 bytes (1 switches on core 0)
2026-08-24 16:48:01.132 7 WARNING neutron.scheduler.dhcp_agent_scheduler [None req-9b57b9c8-5741-49cb-8e09-0c4e9c0d791e 184492cf3aae48569666055e7a2d9731 eff14c21022c4ddcb15e882e942cb45f - - default default] No more DHCP agents
2026-08-24 16:48:01.134 7 WARNING neutron.api.rpc.agentnotifiers.dhcp_rpc_agent_api [None req-9b57b9c8-5741-49cb-8e09-0c4e9c0d791e 184492cf3aae48569666055e7a2d9731 eff14c21022c4ddcb15e882e942cb45f - - default default] Unable to schedule network 4125e369-eed5-486a-b05e-5d35d71dab9c: no agents available; will retry on subsequent port and subnet creation events. [pid: 8|app: 0|req: 906/1648] 10.0.0.93 () {28 vars in 581 bytes} [Mon Aug 24 16:48:01 2026] GET /v2.0/subnets => generated 7449 bytes in 103 msecs (HTTP/1.1 200) 4 headers in 158 bytes (1 switches on core 0)
2026-08-24 16:48:01.384 8 INFO neutron.db.ovn_revision_numbers_db [None req-dcf886ca-1839-434d-89a4-f47841bae03b 0259ee6f548a44c2a24b4ba22f3f5a2e 0cb69d6f745b4a238cc39c42311886fb - - default default] Successfully bumped revision number for resource 1edf0297-da0a-4dfd-9d5c-c0263eba3dfc (type: floatingips) to 2
2026-08-24 16:48:01.431 8 INFO neutron.db.l3_db [None req-dcf886ca-1839-434d-89a4-f47841bae03b 0259ee6f548a44c2a24b4ba22f3f5a2e 0cb69d6f745b4a238cc39c42311886fb - - default default] Floating IP 1edf0297-da0a-4dfd-9d5c-c0263eba3dfc disassociated. External IP: 10.96.250.212, port: da8e0b75-d0a0-4268-b5c8-08068c2101aa. [pid: 8|app: 0|req: 907/1649] 10.0.0.119 () {34 vars in 748 bytes} [Mon Aug 24 16:48:01 2026] PUT /v2.0/floatingips/1edf0297-da0a-4dfd-9d5c-c0263eba3dfc => generated 554 bytes in 300 msecs (HTTP/1.1 200) 4 headers in 157 bytes (1 switches on core 0)
2026-08-24 16:48:01.546 8 INFO neutron.pecan_wsgi.hooks.translation [None req-c8b0d2de-da29-4cdc-9fc1-cad28a1ed131 c3e20508b0164b0d89e93110bd6fad4f fa0489b700e64857830d5ae467c42208 - - default default] DELETE failed (client error): The resource could not be found. [pid: 8|app: 0|req: 908/1650] 10.0.0.119 () {32 vars in 725 bytes} [Mon Aug 24 16:48:01 2026] DELETE /v2.0/networks/70d67896-59f1-43ef-9114-f3915a6e5ece => generated 138 bytes in 41 msecs (HTTP/1.1 404) 4 headers in 164 bytes (1 switches on core 0)
2026-08-24 16:48:01.557 8 WARNING neutron.plugins.ml2.drivers.ovn.mech_driver.ovsdb.ovn_client [None req-2fdc80d8-97f8-4f03-96a4-2a7e9215c07d - - - - - -] No hosting information found for port 94dc6168-3dbb-4948-9943-123008ac9eb1: RuntimeError: No hosting information found for port 94dc6168-3dbb-4948-9943-123008ac9eb1
2026-08-24 16:48:01.593 7 INFO neutron.db.ovn_revision_numbers_db [None req-9b57b9c8-5741-49cb-8e09-0c4e9c0d791e 184492cf3aae48569666055e7a2d9731 eff14c21022c4ddcb15e882e942cb45f - - default default] Successfully bumped revision number for resource a3a5ca41-b87d-429e-aa17-fb88b5066094 (type: router_ports) to 1 [pid: 7|app: 0|req: 743/1651] 10.0.0.119 () {34 vars in 782 bytes} [Mon Aug 24 16:47:58 2026] PUT /v2.0/routers/1832b4de-fd3c-48d3-8da7-204c2e3f1a8c/add_router_interface => generated 309 bytes in 3483 msecs (HTTP/1.1 200) 4 headers in 157 bytes (1 switches on core 0) [pid: 7|app: 0|req: 744/1652] 10.0.0.93 () {28 vars in 589 bytes} [Mon Aug 24 16:48:01 2026] GET /v2.0/subnetpools => generated 19 bytes in 13 msecs (HTTP/1.1 200) 4 headers in 156 bytes (1 switches on core 0)
2026-08-24 16:48:01.751 7 INFO neutron_taas.services.taas.taas_plugin [None req-d0c08a8e-97ea-431f-b497-5e41da63d0ec 0259ee6f548a44c2a24b4ba22f3f5a2e 0cb69d6f745b4a238cc39c42311886fb - - default default] TaaS: Handle Delete Port: a21079c3-76b7-47b2-95d6-2b716434995d
2026-08-24 16:48:01.755 7 INFO neutron_taas.services.taas.tap_mirror_plugin [None req-d0c08a8e-97ea-431f-b497-5e41da63d0ec 0259ee6f548a44c2a24b4ba22f3f5a2e 0cb69d6f745b4a238cc39c42311886fb - - default default] Tap Mirror: Handle Delete Port: a21079c3-76b7-47b2-95d6-2b716434995d
2026-08-24 16:48:01.830 8 INFO neutron.db.ovn_revision_numbers_db [None req-2fdc80d8-97f8-4f03-96a4-2a7e9215c07d - - - - - -] Successfully bumped revision number for resource 94dc6168-3dbb-4948-9943-123008ac9eb1 (type: router_ports) to 2
2026-08-24 16:48:01.910 8 INFO neutron.plugins.ml2.drivers.ovn.mech_driver.mech_driver [None req-2fdc80d8-97f8-4f03-96a4-2a7e9215c07d - - - - - -] OVN reports status down for port: 1acef4bc-736e-4ce3-9c95-72d0d3173b29 [pid: 7|app: 0|req: 745/1653] 10.0.0.119 () {32 vars in 731 bytes} [Mon Aug 24 16:48:01 2026] DELETE /v2.0/floatingips/1edf0297-da0a-4dfd-9d5c-c0263eba3dfc => generated 0 bytes in 302 msecs (HTTP/1.1 204) 2 headers in 112 bytes (1 switches on core 0)
2026-08-24 16:48:02.070 8 INFO neutron_taas.services.taas.taas_plugin [None req-deee0b50-2252-4f20-8c7d-adce304f6c2a 2b758dd70e8c4dfa804381099230d0a9 9d74e652161e4916ae21cbb192cfbe0b - - default default] TaaS: Handle Delete Port: 6585acce-38f5-4377-87be-d51eb7a570c9
2026-08-24 16:48:02.079 8 INFO neutron_taas.services.taas.tap_mirror_plugin [None req-deee0b50-2252-4f20-8c7d-adce304f6c2a 2b758dd70e8c4dfa804381099230d0a9 9d74e652161e4916ae21cbb192cfbe0b - - default default] Tap Mirror: Handle Delete Port: 6585acce-38f5-4377-87be-d51eb7a570c9 [pid: 7|app: 0|req: 746/1654] 10.0.0.119 () {32 vars in 723 bytes} [Mon Aug 24 16:48:01 2026] DELETE /v2.0/subnets/8484176e-a46b-4a91-a68e-fc040fffb3df => generated 0 bytes in 172 msecs (HTTP/1.1 204) 3 headers in 131 bytes (1 switches on core 0)
2026-08-24 16:48:02.634 7 WARNING neutron.scheduler.dhcp_agent_scheduler [None req-de8e1a2d-804a-424b-a6ec-f72d06253570 184492cf3aae48569666055e7a2d9731 eff14c21022c4ddcb15e882e942cb45f - - default default] No more DHCP agents
2026-08-24 16:48:02.635 7 WARNING neutron.api.rpc.agentnotifiers.dhcp_rpc_agent_api [None req-de8e1a2d-804a-424b-a6ec-f72d06253570 184492cf3aae48569666055e7a2d9731 eff14c21022c4ddcb15e882e942cb45f - - default default] Unable to schedule network 5f55f26c-1d0b-470d-8d8b-bdc6c6321dde: no agents available; will retry on subsequent port and subnet creation events.
2026-08-24 16:48:02.845 7 INFO neutron.db.ovn_revision_numbers_db [None req-de8e1a2d-804a-424b-a6ec-f72d06253570 184492cf3aae48569666055e7a2d9731 eff14c21022c4ddcb15e882e942cb45f - - default default] Successfully bumped revision number for resource eb7894f9-a934-43ac-be16-d25d9d1795d7 (type: ports) to 1
2026-08-24 16:48:03.555 8 INFO neutron.db.ovn_revision_numbers_db [None req-2fdc80d8-97f8-4f03-96a4-2a7e9215c07d - - - - - -] Successfully bumped revision number for resource 1acef4bc-736e-4ce3-9c95-72d0d3173b29 (type: ports) to 6 [pid: 8|app: 0|req: 909/1655] 10.0.0.119 () {34 vars in 788 bytes} [Mon Aug 24 16:48:01 2026] PUT /v2.0/routers/724bbf8e-412f-4ac1-9091-62d837fed16e/remove_router_interface => generated 309 bytes in 2072 msecs (HTTP/1.1 200) 4 headers in 157 bytes (1 switches on core 0) /var/lib/openstack/lib/python3.12/site-packages/pycadf/identifier.py:70: UserWarning: Invalid uuid: neutron. To ensure interoperability, identifiers should be a valid uuid. warnings.warn(('Invalid uuid: %s. To ensure interoperability, '
2026-08-24 16:48:03.722 7 WARNING neutron.scheduler.dhcp_agent_scheduler [None req-de8e1a2d-804a-424b-a6ec-f72d06253570 184492cf3aae48569666055e7a2d9731 eff14c21022c4ddcb15e882e942cb45f - - default default] No more DHCP agents
2026-08-24 16:48:03.723 7 WARNING neutron.api.rpc.agentnotifiers.dhcp_rpc_agent_api [None req-de8e1a2d-804a-424b-a6ec-f72d06253570 184492cf3aae48569666055e7a2d9731 eff14c21022c4ddcb15e882e942cb45f - - default default] Unable to schedule network 5f55f26c-1d0b-470d-8d8b-bdc6c6321dde: no agents available; will retry on subsequent port and subnet creation events. [pid: 8|app: 0|req: 910/1656] 10.0.0.93 () {28 vars in 581 bytes} [Mon Aug 24 16:48:03 2026] GET /v2.0/subnets => generated 6800 bytes in 122 msecs (HTTP/1.1 200) 4 headers in 158 bytes (1 switches on core 0)
2026-08-24 16:48:03.775 8 WARNING neutron.plugins.ml2.drivers.ovn.mech_driver.ovsdb.ovn_client [None req-2edb372c-ff88-4a05-bdf4-e66952187c43 - - - - - -] Logical_Switch_Port %s host information not removed, the port state is up
2026-08-24 16:48:03.776 8 INFO neutron.plugins.ml2.drivers.ovn.mech_driver.mech_driver [None req-2edb372c-ff88-4a05-bdf4-e66952187c43 - - - - - -] OVN reports status down for port: b8e22be5-a8cc-40f9-84d4-11423d25d25d
2026-08-24 16:48:03.901 8 INFO neutron.plugins.ml2.drivers.ovn.mech_driver.mech_driver [None req-2edb372c-ff88-4a05-bdf4-e66952187c43 - - - - - -] OVN reports status up for port: 1acef4bc-736e-4ce3-9c95-72d0d3173b29
2026-08-24 16:48:03.930 8 INFO neutron.plugins.ml2.plugin [None req-2edb372c-ff88-4a05-bdf4-e66952187c43 - - - - - -] Attempt 1 to provision port 1acef4bc-736e-4ce3-9c95-72d0d3173b29
2026-08-24 16:48:04.104 7 INFO neutron.db.ovn_revision_numbers_db [None req-de8e1a2d-804a-424b-a6ec-f72d06253570 184492cf3aae48569666055e7a2d9731 eff14c21022c4ddcb15e882e942cb45f - - default default] Successfully bumped revision number for resource eb7894f9-a934-43ac-be16-d25d9d1795d7 (type: router_ports) to 1 [pid: 7|app: 0|req: 747/1657] 10.0.0.119 () {34 vars in 782 bytes} [Mon Aug 24 16:48:02 2026] PUT /v2.0/routers/1832b4de-fd3c-48d3-8da7-204c2e3f1a8c/add_router_interface => generated 309 bytes in 2015 msecs (HTTP/1.1 200) 4 headers in 157 bytes (1 switches on core 0)
2026-08-24 16:48:04.221 7 INFO neutron_taas.services.taas.taas_plugin [None req-60d63ad8-60fb-47b8-a13d-bdf8abb8d028 c3e20508b0164b0d89e93110bd6fad4f fa0489b700e64857830d5ae467c42208 - - default default] TaaS: Handle Delete Port: 3976bb3b-05a0-4030-a0c9-99eddd77bacf
2026-08-24 16:48:04.225 7 INFO neutron_taas.services.taas.tap_mirror_plugin [None req-60d63ad8-60fb-47b8-a13d-bdf8abb8d028 c3e20508b0164b0d89e93110bd6fad4f fa0489b700e64857830d5ae467c42208 - - default default] Tap Mirror: Handle Delete Port: 3976bb3b-05a0-4030-a0c9-99eddd77bacf
2026-08-24 16:48:04.262 8 WARNING neutron.scheduler.dhcp_agent_scheduler [None req-56fba23c-2702-4e35-99e1-8bbbd36b65fc 0259ee6f548a44c2a24b4ba22f3f5a2e 0cb69d6f745b4a238cc39c42311886fb - - default default] No more DHCP agents
2026-08-24 16:48:04.264 8 WARNING neutron.api.rpc.agentnotifiers.dhcp_rpc_agent_api [None req-56fba23c-2702-4e35-99e1-8bbbd36b65fc 0259ee6f548a44c2a24b4ba22f3f5a2e 0cb69d6f745b4a238cc39c42311886fb - - default default] Unable to schedule network 8f10b6e9-2933-41c1-afb6-db84df368f06: no agents available; will retry on subsequent port and subnet creation events.
2026-08-24 16:48:04.421 7 INFO neutron.services.segments.plugin [-] Segment e75ed810-d790-48c0-b797-d006fc6b2195 resource provider aggregate not found
2026-08-24 16:48:04.428 7 INFO neutron.services.segments.plugin [-] Segment e75ed810-d790-48c0-b797-d006fc6b2195 resource provider aggregate not found
2026-08-24 16:48:04.452 7 INFO neutron.services.segments.plugin [-] Segment e75ed810-d790-48c0-b797-d006fc6b2195 resource provider not found; error: Placement Client Error (4xx): {"errors": [{"status": 404, "title": "Not Found", "detail": "The resource could not be found.\n\n No resource provider with uuid e75ed810-d790-48c0-b797-d006fc6b2195 found for delete ", "request_id": "req-c82e24f3-4b46-4ffe-ae57-98a6fd443829"}]}
2026-08-24 16:48:04.457 7 INFO neutron.services.segments.plugin [-] Segment e75ed810-d790-48c0-b797-d006fc6b2195 resource provider not found; error: Placement Client Error (4xx): {"errors": [{"status": 404, "title": "Not Found", "detail": "The resource could not be found.\n\n No resource provider with uuid e75ed810-d790-48c0-b797-d006fc6b2195 found for delete ", "request_id": "req-21b240c0-92ca-4124-90f2-c969da11b7ca"}]} [pid: 7|app: 0|req: 748/1658] 10.0.0.119 () {32 vars in 725 bytes} [Mon Aug 24 16:48:04 2026] DELETE /v2.0/networks/24a1c41a-a057-4e85-8b4f-8855de784efc => generated 0 bytes in 392 msecs (HTTP/1.1 204) 3 headers in 131 bytes (1 switches on core 0) [pid: 7|app: 0|req: 749/1659] 10.0.0.119 () {32 vars in 735 bytes} [Mon Aug 24 16:48:04 2026] GET /v2.0/ports?device_id=724bbf8e-412f-4ac1-9091-62d837fed16e => generated 12 bytes in 21 msecs (HTTP/1.1 200) 4 headers in 156 bytes (1 switches on core 0) [pid: 7|app: 0|req: 750/1660] 10.0.0.93 () {28 vars in 577 bytes} [Mon Aug 24 16:48:04 2026] GET /v2.0/ports => generated 18421 bytes in 107 msecs (HTTP/1.1 200) 4 headers in 159 bytes (1 switches on core 0)
2026-08-24 16:48:04.845 8 INFO neutron.db.ovn_revision_numbers_db [None req-2edb372c-ff88-4a05-bdf4-e66952187c43 - - - - - -] Successfully bumped revision number for resource 1acef4bc-736e-4ce3-9c95-72d0d3173b29 (type: ports) to 7
2026-08-24 16:48:05.291 7 WARNING neutron.scheduler.dhcp_agent_scheduler [None req-181b5a1b-2873-4dba-99b9-dea4d9aec31b 184492cf3aae48569666055e7a2d9731 eff14c21022c4ddcb15e882e942cb45f - - default default] No more DHCP agents
2026-08-24 16:48:05.292 7 WARNING neutron.api.rpc.agentnotifiers.dhcp_rpc_agent_api [None req-181b5a1b-2873-4dba-99b9-dea4d9aec31b 184492cf3aae48569666055e7a2d9731 eff14c21022c4ddcb15e882e942cb45f - - default default] Unable to schedule network 67d39206-8ae1-421b-9318-79d897a16847: no agents available; will retry on subsequent port and subnet creation events.
2026-08-24 16:48:05.409 8 INFO neutron.plugins.ml2.drivers.ovn.mech_driver.mech_driver [None req-b62353de-1886-44b1-8dbb-44a7994655c4 - - - - - -] OVN reports status down for port: 5d94f9b9-f0aa-4566-a7e5-b9ee2f411a2b
2026-08-24 16:48:05.496 7 INFO neutron.db.ovn_revision_numbers_db [None req-181b5a1b-2873-4dba-99b9-dea4d9aec31b 184492cf3aae48569666055e7a2d9731 eff14c21022c4ddcb15e882e942cb45f - - default default] Successfully bumped revision number for resource 5d94f9b9-f0aa-4566-a7e5-b9ee2f411a2b (type: ports) to 1
2026-08-24 16:48:05.693 8 INFO neutron.db.ovn_revision_numbers_db [None req-56fba23c-2702-4e35-99e1-8bbbd36b65fc 0259ee6f548a44c2a24b4ba22f3f5a2e 0cb69d6f745b4a238cc39c42311886fb - - default default] Successfully bumped revision number for resource f948b394-809b-4cc4-b8e8-18b5174ccd1c (type: floatingips) to 1
2026-08-24 16:48:05.693 8 INFO neutron.db.l3_db [None req-56fba23c-2702-4e35-99e1-8bbbd36b65fc 0259ee6f548a44c2a24b4ba22f3f5a2e 0cb69d6f745b4a238cc39c42311886fb - - default default] Floating IP f948b394-809b-4cc4-b8e8-18b5174ccd1c associated. External IP: 10.96.250.209, port: b8e22be5-a8cc-40f9-84d4-11423d25d25d. [pid: 8|app: 0|req: 911/1661] 10.0.0.119 () {34 vars in 676 bytes} [Mon Aug 24 16:48:03 2026] POST /v2.0/floatingips => generated 841 bytes in 2011 msecs (HTTP/1.1 201) 4 headers in 162 bytes (1 switches on core 0) /var/lib/openstack/lib/python3.12/site-packages/pycadf/identifier.py:70: UserWarning: Invalid uuid: neutron. To ensure interoperability, identifiers should be a valid uuid. warnings.warn(('Invalid uuid: %s. To ensure interoperability, ' [pid: 8|app: 0|req: 912/1662] 10.0.0.119 () {32 vars in 723 bytes} [Mon Aug 24 16:48:05 2026] DELETE /v2.0/routers/724bbf8e-412f-4ac1-9091-62d837fed16e => generated 0 bytes in 208 msecs (HTTP/1.1 204) 2 headers in 112 bytes (1 switches on core 0) [pid: 8|app: 0|req: 913/1663] 10.0.0.93 () {28 vars in 581 bytes} [Mon Aug 24 16:48:05 2026] GET /v2.0/routers => generated 1929 bytes in 66 msecs (HTTP/1.1 200) 4 headers in 158 bytes (1 switches on core 0)
2026-08-24 16:48:06.062 7 WARNING neutron.plugins.ml2.drivers.ovn.mech_driver.ovsdb.ovn_client [None req-4f8c36ba-2cde-43b1-8251-15b666646985 - - - - - -] No port found with ID 6585acce-38f5-4377-87be-d51eb7a570c9: RuntimeError: No port found with ID 6585acce-38f5-4377-87be-d51eb7a570c9
2026-08-24 16:48:06.077 7 INFO neutron.plugins.ml2.drivers.ovn.mech_driver.mech_driver [None req-4f8c36ba-2cde-43b1-8251-15b666646985 - - - - - -] OVN reports status down for port: da8e0b75-d0a0-4268-b5c8-08068c2101aa [pid: 8|app: 0|req: 914/1664] 10.0.0.119 () {32 vars in 773 bytes} [Mon Aug 24 16:48:06 2026] GET /v2.0/security-groups?tenant_id=fa0489b700e64857830d5ae467c42208&name=default => generated 2925 bytes in 129 msecs (HTTP/1.1 200) 4 headers in 158 bytes (1 switches on core 0) [pid: 8|app: 0|req: 915/1665] 10.0.0.119 () {32 vars in 728 bytes} [Mon Aug 24 16:48:06 2026] GET /v2.0/floatingips/f948b394-809b-4cc4-b8e8-18b5174ccd1c => generated 843 bytes in 33 msecs (HTTP/1.1 200) 4 headers in 157 bytes (1 switches on core 0)
2026-08-24 16:48:06.214 7 INFO neutron.plugins.ml2.drivers.ovn.mech_driver.mech_driver [None req-4f8c36ba-2cde-43b1-8251-15b666646985 - - - - - -] OVN reports status down for port: a3a5ca41-b87d-429e-aa17-fb88b5066094
2026-08-24 16:48:06.375 7 WARNING neutron.plugins.ml2.drivers.ovn.mech_driver.ovsdb.ovn_client [None req-4f8c36ba-2cde-43b1-8251-15b666646985 - - - - - -] Logical_Switch_Port %s host information not removed, the port state is up
2026-08-24 16:48:06.383 8 INFO neutron.plugins.ml2.drivers.ovn.mech_driver.mech_driver [None req-b62353de-1886-44b1-8dbb-44a7994655c4 - - - - - -] OVN reports status up for port: 5d94f9b9-f0aa-4566-a7e5-b9ee2f411a2b
2026-08-24 16:48:06.402 7 INFO neutron.plugins.ml2.drivers.ovn.mech_driver.mech_driver [None req-4f8c36ba-2cde-43b1-8251-15b666646985 - - - - - -] OVN reports status up for port: a3a5ca41-b87d-429e-aa17-fb88b5066094 [pid: 8|app: 0|req: 916/1666] 10.0.0.119 () {32 vars in 723 bytes} [Mon Aug 24 16:48:06 2026] DELETE /v2.0/subnets/c36741b4-f385-41f9-912f-34747f8a787e => generated 0 bytes in 264 msecs (HTTP/1.1 204) 3 headers in 131 bytes (1 switches on core 0) [pid: 8|app: 0|req: 917/1667] 10.0.0.93 () {28 vars in 622 bytes} [Mon Aug 24 16:48:06 2026] GET /v2.0/agents?binary=ovn-controller => generated 416 bytes in 12 msecs (HTTP/1.1 200) 4 headers in 157 bytes (1 switches on core 0)
2026-08-24 16:48:06.500 7 WARNING neutron.scheduler.dhcp_agent_scheduler [None req-181b5a1b-2873-4dba-99b9-dea4d9aec31b 184492cf3aae48569666055e7a2d9731 eff14c21022c4ddcb15e882e942cb45f - - default default] No more DHCP agents
2026-08-24 16:48:06.502 7 WARNING neutron.api.rpc.agentnotifiers.dhcp_rpc_agent_api [None req-181b5a1b-2873-4dba-99b9-dea4d9aec31b 184492cf3aae48569666055e7a2d9731 eff14c21022c4ddcb15e882e942cb45f - - default default] Unable to schedule network 67d39206-8ae1-421b-9318-79d897a16847: no agents available; will retry on subsequent port and subnet creation events.
2026-08-24 16:48:06.521 8 INFO neutron.plugins.ml2.plugin [None req-b62353de-1886-44b1-8dbb-44a7994655c4 - - - - - -] Attempt 1 to provision port 5d94f9b9-f0aa-4566-a7e5-b9ee2f411a2b
2026-08-24 16:48:06.522 7 INFO neutron.plugins.ml2.plugin [None req-4f8c36ba-2cde-43b1-8251-15b666646985 - - - - - -] Attempt 1 to provision port a3a5ca41-b87d-429e-aa17-fb88b5066094
2026-08-24 16:48:07.079 7 INFO neutron.db.ovn_revision_numbers_db [None req-181b5a1b-2873-4dba-99b9-dea4d9aec31b 184492cf3aae48569666055e7a2d9731 eff14c21022c4ddcb15e882e942cb45f - - default default] Successfully bumped revision number for resource 5d94f9b9-f0aa-4566-a7e5-b9ee2f411a2b (type: router_ports) to 1 [pid: 7|app: 0|req: 751/1668] 10.0.0.119 () {34 vars in 782 bytes} [Mon Aug 24 16:48:04 2026] PUT /v2.0/routers/1832b4de-fd3c-48d3-8da7-204c2e3f1a8c/add_router_interface => generated 309 bytes in 2458 msecs (HTTP/1.1 200) 4 headers in 157 bytes (1 switches on core 0) [pid: 7|app: 0|req: 752/1669] 10.0.0.119 () {32 vars in 654 bytes} [Mon Aug 24 16:48:07 2026] GET /v2.0/floatingips => generated 846 bytes in 118 msecs (HTTP/1.1 200) 4 headers in 157 bytes (1 switches on core 0) [pid: 8|app: 0|req: 918/1670] 10.0.0.119 () {32 vars in 739 bytes} [Mon Aug 24 16:48:06 2026] DELETE /v2.0/security-groups/abcea66e-5e9d-438b-adcc-145334bbbad1 => generated 0 bytes in 844 msecs (HTTP/1.1 204) 2 headers in 112 bytes (1 switches on core 0)
2026-08-24 16:48:07.366 8 INFO neutron.db.ovn_revision_numbers_db [None req-b62353de-1886-44b1-8dbb-44a7994655c4 - - - - - -] Successfully bumped revision number for resource 5d94f9b9-f0aa-4566-a7e5-b9ee2f411a2b (type: ports) to 2 [pid: 8|app: 0|req: 919/1671] 10.0.0.93 () {28 vars in 589 bytes} [Mon Aug 24 16:48:07 2026] GET /v2.0/floatingips => generated 846 bytes in 90 msecs (HTTP/1.1 200) 4 headers in 157 bytes (1 switches on core 0)
2026-08-24 16:48:07.448 7 INFO neutron_taas.services.taas.taas_plugin [None req-9fbb15eb-2169-4786-86b6-942046bf5c9f 2b758dd70e8c4dfa804381099230d0a9 9d74e652161e4916ae21cbb192cfbe0b - - default default] TaaS: Handle Delete Port: a5ff657f-7e6f-49ec-90bc-ab236f5d6e84
2026-08-24 16:48:07.452 7 INFO neutron_taas.services.taas.tap_mirror_plugin [None req-9fbb15eb-2169-4786-86b6-942046bf5c9f 2b758dd70e8c4dfa804381099230d0a9 9d74e652161e4916ae21cbb192cfbe0b - - default default] Tap Mirror: Handle Delete Port: a5ff657f-7e6f-49ec-90bc-ab236f5d6e84
2026-08-24 16:48:07.459 7 INFO neutron.db.ovn_revision_numbers_db [None req-4f8c36ba-2cde-43b1-8251-15b666646985 - - - - - -] Successfully bumped revision number for resource a3a5ca41-b87d-429e-aa17-fb88b5066094 (type: ports) to 2
2026-08-24 16:48:07.774 7 INFO neutron.services.segments.plugin [-] Segment 2246c958-4439-41e6-b6e0-e1b01be7b536 resource provider aggregate not found
2026-08-24 16:48:07.782 7 INFO neutron.services.segments.plugin [-] Segment 2246c958-4439-41e6-b6e0-e1b01be7b536 resource provider aggregate not found
2026-08-24 16:48:07.804 7 INFO neutron.services.segments.plugin [-] Segment 2246c958-4439-41e6-b6e0-e1b01be7b536 resource provider not found; error: Placement Client Error (4xx): {"errors": [{"status": 404, "title": "Not Found", "detail": "The resource could not be found.\n\n No resource provider with uuid 2246c958-4439-41e6-b6e0-e1b01be7b536 found for delete ", "request_id": "req-d1951320-63ca-430b-8456-b5c301e68a13"}]}
2026-08-24 16:48:07.807 7 INFO neutron.services.segments.plugin [-] Segment 2246c958-4439-41e6-b6e0-e1b01be7b536 resource provider not found; error: Placement Client Error (4xx): {"errors": [{"status": 404, "title": "Not Found", "detail": "The resource could not be found.\n\n No resource provider with uuid 2246c958-4439-41e6-b6e0-e1b01be7b536 found for delete ", "request_id": "req-f5b8916a-ee27-4422-8151-ee29f7ca2abf"}]} [pid: 7|app: 0|req: 753/1672] 10.0.0.119 () {32 vars in 725 bytes} [Mon Aug 24 16:48:07 2026] DELETE /v2.0/networks/bff2237d-5559-47d9-bf18-ec25f965c5c0 => generated 0 bytes in 673 msecs (HTTP/1.1 204) 3 headers in 131 bytes (1 switches on core 0)
2026-08-24 16:48:08.057 7 INFO neutron.db.ovn_revision_numbers_db [None req-e535070a-c2b1-438f-b643-b7eea1e2cdda 184492cf3aae48569666055e7a2d9731 eff14c21022c4ddcb15e882e942cb45f - - default default] Successfully bumped revision number for resource 4c4c0e32-efb3-4f0a-9a63-1049c654ce5e (type: security_groups) to 1
2026-08-24 16:48:08.082 7 INFO neutron.db.ovn_revision_numbers_db [None req-e535070a-c2b1-438f-b643-b7eea1e2cdda 184492cf3aae48569666055e7a2d9731 eff14c21022c4ddcb15e882e942cb45f - - default default] Successfully bumped revision number for resource 0d0105c7-4080-4b5a-a917-1b35d3088ec3 (type: security_group_rules) to 0
2026-08-24 16:48:08.083 8 INFO neutron.db.ovn_revision_numbers_db [None req-a9c63049-9efa-415a-92e0-4ca845e418d5 0259ee6f548a44c2a24b4ba22f3f5a2e 0cb69d6f745b4a238cc39c42311886fb - - default default] Successfully bumped revision number for resource f948b394-809b-4cc4-b8e8-18b5174ccd1c (type: floatingips) to 2
2026-08-24 16:48:08.095 7 INFO neutron.db.ovn_revision_numbers_db [None req-e535070a-c2b1-438f-b643-b7eea1e2cdda 184492cf3aae48569666055e7a2d9731 eff14c21022c4ddcb15e882e942cb45f - - default default] Successfully bumped revision number for resource 3492d1f2-4a72-4dd0-9ab8-a3720e2d9440 (type: security_group_rules) to 0 [pid: 7|app: 0|req: 754/1673] 10.0.0.119 () {34 vars in 683 bytes} [Mon Aug 24 16:48:07 2026] POST /v2.0/security-groups => generated 1628 bytes in 246 msecs (HTTP/1.1 201) 4 headers in 163 bytes (1 switches on core 0) [pid: 7|app: 0|req: 755/1674] 10.0.0.93 () {28 vars in 583 bytes} [Mon Aug 24 16:48:08 2026] GET /v2.0/networks => generated 5573 bytes in 68 msecs (HTTP/1.1 200) 4 headers in 158 bytes (1 switches on core 0)
2026-08-24 16:48:08.199 8 INFO neutron.db.l3_db [None req-a9c63049-9efa-415a-92e0-4ca845e418d5 0259ee6f548a44c2a24b4ba22f3f5a2e 0cb69d6f745b4a238cc39c42311886fb - - default default] Floating IP f948b394-809b-4cc4-b8e8-18b5174ccd1c associated. External IP: 10.96.250.209, port: b8e22be5-a8cc-40f9-84d4-11423d25d25d. [pid: 8|app: 0|req: 920/1675] 10.0.0.119 () {34 vars in 748 bytes} [Mon Aug 24 16:48:07 2026] PUT /v2.0/floatingips/f948b394-809b-4cc4-b8e8-18b5174ccd1c => generated 845 bytes in 837 msecs (HTTP/1.1 200) 4 headers in 157 bytes (1 switches on core 0)
2026-08-24 16:48:08.434 8 INFO neutron.db.ovn_revision_numbers_db [None req-0ea41156-4dee-434c-840b-1789b9eddd59 184492cf3aae48569666055e7a2d9731 eff14c21022c4ddcb15e882e942cb45f - - default default] Successfully bumped revision number for resource efbf6715-589b-4dbf-ba91-1e21ef7cfac5 (type: security_group_rules) to 0 [pid: 8|app: 0|req: 923/1678] 10.0.0.119 () {34 vars in 694 bytes} [Mon Aug 24 16:48:08 2026] POST /v2.0/security-group-rules => generated 597 bytes in 212 msecs (HTTP/1.1 201) 4 headers in 162 bytes (1 switches on core 0) [pid: 8|app: 0|req: 924/1679] 10.0.0.93 () {28 vars in 597 bytes} [Mon Aug 24 16:48:08 2026] GET /v2.0/security-groups => generated 28331 bytes in 43 msecs (HTTP/1.1 200) 4 headers in 159 bytes (1 switches on core 0)
2026-08-24 16:48:08.658 8 INFO neutron.db.ovn_revision_numbers_db [None req-b84f0862-2c13-4c29-8eb9-3c67f9d2bbd2 0259ee6f548a44c2a24b4ba22f3f5a2e 0cb69d6f745b4a238cc39c42311886fb - - default default] Successfully bumped revision number for resource f948b394-809b-4cc4-b8e8-18b5174ccd1c (type: floatingips) to 3
2026-08-24 16:48:08.668 7 WARNING neutron.scheduler.dhcp_agent_scheduler [None req-b51bc6ea-6c8e-4c22-a2da-d02509ee8a1e 2b758dd70e8c4dfa804381099230d0a9 9d74e652161e4916ae21cbb192cfbe0b - - default default] No more DHCP agents
2026-08-24 16:48:08.671 7 WARNING neutron.api.rpc.agentnotifiers.dhcp_rpc_agent_api [None req-b51bc6ea-6c8e-4c22-a2da-d02509ee8a1e 2b758dd70e8c4dfa804381099230d0a9 9d74e652161e4916ae21cbb192cfbe0b - - default default] Unable to schedule network 8f10b6e9-2933-41c1-afb6-db84df368f06: no agents available; will retry on subsequent port and subnet creation events.
2026-08-24 16:48:08.714 8 INFO neutron.db.l3_db [None req-b84f0862-2c13-4c29-8eb9-3c67f9d2bbd2 0259ee6f548a44c2a24b4ba22f3f5a2e 0cb69d6f745b4a238cc39c42311886fb - - default default] Floating IP f948b394-809b-4cc4-b8e8-18b5174ccd1c disassociated. External IP: 10.96.250.209, port: da8e0b75-d0a0-4268-b5c8-08068c2101aa. [pid: 8|app: 0|req: 925/1680] 10.0.0.119 () {34 vars in 748 bytes} [Mon Aug 24 16:48:08 2026] PUT /v2.0/floatingips/f948b394-809b-4cc4-b8e8-18b5174ccd1c => generated 554 bytes in 232 msecs (HTTP/1.1 200) 4 headers in 157 bytes (1 switches on core 0)
2026-08-24 16:48:08.843 7 INFO neutron.db.ovn_revision_numbers_db [None req-b51bc6ea-6c8e-4c22-a2da-d02509ee8a1e 2b758dd70e8c4dfa804381099230d0a9 9d74e652161e4916ae21cbb192cfbe0b - - default default] Successfully bumped revision number for resource 88d14349-5bb7-4fbe-bfab-8364fe5e55c0 (type: ports) to 1
2026-08-24 16:48:08.941 8 INFO neutron.db.ovn_revision_numbers_db [None req-d6e5aaf7-51b7-49d7-81a9-a01beca2f816 184492cf3aae48569666055e7a2d9731 eff14c21022c4ddcb15e882e942cb45f - - default default] Successfully bumped revision number for resource b051b06d-bbca-4c69-93bb-d325f60b7146 (type: security_group_rules) to 0 [pid: 8|app: 0|req: 926/1681] 10.0.0.119 () {34 vars in 694 bytes} [Mon Aug 24 16:48:08 2026] POST /v2.0/security-group-rules => generated 597 bytes in 235 msecs (HTTP/1.1 201) 4 headers in 162 bytes (1 switches on core 0) [pid: 8|app: 0|req: 927/1682] 10.0.0.93 () {28 vars in 579 bytes} [Mon Aug 24 16:48:08 2026] GET /v2.0/agents => generated 1214 bytes in 12 msecs (HTTP/1.1 200) 4 headers in 158 bytes (1 switches on core 0)
2026-08-24 16:48:09.102 8 INFO neutron_taas.services.taas.taas_plugin [None req-cc44b0c0-4bcc-45e9-9e5e-9f22b29f1f90 0259ee6f548a44c2a24b4ba22f3f5a2e 0cb69d6f745b4a238cc39c42311886fb - - default default] TaaS: Handle Delete Port: 572f6f20-b873-4d3b-b925-89559b1f01b0
2026-08-24 16:48:09.104 8 INFO neutron_taas.services.taas.tap_mirror_plugin [None req-cc44b0c0-4bcc-45e9-9e5e-9f22b29f1f90 0259ee6f548a44c2a24b4ba22f3f5a2e 0cb69d6f745b4a238cc39c42311886fb - - default default] Tap Mirror: Handle Delete Port: 572f6f20-b873-4d3b-b925-89559b1f01b0 [pid: 8|app: 0|req: 928/1683] 10.0.0.119 () {32 vars in 731 bytes} [Mon Aug 24 16:48:08 2026] DELETE /v2.0/floatingips/f948b394-809b-4cc4-b8e8-18b5174ccd1c => generated 0 bytes in 239 msecs (HTTP/1.1 204) 2 headers in 112 bytes (1 switches on core 0)
2026-08-24 16:48:09.358 8 INFO neutron.db.ovn_revision_numbers_db [None req-a3473e6a-ffec-4229-baaa-c193b2f186a9 184492cf3aae48569666055e7a2d9731 eff14c21022c4ddcb15e882e942cb45f - - default default] Successfully bumped revision number for resource f0f54ca0-a5d1-4a53-bb9c-1f470b957498 (type: security_group_rules) to 0 [pid: 8|app: 0|req: 929/1684] 10.0.0.119 () {34 vars in 694 bytes} [Mon Aug 24 16:48:09 2026] POST /v2.0/security-group-rules => generated 599 bytes in 190 msecs (HTTP/1.1 201) 4 headers in 162 bytes (1 switches on core 0) [pid: 8|app: 0|req: 930/1685] 10.0.0.93 () {28 vars in 617 bytes} [Mon Aug 24 16:48:09 2026] GET /v2.0/network-ip-availabilities => generated 3619 bytes in 18 msecs (HTTP/1.1 200) 4 headers in 158 bytes (1 switches on core 0)
2026-08-24 16:48:09.475 7 INFO neutron.plugins.ml2.drivers.ovn.mech_driver.ovsdb.commands [None req-6d90e29c-144e-4d62-987d-d04312139dd5 - - - - - -] Schedule LRP lrp-88d14349-5bb7-4fbe-bfab-8364fe5e55c0 on gateway 77752a73-3439-471f-a225-0c80df13def1 with priority 1
2026-08-24 16:48:09.540 7 INFO neutron.db.ovn_revision_numbers_db [None req-b51bc6ea-6c8e-4c22-a2da-d02509ee8a1e 2b758dd70e8c4dfa804381099230d0a9 9d74e652161e4916ae21cbb192cfbe0b - - default default] Successfully bumped revision number for resource 88d14349-5bb7-4fbe-bfab-8364fe5e55c0 (type: router_ports) to 1
2026-08-24 16:48:09.666 7 INFO neutron.db.ovn_revision_numbers_db [None req-b51bc6ea-6c8e-4c22-a2da-d02509ee8a1e 2b758dd70e8c4dfa804381099230d0a9 9d74e652161e4916ae21cbb192cfbe0b - - default default] Successfully bumped revision number for resource 7dbdd61b-b0e3-45ae-9eed-460e63e4deb4 (type: routers) to 2 [pid: 7|app: 0|req: 756/1686] 10.0.0.119 () {34 vars in 668 bytes} [Mon Aug 24 16:48:08 2026] POST /v2.0/routers => generated 951 bytes in 1508 msecs (HTTP/1.1 201) 4 headers in 162 bytes (1 switches on core 0)
2026-08-24 16:48:09.725 7 INFO neutron.api.v2.resource [None req-3b01901e-6306-412d-9ec7-b1dd9656686b 0259ee6f548a44c2a24b4ba22f3f5a2e 0cb69d6f745b4a238cc39c42311886fb - - default default] delete failed (client error): The resource could not be found. [pid: 7|app: 0|req: 757/1687] 10.0.0.119 () {32 vars in 731 bytes} [Mon Aug 24 16:48:09 2026] DELETE /v2.0/floatingips/f948b394-809b-4cc4-b8e8-18b5174ccd1c => generated 144 bytes in 18 msecs (HTTP/1.1 404) 4 headers in 164 bytes (1 switches on core 0)
2026-08-24 16:48:09.795 8 INFO neutron.db.ovn_revision_numbers_db [None req-ee4b7a57-4edd-4957-b97e-f021b64423f7 098a624d03b94d4686725038942fd2bc cf80bf84cb8d42829cce990ece9413da - - default default] Successfully bumped revision number for resource afb0c256-1724-4c86-85c0-39fd40829816 (type: security_groups) to 1
2026-08-24 16:48:09.808 8 INFO neutron.db.ovn_revision_numbers_db [None req-ee4b7a57-4edd-4957-b97e-f021b64423f7 098a624d03b94d4686725038942fd2bc cf80bf84cb8d42829cce990ece9413da - - default default] Successfully bumped revision number for resource 612f2dba-f327-41f6-9a20-cd66a9568d08 (type: security_group_rules) to 0
2026-08-24 16:48:09.823 8 INFO neutron.db.ovn_revision_numbers_db [None req-ee4b7a57-4edd-4957-b97e-f021b64423f7 098a624d03b94d4686725038942fd2bc cf80bf84cb8d42829cce990ece9413da - - default default] Successfully bumped revision number for resource 89f137d7-1b0a-4c4e-8e54-aa48ab656d2e (type: security_group_rules) to 0
2026-08-24 16:48:09.840 8 INFO neutron.db.ovn_revision_numbers_db [None req-ee4b7a57-4edd-4957-b97e-f021b64423f7 098a624d03b94d4686725038942fd2bc cf80bf84cb8d42829cce990ece9413da - - default default] Successfully bumped revision number for resource 92d0661b-efe8-4b1c-87be-6accb036d849 (type: security_group_rules) to 0
2026-08-24 16:48:09.856 8 INFO neutron.db.ovn_revision_numbers_db [None req-ee4b7a57-4edd-4957-b97e-f021b64423f7 098a624d03b94d4686725038942fd2bc cf80bf84cb8d42829cce990ece9413da - - default default] Successfully bumped revision number for resource bfee3cd1-e577-45e3-b2b4-15993da6f189 (type: security_group_rules) to 0
2026-08-24 16:48:09.900 7 INFO neutron.db.ovn_revision_numbers_db [None req-48e3743d-85e5-4bc1-a770-0e5b89acda24 184492cf3aae48569666055e7a2d9731 eff14c21022c4ddcb15e882e942cb45f - - default default] Successfully bumped revision number for resource 9fe53fd2-f7b3-4357-bf6a-5c854fe48e00 (type: security_group_rules) to 0
2026-08-24 16:48:09.939 8 INFO neutron.db.segments_db [None req-ee4b7a57-4edd-4957-b97e-f021b64423f7 098a624d03b94d4686725038942fd2bc cf80bf84cb8d42829cce990ece9413da - - default default] Added segment adfd13de-4133-4c5d-bc8e-268d34cf7dff of type geneve for network 112df35d-1583-4146-b4ba-5191b900ca66 [pid: 7|app: 0|req: 758/1688] 10.0.0.119 () {34 vars in 694 bytes} [Mon Aug 24 16:48:09 2026] POST /v2.0/security-group-rules => generated 601 bytes in 217 msecs (HTTP/1.1 201) 4 headers in 162 bytes (1 switches on core 0) [pid: 7|app: 0|req: 759/1689] 10.0.0.119 () {32 vars in 720 bytes} [Mon Aug 24 16:48:09 2026] GET /v2.0/routers/7dbdd61b-b0e3-45ae-9eed-460e63e4deb4 => generated 957 bytes in 78 msecs (HTTP/1.1 200) 4 headers in 157 bytes (1 switches on core 0)
2026-08-24 16:48:10.151 8 INFO neutron.db.ovn_revision_numbers_db [None req-ee4b7a57-4edd-4957-b97e-f021b64423f7 098a624d03b94d4686725038942fd2bc cf80bf84cb8d42829cce990ece9413da - - default default] Successfully bumped revision number for resource 112df35d-1583-4146-b4ba-5191b900ca66 (type: networks) to 1
2026-08-24 16:48:10.191 7 INFO neutron_taas.services.taas.taas_plugin [None req-7a34d452-de59-4ac6-a555-de77370b5f42 0259ee6f548a44c2a24b4ba22f3f5a2e 0cb69d6f745b4a238cc39c42311886fb - - default default] TaaS: Handle Delete Port: da8e0b75-d0a0-4268-b5c8-08068c2101aa
2026-08-24 16:48:10.195 7 INFO neutron_taas.services.taas.tap_mirror_plugin [None req-7a34d452-de59-4ac6-a555-de77370b5f42 0259ee6f548a44c2a24b4ba22f3f5a2e 0cb69d6f745b4a238cc39c42311886fb - - default default] Tap Mirror: Handle Delete Port: da8e0b75-d0a0-4268-b5c8-08068c2101aa
2026-08-24 16:48:10.401 8 WARNING neutron.scheduler.dhcp_agent_scheduler [None req-ee4b7a57-4edd-4957-b97e-f021b64423f7 098a624d03b94d4686725038942fd2bc cf80bf84cb8d42829cce990ece9413da - - default default] No more DHCP agents
2026-08-24 16:48:10.402 8 WARNING neutron.api.rpc.agentnotifiers.dhcp_rpc_agent_api [None req-ee4b7a57-4edd-4957-b97e-f021b64423f7 098a624d03b94d4686725038942fd2bc cf80bf84cb8d42829cce990ece9413da - - default default] Unable to schedule network 112df35d-1583-4146-b4ba-5191b900ca66: no agents available; will retry on subsequent port and subnet creation events. [pid: 7|app: 0|req: 760/1690] 10.0.0.119 () {32 vars in 719 bytes} [Mon Aug 24 16:48:10 2026] DELETE /v2.0/ports/da8e0b75-d0a0-4268-b5c8-08068c2101aa => generated 0 bytes in 440 msecs (HTTP/1.1 204) 3 headers in 131 bytes (1 switches on core 0)
2026-08-24 16:48:10.496 8 INFO neutron.db.ovn_revision_numbers_db [None req-ee4b7a57-4edd-4957-b97e-f021b64423f7 098a624d03b94d4686725038942fd2bc cf80bf84cb8d42829cce990ece9413da - - default default] Successfully bumped revision number for resource ca087ab8-4c62-4932-b8fa-aa17ef3000a1 (type: ports) to 1 [pid: 8|app: 0|req: 931/1691] 10.0.0.119 () {34 vars in 669 bytes} [Mon Aug 24 16:48:09 2026] POST /v2.0/networks => generated 664 bytes in 1118 msecs (HTTP/1.1 201) 4 headers in 162 bytes (1 switches on core 0) [pid: 8|app: 0|req: 932/1692] 10.0.0.119 () {32 vars in 646 bytes} [Mon Aug 24 16:48:10 2026] GET /v2.0/routers => generated 960 bytes in 142 msecs (HTTP/1.1 200) 4 headers in 157 bytes (1 switches on core 0)
2026-08-24 16:48:10.703 7 INFO neutron.db.ovn_revision_numbers_db [None req-4bd56522-923d-4f6f-809e-bbac4568d68a 184492cf3aae48569666055e7a2d9731 eff14c21022c4ddcb15e882e942cb45f - - default default] Successfully bumped revision number for resource 65753148-9e36-4221-b453-bc32b8b1f3f2 (type: security_group_rules) to 0 [pid: 7|app: 0|req: 761/1693] 10.0.0.119 () {34 vars in 694 bytes} [Mon Aug 24 16:48:10 2026] POST /v2.0/security-group-rules => generated 601 bytes in 279 msecs (HTTP/1.1 201) 4 headers in 162 bytes (1 switches on core 0)
2026-08-24 16:48:10.874 8 INFO neutron_taas.services.taas.taas_plugin [None req-d5531901-00ed-46ea-bb91-a68245ffecf5 0259ee6f548a44c2a24b4ba22f3f5a2e 0cb69d6f745b4a238cc39c42311886fb - - default default] TaaS: Handle Delete Port: b8e22be5-a8cc-40f9-84d4-11423d25d25d
2026-08-24 16:48:10.877 8 INFO neutron_taas.services.taas.tap_mirror_plugin [None req-d5531901-00ed-46ea-bb91-a68245ffecf5 0259ee6f548a44c2a24b4ba22f3f5a2e 0cb69d6f745b4a238cc39c42311886fb - - default default] Tap Mirror: Handle Delete Port: b8e22be5-a8cc-40f9-84d4-11423d25d25d
2026-08-24 16:48:10.936 7 WARNING neutron.scheduler.dhcp_agent_scheduler [None req-ee3bc555-18fc-4b53-a065-60b14d1095e4 098a624d03b94d4686725038942fd2bc cf80bf84cb8d42829cce990ece9413da - - default default] No more DHCP agents
2026-08-24 16:48:10.937 7 WARNING neutron.api.rpc.agentnotifiers.dhcp_rpc_agent_api [None req-ee3bc555-18fc-4b53-a065-60b14d1095e4 098a624d03b94d4686725038942fd2bc cf80bf84cb8d42829cce990ece9413da - - default default] Unable to schedule network 112df35d-1583-4146-b4ba-5191b900ca66: no agents available; will retry on subsequent port and subnet creation events.
2026-08-24 16:48:11.023 7 INFO neutron.db.ovn_revision_numbers_db [None req-ee3bc555-18fc-4b53-a065-60b14d1095e4 098a624d03b94d4686725038942fd2bc cf80bf84cb8d42829cce990ece9413da - - default default] Successfully bumped revision number for resource 88e3377a-2daf-4287-ad63-d56754684c05 (type: ports) to 1 [pid: 8|app: 0|req: 933/1694] 10.0.0.119 () {32 vars in 719 bytes} [Mon Aug 24 16:48:10 2026] DELETE /v2.0/ports/b8e22be5-a8cc-40f9-84d4-11423d25d25d => generated 0 bytes in 372 msecs (HTTP/1.1 204) 3 headers in 131 bytes (1 switches on core 0) [pid: 7|app: 0|req: 762/1695] 10.0.0.119 () {34 vars in 664 bytes} [Mon Aug 24 16:48:10 2026] POST /v2.0/ports => generated 775 bytes in 362 msecs (HTTP/1.1 201) 4 headers in 162 bytes (1 switches on core 0) /var/lib/openstack/lib/python3.12/site-packages/pycadf/identifier.py:70: UserWarning: Invalid uuid: neutron. To ensure interoperability, identifiers should be a valid uuid. warnings.warn(('Invalid uuid: %s. To ensure interoperability, '
2026-08-24 16:48:11.348 7 INFO neutron.db.ovn_revision_numbers_db [None req-dc7bf71f-31e5-4b7d-bc92-87d784b97374 184492cf3aae48569666055e7a2d9731 eff14c21022c4ddcb15e882e942cb45f - - default default] Successfully bumped revision number for resource 1489e4ce-68b4-4c8e-8207-cb741d058395 (type: security_group_rules) to 0 [pid: 7|app: 0|req: 763/1696] 10.0.0.119 () {34 vars in 694 bytes} [Mon Aug 24 16:48:11 2026] POST /v2.0/security-group-rules => generated 597 bytes in 296 msecs (HTTP/1.1 201) 4 headers in 162 bytes (1 switches on core 0) [pid: 7|app: 0|req: 764/1697] 10.0.0.119 () {32 vars in 735 bytes} [Mon Aug 24 16:48:11 2026] GET /v2.0/ports?device_id=0b44fcf6-8000-4850-991a-581bd0728674 => generated 946 bytes in 43 msecs (HTTP/1.1 200) 4 headers in 157 bytes (1 switches on core 0)
2026-08-24 16:48:11.570 7 INFO neutron.db.segments_db [None req-7b578329-ae55-41c2-990a-9e55768c7e81 098a624d03b94d4686725038942fd2bc cf80bf84cb8d42829cce990ece9413da - - default default] Added segment 124d6ae9-a8e4-456c-b215-e768806e5182 of type geneve for network e9fdff85-2fe8-4a43-b681-4633ae4869c8
2026-08-24 16:48:11.580 8 INFO neutron.db.ovn_revision_numbers_db [None req-e1ed77e8-31e6-420e-bd0e-826b4080ed77 2b758dd70e8c4dfa804381099230d0a9 9d74e652161e4916ae21cbb192cfbe0b - - default default] Successfully bumped revision number for resource 7dbdd61b-b0e3-45ae-9eed-460e63e4deb4 (type: routers) to 3 [pid: 8|app: 0|req: 934/1698] 10.0.0.119 () {34 vars in 740 bytes} [Mon Aug 24 16:48:11 2026] PUT /v2.0/routers/7dbdd61b-b0e3-45ae-9eed-460e63e4deb4 => generated 964 bytes in 524 msecs (HTTP/1.1 200) 4 headers in 157 bytes (1 switches on core 0)
2026-08-24 16:48:11.724 7 INFO neutron.db.ovn_revision_numbers_db [None req-7b578329-ae55-41c2-990a-9e55768c7e81 098a624d03b94d4686725038942fd2bc cf80bf84cb8d42829cce990ece9413da - - default default] Successfully bumped revision number for resource e9fdff85-2fe8-4a43-b681-4633ae4869c8 (type: networks) to 1
2026-08-24 16:48:11.798 8 INFO neutron.db.ovn_revision_numbers_db [None req-e14a98ba-c3d5-4d9d-ac60-a5e61136bbb4 184492cf3aae48569666055e7a2d9731 eff14c21022c4ddcb15e882e942cb45f - - default default] Successfully bumped revision number for resource 032e8931-c613-4e3c-aa36-0b5df0d06301 (type: security_group_rules) to 0 [pid: 8|app: 0|req: 935/1699] 10.0.0.119 () {34 vars in 694 bytes} [Mon Aug 24 16:48:11 2026] POST /v2.0/security-group-rules => generated 597 bytes in 238 msecs (HTTP/1.1 201) 4 headers in 162 bytes (1 switches on core 0)
2026-08-24 16:48:11.910 7 WARNING neutron.scheduler.dhcp_agent_scheduler [None req-7b578329-ae55-41c2-990a-9e55768c7e81 098a624d03b94d4686725038942fd2bc cf80bf84cb8d42829cce990ece9413da - - default default] No more DHCP agents
2026-08-24 16:48:11.911 7 WARNING neutron.api.rpc.agentnotifiers.dhcp_rpc_agent_api [None req-7b578329-ae55-41c2-990a-9e55768c7e81 098a624d03b94d4686725038942fd2bc cf80bf84cb8d42829cce990ece9413da - - default default] Unable to schedule network e9fdff85-2fe8-4a43-b681-4633ae4869c8: no agents available; will retry on subsequent port and subnet creation events.
2026-08-24 16:48:11.988 7 INFO neutron.db.ovn_revision_numbers_db [None req-7b578329-ae55-41c2-990a-9e55768c7e81 098a624d03b94d4686725038942fd2bc cf80bf84cb8d42829cce990ece9413da - - default default] Successfully bumped revision number for resource 64708ceb-c30b-4a15-b4f7-6b001b8b1193 (type: ports) to 1 [pid: 7|app: 0|req: 765/1700] 10.0.0.119 () {34 vars in 669 bytes} [Mon Aug 24 16:48:11 2026] POST /v2.0/networks => generated 651 bytes in 566 msecs (HTTP/1.1 201) 4 headers in 162 bytes (1 switches on core 0) [pid: 7|app: 0|req: 766/1701] 10.0.0.119 () {32 vars in 720 bytes} [Mon Aug 24 16:48:12 2026] GET /v2.0/routers/7dbdd61b-b0e3-45ae-9eed-460e63e4deb4 => generated 964 bytes in 75 msecs (HTTP/1.1 200) 4 headers in 157 bytes (1 switches on core 0)
2026-08-24 16:48:12.196 8 INFO neutron_taas.services.taas.taas_plugin [None req-91262db5-6b88-48ea-b1ff-12f616280feb 0259ee6f548a44c2a24b4ba22f3f5a2e 0cb69d6f745b4a238cc39c42311886fb - - default default] TaaS: Handle Delete Port: 94dc6168-3dbb-4948-9943-123008ac9eb1
2026-08-24 16:48:12.199 8 INFO neutron_taas.services.taas.tap_mirror_plugin [None req-91262db5-6b88-48ea-b1ff-12f616280feb 0259ee6f548a44c2a24b4ba22f3f5a2e 0cb69d6f745b4a238cc39c42311886fb - - default default] Tap Mirror: Handle Delete Port: 94dc6168-3dbb-4948-9943-123008ac9eb1
2026-08-24 16:48:12.247 7 INFO neutron.db.ovn_revision_numbers_db [None req-04153e9a-e3d5-4ac2-96f5-610ffb49de4e 184492cf3aae48569666055e7a2d9731 eff14c21022c4ddcb15e882e942cb45f - - default default] Successfully bumped revision number for resource 77714e63-7f99-404a-9abc-aa845b7587bd (type: security_group_rules) to 0 [pid: 7|app: 0|req: 767/1702] 10.0.0.119 () {34 vars in 694 bytes} [Mon Aug 24 16:48:12 2026] POST /v2.0/security-group-rules => generated 597 bytes in 189 msecs (HTTP/1.1 201) 4 headers in 162 bytes (1 switches on core 0)
2026-08-24 16:48:12.483 7 WARNING neutron.scheduler.dhcp_agent_scheduler [None req-561ebad1-4ca8-4769-8f2a-f86cb2728620 098a624d03b94d4686725038942fd2bc cf80bf84cb8d42829cce990ece9413da - - default default] No more DHCP agents
2026-08-24 16:48:12.485 7 WARNING neutron.api.rpc.agentnotifiers.dhcp_rpc_agent_api [None req-561ebad1-4ca8-4769-8f2a-f86cb2728620 098a624d03b94d4686725038942fd2bc cf80bf84cb8d42829cce990ece9413da - - default default] Unable to schedule network e9fdff85-2fe8-4a43-b681-4633ae4869c8: no agents available; will retry on subsequent port and subnet creation events. [pid: 8|app: 0|req: 936/1703] 10.0.0.119 () {34 vars in 788 bytes} [Mon Aug 24 16:48:11 2026] PUT /v2.0/routers/0b44fcf6-8000-4850-991a-581bd0728674/remove_router_interface => generated 309 bytes in 969 msecs (HTTP/1.1 200) 4 headers in 157 bytes (1 switches on core 0) /var/lib/openstack/lib/python3.12/site-packages/pycadf/identifier.py:70: UserWarning: Invalid uuid: neutron. To ensure interoperability, identifiers should be a valid uuid. warnings.warn(('Invalid uuid: %s. To ensure interoperability, ' [pid: 8|app: 0|req: 937/1704] 10.0.0.119 () {32 vars in 735 bytes} [Mon Aug 24 16:48:12 2026] GET /v2.0/ports?device_id=7dbdd61b-b0e3-45ae-9eed-460e63e4deb4 => generated 12 bytes in 19 msecs (HTTP/1.1 200) 4 headers in 156 bytes (1 switches on core 0)
2026-08-24 16:48:12.885 8 WARNING neutron.plugins.ml2.drivers.ovn.mech_driver.ovsdb.ovn_client [None req-6193d63f-48dd-46ee-8451-1257dbf60b32 - - - - - -] No hosting information found for port 5d94f9b9-f0aa-4566-a7e5-b9ee2f411a2b: RuntimeError: No hosting information found for port 5d94f9b9-f0aa-4566-a7e5-b9ee2f411a2b
2026-08-24 16:48:12.970 7 INFO neutron.db.ovn_revision_numbers_db [None req-6477cfdf-f776-4076-8d50-ab8766cd29c8 - - - - - -] Successfully bumped revision number for resource 64708ceb-c30b-4a15-b4f7-6b001b8b1193 (type: ports) to 2
2026-08-24 16:48:13.002 7 INFO neutron.db.ovn_revision_numbers_db [None req-6477cfdf-f776-4076-8d50-ab8766cd29c8 - - - - - -] Successfully bumped revision number for resource 004ef7cd-cd92-4a51-9817-a164544c0d1e (type: subnets) to 0 [pid: 7|app: 0|req: 768/1705] 10.0.0.119 () {34 vars in 668 bytes} [Mon Aug 24 16:48:12 2026] POST /v2.0/subnets => generated 626 bytes in 745 msecs (HTTP/1.1 201) 4 headers in 162 bytes (1 switches on core 0)
2026-08-24 16:48:13.079 8 INFO neutron.db.ovn_revision_numbers_db [None req-6193d63f-48dd-46ee-8451-1257dbf60b32 - - - - - -] Successfully bumped revision number for resource 5d94f9b9-f0aa-4566-a7e5-b9ee2f411a2b (type: router_ports) to 2
2026-08-24 16:48:13.185 8 INFO neutron.db.ovn_revision_numbers_db [None req-611734de-886b-4f24-9548-4c804270a94a 184492cf3aae48569666055e7a2d9731 eff14c21022c4ddcb15e882e942cb45f - - default default] Successfully bumped revision number for resource ac243fa4-f39b-4290-bef6-d3f54d8d58ac (type: security_group_rules) to 0
2026-08-24 16:48:13.213 8 INFO neutron.plugins.ml2.drivers.ovn.mech_driver.mech_driver [None req-6193d63f-48dd-46ee-8451-1257dbf60b32 - - - - - -] OVN reports status down for port: ca087ab8-4c62-4932-b8fa-aa17ef3000a1 [pid: 8|app: 0|req: 938/1706] 10.0.0.119 () {34 vars in 694 bytes} [Mon Aug 24 16:48:12 2026] POST /v2.0/security-group-rules => generated 599 bytes in 415 msecs (HTTP/1.1 201) 4 headers in 162 bytes (1 switches on core 0) /var/lib/openstack/lib/python3.12/site-packages/pycadf/identifier.py:70: UserWarning: Invalid uuid: neutron. To ensure interoperability, identifiers should be a valid uuid. warnings.warn(('Invalid uuid: %s. To ensure interoperability, '
2026-08-24 16:48:13.334 7 INFO neutron_taas.services.taas.taas_plugin [None req-6230f552-2be6-43a2-8c73-7eaf1bba7983 0259ee6f548a44c2a24b4ba22f3f5a2e 0cb69d6f745b4a238cc39c42311886fb - - default default] TaaS: Handle Delete Port: 180a241f-e4f4-449b-bd80-00862922d3dd
2026-08-24 16:48:13.338 7 INFO neutron_taas.services.taas.tap_mirror_plugin [None req-6230f552-2be6-43a2-8c73-7eaf1bba7983 0259ee6f548a44c2a24b4ba22f3f5a2e 0cb69d6f745b4a238cc39c42311886fb - - default default] Tap Mirror: Handle Delete Port: 180a241f-e4f4-449b-bd80-00862922d3dd
2026-08-24 16:48:13.362 8 INFO neutron.plugins.ml2.drivers.ovn.mech_driver.mech_driver [None req-6193d63f-48dd-46ee-8451-1257dbf60b32 - - - - - -] OVN reports status down for port: 64708ceb-c30b-4a15-b4f7-6b001b8b1193
