2026-08-24 16:06:37.589 7 INFO neutron.api.extensions [None req-9e5adf63-342f-41f6-b042-ec5311452869 - - - - - -] Loaded extension: tap-mirror
2026-08-24 16:06:37.589 7 INFO neutron.api.extensions [None req-9e5adf63-342f-41f6-b042-ec5311452869 - - - - - -] Loaded extension: taas-vlan-filter
2026-08-24 16:06:37.591 8 INFO neutron.api.extensions [None req-1e03a8cb-dcb8-4f13-a3ed-375054d20d46 - - - - - -] Extension l3_agent_scheduler not supported by any of loaded plugins
2026-08-24 16:06:37.592 7 INFO neutron.quota.resource_registry [None req-9e5adf63-342f-41f6-b042-ec5311452869 - - - - - -] Creating instance of TrackedResource for resource:network
2026-08-24 16:06:37.592 8 INFO neutron.api.extensions [None req-1e03a8cb-dcb8-4f13-a3ed-375054d20d46 - - - - - -] Extension local_ip not supported by any of loaded plugins
2026-08-24 16:06:37.592 7 INFO neutron.quota.resource_registry [None req-9e5adf63-342f-41f6-b042-ec5311452869 - - - - - -] Creating instance of TrackedResource for resource:subnet
2026-08-24 16:06:37.592 7 INFO neutron.quota.resource_registry [None req-9e5adf63-342f-41f6-b042-ec5311452869 - - - - - -] Creating instance of TrackedResource for resource:subnetpool
2026-08-24 16:06:37.593 7 INFO neutron.quota.resource_registry [None req-9e5adf63-342f-41f6-b042-ec5311452869 - - - - - -] Creating instance of TrackedResource for resource:port
2026-08-24 16:06:37.593 8 INFO neutron.api.extensions [None req-1e03a8cb-dcb8-4f13-a3ed-375054d20d46 - - - - - -] Loaded extension: logging
2026-08-24 16:06:37.594 8 INFO neutron.api.extensions [None req-1e03a8cb-dcb8-4f13-a3ed-375054d20d46 - - - - - -] Extension metering not supported by any of loaded plugins
2026-08-24 16:06:37.595 8 INFO neutron.api.extensions [None req-1e03a8cb-dcb8-4f13-a3ed-375054d20d46 - - - - - -] Extension metering_source_and_destination_fields not supported by any of loaded plugins
2026-08-24 16:06:37.596 8 INFO neutron.api.extensions [None req-1e03a8cb-dcb8-4f13-a3ed-375054d20d46 - - - - - -] Loaded extension: multi-provider
2026-08-24 16:06:37.596 7 INFO neutron.quota.resource_registry [None req-9e5adf63-342f-41f6-b042-ec5311452869 - - - - - -] Creating instance of TrackedResource for resource:router
2026-08-24 16:06:37.596 8 INFO neutron.api.extensions [None req-1e03a8cb-dcb8-4f13-a3ed-375054d20d46 - - - - - -] Loaded extension: net-mtu
2026-08-24 16:06:37.596 7 INFO neutron.quota.resource_registry [None req-9e5adf63-342f-41f6-b042-ec5311452869 - - - - - -] Creating instance of TrackedResource for resource:floatingip
2026-08-24 16:06:37.597 8 INFO neutron.api.extensions [None req-1e03a8cb-dcb8-4f13-a3ed-375054d20d46 - - - - - -] Loaded extension: net-mtu-writable
2026-08-24 16:06:37.597 8 INFO neutron.api.extensions [None req-1e03a8cb-dcb8-4f13-a3ed-375054d20d46 - - - - - -] Loaded extension: network_availability_zone
2026-08-24 16:06:37.598 8 INFO neutron.api.extensions [None req-1e03a8cb-dcb8-4f13-a3ed-375054d20d46 - - - - - -] Extension network_ha not supported by any of loaded plugins
2026-08-24 16:06:37.598 8 INFO neutron.api.extensions [None req-1e03a8cb-dcb8-4f13-a3ed-375054d20d46 - - - - - -] Loaded extension: network-ip-availability
2026-08-24 16:06:37.599 8 INFO neutron.api.extensions [None req-1e03a8cb-dcb8-4f13-a3ed-375054d20d46 - - - - - -] Extension network-segment-range not supported by any of loaded plugins
2026-08-24 16:06:37.600 8 INFO neutron.api.extensions [None req-1e03a8cb-dcb8-4f13-a3ed-375054d20d46 - - - - - -] Loaded extension: pagination
2026-08-24 16:06:37.600 8 INFO neutron.api.extensions [None req-1e03a8cb-dcb8-4f13-a3ed-375054d20d46 - - - - - -] Loaded extension: port-device-profile
2026-08-24 16:06:37.601 8 INFO neutron.api.extensions [None req-1e03a8cb-dcb8-4f13-a3ed-375054d20d46 - - - - - -] Extension port-hardware-offload-type not supported by any of loaded plugins
2026-08-24 16:06:37.601 8 INFO neutron.api.extensions [None req-1e03a8cb-dcb8-4f13-a3ed-375054d20d46 - - - - - -] Extension port-hint-ovs-tx-steering not supported by any of loaded plugins
2026-08-24 16:06:37.602 7 INFO neutron.quota.resource_registry [None req-9e5adf63-342f-41f6-b042-ec5311452869 - - - - - -] Creating instance of CountableResource for resource:rbac_policy
2026-08-24 16:06:37.602 8 INFO neutron.api.extensions [None req-1e03a8cb-dcb8-4f13-a3ed-375054d20d46 - - - - - -] Extension port-hints not supported by any of loaded plugins
2026-08-24 16:06:37.602 7 INFO neutron.quota.resource_registry [None req-9e5adf63-342f-41f6-b042-ec5311452869 - - - - - -] Creating instance of TrackedResource for resource:security_group
2026-08-24 16:06:37.602 8 INFO neutron.api.extensions [None req-1e03a8cb-dcb8-4f13-a3ed-375054d20d46 - - - - - -] Extension port-mac-override not supported by any of loaded plugins
2026-08-24 16:06:37.603 7 INFO neutron.quota.resource_registry [None req-9e5adf63-342f-41f6-b042-ec5311452869 - - - - - -] Creating instance of TrackedResource for resource:security_group_rule
2026-08-24 16:06:37.603 8 INFO neutron.api.extensions [None req-1e03a8cb-dcb8-4f13-a3ed-375054d20d46 - - - - - -] Loaded extension: port-mac-address-regenerate
2026-08-24 16:06:37.603 8 INFO neutron.api.extensions [None req-1e03a8cb-dcb8-4f13-a3ed-375054d20d46 - - - - - -] Loaded extension: port-numa-affinity-policy
2026-08-24 16:06:37.604 7 INFO neutron.quota.resource_registry [None req-9e5adf63-342f-41f6-b042-ec5311452869 - - - - - -] Creating instance of TrackedResource for resource:subnetpool
2026-08-24 16:06:37.604 8 INFO neutron.api.extensions [None req-1e03a8cb-dcb8-4f13-a3ed-375054d20d46 - - - - - -] Loaded extension: port-numa-affinity-policy-socket
2026-08-24 16:06:37.604 7 WARNING neutron.quota.resource_registry [None req-9e5adf63-342f-41f6-b042-ec5311452869 - - - - - -] subnetpool is already registered
2026-08-24 16:06:37.604 7 INFO neutron.quota.resource_registry [None req-9e5adf63-342f-41f6-b042-ec5311452869 - - - - - -] Creating instance of CountableResource for resource:trunk
2026-08-24 16:06:37.604 8 INFO neutron.api.extensions [None req-1e03a8cb-dcb8-4f13-a3ed-375054d20d46 - - - - - -] Loaded extension: port-resource-request
2026-08-24 16:06:37.605 7 INFO neutron.quota.resource_registry [None req-9e5adf63-342f-41f6-b042-ec5311452869 - - - - - -] Creating instance of CountableResource for resource:ikepolicy
2026-08-24 16:06:37.605 8 INFO neutron.api.extensions [None req-1e03a8cb-dcb8-4f13-a3ed-375054d20d46 - - - - - -] Loaded extension: port-resource-request-groups
2026-08-24 16:06:37.605 7 INFO neutron.quota.resource_registry [None req-9e5adf63-342f-41f6-b042-ec5311452869 - - - - - -] Creating instance of CountableResource for resource:ipsecpolicy
2026-08-24 16:06:37.605 8 INFO neutron.api.extensions [None req-1e03a8cb-dcb8-4f13-a3ed-375054d20d46 - - - - - -] Extension port-trusted-vif not supported by any of loaded plugins
2026-08-24 16:06:37.606 8 INFO neutron.api.extensions [None req-1e03a8cb-dcb8-4f13-a3ed-375054d20d46 - - - - - -] Loaded extension: binding
2026-08-24 16:06:37.606 7 INFO neutron.quota.resource_registry [None req-9e5adf63-342f-41f6-b042-ec5311452869 - - - - - -] Creating instance of CountableResource for resource:endpoint_group
2026-08-24 16:06:37.606 7 INFO neutron.quota.resource_registry [None req-9e5adf63-342f-41f6-b042-ec5311452869 - - - - - -] Creating instance of CountableResource for resource:vpnservice
2026-08-24 16:06:37.607 8 INFO neutron.api.extensions [None req-1e03a8cb-dcb8-4f13-a3ed-375054d20d46 - - - - - -] Loaded extension: binding-extended
2026-08-24 16:06:37.607 7 INFO neutron.quota.resource_registry [None req-9e5adf63-342f-41f6-b042-ec5311452869 - - - - - -] Creating instance of CountableResource for resource:ipsec_site_connection
2026-08-24 16:06:37.607 8 INFO neutron.api.extensions [None req-1e03a8cb-dcb8-4f13-a3ed-375054d20d46 - - - - - -] Loaded extension: port-security
2026-08-24 16:06:37.607 7 INFO neutron.quota.resource_registry [None req-9e5adf63-342f-41f6-b042-ec5311452869 - - - - - -] Creating instance of CountableResource for resource:ipsecpolicy
2026-08-24 16:06:37.607 7 WARNING neutron.quota.resource_registry [None req-9e5adf63-342f-41f6-b042-ec5311452869 - - - - - -] ipsecpolicy is already registered
2026-08-24 16:06:37.607 8 INFO neutron.api.extensions [None req-1e03a8cb-dcb8-4f13-a3ed-375054d20d46 - - - - - -] Loaded extension: project-id
2026-08-24 16:06:37.608 7 INFO neutron.quota.resource_registry [None req-9e5adf63-342f-41f6-b042-ec5311452869 - - - - - -] Creating instance of CountableResource for resource:ikepolicy
2026-08-24 16:06:37.608 7 WARNING neutron.quota.resource_registry [None req-9e5adf63-342f-41f6-b042-ec5311452869 - - - - - -] ikepolicy is already registered
2026-08-24 16:06:37.608 8 INFO neutron.api.extensions [None req-1e03a8cb-dcb8-4f13-a3ed-375054d20d46 - - - - - -] Loaded extension: provider
2026-08-24 16:06:37.609 8 INFO neutron.api.extensions [None req-1e03a8cb-dcb8-4f13-a3ed-375054d20d46 - - - - - -] Loaded extension: qinq
2026-08-24 16:06:37.611 8 INFO neutron.api.extensions [None req-1e03a8cb-dcb8-4f13-a3ed-375054d20d46 - - - - - -] Loaded extension: qos
2026-08-24 16:06:37.612 8 INFO neutron.api.extensions [None req-1e03a8cb-dcb8-4f13-a3ed-375054d20d46 - - - - - -] Loaded extension: qos-bw-limit-direction
2026-08-24 16:06:37.612 8 INFO neutron.api.extensions [None req-1e03a8cb-dcb8-4f13-a3ed-375054d20d46 - - - - - -] Loaded extension: qos-bw-minimum-ingress
2026-08-24 16:06:37.613 7 INFO neutron.quota.resource_registry [None req-9e5adf63-342f-41f6-b042-ec5311452869 - - - - - -] Creating instance of TrackedResource for resource:router
2026-08-24 16:06:37.613 7 WARNING neutron.quota.resource_registry [None req-9e5adf63-342f-41f6-b042-ec5311452869 - - - - - -] router is already registered
2026-08-24 16:06:37.613 8 INFO neutron.api.extensions [None req-1e03a8cb-dcb8-4f13-a3ed-375054d20d46 - - - - - -] Loaded extension: qos-default
2026-08-24 16:06:37.613 7 INFO neutron.quota.resource_registry [None req-9e5adf63-342f-41f6-b042-ec5311452869 - - - - - -] Creating instance of TrackedResource for resource:floatingip
2026-08-24 16:06:37.614 8 INFO neutron.api.extensions [None req-1e03a8cb-dcb8-4f13-a3ed-375054d20d46 - - - - - -] Loaded extension: qos-fip
2026-08-24 16:06:37.614 7 WARNING neutron.quota.resource_registry [None req-9e5adf63-342f-41f6-b042-ec5311452869 - - - - - -] floatingip is already registered
2026-08-24 16:06:37.614 8 INFO neutron.api.extensions [None req-1e03a8cb-dcb8-4f13-a3ed-375054d20d46 - - - - - -] Extension qos-fip-network-policy not supported by any of loaded plugins
2026-08-24 16:06:37.615 8 INFO neutron.api.extensions [None req-1e03a8cb-dcb8-4f13-a3ed-375054d20d46 - - - - - -] Loaded extension: qos-gateway-ip
2026-08-24 16:06:37.615 8 INFO neutron.api.extensions [None req-1e03a8cb-dcb8-4f13-a3ed-375054d20d46 - - - - - -] Loaded extension: qos-port-network-policy
2026-08-24 16:06:37.616 8 INFO neutron.api.extensions [None req-1e03a8cb-dcb8-4f13-a3ed-375054d20d46 - - - - - -] Loaded extension: qos-pps-minimum
2026-08-24 16:06:37.616 8 INFO neutron.api.extensions [None req-1e03a8cb-dcb8-4f13-a3ed-375054d20d46 - - - - - -] Loaded extension: qos-pps-minimum-rule-alias
2026-08-24 16:06:37.617 8 INFO neutron.api.extensions [None req-1e03a8cb-dcb8-4f13-a3ed-375054d20d46 - - - - - -] Loaded extension: qos-pps
2026-08-24 16:06:37.618 8 INFO neutron.api.extensions [None req-1e03a8cb-dcb8-4f13-a3ed-375054d20d46 - - - - - -] Loaded extension: qos-rule-type-details
2026-08-24 16:06:37.618 8 INFO neutron.api.extensions [None req-1e03a8cb-dcb8-4f13-a3ed-375054d20d46 - - - - - -] Loaded extension: qos-rule-type-filter
2026-08-24 16:06:37.619 8 INFO neutron.api.extensions [None req-1e03a8cb-dcb8-4f13-a3ed-375054d20d46 - - - - - -] Loaded extension: qos-rules-alias
2026-08-24 16:06:37.620 8 INFO neutron.api.extensions [None req-1e03a8cb-dcb8-4f13-a3ed-375054d20d46 - - - - - -] Loaded extension: quota-check-limit
2026-08-24 16:06:37.620 7 INFO neutron.quota.resource_registry [None req-9e5adf63-342f-41f6-b042-ec5311452869 - - - - - -] Creating instance of CountableResource for resource:rbac_policy
2026-08-24 16:06:37.620 7 WARNING neutron.quota.resource_registry [None req-9e5adf63-342f-41f6-b042-ec5311452869 - - - - - -] rbac_policy is already registered
2026-08-24 16:06:37.620 8 INFO neutron.api.extensions [None req-1e03a8cb-dcb8-4f13-a3ed-375054d20d46 - - - - - -] Loaded extension: quota-check-limit-default
2026-08-24 16:06:37.620 7 INFO neutron.quota.resource_registry [None req-9e5adf63-342f-41f6-b042-ec5311452869 - - - - - -] Creating instance of TrackedResource for resource:security_group
2026-08-24 16:06:37.621 7 WARNING neutron.quota.resource_registry [None req-9e5adf63-342f-41f6-b042-ec5311452869 - - - - - -] security_group is already registered
2026-08-24 16:06:37.621 7 INFO neutron.quota.resource_registry [None req-9e5adf63-342f-41f6-b042-ec5311452869 - - - - - -] Creating instance of TrackedResource for resource:security_group_rule
2026-08-24 16:06:37.621 7 WARNING neutron.quota.resource_registry [None req-9e5adf63-342f-41f6-b042-ec5311452869 - - - - - -] security_group_rule is already registered
2026-08-24 16:06:37.622 7 INFO neutron.quota.resource_registry [None req-9e5adf63-342f-41f6-b042-ec5311452869 - - - - - -] Creating instance of TrackedResource for resource:subnetpool
2026-08-24 16:06:37.622 7 WARNING neutron.quota.resource_registry [None req-9e5adf63-342f-41f6-b042-ec5311452869 - - - - - -] subnetpool is already registered
2026-08-24 16:06:37.623 8 INFO neutron.api.extensions [None req-1e03a8cb-dcb8-4f13-a3ed-375054d20d46 - - - - - -] Loaded extension: quotas
2026-08-24 16:06:37.623 7 INFO neutron.quota.resource_registry [None req-9e5adf63-342f-41f6-b042-ec5311452869 - - - - - -] Creating instance of CountableResource for resource:trunk
2026-08-24 16:06:37.623 7 WARNING neutron.quota.resource_registry [None req-9e5adf63-342f-41f6-b042-ec5311452869 - - - - - -] trunk is already registered
2026-08-24 16:06:37.623 7 INFO neutron.quota.resource_registry [None req-9e5adf63-342f-41f6-b042-ec5311452869 - - - - - -] Creating instance of CountableResource for resource:ikepolicy
2026-08-24 16:06:37.623 7 WARNING neutron.quota.resource_registry [None req-9e5adf63-342f-41f6-b042-ec5311452869 - - - - - -] ikepolicy is already registered
2026-08-24 16:06:37.624 8 INFO neutron.api.extensions [None req-1e03a8cb-dcb8-4f13-a3ed-375054d20d46 - - - - - -] Loaded extension: quota_details
2026-08-24 16:06:37.624 7 INFO neutron.quota.resource_registry [None req-9e5adf63-342f-41f6-b042-ec5311452869 - - - - - -] Creating instance of CountableResource for resource:ipsecpolicy
2026-08-24 16:06:37.624 7 WARNING neutron.quota.resource_registry [None req-9e5adf63-342f-41f6-b042-ec5311452869 - - - - - -] ipsecpolicy is already registered
2026-08-24 16:06:37.624 7 INFO neutron.quota.resource_registry [None req-9e5adf63-342f-41f6-b042-ec5311452869 - - - - - -] Creating instance of CountableResource for resource:endpoint_group
2026-08-24 16:06:37.625 7 WARNING neutron.quota.resource_registry [None req-9e5adf63-342f-41f6-b042-ec5311452869 - - - - - -] endpoint_group is already registered
2026-08-24 16:06:37.625 8 INFO neutron.api.extensions [None req-1e03a8cb-dcb8-4f13-a3ed-375054d20d46 - - - - - -] Loaded extension: rbac-policies
2026-08-24 16:06:37.625 7 INFO neutron.quota.resource_registry [None req-9e5adf63-342f-41f6-b042-ec5311452869 - - - - - -] Creating instance of CountableResource for resource:vpnservice
2026-08-24 16:06:37.625 7 WARNING neutron.quota.resource_registry [None req-9e5adf63-342f-41f6-b042-ec5311452869 - - - - - -] vpnservice is already registered
2026-08-24 16:06:37.626 8 INFO neutron.api.extensions [None req-1e03a8cb-dcb8-4f13-a3ed-375054d20d46 - - - - - -] Extension rbac-address-group not supported by any of loaded plugins
2026-08-24 16:06:37.626 7 INFO neutron.quota.resource_registry [None req-9e5adf63-342f-41f6-b042-ec5311452869 - - - - - -] Creating instance of CountableResource for resource:ipsec_site_connection
2026-08-24 16:06:37.626 7 WARNING neutron.quota.resource_registry [None req-9e5adf63-342f-41f6-b042-ec5311452869 - - - - - -] ipsec_site_connection is already registered
2026-08-24 16:06:37.626 7 INFO neutron.quota.resource_registry [None req-9e5adf63-342f-41f6-b042-ec5311452869 - - - - - -] Creating instance of CountableResource for resource:ipsecpolicy
2026-08-24 16:06:37.626 7 WARNING neutron.quota.resource_registry [None req-9e5adf63-342f-41f6-b042-ec5311452869 - - - - - -] ipsecpolicy is already registered
2026-08-24 16:06:37.626 8 INFO neutron.api.extensions [None req-1e03a8cb-dcb8-4f13-a3ed-375054d20d46 - - - - - -] Loaded extension: rbac-address-scope
2026-08-24 16:06:37.627 7 INFO neutron.quota.resource_registry [None req-9e5adf63-342f-41f6-b042-ec5311452869 - - - - - -] Creating instance of CountableResource for resource:ikepolicy
2026-08-24 16:06:37.627 7 WARNING neutron.quota.resource_registry [None req-9e5adf63-342f-41f6-b042-ec5311452869 - - - - - -] ikepolicy is already registered
2026-08-24 16:06:37.627 8 INFO neutron.api.extensions [None req-1e03a8cb-dcb8-4f13-a3ed-375054d20d46 - - - - - -] Loaded extension: rbac-security-groups
2026-08-24 16:06:37.628 8 INFO neutron.api.extensions [None req-1e03a8cb-dcb8-4f13-a3ed-375054d20d46 - - - - - -] Extension rbac-subnetpool not supported by any of loaded plugins
2026-08-24 16:06:37.629 8 INFO neutron.api.extensions [None req-1e03a8cb-dcb8-4f13-a3ed-375054d20d46 - - - - - -] Loaded extension: revision-if-match
2026-08-24 16:06:37.630 8 INFO neutron.api.extensions [None req-1e03a8cb-dcb8-4f13-a3ed-375054d20d46 - - - - - -] Loaded extension: standard-attr-revisions
2026-08-24 16:06:37.630 8 INFO neutron.api.extensions [None req-1e03a8cb-dcb8-4f13-a3ed-375054d20d46 - - - - - -] Loaded extension: router_availability_zone
2026-08-24 16:06:37.631 8 INFO neutron.api.extensions [None req-1e03a8cb-dcb8-4f13-a3ed-375054d20d46 - - - - - -] Extension router-service-type not supported by any of loaded plugins
2026-08-24 16:06:37.633 8 INFO neutron.api.extensions [None req-1e03a8cb-dcb8-4f13-a3ed-375054d20d46 - - - - - -] Loaded extension: security-groups-default-rules
2026-08-24 16:06:37.634 8 INFO neutron.api.extensions [None req-1e03a8cb-dcb8-4f13-a3ed-375054d20d46 - - - - - -] Loaded extension: security-groups-normalized-cidr
2026-08-24 16:06:37.635 8 INFO neutron.api.extensions [None req-1e03a8cb-dcb8-4f13-a3ed-375054d20d46 - - - - - -] Extension port-security-groups-filtering not supported by any of loaded plugins
2026-08-24 16:06:37.635 8 INFO neutron.api.extensions [None req-1e03a8cb-dcb8-4f13-a3ed-375054d20d46 - - - - - -] Loaded extension: security-groups-remote-address-group
2026-08-24 16:06:37.636 8 INFO neutron.api.extensions [None req-1e03a8cb-dcb8-4f13-a3ed-375054d20d46 - - - - - -] Loaded extension: security-groups-rules-belongs-to-default-sg
2026-08-24 16:06:37.636 8 INFO neutron.api.extensions [None req-1e03a8cb-dcb8-4f13-a3ed-375054d20d46 - - - - - -] Loaded extension: security-groups-shared-filtering
2026-08-24 16:06:37.641 8 INFO neutron.api.extensions [None req-1e03a8cb-dcb8-4f13-a3ed-375054d20d46 - - - - - -] Loaded extension: security-group
2026-08-24 16:06:37.642 8 INFO neutron.api.extensions [None req-1e03a8cb-dcb8-4f13-a3ed-375054d20d46 - - - - - -] Loaded extension: segment
2026-08-24 16:06:37.643 8 INFO neutron.api.extensions [None req-1e03a8cb-dcb8-4f13-a3ed-375054d20d46 - - - - - -] Loaded extension: segments-peer-subnet-host-routes
2026-08-24 16:06:37.644 8 INFO neutron.api.extensions [None req-1e03a8cb-dcb8-4f13-a3ed-375054d20d46 - - - - - -] Loaded extension: service-type
2026-08-24 16:06:37.644 8 INFO neutron.api.extensions [None req-1e03a8cb-dcb8-4f13-a3ed-375054d20d46 - - - - - -] Loaded extension: sorting
2026-08-24 16:06:37.645 8 INFO neutron.api.extensions [None req-1e03a8cb-dcb8-4f13-a3ed-375054d20d46 - - - - - -] Loaded extension: standard-attr-segment
2026-08-24 16:06:37.646 8 INFO neutron.api.extensions [None req-1e03a8cb-dcb8-4f13-a3ed-375054d20d46 - - - - - -] Loaded extension: standard-attr-description
2026-08-24 16:06:37.646 8 INFO neutron.api.extensions [None req-1e03a8cb-dcb8-4f13-a3ed-375054d20d46 - - - - - -] Loaded extension: stateful-security-group
2026-08-24 16:06:37.647 8 WARNING neutron.api.extensions [None req-1e03a8cb-dcb8-4f13-a3ed-375054d20d46 - - - - - -] Did not find expected name "Stdattrs_common" in /var/lib/openstack/lib/python3.12/site-packages/neutron/extensions/stdattrs_common.py
2026-08-24 16:06:37.647 8 INFO neutron.api.extensions [None req-1e03a8cb-dcb8-4f13-a3ed-375054d20d46 - - - - - -] Loaded extension: subnet-dns-publish-fixed-ip
2026-08-24 16:06:37.648 8 INFO neutron.api.extensions [None req-1e03a8cb-dcb8-4f13-a3ed-375054d20d46 - - - - - -] Loaded extension: subnet-external-network
2026-08-24 16:06:37.648 8 INFO neutron.api.extensions [None req-1e03a8cb-dcb8-4f13-a3ed-375054d20d46 - - - - - -] Extension subnet_onboard not supported by any of loaded plugins
2026-08-24 16:06:37.649 8 INFO neutron.api.extensions [None req-1e03a8cb-dcb8-4f13-a3ed-375054d20d46 - - - - - -] Loaded extension: subnet-segmentid-writable
2026-08-24 16:06:37.650 8 INFO neutron.api.extensions [None req-1e03a8cb-dcb8-4f13-a3ed-375054d20d46 - - - - - -] Loaded extension: subnet-service-types
2026-08-24 16:06:37.650 8 INFO neutron.api.extensions [None req-1e03a8cb-dcb8-4f13-a3ed-375054d20d46 - - - - - -] Loaded extension: subnet_allocation
2026-08-24 16:06:37.651 8 INFO neutron.api.extensions [None req-1e03a8cb-dcb8-4f13-a3ed-375054d20d46 - - - - - -] Loaded extension: subnetpool-prefix-ops
2026-08-24 16:06:37.651 8 INFO neutron.api.extensions [None req-1e03a8cb-dcb8-4f13-a3ed-375054d20d46 - - - - - -] Loaded extension: tag-creation
2026-08-24 16:06:37.652 8 INFO neutron.api.extensions [None req-1e03a8cb-dcb8-4f13-a3ed-375054d20d46 - - - - - -] Extension tag-ports-during-bulk-creation not supported by any of loaded plugins
2026-08-24 16:06:37.657 8 INFO neutron.api.extensions [None req-1e03a8cb-dcb8-4f13-a3ed-375054d20d46 - - - - - -] Loaded extension: standard-attr-tag
2026-08-24 16:06:37.658 8 INFO neutron.api.extensions [None req-1e03a8cb-dcb8-4f13-a3ed-375054d20d46 - - - - - -] Loaded extension: standard-attr-timestamp
2026-08-24 16:06:37.659 8 INFO neutron.api.extensions [None req-1e03a8cb-dcb8-4f13-a3ed-375054d20d46 - - - - - -] Loaded extension: trunk
2026-08-24 16:06:37.659 8 INFO neutron.api.extensions [None req-1e03a8cb-dcb8-4f13-a3ed-375054d20d46 - - - - - -] Loaded extension: trunk-details
2026-08-24 16:06:37.660 8 INFO neutron.api.extensions [None req-1e03a8cb-dcb8-4f13-a3ed-375054d20d46 - - - - - -] Extension uplink-status-propagation not supported by any of loaded plugins
2026-08-24 16:06:37.660 8 INFO neutron.api.extensions [None req-1e03a8cb-dcb8-4f13-a3ed-375054d20d46 - - - - - -] Extension uplink-status-propagation-updatable not supported by any of loaded plugins
2026-08-24 16:06:37.661 8 INFO neutron.api.extensions [None req-1e03a8cb-dcb8-4f13-a3ed-375054d20d46 - - - - - -] Loaded extension: vlan-transparent
2026-08-24 16:06:37.662 8 INFO neutron.api.extensions [None req-1e03a8cb-dcb8-4f13-a3ed-375054d20d46 - - - - - -] Loaded extension: vpn-aes-ctr
2026-08-24 16:06:37.665 8 INFO neutron.api.extensions [None req-1e03a8cb-dcb8-4f13-a3ed-375054d20d46 - - - - - -] Loaded extension: vpn-agent-scheduler
2026-08-24 16:06:37.666 8 INFO neutron.api.extensions [None req-1e03a8cb-dcb8-4f13-a3ed-375054d20d46 - - - - - -] Loaded extension: vpn-endpoint-groups
2026-08-24 16:06:37.667 7 WARNING keystonemiddleware._common.config [None req-9e5adf63-342f-41f6-b042-ec5311452869 - - - - - -] The option "audit_map_file" is not known to keystonemiddleware
2026-08-24 16:06:37.667 8 INFO neutron.api.extensions [None req-1e03a8cb-dcb8-4f13-a3ed-375054d20d46 - - - - - -] Loaded extension: vpn-flavors
2026-08-24 16:06:37.669 8 INFO neutron.api.extensions [None req-1e03a8cb-dcb8-4f13-a3ed-375054d20d46 - - - - - -] Loaded extension: vpnaas
2026-08-24 16:06:37.670 8 INFO neutron.api.extensions [None req-1e03a8cb-dcb8-4f13-a3ed-375054d20d46 - - - - - -] Loaded extension: taas
2026-08-24 16:06:37.671 8 INFO neutron.api.extensions [None req-1e03a8cb-dcb8-4f13-a3ed-375054d20d46 - - - - - -] Loaded extension: tap-mirror
2026-08-24 16:06:37.672 8 INFO neutron.api.extensions [None req-1e03a8cb-dcb8-4f13-a3ed-375054d20d46 - - - - - -] Loaded extension: taas-vlan-filter
2026-08-24 16:06:37.674 7 WARNING oslo_config.cfg [None req-9e5adf63-342f-41f6-b042-ec5311452869 - - - - - -] Deprecated: Option "auth_uri" from group "keystone_authtoken" is deprecated. Use option "www_authenticate_uri" from group "keystone_authtoken".
2026-08-24 16:06:37.675 8 INFO neutron.quota.resource_registry [None req-1e03a8cb-dcb8-4f13-a3ed-375054d20d46 - - - - - -] Creating instance of TrackedResource for resource:network
2026-08-24 16:06:37.675 8 INFO neutron.quota.resource_registry [None req-1e03a8cb-dcb8-4f13-a3ed-375054d20d46 - - - - - -] Creating instance of TrackedResource for resource:subnet
2026-08-24 16:06:37.675 8 INFO neutron.quota.resource_registry [None req-1e03a8cb-dcb8-4f13-a3ed-375054d20d46 - - - - - -] Creating instance of TrackedResource for resource:subnetpool
2026-08-24 16:06:37.675 8 INFO neutron.quota.resource_registry [None req-1e03a8cb-dcb8-4f13-a3ed-375054d20d46 - - - - - -] Creating instance of TrackedResource for resource:port
2026-08-24 16:06:37.679 8 INFO neutron.quota.resource_registry [None req-1e03a8cb-dcb8-4f13-a3ed-375054d20d46 - - - - - -] Creating instance of TrackedResource for resource:router
2026-08-24 16:06:37.679 8 INFO neutron.quota.resource_registry [None req-1e03a8cb-dcb8-4f13-a3ed-375054d20d46 - - - - - -] Creating instance of TrackedResource for resource:floatingip
2026-08-24 16:06:37.685 8 INFO neutron.quota.resource_registry [None req-1e03a8cb-dcb8-4f13-a3ed-375054d20d46 - - - - - -] Creating instance of CountableResource for resource:rbac_policy
2026-08-24 16:06:37.685 8 INFO neutron.quota.resource_registry [None req-1e03a8cb-dcb8-4f13-a3ed-375054d20d46 - - - - - -] Creating instance of TrackedResource for resource:security_group
2026-08-24 16:06:37.686 8 INFO neutron.quota.resource_registry [None req-1e03a8cb-dcb8-4f13-a3ed-375054d20d46 - - - - - -] Creating instance of TrackedResource for resource:security_group_rule
2026-08-24 16:06:37.687 8 INFO neutron.quota.resource_registry [None req-1e03a8cb-dcb8-4f13-a3ed-375054d20d46 - - - - - -] Creating instance of TrackedResource for resource:subnetpool
2026-08-24 16:06:37.687 8 WARNING neutron.quota.resource_registry [None req-1e03a8cb-dcb8-4f13-a3ed-375054d20d46 - - - - - -] subnetpool is already registered
2026-08-24 16:06:37.688 8 INFO neutron.quota.resource_registry [None req-1e03a8cb-dcb8-4f13-a3ed-375054d20d46 - - - - - -] Creating instance of CountableResource for resource:trunk
2026-08-24 16:06:37.688 8 INFO neutron.quota.resource_registry [None req-1e03a8cb-dcb8-4f13-a3ed-375054d20d46 - - - - - -] Creating instance of CountableResource for resource:ikepolicy
2026-08-24 16:06:37.689 8 INFO neutron.quota.resource_registry [None req-1e03a8cb-dcb8-4f13-a3ed-375054d20d46 - - - - - -] Creating instance of CountableResource for resource:ipsecpolicy
2026-08-24 16:06:37.689 8 INFO neutron.quota.resource_registry [None req-1e03a8cb-dcb8-4f13-a3ed-375054d20d46 - - - - - -] Creating instance of CountableResource for resource:endpoint_group
2026-08-24 16:06:37.690 8 INFO neutron.quota.resource_registry [None req-1e03a8cb-dcb8-4f13-a3ed-375054d20d46 - - - - - -] Creating instance of CountableResource for resource:vpnservice
2026-08-24 16:06:37.690 8 INFO neutron.quota.resource_registry [None req-1e03a8cb-dcb8-4f13-a3ed-375054d20d46 - - - - - -] Creating instance of CountableResource for resource:ipsec_site_connection
2026-08-24 16:06:37.691 8 INFO neutron.quota.resource_registry [None req-1e03a8cb-dcb8-4f13-a3ed-375054d20d46 - - - - - -] Creating instance of CountableResource for resource:ipsecpolicy
2026-08-24 16:06:37.691 8 WARNING neutron.quota.resource_registry [None req-1e03a8cb-dcb8-4f13-a3ed-375054d20d46 - - - - - -] ipsecpolicy is already registered
2026-08-24 16:06:37.691 8 INFO neutron.quota.resource_registry [None req-1e03a8cb-dcb8-4f13-a3ed-375054d20d46 - - - - - -] Creating instance of CountableResource for resource:ikepolicy
2026-08-24 16:06:37.692 8 WARNING neutron.quota.resource_registry [None req-1e03a8cb-dcb8-4f13-a3ed-375054d20d46 - - - - - -] ikepolicy is already registered
2026-08-24 16:06:37.699 8 INFO neutron.quota.resource_registry [None req-1e03a8cb-dcb8-4f13-a3ed-375054d20d46 - - - - - -] Creating instance of TrackedResource for resource:router
2026-08-24 16:06:37.699 8 WARNING neutron.quota.resource_registry [None req-1e03a8cb-dcb8-4f13-a3ed-375054d20d46 - - - - - -] router is already registered
2026-08-24 16:06:37.700 8 INFO neutron.quota.resource_registry [None req-1e03a8cb-dcb8-4f13-a3ed-375054d20d46 - - - - - -] Creating instance of TrackedResource for resource:floatingip
2026-08-24 16:06:37.700 8 WARNING neutron.quota.resource_registry [None req-1e03a8cb-dcb8-4f13-a3ed-375054d20d46 - - - - - -] floatingip is already registered
2026-08-24 16:06:37.702 7 WARNING neutron.plugins.ml2.drivers.ovn.mech_driver.mech_driver [None req-9e5adf63-342f-41f6-b042-ec5311452869 - - - - - -] uWSGI must provide a start time using the configuration parameter "start-time %t" in the configuration file
2026-08-24 16:06:37.705 8 INFO neutron.quota.resource_registry [None req-1e03a8cb-dcb8-4f13-a3ed-375054d20d46 - - - - - -] Creating instance of CountableResource for resource:rbac_policy
2026-08-24 16:06:37.706 8 WARNING neutron.quota.resource_registry [None req-1e03a8cb-dcb8-4f13-a3ed-375054d20d46 - - - - - -] rbac_policy is already registered
2026-08-24 16:06:37.706 8 INFO neutron.quota.resource_registry [None req-1e03a8cb-dcb8-4f13-a3ed-375054d20d46 - - - - - -] Creating instance of TrackedResource for resource:security_group
2026-08-24 16:06:37.706 8 WARNING neutron.quota.resource_registry [None req-1e03a8cb-dcb8-4f13-a3ed-375054d20d46 - - - - - -] security_group is already registered
2026-08-24 16:06:37.707 8 INFO neutron.quota.resource_registry [None req-1e03a8cb-dcb8-4f13-a3ed-375054d20d46 - - - - - -] Creating instance of TrackedResource for resource:security_group_rule
2026-08-24 16:06:37.707 8 WARNING neutron.quota.resource_registry [None req-1e03a8cb-dcb8-4f13-a3ed-375054d20d46 - - - - - -] security_group_rule is already registered
2026-08-24 16:06:37.708 8 INFO neutron.quota.resource_registry [None req-1e03a8cb-dcb8-4f13-a3ed-375054d20d46 - - - - - -] Creating instance of TrackedResource for resource:subnetpool
2026-08-24 16:06:37.708 8 WARNING neutron.quota.resource_registry [None req-1e03a8cb-dcb8-4f13-a3ed-375054d20d46 - - - - - -] subnetpool is already registered
2026-08-24 16:06:37.708 8 INFO neutron.quota.resource_registry [None req-1e03a8cb-dcb8-4f13-a3ed-375054d20d46 - - - - - -] Creating instance of CountableResource for resource:trunk
2026-08-24 16:06:37.708 8 WARNING neutron.quota.resource_registry [None req-1e03a8cb-dcb8-4f13-a3ed-375054d20d46 - - - - - -] trunk is already registered
2026-08-24 16:06:37.709 8 INFO neutron.quota.resource_registry [None req-1e03a8cb-dcb8-4f13-a3ed-375054d20d46 - - - - - -] Creating instance of CountableResource for resource:ikepolicy
2026-08-24 16:06:37.709 8 WARNING neutron.quota.resource_registry [None req-1e03a8cb-dcb8-4f13-a3ed-375054d20d46 - - - - - -] ikepolicy is already registered
2026-08-24 16:06:37.709 8 INFO neutron.quota.resource_registry [None req-1e03a8cb-dcb8-4f13-a3ed-375054d20d46 - - - - - -] Creating instance of CountableResource for resource:ipsecpolicy
2026-08-24 16:06:37.709 8 WARNING neutron.quota.resource_registry [None req-1e03a8cb-dcb8-4f13-a3ed-375054d20d46 - - - - - -] ipsecpolicy is already registered
2026-08-24 16:06:37.710 8 INFO neutron.quota.resource_registry [None req-1e03a8cb-dcb8-4f13-a3ed-375054d20d46 - - - - - -] Creating instance of CountableResource for resource:endpoint_group
2026-08-24 16:06:37.710 8 WARNING neutron.quota.resource_registry [None req-1e03a8cb-dcb8-4f13-a3ed-375054d20d46 - - - - - -] endpoint_group is already registered
2026-08-24 16:06:37.710 8 INFO neutron.quota.resource_registry [None req-1e03a8cb-dcb8-4f13-a3ed-375054d20d46 - - - - - -] Creating instance of CountableResource for resource:vpnservice
2026-08-24 16:06:37.710 8 WARNING neutron.quota.resource_registry [None req-1e03a8cb-dcb8-4f13-a3ed-375054d20d46 - - - - - -] vpnservice is already registered
2026-08-24 16:06:37.711 8 INFO neutron.quota.resource_registry [None req-1e03a8cb-dcb8-4f13-a3ed-375054d20d46 - - - - - -] Creating instance of CountableResource for resource:ipsec_site_connection
2026-08-24 16:06:37.711 8 WARNING neutron.quota.resource_registry [None req-1e03a8cb-dcb8-4f13-a3ed-375054d20d46 - - - - - -] ipsec_site_connection is already registered
2026-08-24 16:06:37.711 8 INFO neutron.quota.resource_registry [None req-1e03a8cb-dcb8-4f13-a3ed-375054d20d46 - - - - - -] Creating instance of CountableResource for resource:ipsecpolicy
2026-08-24 16:06:37.711 8 WARNING neutron.quota.resource_registry [None req-1e03a8cb-dcb8-4f13-a3ed-375054d20d46 - - - - - -] ipsecpolicy is already registered
2026-08-24 16:06:37.712 8 INFO neutron.quota.resource_registry [None req-1e03a8cb-dcb8-4f13-a3ed-375054d20d46 - - - - - -] Creating instance of CountableResource for resource:ikepolicy
2026-08-24 16:06:37.712 8 WARNING neutron.quota.resource_registry [None req-1e03a8cb-dcb8-4f13-a3ed-375054d20d46 - - - - - -] ikepolicy is already registered
2026-08-24 16:06:37.720 7 INFO neutron.db.ovn_hash_ring_db [None req-9e5adf63-342f-41f6-b042-ec5311452869 - - - - - -] Nodes from host "neutron-server-b69cf6f79-jktsn" and group "mechanism_driver" removed from the Hash Ring created at
2026-08-24 16:06:37+00:00
2026-08-24 16:06:37.726 7 INFO neutron.db.ovn_hash_ring_db [None req-9e5adf63-342f-41f6-b042-ec5311452869 - - - - - -] Node b1800104c4ab5493930bb7f8fb41173b from host "neutron-server-b69cf6f79-jktsn" and group "mechanism_driver" added to the Hash Ring
2026-08-24 16:06:37.739 7 INFO neutron.plugins.ml2.drivers.ovn.mech_driver.mech_driver [None req-9e5adf63-342f-41f6-b042-ec5311452869 - - - - - -] Hash Ring probing thread for node b1800104c4ab5493930bb7f8fb41173b has started
2026-08-24 16:06:37.740 7 INFO neutron.plugins.ml2.drivers.ovn.mech_driver.ovsdb.impl_idl_ovn [None req-9e5adf63-342f-41f6-b042-ec5311452869 - - - - - -] Getting OvsdbNbOvnIdl for WorkerService with retry
2026-08-24 16:06:37.756 8 WARNING keystonemiddleware._common.config [None req-1e03a8cb-dcb8-4f13-a3ed-375054d20d46 - - - - - -] The option "audit_map_file" is not known to keystonemiddleware
2026-08-24 16:06:37.764 8 WARNING oslo_config.cfg [None req-1e03a8cb-dcb8-4f13-a3ed-375054d20d46 - - - - - -] Deprecated: Option "auth_uri" from group "keystone_authtoken" is deprecated. Use option "www_authenticate_uri" from group "keystone_authtoken".
2026-08-24 16:06:37.774 7 INFO ovsdbapp.backend.ovs_idl.vlog [None req-9e5adf63-342f-41f6-b042-ec5311452869 - - - - - -] tcp:10.96.75.103:6641: connecting...
2026-08-24 16:06:37.775 7 INFO ovsdbapp.backend.ovs_idl.vlog [None req-9e5adf63-342f-41f6-b042-ec5311452869 - - - - - -] tcp:10.96.75.103:6641: connected
2026-08-24 16:06:37.790 8 WARNING neutron.plugins.ml2.drivers.ovn.mech_driver.mech_driver [None req-1e03a8cb-dcb8-4f13-a3ed-375054d20d46 - - - - - -] uWSGI must provide a start time using the configuration parameter "start-time %t" in the configuration file
2026-08-24 16:06:37.809 8 INFO neutron.db.ovn_hash_ring_db [None req-1e03a8cb-dcb8-4f13-a3ed-375054d20d46 - - - - - -] Nodes from host "neutron-server-b69cf6f79-jktsn" and group "mechanism_driver" removed from the Hash Ring created at
2026-08-24 16:06:37+00:00
2026-08-24 16:06:37.812 8 INFO neutron.db.ovn_hash_ring_db [None req-1e03a8cb-dcb8-4f13-a3ed-375054d20d46 - - - - - -] Node 50b85fee097352bbaf6bb1c9ad7aba04 from host "neutron-server-b69cf6f79-jktsn" and group "mechanism_driver" added to the Hash Ring
2026-08-24 16:06:37.820 8 INFO neutron.plugins.ml2.drivers.ovn.mech_driver.mech_driver [None req-1e03a8cb-dcb8-4f13-a3ed-375054d20d46 - - - - - -] Hash Ring probing thread for node 50b85fee097352bbaf6bb1c9ad7aba04 has started
2026-08-24 16:06:37.821 8 INFO neutron.plugins.ml2.drivers.ovn.mech_driver.ovsdb.impl_idl_ovn [None req-1e03a8cb-dcb8-4f13-a3ed-375054d20d46 - - - - - -] Getting OvsdbNbOvnIdl for WorkerService with retry
2026-08-24 16:06:37.825 7 INFO neutron.plugins.ml2.drivers.ovn.mech_driver.ovsdb.impl_idl_ovn [None req-9e5adf63-342f-41f6-b042-ec5311452869 - - - - - -] Getting OvsdbSbOvnIdl for WorkerService with retry
2026-08-24 16:06:37.850 7 INFO ovsdbapp.backend.ovs_idl.vlog [None req-9e5adf63-342f-41f6-b042-ec5311452869 - - - - - -] tcp:10.102.128.47:6642: connecting...
2026-08-24 16:06:37.851 7 INFO ovsdbapp.backend.ovs_idl.vlog [None req-9e5adf63-342f-41f6-b042-ec5311452869 - - - - - -] tcp:10.102.128.47:6642: connected
2026-08-24 16:06:37.857 8 INFO ovsdbapp.backend.ovs_idl.vlog [None req-1e03a8cb-dcb8-4f13-a3ed-375054d20d46 - - - - - -] tcp:10.96.75.103:6641: connecting...
2026-08-24 16:06:37.857 8 INFO ovsdbapp.backend.ovs_idl.vlog [None req-1e03a8cb-dcb8-4f13-a3ed-375054d20d46 - - - - - -] tcp:10.96.75.103:6641: connected
2026-08-24 16:06:37.897 7 INFO neutron.plugins.ml2.drivers.ovn.mech_driver.mech_driver [None req-9e5adf63-342f-41f6-b042-ec5311452869 - - - - - -] WorkerService process has finished the post initialization
2026-08-24 16:06:37.899 7 INFO neutron.plugins.ml2.drivers.ovn.mech_driver.ovsdb.extensions.qos [-] Starting OVNClientQosExtension
2026-08-24 16:06:37.900 7 INFO neutron.plugins.ml2.drivers.ovn.mech_driver.ovsdb.extensions.placement [-] Starting OVNClientPlacementExtension
2026-08-24 16:06:37.900 8 INFO neutron.plugins.ml2.drivers.ovn.mech_driver.ovsdb.impl_idl_ovn [None req-1e03a8cb-dcb8-4f13-a3ed-375054d20d46 - - - - - -] Getting OvsdbSbOvnIdl for WorkerService with retry
2026-08-24 16:06:37.923 7 INFO ovsdbapp.backend.ovs_idl.vlog [None req-9e5adf63-342f-41f6-b042-ec5311452869 - - - - - -] tcp:10.96.75.103:6641: connecting...
2026-08-24 16:06:37.923 7 INFO ovsdbapp.backend.ovs_idl.vlog [None req-9e5adf63-342f-41f6-b042-ec5311452869 - - - - - -] tcp:10.96.75.103:6641: connected
2026-08-24 16:06:37.924 8 INFO ovsdbapp.backend.ovs_idl.vlog [None req-1e03a8cb-dcb8-4f13-a3ed-375054d20d46 - - - - - -] tcp:10.102.128.47:6642: connecting...
2026-08-24 16:06:37.924 8 INFO ovsdbapp.backend.ovs_idl.vlog [None req-1e03a8cb-dcb8-4f13-a3ed-375054d20d46 - - - - - -] tcp:10.102.128.47:6642: connected
2026-08-24 16:06:37.955 8 INFO neutron.plugins.ml2.drivers.ovn.mech_driver.mech_driver [None req-1e03a8cb-dcb8-4f13-a3ed-375054d20d46 - - - - - -] WorkerService process has finished the post initialization
2026-08-24 16:06:37.968 7 INFO ovsdbapp.backend.ovs_idl.vlog [None req-9e5adf63-342f-41f6-b042-ec5311452869 - - - - - -] tcp:10.96.75.103:6641: connecting...
2026-08-24 16:06:37.968 7 INFO ovsdbapp.backend.ovs_idl.vlog [None req-9e5adf63-342f-41f6-b042-ec5311452869 - - - - - -] tcp:10.96.75.103:6641: connected
2026-08-24 16:06:37.982 8 INFO ovsdbapp.backend.ovs_idl.vlog [None req-1e03a8cb-dcb8-4f13-a3ed-375054d20d46 - - - - - -] tcp:10.96.75.103:6641: connecting...
2026-08-24 16:06:37.983 8 INFO ovsdbapp.backend.ovs_idl.vlog [None req-1e03a8cb-dcb8-4f13-a3ed-375054d20d46 - - - - - -] tcp:10.96.75.103:6641: connected WSGI app 0 (mountpoint='') ready in 12 seconds on interpreter 0x7f6eb95cc668 pid: 7 (default app)
2026-08-24 16:06:38.027 8 INFO ovsdbapp.backend.ovs_idl.vlog [None req-1e03a8cb-dcb8-4f13-a3ed-375054d20d46 - - - - - -] tcp:10.96.75.103:6641: connecting...
2026-08-24 16:06:38.028 8 INFO ovsdbapp.backend.ovs_idl.vlog [None req-1e03a8cb-dcb8-4f13-a3ed-375054d20d46 - - - - - -] tcp:10.96.75.103:6641: connected WSGI app 0 (mountpoint='') ready in 13 seconds on interpreter 0x7f6eb95cc668 pid: 8 (default app) /var/lib/openstack/lib/python3.12/site-packages/pycadf/identifier.py:70: UserWarning: Invalid uuid: unknown. To ensure interoperability, identifiers should be a valid uuid. warnings.warn(('Invalid uuid: %s. To ensure interoperability, '
2026-08-24 16:06:45.292 8 INFO neutron.pecan_wsgi.hooks.translation [None req-b691a667-e094-4479-9bfd-a9509d3520b5 7b540d7aced24fb89ca6a406c2e1bfd4 4fa3dca361be40d9ab048605d53f3bc0 - - default default] GET failed (client error): The resource could not be found. [pid: 8|app: 0|req: 1/4] 199.19.213.103 () {44 vars in 927 bytes} [Mon Aug 24 16:06:44 2026] GET /v2.0/networks/public => generated 108 bytes in 1066 msecs (HTTP/1.1 404) 4 headers in 164 bytes (1 switches on core 0) /var/lib/openstack/lib/python3.12/site-packages/pycadf/identifier.py:70: UserWarning: Invalid uuid: unknown. To ensure interoperability, identifiers should be a valid uuid. warnings.warn(('Invalid uuid: %s. To ensure interoperability, ' [pid: 7|app: 0|req: 4/5] 199.19.213.103 () {44 vars in 949 bytes} [Mon Aug 24 16:06:45 2026] GET /v2.0/networks?name=public => generated 15 bytes in 525 msecs (HTTP/1.1 200) 4 headers in 156 bytes (1 switches on core 0)
2026-08-24 16:06:46.183 8 INFO neutron.plugins.ml2.drivers.ovn.mech_driver.ovsdb.extensions.qos [None req-374fbc7f-8fe5-4896-98f4-d54605426ea8 7b540d7aced24fb89ca6a406c2e1bfd4 4fa3dca361be40d9ab048605d53f3bc0 - - default default] Starting OVNClientQosExtension
2026-08-24 16:06:46.184 8 INFO neutron.plugins.ml2.drivers.ovn.mech_driver.ovsdb.extensions.placement [None req-374fbc7f-8fe5-4896-98f4-d54605426ea8 7b540d7aced24fb89ca6a406c2e1bfd4 4fa3dca361be40d9ab048605d53f3bc0 - - default default] Starting OVNClientPlacementExtension
2026-08-24 16:06:46.248 8 INFO neutron.db.ovn_revision_numbers_db [None req-374fbc7f-8fe5-4896-98f4-d54605426ea8 7b540d7aced24fb89ca6a406c2e1bfd4 4fa3dca361be40d9ab048605d53f3bc0 - - default default] Successfully bumped revision number for resource 97844ed8-24a1-4c14-a65e-51349b8b0060 (type: security_groups) to 1
2026-08-24 16:06:46.277 8 INFO neutron.db.ovn_revision_numbers_db [None req-374fbc7f-8fe5-4896-98f4-d54605426ea8 7b540d7aced24fb89ca6a406c2e1bfd4 4fa3dca361be40d9ab048605d53f3bc0 - - default default] Successfully bumped revision number for resource 10bd39a5-affc-4b3f-bd2b-cab5da04ff6e (type: security_group_rules) to 0
2026-08-24 16:06:46.321 8 INFO neutron.db.ovn_revision_numbers_db [None req-374fbc7f-8fe5-4896-98f4-d54605426ea8 7b540d7aced24fb89ca6a406c2e1bfd4 4fa3dca361be40d9ab048605d53f3bc0 - - default default] Successfully bumped revision number for resource 4f421cd9-cc6a-4322-abf7-7ba35e2c7c01 (type: security_group_rules) to 0
2026-08-24 16:06:46.338 8 INFO neutron.db.ovn_revision_numbers_db [None req-374fbc7f-8fe5-4896-98f4-d54605426ea8 7b540d7aced24fb89ca6a406c2e1bfd4 4fa3dca361be40d9ab048605d53f3bc0 - - default default] Successfully bumped revision number for resource 8c7b1bf8-12d8-494c-a271-e57371c47159 (type: security_group_rules) to 0
2026-08-24 16:06:46.356 8 INFO neutron.db.ovn_revision_numbers_db [None req-374fbc7f-8fe5-4896-98f4-d54605426ea8 7b540d7aced24fb89ca6a406c2e1bfd4 4fa3dca361be40d9ab048605d53f3bc0 - - default default] Successfully bumped revision number for resource 90263c7d-a3a8-4711-ac9b-c5a356b962d1 (type: security_group_rules) to 0
2026-08-24 16:06:46.453 8 WARNING neutron.services.revisions.revision_plugin [None req-374fbc7f-8fe5-4896-98f4-d54605426ea8 7b540d7aced24fb89ca6a406c2e1bfd4 4fa3dca361be40d9ab048605d53f3bc0 - - default default] Could not find related network for resource to bump revision.
2026-08-24 16:06:46.487 8 INFO neutron.db.segments_db [None req-374fbc7f-8fe5-4896-98f4-d54605426ea8 7b540d7aced24fb89ca6a406c2e1bfd4 4fa3dca361be40d9ab048605d53f3bc0 - - default default] Added segment 26b2a376-fb34-43e4-ba99-ecf5b5ffbe6b of type flat for network 8f10b6e9-2933-41c1-afb6-db84df368f06
2026-08-24 16:06:46.694 7 INFO neutron.plugins.ml2.drivers.ovn.mech_driver.mech_driver [-] OVN reports status down for port: provnet-26b2a376-fb34-43e4-ba99-ecf5b5ffbe6b
2026-08-24 16:06:46.697 8 INFO neutron.plugins.ml2.drivers.ovn.mech_driver.mech_driver [-] OVN reports status down for port: provnet-26b2a376-fb34-43e4-ba99-ecf5b5ffbe6b
2026-08-24 16:06:46.778 8 INFO neutron.db.ovn_revision_numbers_db [None req-374fbc7f-8fe5-4896-98f4-d54605426ea8 7b540d7aced24fb89ca6a406c2e1bfd4 4fa3dca361be40d9ab048605d53f3bc0 - - default default] Successfully bumped revision number for resource 8f10b6e9-2933-41c1-afb6-db84df368f06 (type: networks) to 1
2026-08-24 16:06:47.143 8 WARNING neutron.scheduler.dhcp_agent_scheduler [None req-374fbc7f-8fe5-4896-98f4-d54605426ea8 7b540d7aced24fb89ca6a406c2e1bfd4 4fa3dca361be40d9ab048605d53f3bc0 - - default default] No more DHCP agents
2026-08-24 16:06:47.145 8 WARNING neutron.api.rpc.agentnotifiers.dhcp_rpc_agent_api [None req-374fbc7f-8fe5-4896-98f4-d54605426ea8 7b540d7aced24fb89ca6a406c2e1bfd4 4fa3dca361be40d9ab048605d53f3bc0 - - default default] Unable to schedule network 8f10b6e9-2933-41c1-afb6-db84df368f06: no agents available; will retry on subsequent port and subnet creation events.
2026-08-24 16:06:47.619 7 INFO neutron.plugins.ml2.drivers.ovn.mech_driver.mech_driver [None req-d910ad26-363a-4024-9ec6-a546131090d2 - - - - - -] OVN reports status down for port: fe58e851-a1af-4f9a-8b08-027b8e1a1421
2026-08-24 16:06:47.679 8 INFO neutron.db.ovn_revision_numbers_db [None req-374fbc7f-8fe5-4896-98f4-d54605426ea8 7b540d7aced24fb89ca6a406c2e1bfd4 4fa3dca361be40d9ab048605d53f3bc0 - - default default] Successfully bumped revision number for resource fe58e851-a1af-4f9a-8b08-027b8e1a1421 (type: ports) to 1 [pid: 8|app: 0|req: 2/6] 199.19.213.103 () {48 vars in 967 bytes} [Mon Aug 24 16:06:45 2026] POST /v2.0/networks => generated 744 bytes in 1883 msecs (HTTP/1.1 201) 4 headers in 162 bytes (1 switches on core 0)
2026-08-24 16:06:49.438 7 INFO neutron.pecan_wsgi.hooks.translation [None req-075afad0-f532-4d94-8a79-2e9edaa79203 7b540d7aced24fb89ca6a406c2e1bfd4 4fa3dca361be40d9ab048605d53f3bc0 - - default default] GET failed (client error): The resource could not be found. [pid: 7|app: 0|req: 5/7] 199.19.213.103 () {44 vars in 927 bytes} [Mon Aug 24 16:06:49 2026] GET /v2.0/networks/public => generated 108 bytes in 402 msecs (HTTP/1.1 404) 4 headers in 164 bytes (1 switches on core 0) [pid: 8|app: 0|req: 3/8] 199.19.213.103 () {44 vars in 949 bytes} [Mon Aug 24 16:06:49 2026] GET /v2.0/networks?name=public => generated 753 bytes in 56 msecs (HTTP/1.1 200) 4 headers in 157 bytes (1 switches on core 0)
2026-08-24 16:06:49.545 7 INFO neutron.pecan_wsgi.hooks.translation [None req-8d22ff22-301d-40bc-9a26-cf9be71ebf43 7b540d7aced24fb89ca6a406c2e1bfd4 4fa3dca361be40d9ab048605d53f3bc0 - - default default] GET failed (client error): The resource could not be found. [pid: 7|app: 0|req: 6/9] 199.19.213.103 () {44 vars in 1034 bytes} [Mon Aug 24 16:06:49 2026] GET /v2.0/subnets/public-subnet?network_id=8f10b6e9-2933-41c1-afb6-db84df368f06 => generated 113 bytes in 36 msecs (HTTP/1.1 404) 4 headers in 164 bytes (1 switches on core 0) [pid: 8|app: 0|req: 4/10] 199.19.213.103 () {44 vars in 1057 bytes} [Mon Aug 24 16:06:49 2026] GET /v2.0/subnets?name=public-subnet&network_id=8f10b6e9-2933-41c1-afb6-db84df368f06 => generated 14 bytes in 26 msecs (HTTP/1.1 200) 4 headers in 156 bytes (1 switches on core 0)
2026-08-24 16:06:50.155 7 WARNING neutron.scheduler.dhcp_agent_scheduler [None req-6f2b8466-39a7-4fd0-9d02-d981863eac1a 7b540d7aced24fb89ca6a406c2e1bfd4 4fa3dca361be40d9ab048605d53f3bc0 - - default default] No more DHCP agents
2026-08-24 16:06:50.156 7 WARNING neutron.api.rpc.agentnotifiers.dhcp_rpc_agent_api [None req-6f2b8466-39a7-4fd0-9d02-d981863eac1a 7b540d7aced24fb89ca6a406c2e1bfd4 4fa3dca361be40d9ab048605d53f3bc0 - - default default] Unable to schedule network 8f10b6e9-2933-41c1-afb6-db84df368f06: no agents available; will retry on subsequent port and subnet creation events.
2026-08-24 16:06:51.262 7 INFO neutron.db.ovn_revision_numbers_db [None req-1e4ab61c-bba5-4e3f-9bbc-e5b30e1bd79a - - - - - -] Successfully bumped revision number for resource fe58e851-a1af-4f9a-8b08-027b8e1a1421 (type: ports) to 2
2026-08-24 16:06:51.316 7 INFO neutron.db.ovn_revision_numbers_db [None req-1e4ab61c-bba5-4e3f-9bbc-e5b30e1bd79a - - - - - -] Successfully bumped revision number for resource 0a7166fb-8adf-4210-a48d-f1e68d07cf19 (type: subnets) to 0 [pid: 7|app: 0|req: 7/11] 199.19.213.103 () {48 vars in 965 bytes} [Mon Aug 24 16:06:49 2026] POST /v2.0/subnets => generated 664 bytes in 1757 msecs (HTTP/1.1 201) 4 headers in 162 bytes (1 switches on core 0)
2026-08-24 16:12:13.205 8 INFO neutron.pecan_wsgi.hooks.translation [None req-544283a0-0c1d-424a-8c97-aea81268d72f 7b540d7aced24fb89ca6a406c2e1bfd4 4fa3dca361be40d9ab048605d53f3bc0 - - default default] GET failed (client error): The resource could not be found. [pid: 8|app: 0|req: 26/53] 199.19.213.103 () {44 vars in 937 bytes} [Mon Aug 24 16:12:13 2026] GET /v2.0/networks/lb-mgmt-net => generated 113 bytes in 155 msecs (HTTP/1.1 404) 4 headers in 164 bytes (1 switches on core 0) [pid: 7|app: 0|req: 28/54] 199.19.213.103 () {44 vars in 959 bytes} [Mon Aug 24 16:12:13 2026] GET /v2.0/networks?name=lb-mgmt-net => generated 15 bytes in 26 msecs (HTTP/1.1 200) 4 headers in 156 bytes (1 switches on core 0)
2026-08-24 16:12:13.356 8 INFO neutron.db.segments_db [None req-b9d86ae4-58d0-41ce-adae-5ce0396afaea 7b540d7aced24fb89ca6a406c2e1bfd4 4fa3dca361be40d9ab048605d53f3bc0 - - default default] Added segment db7818ac-2575-4730-ab95-d2e6ea2e672d of type geneve for network 45151a6e-fa14-43e6-aa3f-c0939fc41876
2026-08-24 16:12:13.539 8 INFO neutron.db.ovn_revision_numbers_db [None req-b9d86ae4-58d0-41ce-adae-5ce0396afaea 7b540d7aced24fb89ca6a406c2e1bfd4 4fa3dca361be40d9ab048605d53f3bc0 - - default default] Successfully bumped revision number for resource 45151a6e-fa14-43e6-aa3f-c0939fc41876 (type: networks) to 1
