2026-05-09 14:04:05.890 7 INFO cinder.api.openstack.wsgi [req-e667e840-6e1c-4c22-85fa-aa884e815395 req-c828f3b0-b1df-4f66-b79a-5590c6f36a0a f7d6696d097c4fb69055967fb82a338c c75a516b3ba44bedb1f5a95915f21679 - - default default] GET http://cinder-api.openstack.svc.cluster.local:8776/v3/c75a516b3ba44bedb1f5a95915f21679/volumes/10d670e9-73d1-47d2-82a3-db8de0425483 /var/lib/openstack/lib/python3.10/site-packages/oslo_context/context.py:100: DeprecationWarning: Policy enforcement is depending on the value of is_admin. This key is deprecated. Please update your policy file to use the standard policy values. warnings.warn('Policy enforcement is depending on the value of '
2026-05-09 14:04:05.914 7 INFO cinder.volume.api [req-e667e840-6e1c-4c22-85fa-aa884e815395 req-c828f3b0-b1df-4f66-b79a-5590c6f36a0a f7d6696d097c4fb69055967fb82a338c c75a516b3ba44bedb1f5a95915f21679 - - default default] Volume info retrieved successfully.
2026-05-09 14:04:05.925 7 INFO cinder.api.openstack.wsgi [req-e667e840-6e1c-4c22-85fa-aa884e815395 req-c828f3b0-b1df-4f66-b79a-5590c6f36a0a f7d6696d097c4fb69055967fb82a338c c75a516b3ba44bedb1f5a95915f21679 - - default default] http://cinder-api.openstack.svc.cluster.local:8776/v3/c75a516b3ba44bedb1f5a95915f21679/volumes/10d670e9-73d1-47d2-82a3-db8de0425483 returned with HTTP 200 [pid: 7|app: 0|req: 344/689] 10.0.0.72 () {34 vars in 1027 bytes} [Sat May 9 14:04:05 2026] GET /v3/c75a516b3ba44bedb1f5a95915f21679/volumes/10d670e9-73d1-47d2-82a3-db8de0425483 => generated 1342 bytes in 50 msecs (HTTP/1.1 200) 7 headers in 286 bytes (1 switches on core 0)
2026-05-09 14:04:05.939 8 INFO cinder.api.openstack.wsgi [req-e667e840-6e1c-4c22-85fa-aa884e815395 req-7084f422-674b-44d1-9113-9b4fec542c91 f7d6696d097c4fb69055967fb82a338c c75a516b3ba44bedb1f5a95915f21679 - - default default] GET http://cinder-api.openstack.svc.cluster.local:8776/
2026-05-09 14:04:05.947 8 INFO cinder.api.openstack.wsgi [req-e667e840-6e1c-4c22-85fa-aa884e815395 req-7084f422-674b-44d1-9113-9b4fec542c91 f7d6696d097c4fb69055967fb82a338c c75a516b3ba44bedb1f5a95915f21679 - - default default] http://cinder-api.openstack.svc.cluster.local:8776/ returned with HTTP 300 [pid: 8|app: 0|req: 346/690] 10.0.0.72 () {32 vars in 828 bytes} [Sat May 9 14:04:05 2026] GET / => generated 411 bytes in 8 msecs (HTTP/1.1 300) 5 headers in 169 bytes (1 switches on core 0) /var/lib/openstack/lib/python3.10/site-packages/pycadf/identifier.py:71: UserWarning: Invalid uuid: cinderv3. To ensure interoperability, identifiers should be a valid uuid. warnings.warn(('Invalid uuid: %s. To ensure interoperability, '
2026-05-09 14:04:05.970 7 INFO cinder.api.openstack.wsgi [req-e667e840-6e1c-4c22-85fa-aa884e815395 req-56fb1fc6-6a2b-4511-b1d8-9dfca75722de f7d6696d097c4fb69055967fb82a338c c75a516b3ba44bedb1f5a95915f21679 - - default default] POST http://cinder-api.openstack.svc.cluster.local:8776/v3/c75a516b3ba44bedb1f5a95915f21679/attachments /var/lib/openstack/lib/python3.10/site-packages/oslo_context/context.py:100: DeprecationWarning: Policy enforcement is depending on the value of is_admin. This key is deprecated. Please update your policy file to use the standard policy values. warnings.warn('Policy enforcement is depending on the value of '
2026-05-09 14:04:06.063 7 INFO cinder.api.openstack.wsgi [req-e667e840-6e1c-4c22-85fa-aa884e815395 req-56fb1fc6-6a2b-4511-b1d8-9dfca75722de f7d6696d097c4fb69055967fb82a338c c75a516b3ba44bedb1f5a95915f21679 - - default default] http://cinder-api.openstack.svc.cluster.local:8776/v3/c75a516b3ba44bedb1f5a95915f21679/attachments returned with HTTP 200 [pid: 7|app: 0|req: 345/691] 10.0.0.72 () {40 vars in 1056 bytes} [Sat May 9 14:04:05 2026] POST /v3/c75a516b3ba44bedb1f5a95915f21679/attachments => generated 273 bytes in 104 msecs (HTTP/1.1 200) 7 headers in 286 bytes (1 switches on core 0)
2026-05-09 14:04:07.272 8 INFO cinder.api.openstack.wsgi [req-e667e840-6e1c-4c22-85fa-aa884e815395 req-7084f422-674b-44d1-9113-9b4fec542c91 f7d6696d097c4fb69055967fb82a338c c75a516b3ba44bedb1f5a95915f21679 - - default default] GET http://cinder-api.openstack.svc.cluster.local:8776/
2026-05-09 14:04:07.273 8 INFO cinder.api.openstack.wsgi [req-e667e840-6e1c-4c22-85fa-aa884e815395 req-7084f422-674b-44d1-9113-9b4fec542c91 f7d6696d097c4fb69055967fb82a338c c75a516b3ba44bedb1f5a95915f21679 - - default default] http://cinder-api.openstack.svc.cluster.local:8776/ returned with HTTP 300 [pid: 8|app: 0|req: 347/692] 199.204.45.4 () {32 vars in 838 bytes} [Sat May 9 14:04:07 2026] GET / => generated 411 bytes in 2 msecs (HTTP/1.1 300) 5 headers in 169 bytes (1 switches on core 0) /var/lib/openstack/lib/python3.10/site-packages/pycadf/identifier.py:71: UserWarning: Invalid uuid: cinderv3. To ensure interoperability, identifiers should be a valid uuid. warnings.warn(('Invalid uuid: %s. To ensure interoperability, '
2026-05-09 14:04:07.325 7 INFO cinder.api.openstack.wsgi [req-e667e840-6e1c-4c22-85fa-aa884e815395 req-9e063eb0-f6fe-4cdf-aaa5-6bc4478856be f7d6696d097c4fb69055967fb82a338c c75a516b3ba44bedb1f5a95915f21679 - - default default] GET http://cinder-api.openstack.svc.cluster.local:8776/v3/c75a516b3ba44bedb1f5a95915f21679/volumes/10d670e9-73d1-47d2-82a3-db8de0425483 /var/lib/openstack/lib/python3.10/site-packages/oslo_context/context.py:100: DeprecationWarning: Policy enforcement is depending on the value of is_admin. This key is deprecated. Please update your policy file to use the standard policy values. warnings.warn('Policy enforcement is depending on the value of '
2026-05-09 14:04:07.378 7 INFO cinder.volume.api [req-e667e840-6e1c-4c22-85fa-aa884e815395 req-9e063eb0-f6fe-4cdf-aaa5-6bc4478856be f7d6696d097c4fb69055967fb82a338c c75a516b3ba44bedb1f5a95915f21679 - - default default] Volume info retrieved successfully.
2026-05-09 14:04:07.387 7 INFO cinder.api.openstack.wsgi [req-e667e840-6e1c-4c22-85fa-aa884e815395 req-9e063eb0-f6fe-4cdf-aaa5-6bc4478856be f7d6696d097c4fb69055967fb82a338c c75a516b3ba44bedb1f5a95915f21679 - - default default] http://cinder-api.openstack.svc.cluster.local:8776/v3/c75a516b3ba44bedb1f5a95915f21679/volumes/10d670e9-73d1-47d2-82a3-db8de0425483 returned with HTTP 200 [pid: 7|app: 0|req: 346/693] 199.204.45.4 () {36 vars in 1071 bytes} [Sat May 9 14:04:07 2026] GET /v3/c75a516b3ba44bedb1f5a95915f21679/volumes/10d670e9-73d1-47d2-82a3-db8de0425483 => generated 1440 bytes in 79 msecs (HTTP/1.1 200) 7 headers in 287 bytes (1 switches on core 0) /var/lib/openstack/lib/python3.10/site-packages/pycadf/identifier.py:71: UserWarning: Invalid uuid: cinderv3. To ensure interoperability, identifiers should be a valid uuid. warnings.warn(('Invalid uuid: %s. To ensure interoperability, '
2026-05-09 14:04:09.809 8 INFO cinder.api.openstack.wsgi [req-e667e840-6e1c-4c22-85fa-aa884e815395 req-aaaf2991-7b63-4887-8f8f-cba3ff26adb3 f7d6696d097c4fb69055967fb82a338c c75a516b3ba44bedb1f5a95915f21679 - - default default] PUT http://cinder-api.openstack.svc.cluster.local:8776/v3/c75a516b3ba44bedb1f5a95915f21679/attachments/bdf185b3-66a4-4f64-857d-ec4b04d43cf1 /var/lib/openstack/lib/python3.10/site-packages/oslo_context/context.py:100: DeprecationWarning: Policy enforcement is depending on the value of is_admin. This key is deprecated. Please update your policy file to use the standard policy values. warnings.warn('Policy enforcement is depending on the value of '
2026-05-09 14:04:10.601 8 INFO cinder.api.openstack.wsgi [req-e667e840-6e1c-4c22-85fa-aa884e815395 req-aaaf2991-7b63-4887-8f8f-cba3ff26adb3 f7d6696d097c4fb69055967fb82a338c c75a516b3ba44bedb1f5a95915f21679 - - default default] http://cinder-api.openstack.svc.cluster.local:8776/v3/c75a516b3ba44bedb1f5a95915f21679/attachments/bdf185b3-66a4-4f64-857d-ec4b04d43cf1 returned with HTTP 200 [pid: 8|app: 0|req: 348/694] 199.204.45.4 () {40 vars in 1132 bytes} [Sat May 9 14:04:09 2026] PUT /v3/c75a516b3ba44bedb1f5a95915f21679/attachments/bdf185b3-66a4-4f64-857d-ec4b04d43cf1 => generated 775 bytes in 801 msecs (HTTP/1.1 200) 7 headers in 286 bytes (1 switches on core 0) /var/lib/openstack/lib/python3.10/site-packages/pycadf/identifier.py:71: UserWarning: Invalid uuid: cinderv3. To ensure interoperability, identifiers should be a valid uuid. warnings.warn(('Invalid uuid: %s. To ensure interoperability, '
2026-05-09 14:04:10.665 7 INFO cinder.api.openstack.wsgi [req-e667e840-6e1c-4c22-85fa-aa884e815395 req-6eb4453a-8e5f-4485-96dd-80b7c6bb419d f7d6696d097c4fb69055967fb82a338c c75a516b3ba44bedb1f5a95915f21679 - - default default] POST http://cinder-api.openstack.svc.cluster.local:8776/v3/c75a516b3ba44bedb1f5a95915f21679/attachments/bdf185b3-66a4-4f64-857d-ec4b04d43cf1/action /var/lib/openstack/lib/python3.10/site-packages/oslo_context/context.py:100: DeprecationWarning: Policy enforcement is depending on the value of is_admin. This key is deprecated. Please update your policy file to use the standard policy values. warnings.warn('Policy enforcement is depending on the value of '
2026-05-09 14:04:10.744 7 INFO cinder.api.openstack.wsgi [req-e667e840-6e1c-4c22-85fa-aa884e815395 req-6eb4453a-8e5f-4485-96dd-80b7c6bb419d f7d6696d097c4fb69055967fb82a338c c75a516b3ba44bedb1f5a95915f21679 - - default default] http://cinder-api.openstack.svc.cluster.local:8776/v3/c75a516b3ba44bedb1f5a95915f21679/attachments/bdf185b3-66a4-4f64-857d-ec4b04d43cf1/action returned with HTTP 204 [pid: 7|app: 0|req: 347/695] 199.204.45.4 () {40 vars in 1146 bytes} [Sat May 9 14:04:10 2026] POST /v3/c75a516b3ba44bedb1f5a95915f21679/attachments/bdf185b3-66a4-4f64-857d-ec4b04d43cf1/action => generated 0 bytes in 100 msecs (HTTP/1.1 204) 7 headers in 292 bytes (1 switches on core 0)
2026-05-09 14:04:12.021 7 INFO cinder.api.openstack.wsgi [req-e667e840-6e1c-4c22-85fa-aa884e815395 req-6eb4453a-8e5f-4485-96dd-80b7c6bb419d f7d6696d097c4fb69055967fb82a338c c75a516b3ba44bedb1f5a95915f21679 - - default default] GET http://10.0.0.107:8776/
2026-05-09 14:04:12.021 8 INFO cinder.api.openstack.wsgi [req-e667e840-6e1c-4c22-85fa-aa884e815395 req-aaaf2991-7b63-4887-8f8f-cba3ff26adb3 f7d6696d097c4fb69055967fb82a338c c75a516b3ba44bedb1f5a95915f21679 - - default default] GET http://10.0.0.107:8776/
2026-05-09 14:04:12.022 7 INFO cinder.api.openstack.wsgi [req-e667e840-6e1c-4c22-85fa-aa884e815395 req-6eb4453a-8e5f-4485-96dd-80b7c6bb419d f7d6696d097c4fb69055967fb82a338c c75a516b3ba44bedb1f5a95915f21679 - - default default] http://10.0.0.107:8776/ returned with HTTP 300
2026-05-09 14:04:12.022 8 INFO cinder.api.openstack.wsgi [req-e667e840-6e1c-4c22-85fa-aa884e815395 req-aaaf2991-7b63-4887-8f8f-cba3ff26adb3 f7d6696d097c4fb69055967fb82a338c c75a516b3ba44bedb1f5a95915f21679 - - default default] http://10.0.0.107:8776/ returned with HTTP 300
2026-05-09 14:04:22.021 7 INFO cinder.api.openstack.wsgi [req-e667e840-6e1c-4c22-85fa-aa884e815395 req-6eb4453a-8e5f-4485-96dd-80b7c6bb419d f7d6696d097c4fb69055967fb82a338c c75a516b3ba44bedb1f5a95915f21679 - - default default] GET http://10.0.0.107:8776/
2026-05-09 14:04:22.022 8 INFO cinder.api.openstack.wsgi [req-e667e840-6e1c-4c22-85fa-aa884e815395 req-aaaf2991-7b63-4887-8f8f-cba3ff26adb3 f7d6696d097c4fb69055967fb82a338c c75a516b3ba44bedb1f5a95915f21679 - - default default] GET http://10.0.0.107:8776/
2026-05-09 14:04:22.023 8 INFO cinder.api.openstack.wsgi [req-e667e840-6e1c-4c22-85fa-aa884e815395 req-aaaf2991-7b63-4887-8f8f-cba3ff26adb3 f7d6696d097c4fb69055967fb82a338c c75a516b3ba44bedb1f5a95915f21679 - - default default] http://10.0.0.107:8776/ returned with HTTP 300
2026-05-09 14:04:22.023 7 INFO cinder.api.openstack.wsgi [req-e667e840-6e1c-4c22-85fa-aa884e815395 req-6eb4453a-8e5f-4485-96dd-80b7c6bb419d f7d6696d097c4fb69055967fb82a338c c75a516b3ba44bedb1f5a95915f21679 - - default default] http://10.0.0.107:8776/ returned with HTTP 300 /var/lib/openstack/lib/python3.10/site-packages/pycadf/identifier.py:71: UserWarning: Invalid uuid: cinderv3. To ensure interoperability, identifiers should be a valid uuid. warnings.warn(('Invalid uuid: %s. To ensure interoperability, '
2026-05-09 14:04:25.470 8 INFO cinder.api.openstack.wsgi [req-e80a1fda-eebf-493f-b134-296094314f05 req-0adecede-d263-48f5-b31f-2e0580758cb4 f7d6696d097c4fb69055967fb82a338c c75a516b3ba44bedb1f5a95915f21679 - - default default] DELETE http://cinder-api.openstack.svc.cluster.local:8776/v3/c75a516b3ba44bedb1f5a95915f21679/attachments/bdf185b3-66a4-4f64-857d-ec4b04d43cf1 /var/lib/openstack/lib/python3.10/site-packages/oslo_context/context.py:100: DeprecationWarning: Policy enforcement is depending on the value of is_admin. This key is deprecated. Please update your policy file to use the standard policy values. warnings.warn('Policy enforcement is depending on the value of '
2026-05-09 14:04:25.567 8 INFO cinder.api.openstack.wsgi [req-e80a1fda-eebf-493f-b134-296094314f05 req-0adecede-d263-48f5-b31f-2e0580758cb4 f7d6696d097c4fb69055967fb82a338c c75a516b3ba44bedb1f5a95915f21679 - - default default] http://cinder-api.openstack.svc.cluster.local:8776/v3/c75a516b3ba44bedb1f5a95915f21679/attachments/bdf185b3-66a4-4f64-857d-ec4b04d43cf1 returned with HTTP 200 [pid: 8|app: 0|req: 351/700] 199.204.45.4 () {38 vars in 1101 bytes} [Sat May 9 14:04:25 2026] DELETE /v3/c75a516b3ba44bedb1f5a95915f21679/attachments/bdf185b3-66a4-4f64-857d-ec4b04d43cf1 => generated 19 bytes in 113 msecs (HTTP/1.1 200) 7 headers in 285 bytes (1 switches on core 0) /var/lib/openstack/lib/python3.10/site-packages/pycadf/identifier.py:71: UserWarning: Invalid uuid: cinderv3. To ensure interoperability, identifiers should be a valid uuid. warnings.warn(('Invalid uuid: %s. To ensure interoperability, '
2026-05-09 14:04:25.590 7 INFO cinder.api.openstack.wsgi [req-e80a1fda-eebf-493f-b134-296094314f05 req-6df776e6-18f1-4f0e-b795-265e3947538b f7d6696d097c4fb69055967fb82a338c c75a516b3ba44bedb1f5a95915f21679 - - default default] DELETE http://cinder-api.openstack.svc.cluster.local:8776/v3/c75a516b3ba44bedb1f5a95915f21679/volumes/10d670e9-73d1-47d2-82a3-db8de0425483
2026-05-09 14:04:25.590 7 INFO cinder.api.v3.volumes [req-e80a1fda-eebf-493f-b134-296094314f05 req-6df776e6-18f1-4f0e-b795-265e3947538b f7d6696d097c4fb69055967fb82a338c c75a516b3ba44bedb1f5a95915f21679 - - default default] Delete volume with id: 10d670e9-73d1-47d2-82a3-db8de0425483  /var/lib/openstack/lib/python3.10/site-packages/oslo_context/context.py:100: DeprecationWarning: Policy enforcement is depending on the value of is_admin. This key is deprecated. Please update your policy file to use the standard policy values. warnings.warn('Policy enforcement is depending on the value of '
2026-05-09 14:04:25.611 7 INFO cinder.volume.api [req-e80a1fda-eebf-493f-b134-296094314f05 req-6df776e6-18f1-4f0e-b795-265e3947538b f7d6696d097c4fb69055967fb82a338c c75a516b3ba44bedb1f5a95915f21679 - - default default] Volume info retrieved successfully.
2026-05-09 14:04:25.656 7 INFO cinder.volume.api [req-e80a1fda-eebf-493f-b134-296094314f05 req-6df776e6-18f1-4f0e-b795-265e3947538b f7d6696d097c4fb69055967fb82a338c c75a516b3ba44bedb1f5a95915f21679 - - default default] Delete volume request issued successfully.
2026-05-09 14:04:25.657 7 INFO cinder.api.openstack.wsgi [req-e80a1fda-eebf-493f-b134-296094314f05 req-6df776e6-18f1-4f0e-b795-265e3947538b f7d6696d097c4fb69055967fb82a338c c75a516b3ba44bedb1f5a95915f21679 - - default default] http://cinder-api.openstack.svc.cluster.local:8776/v3/c75a516b3ba44bedb1f5a95915f21679/volumes/10d670e9-73d1-47d2-82a3-db8de0425483 returned with HTTP 202 [pid: 7|app: 0|req: 350/701] 199.204.45.4 () {36 vars in 1052 bytes} [Sat May 9 14:04:25 2026] DELETE /v3/c75a516b3ba44bedb1f5a95915f21679/volumes/10d670e9-73d1-47d2-82a3-db8de0425483 => generated 0 bytes in 78 msecs (HTTP/1.1 202) 6 headers in 233 bytes (1 switches on core 0)
2026-05-09 14:04:32.021 8 INFO cinder.api.openstack.wsgi [req-e80a1fda-eebf-493f-b134-296094314f05 req-0adecede-d263-48f5-b31f-2e0580758cb4 f7d6696d097c4fb69055967fb82a338c c75a516b3ba44bedb1f5a95915f21679 - - default default] GET http://10.0.0.107:8776/
2026-05-09 14:04:32.022 8 INFO cinder.api.openstack.wsgi [req-e80a1fda-eebf-493f-b134-296094314f05 req-0adecede-d263-48f5-b31f-2e0580758cb4 f7d6696d097c4fb69055967fb82a338c c75a516b3ba44bedb1f5a95915f21679 - - default default] http://10.0.0.107:8776/ returned with HTTP 300
2026-05-09 14:04:32.022 7 INFO cinder.api.openstack.wsgi [req-e80a1fda-eebf-493f-b134-296094314f05 req-6df776e6-18f1-4f0e-b795-265e3947538b f7d6696d097c4fb69055967fb82a338c c75a516b3ba44bedb1f5a95915f21679 - - default default] GET http://10.0.0.107:8776/
2026-05-09 14:04:32.023 7 INFO cinder.api.openstack.wsgi [req-e80a1fda-eebf-493f-b134-296094314f05 req-6df776e6-18f1-4f0e-b795-265e3947538b f7d6696d097c4fb69055967fb82a338c c75a516b3ba44bedb1f5a95915f21679 - - default default] http://10.0.0.107:8776/ returned with HTTP 300 /var/lib/openstack/lib/python3.10/site-packages/pycadf/identifier.py:71: UserWarning: Invalid uuid: cinderv3. To ensure interoperability, identifiers should be a valid uuid. warnings.warn(('Invalid uuid: %s. To ensure interoperability, '
2026-05-09 14:04:32.211 8 INFO cinder.api.openstack.wsgi [None req-c3bd44e6-f36c-4520-ba7f-bacb1cb6d821 c34a7b23742a40d1ab407a150254e6da 50cdc37cf28d4185bcf3728c8db8a731 - - default default] GET http://cinder-api.openstack.svc.cluster.local:8776/v3/50cdc37cf28d4185bcf3728c8db8a731/volumes/detail?all_tenants=true /var/lib/openstack/lib/python3.10/site-packages/oslo_context/context.py:100: DeprecationWarning: Policy enforcement is depending on the value of is_admin. This key is deprecated. Please update your policy file to use the standard policy values. warnings.warn('Policy enforcement is depending on the value of '
2026-05-09 14:04:32.223 8 INFO cinder.volume.api [None req-c3bd44e6-f36c-4520-ba7f-bacb1cb6d821 c34a7b23742a40d1ab407a150254e6da 50cdc37cf28d4185bcf3728c8db8a731 - - default default] Get all volumes completed successfully.
2026-05-09 14:04:32.225 8 INFO cinder.api.openstack.wsgi [None req-c3bd44e6-f36c-4520-ba7f-bacb1cb6d821 c34a7b23742a40d1ab407a150254e6da 50cdc37cf28d4185bcf3728c8db8a731 - - default default] http://cinder-api.openstack.svc.cluster.local:8776/v3/50cdc37cf28d4185bcf3728c8db8a731/volumes/detail?all_tenants=true returned with HTTP 200 [pid: 8|app: 0|req: 353/704] 10.0.0.111 () {28 vars in 684 bytes} [Sat May 9 14:04:32 2026] GET /v3/50cdc37cf28d4185bcf3728c8db8a731/volumes/detail?all_tenants=true => generated 15 bytes in 157 msecs (HTTP/1.1 200) 7 headers in 284 bytes (1 switches on core 0) /var/lib/openstack/lib/python3.10/site-packages/pycadf/identifier.py:71: UserWarning: Invalid uuid: cinderv3. To ensure interoperability, identifiers should be a valid uuid. warnings.warn(('Invalid uuid: %s. To ensure interoperability, '
2026-05-09 14:04:32.238 7 INFO cinder.api.openstack.wsgi [None req-fdb7d9ac-63f0-4fb8-8192-29d6f238523e c34a7b23742a40d1ab407a150254e6da 50cdc37cf28d4185bcf3728c8db8a731 - - default default] GET http://cinder-api.openstack.svc.cluster.local:8776/v3/50cdc37cf28d4185bcf3728c8db8a731/volumes/detail?all_tenants=true
2026-05-09 14:04:32.255 7 INFO cinder.volume.api [None req-fdb7d9ac-63f0-4fb8-8192-29d6f238523e c34a7b23742a40d1ab407a150254e6da 50cdc37cf28d4185bcf3728c8db8a731 - - default default] Get all volumes completed successfully.
2026-05-09 14:04:32.259 7 INFO cinder.api.openstack.wsgi [None req-fdb7d9ac-63f0-4fb8-8192-29d6f238523e c34a7b23742a40d1ab407a150254e6da 50cdc37cf28d4185bcf3728c8db8a731 - - default default] http://cinder-api.openstack.svc.cluster.local:8776/v3/50cdc37cf28d4185bcf3728c8db8a731/volumes/detail?all_tenants=true returned with HTTP 200 [pid: 7|app: 0|req: 352/705] 10.0.0.111 () {28 vars in 684 bytes} [Sat May 9 14:04:32 2026] GET /v3/50cdc37cf28d4185bcf3728c8db8a731/volumes/detail?all_tenants=true => generated 15 bytes in 28 msecs (HTTP/1.1 200) 7 headers in 284 bytes (1 switches on core 0)
2026-05-09 14:04:32.274 8 INFO cinder.api.openstack.wsgi [None req-b859e6b8-71e2-4174-86c7-16e4fa368eb3 c34a7b23742a40d1ab407a150254e6da 50cdc37cf28d4185bcf3728c8db8a731 - - default default] GET http://cinder-api.openstack.svc.cluster.local:8776/v3/50cdc37cf28d4185bcf3728c8db8a731/os-services
2026-05-09 14:04:32.292 8 INFO cinder.api.openstack.wsgi [None req-b859e6b8-71e2-4174-86c7-16e4fa368eb3 c34a7b23742a40d1ab407a150254e6da 50cdc37cf28d4185bcf3728c8db8a731 - - default default] http://cinder-api.openstack.svc.cluster.local:8776/v3/50cdc37cf28d4185bcf3728c8db8a731/os-services returned with HTTP 200 [pid: 8|app: 0|req: 354/706] 10.0.0.111 () {28 vars in 645 bytes} [Sat May 9 14:04:32 2026] GET /v3/50cdc37cf28d4185bcf3728c8db8a731/os-services => generated 646 bytes in 30 msecs (HTTP/1.1 200) 7 headers in 285 bytes (1 switches on core 0)
2026-05-09 14:04:32.319 7 INFO cinder.api.openstack.wsgi [None req-12de333f-94c8-4593-a230-a206fb7e5a2f c34a7b23742a40d1ab407a150254e6da 50cdc37cf28d4185bcf3728c8db8a731 - - default default] GET http://cinder-api.openstack.svc.cluster.local:8776/v3/50cdc37cf28d4185bcf3728c8db8a731/scheduler-stats/get_pools?detail=true
2026-05-09 14:04:32.355 7 INFO cinder.api.openstack.wsgi [None req-12de333f-94c8-4593-a230-a206fb7e5a2f c34a7b23742a40d1ab407a150254e6da 50cdc37cf28d4185bcf3728c8db8a731 - - default default] http://cinder-api.openstack.svc.cluster.local:8776/v3/50cdc37cf28d4185bcf3728c8db8a731/scheduler-stats/get_pools?detail=true returned with HTTP 200 [pid: 7|app: 0|req: 353/707] 10.0.0.111 () {28 vars in 696 bytes} [Sat May 9 14:04:32 2026] GET /v3/50cdc37cf28d4185bcf3728c8db8a731/scheduler-stats/get_pools?detail=true => generated 670 bytes in 47 msecs (HTTP/1.1 200) 7 headers in 285 bytes (1 switches on core 0)
2026-05-09 14:04:32.370 8 INFO cinder.api.openstack.wsgi [None req-485b6401-dbbe-4eed-81e0-0d477037d26a c34a7b23742a40d1ab407a150254e6da 50cdc37cf28d4185bcf3728c8db8a731 - - default default] GET http://cinder-api.openstack.svc.cluster.local:8776/v3/50cdc37cf28d4185bcf3728c8db8a731/snapshots?all_tenants=true
2026-05-09 14:04:32.378 8 INFO cinder.volume.api [None req-485b6401-dbbe-4eed-81e0-0d477037d26a c34a7b23742a40d1ab407a150254e6da 50cdc37cf28d4185bcf3728c8db8a731 - - default default] Get all snapshots completed successfully.
2026-05-09 14:04:32.378 8 INFO cinder.api.openstack.wsgi [None req-485b6401-dbbe-4eed-81e0-0d477037d26a c34a7b23742a40d1ab407a150254e6da 50cdc37cf28d4185bcf3728c8db8a731 - - default default] http://cinder-api.openstack.svc.cluster.local:8776/v3/50cdc37cf28d4185bcf3728c8db8a731/snapshots?all_tenants=true returned with HTTP 200 [pid: 8|app: 0|req: 355/708] 10.0.0.111 () {28 vars in 674 bytes} [Sat May 9 14:04:32 2026] GET /v3/50cdc37cf28d4185bcf3728c8db8a731/snapshots?all_tenants=true => generated 17 bytes in 15 msecs (HTTP/1.1 200) 7 headers in 284 bytes (1 switches on core 0)
2026-05-09 14:04:32.488 7 INFO cinder.api.openstack.wsgi [None req-986d0cc3-25d2-4526-9fba-425692104fe9 c34a7b23742a40d1ab407a150254e6da 50cdc37cf28d4185bcf3728c8db8a731 - - default default] GET http://cinder-api.openstack.svc.cluster.local:8776/v3/50cdc37cf28d4185bcf3728c8db8a731/os-quota-sets/19d3e22dc4c940c8bbd55d917ad64080?usage=true
2026-05-09 14:04:32.535 7 INFO cinder.api.openstack.wsgi [None req-986d0cc3-25d2-4526-9fba-425692104fe9 c34a7b23742a40d1ab407a150254e6da 50cdc37cf28d4185bcf3728c8db8a731 - - default default] http://cinder-api.openstack.svc.cluster.local:8776/v3/50cdc37cf28d4185bcf3728c8db8a731/os-quota-sets/19d3e22dc4c940c8bbd55d917ad64080?usage=true returned with HTTP 200 [pid: 7|app: 0|req: 354/709] 10.0.0.111 () {28 vars in 736 bytes} [Sat May 9 14:04:32 2026] GET /v3/50cdc37cf28d4185bcf3728c8db8a731/os-quota-sets/19d3e22dc4c940c8bbd55d917ad64080?usage=true => generated 847 bytes in 55 msecs (HTTP/1.1 200) 7 headers in 285 bytes (1 switches on core 0)
2026-05-09 14:04:32.548 8 INFO cinder.api.openstack.wsgi [None req-42dd2594-4269-4094-af88-89646ab26156 c34a7b23742a40d1ab407a150254e6da 50cdc37cf28d4185bcf3728c8db8a731 - - default default] GET http://cinder-api.openstack.svc.cluster.local:8776/v3/50cdc37cf28d4185bcf3728c8db8a731/os-quota-sets/50cdc37cf28d4185bcf3728c8db8a731?usage=true
2026-05-09 14:04:32.583 8 INFO cinder.api.openstack.wsgi [None req-42dd2594-4269-4094-af88-89646ab26156 c34a7b23742a40d1ab407a150254e6da 50cdc37cf28d4185bcf3728c8db8a731 - - default default] http://cinder-api.openstack.svc.cluster.local:8776/v3/50cdc37cf28d4185bcf3728c8db8a731/os-quota-sets/50cdc37cf28d4185bcf3728c8db8a731?usage=true returned with HTTP 200 [pid: 8|app: 0|req: 356/710] 10.0.0.111 () {28 vars in 736 bytes} [Sat May 9 14:04:32 2026] GET /v3/50cdc37cf28d4185bcf3728c8db8a731/os-quota-sets/50cdc37cf28d4185bcf3728c8db8a731?usage=true => generated 845 bytes in 42 msecs (HTTP/1.1 200) 7 headers in 285 bytes (1 switches on core 0)
2026-05-09 14:04:32.598 7 INFO cinder.api.openstack.wsgi [None req-71788f70-6c4f-4025-988c-7ed5d8bb9726 c34a7b23742a40d1ab407a150254e6da 50cdc37cf28d4185bcf3728c8db8a731 - - default default] GET http://cinder-api.openstack.svc.cluster.local:8776/v3/50cdc37cf28d4185bcf3728c8db8a731/os-quota-sets/782c66d06abf4fe0a9e7546c2cd28899?usage=true
2026-05-09 14:04:32.641 7 INFO cinder.api.openstack.wsgi [None req-71788f70-6c4f-4025-988c-7ed5d8bb9726 c34a7b23742a40d1ab407a150254e6da 50cdc37cf28d4185bcf3728c8db8a731 - - default default] http://cinder-api.openstack.svc.cluster.local:8776/v3/50cdc37cf28d4185bcf3728c8db8a731/os-quota-sets/782c66d06abf4fe0a9e7546c2cd28899?usage=true returned with HTTP 200 [pid: 7|app: 0|req: 355/711] 10.0.0.111 () {28 vars in 736 bytes} [Sat May 9 14:04:32 2026] GET /v3/50cdc37cf28d4185bcf3728c8db8a731/os-quota-sets/782c66d06abf4fe0a9e7546c2cd28899?usage=true => generated 847 bytes in 52 msecs (HTTP/1.1 200) 7 headers in 285 bytes (1 switches on core 0)
2026-05-09 14:04:32.663 8 INFO cinder.api.openstack.wsgi [None req-1723bc24-0edd-4a1c-bbc0-8e36483e3cdb c34a7b23742a40d1ab407a150254e6da 50cdc37cf28d4185bcf3728c8db8a731 - - default default] GET http://cinder-api.openstack.svc.cluster.local:8776/v3/50cdc37cf28d4185bcf3728c8db8a731/os-quota-sets/7cf33e1f3d684a8786d93fffb068e61b?usage=true
2026-05-09 14:04:32.687 8 INFO cinder.api.openstack.wsgi [None req-1723bc24-0edd-4a1c-bbc0-8e36483e3cdb c34a7b23742a40d1ab407a150254e6da 50cdc37cf28d4185bcf3728c8db8a731 - - default default] http://cinder-api.openstack.svc.cluster.local:8776/v3/50cdc37cf28d4185bcf3728c8db8a731/os-quota-sets/7cf33e1f3d684a8786d93fffb068e61b?usage=true returned with HTTP 200 [pid: 8|app: 0|req: 357/712] 10.0.0.111 () {28 vars in 736 bytes} [Sat May 9 14:04:32 2026] GET /v3/50cdc37cf28d4185bcf3728c8db8a731/os-quota-sets/7cf33e1f3d684a8786d93fffb068e61b?usage=true => generated 845 bytes in 38 msecs (HTTP/1.1 200) 7 headers in 285 bytes (1 switches on core 0)
2026-05-09 14:04:32.700 7 INFO cinder.api.openstack.wsgi [None req-d0ad5b7b-7249-4763-ad9a-cb800c12f748 c34a7b23742a40d1ab407a150254e6da 50cdc37cf28d4185bcf3728c8db8a731 - - default default] GET http://cinder-api.openstack.svc.cluster.local:8776/v3/50cdc37cf28d4185bcf3728c8db8a731/os-quota-sets/8e6d3222ee384c8ea2bc60dcd0e356b5?usage=true
2026-05-09 14:04:32.728 7 INFO cinder.api.openstack.wsgi [None req-d0ad5b7b-7249-4763-ad9a-cb800c12f748 c34a7b23742a40d1ab407a150254e6da 50cdc37cf28d4185bcf3728c8db8a731 - - default default] http://cinder-api.openstack.svc.cluster.local:8776/v3/50cdc37cf28d4185bcf3728c8db8a731/os-quota-sets/8e6d3222ee384c8ea2bc60dcd0e356b5?usage=true returned with HTTP 200 [pid: 7|app: 0|req: 356/713] 10.0.0.111 () {28 vars in 736 bytes} [Sat May 9 14:04:32 2026] GET /v3/50cdc37cf28d4185bcf3728c8db8a731/os-quota-sets/8e6d3222ee384c8ea2bc60dcd0e356b5?usage=true => generated 847 bytes in 37 msecs (HTTP/1.1 200) 7 headers in 285 bytes (1 switches on core 0)
2026-05-09 14:04:32.753 8 INFO cinder.api.openstack.wsgi [None req-c43f20b1-190a-4411-934f-0161a5c7c5c5 c34a7b23742a40d1ab407a150254e6da 50cdc37cf28d4185bcf3728c8db8a731 - - default default] GET http://cinder-api.openstack.svc.cluster.local:8776/v3/50cdc37cf28d4185bcf3728c8db8a731/os-quota-sets/c75a516b3ba44bedb1f5a95915f21679?usage=true
2026-05-09 14:04:32.792 8 INFO cinder.api.openstack.wsgi [None req-c43f20b1-190a-4411-934f-0161a5c7c5c5 c34a7b23742a40d1ab407a150254e6da 50cdc37cf28d4185bcf3728c8db8a731 - - default default] http://cinder-api.openstack.svc.cluster.local:8776/v3/50cdc37cf28d4185bcf3728c8db8a731/os-quota-sets/c75a516b3ba44bedb1f5a95915f21679?usage=true returned with HTTP 200 [pid: 8|app: 0|req: 358/714] 10.0.0.111 () {28 vars in 736 bytes} [Sat May 9 14:04:32 2026] GET /v3/50cdc37cf28d4185bcf3728c8db8a731/os-quota-sets/c75a516b3ba44bedb1f5a95915f21679?usage=true => generated 847 bytes in 56 msecs (HTTP/1.1 200) 7 headers in 285 bytes (1 switches on core 0)
2026-05-09 14:04:42.021 7 INFO cinder.api.openstack.wsgi [None req-d0ad5b7b-7249-4763-ad9a-cb800c12f748 c34a7b23742a40d1ab407a150254e6da 50cdc37cf28d4185bcf3728c8db8a731 - - default default] GET http://10.0.0.107:8776/
2026-05-09 14:04:42.022 8 INFO cinder.api.openstack.wsgi [None req-c43f20b1-190a-4411-934f-0161a5c7c5c5 c34a7b23742a40d1ab407a150254e6da 50cdc37cf28d4185bcf3728c8db8a731 - - default default] GET http://10.0.0.107:8776/
2026-05-09 14:04:42.022 7 INFO cinder.api.openstack.wsgi [None req-d0ad5b7b-7249-4763-ad9a-cb800c12f748 c34a7b23742a40d1ab407a150254e6da 50cdc37cf28d4185bcf3728c8db8a731 - - default default] http://10.0.0.107:8776/ returned with HTTP 300
2026-05-09 14:04:42.023 8 INFO cinder.api.openstack.wsgi [None req-c43f20b1-190a-4411-934f-0161a5c7c5c5 c34a7b23742a40d1ab407a150254e6da 50cdc37cf28d4185bcf3728c8db8a731 - - default default] http://10.0.0.107:8776/ returned with HTTP 300
2026-05-09 14:04:52.020 7 INFO cinder.api.openstack.wsgi [None req-d0ad5b7b-7249-4763-ad9a-cb800c12f748 c34a7b23742a40d1ab407a150254e6da 50cdc37cf28d4185bcf3728c8db8a731 - - default default] GET http://10.0.0.107:8776/
2026-05-09 14:04:52.021 8 INFO cinder.api.openstack.wsgi [None req-c43f20b1-190a-4411-934f-0161a5c7c5c5 c34a7b23742a40d1ab407a150254e6da 50cdc37cf28d4185bcf3728c8db8a731 - - default default] GET http://10.0.0.107:8776/
2026-05-09 14:04:52.021 7 INFO cinder.api.openstack.wsgi [None req-d0ad5b7b-7249-4763-ad9a-cb800c12f748 c34a7b23742a40d1ab407a150254e6da 50cdc37cf28d4185bcf3728c8db8a731 - - default default] http://10.0.0.107:8776/ returned with HTTP 300
2026-05-09 14:04:52.023 8 INFO cinder.api.openstack.wsgi [None req-c43f20b1-190a-4411-934f-0161a5c7c5c5 c34a7b23742a40d1ab407a150254e6da 50cdc37cf28d4185bcf3728c8db8a731 - - default default] http://10.0.0.107:8776/ returned with HTTP 300
2026-05-09 14:04:56.322 7 INFO cinder.api.openstack.wsgi [req-922571f4-8363-40aa-a211-4776eabb99c0 req-9a5f201c-9c91-4e60-aad2-ca54dd0e55d3 a7c5a4dd1408402cbf6691ba38e353ad 19d3e22dc4c940c8bbd55d917ad64080 - - default default] GET http://cinder-api.openstack.svc.cluster.local:8776/v3/19d3e22dc4c940c8bbd55d917ad64080/attachments?instance_id=f9750704-dba0-466e-9471-2c0c657f04f8
2026-05-09 14:04:56.344 7 INFO cinder.api.openstack.wsgi [req-922571f4-8363-40aa-a211-4776eabb99c0 req-9a5f201c-9c91-4e60-aad2-ca54dd0e55d3 a7c5a4dd1408402cbf6691ba38e353ad 19d3e22dc4c940c8bbd55d917ad64080 - - default default] http://cinder-api.openstack.svc.cluster.local:8776/v3/19d3e22dc4c940c8bbd55d917ad64080/attachments?instance_id=f9750704-dba0-466e-9471-2c0c657f04f8 returned with HTTP 200 [pid: 7|app: 0|req: 359/719] 199.204.45.4 () {36 vars in 1102 bytes} [Sat May 9 14:04:56 2026] GET /v3/19d3e22dc4c940c8bbd55d917ad64080/attachments?instance_id=f9750704-dba0-466e-9471-2c0c657f04f8 => generated 19 bytes in 30 msecs (HTTP/1.1 200) 7 headers in 285 bytes (1 switches on core 0)
2026-05-09 14:05:02.021 8 INFO cinder.api.openstack.wsgi [None req-c43f20b1-190a-4411-934f-0161a5c7c5c5 c34a7b23742a40d1ab407a150254e6da 50cdc37cf28d4185bcf3728c8db8a731 - - default default] GET http://10.0.0.107:8776/
2026-05-09 14:05:02.021 7 INFO cinder.api.openstack.wsgi [req-922571f4-8363-40aa-a211-4776eabb99c0 req-9a5f201c-9c91-4e60-aad2-ca54dd0e55d3 a7c5a4dd1408402cbf6691ba38e353ad 19d3e22dc4c940c8bbd55d917ad64080 - - default default] GET http://10.0.0.107:8776/
2026-05-09 14:05:02.022 7 INFO cinder.api.openstack.wsgi [req-922571f4-8363-40aa-a211-4776eabb99c0 req-9a5f201c-9c91-4e60-aad2-ca54dd0e55d3 a7c5a4dd1408402cbf6691ba38e353ad 19d3e22dc4c940c8bbd55d917ad64080 - - default default] http://10.0.0.107:8776/ returned with HTTP 300
2026-05-09 14:05:02.022 8 INFO cinder.api.openstack.wsgi [None req-c43f20b1-190a-4411-934f-0161a5c7c5c5 c34a7b23742a40d1ab407a150254e6da 50cdc37cf28d4185bcf3728c8db8a731 - - default default] http://10.0.0.107:8776/ returned with HTTP 300
2026-05-09 14:05:12.021 8 INFO cinder.api.openstack.wsgi [None req-c43f20b1-190a-4411-934f-0161a5c7c5c5 c34a7b23742a40d1ab407a150254e6da 50cdc37cf28d4185bcf3728c8db8a731 - - default default] GET http://10.0.0.107:8776/
2026-05-09 14:05:12.021 7 INFO cinder.api.openstack.wsgi [req-922571f4-8363-40aa-a211-4776eabb99c0 req-9a5f201c-9c91-4e60-aad2-ca54dd0e55d3 a7c5a4dd1408402cbf6691ba38e353ad 19d3e22dc4c940c8bbd55d917ad64080 - - default default] GET http://10.0.0.107:8776/
2026-05-09 14:05:12.022 7 INFO cinder.api.openstack.wsgi [req-922571f4-8363-40aa-a211-4776eabb99c0 req-9a5f201c-9c91-4e60-aad2-ca54dd0e55d3 a7c5a4dd1408402cbf6691ba38e353ad 19d3e22dc4c940c8bbd55d917ad64080 - - default default] http://10.0.0.107:8776/ returned with HTTP 300
2026-05-09 14:05:12.022 8 INFO cinder.api.openstack.wsgi [None req-c43f20b1-190a-4411-934f-0161a5c7c5c5 c34a7b23742a40d1ab407a150254e6da 50cdc37cf28d4185bcf3728c8db8a731 - - default default] http://10.0.0.107:8776/ returned with HTTP 300
2026-05-09 14:05:22.021 7 INFO cinder.api.openstack.wsgi [req-922571f4-8363-40aa-a211-4776eabb99c0 req-9a5f201c-9c91-4e60-aad2-ca54dd0e55d3 a7c5a4dd1408402cbf6691ba38e353ad 19d3e22dc4c940c8bbd55d917ad64080 - - default default] GET http://10.0.0.107:8776/
2026-05-09 14:05:22.021 8 INFO cinder.api.openstack.wsgi [None req-c43f20b1-190a-4411-934f-0161a5c7c5c5 c34a7b23742a40d1ab407a150254e6da 50cdc37cf28d4185bcf3728c8db8a731 - - default default] GET http://10.0.0.107:8776/
2026-05-09 14:05:22.022 7 INFO cinder.api.openstack.wsgi [req-922571f4-8363-40aa-a211-4776eabb99c0 req-9a5f201c-9c91-4e60-aad2-ca54dd0e55d3 a7c5a4dd1408402cbf6691ba38e353ad 19d3e22dc4c940c8bbd55d917ad64080 - - default default] http://10.0.0.107:8776/ returned with HTTP 300
2026-05-09 14:05:22.022 8 INFO cinder.api.openstack.wsgi [None req-c43f20b1-190a-4411-934f-0161a5c7c5c5 c34a7b23742a40d1ab407a150254e6da 50cdc37cf28d4185bcf3728c8db8a731 - - default default] http://10.0.0.107:8776/ returned with HTTP 300
2026-05-09 14:05:32.021 7 INFO cinder.api.openstack.wsgi [req-922571f4-8363-40aa-a211-4776eabb99c0 req-9a5f201c-9c91-4e60-aad2-ca54dd0e55d3 a7c5a4dd1408402cbf6691ba38e353ad 19d3e22dc4c940c8bbd55d917ad64080 - - default default] GET http://10.0.0.107:8776/
2026-05-09 14:05:32.021 8 INFO cinder.api.openstack.wsgi [None req-c43f20b1-190a-4411-934f-0161a5c7c5c5 c34a7b23742a40d1ab407a150254e6da 50cdc37cf28d4185bcf3728c8db8a731 - - default default] GET http://10.0.0.107:8776/
2026-05-09 14:05:32.022 7 INFO cinder.api.openstack.wsgi [req-922571f4-8363-40aa-a211-4776eabb99c0 req-9a5f201c-9c91-4e60-aad2-ca54dd0e55d3 a7c5a4dd1408402cbf6691ba38e353ad 19d3e22dc4c940c8bbd55d917ad64080 - - default default] http://10.0.0.107:8776/ returned with HTTP 300
2026-05-09 14:05:32.023 8 INFO cinder.api.openstack.wsgi [None req-c43f20b1-190a-4411-934f-0161a5c7c5c5 c34a7b23742a40d1ab407a150254e6da 50cdc37cf28d4185bcf3728c8db8a731 - - default default] http://10.0.0.107:8776/ returned with HTTP 300
2026-05-09 14:05:32.374 7 INFO cinder.api.openstack.wsgi [None req-b8f5306f-a8c5-4ce0-8a70-e64fdebbb47f c34a7b23742a40d1ab407a150254e6da 50cdc37cf28d4185bcf3728c8db8a731 - - default default] GET http://cinder-api.openstack.svc.cluster.local:8776/v3/50cdc37cf28d4185bcf3728c8db8a731/volumes/detail?all_tenants=true
2026-05-09 14:05:32.388 7 INFO cinder.volume.api [None req-b8f5306f-a8c5-4ce0-8a70-e64fdebbb47f c34a7b23742a40d1ab407a150254e6da 50cdc37cf28d4185bcf3728c8db8a731 - - default default] Get all volumes completed successfully.
2026-05-09 14:05:32.391 7 INFO cinder.api.openstack.wsgi [None req-b8f5306f-a8c5-4ce0-8a70-e64fdebbb47f c34a7b23742a40d1ab407a150254e6da 50cdc37cf28d4185bcf3728c8db8a731 - - default default] http://cinder-api.openstack.svc.cluster.local:8776/v3/50cdc37cf28d4185bcf3728c8db8a731/volumes/detail?all_tenants=true returned with HTTP 200 [pid: 7|app: 0|req: 364/728] 10.0.0.111 () {28 vars in 684 bytes} [Sat May 9 14:05:32 2026] GET /v3/50cdc37cf28d4185bcf3728c8db8a731/volumes/detail?all_tenants=true => generated 15 bytes in 250 msecs (HTTP/1.1 200) 7 headers in 284 bytes (1 switches on core 0)
2026-05-09 14:05:32.402 8 INFO cinder.api.openstack.wsgi [None req-03b98df0-5645-4bbf-be6a-f539c8546cd3 c34a7b23742a40d1ab407a150254e6da 50cdc37cf28d4185bcf3728c8db8a731 - - default default] GET http://cinder-api.openstack.svc.cluster.local:8776/v3/50cdc37cf28d4185bcf3728c8db8a731/volumes/detail?all_tenants=true
2026-05-09 14:05:32.411 8 INFO cinder.volume.api [None req-03b98df0-5645-4bbf-be6a-f539c8546cd3 c34a7b23742a40d1ab407a150254e6da 50cdc37cf28d4185bcf3728c8db8a731 - - default default] Get all volumes completed successfully.
2026-05-09 14:05:32.413 8 INFO cinder.api.openstack.wsgi [None req-03b98df0-5645-4bbf-be6a-f539c8546cd3 c34a7b23742a40d1ab407a150254e6da 50cdc37cf28d4185bcf3728c8db8a731 - - default default] http://cinder-api.openstack.svc.cluster.local:8776/v3/50cdc37cf28d4185bcf3728c8db8a731/volumes/detail?all_tenants=true returned with HTTP 200 [pid: 8|app: 0|req: 365/729] 10.0.0.111 () {28 vars in 684 bytes} [Sat May 9 14:05:32 2026] GET /v3/50cdc37cf28d4185bcf3728c8db8a731/volumes/detail?all_tenants=true => generated 15 bytes in 17 msecs (HTTP/1.1 200) 7 headers in 284 bytes (1 switches on core 0)
2026-05-09 14:05:32.425 7 INFO cinder.api.openstack.wsgi [None req-bfe984d7-e9b4-4d40-9c85-c2d96dcf8941 c34a7b23742a40d1ab407a150254e6da 50cdc37cf28d4185bcf3728c8db8a731 - - default default] GET http://cinder-api.openstack.svc.cluster.local:8776/v3/50cdc37cf28d4185bcf3728c8db8a731/snapshots?all_tenants=true
2026-05-09 14:05:32.433 7 INFO cinder.volume.api [None req-bfe984d7-e9b4-4d40-9c85-c2d96dcf8941 c34a7b23742a40d1ab407a150254e6da 50cdc37cf28d4185bcf3728c8db8a731 - - default default] Get all snapshots completed successfully.
2026-05-09 14:05:32.434 7 INFO cinder.api.openstack.wsgi [None req-bfe984d7-e9b4-4d40-9c85-c2d96dcf8941 c34a7b23742a40d1ab407a150254e6da 50cdc37cf28d4185bcf3728c8db8a731 - - default default] http://cinder-api.openstack.svc.cluster.local:8776/v3/50cdc37cf28d4185bcf3728c8db8a731/snapshots?all_tenants=true returned with HTTP 200 [pid: 7|app: 0|req: 365/730] 10.0.0.111 () {28 vars in 674 bytes} [Sat May 9 14:05:32 2026] GET /v3/50cdc37cf28d4185bcf3728c8db8a731/snapshots?all_tenants=true => generated 17 bytes in 17 msecs (HTTP/1.1 200) 7 headers in 284 bytes (1 switches on core 0)
2026-05-09 14:05:32.448 8 INFO cinder.api.openstack.wsgi [None req-d08d4d7b-46e4-4260-97cf-a397be75753f c34a7b23742a40d1ab407a150254e6da 50cdc37cf28d4185bcf3728c8db8a731 - - default default] GET http://cinder-api.openstack.svc.cluster.local:8776/v3/50cdc37cf28d4185bcf3728c8db8a731/scheduler-stats/get_pools?detail=true
2026-05-09 14:05:32.461 8 INFO cinder.api.openstack.wsgi [None req-d08d4d7b-46e4-4260-97cf-a397be75753f c34a7b23742a40d1ab407a150254e6da 50cdc37cf28d4185bcf3728c8db8a731 - - default default] http://cinder-api.openstack.svc.cluster.local:8776/v3/50cdc37cf28d4185bcf3728c8db8a731/scheduler-stats/get_pools?detail=true returned with HTTP 200 [pid: 8|app: 0|req: 366/731] 10.0.0.111 () {28 vars in 696 bytes} [Sat May 9 14:05:32 2026] GET /v3/50cdc37cf28d4185bcf3728c8db8a731/scheduler-stats/get_pools?detail=true => generated 670 bytes in 23 msecs (HTTP/1.1 200) 7 headers in 285 bytes (1 switches on core 0)
2026-05-09 14:05:32.559 7 INFO cinder.api.openstack.wsgi [None req-0e718e41-4413-4e15-bce5-27948b65c408 c34a7b23742a40d1ab407a150254e6da 50cdc37cf28d4185bcf3728c8db8a731 - - default default] GET http://cinder-api.openstack.svc.cluster.local:8776/v3/50cdc37cf28d4185bcf3728c8db8a731/os-quota-sets/03c9c5a09a074f65bbb5773db840130f?usage=true
2026-05-09 14:05:32.585 7 INFO cinder.api.openstack.wsgi [None req-0e718e41-4413-4e15-bce5-27948b65c408 c34a7b23742a40d1ab407a150254e6da 50cdc37cf28d4185bcf3728c8db8a731 - - default default] http://cinder-api.openstack.svc.cluster.local:8776/v3/50cdc37cf28d4185bcf3728c8db8a731/os-quota-sets/03c9c5a09a074f65bbb5773db840130f?usage=true returned with HTTP 200 [pid: 7|app: 0|req: 366/732] 10.0.0.111 () {28 vars in 736 bytes} [Sat May 9 14:05:32 2026] GET /v3/50cdc37cf28d4185bcf3728c8db8a731/os-quota-sets/03c9c5a09a074f65bbb5773db840130f?usage=true => generated 847 bytes in 33 msecs (HTTP/1.1 200) 7 headers in 285 bytes (1 switches on core 0)
2026-05-09 14:05:32.598 8 INFO cinder.api.openstack.wsgi [None req-0e72fd16-9c10-446e-b0cd-a89a5f25607c c34a7b23742a40d1ab407a150254e6da 50cdc37cf28d4185bcf3728c8db8a731 - - default default] GET http://cinder-api.openstack.svc.cluster.local:8776/v3/50cdc37cf28d4185bcf3728c8db8a731/os-quota-sets/50cdc37cf28d4185bcf3728c8db8a731?usage=true
2026-05-09 14:05:32.625 8 INFO cinder.api.openstack.wsgi [None req-0e72fd16-9c10-446e-b0cd-a89a5f25607c c34a7b23742a40d1ab407a150254e6da 50cdc37cf28d4185bcf3728c8db8a731 - - default default] http://cinder-api.openstack.svc.cluster.local:8776/v3/50cdc37cf28d4185bcf3728c8db8a731/os-quota-sets/50cdc37cf28d4185bcf3728c8db8a731?usage=true returned with HTTP 200 [pid: 8|app: 0|req: 367/733] 10.0.0.111 () {28 vars in 736 bytes} [Sat May 9 14:05:32 2026] GET /v3/50cdc37cf28d4185bcf3728c8db8a731/os-quota-sets/50cdc37cf28d4185bcf3728c8db8a731?usage=true => generated 845 bytes in 37 msecs (HTTP/1.1 200) 7 headers in 285 bytes (1 switches on core 0)
2026-05-09 14:05:32.637 7 INFO cinder.api.openstack.wsgi [None req-a7e9137a-154d-4cd0-aa59-584155a01465 c34a7b23742a40d1ab407a150254e6da 50cdc37cf28d4185bcf3728c8db8a731 - - default default] GET http://cinder-api.openstack.svc.cluster.local:8776/v3/50cdc37cf28d4185bcf3728c8db8a731/os-quota-sets/738dea598786417792e78a8f0d2590e7?usage=true
2026-05-09 14:05:32.660 7 INFO cinder.api.openstack.wsgi [None req-a7e9137a-154d-4cd0-aa59-584155a01465 c34a7b23742a40d1ab407a150254e6da 50cdc37cf28d4185bcf3728c8db8a731 - - default default] http://cinder-api.openstack.svc.cluster.local:8776/v3/50cdc37cf28d4185bcf3728c8db8a731/os-quota-sets/738dea598786417792e78a8f0d2590e7?usage=true returned with HTTP 200 [pid: 7|app: 0|req: 367/734] 10.0.0.111 () {28 vars in 736 bytes} [Sat May 9 14:05:32 2026] GET /v3/50cdc37cf28d4185bcf3728c8db8a731/os-quota-sets/738dea598786417792e78a8f0d2590e7?usage=true => generated 847 bytes in 31 msecs (HTTP/1.1 200) 7 headers in 285 bytes (1 switches on core 0)
2026-05-09 14:05:32.672 8 INFO cinder.api.openstack.wsgi [None req-f9b4d35a-8000-466d-8b05-be67eddbc94d c34a7b23742a40d1ab407a150254e6da 50cdc37cf28d4185bcf3728c8db8a731 - - default default] GET http://cinder-api.openstack.svc.cluster.local:8776/v3/50cdc37cf28d4185bcf3728c8db8a731/os-quota-sets/7cf33e1f3d684a8786d93fffb068e61b?usage=true
2026-05-09 14:05:32.699 8 INFO cinder.api.openstack.wsgi [None req-f9b4d35a-8000-466d-8b05-be67eddbc94d c34a7b23742a40d1ab407a150254e6da 50cdc37cf28d4185bcf3728c8db8a731 - - default default] http://cinder-api.openstack.svc.cluster.local:8776/v3/50cdc37cf28d4185bcf3728c8db8a731/os-quota-sets/7cf33e1f3d684a8786d93fffb068e61b?usage=true returned with HTTP 200 [pid: 8|app: 0|req: 368/735] 10.0.0.111 () {28 vars in 736 bytes} [Sat May 9 14:05:32 2026] GET /v3/50cdc37cf28d4185bcf3728c8db8a731/os-quota-sets/7cf33e1f3d684a8786d93fffb068e61b?usage=true => generated 845 bytes in 35 msecs (HTTP/1.1 200) 7 headers in 285 bytes (1 switches on core 0)
2026-05-09 14:05:32.715 7 INFO cinder.api.openstack.wsgi [None req-d17231ca-9caf-464d-8ea6-7cb204e456ab c34a7b23742a40d1ab407a150254e6da 50cdc37cf28d4185bcf3728c8db8a731 - - default default] GET http://cinder-api.openstack.svc.cluster.local:8776/v3/50cdc37cf28d4185bcf3728c8db8a731/os-quota-sets/8e6d3222ee384c8ea2bc60dcd0e356b5?usage=true
2026-05-09 14:05:32.740 7 INFO cinder.api.openstack.wsgi [None req-d17231ca-9caf-464d-8ea6-7cb204e456ab c34a7b23742a40d1ab407a150254e6da 50cdc37cf28d4185bcf3728c8db8a731 - - default default] http://cinder-api.openstack.svc.cluster.local:8776/v3/50cdc37cf28d4185bcf3728c8db8a731/os-quota-sets/8e6d3222ee384c8ea2bc60dcd0e356b5?usage=true returned with HTTP 200 [pid: 7|app: 0|req: 368/736] 10.0.0.111 () {28 vars in 736 bytes} [Sat May 9 14:05:32 2026] GET /v3/50cdc37cf28d4185bcf3728c8db8a731/os-quota-sets/8e6d3222ee384c8ea2bc60dcd0e356b5?usage=true => generated 847 bytes in 35 msecs (HTTP/1.1 200) 7 headers in 285 bytes (1 switches on core 0)
2026-05-09 14:05:32.751 8 INFO cinder.api.openstack.wsgi [None req-366d5d74-b5ee-4326-b050-dde684923d97 c34a7b23742a40d1ab407a150254e6da 50cdc37cf28d4185bcf3728c8db8a731 - - default default] GET http://cinder-api.openstack.svc.cluster.local:8776/v3/50cdc37cf28d4185bcf3728c8db8a731/os-quota-sets/a118767e90b64d0d827f43670b0ad141?usage=true
2026-05-09 14:05:32.779 8 INFO cinder.api.openstack.wsgi [None req-366d5d74-b5ee-4326-b050-dde684923d97 c34a7b23742a40d1ab407a150254e6da 50cdc37cf28d4185bcf3728c8db8a731 - - default default] http://cinder-api.openstack.svc.cluster.local:8776/v3/50cdc37cf28d4185bcf3728c8db8a731/os-quota-sets/a118767e90b64d0d827f43670b0ad141?usage=true returned with HTTP 200 [pid: 8|app: 0|req: 369/737] 10.0.0.111 () {28 vars in 736 bytes} [Sat May 9 14:05:32 2026] GET /v3/50cdc37cf28d4185bcf3728c8db8a731/os-quota-sets/a118767e90b64d0d827f43670b0ad141?usage=true => generated 847 bytes in 37 msecs (HTTP/1.1 200) 7 headers in 285 bytes (1 switches on core 0)
2026-05-09 14:05:32.792 7 INFO cinder.api.openstack.wsgi [None req-730b8142-56ae-4a08-af97-bacd0456fbe1 c34a7b23742a40d1ab407a150254e6da 50cdc37cf28d4185bcf3728c8db8a731 - - default default] GET http://cinder-api.openstack.svc.cluster.local:8776/v3/50cdc37cf28d4185bcf3728c8db8a731/os-services
2026-05-09 14:05:32.803 7 INFO cinder.api.openstack.wsgi [None req-730b8142-56ae-4a08-af97-bacd0456fbe1 c34a7b23742a40d1ab407a150254e6da 50cdc37cf28d4185bcf3728c8db8a731 - - default default] http://cinder-api.openstack.svc.cluster.local:8776/v3/50cdc37cf28d4185bcf3728c8db8a731/os-services returned with HTTP 200 [pid: 7|app: 0|req: 369/738] 10.0.0.111 () {28 vars in 645 bytes} [Sat May 9 14:05:32 2026] GET /v3/50cdc37cf28d4185bcf3728c8db8a731/os-services => generated 646 bytes in 20 msecs (HTTP/1.1 200) 7 headers in 285 bytes (1 switches on core 0)
2026-05-09 14:05:42.020 8 INFO cinder.api.openstack.wsgi [None req-366d5d74-b5ee-4326-b050-dde684923d97 c34a7b23742a40d1ab407a150254e6da 50cdc37cf28d4185bcf3728c8db8a731 - - default default] GET http://10.0.0.107:8776/
2026-05-09 14:05:42.021 7 INFO cinder.api.openstack.wsgi [None req-730b8142-56ae-4a08-af97-bacd0456fbe1 c34a7b23742a40d1ab407a150254e6da 50cdc37cf28d4185bcf3728c8db8a731 - - default default] GET http://10.0.0.107:8776/
2026-05-09 14:05:42.022 7 INFO cinder.api.openstack.wsgi [None req-730b8142-56ae-4a08-af97-bacd0456fbe1 c34a7b23742a40d1ab407a150254e6da 50cdc37cf28d4185bcf3728c8db8a731 - - default default] http://10.0.0.107:8776/ returned with HTTP 300
2026-05-09 14:05:42.023 8 INFO cinder.api.openstack.wsgi [None req-366d5d74-b5ee-4326-b050-dde684923d97 c34a7b23742a40d1ab407a150254e6da 50cdc37cf28d4185bcf3728c8db8a731 - - default default] http://10.0.0.107:8776/ returned with HTTP 300
2026-05-09 14:05:52.021 8 INFO cinder.api.openstack.wsgi [None req-366d5d74-b5ee-4326-b050-dde684923d97 c34a7b23742a40d1ab407a150254e6da 50cdc37cf28d4185bcf3728c8db8a731 - - default default] GET http://10.0.0.107:8776/
2026-05-09 14:05:52.022 7 INFO cinder.api.openstack.wsgi [None req-730b8142-56ae-4a08-af97-bacd0456fbe1 c34a7b23742a40d1ab407a150254e6da 50cdc37cf28d4185bcf3728c8db8a731 - - default default] GET http://10.0.0.107:8776/
2026-05-09 14:05:52.023 8 INFO cinder.api.openstack.wsgi [None req-366d5d74-b5ee-4326-b050-dde684923d97 c34a7b23742a40d1ab407a150254e6da 50cdc37cf28d4185bcf3728c8db8a731 - - default default] http://10.0.0.107:8776/ returned with HTTP 300
2026-05-09 14:05:52.025 7 INFO cinder.api.openstack.wsgi [None req-730b8142-56ae-4a08-af97-bacd0456fbe1 c34a7b23742a40d1ab407a150254e6da 50cdc37cf28d4185bcf3728c8db8a731 - - default default] http://10.0.0.107:8776/ returned with HTTP 300
2026-05-09 14:06:02.021 8 INFO cinder.api.openstack.wsgi [None req-366d5d74-b5ee-4326-b050-dde684923d97 c34a7b23742a40d1ab407a150254e6da 50cdc37cf28d4185bcf3728c8db8a731 - - default default] GET http://10.0.0.107:8776/
2026-05-09 14:06:02.021 7 INFO cinder.api.openstack.wsgi [None req-730b8142-56ae-4a08-af97-bacd0456fbe1 c34a7b23742a40d1ab407a150254e6da 50cdc37cf28d4185bcf3728c8db8a731 - - default default] GET http://10.0.0.107:8776/
2026-05-09 14:06:02.022 7 INFO cinder.api.openstack.wsgi [None req-730b8142-56ae-4a08-af97-bacd0456fbe1 c34a7b23742a40d1ab407a150254e6da 50cdc37cf28d4185bcf3728c8db8a731 - - default default] http://10.0.0.107:8776/ returned with HTTP 300
2026-05-09 14:06:02.023 8 INFO cinder.api.openstack.wsgi [None req-366d5d74-b5ee-4326-b050-dde684923d97 c34a7b23742a40d1ab407a150254e6da 50cdc37cf28d4185bcf3728c8db8a731 - - default default] http://10.0.0.107:8776/ returned with HTTP 300
2026-05-09 14:06:11.135 7 INFO cinder.api.openstack.wsgi [None req-9095e3e9-3ced-48ea-9718-267c04ae0b99 0f8861df7ad04094b651a5388cf17446 32b9f84193394b4b802ea2eeacd5b439 - - default default] POST http://cinder-api.openstack.svc.cluster.local:8776/v3/32b9f84193394b4b802ea2eeacd5b439/volumes
2026-05-09 14:06:11.140 7 INFO cinder.api.v3.volumes [None req-9095e3e9-3ced-48ea-9718-267c04ae0b99 0f8861df7ad04094b651a5388cf17446 32b9f84193394b4b802ea2eeacd5b439 - - default default] Create volume of 1 GB
2026-05-09 14:06:11.151 7 INFO cinder.volume.api [None req-9095e3e9-3ced-48ea-9718-267c04ae0b99 0f8861df7ad04094b651a5388cf17446 32b9f84193394b4b802ea2eeacd5b439 - - default default] Availability Zones retrieved successfully.
