May 28 03:21:21.593828 np0000177156 devstack@neutron-api.service[102895]: DEBUG ovsdbapp.backend.ovs_idl [None req-6cccecef-8395-4239-91b3-cf8641b1a31d None None] Created schema index Load_Balancer_Group.name {{(pid=102895) autocreate_indices /opt/stack/data/venv/lib/python3.12/site-packages/ovsdbapp/backend/ovs_idl/__init__.py:106}}
May 28 03:21:21.594063 np0000177156 devstack@neutron-api.service[102895]: DEBUG ovsdbapp.backend.ovs_idl [None req-6cccecef-8395-4239-91b3-cf8641b1a31d None None] Created schema index HA_Chassis_Group.name {{(pid=102895) autocreate_indices /opt/stack/data/venv/lib/python3.12/site-packages/ovsdbapp/backend/ovs_idl/__init__.py:106}}
May 28 03:21:21.594111 np0000177156 devstack@neutron-api.service[102895]: DEBUG ovsdbapp.backend.ovs_idl [None req-6cccecef-8395-4239-91b3-cf8641b1a31d None None] Created schema index Address_Set.name {{(pid=102895) autocreate_indices /opt/stack/data/venv/lib/python3.12/site-packages/ovsdbapp/backend/ovs_idl/__init__.py:106}}
May 28 03:21:21.594227 np0000177156 devstack@neutron-api.service[102895]: DEBUG ovsdbapp.backend.ovs_idl [None req-6cccecef-8395-4239-91b3-cf8641b1a31d None None] Created schema index Connection.target {{(pid=102895) autocreate_indices /opt/stack/data/venv/lib/python3.12/site-packages/ovsdbapp/backend/ovs_idl/__init__.py:106}}
May 28 03:21:21.594346 np0000177156 devstack@neutron-api.service[102895]: DEBUG ovsdbapp.backend.ovs_idl [None req-6cccecef-8395-4239-91b3-cf8641b1a31d None None] Created schema index Gateway_Chassis.name {{(pid=102895) autocreate_indices /opt/stack/data/venv/lib/python3.12/site-packages/ovsdbapp/backend/ovs_idl/__init__.py:106}}
May 28 03:21:21.594465 np0000177156 devstack@neutron-api.service[102895]: DEBUG ovsdbapp.backend.ovs_idl [None req-6cccecef-8395-4239-91b3-cf8641b1a31d None None] Created schema index Mirror.name {{(pid=102895) autocreate_indices /opt/stack/data/venv/lib/python3.12/site-packages/ovsdbapp/backend/ovs_idl/__init__.py:106}}
May 28 03:21:21.594591 np0000177156 devstack@neutron-api.service[102895]: DEBUG ovsdbapp.backend.ovs_idl [None req-6cccecef-8395-4239-91b3-cf8641b1a31d None None] Created schema index Chassis_Template_Var.chassis {{(pid=102895) autocreate_indices /opt/stack/data/venv/lib/python3.12/site-packages/ovsdbapp/backend/ovs_idl/__init__.py:106}}
May 28 03:21:21.594715 np0000177156 devstack@neutron-api.service[102895]: DEBUG ovsdbapp.backend.ovs_idl [None req-6cccecef-8395-4239-91b3-cf8641b1a31d None None] Created schema index Logical_Router_Port.name {{(pid=102895) autocreate_indices /opt/stack/data/venv/lib/python3.12/site-packages/ovsdbapp/backend/ovs_idl/__init__.py:106}}
May 28 03:21:21.594836 np0000177156 devstack@neutron-api.service[102895]: DEBUG ovsdbapp.backend.ovs_idl [None req-6cccecef-8395-4239-91b3-cf8641b1a31d None None] Created schema index Port_Group.name {{(pid=102895) autocreate_indices /opt/stack/data/venv/lib/python3.12/site-packages/ovsdbapp/backend/ovs_idl/__init__.py:106}}
May 28 03:21:21.594877 np0000177156 devstack@neutron-api.service[102897]: DEBUG neutron.common.ovn.hash_ring_manager [None req-9a654a53-1c78-4094-a537-768d7a3612c8 None None] Allow caching, nodes 4>=4 {{(pid=102897) _wait_startup_before_caching /opt/stack/neutron/neutron/common/ovn/hash_ring_manager.py:65}}
May 28 03:21:21.594990 np0000177156 devstack@neutron-api.service[102895]: DEBUG ovsdbapp.backend.ovs_idl [None req-6cccecef-8395-4239-91b3-cf8641b1a31d None None] Created schema index Logical_Switch_Port.name {{(pid=102895) autocreate_indices /opt/stack/data/venv/lib/python3.12/site-packages/ovsdbapp/backend/ovs_idl/__init__.py:106}}
May 28 03:21:21.595658 np0000177156 devstack@neutron-api.service[102896]: INFO ovsdbapp.backend.ovs_idl.vlog [None req-54f4624b-961f-46b3-80a6-3c07255e121f None None] ssl:199.204.45.235:6642: connecting...
May 28 03:21:21.598029 np0000177156 devstack@neutron-api.service[102895]: INFO ovsdbapp.backend.ovs_idl.vlog [None req-6cccecef-8395-4239-91b3-cf8641b1a31d None None] ssl:199.204.45.235:6641: connecting...
May 28 03:21:21.600624 np0000177156 devstack@neutron-api.service[102896]: INFO ovsdbapp.backend.ovs_idl.vlog [None req-54f4624b-961f-46b3-80a6-3c07255e121f None None] ssl:199.204.45.235:6642: connected
May 28 03:21:21.603584 np0000177156 devstack@neutron-api.service[102897]: DEBUG neutron.common.ovn.hash_ring_manager [None req-9a654a53-1c78-4094-a537-768d7a3612c8 None None] Hash Ring loaded. 4 active nodes. 0 offline nodes {{(pid=102897) _load_hash_ring /opt/stack/neutron/neutron/common/ovn/hash_ring_manager.py:102}}
May 28 03:21:21.604020 np0000177156 devstack@neutron-api.service[102897]: DEBUG neutron.plugins.ml2.drivers.ovn.mech_driver.ovsdb.ovsdb_monitor [None req-9a654a53-1c78-4094-a537-768d7a3612c8 None None] Hash Ring: Node 7ea48101b92250aba532fcd4edb31a49 (host: np0000177156) handling event "create" for row 3ffff8b6-115e-4f98-873a-4ea42c0cfde1 (table: ACL) {{(pid=102897) notify /opt/stack/neutron/neutron/plugins/ml2/drivers/ovn/mech_driver/ovsdb/ovsdb_monitor.py:986}}
May 28 03:21:21.604476 np0000177156 devstack@neutron-api.service[102895]: INFO ovsdbapp.backend.ovs_idl.vlog [None req-6cccecef-8395-4239-91b3-cf8641b1a31d None None] ssl:199.204.45.235:6641: connected
May 28 03:21:21.605102 np0000177156 devstack@neutron-api.service[102897]: INFO neutron.plugins.ml2.drivers.ovn.mech_driver.ovsdb.impl_idl_ovn [None req-9a654a53-1c78-4094-a537-768d7a3612c8 None None] Getting OvsdbSbOvnIdl for WorkerService with retry
May 28 03:21:21.625537 np0000177156 devstack@neutron-api.service[102896]: DEBUG neutron.common.ovn.hash_ring_manager [None req-54f4624b-961f-46b3-80a6-3c07255e121f None None] Allow caching, nodes 4>=4 {{(pid=102896) _wait_startup_before_caching /opt/stack/neutron/neutron/common/ovn/hash_ring_manager.py:65}}
May 28 03:21:21.628899 np0000177156 devstack@neutron-api.service[102896]: DEBUG neutron.common.ovn.hash_ring_manager [None req-54f4624b-961f-46b3-80a6-3c07255e121f None None] Hash Ring loaded. 4 active nodes. 0 offline nodes {{(pid=102896) _load_hash_ring /opt/stack/neutron/neutron/common/ovn/hash_ring_manager.py:102}}
May 28 03:21:21.629100 np0000177156 devstack@neutron-api.service[102896]: DEBUG neutron.plugins.ml2.drivers.ovn.mech_driver.ovsdb.ovsdb_monitor [None req-54f4624b-961f-46b3-80a6-3c07255e121f None None] ChassisOVNAgentWriteEvent : Matched Chassis_Private, create, None None {{(pid=102896) matches /opt/stack/neutron/neutron/plugins/ml2/drivers/ovn/mech_driver/ovsdb/ovsdb_monitor.py:64}}
May 28 03:21:21.629172 np0000177156 devstack@neutron-api.service[102896]: DEBUG neutron.plugins.ml2.drivers.ovn.mech_driver.ovsdb.ovsdb_monitor [None req-54f4624b-961f-46b3-80a6-3c07255e121f None None] ChassisAgentWriteEvent : Matched Chassis_Private, create, None None {{(pid=102896) matches /opt/stack/neutron/neutron/plugins/ml2/drivers/ovn/mech_driver/ovsdb/ovsdb_monitor.py:64}}
May 28 03:21:21.631579 np0000177156 devstack@neutron-api.service[102896]: INFO neutron.plugins.ml2.drivers.ovn.mech_driver.mech_driver [None req-54f4624b-961f-46b3-80a6-3c07255e121f None None] WorkerService process has finished the post initialization
May 28 03:21:21.632647 np0000177156 devstack@neutron-api.service[102896]: WSGI app 0 (mountpoint='') ready in 7 seconds on interpreter 0x7d39280a3668 pid: 102896 (default app)
May 28 03:21:21.634314 np0000177156 devstack@neutron-api.service[102897]: DEBUG ovsdbapp.backend.ovs_idl [None req-9a654a53-1c78-4094-a537-768d7a3612c8 None None] Created lookup_table index Chassis.name {{(pid=102897) autocreate_indices /opt/stack/data/venv/lib/python3.12/site-packages/ovsdbapp/backend/ovs_idl/__init__.py:87}}
May 28 03:21:21.634314 np0000177156 devstack@neutron-api.service[102897]: DEBUG ovsdbapp.backend.ovs_idl [None req-9a654a53-1c78-4094-a537-768d7a3612c8 None None] Created lookup_table index Port_Binding.logical_port {{(pid=102897) autocreate_indices /opt/stack/data/venv/lib/python3.12/site-packages/ovsdbapp/backend/ovs_idl/__init__.py:87}}
May 28 03:21:21.634526 np0000177156 devstack@neutron-api.service[102897]: DEBUG ovsdbapp.backend.ovs_idl [None req-9a654a53-1c78-4094-a537-768d7a3612c8 None None] Created schema index Chassis_Private.name {{(pid=102897) autocreate_indices /opt/stack/data/venv/lib/python3.12/site-packages/ovsdbapp/backend/ovs_idl/__init__.py:106}}
May 28 03:21:21.634526 np0000177156 devstack@neutron-api.service[102897]: DEBUG ovsdbapp.backend.ovs_idl [None req-9a654a53-1c78-4094-a537-768d7a3612c8 None None] Created schema index Datapath_Binding.tunnel_key {{(pid=102897) autocreate_indices /opt/stack/data/venv/lib/python3.12/site-packages/ovsdbapp/backend/ovs_idl/__init__.py:106}}
May 28 03:21:21.636373 np0000177156 devstack@neutron-api.service[102897]: INFO ovsdbapp.backend.ovs_idl.vlog [None req-9a654a53-1c78-4094-a537-768d7a3612c8 None None] ssl:199.204.45.235:6642: connecting...
May 28 03:21:21.641770 np0000177156 devstack@neutron-api.service[102897]: INFO ovsdbapp.backend.ovs_idl.vlog [None req-9a654a53-1c78-4094-a537-768d7a3612c8 None None] ssl:199.204.45.235:6642: connected
May 28 03:21:21.644623 np0000177156 devstack@neutron-api.service[102895]: DEBUG neutron.common.ovn.hash_ring_manager [None req-6cccecef-8395-4239-91b3-cf8641b1a31d None None] Allow caching, nodes 4>=4 {{(pid=102895) _wait_startup_before_caching /opt/stack/neutron/neutron/common/ovn/hash_ring_manager.py:65}}
May 28 03:21:21.650943 np0000177156 devstack@neutron-api.service[102895]: DEBUG neutron.common.ovn.hash_ring_manager [None req-6cccecef-8395-4239-91b3-cf8641b1a31d None None] Hash Ring loaded. 4 active nodes. 0 offline nodes {{(pid=102895) _load_hash_ring /opt/stack/neutron/neutron/common/ovn/hash_ring_manager.py:102}}
May 28 03:21:21.651195 np0000177156 devstack@neutron-api.service[102895]: DEBUG neutron.plugins.ml2.drivers.ovn.mech_driver.ovsdb.ovsdb_monitor [None req-6cccecef-8395-4239-91b3-cf8641b1a31d None None] Hash Ring: Node 07dc6ce8308b5cdb8a2f1a2136fc901a (host: np0000177156) handling event "create" for row 1fccb372-3000-4933-a002-94c46775a1b1 (table: ACL) {{(pid=102895) notify /opt/stack/neutron/neutron/plugins/ml2/drivers/ovn/mech_driver/ovsdb/ovsdb_monitor.py:986}}
May 28 03:21:21.651649 np0000177156 devstack@neutron-api.service[102895]: DEBUG neutron.plugins.ml2.drivers.ovn.mech_driver.ovsdb.ovsdb_monitor [None req-6cccecef-8395-4239-91b3-cf8641b1a31d None None] Hash Ring: Node 07dc6ce8308b5cdb8a2f1a2136fc901a (host: np0000177156) handling event "create" for row 39f8aefb-c2c6-4469-b811-c716f2658e3c (table: NB_Global) {{(pid=102895) notify /opt/stack/neutron/neutron/plugins/ml2/drivers/ovn/mech_driver/ovsdb/ovsdb_monitor.py:986}}
May 28 03:21:21.652986 np0000177156 devstack@neutron-api.service[102895]: INFO neutron.plugins.ml2.drivers.ovn.mech_driver.ovsdb.impl_idl_ovn [None req-6cccecef-8395-4239-91b3-cf8641b1a31d None None] Getting OvsdbSbOvnIdl for WorkerService with retry
May 28 03:21:21.669655 np0000177156 devstack@neutron-api.service[102897]: DEBUG neutron.common.ovn.hash_ring_manager [None req-9a654a53-1c78-4094-a537-768d7a3612c8 None None] Allow caching, nodes 4>=4 {{(pid=102897) _wait_startup_before_caching /opt/stack/neutron/neutron/common/ovn/hash_ring_manager.py:65}}
May 28 03:21:21.674322 np0000177156 devstack@neutron-api.service[102897]: DEBUG neutron.common.ovn.hash_ring_manager [None req-9a654a53-1c78-4094-a537-768d7a3612c8 None None] Hash Ring loaded. 4 active nodes. 0 offline nodes {{(pid=102897) _load_hash_ring /opt/stack/neutron/neutron/common/ovn/hash_ring_manager.py:102}}
May 28 03:21:21.674578 np0000177156 devstack@neutron-api.service[102897]: DEBUG neutron.plugins.ml2.drivers.ovn.mech_driver.ovsdb.ovsdb_monitor [None req-9a654a53-1c78-4094-a537-768d7a3612c8 None None] ChassisOVNAgentWriteEvent : Matched Chassis_Private, create, None None {{(pid=102897) matches /opt/stack/neutron/neutron/plugins/ml2/drivers/ovn/mech_driver/ovsdb/ovsdb_monitor.py:64}}
May 28 03:21:21.674711 np0000177156 devstack@neutron-api.service[102897]: DEBUG neutron.plugins.ml2.drivers.ovn.mech_driver.ovsdb.ovsdb_monitor [None req-9a654a53-1c78-4094-a537-768d7a3612c8 None None] ChassisAgentWriteEvent : Matched Chassis_Private, create, None None {{(pid=102897) matches /opt/stack/neutron/neutron/plugins/ml2/drivers/ovn/mech_driver/ovsdb/ovsdb_monitor.py:64}}
May 28 03:21:21.677648 np0000177156 devstack@neutron-api.service[102897]: INFO neutron.plugins.ml2.drivers.ovn.mech_driver.mech_driver [None req-9a654a53-1c78-4094-a537-768d7a3612c8 None None] WorkerService process has finished the post initialization
May 28 03:21:21.679264 np0000177156 devstack@neutron-api.service[102897]: WSGI app 0 (mountpoint='') ready in 7 seconds on interpreter 0x7d39280a3668 pid: 102897 (default app)
May 28 03:21:21.688983 np0000177156 devstack@neutron-api.service[102895]: DEBUG ovsdbapp.backend.ovs_idl [None req-6cccecef-8395-4239-91b3-cf8641b1a31d None None] Created lookup_table index Chassis.name {{(pid=102895) autocreate_indices /opt/stack/data/venv/lib/python3.12/site-packages/ovsdbapp/backend/ovs_idl/__init__.py:87}}
May 28 03:21:21.688983 np0000177156 devstack@neutron-api.service[102895]: DEBUG ovsdbapp.backend.ovs_idl [None req-6cccecef-8395-4239-91b3-cf8641b1a31d None None] Created lookup_table index Port_Binding.logical_port {{(pid=102895) autocreate_indices /opt/stack/data/venv/lib/python3.12/site-packages/ovsdbapp/backend/ovs_idl/__init__.py:87}}
May 28 03:21:21.688983 np0000177156 devstack@neutron-api.service[102895]: DEBUG ovsdbapp.backend.ovs_idl [None req-6cccecef-8395-4239-91b3-cf8641b1a31d None None] Created schema index Chassis_Private.name {{(pid=102895) autocreate_indices /opt/stack/data/venv/lib/python3.12/site-packages/ovsdbapp/backend/ovs_idl/__init__.py:106}}
May 28 03:21:21.688983 np0000177156 devstack@neutron-api.service[102895]: DEBUG ovsdbapp.backend.ovs_idl [None req-6cccecef-8395-4239-91b3-cf8641b1a31d None None] Created schema index Datapath_Binding.tunnel_key {{(pid=102895) autocreate_indices /opt/stack/data/venv/lib/python3.12/site-packages/ovsdbapp/backend/ovs_idl/__init__.py:106}}
May 28 03:21:21.690862 np0000177156 devstack@neutron-api.service[102895]: INFO ovsdbapp.backend.ovs_idl.vlog [None req-6cccecef-8395-4239-91b3-cf8641b1a31d None None] ssl:199.204.45.235:6642: connecting...
May 28 03:21:21.695367 np0000177156 devstack@neutron-api.service[102895]: INFO ovsdbapp.backend.ovs_idl.vlog [None req-6cccecef-8395-4239-91b3-cf8641b1a31d None None] ssl:199.204.45.235:6642: connected
May 28 03:21:21.724404 np0000177156 devstack@neutron-api.service[102895]: DEBUG neutron.common.ovn.hash_ring_manager [None req-6cccecef-8395-4239-91b3-cf8641b1a31d None None] Allow caching, nodes 4>=4 {{(pid=102895) _wait_startup_before_caching /opt/stack/neutron/neutron/common/ovn/hash_ring_manager.py:65}}
May 28 03:21:21.728318 np0000177156 devstack@neutron-api.service[102895]: DEBUG neutron.common.ovn.hash_ring_manager [None req-6cccecef-8395-4239-91b3-cf8641b1a31d None None] Hash Ring loaded. 4 active nodes. 0 offline nodes {{(pid=102895) _load_hash_ring /opt/stack/neutron/neutron/common/ovn/hash_ring_manager.py:102}}
May 28 03:21:21.728536 np0000177156 devstack@neutron-api.service[102895]: DEBUG neutron.plugins.ml2.drivers.ovn.mech_driver.ovsdb.ovsdb_monitor [None req-6cccecef-8395-4239-91b3-cf8641b1a31d None None] ChassisAgentWriteEvent : Matched Chassis_Private, create, None None {{(pid=102895) matches /opt/stack/neutron/neutron/plugins/ml2/drivers/ovn/mech_driver/ovsdb/ovsdb_monitor.py:64}}
May 28 03:21:21.728605 np0000177156 devstack@neutron-api.service[102895]: DEBUG neutron.plugins.ml2.drivers.ovn.mech_driver.ovsdb.ovsdb_monitor [None req-6cccecef-8395-4239-91b3-cf8641b1a31d None None] ChassisOVNAgentWriteEvent : Matched Chassis_Private, create, None None {{(pid=102895) matches /opt/stack/neutron/neutron/plugins/ml2/drivers/ovn/mech_driver/ovsdb/ovsdb_monitor.py:64}}
May 28 03:21:21.728951 np0000177156 devstack@neutron-api.service[102895]: DEBUG neutron.plugins.ml2.drivers.ovn.mech_driver.ovsdb.ovsdb_monitor [None req-6cccecef-8395-4239-91b3-cf8641b1a31d None None] Hash Ring: Node 07dc6ce8308b5cdb8a2f1a2136fc901a (host: np0000177156) handling event "create" for row 02cabfd9-2df1-482e-9d9d-1a8f6d109ea4 (table: Encap) {{(pid=102895) notify /opt/stack/neutron/neutron/plugins/ml2/drivers/ovn/mech_driver/ovsdb/ovsdb_monitor.py:986}}
May 28 03:21:21.731354 np0000177156 devstack@neutron-api.service[102895]: INFO neutron.plugins.ml2.drivers.ovn.mech_driver.mech_driver [None req-6cccecef-8395-4239-91b3-cf8641b1a31d None None] WorkerService process has finished the post initialization
May 28 03:21:21.732909 np0000177156 devstack@neutron-api.service[102895]: WSGI app 0 (mountpoint='') ready in 7 seconds on interpreter 0x7d39280a3668 pid: 102895 (default app)
May 28 03:21:23.855835 np0000177156 devstack@neutron-api.service[102894]: DEBUG neutron.common.ovn.hash_ring_manager [-] Allow caching, nodes 4>=4 {{(pid=102894) _wait_startup_before_caching /opt/stack/neutron/neutron/common/ovn/hash_ring_manager.py:65}}
May 28 03:21:23.857032 np0000177156 devstack@neutron-api.service[102894]: DEBUG neutron.plugins.ml2.drivers.ovn.mech_driver.ovsdb.ovsdb_monitor [-] Hash Ring: Node fda72bc390315f548211cb11e701e4ce (host: np0000177156) handling event "update" for row 049bbfe5-2335-4f3c-b3c7-c67bfe07028c (table: Connection) {{(pid=102894) notify /opt/stack/neutron/neutron/plugins/ml2/drivers/ovn/mech_driver/ovsdb/ovsdb_monitor.py:986}}
May 28 03:21:26.350020 np0000177156 devstack@neutron-api.service[102894]: DEBUG neutron.plugins.ml2.drivers.ovn.mech_driver.ovsdb.ovsdb_monitor [-] Hash Ring: Node fda72bc390315f548211cb11e701e4ce (host: np0000177156) handling event "update" for row 049bbfe5-2335-4f3c-b3c7-c67bfe07028c (table: Connection) {{(pid=102894) notify /opt/stack/neutron/neutron/plugins/ml2/drivers/ovn/mech_driver/ovsdb/ovsdb_monitor.py:986}}
May 28 03:21:27.601659 np0000177156 devstack@neutron-api.service[102894]: DEBUG neutron.api.wsgi [None req-0dd1ce39-1c6a-4479-bef4-96c14e8cd1ad admin admin] Missing Content-Type {{(pid=102894) get_content_type /opt/stack/neutron/neutron/api/wsgi.py:80}}
May 28 03:21:27.602566 np0000177156 devstack@neutron-api.service[102894]: DEBUG neutron.api.wsgi [None req-0dd1ce39-1c6a-4479-bef4-96c14e8cd1ad admin admin] https://199.204.45.235/networking/v2.0/extensions returned with HTTP 200 {{(pid=102894) __call__ /opt/stack/neutron/neutron/api/wsgi.py:540}}
May 28 03:21:27.602566 np0000177156 devstack@neutron-api.service[102894]: [pid: 102894|app: 0|req: 2/2] 199.204.45.235 () {64 vars in 1323 bytes} [Thu May 28 03:21:27 2026] GET /networking/v2.0/extensions => generated 15209 bytes in 260 msecs (HTTP/1.1 200) 4 headers in 159 bytes (1 switches on core 0)
May 28 03:21:27.983624 np0000177156 devstack@neutron-api.service[102896]: DEBUG neutron.api.v2.base [None req-db3d1760-0cea-4408-af96-24dece70f2bb admin admin] Request body: {'subnetpool': {'shared': True, 'name': 'shared-default-subnetpool-v4', 'is_default': True, 'prefixes': ['10.1.0.0/20'], 'default_prefixlen': 26}} {{(pid=102896) prepare_request_body /opt/stack/neutron/neutron/api/v2/base.py:727}}
May 28 03:21:28.181318 np0000177156 devstack@neutron-api.service[102896]: DEBUG neutron.policy [None req-db3d1760-0cea-4408-af96-24dece70f2bb admin admin] Loaded default policies from ['neutron'] under neutron.policies entry points {{(pid=102896) register_rules /opt/stack/neutron/neutron/policy.py:65}}
May 28 03:21:28.327189 np0000177156 devstack@neutron-api.service[102896]: DEBUG neutron_lib.callbacks.manager [None req-db3d1760-0cea-4408-af96-24dece70f2bb admin admin] Publish callbacks ['neutron.objects.securitygroup.RbacNeutronDbObjectMixin.validate_rbac_policy_change-2370614734963', 'neutron.objects.address_group.RbacNeutronDbObjectMixin.validate_rbac_policy_change-2370614761364', 'neutron.objects.network.RbacNeutronDbObjectMixin.validate_rbac_policy_change-2370614633948', 'neutron.objects.qos.policy.RbacNeutronDbObjectMixin.validate_rbac_policy_change-2370614638811', 'neutron.objects.subnetpool.RbacNeutronDbObjectMixin.validate_rbac_policy_change-2370615058675', 'neutron.objects.address_scope.RbacNeutronDbObjectMixin.validate_rbac_policy_change-2370615065402', 'neutron.plugins.ml2.plugin.External_net_db_mixin._process_ext_policy_create-2186136', 'neutron.plugins.ml2.plugin.NeutronDbPluginV2.validate_network_rbac_policy_change-2173856'] for rbac-policy (None), before_create {{(pid=102896) _notify_loop /opt/stack/data/venv/lib/python3.12/site-packages/neutron_lib/callbacks/manager.py:184}}
May 28 03:21:28.375673 np0000177156 devstack@neutron-api.service[102896]: DEBUG neutron_lib.callbacks.manager [None req-db3d1760-0cea-4408-af96-24dece70f2bb admin admin] Publish callbacks [] for subnetpool (None), before_response {{(pid=102896) _notify_loop /opt/stack/data/venv/lib/python3.12/site-packages/neutron_lib/callbacks/manager.py:184}}
May 28 03:21:28.376264 np0000177156 devstack@neutron-api.service[102896]: [pid: 102896|app: 0|req: 1/3] 199.204.45.235 () {68 vars in 1367 bytes} [Thu May 28 03:21:27 2026] POST /networking/v2.0/subnetpools => generated 533 bytes in 497 msecs (HTTP/1.1 201) 4 headers in 162 bytes (1 switches on core 0)
May 28 03:21:28.690332 np0000177156 devstack@neutron-api.service[102897]: DEBUG neutron.api.v2.base [None req-0aeb8a9c-79fe-49af-b71d-76612fea3fe7 admin admin] Request body: {'subnetpool': {'shared': True, 'name': 'shared-default-subnetpool-v6', 'is_default': True, 'prefixes': ['fd42:d979:5ccb::/56'], 'default_prefixlen': 64}} {{(pid=102897) prepare_request_body /opt/stack/neutron/neutron/api/v2/base.py:727}}
May 28 03:21:28.861320 np0000177156 devstack@neutron-api.service[102897]: DEBUG neutron.policy [None req-0aeb8a9c-79fe-49af-b71d-76612fea3fe7 admin admin] Loaded default policies from ['neutron'] under neutron.policies entry points {{(pid=102897) register_rules /opt/stack/neutron/neutron/policy.py:65}}
May 28 03:21:29.008410 np0000177156 devstack@neutron-api.service[102897]: DEBUG neutron_lib.callbacks.manager [None req-0aeb8a9c-79fe-49af-b71d-76612fea3fe7 admin admin] Publish callbacks ['neutron.objects.securitygroup.RbacNeutronDbObjectMixin.validate_rbac_policy_change-2370614734963', 'neutron.objects.address_group.RbacNeutronDbObjectMixin.validate_rbac_policy_change-2370614761364', 'neutron.objects.network.RbacNeutronDbObjectMixin.validate_rbac_policy_change-2370614633948', 'neutron.objects.qos.policy.RbacNeutronDbObjectMixin.validate_rbac_policy_change-2370614638811', 'neutron.objects.subnetpool.RbacNeutronDbObjectMixin.validate_rbac_policy_change-2370615101258', 'neutron.objects.address_scope.RbacNeutronDbObjectMixin.validate_rbac_policy_change-2370615113514', 'neutron.plugins.ml2.plugin.External_net_db_mixin._process_ext_policy_create-2186224', 'neutron.plugins.ml2.plugin.NeutronDbPluginV2.validate_network_rbac_policy_change-2170860'] for rbac-policy (None), before_create {{(pid=102897) _notify_loop /opt/stack/data/venv/lib/python3.12/site-packages/neutron_lib/callbacks/manager.py:184}}
May 28 03:21:29.055538 np0000177156 devstack@neutron-api.service[102897]: DEBUG neutron_lib.callbacks.manager [None req-0aeb8a9c-79fe-49af-b71d-76612fea3fe7 admin admin] Publish callbacks [] for subnetpool (None), before_response {{(pid=102897) _notify_loop /opt/stack/data/venv/lib/python3.12/site-packages/neutron_lib/callbacks/manager.py:184}}
May 28 03:21:29.056196 np0000177156 devstack@neutron-api.service[102897]: [pid: 102897|app: 0|req: 1/4] 199.204.45.235 () {68 vars in 1367 bytes} [Thu May 28 03:21:28 2026] POST /networking/v2.0/subnetpools => generated 543 bytes in 471 msecs (HTTP/1.1 201) 4 headers in 162 bytes (1 switches on core 0)
May 28 03:21:29.452182 np0000177156 devstack@neutron-api.service[102895]: DEBUG neutron.api.v2.base [None req-b9e488fe-9b3b-4cc3-983f-417de5ec000a admin admin] Request body: {'network': {'admin_state_up': True, 'name': 'private'}} {{(pid=102895) prepare_request_body /opt/stack/neutron/neutron/api/v2/base.py:727}}
May 28 03:21:29.485969 np0000177156 devstack@neutron-api.service[102895]: DEBUG neutron.pecan_wsgi.hooks.quota_enforcement [None req-b9e488fe-9b3b-4cc3-983f-417de5ec000a admin admin] Made reservation on behalf of aac6a25f641348d4bbda44cc7d80d24f for: {'network': 1} {{(pid=102895) before /opt/stack/neutron/neutron/pecan_wsgi/hooks/quota_enforcement.py:66}}
May 28 03:21:29.655515 np0000177156 devstack@neutron-api.service[102895]: DEBUG neutron.policy [None req-b9e488fe-9b3b-4cc3-983f-417de5ec000a admin admin] Loaded default policies from ['neutron'] under neutron.policies entry points {{(pid=102895) register_rules /opt/stack/neutron/neutron/policy.py:65}}
May 28 03:21:29.751752 np0000177156 devstack@neutron-api.service[102895]: DEBUG neutron_lib.callbacks.manager [None req-b9e488fe-9b3b-4cc3-983f-417de5ec000a admin admin] Publish callbacks ['neutron.plugins.ml2.plugin.SecurityGroupDbMixin._ensure_default_security_group_handler-2097356'] for network (None), before_create {{(pid=102895) _notify_loop /opt/stack/data/venv/lib/python3.12/site-packages/neutron_lib/callbacks/manager.py:184}}
May 28 03:21:29.772605 np0000177156 devstack@neutron-api.service[102895]: DEBUG neutron_lib.callbacks.manager [None req-b9e488fe-9b3b-4cc3-983f-417de5ec000a admin admin] Publish callbacks [] for security_group (None), before_create {{(pid=102895) _notify_loop /opt/stack/data/venv/lib/python3.12/site-packages/neutron_lib/callbacks/manager.py:184}}
May 28 03:21:29.860680 np0000177156 devstack@neutron-api.service[102895]: DEBUG neutron_lib.callbacks.manager [None req-b9e488fe-9b3b-4cc3-983f-417de5ec000a admin admin] Publish callbacks ['neutron.plugins.ml2.drivers.ovn.mech_driver.mech_driver.OVNMechanismDriver._create_security_group_precommit-2045390'] for security_group (285e2e6a-91d1-44b5-8301-a2fc4f86f8aa), precommit_create {{(pid=102895) _notify_loop /opt/stack/data/venv/lib/python3.12/site-packages/neutron_lib/callbacks/manager.py:184}}
May 28 03:21:29.860825 np0000177156 devstack@neutron-api.service[102895]: DEBUG neutron.db.ovn_revision_numbers_db [None req-b9e488fe-9b3b-4cc3-983f-417de5ec000a admin admin] create_initial_revision uuid=285e2e6a-91d1-44b5-8301-a2fc4f86f8aa, type=security_groups, rev=-1 {{(pid=102895) create_initial_revision /opt/stack/neutron/neutron/db/ovn_revision_numbers_db.py:98}}
May 28 03:21:29.862991 np0000177156 devstack@neutron-api.service[102895]: DEBUG neutron.db.ovn_revision_numbers_db [None req-b9e488fe-9b3b-4cc3-983f-417de5ec000a admin admin] create_initial_revision uuid=51f0a649-ce3c-42f8-9093-1fe89cf524df, type=security_group_rules, rev=-1 {{(pid=102895) create_initial_revision /opt/stack/neutron/neutron/db/ovn_revision_numbers_db.py:98}}
May 28 03:21:29.864012 np0000177156 devstack@neutron-api.service[102895]: DEBUG neutron.db.ovn_revision_numbers_db [None req-b9e488fe-9b3b-4cc3-983f-417de5ec000a admin admin] create_initial_revision uuid=6a15bf28-dcb7-4f87-8e54-aae2869c5362, type=security_group_rules, rev=-1 {{(pid=102895) create_initial_revision /opt/stack/neutron/neutron/db/ovn_revision_numbers_db.py:98}}
May 28 03:21:29.864913 np0000177156 devstack@neutron-api.service[102895]: DEBUG neutron.db.ovn_revision_numbers_db [None req-b9e488fe-9b3b-4cc3-983f-417de5ec000a admin admin] create_initial_revision uuid=9bc52d8c-7d0a-44b3-87c6-0a1a3dbb093b, type=security_group_rules, rev=-1 {{(pid=102895) create_initial_revision /opt/stack/neutron/neutron/db/ovn_revision_numbers_db.py:98}}
May 28 03:21:29.865826 np0000177156 devstack@neutron-api.service[102895]: DEBUG neutron.db.ovn_revision_numbers_db [None req-b9e488fe-9b3b-4cc3-983f-417de5ec000a admin admin] create_initial_revision uuid=db1216b3-9d92-4e6d-90c1-d3e9b3846a85, type=security_group_rules, rev=-1 {{(pid=102895) create_initial_revision /opt/stack/neutron/neutron/db/ovn_revision_numbers_db.py:98}}
May 28 03:21:29.872846 np0000177156 devstack@neutron-api.service[102895]: DEBUG neutron_lib.callbacks.manager [None req-b9e488fe-9b3b-4cc3-983f-417de5ec000a admin admin] Publish callbacks ['neutron.plugins.ml2.drivers.ovn.mech_driver.mech_driver.OVNMechanismDriver._create_security_group-2045380', 'neutron.plugins.ml2.ovo_rpc._ObjectChangeHandler.handle_event-65584687'] for security_group (285e2e6a-91d1-44b5-8301-a2fc4f86f8aa), after_create {{(pid=102895) _notify_loop /opt/stack/data/venv/lib/python3.12/site-packages/neutron_lib/callbacks/manager.py:184}}
May 28 03:21:29.873043 np0000177156 devstack@neutron-api.service[102895]: INFO neutron.plugins.ml2.drivers.ovn.mech_driver.ovsdb.extensions.qos [None req-b9e488fe-9b3b-4cc3-983f-417de5ec000a admin admin] Starting OVNClientQosExtension
May 28 03:21:29.873137 np0000177156 devstack@neutron-api.service[102895]: INFO neutron.plugins.ml2.drivers.ovn.mech_driver.ovsdb.extensions.placement [None req-b9e488fe-9b3b-4cc3-983f-417de5ec000a admin admin] Starting OVNClientPlacementExtension
May 28 03:21:29.874290 np0000177156 devstack@neutron-api.service[102895]: DEBUG ovsdbapp.backend.ovs_idl.transaction [-] Running txn n=1 command(idx=0): PgAddCommand(_result=None, name=pg_285e2e6a_91d1_44b5_8301_a2fc4f86f8aa, may_exist=False, columns={'acls': [], 'external_ids': {'neutron:security_group_id': '285e2e6a-91d1-44b5-8301-a2fc4f86f8aa'}}) {{(pid=102895) do_commit /opt/stack/data/venv/lib/python3.12/site-packages/ovsdbapp/backend/ovs_idl/transaction.py:89}}
May 28 03:21:29.875897 np0000177156 devstack@neutron-api.service[102895]: DEBUG ovsdbapp.backend.ovs_idl.transaction [-] Running txn n=1 command(idx=1): PgAclAddCommand(_result=None, entity=pg_285e2e6a_91d1_44b5_8301_a2fc4f86f8aa, direction=to-lport, priority=1002, match=outport == @pg_285e2e6a_91d1_44b5_8301_a2fc4f86f8aa && ip4 && ip4.src == $pg_285e2e6a_91d1_44b5_8301_a2fc4f86f8aa_ip4, action=allow-related, log=False, may_exist=True, severity=[], name=[], meter=[], external_ids={'neutron:security_group_rule_id': '51f0a649-ce3c-42f8-9093-1fe89cf524df'}) {{(pid=102895) do_commit /opt/stack/data/venv/lib/python3.12/site-packages/ovsdbapp/backend/ovs_idl/transaction.py:89}}
May 28 03:21:29.876323 np0000177156 devstack@neutron-api.service[102895]: DEBUG ovsdbapp.backend.ovs_idl.transaction [-] Running txn n=1 command(idx=2): PgAclAddCommand(_result=None, entity=pg_285e2e6a_91d1_44b5_8301_a2fc4f86f8aa, direction=from-lport, priority=1002, match=inport == @pg_285e2e6a_91d1_44b5_8301_a2fc4f86f8aa && ip4, action=allow-related, log=False, may_exist=True, severity=[], name=[], meter=[], external_ids={'neutron:security_group_rule_id': '6a15bf28-dcb7-4f87-8e54-aae2869c5362'}) {{(pid=102895) do_commit /opt/stack/data/venv/lib/python3.12/site-packages/ovsdbapp/backend/ovs_idl/transaction.py:89}}
May 28 03:21:29.876624 np0000177156 devstack@neutron-api.service[102895]: DEBUG ovsdbapp.backend.ovs_idl.transaction [-] Running txn n=1 command(idx=3): PgAclAddCommand(_result=None, entity=pg_285e2e6a_91d1_44b5_8301_a2fc4f86f8aa, direction=from-lport, priority=1002, match=inport == @pg_285e2e6a_91d1_44b5_8301_a2fc4f86f8aa && ip6, action=allow-related, log=False, may_exist=True, severity=[], name=[], meter=[], external_ids={'neutron:security_group_rule_id': '9bc52d8c-7d0a-44b3-87c6-0a1a3dbb093b'}) {{(pid=102895) do_commit /opt/stack/data/venv/lib/python3.12/site-packages/ovsdbapp/backend/ovs_idl/transaction.py:89}}
May 28 03:21:29.876905 np0000177156 devstack@neutron-api.service[102895]: DEBUG ovsdbapp.backend.ovs_idl.transaction [-] Running txn n=1 command(idx=4): PgAclAddCommand(_result=None, entity=pg_285e2e6a_91d1_44b5_8301_a2fc4f86f8aa, direction=to-lport, priority=1002, match=outport == @pg_285e2e6a_91d1_44b5_8301_a2fc4f86f8aa && ip6 && ip6.src == $pg_285e2e6a_91d1_44b5_8301_a2fc4f86f8aa_ip6, action=allow-related, log=False, may_exist=True, severity=[], name=[], meter=[], external_ids={'neutron:security_group_rule_id': 'db1216b3-9d92-4e6d-90c1-d3e9b3846a85'}) {{(pid=102895) do_commit /opt/stack/data/venv/lib/python3.12/site-packages/ovsdbapp/backend/ovs_idl/transaction.py:89}}
May 28 03:21:29.886316 np0000177156 devstack@neutron-api.service[102894]: DEBUG neutron.plugins.ml2.drivers.ovn.mech_driver.ovsdb.ovsdb_monitor [-] Hash Ring: Node fda72bc390315f548211cb11e701e4ce (host: np0000177156) handling event "create" for row 2f3feeaf-27e1-4818-aa57-56dddffec07a (table: ACL) {{(pid=102894) notify /opt/stack/neutron/neutron/plugins/ml2/drivers/ovn/mech_driver/ovsdb/ovsdb_monitor.py:986}}
May 28 03:21:29.886661 np0000177156 devstack@neutron-api.service[102894]: DEBUG neutron.plugins.ml2.drivers.ovn.mech_driver.ovsdb.ovsdb_monitor [-] Hash Ring: Node fda72bc390315f548211cb11e701e4ce (host: np0000177156) handling event "create" for row 845bb59b-3eaa-4f04-ac26-f3c847f63c04 (table: ACL) {{(pid=102894) notify /opt/stack/neutron/neutron/plugins/ml2/drivers/ovn/mech_driver/ovsdb/ovsdb_monitor.py:986}}
May 28 03:21:29.886923 np0000177156 devstack@neutron-api.service[102894]: DEBUG neutron.plugins.ml2.drivers.ovn.mech_driver.ovsdb.ovsdb_monitor [-] Hash Ring: Node fda72bc390315f548211cb11e701e4ce (host: np0000177156) handling event "create" for row a51c306a-4053-48e5-8b8f-522bbfbfd1a4 (table: ACL) {{(pid=102894) notify /opt/stack/neutron/neutron/plugins/ml2/drivers/ovn/mech_driver/ovsdb/ovsdb_monitor.py:986}}
May 28 03:21:29.887231 np0000177156 devstack@neutron-api.service[102894]: DEBUG neutron.plugins.ml2.drivers.ovn.mech_driver.ovsdb.ovsdb_monitor [-] Hash Ring: Node fda72bc390315f548211cb11e701e4ce (host: np0000177156) handling event "create" for row d715f35f-613b-4987-a208-11fc414ac28d (table: ACL) {{(pid=102894) notify /opt/stack/neutron/neutron/plugins/ml2/drivers/ovn/mech_driver/ovsdb/ovsdb_monitor.py:986}}
May 28 03:21:29.887499 np0000177156 devstack@neutron-api.service[102894]: DEBUG neutron.plugins.ml2.drivers.ovn.mech_driver.ovsdb.ovsdb_monitor [-] Hash Ring: Node fda72bc390315f548211cb11e701e4ce (host: np0000177156) handling event "create" for row 6605c675-d5ee-4a23-8c03-363b081ea969 (table: Port_Group) {{(pid=102894) notify /opt/stack/neutron/neutron/plugins/ml2/drivers/ovn/mech_driver/ovsdb/ovsdb_monitor.py:986}}
May 28 03:21:29.887587 np0000177156 devstack@neutron-api.service[102895]: DEBUG neutron.plugins.ml2.drivers.ovn.mech_driver.ovsdb.ovsdb_monitor [-] Hash Ring: Node 07dc6ce8308b5cdb8a2f1a2136fc901a (host: np0000177156) handling event "create" for row 2f3feeaf-27e1-4818-aa57-56dddffec07a (table: ACL) {{(pid=102895) notify /opt/stack/neutron/neutron/plugins/ml2/drivers/ovn/mech_driver/ovsdb/ovsdb_monitor.py:986}}
May 28 03:21:29.887792 np0000177156 devstack@neutron-api.service[102895]: DEBUG neutron.plugins.ml2.drivers.ovn.mech_driver.ovsdb.ovsdb_monitor [-] Hash Ring: Node 07dc6ce8308b5cdb8a2f1a2136fc901a (host: np0000177156) handling event "create" for row 845bb59b-3eaa-4f04-ac26-f3c847f63c04 (table: ACL) {{(pid=102895) notify /opt/stack/neutron/neutron/plugins/ml2/drivers/ovn/mech_driver/ovsdb/ovsdb_monitor.py:986}}
May 28 03:21:29.888006 np0000177156 devstack@neutron-api.service[102895]: DEBUG neutron.plugins.ml2.drivers.ovn.mech_driver.ovsdb.ovsdb_monitor [-] Hash Ring: Node 07dc6ce8308b5cdb8a2f1a2136fc901a (host: np0000177156) handling event "create" for row d715f35f-613b-4987-a208-11fc414ac28d (table: ACL) {{(pid=102895) notify /opt/stack/neutron/neutron/plugins/ml2/drivers/ovn/mech_driver/ovsdb/ovsdb_monitor.py:986}}
May 28 03:21:29.888181 np0000177156 devstack@neutron-api.service[102895]: DEBUG neutron.plugins.ml2.drivers.ovn.mech_driver.ovsdb.ovsdb_monitor [-] Hash Ring: Node 07dc6ce8308b5cdb8a2f1a2136fc901a (host: np0000177156) handling event "create" for row 6605c675-d5ee-4a23-8c03-363b081ea969 (table: Port_Group) {{(pid=102895) notify /opt/stack/neutron/neutron/plugins/ml2/drivers/ovn/mech_driver/ovsdb/ovsdb_monitor.py:986}}
May 28 03:21:29.889810 np0000177156 devstack@neutron-api.service[102896]: DEBUG neutron.plugins.ml2.drivers.ovn.mech_driver.ovsdb.ovsdb_monitor [-] Hash Ring: Node 3f4288698bc9543d8b3bb449a40f07ee (host: np0000177156) handling event "create" for row a51c306a-4053-48e5-8b8f-522bbfbfd1a4 (table: ACL) {{(pid=102896) notify /opt/stack/neutron/neutron/plugins/ml2/drivers/ovn/mech_driver/ovsdb/ovsdb_monitor.py:986}}
May 28 03:21:29.910746 np0000177156 devstack@neutron-api.service[102895]: INFO neutron.db.ovn_revision_numbers_db [None req-b9e488fe-9b3b-4cc3-983f-417de5ec000a admin admin] Successfully bumped revision number for resource 285e2e6a-91d1-44b5-8301-a2fc4f86f8aa (type: security_groups) to 1
May 28 03:21:29.923884 np0000177156 devstack@neutron-api.service[102895]: INFO neutron.db.ovn_revision_numbers_db [None req-b9e488fe-9b3b-4cc3-983f-417de5ec000a admin admin] Successfully bumped revision number for resource 51f0a649-ce3c-42f8-9093-1fe89cf524df (type: security_group_rules) to 0
May 28 03:21:29.936831 np0000177156 devstack@neutron-api.service[102895]: INFO neutron.db.ovn_revision_numbers_db [None req-b9e488fe-9b3b-4cc3-983f-417de5ec000a admin admin] Successfully bumped revision number for resource 6a15bf28-dcb7-4f87-8e54-aae2869c5362 (type: security_group_rules) to 0
May 28 03:21:29.946618 np0000177156 devstack@neutron-api.service[102895]: INFO neutron.db.ovn_revision_numbers_db [None req-b9e488fe-9b3b-4cc3-983f-417de5ec000a admin admin] Successfully bumped revision number for resource 9bc52d8c-7d0a-44b3-87c6-0a1a3dbb093b (type: security_group_rules) to 0
May 28 03:21:29.962489 np0000177156 devstack@neutron-api.service[102895]: INFO neutron.db.ovn_revision_numbers_db [None req-b9e488fe-9b3b-4cc3-983f-417de5ec000a admin admin] Successfully bumped revision number for resource db1216b3-9d92-4e6d-90c1-d3e9b3846a85 (type: security_group_rules) to 0
May 28 03:21:29.984559 np0000177156 devstack@neutron-api.service[102895]: DEBUG neutron.api.rpc.handlers.resources_rpc [None req-b9e488fe-9b3b-4cc3-983f-417de5ec000a admin admin] Pushing event updated for resources: {'SecurityGroup': ['ID=285e2e6a-91d1-44b5-8301-a2fc4f86f8aa,revision_number=1']} {{(pid=102895) push /opt/stack/neutron/neutron/api/rpc/handlers/resources_rpc.py:237}}
May 28 03:21:29.991630 np0000177156 devstack@neutron-api.service[102895]: DEBUG ovsdbapp.backend.ovs_idl.transaction [-] Running txn n=1 command(idx=0): CheckLivenessCommand(_result=None) {{(pid=102895) do_commit /opt/stack/data/venv/lib/python3.12/site-packages/ovsdbapp/backend/ovs_idl/transaction.py:89}}
May 28 03:21:29.994736 np0000177156 devstack@neutron-api.service[102895]: DEBUG neutron.plugins.ml2.drivers.ovn.mech_driver.ovsdb.ovsdb_monitor [-] Hash Ring: Node 07dc6ce8308b5cdb8a2f1a2136fc901a (host: np0000177156) handling event "update" for row 39f8aefb-c2c6-4469-b811-c716f2658e3c (table: NB_Global) {{(pid=102895) notify /opt/stack/neutron/neutron/plugins/ml2/drivers/ovn/mech_driver/ovsdb/ovsdb_monitor.py:986}}
May 28 03:21:29.995400 np0000177156 devstack@neutron-api.service[102894]: DEBUG neutron.plugins.ml2.drivers.ovn.mech_driver.ovsdb.ovsdb_monitor [-] Hash Ring: Node fda72bc390315f548211cb11e701e4ce (host: np0000177156) handling event "update" for row 39f8aefb-c2c6-4469-b811-c716f2658e3c (table: NB_Global) {{(pid=102894) notify /opt/stack/neutron/neutron/plugins/ml2/drivers/ovn/mech_driver/ovsdb/ovsdb_monitor.py:986}}
May 28 03:21:29.998676 np0000177156 devstack@neutron-api.service[102894]: DEBUG neutron.plugins.ml2.drivers.ovn.mech_driver.ovsdb.ovsdb_monitor [-] Hash Ring: Node fda72bc390315f548211cb11e701e4ce (host: np0000177156) handling event "update" for row 39f8aefb-c2c6-4469-b811-c716f2658e3c (table: NB_Global) {{(pid=102894) notify /opt/stack/neutron/neutron/plugins/ml2/drivers/ovn/mech_driver/ovsdb/ovsdb_monitor.py:986}}
May 28 03:21:30.000082 np0000177156 devstack@neutron-api.service[102895]: DEBUG neutron.api.rpc.callbacks.version_manager [None req-b9e488fe-9b3b-4cc3-983f-417de5ec000a admin admin] Tracked resource versions report:
May 28 03:21:30.000082 np0000177156 devstack@neutron-api.service[102895]: pushed versions:
May 28 03:21:30.000082 np0000177156 devstack@neutron-api.service[102895]: { 'AddressGroup': {'1.2'},
May 28 03:21:30.000082 np0000177156 devstack@neutron-api.service[102895]: 'Agent': {'1.1'},
May 28 03:21:30.000082 np0000177156 devstack@neutron-api.service[102895]: 'ConntrackHelper': {'1.0'},
May 28 03:21:30.000082 np0000177156 devstack@neutron-api.service[102895]: 'LocalIPAssociation': {'1.0'},
May 28 03:21:30.000082 np0000177156 devstack@neutron-api.service[102895]: 'Log': {'1.0'},
May 28 03:21:30.000082 np0000177156 devstack@neutron-api.service[102895]: 'NDPProxy': {'1.0'},
May 28 03:21:30.000082 np0000177156 devstack@neutron-api.service[102895]: 'Network': {'1.3'},
May 28 03:21:30.000082 np0000177156 devstack@neutron-api.service[102895]: 'Port': {'1.11'},
May 28 03:21:30.000082 np0000177156 devstack@neutron-api.service[102895]: 'PortForwarding': {'1.3'},
May 28 03:21:30.000082 np0000177156 devstack@neutron-api.service[102895]: 'QosPolicy': {'1.10'},
May 28 03:21:30.000082 np0000177156 devstack@neutron-api.service[102895]: 'SecurityGroup': {'1.6'},
May 28 03:21:30.000082 np0000177156 devstack@neutron-api.service[102895]: 'SecurityGroupRule': {'1.3'},
May 28 03:21:30.000082 np0000177156 devstack@neutron-api.service[102895]: 'SubPort': {'1.0'},
May 28 03:21:30.000082 np0000177156 devstack@neutron-api.service[102895]: 'Subnet': {'1.2'},
May 28 03:21:30.000082 np0000177156 devstack@neutron-api.service[102895]: 'Trunk': {'1.1'}}
May 28 03:21:30.000082 np0000177156 devstack@neutron-api.service[102895]: consumer versions:
May 28 03:21:30.000082 np0000177156 devstack@neutron-api.service[102895]: {}
May 28 03:21:30.000082 np0000177156 devstack@neutron-api.service[102895]: {{(pid=102895) report /opt/stack/neutron/neutron/api/rpc/callbacks/version_manager.py:183}}
May 28 03:21:30.002513 np0000177156 devstack@neutron-api.service[102897]: DEBUG neutron.plugins.ml2.drivers.ovn.mech_driver.ovsdb.ovsdb_monitor [-] ChassisAgentWriteEvent : Matched Chassis_Private, update, None None {{(pid=102897) matches /opt/stack/neutron/neutron/plugins/ml2/drivers/ovn/mech_driver/ovsdb/ovsdb_monitor.py:64}}
May 28 03:21:30.002847 np0000177156 devstack@neutron-api.service[102894]: DEBUG neutron.plugins.ml2.drivers.ovn.mech_driver.ovsdb.ovsdb_monitor [-] ChassisAgentWriteEvent : Matched Chassis_Private, update, None None {{(pid=102894) matches /opt/stack/neutron/neutron/plugins/ml2/drivers/ovn/mech_driver/ovsdb/ovsdb_monitor.py:64}}
May 28 03:21:30.002957 np0000177156 devstack@neutron-api.service[102896]: DEBUG neutron.plugins.ml2.drivers.ovn.mech_driver.ovsdb.ovsdb_monitor [-] ChassisAgentWriteEvent : Matched Chassis_Private, update, None None {{(pid=102896) matches /opt/stack/neutron/neutron/plugins/ml2/drivers/ovn/mech_driver/ovsdb/ovsdb_monitor.py:64}}
May 28 03:21:30.003516 np0000177156 devstack@neutron-api.service[102895]: DEBUG neutron.plugins.ml2.drivers.ovn.mech_driver.ovsdb.ovsdb_monitor [-] Hash Ring: Node 07dc6ce8308b5cdb8a2f1a2136fc901a (host: np0000177156) handling event "update" for row 39f8aefb-c2c6-4469-b811-c716f2658e3c (table: NB_Global) {{(pid=102895) notify /opt/stack/neutron/neutron/plugins/ml2/drivers/ovn/mech_driver/ovsdb/ovsdb_monitor.py:986}}
May 28 03:21:30.003664 np0000177156 devstack@neutron-api.service[102894]: DEBUG neutron.plugins.ml2.drivers.ovn.mech_driver.ovsdb.ovsdb_monitor [-] Hash Ring: Node fda72bc390315f548211cb11e701e4ce (host: np0000177156) handling event "update" for row 39f8aefb-c2c6-4469-b811-c716f2658e3c (table: NB_Global) {{(pid=102894) notify /opt/stack/neutron/neutron/plugins/ml2/drivers/ovn/mech_driver/ovsdb/ovsdb_monitor.py:986}}
May 28 03:21:30.005283 np0000177156 devstack@neutron-api.service[102894]: DEBUG neutron.plugins.ml2.drivers.ovn.mech_driver.ovsdb.ovsdb_monitor [-] Hash Ring: Node fda72bc390315f548211cb11e701e4ce (host: np0000177156) handling event "update" for row 39f8aefb-c2c6-4469-b811-c716f2658e3c (table: NB_Global) {{(pid=102894) notify /opt/stack/neutron/neutron/plugins/ml2/drivers/ovn/mech_driver/ovsdb/ovsdb_monitor.py:986}}
May 28 03:21:30.005354 np0000177156 devstack@neutron-api.service[102895]: DEBUG neutron.plugins.ml2.drivers.ovn.mech_driver.ovsdb.ovsdb_monitor [-] ChassisAgentWriteEvent : Matched Chassis_Private, update, None None {{(pid=102895) matches /opt/stack/neutron/neutron/plugins/ml2/drivers/ovn/mech_driver/ovsdb/ovsdb_monitor.py:64}}
May 28 03:21:30.005973 np0000177156 devstack@neutron-api.service[102897]: DEBUG neutron.plugins.ml2.drivers.ovn.mech_driver.ovsdb.ovsdb_monitor [-] ChassisOVNAgentWriteEvent : Matched Chassis_Private, update, None None {{(pid=102897) matches /opt/stack/neutron/neutron/plugins/ml2/drivers/ovn/mech_driver/ovsdb/ovsdb_monitor.py:64}}
May 28 03:21:30.006373 np0000177156 devstack@neutron-api.service[102896]: DEBUG neutron.plugins.ml2.drivers.ovn.mech_driver.ovsdb.ovsdb_monitor [-] ChassisOVNAgentWriteEvent : Matched Chassis_Private, update, None None {{(pid=102896) matches /opt/stack/neutron/neutron/plugins/ml2/drivers/ovn/mech_driver/ovsdb/ovsdb_monitor.py:64}}
May 28 03:21:30.006880 np0000177156 devstack@neutron-api.service[102894]: DEBUG neutron.common.ovn.hash_ring_manager [-] Allow caching, nodes 4>=4 {{(pid=102894) _wait_startup_before_caching /opt/stack/neutron/neutron/common/ovn/hash_ring_manager.py:65}}
May 28 03:21:30.007081 np0000177156 devstack@neutron-api.service[102894]: DEBUG neutron.plugins.ml2.drivers.ovn.mech_driver.ovsdb.ovsdb_monitor [-] Hash Ring: Node fda72bc390315f548211cb11e701e4ce (host: np0000177156) handling event "update" for row 9160dc09-3f46-471b-90f8-f5f3b3988268 (table: Chassis_Private) {{(pid=102894) notify /opt/stack/neutron/neutron/plugins/ml2/drivers/ovn/mech_driver/ovsdb/ovsdb_monitor.py:986}}
May 28 03:21:30.007971 np0000177156 devstack@neutron-api.service[102894]: DEBUG neutron.plugins.ml2.drivers.ovn.mech_driver.ovsdb.ovsdb_monitor [-] ChassisOVNAgentWriteEvent : Matched Chassis_Private, update, None None {{(pid=102894) matches /opt/stack/neutron/neutron/plugins/ml2/drivers/ovn/mech_driver/ovsdb/ovsdb_monitor.py:64}}
May 28 03:21:30.008057 np0000177156 devstack@neutron-api.service[102895]: DEBUG neutron.plugins.ml2.drivers.ovn.mech_driver.ovsdb.ovsdb_monitor [-] Hash Ring: Node 07dc6ce8308b5cdb8a2f1a2136fc901a (host: np0000177156) handling event "update" for row 39f8aefb-c2c6-4469-b811-c716f2658e3c (table: NB_Global) {{(pid=102895) notify /opt/stack/neutron/neutron/plugins/ml2/drivers/ovn/mech_driver/ovsdb/ovsdb_monitor.py:986}}
May 28 03:21:30.008212 np0000177156 devstack@neutron-api.service[102894]: DEBUG neutron.plugins.ml2.drivers.ovn.mech_driver.ovsdb.ovsdb_monitor [-] Hash Ring: Node fda72bc390315f548211cb11e701e4ce (host: np0000177156) handling event "update" for row 9160dc09-3f46-471b-90f8-f5f3b3988268 (table: Chassis_Private) {{(pid=102894) notify /opt/stack/neutron/neutron/plugins/ml2/drivers/ovn/mech_driver/ovsdb/ovsdb_monitor.py:986}}
May 28 03:21:30.009394 np0000177156 devstack@neutron-api.service[102895]: DEBUG neutron.plugins.ml2.drivers.ovn.mech_driver.ovsdb.ovsdb_monitor [-] ChassisOVNAgentWriteEvent : Matched Chassis_Private, update, None None {{(pid=102895) matches /opt/stack/neutron/neutron/plugins/ml2/drivers/ovn/mech_driver/ovsdb/ovsdb_monitor.py:64}}
May 28 03:21:30.010653 np0000177156 devstack@neutron-api.service[102895]: DEBUG neutron.plugins.ml2.drivers.ovn.mech_driver.ovsdb.ovsdb_monitor [-] Hash Ring: Node 07dc6ce8308b5cdb8a2f1a2136fc901a (host: np0000177156) handling event "update" for row 39f8aefb-c2c6-4469-b811-c716f2658e3c (table: NB_Global) {{(pid=102895) notify /opt/stack/neutron/neutron/plugins/ml2/drivers/ovn/mech_driver/ovsdb/ovsdb_monitor.py:986}}
May 28 03:21:30.066489 np0000177156 devstack@neutron-api.service[102895]: DEBUG neutron.plugins.ml2.drivers.helpers [None req-b9e488fe-9b3b-4cc3-983f-417de5ec000a admin admin] geneve segment allocate from pool success with {'geneve_vni': 57658} {{(pid=102895) allocate_partially_specified_segment /opt/stack/neutron/neutron/plugins/ml2/drivers/helpers.py:142}}
May 28 03:21:30.077830 np0000177156 devstack@neutron-api.service[102895]: DEBUG neutron_lib.callbacks.manager [None req-b9e488fe-9b3b-4cc3-983f-417de5ec000a admin admin] Publish callbacks ['neutron.services.segments.db._add_segment_host_mapping_for_segment-8605270311266', 'neutron.plugins.ml2.plugin.Ml2Plugin._handle_segment_change-2362978'] for segment (a983c5f5-e922-4fe4-aca7-5a3a26f508e5), precommit_create {{(pid=102895) _notify_loop /opt/stack/data/venv/lib/python3.12/site-packages/neutron_lib/callbacks/manager.py:184}}
May 28 03:21:30.078048 np0000177156 devstack@neutron-api.service[102895]: INFO neutron.db.segments_db [None req-b9e488fe-9b3b-4cc3-983f-417de5ec000a admin admin] Added segment a983c5f5-e922-4fe4-aca7-5a3a26f508e5 of type geneve for network d17ef24e-53bf-43f9-88a8-b0c2c20f2ca5
May 28 03:21:30.120859 np0000177156 devstack@neutron-api.service[102895]: DEBUG neutron_lib.callbacks.manager [None req-b9e488fe-9b3b-4cc3-983f-417de5ec000a admin admin] Publish callbacks ['neutron.services.auto_allocate.db._ensure_external_network_default_value_callback-8605268675264'] for network (d17ef24e-53bf-43f9-88a8-b0c2c20f2ca5), precommit_create {{(pid=102895) _notify_loop /opt/stack/data/venv/lib/python3.12/site-packages/neutron_lib/callbacks/manager.py:184}}
May 28 03:21:30.137549 np0000177156 devstack@neutron-api.service[102895]: DEBUG neutron.plugins.ml2.drivers.ovn.mech_driver.mech_driver [None req-b9e488fe-9b3b-4cc3-983f-417de5ec000a admin admin] Validating network segment with type geneve, segmentation ID 57658, physical network None {{(pid=102895) _validate_network_segments /opt/stack/neutron/neutron/plugins/ml2/drivers/ovn/mech_driver/mech_driver.py:643}}
May 28 03:21:30.137646 np0000177156 devstack@neutron-api.service[102895]: DEBUG neutron.db.ovn_revision_numbers_db [None req-b9e488fe-9b3b-4cc3-983f-417de5ec000a admin admin] create_initial_revision uuid=d17ef24e-53bf-43f9-88a8-b0c2c20f2ca5, type=networks, rev=-1 {{(pid=102895) create_initial_revision /opt/stack/neutron/neutron/db/ovn_revision_numbers_db.py:98}}
