May 28 03:21:21.419761 np0000177156 devstack@neutron-api.service[102895]: DEBUG neutron.api.v2.resource_helper [None req-6cccecef-8395-4239-91b3-cf8641b1a31d None None] Service L3_ROUTER_NAT assigned prefix: {{(pid=102895) build_resource_info /opt/stack/neutron/neutron/api/v2/resource_helper.py:77}}
May 28 03:21:21.420171 np0000177156 devstack@neutron-api.service[102895]: DEBUG neutron.api.v2.resource_helper [None req-6cccecef-8395-4239-91b3-cf8641b1a31d None None] Service FLAVORS assigned prefix: {{(pid=102895) build_resource_info /opt/stack/neutron/neutron/api/v2/resource_helper.py:77}}
May 28 03:21:21.421103 np0000177156 devstack@neutron-api.service[102895]: DEBUG neutron.api.v2.resource_helper [None req-6cccecef-8395-4239-91b3-cf8641b1a31d None None] Service L3_ROUTER_NAT assigned prefix: {{(pid=102895) build_resource_info /opt/stack/neutron/neutron/api/v2/resource_helper.py:77}}
May 28 03:21:21.421481 np0000177156 devstack@neutron-api.service[102895]: DEBUG neutron.api.v2.resource_helper [None req-6cccecef-8395-4239-91b3-cf8641b1a31d None None] Service L3_ROUTER_NAT assigned prefix: {{(pid=102895) build_resource_info /opt/stack/neutron/neutron/api/v2/resource_helper.py:77}}
May 28 03:21:21.421641 np0000177156 devstack@neutron-api.service[102895]: INFO neutron.quota.resource_registry [None req-6cccecef-8395-4239-91b3-cf8641b1a31d None None] Creating instance of TrackedResource for resource:router
May 28 03:21:21.422096 np0000177156 devstack@neutron-api.service[102895]: INFO neutron.quota.resource_registry [None req-6cccecef-8395-4239-91b3-cf8641b1a31d None None] Creating instance of TrackedResource for resource:floatingip
May 28 03:21:21.423374 np0000177156 devstack@neutron-api.service[102895]: INFO neutron.quota.resource_registry [None req-6cccecef-8395-4239-91b3-cf8641b1a31d None None] Creating instance of CountableResource for resource:rbac_policy
May 28 03:21:21.423856 np0000177156 devstack@neutron-api.service[102895]: INFO neutron.quota.resource_registry [None req-6cccecef-8395-4239-91b3-cf8641b1a31d None None] Creating instance of TrackedResource for resource:security_group
May 28 03:21:21.424260 np0000177156 devstack@neutron-api.service[102895]: INFO neutron.quota.resource_registry [None req-6cccecef-8395-4239-91b3-cf8641b1a31d None None] Creating instance of TrackedResource for resource:security_group_rule
May 28 03:21:21.424872 np0000177156 devstack@neutron-api.service[102895]: DEBUG neutron.api.v2.resource_helper [None req-6cccecef-8395-4239-91b3-cf8641b1a31d None None] Service CORE assigned prefix: {{(pid=102895) build_resource_info /opt/stack/neutron/neutron/api/v2/resource_helper.py:77}}
May 28 03:21:21.425021 np0000177156 devstack@neutron-api.service[102895]: INFO neutron.quota.resource_registry [None req-6cccecef-8395-4239-91b3-cf8641b1a31d None None] Creating instance of TrackedResource for resource:subnetpool
May 28 03:21:21.425154 np0000177156 devstack@neutron-api.service[102895]: WARNING neutron.quota.resource_registry [None req-6cccecef-8395-4239-91b3-cf8641b1a31d None None] subnetpool is already registered
May 28 03:21:21.426113 np0000177156 devstack@neutron-api.service[102897]: DEBUG neutron_lib.callbacks.manager [None req-9a654a53-1c78-4094-a537-768d7a3612c8 None None] Publish callbacks ['neutron.plugins.ml2.drivers.ovn.mech_driver.mech_driver.OVNMechanismDriver.pre_fork_initialize-2081429'] for process (None), before_spawn {{(pid=102897) _notify_loop /opt/stack/data/venv/lib/python3.12/site-packages/neutron_lib/callbacks/manager.py:184}}
May 28 03:21:21.426630 np0000177156 devstack@neutron-api.service[102897]: DEBUG oslo_concurrency.processutils [None req-9a654a53-1c78-4094-a537-768d7a3612c8 None None] Running cmd (subprocess): ovsdb-client transact ssl:199.204.45.235:6641 --timeout 180 -p /opt/stack/data/CA/int-ca/private/devstack-cert.key -c /opt/stack/data/CA/int-ca/devstack-cert.crt -C /opt/stack/data/CA/int-ca/ca-chain.pem ["OVN_Northbound", {"op": "wait", "timeout": 0, "table": "Port_Group", "where": [["name", "==", "neutron_pg_drop"]], "until": "==", "rows": []}, {"op": "insert", "table": "ACL", "row": {"action": "drop", "direction": "to-lport", "match": "outport == @neutron_pg_drop && ip", "priority": 1001}, "uuid-name": "droptoport"}, {"op": "insert", "table": "ACL", "row": {"action": "drop", "direction": "from-lport", "match": "inport == @neutron_pg_drop && ip", "priority": 1001}, "uuid-name": "dropfromport"}, {"op": "insert", "table": "Port_Group", "row": {"name": "neutron_pg_drop", "acls": ["set", [["named-uuid", "droptoport"], ["named-uuid", "dropfromport"]]]}}] {{(pid=102897) execute /opt/stack/data/venv/lib/python3.12/site-packages/oslo_concurrency/processutils.py:440}}
May 28 03:21:21.427874 np0000177156 devstack@neutron-api.service[102895]: DEBUG neutron.api.v2.resource_helper [None req-6cccecef-8395-4239-91b3-cf8641b1a31d None None] Service L3_ROUTER_NAT assigned prefix: {{(pid=102895) build_resource_info /opt/stack/neutron/neutron/api/v2/resource_helper.py:77}}
May 28 03:21:21.428321 np0000177156 devstack@neutron-api.service[102895]: DEBUG neutron.api.v2.resource_helper [None req-6cccecef-8395-4239-91b3-cf8641b1a31d None None] Service FLAVORS assigned prefix: {{(pid=102895) build_resource_info /opt/stack/neutron/neutron/api/v2/resource_helper.py:77}}
May 28 03:21:21.428711 np0000177156 devstack@neutron-api.service[102896]: DEBUG oslo_concurrency.processutils [None req-54f4624b-961f-46b3-80a6-3c07255e121f None None] CMD "ovsdb-client transact ssl:199.204.45.235:6641 --timeout 180 -p /opt/stack/data/CA/int-ca/private/devstack-cert.key -c /opt/stack/data/CA/int-ca/devstack-cert.crt -C /opt/stack/data/CA/int-ca/ca-chain.pem ["OVN_Northbound", {"op": "wait", "timeout": 0, "table": "Port_Group", "where": [["name", "==", "neutron_pg_drop"]], "until": "==", "rows": []}, {"op": "insert", "table": "ACL", "row": {"action": "drop", "direction": "to-lport", "match": "outport == @neutron_pg_drop && ip", "priority": 1001}, "uuid-name": "droptoport"}, {"op": "insert", "table": "ACL", "row": {"action": "drop", "direction": "from-lport", "match": "inport == @neutron_pg_drop && ip", "priority": 1001}, "uuid-name": "dropfromport"}, {"op": "insert", "table": "Port_Group", "row": {"name": "neutron_pg_drop", "acls": ["set", [["named-uuid", "droptoport"], ["named-uuid", "dropfromport"]]]}}]" returned: 0 in 0.034s {{(pid=102896) execute /opt/stack/data/venv/lib/python3.12/site-packages/oslo_concurrency/processutils.py:468}}
May 28 03:21:21.429143 np0000177156 devstack@neutron-api.service[102895]: DEBUG neutron.api.v2.resource_helper [None req-6cccecef-8395-4239-91b3-cf8641b1a31d None None] Service L3_ROUTER_NAT assigned prefix: {{(pid=102895) build_resource_info /opt/stack/neutron/neutron/api/v2/resource_helper.py:77}}
May 28 03:21:21.429307 np0000177156 devstack@neutron-api.service[102896]: DEBUG neutron_lib.callbacks.manager [None req-54f4624b-961f-46b3-80a6-3c07255e121f None None] Publish callbacks ['neutron.plugins.ml2.drivers.ovn.mech_driver.mech_driver.OVNMechanismDriver.post_fork_initialize-2037344', 'neutron.services.ovn_l3.plugin.OVNL3RouterPlugin._post_fork_initialize-57828'] for process (None), after_init {{(pid=102896) _notify_loop /opt/stack/data/venv/lib/python3.12/site-packages/neutron_lib/callbacks/manager.py:184}}
May 28 03:21:21.429671 np0000177156 devstack@neutron-api.service[102895]: DEBUG neutron.api.v2.resource_helper [None req-6cccecef-8395-4239-91b3-cf8641b1a31d None None] Service L3_ROUTER_NAT assigned prefix: {{(pid=102895) build_resource_info /opt/stack/neutron/neutron/api/v2/resource_helper.py:77}}
May 28 03:21:21.429671 np0000177156 devstack@neutron-api.service[102895]: INFO neutron.quota.resource_registry [None req-6cccecef-8395-4239-91b3-cf8641b1a31d None None] Creating instance of TrackedResource for resource:router
May 28 03:21:21.429873 np0000177156 devstack@neutron-api.service[102895]: WARNING neutron.quota.resource_registry [None req-6cccecef-8395-4239-91b3-cf8641b1a31d None None] router is already registered
May 28 03:21:21.430125 np0000177156 devstack@neutron-api.service[102896]: DEBUG oslo_concurrency.lockutils [None req-54f4624b-961f-46b3-80a6-3c07255e121f None None] Acquiring lock "singleton_lock" {{(pid=102896) lock /opt/stack/data/venv/lib/python3.12/site-packages/oslo_concurrency/lockutils.py:395}}
May 28 03:21:21.430347 np0000177156 devstack@neutron-api.service[102895]: INFO neutron.quota.resource_registry [None req-6cccecef-8395-4239-91b3-cf8641b1a31d None None] Creating instance of TrackedResource for resource:floatingip
May 28 03:21:21.430403 np0000177156 devstack@neutron-api.service[102896]: DEBUG oslo_concurrency.lockutils [None req-54f4624b-961f-46b3-80a6-3c07255e121f None None] Acquired lock "singleton_lock" {{(pid=102896) lock /opt/stack/data/venv/lib/python3.12/site-packages/oslo_concurrency/lockutils.py:398}}
May 28 03:21:21.430488 np0000177156 devstack@neutron-api.service[102895]: WARNING neutron.quota.resource_registry [None req-6cccecef-8395-4239-91b3-cf8641b1a31d None None] floatingip is already registered
May 28 03:21:21.430863 np0000177156 devstack@neutron-api.service[102896]: DEBUG oslo_concurrency.lockutils [None req-54f4624b-961f-46b3-80a6-3c07255e121f None None] Releasing lock "singleton_lock" {{(pid=102896) lock /opt/stack/data/venv/lib/python3.12/site-packages/oslo_concurrency/lockutils.py:418}}
May 28 03:21:21.431539 np0000177156 devstack@neutron-api.service[102895]: INFO neutron.quota.resource_registry [None req-6cccecef-8395-4239-91b3-cf8641b1a31d None None] Creating instance of CountableResource for resource:rbac_policy
May 28 03:21:21.431648 np0000177156 devstack@neutron-api.service[102895]: WARNING neutron.quota.resource_registry [None req-6cccecef-8395-4239-91b3-cf8641b1a31d None None] rbac_policy is already registered
May 28 03:21:21.432259 np0000177156 devstack@neutron-api.service[102895]: INFO neutron.quota.resource_registry [None req-6cccecef-8395-4239-91b3-cf8641b1a31d None None] Creating instance of TrackedResource for resource:security_group
May 28 03:21:21.432362 np0000177156 devstack@neutron-api.service[102895]: WARNING neutron.quota.resource_registry [None req-6cccecef-8395-4239-91b3-cf8641b1a31d None None] security_group is already registered
May 28 03:21:21.432764 np0000177156 devstack@neutron-api.service[102895]: INFO neutron.quota.resource_registry [None req-6cccecef-8395-4239-91b3-cf8641b1a31d None None] Creating instance of TrackedResource for resource:security_group_rule
May 28 03:21:21.432815 np0000177156 devstack@neutron-api.service[102895]: WARNING neutron.quota.resource_registry [None req-6cccecef-8395-4239-91b3-cf8641b1a31d None None] security_group_rule is already registered
May 28 03:21:21.433370 np0000177156 devstack@neutron-api.service[102895]: DEBUG neutron.api.v2.resource_helper [None req-6cccecef-8395-4239-91b3-cf8641b1a31d None None] Service CORE assigned prefix: {{(pid=102895) build_resource_info /opt/stack/neutron/neutron/api/v2/resource_helper.py:77}}
May 28 03:21:21.433550 np0000177156 devstack@neutron-api.service[102895]: INFO neutron.quota.resource_registry [None req-6cccecef-8395-4239-91b3-cf8641b1a31d None None] Creating instance of TrackedResource for resource:subnetpool
May 28 03:21:21.433728 np0000177156 devstack@neutron-api.service[102895]: WARNING neutron.quota.resource_registry [None req-6cccecef-8395-4239-91b3-cf8641b1a31d None None] subnetpool is already registered
May 28 03:21:21.435471 np0000177156 devstack@neutron-api.service[102896]: DEBUG neutron.plugins.ml2.drivers.ovn.mech_driver.mech_driver [None req-54f4624b-961f-46b3-80a6-3c07255e121f None None] Hash Ring setup using WSGI start time 2026-05-28 03:21:14+00:00 {{(pid=102896) _init_hash_ring /opt/stack/neutron/neutron/plugins/ml2/drivers/ovn/mech_driver/mech_driver.py:404}}
May 28 03:21:21.435537 np0000177156 devstack@neutron-api.service[102895]: DEBUG neutron.api.extensions [None req-6cccecef-8395-4239-91b3-cf8641b1a31d None None] Extended resource: extensions {{(pid=102895) __init__ /opt/stack/neutron/neutron/api/extensions.py:156}}
May 28 03:21:21.435537 np0000177156 devstack@neutron-api.service[102895]: DEBUG neutron.api.extensions [None req-6cccecef-8395-4239-91b3-cf8641b1a31d None None] Extended resource: address-groups {{(pid=102895) __init__ /opt/stack/neutron/neutron/api/extensions.py:156}}
May 28 03:21:21.436050 np0000177156 devstack@neutron-api.service[102895]: DEBUG neutron.api.extensions [None req-6cccecef-8395-4239-91b3-cf8641b1a31d None None] Extended resource: address-scopes {{(pid=102895) __init__ /opt/stack/neutron/neutron/api/extensions.py:156}}
May 28 03:21:21.436563 np0000177156 devstack@neutron-api.service[102895]: DEBUG neutron.api.extensions [None req-6cccecef-8395-4239-91b3-cf8641b1a31d None None] Extended resource: agents {{(pid=102895) __init__ /opt/stack/neutron/neutron/api/extensions.py:156}}
May 28 03:21:21.437133 np0000177156 devstack@neutron-api.service[102895]: DEBUG neutron.api.extensions [None req-6cccecef-8395-4239-91b3-cf8641b1a31d None None] Extended resource: auto-allocated-topology {{(pid=102895) __init__ /opt/stack/neutron/neutron/api/extensions.py:156}}
May 28 03:21:21.437721 np0000177156 devstack@neutron-api.service[102895]: DEBUG neutron.api.extensions [None req-6cccecef-8395-4239-91b3-cf8641b1a31d None None] Extended resource: availability_zones {{(pid=102895) __init__ /opt/stack/neutron/neutron/api/extensions.py:156}}
May 28 03:21:21.438324 np0000177156 devstack@neutron-api.service[102895]: DEBUG neutron.api.extensions [None req-6cccecef-8395-4239-91b3-cf8641b1a31d None None] Extended resource: dhcp-networks {{(pid=102895) __init__ /opt/stack/neutron/neutron/api/extensions.py:156}}
May 28 03:21:21.439082 np0000177156 devstack@neutron-api.service[102895]: DEBUG neutron.api.extensions [None req-6cccecef-8395-4239-91b3-cf8641b1a31d None None] Extended resource: dhcp-agents {{(pid=102895) __init__ /opt/stack/neutron/neutron/api/extensions.py:156}}
May 28 03:21:21.439752 np0000177156 devstack@neutron-api.service[102895]: DEBUG neutron.api.extensions [None req-6cccecef-8395-4239-91b3-cf8641b1a31d None None] Extended resource: routers {{(pid=102895) __init__ /opt/stack/neutron/neutron/api/extensions.py:156}}
May 28 03:21:21.440760 np0000177156 devstack@neutron-api.service[102895]: DEBUG neutron.api.extensions [None req-6cccecef-8395-4239-91b3-cf8641b1a31d None None] Extended resource: flavors {{(pid=102895) __init__ /opt/stack/neutron/neutron/api/extensions.py:156}}
May 28 03:21:21.441425 np0000177156 devstack@neutron-api.service[102895]: DEBUG neutron.api.extensions [None req-6cccecef-8395-4239-91b3-cf8641b1a31d None None] Extended resource: service_profiles {{(pid=102895) __init__ /opt/stack/neutron/neutron/api/extensions.py:156}}
May 28 03:21:21.441995 np0000177156 devstack@neutron-api.service[102895]: DEBUG neutron.api.extensions [None req-6cccecef-8395-4239-91b3-cf8641b1a31d None None] Extended resource: next_providers {{(pid=102895) __init__ /opt/stack/neutron/neutron/api/extensions.py:156}}
May 28 03:21:21.442267 np0000177156 devstack@neutron-api.service[102896]: INFO neutron.db.ovn_hash_ring_db [None req-54f4624b-961f-46b3-80a6-3c07255e121f None None] Nodes from host "np0000177156" and group "mechanism_driver" removed from the Hash Ring created at 2026-05-28 03:21:14+00:00
May 28 03:21:21.442638 np0000177156 devstack@neutron-api.service[102895]: DEBUG neutron.api.extensions [None req-6cccecef-8395-4239-91b3-cf8641b1a31d None None] Extended resource: service_profiles {{(pid=102895) __init__ /opt/stack/neutron/neutron/api/extensions.py:156}}
May 28 03:21:21.443347 np0000177156 devstack@neutron-api.service[102895]: DEBUG neutron.api.extensions [None req-6cccecef-8395-4239-91b3-cf8641b1a31d None None] Extended resource: floatingip-pools {{(pid=102895) __init__ /opt/stack/neutron/neutron/api/extensions.py:156}}
May 28 03:21:21.443923 np0000177156 devstack@neutron-api.service[102895]: DEBUG neutron.api.extensions [None req-6cccecef-8395-4239-91b3-cf8641b1a31d None None] Extended resource: routers {{(pid=102895) __init__ /opt/stack/neutron/neutron/api/extensions.py:156}}
May 28 03:21:21.445022 np0000177156 devstack@neutron-api.service[102895]: DEBUG neutron.api.extensions [None req-6cccecef-8395-4239-91b3-cf8641b1a31d None None] Extended resource: floatingips {{(pid=102895) __init__ /opt/stack/neutron/neutron/api/extensions.py:156}}
May 28 03:21:21.445569 np0000177156 devstack@neutron-api.service[102895]: DEBUG neutron.api.extensions [None req-6cccecef-8395-4239-91b3-cf8641b1a31d None None] Extended resource: network-ip-availabilities {{(pid=102895) __init__ /opt/stack/neutron/neutron/api/extensions.py:156}}
May 28 03:21:21.445780 np0000177156 devstack@neutron-api.service[102896]: INFO neutron.db.ovn_hash_ring_db [None req-54f4624b-961f-46b3-80a6-3c07255e121f None None] Node 3f4288698bc9543d8b3bb449a40f07ee from host "np0000177156" and group "mechanism_driver" added to the Hash Ring
May 28 03:21:21.446151 np0000177156 devstack@neutron-api.service[102895]: DEBUG neutron.api.extensions [None req-6cccecef-8395-4239-91b3-cf8641b1a31d None None] Extended resource: network-ip-availabilities {{(pid=102895) __init__ /opt/stack/neutron/neutron/api/extensions.py:156}}
May 28 03:21:21.446774 np0000177156 devstack@neutron-api.service[102895]: DEBUG neutron.api.extensions [None req-6cccecef-8395-4239-91b3-cf8641b1a31d None None] Extended resource: bindings {{(pid=102895) __init__ /opt/stack/neutron/neutron/api/extensions.py:156}}
May 28 03:21:21.447548 np0000177156 devstack@neutron-api.service[102895]: DEBUG neutron.api.extensions [None req-6cccecef-8395-4239-91b3-cf8641b1a31d None None] Extended resource: quotas {{(pid=102895) __init__ /opt/stack/neutron/neutron/api/extensions.py:156}}
May 28 03:21:21.448563 np0000177156 devstack@neutron-api.service[102895]: DEBUG neutron.api.extensions [None req-6cccecef-8395-4239-91b3-cf8641b1a31d None None] Extended resource: quotas {{(pid=102895) __init__ /opt/stack/neutron/neutron/api/extensions.py:156}}
May 28 03:21:21.449290 np0000177156 devstack@neutron-api.service[102895]: DEBUG neutron.api.extensions [None req-6cccecef-8395-4239-91b3-cf8641b1a31d None None] Extended resource: rbac-policies {{(pid=102895) __init__ /opt/stack/neutron/neutron/api/extensions.py:156}}
May 28 03:21:21.449515 np0000177156 devstack@neutron-api.service[102896]: DEBUG neutron.plugins.ml2.drivers.ovn.mech_driver.mech_driver [None req-54f4624b-961f-46b3-80a6-3c07255e121f None None] Hash Ring setup, this worker has detected 2 OVN hash ring registers in the database {{(pid=102896) _init_hash_ring /opt/stack/neutron/neutron/plugins/ml2/drivers/ovn/mech_driver/mech_driver.py:414}}
May 28 03:21:21.450295 np0000177156 devstack@neutron-api.service[102895]: DEBUG neutron.api.extensions [None req-6cccecef-8395-4239-91b3-cf8641b1a31d None None] Extended resource: default-security-group-rules {{(pid=102895) __init__ /opt/stack/neutron/neutron/api/extensions.py:156}}
May 28 03:21:21.451493 np0000177156 devstack@neutron-api.service[102895]: DEBUG neutron.api.extensions [None req-6cccecef-8395-4239-91b3-cf8641b1a31d None None] Extended resource: security-groups {{(pid=102895) __init__ /opt/stack/neutron/neutron/api/extensions.py:156}}
May 28 03:21:21.452102 np0000177156 devstack@neutron-api.service[102895]: DEBUG neutron.api.extensions [None req-6cccecef-8395-4239-91b3-cf8641b1a31d None None] Extended resource: security-group-rules {{(pid=102895) __init__ /opt/stack/neutron/neutron/api/extensions.py:156}}
May 28 03:21:21.452553 np0000177156 devstack@neutron-api.service[102895]: DEBUG neutron.api.extensions [None req-6cccecef-8395-4239-91b3-cf8641b1a31d None None] Extended resource: service-providers {{(pid=102895) __init__ /opt/stack/neutron/neutron/api/extensions.py:156}}
May 28 03:21:21.453121 np0000177156 devstack@neutron-api.service[102895]: DEBUG neutron.api.extensions [None req-6cccecef-8395-4239-91b3-cf8641b1a31d None None] Extended resource: subnetpools {{(pid=102895) __init__ /opt/stack/neutron/neutron/api/extensions.py:156}}
May 28 03:21:21.453767 np0000177156 devstack@neutron-api.service[102895]: DEBUG neutron.api.extensions [None req-6cccecef-8395-4239-91b3-cf8641b1a31d None None] Extended resource: tags {{(pid=102895) __init__ /opt/stack/neutron/neutron/api/extensions.py:156}}
May 28 03:21:21.454614 np0000177156 devstack@neutron-api.service[102895]: DEBUG neutron.api.extensions [None req-6cccecef-8395-4239-91b3-cf8641b1a31d None None] Extended resource: tags {{(pid=102895) __init__ /opt/stack/neutron/neutron/api/extensions.py:156}}
May 28 03:21:21.455179 np0000177156 devstack@neutron-api.service[102896]: DEBUG neutron.plugins.ml2.drivers.ovn.mech_driver.ovsdb.maintenance [None req-54f4624b-961f-46b3-80a6-3c07255e121f None None] Periodic task found: HashRingHealthCheckPeriodics.touch_hash_ring_node {{(pid=102896) add_periodics /opt/stack/neutron/neutron/plugins/ml2/drivers/ovn/mech_driver/ovsdb/maintenance.py:148}}
May 28 03:21:21.455453 np0000177156 devstack@neutron-api.service[102895]: DEBUG neutron.api.extensions [None req-6cccecef-8395-4239-91b3-cf8641b1a31d None None] Extended resource: tags {{(pid=102895) __init__ /opt/stack/neutron/neutron/api/extensions.py:156}}
May 28 03:21:21.456219 np0000177156 devstack@neutron-api.service[102895]: DEBUG neutron.api.extensions [None req-6cccecef-8395-4239-91b3-cf8641b1a31d None None] Extended resource: tags {{(pid=102895) __init__ /opt/stack/neutron/neutron/api/extensions.py:156}}
May 28 03:21:21.457098 np0000177156 devstack@neutron-api.service[102895]: DEBUG neutron.api.extensions [None req-6cccecef-8395-4239-91b3-cf8641b1a31d None None] Extended resource: tags {{(pid=102895) __init__ /opt/stack/neutron/neutron/api/extensions.py:156}}
May 28 03:21:21.457484 np0000177156 devstack@neutron-api.service[102896]: INFO neutron.plugins.ml2.drivers.ovn.mech_driver.mech_driver [None req-54f4624b-961f-46b3-80a6-3c07255e121f None None] Hash Ring probing thread for node 3f4288698bc9543d8b3bb449a40f07ee has started
May 28 03:21:21.457978 np0000177156 devstack@neutron-api.service[102895]: DEBUG neutron.api.extensions [None req-6cccecef-8395-4239-91b3-cf8641b1a31d None None] Extended resource: tags {{(pid=102895) __init__ /opt/stack/neutron/neutron/api/extensions.py:156}}
May 28 03:21:21.458242 np0000177156 devstack@neutron-api.service[102896]: INFO neutron.plugins.ml2.drivers.ovn.mech_driver.ovsdb.impl_idl_ovn [None req-54f4624b-961f-46b3-80a6-3c07255e121f None None] Getting OvsdbNbOvnIdl for WorkerService with retry
May 28 03:21:21.458814 np0000177156 devstack@neutron-api.service[102895]: DEBUG neutron.api.extensions [None req-6cccecef-8395-4239-91b3-cf8641b1a31d None None] Extended resource: tags {{(pid=102895) __init__ /opt/stack/neutron/neutron/api/extensions.py:156}}
May 28 03:21:21.459690 np0000177156 devstack@neutron-api.service[102895]: DEBUG neutron.api.extensions [None req-6cccecef-8395-4239-91b3-cf8641b1a31d None None] Extended resource: tags {{(pid=102895) __init__ /opt/stack/neutron/neutron/api/extensions.py:156}}
May 28 03:21:21.460510 np0000177156 devstack@neutron-api.service[102895]: DEBUG neutron.api.extensions [None req-6cccecef-8395-4239-91b3-cf8641b1a31d None None] Extended resource: tags {{(pid=102895) __init__ /opt/stack/neutron/neutron/api/extensions.py:156}}
May 28 03:21:21.461299 np0000177156 devstack@neutron-api.service[102895]: DEBUG neutron.api.extensions [None req-6cccecef-8395-4239-91b3-cf8641b1a31d None None] Extended resource: tags {{(pid=102895) __init__ /opt/stack/neutron/neutron/api/extensions.py:156}}
May 28 03:21:21.471770 np0000177156 devstack@neutron-api.service[102895]: DEBUG neutron_lib.callbacks.manager [None req-6cccecef-8395-4239-91b3-cf8641b1a31d None None] Publish callbacks ['neutron.plugins.ml2.drivers.ovn.mech_driver.mech_driver.OVNMechanismDriver.pre_fork_initialize-2084570'] for process (None), before_spawn {{(pid=102895) _notify_loop /opt/stack/data/venv/lib/python3.12/site-packages/neutron_lib/callbacks/manager.py:184}}
May 28 03:21:21.472256 np0000177156 devstack@neutron-api.service[102895]: DEBUG oslo_concurrency.processutils [None req-6cccecef-8395-4239-91b3-cf8641b1a31d None None] Running cmd (subprocess): ovsdb-client transact ssl:199.204.45.235:6641 --timeout 180 -p /opt/stack/data/CA/int-ca/private/devstack-cert.key -c /opt/stack/data/CA/int-ca/devstack-cert.crt -C /opt/stack/data/CA/int-ca/ca-chain.pem ["OVN_Northbound", {"op": "wait", "timeout": 0, "table": "Port_Group", "where": [["name", "==", "neutron_pg_drop"]], "until": "==", "rows": []}, {"op": "insert", "table": "ACL", "row": {"action": "drop", "direction": "to-lport", "match": "outport == @neutron_pg_drop && ip", "priority": 1001}, "uuid-name": "droptoport"}, {"op": "insert", "table": "ACL", "row": {"action": "drop", "direction": "from-lport", "match": "inport == @neutron_pg_drop && ip", "priority": 1001}, "uuid-name": "dropfromport"}, {"op": "insert", "table": "Port_Group", "row": {"name": "neutron_pg_drop", "acls": ["set", [["named-uuid", "droptoport"], ["named-uuid", "dropfromport"]]]}}] {{(pid=102895) execute /opt/stack/data/venv/lib/python3.12/site-packages/oslo_concurrency/processutils.py:440}}
May 28 03:21:21.473939 np0000177156 devstack@neutron-api.service[102897]: DEBUG oslo_concurrency.processutils [None req-9a654a53-1c78-4094-a537-768d7a3612c8 None None] CMD "ovsdb-client transact ssl:199.204.45.235:6641 --timeout 180 -p /opt/stack/data/CA/int-ca/private/devstack-cert.key -c /opt/stack/data/CA/int-ca/devstack-cert.crt -C /opt/stack/data/CA/int-ca/ca-chain.pem ["OVN_Northbound", {"op": "wait", "timeout": 0, "table": "Port_Group", "where": [["name", "==", "neutron_pg_drop"]], "until": "==", "rows": []}, {"op": "insert", "table": "ACL", "row": {"action": "drop", "direction": "to-lport", "match": "outport == @neutron_pg_drop && ip", "priority": 1001}, "uuid-name": "droptoport"}, {"op": "insert", "table": "ACL", "row": {"action": "drop", "direction": "from-lport", "match": "inport == @neutron_pg_drop && ip", "priority": 1001}, "uuid-name": "dropfromport"}, {"op": "insert", "table": "Port_Group", "row": {"name": "neutron_pg_drop", "acls": ["set", [["named-uuid", "droptoport"], ["named-uuid", "dropfromport"]]]}}]" returned: 0 in 0.047s {{(pid=102897) execute /opt/stack/data/venv/lib/python3.12/site-packages/oslo_concurrency/processutils.py:468}}
May 28 03:21:21.474471 np0000177156 devstack@neutron-api.service[102897]: DEBUG neutron_lib.callbacks.manager [None req-9a654a53-1c78-4094-a537-768d7a3612c8 None None] Publish callbacks ['neutron.plugins.ml2.drivers.ovn.mech_driver.mech_driver.OVNMechanismDriver.post_fork_initialize-2081469', 'neutron.services.ovn_l3.plugin.OVNL3RouterPlugin._post_fork_initialize-66764302'] for process (None), after_init {{(pid=102897) _notify_loop /opt/stack/data/venv/lib/python3.12/site-packages/neutron_lib/callbacks/manager.py:184}}
May 28 03:21:21.474949 np0000177156 devstack@neutron-api.service[102897]: DEBUG oslo_concurrency.lockutils [None req-9a654a53-1c78-4094-a537-768d7a3612c8 None None] Acquiring lock "singleton_lock" {{(pid=102897) lock /opt/stack/data/venv/lib/python3.12/site-packages/oslo_concurrency/lockutils.py:395}}
May 28 03:21:21.475109 np0000177156 devstack@neutron-api.service[102897]: DEBUG oslo_concurrency.lockutils [None req-9a654a53-1c78-4094-a537-768d7a3612c8 None None] Acquired lock "singleton_lock" {{(pid=102897) lock /opt/stack/data/venv/lib/python3.12/site-packages/oslo_concurrency/lockutils.py:398}}
May 28 03:21:21.475438 np0000177156 devstack@neutron-api.service[102897]: DEBUG oslo_concurrency.lockutils [None req-9a654a53-1c78-4094-a537-768d7a3612c8 None None] Releasing lock "singleton_lock" {{(pid=102897) lock /opt/stack/data/venv/lib/python3.12/site-packages/oslo_concurrency/lockutils.py:418}}
May 28 03:21:21.477648 np0000177156 devstack@neutron-api.service[102897]: DEBUG neutron.plugins.ml2.drivers.ovn.mech_driver.mech_driver [None req-9a654a53-1c78-4094-a537-768d7a3612c8 None None] Hash Ring setup using WSGI start time 2026-05-28 03:21:14+00:00 {{(pid=102897) _init_hash_ring /opt/stack/neutron/neutron/plugins/ml2/drivers/ovn/mech_driver/mech_driver.py:404}}
May 28 03:21:21.484178 np0000177156 devstack@neutron-api.service[102897]: INFO neutron.db.ovn_hash_ring_db [None req-9a654a53-1c78-4094-a537-768d7a3612c8 None None] Nodes from host "np0000177156" and group "mechanism_driver" removed from the Hash Ring created at 2026-05-28 03:21:14+00:00
May 28 03:21:21.487285 np0000177156 devstack@neutron-api.service[102897]: INFO neutron.db.ovn_hash_ring_db [None req-9a654a53-1c78-4094-a537-768d7a3612c8 None None] Node 7ea48101b92250aba532fcd4edb31a49 from host "np0000177156" and group "mechanism_driver" added to the Hash Ring
May 28 03:21:21.490886 np0000177156 devstack@neutron-api.service[102897]: DEBUG neutron.plugins.ml2.drivers.ovn.mech_driver.mech_driver [None req-9a654a53-1c78-4094-a537-768d7a3612c8 None None] Hash Ring setup, this worker has detected 3 OVN hash ring registers in the database {{(pid=102897) _init_hash_ring /opt/stack/neutron/neutron/plugins/ml2/drivers/ovn/mech_driver/mech_driver.py:414}}
May 28 03:21:21.498631 np0000177156 devstack@neutron-api.service[102897]: DEBUG neutron.plugins.ml2.drivers.ovn.mech_driver.ovsdb.maintenance [None req-9a654a53-1c78-4094-a537-768d7a3612c8 None None] Periodic task found: HashRingHealthCheckPeriodics.touch_hash_ring_node {{(pid=102897) add_periodics /opt/stack/neutron/neutron/plugins/ml2/drivers/ovn/mech_driver/ovsdb/maintenance.py:148}}
May 28 03:21:21.500015 np0000177156 devstack@neutron-api.service[102897]: INFO neutron.plugins.ml2.drivers.ovn.mech_driver.mech_driver [None req-9a654a53-1c78-4094-a537-768d7a3612c8 None None] Hash Ring probing thread for node 7ea48101b92250aba532fcd4edb31a49 has started
May 28 03:21:21.500699 np0000177156 devstack@neutron-api.service[102896]: DEBUG ovsdbapp.backend.ovs_idl [None req-54f4624b-961f-46b3-80a6-3c07255e121f None None] Created lookup_table index Logical_Switch.name {{(pid=102896) autocreate_indices /opt/stack/data/venv/lib/python3.12/site-packages/ovsdbapp/backend/ovs_idl/__init__.py:87}}
May 28 03:21:21.500755 np0000177156 devstack@neutron-api.service[102897]: INFO neutron.plugins.ml2.drivers.ovn.mech_driver.ovsdb.impl_idl_ovn [None req-9a654a53-1c78-4094-a537-768d7a3612c8 None None] Getting OvsdbNbOvnIdl for WorkerService with retry
May 28 03:21:21.500839 np0000177156 devstack@neutron-api.service[102896]: DEBUG ovsdbapp.backend.ovs_idl [None req-54f4624b-961f-46b3-80a6-3c07255e121f None None] Created lookup_table index Logical_Router.name {{(pid=102896) autocreate_indices /opt/stack/data/venv/lib/python3.12/site-packages/ovsdbapp/backend/ovs_idl/__init__.py:87}}
May 28 03:21:21.500999 np0000177156 devstack@neutron-api.service[102896]: DEBUG ovsdbapp.backend.ovs_idl [None req-54f4624b-961f-46b3-80a6-3c07255e121f None None] Created lookup_table index Load_Balancer.name {{(pid=102896) autocreate_indices /opt/stack/data/venv/lib/python3.12/site-packages/ovsdbapp/backend/ovs_idl/__init__.py:87}}
May 28 03:21:21.501147 np0000177156 devstack@neutron-api.service[102896]: DEBUG ovsdbapp.backend.ovs_idl [None req-54f4624b-961f-46b3-80a6-3c07255e121f None None] Created schema index Copp.name {{(pid=102896) autocreate_indices /opt/stack/data/venv/lib/python3.12/site-packages/ovsdbapp/backend/ovs_idl/__init__.py:106}}
May 28 03:21:21.501315 np0000177156 devstack@neutron-api.service[102896]: DEBUG ovsdbapp.backend.ovs_idl [None req-54f4624b-961f-46b3-80a6-3c07255e121f None None] Created schema index Meter.name {{(pid=102896) autocreate_indices /opt/stack/data/venv/lib/python3.12/site-packages/ovsdbapp/backend/ovs_idl/__init__.py:106}}
May 28 03:21:21.501835 np0000177156 devstack@neutron-api.service[102896]: DEBUG ovsdbapp.backend.ovs_idl [None req-54f4624b-961f-46b3-80a6-3c07255e121f None None] Created schema index Load_Balancer_Group.name {{(pid=102896) autocreate_indices /opt/stack/data/venv/lib/python3.12/site-packages/ovsdbapp/backend/ovs_idl/__init__.py:106}}
May 28 03:21:21.501835 np0000177156 devstack@neutron-api.service[102896]: DEBUG ovsdbapp.backend.ovs_idl [None req-54f4624b-961f-46b3-80a6-3c07255e121f None None] Created schema index HA_Chassis_Group.name {{(pid=102896) autocreate_indices /opt/stack/data/venv/lib/python3.12/site-packages/ovsdbapp/backend/ovs_idl/__init__.py:106}}
May 28 03:21:21.501835 np0000177156 devstack@neutron-api.service[102896]: DEBUG ovsdbapp.backend.ovs_idl [None req-54f4624b-961f-46b3-80a6-3c07255e121f None None] Created schema index Address_Set.name {{(pid=102896) autocreate_indices /opt/stack/data/venv/lib/python3.12/site-packages/ovsdbapp/backend/ovs_idl/__init__.py:106}}
May 28 03:21:21.501835 np0000177156 devstack@neutron-api.service[102896]: DEBUG ovsdbapp.backend.ovs_idl [None req-54f4624b-961f-46b3-80a6-3c07255e121f None None] Created schema index Connection.target {{(pid=102896) autocreate_indices /opt/stack/data/venv/lib/python3.12/site-packages/ovsdbapp/backend/ovs_idl/__init__.py:106}}
May 28 03:21:21.502217 np0000177156 devstack@neutron-api.service[102896]: DEBUG ovsdbapp.backend.ovs_idl [None req-54f4624b-961f-46b3-80a6-3c07255e121f None None] Created schema index Gateway_Chassis.name {{(pid=102896) autocreate_indices /opt/stack/data/venv/lib/python3.12/site-packages/ovsdbapp/backend/ovs_idl/__init__.py:106}}
May 28 03:21:21.502217 np0000177156 devstack@neutron-api.service[102896]: DEBUG ovsdbapp.backend.ovs_idl [None req-54f4624b-961f-46b3-80a6-3c07255e121f None None] Created schema index Mirror.name {{(pid=102896) autocreate_indices /opt/stack/data/venv/lib/python3.12/site-packages/ovsdbapp/backend/ovs_idl/__init__.py:106}}
May 28 03:21:21.502217 np0000177156 devstack@neutron-api.service[102896]: DEBUG ovsdbapp.backend.ovs_idl [None req-54f4624b-961f-46b3-80a6-3c07255e121f None None] Created schema index Chassis_Template_Var.chassis {{(pid=102896) autocreate_indices /opt/stack/data/venv/lib/python3.12/site-packages/ovsdbapp/backend/ovs_idl/__init__.py:106}}
May 28 03:21:21.502340 np0000177156 devstack@neutron-api.service[102896]: DEBUG ovsdbapp.backend.ovs_idl [None req-54f4624b-961f-46b3-80a6-3c07255e121f None None] Created schema index Logical_Router_Port.name {{(pid=102896) autocreate_indices /opt/stack/data/venv/lib/python3.12/site-packages/ovsdbapp/backend/ovs_idl/__init__.py:106}}
May 28 03:21:21.502502 np0000177156 devstack@neutron-api.service[102896]: DEBUG ovsdbapp.backend.ovs_idl [None req-54f4624b-961f-46b3-80a6-3c07255e121f None None] Created schema index Port_Group.name {{(pid=102896) autocreate_indices /opt/stack/data/venv/lib/python3.12/site-packages/ovsdbapp/backend/ovs_idl/__init__.py:106}}
May 28 03:21:21.502631 np0000177156 devstack@neutron-api.service[102896]: DEBUG ovsdbapp.backend.ovs_idl [None req-54f4624b-961f-46b3-80a6-3c07255e121f None None] Created schema index Logical_Switch_Port.name {{(pid=102896) autocreate_indices /opt/stack/data/venv/lib/python3.12/site-packages/ovsdbapp/backend/ovs_idl/__init__.py:106}}
May 28 03:21:21.505270 np0000177156 devstack@neutron-api.service[102896]: INFO ovsdbapp.backend.ovs_idl.vlog [None req-54f4624b-961f-46b3-80a6-3c07255e121f None None] ssl:199.204.45.235:6641: connecting...
May 28 03:21:21.509799 np0000177156 devstack@neutron-api.service[102895]: DEBUG oslo_concurrency.processutils [None req-6cccecef-8395-4239-91b3-cf8641b1a31d None None] CMD "ovsdb-client transact ssl:199.204.45.235:6641 --timeout 180 -p /opt/stack/data/CA/int-ca/private/devstack-cert.key -c /opt/stack/data/CA/int-ca/devstack-cert.crt -C /opt/stack/data/CA/int-ca/ca-chain.pem ["OVN_Northbound", {"op": "wait", "timeout": 0, "table": "Port_Group", "where": [["name", "==", "neutron_pg_drop"]], "until": "==", "rows": []}, {"op": "insert", "table": "ACL", "row": {"action": "drop", "direction": "to-lport", "match": "outport == @neutron_pg_drop && ip", "priority": 1001}, "uuid-name": "droptoport"}, {"op": "insert", "table": "ACL", "row": {"action": "drop", "direction": "from-lport", "match": "inport == @neutron_pg_drop && ip", "priority": 1001}, "uuid-name": "dropfromport"}, {"op": "insert", "table": "Port_Group", "row": {"name": "neutron_pg_drop", "acls": ["set", [["named-uuid", "droptoport"], ["named-uuid", "dropfromport"]]]}}]" returned: 0 in 0.037s {{(pid=102895) execute /opt/stack/data/venv/lib/python3.12/site-packages/oslo_concurrency/processutils.py:468}}
May 28 03:21:21.510199 np0000177156 devstack@neutron-api.service[102895]: DEBUG neutron_lib.callbacks.manager [None req-6cccecef-8395-4239-91b3-cf8641b1a31d None None] Publish callbacks ['neutron.plugins.ml2.drivers.ovn.mech_driver.mech_driver.OVNMechanismDriver.post_fork_initialize-2084594', 'neutron.services.ovn_l3.plugin.OVNL3RouterPlugin._post_fork_initialize-57741'] for process (None), after_init {{(pid=102895) _notify_loop /opt/stack/data/venv/lib/python3.12/site-packages/neutron_lib/callbacks/manager.py:184}}
May 28 03:21:21.510865 np0000177156 devstack@neutron-api.service[102895]: DEBUG oslo_concurrency.lockutils [None req-6cccecef-8395-4239-91b3-cf8641b1a31d None None] Acquiring lock "singleton_lock" {{(pid=102895) lock /opt/stack/data/venv/lib/python3.12/site-packages/oslo_concurrency/lockutils.py:395}}
May 28 03:21:21.510865 np0000177156 devstack@neutron-api.service[102895]: DEBUG oslo_concurrency.lockutils [None req-6cccecef-8395-4239-91b3-cf8641b1a31d None None] Acquired lock "singleton_lock" {{(pid=102895) lock /opt/stack/data/venv/lib/python3.12/site-packages/oslo_concurrency/lockutils.py:398}}
May 28 03:21:21.511227 np0000177156 devstack@neutron-api.service[102895]: DEBUG oslo_concurrency.lockutils [None req-6cccecef-8395-4239-91b3-cf8641b1a31d None None] Releasing lock "singleton_lock" {{(pid=102895) lock /opt/stack/data/venv/lib/python3.12/site-packages/oslo_concurrency/lockutils.py:418}}
May 28 03:21:21.513496 np0000177156 devstack@neutron-api.service[102895]: DEBUG neutron.plugins.ml2.drivers.ovn.mech_driver.mech_driver [None req-6cccecef-8395-4239-91b3-cf8641b1a31d None None] Hash Ring setup using WSGI start time 2026-05-28 03:21:14+00:00 {{(pid=102895) _init_hash_ring /opt/stack/neutron/neutron/plugins/ml2/drivers/ovn/mech_driver/mech_driver.py:404}}
May 28 03:21:21.514887 np0000177156 devstack@neutron-api.service[102896]: INFO ovsdbapp.backend.ovs_idl.vlog [None req-54f4624b-961f-46b3-80a6-3c07255e121f None None] ssl:199.204.45.235:6641: connected
May 28 03:21:21.522945 np0000177156 devstack@neutron-api.service[102895]: INFO neutron.db.ovn_hash_ring_db [None req-6cccecef-8395-4239-91b3-cf8641b1a31d None None] Nodes from host "np0000177156" and group "mechanism_driver" removed from the Hash Ring created at 2026-05-28 03:21:14+00:00
May 28 03:21:21.528417 np0000177156 devstack@neutron-api.service[102895]: INFO neutron.db.ovn_hash_ring_db [None req-6cccecef-8395-4239-91b3-cf8641b1a31d None None] Node 07dc6ce8308b5cdb8a2f1a2136fc901a from host "np0000177156" and group "mechanism_driver" added to the Hash Ring
May 28 03:21:21.534311 np0000177156 devstack@neutron-api.service[102895]: DEBUG neutron.plugins.ml2.drivers.ovn.mech_driver.mech_driver [None req-6cccecef-8395-4239-91b3-cf8641b1a31d None None] Hash Ring setup, this worker has detected 4 OVN hash ring registers in the database {{(pid=102895) _init_hash_ring /opt/stack/neutron/neutron/plugins/ml2/drivers/ovn/mech_driver/mech_driver.py:414}}
May 28 03:21:21.544188 np0000177156 devstack@neutron-api.service[102895]: DEBUG neutron.plugins.ml2.drivers.ovn.mech_driver.ovsdb.maintenance [None req-6cccecef-8395-4239-91b3-cf8641b1a31d None None] Periodic task found: HashRingHealthCheckPeriodics.touch_hash_ring_node {{(pid=102895) add_periodics /opt/stack/neutron/neutron/plugins/ml2/drivers/ovn/mech_driver/ovsdb/maintenance.py:148}}
May 28 03:21:21.545499 np0000177156 devstack@neutron-api.service[102895]: INFO neutron.plugins.ml2.drivers.ovn.mech_driver.mech_driver [None req-6cccecef-8395-4239-91b3-cf8641b1a31d None None] Hash Ring probing thread for node 07dc6ce8308b5cdb8a2f1a2136fc901a has started
May 28 03:21:21.546635 np0000177156 devstack@neutron-api.service[102895]: INFO neutron.plugins.ml2.drivers.ovn.mech_driver.ovsdb.impl_idl_ovn [None req-6cccecef-8395-4239-91b3-cf8641b1a31d None None] Getting OvsdbNbOvnIdl for WorkerService with retry
May 28 03:21:21.551569 np0000177156 devstack@neutron-api.service[102897]: DEBUG ovsdbapp.backend.ovs_idl [None req-9a654a53-1c78-4094-a537-768d7a3612c8 None None] Created lookup_table index Logical_Switch.name {{(pid=102897) autocreate_indices /opt/stack/data/venv/lib/python3.12/site-packages/ovsdbapp/backend/ovs_idl/__init__.py:87}}
May 28 03:21:21.551660 np0000177156 devstack@neutron-api.service[102896]: DEBUG neutron.common.ovn.hash_ring_manager [None req-54f4624b-961f-46b3-80a6-3c07255e121f None None] Allow caching, nodes 4>=4 {{(pid=102896) _wait_startup_before_caching /opt/stack/neutron/neutron/common/ovn/hash_ring_manager.py:65}}
May 28 03:21:21.551711 np0000177156 devstack@neutron-api.service[102897]: DEBUG ovsdbapp.backend.ovs_idl [None req-9a654a53-1c78-4094-a537-768d7a3612c8 None None] Created lookup_table index Logical_Router.name {{(pid=102897) autocreate_indices /opt/stack/data/venv/lib/python3.12/site-packages/ovsdbapp/backend/ovs_idl/__init__.py:87}}
May 28 03:21:21.551752 np0000177156 devstack@neutron-api.service[102897]: DEBUG ovsdbapp.backend.ovs_idl [None req-9a654a53-1c78-4094-a537-768d7a3612c8 None None] Created lookup_table index Load_Balancer.name {{(pid=102897) autocreate_indices /opt/stack/data/venv/lib/python3.12/site-packages/ovsdbapp/backend/ovs_idl/__init__.py:87}}
May 28 03:21:21.551874 np0000177156 devstack@neutron-api.service[102897]: DEBUG ovsdbapp.backend.ovs_idl [None req-9a654a53-1c78-4094-a537-768d7a3612c8 None None] Created schema index Copp.name {{(pid=102897) autocreate_indices /opt/stack/data/venv/lib/python3.12/site-packages/ovsdbapp/backend/ovs_idl/__init__.py:106}}
May 28 03:21:21.552019 np0000177156 devstack@neutron-api.service[102897]: DEBUG ovsdbapp.backend.ovs_idl [None req-9a654a53-1c78-4094-a537-768d7a3612c8 None None] Created schema index Meter.name {{(pid=102897) autocreate_indices /opt/stack/data/venv/lib/python3.12/site-packages/ovsdbapp/backend/ovs_idl/__init__.py:106}}
May 28 03:21:21.552067 np0000177156 devstack@neutron-api.service[102897]: DEBUG ovsdbapp.backend.ovs_idl [None req-9a654a53-1c78-4094-a537-768d7a3612c8 None None] Created schema index Load_Balancer_Group.name {{(pid=102897) autocreate_indices /opt/stack/data/venv/lib/python3.12/site-packages/ovsdbapp/backend/ovs_idl/__init__.py:106}}
May 28 03:21:21.552286 np0000177156 devstack@neutron-api.service[102897]: DEBUG ovsdbapp.backend.ovs_idl [None req-9a654a53-1c78-4094-a537-768d7a3612c8 None None] Created schema index HA_Chassis_Group.name {{(pid=102897) autocreate_indices /opt/stack/data/venv/lib/python3.12/site-packages/ovsdbapp/backend/ovs_idl/__init__.py:106}}
May 28 03:21:21.552286 np0000177156 devstack@neutron-api.service[102897]: DEBUG ovsdbapp.backend.ovs_idl [None req-9a654a53-1c78-4094-a537-768d7a3612c8 None None] Created schema index Address_Set.name {{(pid=102897) autocreate_indices /opt/stack/data/venv/lib/python3.12/site-packages/ovsdbapp/backend/ovs_idl/__init__.py:106}}
May 28 03:21:21.552478 np0000177156 devstack@neutron-api.service[102897]: DEBUG ovsdbapp.backend.ovs_idl [None req-9a654a53-1c78-4094-a537-768d7a3612c8 None None] Created schema index Connection.target {{(pid=102897) autocreate_indices /opt/stack/data/venv/lib/python3.12/site-packages/ovsdbapp/backend/ovs_idl/__init__.py:106}}
May 28 03:21:21.552478 np0000177156 devstack@neutron-api.service[102897]: DEBUG ovsdbapp.backend.ovs_idl [None req-9a654a53-1c78-4094-a537-768d7a3612c8 None None] Created schema index Gateway_Chassis.name {{(pid=102897) autocreate_indices /opt/stack/data/venv/lib/python3.12/site-packages/ovsdbapp/backend/ovs_idl/__init__.py:106}}
May 28 03:21:21.552478 np0000177156 devstack@neutron-api.service[102897]: DEBUG ovsdbapp.backend.ovs_idl [None req-9a654a53-1c78-4094-a537-768d7a3612c8 None None] Created schema index Mirror.name {{(pid=102897) autocreate_indices /opt/stack/data/venv/lib/python3.12/site-packages/ovsdbapp/backend/ovs_idl/__init__.py:106}}
May 28 03:21:21.552765 np0000177156 devstack@neutron-api.service[102897]: DEBUG ovsdbapp.backend.ovs_idl [None req-9a654a53-1c78-4094-a537-768d7a3612c8 None None] Created schema index Chassis_Template_Var.chassis {{(pid=102897) autocreate_indices /opt/stack/data/venv/lib/python3.12/site-packages/ovsdbapp/backend/ovs_idl/__init__.py:106}}
May 28 03:21:21.552765 np0000177156 devstack@neutron-api.service[102897]: DEBUG ovsdbapp.backend.ovs_idl [None req-9a654a53-1c78-4094-a537-768d7a3612c8 None None] Created schema index Logical_Router_Port.name {{(pid=102897) autocreate_indices /opt/stack/data/venv/lib/python3.12/site-packages/ovsdbapp/backend/ovs_idl/__init__.py:106}}
May 28 03:21:21.552765 np0000177156 devstack@neutron-api.service[102897]: DEBUG ovsdbapp.backend.ovs_idl [None req-9a654a53-1c78-4094-a537-768d7a3612c8 None None] Created schema index Port_Group.name {{(pid=102897) autocreate_indices /opt/stack/data/venv/lib/python3.12/site-packages/ovsdbapp/backend/ovs_idl/__init__.py:106}}
May 28 03:21:21.552976 np0000177156 devstack@neutron-api.service[102897]: DEBUG ovsdbapp.backend.ovs_idl [None req-9a654a53-1c78-4094-a537-768d7a3612c8 None None] Created schema index Logical_Switch_Port.name {{(pid=102897) autocreate_indices /opt/stack/data/venv/lib/python3.12/site-packages/ovsdbapp/backend/ovs_idl/__init__.py:106}}
May 28 03:21:21.555642 np0000177156 devstack@neutron-api.service[102897]: INFO ovsdbapp.backend.ovs_idl.vlog [None req-9a654a53-1c78-4094-a537-768d7a3612c8 None None] ssl:199.204.45.235:6641: connecting...
May 28 03:21:21.557017 np0000177156 devstack@neutron-api.service[102896]: DEBUG neutron.common.ovn.hash_ring_manager [None req-54f4624b-961f-46b3-80a6-3c07255e121f None None] Hash Ring loaded. 4 active nodes. 0 offline nodes {{(pid=102896) _load_hash_ring /opt/stack/neutron/neutron/common/ovn/hash_ring_manager.py:102}}
May 28 03:21:21.557349 np0000177156 devstack@neutron-api.service[102896]: DEBUG neutron.plugins.ml2.drivers.ovn.mech_driver.ovsdb.ovsdb_monitor [None req-54f4624b-961f-46b3-80a6-3c07255e121f None None] Hash Ring: Node 3f4288698bc9543d8b3bb449a40f07ee (host: np0000177156) handling event "create" for row 03d78650-d8a6-4cf3-9ea6-1d0fc00a1af6 (table: SSL) {{(pid=102896) notify /opt/stack/neutron/neutron/plugins/ml2/drivers/ovn/mech_driver/ovsdb/ovsdb_monitor.py:986}}
May 28 03:21:21.558448 np0000177156 devstack@neutron-api.service[102896]: INFO neutron.plugins.ml2.drivers.ovn.mech_driver.ovsdb.impl_idl_ovn [None req-54f4624b-961f-46b3-80a6-3c07255e121f None None] Getting OvsdbSbOvnIdl for WorkerService with retry
May 28 03:21:21.561741 np0000177156 devstack@neutron-api.service[102897]: INFO ovsdbapp.backend.ovs_idl.vlog [None req-9a654a53-1c78-4094-a537-768d7a3612c8 None None] ssl:199.204.45.235:6641: connected
May 28 03:21:21.593166 np0000177156 devstack@neutron-api.service[102895]: DEBUG ovsdbapp.backend.ovs_idl [None req-6cccecef-8395-4239-91b3-cf8641b1a31d None None] Created lookup_table index Logical_Switch.name {{(pid=102895) autocreate_indices /opt/stack/data/venv/lib/python3.12/site-packages/ovsdbapp/backend/ovs_idl/__init__.py:87}}
May 28 03:21:21.593291 np0000177156 devstack@neutron-api.service[102896]: DEBUG ovsdbapp.backend.ovs_idl [None req-54f4624b-961f-46b3-80a6-3c07255e121f None None] Created lookup_table index Chassis.name {{(pid=102896) autocreate_indices /opt/stack/data/venv/lib/python3.12/site-packages/ovsdbapp/backend/ovs_idl/__init__.py:87}}
May 28 03:21:21.593291 np0000177156 devstack@neutron-api.service[102896]: DEBUG ovsdbapp.backend.ovs_idl [None req-54f4624b-961f-46b3-80a6-3c07255e121f None None] Created lookup_table index Port_Binding.logical_port {{(pid=102896) autocreate_indices /opt/stack/data/venv/lib/python3.12/site-packages/ovsdbapp/backend/ovs_idl/__init__.py:87}}
May 28 03:21:21.593430 np0000177156 devstack@neutron-api.service[102895]: DEBUG ovsdbapp.backend.ovs_idl [None req-6cccecef-8395-4239-91b3-cf8641b1a31d None None] Created lookup_table index Logical_Router.name {{(pid=102895) autocreate_indices /opt/stack/data/venv/lib/python3.12/site-packages/ovsdbapp/backend/ovs_idl/__init__.py:87}}
May 28 03:21:21.593556 np0000177156 devstack@neutron-api.service[102896]: DEBUG ovsdbapp.backend.ovs_idl [None req-54f4624b-961f-46b3-80a6-3c07255e121f None None] Created schema index Chassis_Private.name {{(pid=102896) autocreate_indices /opt/stack/data/venv/lib/python3.12/site-packages/ovsdbapp/backend/ovs_idl/__init__.py:106}}
May 28 03:21:21.593619 np0000177156 devstack@neutron-api.service[102895]: DEBUG ovsdbapp.backend.ovs_idl [None req-6cccecef-8395-4239-91b3-cf8641b1a31d None None] Created lookup_table index Load_Balancer.name {{(pid=102895) autocreate_indices /opt/stack/data/venv/lib/python3.12/site-packages/ovsdbapp/backend/ovs_idl/__init__.py:87}}
May 28 03:21:21.593762 np0000177156 devstack@neutron-api.service[102896]: DEBUG ovsdbapp.backend.ovs_idl [None req-54f4624b-961f-46b3-80a6-3c07255e121f None None] Created schema index Datapath_Binding.tunnel_key {{(pid=102896) autocreate_indices /opt/stack/data/venv/lib/python3.12/site-packages/ovsdbapp/backend/ovs_idl/__init__.py:106}}
May 28 03:21:21.593828 np0000177156 devstack@neutron-api.service[102895]: DEBUG ovsdbapp.backend.ovs_idl [None req-6cccecef-8395-4239-91b3-cf8641b1a31d None None] Created schema index Copp.name {{(pid=102895) autocreate_indices /opt/stack/data/venv/lib/python3.12/site-packages/ovsdbapp/backend/ovs_idl/__init__.py:106}}
May 28 03:21:21.593828 np0000177156 devstack@neutron-api.service[102895]: DEBUG ovsdbapp.backend.ovs_idl [None req-6cccecef-8395-4239-91b3-cf8641b1a31d None None] Created schema index Meter.name {{(pid=102895) autocreate_indices /opt/stack/data/venv/lib/python3.12/site-packages/ovsdbapp/backend/ovs_idl/__init__.py:106}}
