2026-03-18 15:17:36.488 8 INFO placement.requestlog [None req-830990df-f152-43ef-8eed-c36e2f399f6a ef4ee1ce6bec4910899797c083f79a4c 3e1a03af8097490eb7f06624dd7d8fbc - - 3c9384ea80a24a87bb3bdd7d88383c9c 3c9384ea80a24a87bb3bdd7d88383c9c] 10.0.0.129 "DELETE /resource_providers/5da68c41-75ce-456e-81dc-c7aa2b78457b" status: 404 len: 246 microversion: 1.1 [pid: 7|app: 0|req: 447/898] 10.0.0.129 () {34 vars in 816 bytes} [Wed Mar 18 15:17:36 2026] DELETE /resource_providers/5da68c41-75ce-456e-81dc-c7aa2b78457b => generated 246 bytes in 8 msecs (HTTP/1.1 404) 6 headers in 231 bytes (1 switches on core 0) [pid: 8|app: 0|req: 452/899] 10.0.0.129 () {34 vars in 816 bytes} [Wed Mar 18 15:17:36 2026] DELETE /resource_providers/5da68c41-75ce-456e-81dc-c7aa2b78457b => generated 246 bytes in 17 msecs (HTTP/1.1 404) 6 headers in 231 bytes (1 switches on core 0)
2026-03-18 15:17:39.115 8 INFO placement.requestlog [None req-080b3fef-934a-473c-a373-ca0e5d839b45 - - - - - -] 10.0.0.20 "GET /" status: 200 len: 136 microversion: 1.0
2026-03-18 15:17:39.115 7 INFO placement.requestlog [None req-14701df3-0d6e-44eb-877a-6dfb19df7056 - - - - - -] 10.0.0.20 "GET /" status: 200 len: 136 microversion: 1.0
2026-03-18 15:17:45.732 8 INFO placement.requestlog [req-03cb3069-d5c5-4d68-af88-7b3536d350f1 req-a858256c-cf61-4ce0-92ad-075589c2ee13 163d3c7c01e94f2399176ef35cf7964b 3e1a03af8097490eb7f06624dd7d8fbc - - 3c9384ea80a24a87bb3bdd7d88383c9c 3c9384ea80a24a87bb3bdd7d88383c9c] 199.19.213.25 "GET /resource_providers/0609b150-f850-4a67-89b6-0738e4f43614/allocations" status: 200 len: 252 microversion: 1.0 [pid: 8|app: 0|req: 454/902] 199.19.213.25 () {32 vars in 856 bytes} [Wed Mar 18 15:17:45 2026] GET /resource_providers/0609b150-f850-4a67-89b6-0738e4f43614/allocations => generated 252 bytes in 21 msecs (HTTP/1.1 200) 6 headers in 224 bytes (1 switches on core 0)
2026-03-18 15:17:45.757 7 INFO placement.requestlog [req-03cb3069-d5c5-4d68-af88-7b3536d350f1 req-5c978d67-cd1b-4f71-a4e2-72556dedc186 163d3c7c01e94f2399176ef35cf7964b 3e1a03af8097490eb7f06624dd7d8fbc - - 3c9384ea80a24a87bb3bdd7d88383c9c 3c9384ea80a24a87bb3bdd7d88383c9c] 199.19.213.25 "GET /resource_providers/0609b150-f850-4a67-89b6-0738e4f43614/allocations" status: 200 len: 252 microversion: 1.0 [pid: 7|app: 0|req: 449/903] 199.19.213.25 () {32 vars in 856 bytes} [Wed Mar 18 15:17:45 2026] GET /resource_providers/0609b150-f850-4a67-89b6-0738e4f43614/allocations => generated 252 bytes in 16 msecs (HTTP/1.1 200) 6 headers in 224 bytes (1 switches on core 0)
2026-03-18 15:17:45.779 8 INFO placement.requestlog [req-03cb3069-d5c5-4d68-af88-7b3536d350f1 req-4f41c9b2-58fd-42e3-8857-1fd619f2afac 163d3c7c01e94f2399176ef35cf7964b 3e1a03af8097490eb7f06624dd7d8fbc - - 3c9384ea80a24a87bb3bdd7d88383c9c 3c9384ea80a24a87bb3bdd7d88383c9c] 199.19.213.25 "GET /allocations/2928def7-f341-4c80-a8d2-b8c765897b34" status: 200 len: 257 microversion: 1.28 [pid: 8|app: 0|req: 455/904] 199.19.213.25 () {34 vars in 862 bytes} [Wed Mar 18 15:17:45 2026] GET /allocations/2928def7-f341-4c80-a8d2-b8c765897b34 => generated 257 bytes in 16 msecs (HTTP/1.1 200) 8 headers in 296 bytes (1 switches on core 0)
2026-03-18 15:17:45.797 7 INFO placement.requestlog [req-03cb3069-d5c5-4d68-af88-7b3536d350f1 req-3cb8d7f3-fed5-4c47-aa60-51a3f0644801 163d3c7c01e94f2399176ef35cf7964b 3e1a03af8097490eb7f06624dd7d8fbc - - 3c9384ea80a24a87bb3bdd7d88383c9c 3c9384ea80a24a87bb3bdd7d88383c9c] 199.19.213.25 "GET /allocations/3dfd7531-a6ed-439b-aa60-4d7bd2d5c46e" status: 200 len: 257 microversion: 1.28 [pid: 7|app: 0|req: 450/905] 199.19.213.25 () {34 vars in 862 bytes} [Wed Mar 18 15:17:45 2026] GET /allocations/3dfd7531-a6ed-439b-aa60-4d7bd2d5c46e => generated 257 bytes in 11 msecs (HTTP/1.1 200) 8 headers in 296 bytes (1 switches on core 0)
2026-03-18 15:17:47.902 8 INFO placement.requestlog [req-b698bcc0-5df3-4e69-99ec-8aa6f375572e req-84952e25-5607-4d9d-85f3-908a56e6edde 163d3c7c01e94f2399176ef35cf7964b 3e1a03af8097490eb7f06624dd7d8fbc - - 3c9384ea80a24a87bb3bdd7d88383c9c 3c9384ea80a24a87bb3bdd7d88383c9c] 199.19.213.25 "GET /resource_providers/0609b150-f850-4a67-89b6-0738e4f43614/allocations" status: 200 len: 252 microversion: 1.0 [pid: 8|app: 0|req: 456/906] 199.19.213.25 () {32 vars in 856 bytes} [Wed Mar 18 15:17:47 2026] GET /resource_providers/0609b150-f850-4a67-89b6-0738e4f43614/allocations => generated 252 bytes in 16 msecs (HTTP/1.1 200) 6 headers in 224 bytes (1 switches on core 0)
2026-03-18 15:17:47.921 7 INFO placement.requestlog [req-b698bcc0-5df3-4e69-99ec-8aa6f375572e req-3270d67e-080b-4003-a335-925201cf0950 163d3c7c01e94f2399176ef35cf7964b 3e1a03af8097490eb7f06624dd7d8fbc - - 3c9384ea80a24a87bb3bdd7d88383c9c 3c9384ea80a24a87bb3bdd7d88383c9c] 199.19.213.25 "GET /allocations/2928def7-f341-4c80-a8d2-b8c765897b34" status: 200 len: 257 microversion: 1.28 [pid: 7|app: 0|req: 451/907] 199.19.213.25 () {34 vars in 862 bytes} [Wed Mar 18 15:17:47 2026] GET /allocations/2928def7-f341-4c80-a8d2-b8c765897b34 => generated 257 bytes in 12 msecs (HTTP/1.1 200) 8 headers in 296 bytes (1 switches on core 0)
2026-03-18 15:17:47.940 8 INFO placement.requestlog [req-b698bcc0-5df3-4e69-99ec-8aa6f375572e req-49bf9e3e-4207-4a83-a50b-15fc6c77879b 163d3c7c01e94f2399176ef35cf7964b 3e1a03af8097490eb7f06624dd7d8fbc - - 3c9384ea80a24a87bb3bdd7d88383c9c 3c9384ea80a24a87bb3bdd7d88383c9c] 199.19.213.25 "GET /allocations/3dfd7531-a6ed-439b-aa60-4d7bd2d5c46e" status: 200 len: 257 microversion: 1.28 [pid: 8|app: 0|req: 457/908] 199.19.213.25 () {34 vars in 862 bytes} [Wed Mar 18 15:17:47 2026] GET /allocations/3dfd7531-a6ed-439b-aa60-4d7bd2d5c46e => generated 257 bytes in 11 msecs (HTTP/1.1 200) 8 headers in 296 bytes (1 switches on core 0)
2026-03-18 15:17:48.983 7 INFO placement.requestlog [req-b698bcc0-5df3-4e69-99ec-8aa6f375572e req-e2cb4e58-274d-4775-a298-6c092295c727 163d3c7c01e94f2399176ef35cf7964b 3e1a03af8097490eb7f06624dd7d8fbc - - 3c9384ea80a24a87bb3bdd7d88383c9c 3c9384ea80a24a87bb3bdd7d88383c9c] 199.19.213.25 "DELETE /allocations/2928def7-f341-4c80-a8d2-b8c765897b34" status: 204 len: 0 microversion: 1.0 [pid: 7|app: 0|req: 452/909] 199.19.213.25 () {34 vars in 840 bytes} [Wed Mar 18 15:17:48 2026] DELETE /allocations/2928def7-f341-4c80-a8d2-b8c765897b34 => generated 0 bytes in 22 msecs (HTTP/1.1 204) 5 headers in 198 bytes (1 switches on core 0)
2026-03-18 15:17:49.115 8 INFO placement.requestlog [None req-943a35cb-926c-4fb5-84e4-c8da8ab38046 - - - - - -] 10.0.0.20 "GET /" status: 200 len: 136 microversion: 1.0
2026-03-18 15:17:49.115 7 INFO placement.requestlog [None req-68fff72b-fcbe-4c3f-b67b-83af7ee0f6d5 - - - - - -] 10.0.0.20 "GET /" status: 200 len: 136 microversion: 1.0
2026-03-18 15:17:52.339 8 INFO placement.requestlog [None req-6422e45e-128a-42c9-a110-303ac1c61ffc ef4ee1ce6bec4910899797c083f79a4c 3e1a03af8097490eb7f06624dd7d8fbc - - 3c9384ea80a24a87bb3bdd7d88383c9c 3c9384ea80a24a87bb3bdd7d88383c9c] 10.0.0.129 "GET /resource_providers/eb4c2fce-bfd4-4524-816e-8263b6ea2c0c/aggregates" status: 404 len: 235 microversion: 1.1 [pid: 8|app: 0|req: 459/912] 10.0.0.129 () {32 vars in 816 bytes} [Wed Mar 18 15:17:52 2026] GET /resource_providers/eb4c2fce-bfd4-4524-816e-8263b6ea2c0c/aggregates => generated 235 bytes in 13 msecs (HTTP/1.1 404) 5 headers in 202 bytes (1 switches on core 0)
2026-03-18 15:17:52.350 7 INFO placement.requestlog [None req-13dc9980-b12e-447f-9c9e-6526e8d26a13 ef4ee1ce6bec4910899797c083f79a4c 3e1a03af8097490eb7f06624dd7d8fbc - - 3c9384ea80a24a87bb3bdd7d88383c9c 3c9384ea80a24a87bb3bdd7d88383c9c] 10.0.0.129 "GET /resource_providers/eb4c2fce-bfd4-4524-816e-8263b6ea2c0c/aggregates" status: 404 len: 235 microversion: 1.1 [pid: 7|app: 0|req: 454/913] 10.0.0.129 () {32 vars in 816 bytes} [Wed Mar 18 15:17:52 2026] GET /resource_providers/eb4c2fce-bfd4-4524-816e-8263b6ea2c0c/aggregates => generated 235 bytes in 17 msecs (HTTP/1.1 404) 5 headers in 202 bytes (1 switches on core 0)
2026-03-18 15:17:52.358 8 INFO placement.requestlog [None req-c0988ff3-1fc7-49da-9ebf-cc2f0a2045eb ef4ee1ce6bec4910899797c083f79a4c 3e1a03af8097490eb7f06624dd7d8fbc - - 3c9384ea80a24a87bb3bdd7d88383c9c 3c9384ea80a24a87bb3bdd7d88383c9c] 10.0.0.129 "DELETE /resource_providers/eb4c2fce-bfd4-4524-816e-8263b6ea2c0c" status: 404 len: 246 microversion: 1.1 [pid: 8|app: 0|req: 460/914] 10.0.0.129 () {34 vars in 816 bytes} [Wed Mar 18 15:17:52 2026] DELETE /resource_providers/eb4c2fce-bfd4-4524-816e-8263b6ea2c0c => generated 246 bytes in 10 msecs (HTTP/1.1 404) 6 headers in 231 bytes (1 switches on core 0)
2026-03-18 15:17:52.379 7 INFO placement.requestlog [None req-ecfe5b41-a1b2-4b47-a531-c116426d87cb ef4ee1ce6bec4910899797c083f79a4c 3e1a03af8097490eb7f06624dd7d8fbc - - 3c9384ea80a24a87bb3bdd7d88383c9c 3c9384ea80a24a87bb3bdd7d88383c9c] 10.0.0.129 "DELETE /resource_providers/eb4c2fce-bfd4-4524-816e-8263b6ea2c0c" status: 404 len: 246 microversion: 1.1 [pid: 7|app: 0|req: 455/915] 10.0.0.129 () {34 vars in 816 bytes} [Wed Mar 18 15:17:52 2026] DELETE /resource_providers/eb4c2fce-bfd4-4524-816e-8263b6ea2c0c => generated 246 bytes in 18 msecs (HTTP/1.1 404) 6 headers in 231 bytes (1 switches on core 0)
2026-03-18 15:17:54.396 8 INFO placement.requestlog [None req-f5afefea-922f-4f38-8b2f-cfa35c9fdf14 ef4ee1ce6bec4910899797c083f79a4c 3e1a03af8097490eb7f06624dd7d8fbc - - 3c9384ea80a24a87bb3bdd7d88383c9c 3c9384ea80a24a87bb3bdd7d88383c9c] 10.0.0.129 "GET /resource_providers/dee23a3c-0450-4506-a737-3b43a9ce7729/aggregates" status: 404 len: 235 microversion: 1.1 [pid: 8|app: 0|req: 461/916] 10.0.0.129 () {32 vars in 816 bytes} [Wed Mar 18 15:17:54 2026] GET /resource_providers/dee23a3c-0450-4506-a737-3b43a9ce7729/aggregates => generated 235 bytes in 22 msecs (HTTP/1.1 404) 5 headers in 202 bytes (1 switches on core 0)
2026-03-18 15:17:54.402 7 INFO placement.requestlog [None req-8f28dfc0-87b5-44bd-8920-e4fc1c560989 ef4ee1ce6bec4910899797c083f79a4c 3e1a03af8097490eb7f06624dd7d8fbc - - 3c9384ea80a24a87bb3bdd7d88383c9c 3c9384ea80a24a87bb3bdd7d88383c9c] 10.0.0.129 "GET /resource_providers/dee23a3c-0450-4506-a737-3b43a9ce7729/aggregates" status: 404 len: 235 microversion: 1.1 [pid: 7|app: 0|req: 456/917] 10.0.0.129 () {32 vars in 816 bytes} [Wed Mar 18 15:17:54 2026] GET /resource_providers/dee23a3c-0450-4506-a737-3b43a9ce7729/aggregates => generated 235 bytes in 12 msecs (HTTP/1.1 404) 5 headers in 202 bytes (1 switches on core 0)
2026-03-18 15:17:54.414 8 INFO placement.requestlog [None req-ff5c25cf-5b34-42e0-9510-a50dd37d0cae ef4ee1ce6bec4910899797c083f79a4c 3e1a03af8097490eb7f06624dd7d8fbc - - 3c9384ea80a24a87bb3bdd7d88383c9c 3c9384ea80a24a87bb3bdd7d88383c9c] 10.0.0.129 "DELETE /resource_providers/dee23a3c-0450-4506-a737-3b43a9ce7729" status: 404 len: 246 microversion: 1.1 [pid: 8|app: 0|req: 462/918] 10.0.0.129 () {34 vars in 816 bytes} [Wed Mar 18 15:17:54 2026] DELETE /resource_providers/dee23a3c-0450-4506-a737-3b43a9ce7729 => generated 246 bytes in 10 msecs (HTTP/1.1 404) 6 headers in 231 bytes (1 switches on core 0)
2026-03-18 15:17:54.432 7 INFO placement.requestlog [None req-fe9663c0-852c-476b-baec-27ecd229eca7 ef4ee1ce6bec4910899797c083f79a4c 3e1a03af8097490eb7f06624dd7d8fbc - - 3c9384ea80a24a87bb3bdd7d88383c9c 3c9384ea80a24a87bb3bdd7d88383c9c] 10.0.0.129 "DELETE /resource_providers/dee23a3c-0450-4506-a737-3b43a9ce7729" status: 404 len: 246 microversion: 1.1 [pid: 7|app: 0|req: 457/919] 10.0.0.129 () {34 vars in 816 bytes} [Wed Mar 18 15:17:54 2026] DELETE /resource_providers/dee23a3c-0450-4506-a737-3b43a9ce7729 => generated 246 bytes in 18 msecs (HTTP/1.1 404) 6 headers in 231 bytes (1 switches on core 0)
2026-03-18 15:17:59.019 8 INFO placement.requestlog [req-70712a33-3da6-4415-b507-74dc3170bce7 req-be798d45-b08c-4711-a5c1-861afb285640 163d3c7c01e94f2399176ef35cf7964b 3e1a03af8097490eb7f06624dd7d8fbc - - 3c9384ea80a24a87bb3bdd7d88383c9c 3c9384ea80a24a87bb3bdd7d88383c9c] 10.0.0.179 "GET /allocation_candidates?limit=1000&resources=DISK_GB%3A1%2CMEMORY_MB%3A512%2CVCPU%3A1&root_required=%21COMPUTE_STATUS_DISABLED" status: 200 len: 2783 microversion: 1.36 [pid: 8|app: 0|req: 463/920] 10.0.0.179 () {34 vars in 1012 bytes} [Wed Mar 18 15:17:58 2026] GET /allocation_candidates?limit=1000&resources=DISK_GB%3A1%2CMEMORY_MB%3A512%2CVCPU%3A1&root_required=%21COMPUTE_STATUS_DISABLED => generated 2783 bytes in 55 msecs (HTTP/1.1 200) 8 headers in 297 bytes (1 switches on core 0)
2026-03-18 15:17:59.060 7 INFO placement.requestlog [req-70712a33-3da6-4415-b507-74dc3170bce7 req-c4bbfeac-c65c-47e5-b8a1-c2174b8fd04d 163d3c7c01e94f2399176ef35cf7964b 3e1a03af8097490eb7f06624dd7d8fbc - - 3c9384ea80a24a87bb3bdd7d88383c9c 3c9384ea80a24a87bb3bdd7d88383c9c] 10.0.0.179 "GET /allocations/807b1912-bb10-42c1-af69-27695b6360b9" status: 200 len: 19 microversion: 1.28 [pid: 7|app: 0|req: 458/921] 10.0.0.179 () {34 vars in 861 bytes} [Wed Mar 18 15:17:59 2026] GET /allocations/807b1912-bb10-42c1-af69-27695b6360b9 => generated 19 bytes in 15 msecs (HTTP/1.1 200) 8 headers in 295 bytes (1 switches on core 0)
2026-03-18 15:17:59.117 7 INFO placement.requestlog [None req-b1844d45-de8b-4876-8e5b-a8b304caf8ba - - - - - -] 10.0.0.20 "GET /" status: 200 len: 136 microversion: 1.0
2026-03-18 15:17:59.118 7 INFO placement.requestlog [None req-03f1a22b-ddc8-454e-809d-70c1b9ac64e4 - - - - - -] 10.0.0.20 "GET /" status: 200 len: 136 microversion: 1.0
2026-03-18 15:17:59.174 8 INFO placement.requestlog [req-70712a33-3da6-4415-b507-74dc3170bce7 req-be3672d8-601d-4acf-99a3-eecc42c0ff90 163d3c7c01e94f2399176ef35cf7964b 3e1a03af8097490eb7f06624dd7d8fbc - - 3c9384ea80a24a87bb3bdd7d88383c9c 3c9384ea80a24a87bb3bdd7d88383c9c] 10.0.0.179 "PUT /allocations/807b1912-bb10-42c1-af69-27695b6360b9" status: 204 len: 0 microversion: 1.36 [pid: 8|app: 0|req: 464/924] 10.0.0.179 () {38 vars in 914 bytes} [Wed Mar 18 15:17:59 2026] PUT /allocations/807b1912-bb10-42c1-af69-27695b6360b9 => generated 0 bytes in 108 msecs (HTTP/1.1 204) 5 headers in 199 bytes (1 switches on core 0)
2026-03-18 15:18:00.651 7 INFO placement.requestlog [req-70712a33-3da6-4415-b507-74dc3170bce7 req-fe9cf878-8eff-4f3e-84d8-566af5ecdd38 163d3c7c01e94f2399176ef35cf7964b 3e1a03af8097490eb7f06624dd7d8fbc - - 3c9384ea80a24a87bb3bdd7d88383c9c 3c9384ea80a24a87bb3bdd7d88383c9c] 199.19.213.25 "GET /allocations/807b1912-bb10-42c1-af69-27695b6360b9" status: 200 len: 257 microversion: 1.28 [pid: 7|app: 0|req: 461/925] 199.19.213.25 () {34 vars in 862 bytes} [Wed Mar 18 15:18:00 2026] GET /allocations/807b1912-bb10-42c1-af69-27695b6360b9 => generated 257 bytes in 14 msecs (HTTP/1.1 200) 8 headers in 296 bytes (1 switches on core 0)
2026-03-18 15:18:01.696 8 INFO placement.requestlog [req-70712a33-3da6-4415-b507-74dc3170bce7 req-db8c723a-b3f1-441e-9d3f-dbdc47a4ee33 163d3c7c01e94f2399176ef35cf7964b 3e1a03af8097490eb7f06624dd7d8fbc - - 3c9384ea80a24a87bb3bdd7d88383c9c 3c9384ea80a24a87bb3bdd7d88383c9c] 199.19.213.25 "GET /resource_providers/0609b150-f850-4a67-89b6-0738e4f43614/allocations" status: 200 len: 252 microversion: 1.0 [pid: 8|app: 0|req: 465/926] 199.19.213.25 () {32 vars in 856 bytes} [Wed Mar 18 15:18:01 2026] GET /resource_providers/0609b150-f850-4a67-89b6-0738e4f43614/allocations => generated 252 bytes in 16 msecs (HTTP/1.1 200) 6 headers in 224 bytes (1 switches on core 0)
2026-03-18 15:18:01.726 7 INFO placement.requestlog [req-70712a33-3da6-4415-b507-74dc3170bce7 req-29202444-1d73-4543-a56f-42c4571bcadb 163d3c7c01e94f2399176ef35cf7964b 3e1a03af8097490eb7f06624dd7d8fbc - - 3c9384ea80a24a87bb3bdd7d88383c9c 3c9384ea80a24a87bb3bdd7d88383c9c] 199.19.213.25 "GET /allocations/807b1912-bb10-42c1-af69-27695b6360b9" status: 200 len: 257 microversion: 1.28 [pid: 7|app: 0|req: 462/927] 199.19.213.25 () {34 vars in 862 bytes} [Wed Mar 18 15:18:01 2026] GET /allocations/807b1912-bb10-42c1-af69-27695b6360b9 => generated 257 bytes in 23 msecs (HTTP/1.1 200) 8 headers in 296 bytes (1 switches on core 0)
2026-03-18 15:18:01.746 8 INFO placement.requestlog [req-70712a33-3da6-4415-b507-74dc3170bce7 req-3c7b0bef-9cc5-43e6-8ed1-72d779c7a959 163d3c7c01e94f2399176ef35cf7964b 3e1a03af8097490eb7f06624dd7d8fbc - - 3c9384ea80a24a87bb3bdd7d88383c9c 3c9384ea80a24a87bb3bdd7d88383c9c] 199.19.213.25 "GET /allocations/3dfd7531-a6ed-439b-aa60-4d7bd2d5c46e" status: 200 len: 257 microversion: 1.28 [pid: 8|app: 0|req: 466/928] 199.19.213.25 () {34 vars in 862 bytes} [Wed Mar 18 15:18:01 2026] GET /allocations/3dfd7531-a6ed-439b-aa60-4d7bd2d5c46e => generated 257 bytes in 11 msecs (HTTP/1.1 200) 8 headers in 296 bytes (1 switches on core 0)
2026-03-18 15:18:02.337 7 INFO placement.requestlog [None req-a1c64859-5a82-44ba-adcd-0cbc929e57a2 ef4ee1ce6bec4910899797c083f79a4c 3e1a03af8097490eb7f06624dd7d8fbc - - 3c9384ea80a24a87bb3bdd7d88383c9c 3c9384ea80a24a87bb3bdd7d88383c9c] 10.0.0.129 "GET /resource_providers/eaf0065a-a8af-4ba3-813e-958673242ad0/aggregates" status: 404 len: 235 microversion: 1.1 [pid: 7|app: 0|req: 463/929] 10.0.0.129 () {32 vars in 816 bytes} [Wed Mar 18 15:18:02 2026] GET /resource_providers/eaf0065a-a8af-4ba3-813e-958673242ad0/aggregates => generated 235 bytes in 15 msecs (HTTP/1.1 404) 5 headers in 202 bytes (1 switches on core 0)
2026-03-18 15:18:02.338 8 INFO placement.requestlog [None req-08763c1a-9238-41ab-997a-37f4c44a09c5 ef4ee1ce6bec4910899797c083f79a4c 3e1a03af8097490eb7f06624dd7d8fbc - - 3c9384ea80a24a87bb3bdd7d88383c9c 3c9384ea80a24a87bb3bdd7d88383c9c] 10.0.0.129 "GET /resource_providers/eaf0065a-a8af-4ba3-813e-958673242ad0/aggregates" status: 404 len: 235 microversion: 1.1 [pid: 8|app: 0|req: 467/930] 10.0.0.129 () {32 vars in 816 bytes} [Wed Mar 18 15:18:02 2026] GET /resource_providers/eaf0065a-a8af-4ba3-813e-958673242ad0/aggregates => generated 235 bytes in 12 msecs (HTTP/1.1 404) 5 headers in 202 bytes (1 switches on core 0)
2026-03-18 15:18:02.357 8 INFO placement.requestlog [None req-e1a3cc6d-58a5-4bbf-b6d6-88420e3953b2 ef4ee1ce6bec4910899797c083f79a4c 3e1a03af8097490eb7f06624dd7d8fbc - - 3c9384ea80a24a87bb3bdd7d88383c9c 3c9384ea80a24a87bb3bdd7d88383c9c] 10.0.0.129 "DELETE /resource_providers/eaf0065a-a8af-4ba3-813e-958673242ad0" status: 404 len: 246 microversion: 1.1 [pid: 8|app: 0|req: 468/931] 10.0.0.129 () {34 vars in 816 bytes} [Wed Mar 18 15:18:02 2026] DELETE /resource_providers/eaf0065a-a8af-4ba3-813e-958673242ad0 => generated 246 bytes in 6 msecs (HTTP/1.1 404) 6 headers in 231 bytes (1 switches on core 0)
2026-03-18 15:18:02.362 7 INFO placement.requestlog [None req-96d9a39c-e173-4e7b-b20e-e24d0c5b643a ef4ee1ce6bec4910899797c083f79a4c 3e1a03af8097490eb7f06624dd7d8fbc - - 3c9384ea80a24a87bb3bdd7d88383c9c 3c9384ea80a24a87bb3bdd7d88383c9c] 10.0.0.129 "DELETE /resource_providers/eaf0065a-a8af-4ba3-813e-958673242ad0" status: 404 len: 246 microversion: 1.1 [pid: 7|app: 0|req: 464/932] 10.0.0.129 () {34 vars in 816 bytes} [Wed Mar 18 15:18:02 2026] DELETE /resource_providers/eaf0065a-a8af-4ba3-813e-958673242ad0 => generated 246 bytes in 11 msecs (HTTP/1.1 404) 6 headers in 231 bytes (1 switches on core 0)
2026-03-18 15:18:02.486 8 INFO placement.requestlog [None req-5daf16a2-0f3f-4a59-bd01-8b357ea566e3 ef4ee1ce6bec4910899797c083f79a4c 3e1a03af8097490eb7f06624dd7d8fbc - - 3c9384ea80a24a87bb3bdd7d88383c9c 3c9384ea80a24a87bb3bdd7d88383c9c] 10.0.0.129 "GET /resource_providers/ff5e369a-2f01-406d-802b-afc39e0f13a6/aggregates" status: 404 len: 235 microversion: 1.1 [pid: 8|app: 0|req: 469/933] 10.0.0.129 () {32 vars in 816 bytes} [Wed Mar 18 15:18:02 2026] GET /resource_providers/ff5e369a-2f01-406d-802b-afc39e0f13a6/aggregates => generated 235 bytes in 8 msecs (HTTP/1.1 404) 5 headers in 202 bytes (1 switches on core 0)
2026-03-18 15:18:02.488 7 INFO placement.requestlog [None req-9b8313d5-2e43-47ec-b6d1-2beffef9bea3 ef4ee1ce6bec4910899797c083f79a4c 3e1a03af8097490eb7f06624dd7d8fbc - - 3c9384ea80a24a87bb3bdd7d88383c9c 3c9384ea80a24a87bb3bdd7d88383c9c] 10.0.0.129 "GET /resource_providers/ff5e369a-2f01-406d-802b-afc39e0f13a6/aggregates" status: 404 len: 235 microversion: 1.1 [pid: 7|app: 0|req: 465/934] 10.0.0.129 () {32 vars in 816 bytes} [Wed Mar 18 15:18:02 2026] GET /resource_providers/ff5e369a-2f01-406d-802b-afc39e0f13a6/aggregates => generated 235 bytes in 10 msecs (HTTP/1.1 404) 5 headers in 202 bytes (1 switches on core 0)
2026-03-18 15:18:02.508 8 INFO placement.requestlog [None req-892bd140-e64e-4a49-b2ac-2e09393c00e5 ef4ee1ce6bec4910899797c083f79a4c 3e1a03af8097490eb7f06624dd7d8fbc - - 3c9384ea80a24a87bb3bdd7d88383c9c 3c9384ea80a24a87bb3bdd7d88383c9c] 10.0.0.129 "DELETE /resource_providers/ff5e369a-2f01-406d-802b-afc39e0f13a6" status: 404 len: 246 microversion: 1.1 [pid: 8|app: 0|req: 470/935] 10.0.0.129 () {34 vars in 816 bytes} [Wed Mar 18 15:18:02 2026] DELETE /resource_providers/ff5e369a-2f01-406d-802b-afc39e0f13a6 => generated 246 bytes in 13 msecs (HTTP/1.1 404) 6 headers in 231 bytes (1 switches on core 0)
2026-03-18 15:18:02.517 7 INFO placement.requestlog [None req-95688f3c-9d30-456e-9db0-6b92d9d1813e ef4ee1ce6bec4910899797c083f79a4c 3e1a03af8097490eb7f06624dd7d8fbc - - 3c9384ea80a24a87bb3bdd7d88383c9c 3c9384ea80a24a87bb3bdd7d88383c9c] 10.0.0.129 "DELETE /resource_providers/ff5e369a-2f01-406d-802b-afc39e0f13a6" status: 404 len: 246 microversion: 1.1 [pid: 7|app: 0|req: 466/936] 10.0.0.129 () {34 vars in 816 bytes} [Wed Mar 18 15:18:02 2026] DELETE /resource_providers/ff5e369a-2f01-406d-802b-afc39e0f13a6 => generated 246 bytes in 11 msecs (HTTP/1.1 404) 6 headers in 231 bytes (1 switches on core 0)
2026-03-18 15:18:05.865 8 INFO placement.requestlog [None req-43c35ec1-9dd6-433d-a007-6f7a2462ae0e ef4ee1ce6bec4910899797c083f79a4c 3e1a03af8097490eb7f06624dd7d8fbc - - 3c9384ea80a24a87bb3bdd7d88383c9c 3c9384ea80a24a87bb3bdd7d88383c9c] 10.0.0.129 "GET /resource_providers/0542d1b4-4396-49e4-8975-5fe096d830a1/aggregates" status: 404 len: 235 microversion: 1.1 [pid: 8|app: 0|req: 471/937] 10.0.0.129 () {32 vars in 816 bytes} [Wed Mar 18 15:18:05 2026] GET /resource_providers/0542d1b4-4396-49e4-8975-5fe096d830a1/aggregates => generated 235 bytes in 7 msecs (HTTP/1.1 404) 5 headers in 202 bytes (1 switches on core 0)
2026-03-18 15:18:05.869 7 INFO placement.requestlog [None req-b2c6d0d6-e3e8-49b3-92e0-573fd8a95c24 ef4ee1ce6bec4910899797c083f79a4c 3e1a03af8097490eb7f06624dd7d8fbc - - 3c9384ea80a24a87bb3bdd7d88383c9c 3c9384ea80a24a87bb3bdd7d88383c9c] 10.0.0.129 "GET /resource_providers/0542d1b4-4396-49e4-8975-5fe096d830a1/aggregates" status: 404 len: 235 microversion: 1.1 [pid: 7|app: 0|req: 467/938] 10.0.0.129 () {32 vars in 816 bytes} [Wed Mar 18 15:18:05 2026] GET /resource_providers/0542d1b4-4396-49e4-8975-5fe096d830a1/aggregates => generated 235 bytes in 8 msecs (HTTP/1.1 404) 5 headers in 202 bytes (1 switches on core 0)
2026-03-18 15:18:05.887 7 INFO placement.requestlog [None req-90011ec7-3d2d-44df-9168-5e65a7daa416 ef4ee1ce6bec4910899797c083f79a4c 3e1a03af8097490eb7f06624dd7d8fbc - - 3c9384ea80a24a87bb3bdd7d88383c9c 3c9384ea80a24a87bb3bdd7d88383c9c] 10.0.0.129 "DELETE /resource_providers/0542d1b4-4396-49e4-8975-5fe096d830a1" status: 404 len: 246 microversion: 1.1 [pid: 7|app: 0|req: 468/939] 10.0.0.129 () {34 vars in 816 bytes} [Wed Mar 18 15:18:05 2026] DELETE /resource_providers/0542d1b4-4396-49e4-8975-5fe096d830a1 => generated 246 bytes in 8 msecs (HTTP/1.1 404) 6 headers in 231 bytes (1 switches on core 0)
2026-03-18 15:18:05.889 8 INFO placement.requestlog [None req-413c4f7b-63f2-4663-b081-eed9eaa3955c ef4ee1ce6bec4910899797c083f79a4c 3e1a03af8097490eb7f06624dd7d8fbc - - 3c9384ea80a24a87bb3bdd7d88383c9c 3c9384ea80a24a87bb3bdd7d88383c9c] 10.0.0.129 "DELETE /resource_providers/0542d1b4-4396-49e4-8975-5fe096d830a1" status: 404 len: 246 microversion: 1.1 [pid: 8|app: 0|req: 472/940] 10.0.0.129 () {34 vars in 816 bytes} [Wed Mar 18 15:18:05 2026] DELETE /resource_providers/0542d1b4-4396-49e4-8975-5fe096d830a1 => generated 246 bytes in 10 msecs (HTTP/1.1 404) 6 headers in 231 bytes (1 switches on core 0)
2026-03-18 15:18:06.024 8 INFO placement.requestlog [None req-f43ec808-0ed0-4188-9897-ca944f76aa5a ef4ee1ce6bec4910899797c083f79a4c 3e1a03af8097490eb7f06624dd7d8fbc - - 3c9384ea80a24a87bb3bdd7d88383c9c 3c9384ea80a24a87bb3bdd7d88383c9c] 10.0.0.129 "GET /resource_providers/4dd5f3b2-99ee-4df9-8c7a-4ade903f1df9/aggregates" status: 404 len: 235 microversion: 1.1 [pid: 8|app: 0|req: 473/941] 10.0.0.129 () {32 vars in 816 bytes} [Wed Mar 18 15:18:06 2026] GET /resource_providers/4dd5f3b2-99ee-4df9-8c7a-4ade903f1df9/aggregates => generated 235 bytes in 12 msecs (HTTP/1.1 404) 5 headers in 202 bytes (1 switches on core 0)
2026-03-18 15:18:06.026 7 INFO placement.requestlog [None req-07ad7849-ee6f-4678-a91a-84028ce75864 ef4ee1ce6bec4910899797c083f79a4c 3e1a03af8097490eb7f06624dd7d8fbc - - 3c9384ea80a24a87bb3bdd7d88383c9c 3c9384ea80a24a87bb3bdd7d88383c9c] 10.0.0.129 "GET /resource_providers/4dd5f3b2-99ee-4df9-8c7a-4ade903f1df9/aggregates" status: 404 len: 235 microversion: 1.1 [pid: 7|app: 0|req: 469/942] 10.0.0.129 () {32 vars in 816 bytes} [Wed Mar 18 15:18:06 2026] GET /resource_providers/4dd5f3b2-99ee-4df9-8c7a-4ade903f1df9/aggregates => generated 235 bytes in 14 msecs (HTTP/1.1 404) 5 headers in 202 bytes (1 switches on core 0)
2026-03-18 15:18:06.046 7 INFO placement.requestlog [None req-ad4e5c44-4b3b-42f8-8a13-5c08cd80491b ef4ee1ce6bec4910899797c083f79a4c 3e1a03af8097490eb7f06624dd7d8fbc - - 3c9384ea80a24a87bb3bdd7d88383c9c 3c9384ea80a24a87bb3bdd7d88383c9c] 10.0.0.129 "DELETE /resource_providers/4dd5f3b2-99ee-4df9-8c7a-4ade903f1df9" status: 404 len: 246 microversion: 1.1 [pid: 7|app: 0|req: 470/943] 10.0.0.129 () {34 vars in 816 bytes} [Wed Mar 18 15:18:06 2026] DELETE /resource_providers/4dd5f3b2-99ee-4df9-8c7a-4ade903f1df9 => generated 246 bytes in 7 msecs (HTTP/1.1 404) 6 headers in 231 bytes (1 switches on core 0)
2026-03-18 15:18:06.046 8 INFO placement.requestlog [None req-a2a762a4-5e88-4316-9590-4394fdb0877f ef4ee1ce6bec4910899797c083f79a4c 3e1a03af8097490eb7f06624dd7d8fbc - - 3c9384ea80a24a87bb3bdd7d88383c9c 3c9384ea80a24a87bb3bdd7d88383c9c] 10.0.0.129 "DELETE /resource_providers/4dd5f3b2-99ee-4df9-8c7a-4ade903f1df9" status: 404 len: 246 microversion: 1.1 [pid: 8|app: 0|req: 474/944] 10.0.0.129 () {34 vars in 816 bytes} [Wed Mar 18 15:18:06 2026] DELETE /resource_providers/4dd5f3b2-99ee-4df9-8c7a-4ade903f1df9 => generated 246 bytes in 9 msecs (HTTP/1.1 404) 6 headers in 231 bytes (1 switches on core 0)
2026-03-18 15:18:07.131 7 INFO placement.requestlog [req-11e2c6f9-a929-4dcd-82c6-922f1a02a84e req-5287e60e-3ec4-4bd2-a63e-b0aecc1338a6 163d3c7c01e94f2399176ef35cf7964b 3e1a03af8097490eb7f06624dd7d8fbc - - 3c9384ea80a24a87bb3bdd7d88383c9c 3c9384ea80a24a87bb3bdd7d88383c9c] 199.19.213.25 "GET /resource_providers/0609b150-f850-4a67-89b6-0738e4f43614/allocations" status: 200 len: 252 microversion: 1.0 [pid: 7|app: 0|req: 471/945] 199.19.213.25 () {32 vars in 856 bytes} [Wed Mar 18 15:18:07 2026] GET /resource_providers/0609b150-f850-4a67-89b6-0738e4f43614/allocations => generated 252 bytes in 19 msecs (HTTP/1.1 200) 6 headers in 224 bytes (1 switches on core 0)
2026-03-18 15:18:07.153 8 INFO placement.requestlog [req-11e2c6f9-a929-4dcd-82c6-922f1a02a84e req-8ad95650-6bb3-4d84-880c-0fd48cec17a1 163d3c7c01e94f2399176ef35cf7964b 3e1a03af8097490eb7f06624dd7d8fbc - - 3c9384ea80a24a87bb3bdd7d88383c9c 3c9384ea80a24a87bb3bdd7d88383c9c] 199.19.213.25 "GET /allocations/807b1912-bb10-42c1-af69-27695b6360b9" status: 200 len: 257 microversion: 1.28 [pid: 8|app: 0|req: 475/946] 199.19.213.25 () {34 vars in 862 bytes} [Wed Mar 18 15:18:07 2026] GET /allocations/807b1912-bb10-42c1-af69-27695b6360b9 => generated 257 bytes in 16 msecs (HTTP/1.1 200) 8 headers in 296 bytes (1 switches on core 0)
2026-03-18 15:18:07.173 7 INFO placement.requestlog [req-11e2c6f9-a929-4dcd-82c6-922f1a02a84e req-1d2f2e60-658c-45ef-9718-4953fe8691dc 163d3c7c01e94f2399176ef35cf7964b 3e1a03af8097490eb7f06624dd7d8fbc - - 3c9384ea80a24a87bb3bdd7d88383c9c 3c9384ea80a24a87bb3bdd7d88383c9c] 199.19.213.25 "GET /allocations/3dfd7531-a6ed-439b-aa60-4d7bd2d5c46e" status: 200 len: 257 microversion: 1.28 [pid: 7|app: 0|req: 472/947] 199.19.213.25 () {34 vars in 862 bytes} [Wed Mar 18 15:18:07 2026] GET /allocations/3dfd7531-a6ed-439b-aa60-4d7bd2d5c46e => generated 257 bytes in 14 msecs (HTTP/1.1 200) 8 headers in 296 bytes (1 switches on core 0)
2026-03-18 15:18:07.909 8 INFO placement.requestlog [None req-d84923a2-de42-469c-80d0-71c1a6ba552d ef4ee1ce6bec4910899797c083f79a4c 3e1a03af8097490eb7f06624dd7d8fbc - - 3c9384ea80a24a87bb3bdd7d88383c9c 3c9384ea80a24a87bb3bdd7d88383c9c] 10.0.0.129 "GET /resource_providers/d14496b2-335c-44fe-9868-8c678ff2ecac/aggregates" status: 404 len: 235 microversion: 1.1 [pid: 8|app: 0|req: 476/948] 10.0.0.129 () {32 vars in 816 bytes} [Wed Mar 18 15:18:07 2026] GET /resource_providers/d14496b2-335c-44fe-9868-8c678ff2ecac/aggregates => generated 235 bytes in 10 msecs (HTTP/1.1 404) 5 headers in 202 bytes (1 switches on core 0)
2026-03-18 15:18:07.914 7 INFO placement.requestlog [None req-dd6fddb8-1800-46f4-bede-58c37a9f911e ef4ee1ce6bec4910899797c083f79a4c 3e1a03af8097490eb7f06624dd7d8fbc - - 3c9384ea80a24a87bb3bdd7d88383c9c 3c9384ea80a24a87bb3bdd7d88383c9c] 10.0.0.129 "GET /resource_providers/d14496b2-335c-44fe-9868-8c678ff2ecac/aggregates" status: 404 len: 235 microversion: 1.1 [pid: 7|app: 0|req: 473/949] 10.0.0.129 () {32 vars in 816 bytes} [Wed Mar 18 15:18:07 2026] GET /resource_providers/d14496b2-335c-44fe-9868-8c678ff2ecac/aggregates => generated 235 bytes in 14 msecs (HTTP/1.1 404) 5 headers in 202 bytes (1 switches on core 0)
2026-03-18 15:18:07.931 8 INFO placement.requestlog [None req-8b11625f-a0f3-4de2-a078-46417ef3d9de ef4ee1ce6bec4910899797c083f79a4c 3e1a03af8097490eb7f06624dd7d8fbc - - 3c9384ea80a24a87bb3bdd7d88383c9c 3c9384ea80a24a87bb3bdd7d88383c9c] 10.0.0.129 "DELETE /resource_providers/d14496b2-335c-44fe-9868-8c678ff2ecac" status: 404 len: 246 microversion: 1.1 [pid: 8|app: 0|req: 477/950] 10.0.0.129 () {34 vars in 816 bytes} [Wed Mar 18 15:18:07 2026] DELETE /resource_providers/d14496b2-335c-44fe-9868-8c678ff2ecac => generated 246 bytes in 14 msecs (HTTP/1.1 404) 6 headers in 231 bytes (1 switches on core 0)
2026-03-18 15:18:07.942 7 INFO placement.requestlog [None req-5a129eed-6a18-4d11-9f1e-d7ed5d285b72 ef4ee1ce6bec4910899797c083f79a4c 3e1a03af8097490eb7f06624dd7d8fbc - - 3c9384ea80a24a87bb3bdd7d88383c9c 3c9384ea80a24a87bb3bdd7d88383c9c] 10.0.0.129 "DELETE /resource_providers/d14496b2-335c-44fe-9868-8c678ff2ecac" status: 404 len: 246 microversion: 1.1 [pid: 7|app: 0|req: 474/951] 10.0.0.129 () {34 vars in 816 bytes} [Wed Mar 18 15:18:07 2026] DELETE /resource_providers/d14496b2-335c-44fe-9868-8c678ff2ecac => generated 246 bytes in 14 msecs (HTTP/1.1 404) 6 headers in 231 bytes (1 switches on core 0)
2026-03-18 15:18:08.074 8 INFO placement.requestlog [None req-0d3de0ed-9201-4051-bf89-f9201b2e087e ef4ee1ce6bec4910899797c083f79a4c 3e1a03af8097490eb7f06624dd7d8fbc - - 3c9384ea80a24a87bb3bdd7d88383c9c 3c9384ea80a24a87bb3bdd7d88383c9c] 10.0.0.129 "GET /resource_providers/41374a99-c851-4eb8-88a1-56b56d536f89/aggregates" status: 404 len: 235 microversion: 1.1 [pid: 8|app: 0|req: 478/952] 10.0.0.129 () {32 vars in 816 bytes} [Wed Mar 18 15:18:08 2026] GET /resource_providers/41374a99-c851-4eb8-88a1-56b56d536f89/aggregates => generated 235 bytes in 14 msecs (HTTP/1.1 404) 5 headers in 202 bytes (1 switches on core 0)
2026-03-18 15:18:08.076 7 INFO placement.requestlog [None req-1702619e-5d98-43b0-be29-3218e626ed63 ef4ee1ce6bec4910899797c083f79a4c 3e1a03af8097490eb7f06624dd7d8fbc - - 3c9384ea80a24a87bb3bdd7d88383c9c 3c9384ea80a24a87bb3bdd7d88383c9c] 10.0.0.129 "GET /resource_providers/41374a99-c851-4eb8-88a1-56b56d536f89/aggregates" status: 404 len: 235 microversion: 1.1 [pid: 7|app: 0|req: 475/953] 10.0.0.129 () {32 vars in 816 bytes} [Wed Mar 18 15:18:08 2026] GET /resource_providers/41374a99-c851-4eb8-88a1-56b56d536f89/aggregates => generated 235 bytes in 15 msecs (HTTP/1.1 404) 5 headers in 202 bytes (1 switches on core 0)
2026-03-18 15:18:08.087 8 INFO placement.requestlog [None req-e9cb30dd-151a-4ff0-9451-77a2ee73108b ef4ee1ce6bec4910899797c083f79a4c 3e1a03af8097490eb7f06624dd7d8fbc - - 3c9384ea80a24a87bb3bdd7d88383c9c 3c9384ea80a24a87bb3bdd7d88383c9c] 10.0.0.129 "DELETE /resource_providers/41374a99-c851-4eb8-88a1-56b56d536f89" status: 404 len: 246 microversion: 1.1 [pid: 8|app: 0|req: 479/954] 10.0.0.129 () {34 vars in 816 bytes} [Wed Mar 18 15:18:08 2026] DELETE /resource_providers/41374a99-c851-4eb8-88a1-56b56d536f89 => generated 246 bytes in 5 msecs (HTTP/1.1 404) 6 headers in 231 bytes (1 switches on core 0)
2026-03-18 15:18:08.098 7 INFO placement.requestlog [None req-c4ab6c34-49de-4128-971d-823fbcd038ee ef4ee1ce6bec4910899797c083f79a4c 3e1a03af8097490eb7f06624dd7d8fbc - - 3c9384ea80a24a87bb3bdd7d88383c9c 3c9384ea80a24a87bb3bdd7d88383c9c] 10.0.0.129 "DELETE /resource_providers/41374a99-c851-4eb8-88a1-56b56d536f89" status: 404 len: 246 microversion: 1.1 [pid: 7|app: 0|req: 476/955] 10.0.0.129 () {34 vars in 816 bytes} [Wed Mar 18 15:18:08 2026] DELETE /resource_providers/41374a99-c851-4eb8-88a1-56b56d536f89 => generated 246 bytes in 8 msecs (HTTP/1.1 404) 6 headers in 231 bytes (1 switches on core 0)
2026-03-18 15:18:08.228 8 INFO placement.requestlog [req-11e2c6f9-a929-4dcd-82c6-922f1a02a84e req-4331630c-3dfb-46e4-911b-501fd03db9d7 163d3c7c01e94f2399176ef35cf7964b 3e1a03af8097490eb7f06624dd7d8fbc - - 3c9384ea80a24a87bb3bdd7d88383c9c 3c9384ea80a24a87bb3bdd7d88383c9c] 199.19.213.25 "DELETE /allocations/3dfd7531-a6ed-439b-aa60-4d7bd2d5c46e" status: 204 len: 0 microversion: 1.0 [pid: 8|app: 0|req: 480/956] 199.19.213.25 () {34 vars in 840 bytes} [Wed Mar 18 15:18:08 2026] DELETE /allocations/3dfd7531-a6ed-439b-aa60-4d7bd2d5c46e => generated 0 bytes in 26 msecs (HTTP/1.1 204) 5 headers in 198 bytes (1 switches on core 0)
2026-03-18 15:18:09.117 7 INFO placement.requestlog [None req-65806825-9a34-44d3-8647-cdc01ec6de28 - - - - - -] 10.0.0.20 "GET /" status: 200 len: 136 microversion: 1.0
2026-03-18 15:18:09.117 8 INFO placement.requestlog [None req-51d8e182-ab5c-42ac-91ce-e5d2e6fc58fa - - - - - -] 10.0.0.20 "GET /" status: 200 len: 136 microversion: 1.0
2026-03-18 15:18:10.940 8 INFO placement.requestlog [None req-c7114bb6-7619-4f62-8769-2a8e24c7f334 ef4ee1ce6bec4910899797c083f79a4c 3e1a03af8097490eb7f06624dd7d8fbc - - 3c9384ea80a24a87bb3bdd7d88383c9c 3c9384ea80a24a87bb3bdd7d88383c9c] 10.0.0.129 "GET /resource_providers/78488c7b-41ae-4488-aedb-8dece4b05bab/aggregates" status: 404 len: 235 microversion: 1.1 [pid: 8|app: 0|req: 482/959] 10.0.0.129 () {32 vars in 816 bytes} [Wed Mar 18 15:18:10 2026] GET /resource_providers/78488c7b-41ae-4488-aedb-8dece4b05bab/aggregates => generated 235 bytes in 13 msecs (HTTP/1.1 404) 5 headers in 202 bytes (1 switches on core 0)
2026-03-18 15:18:10.955 7 INFO placement.requestlog [None req-65cdc597-164e-4f85-bd42-e67ef51ca271 ef4ee1ce6bec4910899797c083f79a4c 3e1a03af8097490eb7f06624dd7d8fbc - - 3c9384ea80a24a87bb3bdd7d88383c9c 3c9384ea80a24a87bb3bdd7d88383c9c] 10.0.0.129 "GET /resource_providers/78488c7b-41ae-4488-aedb-8dece4b05bab/aggregates" status: 404 len: 235 microversion: 1.1 [pid: 7|app: 0|req: 478/960] 10.0.0.129 () {32 vars in 816 bytes} [Wed Mar 18 15:18:10 2026] GET /resource_providers/78488c7b-41ae-4488-aedb-8dece4b05bab/aggregates => generated 235 bytes in 29 msecs (HTTP/1.1 404) 5 headers in 202 bytes (1 switches on core 0)
2026-03-18 15:18:10.963 8 INFO placement.requestlog [None req-c5a39fbd-8a8d-45cf-8dc2-dac99bd29d42 ef4ee1ce6bec4910899797c083f79a4c 3e1a03af8097490eb7f06624dd7d8fbc - - 3c9384ea80a24a87bb3bdd7d88383c9c 3c9384ea80a24a87bb3bdd7d88383c9c] 10.0.0.129 "DELETE /resource_providers/78488c7b-41ae-4488-aedb-8dece4b05bab" status: 404 len: 246 microversion: 1.1 [pid: 8|app: 0|req: 483/961] 10.0.0.129 () {34 vars in 816 bytes} [Wed Mar 18 15:18:10 2026] DELETE /resource_providers/78488c7b-41ae-4488-aedb-8dece4b05bab => generated 246 bytes in 10 msecs (HTTP/1.1 404) 6 headers in 231 bytes (1 switches on core 0)
2026-03-18 15:18:10.981 7 INFO placement.requestlog [None req-03e8a656-bd0f-40c9-a442-39e4d0078bdb ef4ee1ce6bec4910899797c083f79a4c 3e1a03af8097490eb7f06624dd7d8fbc - - 3c9384ea80a24a87bb3bdd7d88383c9c 3c9384ea80a24a87bb3bdd7d88383c9c] 10.0.0.129 "DELETE /resource_providers/78488c7b-41ae-4488-aedb-8dece4b05bab" status: 404 len: 246 microversion: 1.1 [pid: 7|app: 0|req: 479/962] 10.0.0.129 () {34 vars in 816 bytes} [Wed Mar 18 15:18:10 2026] DELETE /resource_providers/78488c7b-41ae-4488-aedb-8dece4b05bab => generated 246 bytes in 19 msecs (HTTP/1.1 404) 6 headers in 231 bytes (1 switches on core 0)
2026-03-18 15:18:12.098 8 INFO placement.requestlog [None req-60ad4a7a-0154-4a26-92b2-e0a785baf8f2 ef4ee1ce6bec4910899797c083f79a4c 3e1a03af8097490eb7f06624dd7d8fbc - - 3c9384ea80a24a87bb3bdd7d88383c9c 3c9384ea80a24a87bb3bdd7d88383c9c] 10.0.0.129 "GET /resource_providers/2b09f66e-e352-4055-9aea-7e8038807200/aggregates" status: 404 len: 235 microversion: 1.1 [pid: 8|app: 0|req: 484/963] 10.0.0.129 () {32 vars in 816 bytes} [Wed Mar 18 15:18:12 2026] GET /resource_providers/2b09f66e-e352-4055-9aea-7e8038807200/aggregates => generated 235 bytes in 16 msecs (HTTP/1.1 404) 5 headers in 202 bytes (1 switches on core 0)
2026-03-18 15:18:12.108 7 INFO placement.requestlog [None req-8e3e89ff-2336-4251-acff-853ebb16dad7 ef4ee1ce6bec4910899797c083f79a4c 3e1a03af8097490eb7f06624dd7d8fbc - - 3c9384ea80a24a87bb3bdd7d88383c9c 3c9384ea80a24a87bb3bdd7d88383c9c] 10.0.0.129 "GET /resource_providers/2b09f66e-e352-4055-9aea-7e8038807200/aggregates" status: 404 len: 235 microversion: 1.1 [pid: 7|app: 0|req: 480/964] 10.0.0.129 () {32 vars in 816 bytes} [Wed Mar 18 15:18:12 2026] GET /resource_providers/2b09f66e-e352-4055-9aea-7e8038807200/aggregates => generated 235 bytes in 13 msecs (HTTP/1.1 404) 5 headers in 202 bytes (1 switches on core 0)
2026-03-18 15:18:12.122 8 INFO placement.requestlog [None req-471d1943-3dc8-45e1-9f85-c4aed9de7906 ef4ee1ce6bec4910899797c083f79a4c 3e1a03af8097490eb7f06624dd7d8fbc - - 3c9384ea80a24a87bb3bdd7d88383c9c 3c9384ea80a24a87bb3bdd7d88383c9c] 10.0.0.129 "DELETE /resource_providers/2b09f66e-e352-4055-9aea-7e8038807200" status: 404 len: 246 microversion: 1.1 [pid: 8|app: 0|req: 485/965] 10.0.0.129 () {34 vars in 816 bytes} [Wed Mar 18 15:18:12 2026] DELETE /resource_providers/2b09f66e-e352-4055-9aea-7e8038807200 => generated 246 bytes in 10 msecs (HTTP/1.1 404) 6 headers in 231 bytes (1 switches on core 0)
2026-03-18 15:18:12.130 7 INFO placement.requestlog [None req-b501a8dd-212b-47aa-8deb-fa4ab2e44331 ef4ee1ce6bec4910899797c083f79a4c 3e1a03af8097490eb7f06624dd7d8fbc - - 3c9384ea80a24a87bb3bdd7d88383c9c 3c9384ea80a24a87bb3bdd7d88383c9c] 10.0.0.129 "DELETE /resource_providers/2b09f66e-e352-4055-9aea-7e8038807200" status: 404 len: 246 microversion: 1.1 [pid: 7|app: 0|req: 481/966] 10.0.0.129 () {34 vars in 816 bytes} [Wed Mar 18 15:18:12 2026] DELETE /resource_providers/2b09f66e-e352-4055-9aea-7e8038807200 => generated 246 bytes in 13 msecs (HTTP/1.1 404) 6 headers in 231 bytes (1 switches on core 0)
2026-03-18 15:18:14.146 8 INFO placement.requestlog [None req-94dc3bcb-bdf9-48b3-a113-91cc0a7f0125 ef4ee1ce6bec4910899797c083f79a4c 3e1a03af8097490eb7f06624dd7d8fbc - - 3c9384ea80a24a87bb3bdd7d88383c9c 3c9384ea80a24a87bb3bdd7d88383c9c] 10.0.0.129 "GET /resource_providers/c5c1d8bf-5991-4b55-a66d-05187546122d/aggregates" status: 404 len: 235 microversion: 1.1 [pid: 8|app: 0|req: 486/967] 10.0.0.129 () {32 vars in 816 bytes} [Wed Mar 18 15:18:14 2026] GET /resource_providers/c5c1d8bf-5991-4b55-a66d-05187546122d/aggregates => generated 235 bytes in 6 msecs (HTTP/1.1 404) 5 headers in 202 bytes (1 switches on core 0)
2026-03-18 15:18:14.149 7 INFO placement.requestlog [None req-d3eae876-5838-4c70-bb93-5d198f97b5c6 ef4ee1ce6bec4910899797c083f79a4c 3e1a03af8097490eb7f06624dd7d8fbc - - 3c9384ea80a24a87bb3bdd7d88383c9c 3c9384ea80a24a87bb3bdd7d88383c9c] 10.0.0.129 "GET /resource_providers/c5c1d8bf-5991-4b55-a66d-05187546122d/aggregates" status: 404 len: 235 microversion: 1.1 [pid: 7|app: 0|req: 482/968] 10.0.0.129 () {32 vars in 816 bytes} [Wed Mar 18 15:18:14 2026] GET /resource_providers/c5c1d8bf-5991-4b55-a66d-05187546122d/aggregates => generated 235 bytes in 9 msecs (HTTP/1.1 404) 5 headers in 202 bytes (1 switches on core 0)
2026-03-18 15:18:14.161 8 INFO placement.requestlog [None req-ac3d870c-dd95-41da-9207-7e3a5d65df59 ef4ee1ce6bec4910899797c083f79a4c 3e1a03af8097490eb7f06624dd7d8fbc - - 3c9384ea80a24a87bb3bdd7d88383c9c 3c9384ea80a24a87bb3bdd7d88383c9c] 10.0.0.129 "DELETE /resource_providers/c5c1d8bf-5991-4b55-a66d-05187546122d" status: 404 len: 246 microversion: 1.1 [pid: 8|app: 0|req: 487/969] 10.0.0.129 () {34 vars in 816 bytes} [Wed Mar 18 15:18:14 2026] DELETE /resource_providers/c5c1d8bf-5991-4b55-a66d-05187546122d => generated 246 bytes in 9 msecs (HTTP/1.1 404) 6 headers in 231 bytes (1 switches on core 0)
2026-03-18 15:18:14.163 7 INFO placement.requestlog [None req-62f83e97-7cb5-4ebc-bffc-ee18c6520213 ef4ee1ce6bec4910899797c083f79a4c 3e1a03af8097490eb7f06624dd7d8fbc - - 3c9384ea80a24a87bb3bdd7d88383c9c 3c9384ea80a24a87bb3bdd7d88383c9c] 10.0.0.129 "DELETE /resource_providers/c5c1d8bf-5991-4b55-a66d-05187546122d" status: 404 len: 246 microversion: 1.1 [pid: 7|app: 0|req: 483/970] 10.0.0.129 () {34 vars in 816 bytes} [Wed Mar 18 15:18:14 2026] DELETE /resource_providers/c5c1d8bf-5991-4b55-a66d-05187546122d => generated 246 bytes in 9 msecs (HTTP/1.1 404) 6 headers in 231 bytes (1 switches on core 0)
2026-03-18 15:18:14.185 8 INFO placement.requestlog [None req-cb42e242-f379-4652-bf86-0b41339c5ec9 ef4ee1ce6bec4910899797c083f79a4c 3e1a03af8097490eb7f06624dd7d8fbc - - 3c9384ea80a24a87bb3bdd7d88383c9c 3c9384ea80a24a87bb3bdd7d88383c9c] 10.0.0.129 "GET /resource_providers/adb4bc0c-704f-44ad-b33a-6976d0dea4db/aggregates" status: 404 len: 235 microversion: 1.1 [pid: 8|app: 0|req: 488/971] 10.0.0.129 () {32 vars in 816 bytes} [Wed Mar 18 15:18:14 2026] GET /resource_providers/adb4bc0c-704f-44ad-b33a-6976d0dea4db/aggregates => generated 235 bytes in 13 msecs (HTTP/1.1 404) 5 headers in 202 bytes (1 switches on core 0)
2026-03-18 15:18:14.196 7 INFO placement.requestlog [None req-12d56a4f-cd05-4a1b-937a-9ecf04a32cd8 ef4ee1ce6bec4910899797c083f79a4c 3e1a03af8097490eb7f06624dd7d8fbc - - 3c9384ea80a24a87bb3bdd7d88383c9c 3c9384ea80a24a87bb3bdd7d88383c9c] 10.0.0.129 "GET /resource_providers/adb4bc0c-704f-44ad-b33a-6976d0dea4db/aggregates" status: 404 len: 235 microversion: 1.1 [pid: 7|app: 0|req: 484/972] 10.0.0.129 () {32 vars in 816 bytes} [Wed Mar 18 15:18:14 2026] GET /resource_providers/adb4bc0c-704f-44ad-b33a-6976d0dea4db/aggregates => generated 235 bytes in 20 msecs (HTTP/1.1 404) 5 headers in 202 bytes (1 switches on core 0)
2026-03-18 15:18:14.209 8 INFO placement.requestlog [None req-b5d7ac59-ac5d-4765-b58a-710d7f9192d1 ef4ee1ce6bec4910899797c083f79a4c 3e1a03af8097490eb7f06624dd7d8fbc - - 3c9384ea80a24a87bb3bdd7d88383c9c 3c9384ea80a24a87bb3bdd7d88383c9c] 10.0.0.129 "DELETE /resource_providers/adb4bc0c-704f-44ad-b33a-6976d0dea4db" status: 404 len: 246 microversion: 1.1 [pid: 8|app: 0|req: 489/973] 10.0.0.129 () {34 vars in 816 bytes} [Wed Mar 18 15:18:14 2026] DELETE /resource_providers/adb4bc0c-704f-44ad-b33a-6976d0dea4db => generated 246 bytes in 8 msecs (HTTP/1.1 404) 6 headers in 231 bytes (1 switches on core 0)
2026-03-18 15:18:14.215 7 INFO placement.requestlog [None req-1a904d25-dc8d-480d-993d-a6dba62481b2 ef4ee1ce6bec4910899797c083f79a4c 3e1a03af8097490eb7f06624dd7d8fbc - - 3c9384ea80a24a87bb3bdd7d88383c9c 3c9384ea80a24a87bb3bdd7d88383c9c] 10.0.0.129 "DELETE /resource_providers/adb4bc0c-704f-44ad-b33a-6976d0dea4db" status: 404 len: 246 microversion: 1.1 [pid: 7|app: 0|req: 485/974] 10.0.0.129 () {34 vars in 816 bytes} [Wed Mar 18 15:18:14 2026] DELETE /resource_providers/adb4bc0c-704f-44ad-b33a-6976d0dea4db => generated 246 bytes in 12 msecs (HTTP/1.1 404) 6 headers in 231 bytes (1 switches on core 0)
2026-03-18 15:18:14.230 8 INFO placement.requestlog [None req-9c9d4b07-d622-4245-8f11-6dff7bab01e4 ef4ee1ce6bec4910899797c083f79a4c 3e1a03af8097490eb7f06624dd7d8fbc - - 3c9384ea80a24a87bb3bdd7d88383c9c 3c9384ea80a24a87bb3bdd7d88383c9c] 10.0.0.129 "GET /resource_providers/aba686c9-0ea9-493e-bacd-d66fcf8902ff/aggregates" status: 404 len: 235 microversion: 1.1 [pid: 8|app: 0|req: 490/975] 10.0.0.129 () {32 vars in 816 bytes} [Wed Mar 18 15:18:14 2026] GET /resource_providers/aba686c9-0ea9-493e-bacd-d66fcf8902ff/aggregates => generated 235 bytes in 11 msecs (HTTP/1.1 404) 5 headers in 202 bytes (1 switches on core 0)
2026-03-18 15:18:14.239 7 INFO placement.requestlog [None req-e6e84dfc-fb93-4477-a9aa-3fe54c4ec29d ef4ee1ce6bec4910899797c083f79a4c 3e1a03af8097490eb7f06624dd7d8fbc - - 3c9384ea80a24a87bb3bdd7d88383c9c 3c9384ea80a24a87bb3bdd7d88383c9c] 10.0.0.129 "GET /resource_providers/aba686c9-0ea9-493e-bacd-d66fcf8902ff/aggregates" status: 404 len: 235 microversion: 1.1 [pid: 7|app: 0|req: 486/976] 10.0.0.129 () {32 vars in 816 bytes} [Wed Mar 18 15:18:14 2026] GET /resource_providers/aba686c9-0ea9-493e-bacd-d66fcf8902ff/aggregates => generated 235 bytes in 19 msecs (HTTP/1.1 404) 5 headers in 202 bytes (1 switches on core 0)
2026-03-18 15:18:14.252 8 INFO placement.requestlog [None req-b581b917-8d85-4775-99e9-aa743210ac31 ef4ee1ce6bec4910899797c083f79a4c 3e1a03af8097490eb7f06624dd7d8fbc - - 3c9384ea80a24a87bb3bdd7d88383c9c 3c9384ea80a24a87bb3bdd7d88383c9c] 10.0.0.129 "DELETE /resource_providers/aba686c9-0ea9-493e-bacd-d66fcf8902ff" status: 404 len: 246 microversion: 1.1 [pid: 8|app: 0|req: 491/977] 10.0.0.129 () {34 vars in 816 bytes} [Wed Mar 18 15:18:14 2026] DELETE /resource_providers/aba686c9-0ea9-493e-bacd-d66fcf8902ff => generated 246 bytes in 7 msecs (HTTP/1.1 404) 6 headers in 231 bytes (1 switches on core 0)
2026-03-18 15:18:14.257 7 INFO placement.requestlog [None req-5d08c75b-f268-4052-bbde-944ce5a5f75b ef4ee1ce6bec4910899797c083f79a4c 3e1a03af8097490eb7f06624dd7d8fbc - - 3c9384ea80a24a87bb3bdd7d88383c9c 3c9384ea80a24a87bb3bdd7d88383c9c] 10.0.0.129 "DELETE /resource_providers/aba686c9-0ea9-493e-bacd-d66fcf8902ff" status: 404 len: 246 microversion: 1.1 [pid: 7|app: 0|req: 487/978] 10.0.0.129 () {34 vars in 816 bytes} [Wed Mar 18 15:18:14 2026] DELETE /resource_providers/aba686c9-0ea9-493e-bacd-d66fcf8902ff => generated 246 bytes in 10 msecs (HTTP/1.1 404) 6 headers in 231 bytes (1 switches on core 0)
2026-03-18 15:18:14.276 7 INFO placement.requestlog [None req-28c9963a-8619-4632-bbb5-a6020c78cd23 ef4ee1ce6bec4910899797c083f79a4c 3e1a03af8097490eb7f06624dd7d8fbc - - 3c9384ea80a24a87bb3bdd7d88383c9c 3c9384ea80a24a87bb3bdd7d88383c9c] 10.0.0.129 "GET /resource_providers/8ff550d3-09e2-4a16-92cb-296c5d8f8bd9/aggregates" status: 404 len: 235 microversion: 1.1 [pid: 7|app: 0|req: 488/979] 10.0.0.129 () {32 vars in 816 bytes} [Wed Mar 18 15:18:14 2026] GET /resource_providers/8ff550d3-09e2-4a16-92cb-296c5d8f8bd9/aggregates => generated 235 bytes in 9 msecs (HTTP/1.1 404) 5 headers in 202 bytes (1 switches on core 0)
2026-03-18 15:18:14.278 8 INFO placement.requestlog [None req-d8a10a03-555c-4888-bb9c-dd7ccb66849e ef4ee1ce6bec4910899797c083f79a4c 3e1a03af8097490eb7f06624dd7d8fbc - - 3c9384ea80a24a87bb3bdd7d88383c9c 3c9384ea80a24a87bb3bdd7d88383c9c] 10.0.0.129 "GET /resource_providers/8ff550d3-09e2-4a16-92cb-296c5d8f8bd9/aggregates" status: 404 len: 235 microversion: 1.1 [pid: 8|app: 0|req: 492/980] 10.0.0.129 () {32 vars in 816 bytes} [Wed Mar 18 15:18:14 2026] GET /resource_providers/8ff550d3-09e2-4a16-92cb-296c5d8f8bd9/aggregates => generated 235 bytes in 19 msecs (HTTP/1.1 404) 5 headers in 202 bytes (1 switches on core 0)
2026-03-18 15:18:14.298 8 INFO placement.requestlog [None req-b983b797-70a9-4b93-a117-e5b710abcf31 ef4ee1ce6bec4910899797c083f79a4c 3e1a03af8097490eb7f06624dd7d8fbc - - 3c9384ea80a24a87bb3bdd7d88383c9c 3c9384ea80a24a87bb3bdd7d88383c9c] 10.0.0.129 "DELETE /resource_providers/8ff550d3-09e2-4a16-92cb-296c5d8f8bd9" status: 404 len: 246 microversion: 1.1
2026-03-18 15:18:14.298 7 INFO placement.requestlog [None req-28587e62-1f78-4b81-9f5a-fc5e7f91a10e ef4ee1ce6bec4910899797c083f79a4c 3e1a03af8097490eb7f06624dd7d8fbc - - 3c9384ea80a24a87bb3bdd7d88383c9c 3c9384ea80a24a87bb3bdd7d88383c9c] 10.0.0.129 "DELETE /resource_providers/8ff550d3-09e2-4a16-92cb-296c5d8f8bd9" status: 404 len: 246 microversion: 1.1 [pid: 8|app: 0|req: 493/981] 10.0.0.129 () {34 vars in 816 bytes} [Wed Mar 18 15:18:14 2026] DELETE /resource_providers/8ff550d3-09e2-4a16-92cb-296c5d8f8bd9 => generated 246 bytes in 7 msecs (HTTP/1.1 404) 6 headers in 231 bytes (1 switches on core 0) [pid: 7|app: 0|req: 489/982] 10.0.0.129 () {34 vars in 816 bytes} [Wed Mar 18 15:18:14 2026] DELETE /resource_providers/8ff550d3-09e2-4a16-92cb-296c5d8f8bd9 => generated 246 bytes in 9 msecs (HTTP/1.1 404) 6 headers in 231 bytes (1 switches on core 0)
2026-03-18 15:18:18.678 8 INFO placement.requestlog [None req-33ce22f7-f965-4121-b207-21746f86b5e4 ef4ee1ce6bec4910899797c083f79a4c 3e1a03af8097490eb7f06624dd7d8fbc - - 3c9384ea80a24a87bb3bdd7d88383c9c 3c9384ea80a24a87bb3bdd7d88383c9c] 10.0.0.129 "GET /resource_providers/f33ec87b-b0c5-4251-b649-450bd4903c11/aggregates" status: 404 len: 235 microversion: 1.1 [pid: 8|app: 0|req: 494/983] 10.0.0.129 () {32 vars in 816 bytes} [Wed Mar 18 15:18:18 2026] GET /resource_providers/f33ec87b-b0c5-4251-b649-450bd4903c11/aggregates => generated 235 bytes in 8 msecs (HTTP/1.1 404) 5 headers in 202 bytes (1 switches on core 0)
